02-22 14:25:46.511 24254-24290/? I/E:\tw\33a21edae6c0e9ad\Software\OculusSDK\Integrations\Unity\Releases\0: OVR_TW_SetDebugMode(0,0)
02-22 14:25:46.521 24254-24290/? I/E:\tw\33a21edae6c0e9ad\Software\OculusSDK\Integrations\Unity\Releases\0: OVR_TW_SetDebugMode(0,0)
02-22 14:25:46.521 24254-24290/? I/E:\tw\33a21edae6c0e9ad\Software\OculusSDK\Integrations\Unity\Releases\0: OVR_TW_SetDebugMode(0,0)
02-22 14:25:46.541 24254-24290/? I/E:\tw\33a21edae6c0e9ad\Software\OculusSDK\Integrations\Unity\Releases\0: OVR_TW_SetDebugMode(0,0)
02-22 14:25:46.541 24254-24290/? I/E:\tw\33a21edae6c0e9ad\Software\OculusSDK\Integrations\Unity\Releases\0: OVR_TW_SetDebugMode(0,0)
02-22 14:25:46.551 24254-24290/? I/E:\tw\33a21edae6c0e9ad\Software\OculusSDK\Integrations\Unity\Releases\0: OVR_TW_SetDebugMode(0,0)
02-22 14:25:46.551 24254-24290/? I/E:\tw\33a21edae6c0e9ad\Software\OculusSDK\Integrations\Unity\Releases\0: OVR_TW_SetDebugMode(0,0)
02-22 14:25:46.571 24254-24290/? I/E:\tw\33a21edae6c0e9ad\Software\OculusSDK\Integrations\Unity\Releases\0: OVR_TW_SetDebugMode(0,0)
02-22 14:25:46.571 24254-24290/? I/E:\tw\33a21edae6c0e9ad\Software\OculusSDK\Integrations\Unity\Releases\0: OVR_TW_SetDebugMode(0,0)
02-22 14:25:46.591 24254-24290/? I/E:\tw\33a21edae6c0e9ad\Software\OculusSDK\Integrations\Unity\Releases\0: OVR_TW_SetDebugMode(0,0)
02-22 14:25:46.591 24254-24290/? I/E:\tw\33a21edae6c0e9ad\Software\OculusSDK\Integrations\Unity\Releases\0: OVR_TW_SetDebugMode(0,0)
02-22 14:25:46.601 24254-24290/? I/E:\tw\33a21edae6c0e9ad\Software\OculusSDK\Integrations\Unity\Releases\0: OVR_TW_SetDebugMode(0,0)
02-22 14:25:46.601 24254-24290/? I/E:\tw\33a21edae6c0e9ad\Software\OculusSDK\Integrations\Unity\Releases\0: OVR_TW_SetDebugMode(0,0)
02-22 14:25:46.621 24254-24290/? I/E:\tw\33a21edae6c0e9ad\Software\OculusSDK\Integrations\Unity\Releases\0: OVR_TW_SetDebugMode(0,0)
02-22 14:25:46.621 24254-24290/? I/E:\tw\33a21edae6c0e9ad\Software\OculusSDK\Integrations\Unity\Releases\0: OVR_TW_SetDebugMode(0,0)
02-22 14:25:46.641 24254-24290/? I/E:\tw\33a21edae6c0e9ad\Software\OculusSDK\Integrations\Unity\Releases\0: OVR_TW_SetDebugMode(0,0)
02-22 14:25:46.641 24254-24290/? I/E:\tw\33a21edae6c0e9ad\Software\OculusSDK\Integrations\Unity\Releases\0: OVR_TW_SetDebugMode(0,0)
02-22 14:25:46.661 24254-24290/? I/E:\tw\33a21edae6c0e9ad\Software\OculusSDK\Integrations\Unity\Releases\0: OVR_TW_SetDebugMode(0,0)
02-22 14:25:46.661 24254-24290/? I/E:\tw\33a21edae6c0e9ad\Software\OculusSDK\Integrations\Unity\Releases\0: OVR_TW_SetDebugMode(0,0)
02-22 14:25:46.671 24254-24290/? I/E:\tw\33a21edae6c0e9ad\Software\OculusSDK\Integrations\Unity\Releases\0: OVR_TW_SetDebugMode(0,0)
02-22 14:25:46.671 24254-24290/? I/E:\tw\33a21edae6c0e9ad\Software\OculusSDK\Integrations\Unity\Releases\0: OVR_TW_SetDebugMode(0,0)
02-22 14:25:46.691 24254-24290/? I/E:\tw\33a21edae6c0e9ad\Software\OculusSDK\Integrations\Unity\Releases\0: OVR_TW_SetDebugMode(0,0)
02-22 14:25:46.691 24254-24290/? I/E:\tw\33a21edae6c0e9ad\Software\OculusSDK\Integrations\Unity\Releases\0: OVR_TW_SetDebugMode(0,0)
02-22 14:25:46.711 24254-24290/? I/E:\tw\33a21edae6c0e9ad\Software\OculusSDK\Integrations\Unity\Releases\0: OVR_TW_SetDebugMode(0,0)
02-22 14:25:46.711 24254-24290/? I/E:\tw\33a21edae6c0e9ad\Software\OculusSDK\Integrations\Unity\Releases\0: OVR_TW_SetDebugMode(0,0)
02-22 14:25:46.721 24254-24290/? I/E:\tw\33a21edae6c0e9ad\Software\OculusSDK\Integrations\Unity\Releases\0: OVR_TW_SetDebugMode(0,0)
02-22 14:25:46.721 24254-24290/? I/E:\tw\33a21edae6c0e9ad\Software\OculusSDK\Integrations\Unity\Releases\0: OVR_TW_SetDebugMode(0,0)
02-22 14:25:46.741 24254-24290/? I/E:\tw\33a21edae6c0e9ad\Software\OculusSDK\Integrations\Unity\Releases\0: OVR_TW_SetDebugMode(0,0)
02-22 14:25:46.741 24254-24290/? I/E:\tw\33a21edae6c0e9ad\Software\OculusSDK\Integrations\Unity\Releases\0: OVR_TW_SetDebugMode(0,0)
02-22 14:25:46.751 24254-24290/? I/E:\tw\33a21edae6c0e9ad\Software\OculusSDK\Integrations\Unity\Releases\0: OVR_TW_SetDebugMode(0,0)
02-22 14:25:46.761 24254-24290/? I/E:\tw\33a21edae6c0e9ad\Software\OculusSDK\Integrations\Unity\Releases\0: OVR_TW_SetDebugMode(0,0)
02-22 14:25:46.771 24254-24290/? I/E:\tw\33a21edae6c0e9ad\Software\OculusSDK\Integrations\Unity\Releases\0: OVR_TW_SetDebugMode(0,0)
02-22 14:25:46.771 24254-24290/? I/E:\tw\33a21edae6c0e9ad\Software\OculusSDK\Integrations\Unity\Releases\0: OVR_TW_SetDebugMode(0,0)
02-22 14:25:46.791 24254-24290/? I/E:\tw\33a21edae6c0e9ad\Software\OculusSDK\Integrations\Unity\Releases\0: OVR_TW_SetDebugMode(0,0)
02-22 14:25:46.791 24254-24290/? I/E:\tw\33a21edae6c0e9ad\Software\OculusSDK\Integrations\Unity\Releases\0: OVR_TW_SetDebugMode(0,0)
02-22 14:25:46.801 24254-24290/? I/E:\tw\33a21edae6c0e9ad\Software\OculusSDK\Integrations\Unity\Releases\0: OVR_TW_SetDebugMode(0,0)
02-22 14:25:46.801 24254-24290/? I/E:\tw\33a21edae6c0e9ad\Software\OculusSDK\Integrations\Unity\Releases\0: OVR_TW_SetDebugMode(0,0)
02-22 14:25:46.821 24254-24290/? I/E:\tw\33a21edae6c0e9ad\Software\OculusSDK\Integrations\Unity\Releases\0: OVR_TW_SetDebugMode(0,0)
02-22 14:25:46.821 24254-24290/? I/E:\tw\33a21edae6c0e9ad\Software\OculusSDK\Integrations\Unity\Releases\0: OVR_TW_SetDebugMode(0,0)
02-22 14:25:46.841 24254-24290/? I/E:\tw\33a21edae6c0e9ad\Software\OculusSDK\Integrations\Unity\Releases\0: OVR_TW_SetDebugMode(0,0)
02-22 14:25:46.841 24254-24290/? I/E:\tw\33a21edae6c0e9ad\Software\OculusSDK\Integrations\Unity\Releases\0: OVR_TW_SetDebugMode(0,0)
02-22 14:25:46.861 24254-24290/? I/E:\tw\33a21edae6c0e9ad\Software\OculusSDK\Integrations\Unity\Releases\0: OVR_TW_SetDebugMode(0,0)
02-22 14:25:46.861 24254-24290/? I/E:\tw\33a21edae6c0e9ad\Software\OculusSDK\Integrations\Unity\Releases\0: OVR_TW_SetDebugMode(0,0)
02-22 14:25:46.881 24254-24290/? I/E:\tw\33a21edae6c0e9ad\Software\OculusSDK\Integrations\Unity\Releases\0: OVR_TW_SetDebugMode(0,0)
02-22 14:25:46.881 24254-24290/? I/E:\tw\33a21edae6c0e9ad\Software\OculusSDK\Integrations\Unity\Releases\0: OVR_TW_SetDebugMode(0,0)
02-22 14:25:46.891 24254-24290/? I/E:\tw\33a21edae6c0e9ad\Software\OculusSDK\Integrations\Unity\Releases\0: OVR_TW_SetDebugMode(0,0)
02-22 14:25:46.891 24254-24290/? I/E:\tw\33a21edae6c0e9ad\Software\OculusSDK\Integrations\Unity\Releases\0: OVR_TW_SetDebugMode(0,0)
02-22 14:25:46.911 24254-24290/? I/E:\tw\33a21edae6c0e9ad\Software\OculusSDK\Integrations\Unity\Releases\0: OVR_TW_SetDebugMode(0,0)
02-22 14:25:46.911 24254-24290/? I/E:\tw\33a21edae6c0e9ad\Software\OculusSDK\Integrations\Unity\Releases\0: OVR_TW_SetDebugMode(0,0)
02-22 14:25:46.921 24254-24315/? D/Unity: Android Unity internal profiler stats:
02-22 14:25:46.921 24254-24315/? D/Unity: cpu-player> min: 15.7 max: 17.8 avg: 16.7
02-22 14:25:46.921 24254-24315/? D/Unity: cpu-ogles-drv> min: 0.0 max: 0.0 avg: 0.0
02-22 14:25:46.921 24254-24315/? D/Unity: gpu> min: 0.0 max: 0.0 avg: 0.0
02-22 14:25:46.921 24254-24315/? D/Unity: cpu-present> min: 0.0 max: 0.4 avg: 0.0
02-22 14:25:46.921 24254-24315/? D/Unity: frametime> min: 15.7 max: 17.8 avg: 16.8
02-22 14:25:46.921 24254-24315/? D/Unity: batches> min: 59 max: 83 avg: 69
02-22 14:25:46.921 24254-24315/? D/Unity: draw calls> min: 75 max: 101 avg: 87
02-22 14:25:46.921 24254-24315/? D/Unity: tris> min: 44416 max: 54768 avg: 47960
02-22 14:25:46.921 24254-24315/? D/Unity: verts> min: 100968 max: 129856 avg: 110879
02-22 14:25:46.921 24254-24315/? D/Unity: dynamic batching> batched draw calls: 162 batches: 13 tris: 12323 verts: 28941
02-22 14:25:46.921 24254-24315/? D/Unity: static batching> batched draw calls: 162 batches: 13 tris: 12323 verts: 28941
02-22 14:25:46.921 24254-24315/? D/Unity: player-detail> physx: 1.6 animation: 0.1 culling 0.0 skinning: 0.0 batching: 4.3 render: 5.7 fixed-update-count: 0 .. 2
02-22 14:25:46.921 24254-24315/? D/Unity: managed-scripts> update: 3.6 fixedUpdate: 0.0 coroutines: 0.2
02-22 14:25:46.921 24254-24315/? D/Unity: managed-memory> used heap: 4608000 allocated heap: 4984832, max number of collections: 0 collection total duration: 0.0
02-22 14:25:46.921 24254-24315/? D/Unity: ----------------------------------------
02-22 14:25:46.921 24254-24290/? I/E:\tw\33a21edae6c0e9ad\Software\OculusSDK\Integrations\Unity\Releases\0: OVR_TW_SetDebugMode(0,0)
02-22 14:25:46.921 24254-24290/? I/E:\tw\33a21edae6c0e9ad\Software\OculusSDK\Integrations\Unity\Releases\0: OVR_TW_SetDebugMode(0,0)
02-22 14:25:46.941 24254-24290/? I/E:\tw\33a21edae6c0e9ad\Software\OculusSDK\Integrations\Unity\Releases\0: OVR_TW_SetDebugMode(0,0)
02-22 14:25:46.941 24254-24290/? I/E:\tw\33a21edae6c0e9ad\Software\OculusSDK\Integrations\Unity\Releases\0: OVR_TW_SetDebugMode(0,0)
02-22 14:25:46.961 24254-24290/? I/E:\tw\33a21edae6c0e9ad\Software\OculusSDK\Integrations\Unity\Releases\0: OVR_TW_SetDebugMode(0,0)
02-22 14:25:46.961 24254-24290/? I/E:\tw\33a21edae6c0e9ad\Software\OculusSDK\Integrations\Unity\Releases\0: OVR_TW_SetDebugMode(0,0)
02-22 14:25:46.971 24254-24290/? I/E:\tw\33a21edae6c0e9ad\Software\OculusSDK\Integrations\Unity\Releases\0: OVR_TW_SetDebugMode(0,0)
02-22 14:25:46.971 24254-24290/? I/E:\tw\33a21edae6c0e9ad\Software\OculusSDK\Integrations\Unity\Releases\0: OVR_TW_SetDebugMode(0,0)
02-22 14:25:46.991 24254-24290/? I/E:\tw\33a21edae6c0e9ad\Software\OculusSDK\Integrations\Unity\Releases\0: OVR_TW_SetDebugMode(0,0)
02-22 14:25:46.991 24254-24290/? I/E:\tw\33a21edae6c0e9ad\Software\OculusSDK\Integrations\Unity\Releases\0: OVR_TW_SetDebugMode(0,0)
02-22 14:25:47.011 24254-24290/? I/E:\tw\33a21edae6c0e9ad\Software\OculusSDK\Integrations\Unity\Releases\0: OVR_TW_SetDebugMode(0,0)
02-22 14:25:47.011 24254-24290/? I/E:\tw\33a21edae6c0e9ad\Software\OculusSDK\Integrations\Unity\Releases\0: OVR_TW_SetDebugMode(0,0)
02-22 14:25:47.021 24254-24290/? I/E:\tw\33a21edae6c0e9ad\Software\OculusSDK\Integrations\Unity\Releases\0: OVR_TW_SetDebugMode(0,0)
02-22 14:25:47.021 24254-24290/? I/E:\tw\33a21edae6c0e9ad\Software\OculusSDK\Integrations\Unity\Releases\0: OVR_TW_SetDebugMode(0,0)
02-22 14:25:47.041 24254-24290/? I/E:\tw\33a21edae6c0e9ad\Software\OculusSDK\Integrations\Unity\Releases\0: OVR_TW_SetDebugMode(0,0)
02-22 14:25:47.041 24254-24290/? I/E:\tw\33a21edae6c0e9ad\Software\OculusSDK\Integrations\Unity\Releases\0: OVR_TW_SetDebugMode(0,0)
02-22 14:25:47.061 24254-24290/? I/E:\tw\33a21edae6c0e9ad\Software\OculusSDK\Integrations\Unity\Releases\0: OVR_TW_SetDebugMode(0,0)
02-22 14:25:47.061 24254-24290/? I/E:\tw\33a21edae6c0e9ad\Software\OculusSDK\Integrations\Unity\Releases\0: OVR_TW_SetDebugMode(0,0)
02-22 14:25:47.071 24254-24290/? I/E:\tw\33a21edae6c0e9ad\Software\OculusSDK\Integrations\Unity\Releases\0: OVR_TW_SetDebugMode(0,0)
02-22 14:25:47.071 24254-24290/? I/E:\tw\33a21edae6c0e9ad\Software\OculusSDK\Integrations\Unity\Releases\0: OVR_TW_SetDebugMode(0,0)
02-22 14:25:47.091 24254-24290/? I/E:\tw\33a21edae6c0e9ad\Software\OculusSDK\Integrations\Unity\Releases\0: OVR_TW_SetDebugMode(0,0)
02-22 14:25:47.091 24254-24290/? I/E:\tw\33a21edae6c0e9ad\Software\OculusSDK\Integrations\Unity\Releases\0: OVR_TW_SetDebugMode(0,0)
02-22 14:25:47.111 24254-24290/? I/E:\tw\33a21edae6c0e9ad\Software\OculusSDK\Integrations\Unity\Releases\0: OVR_TW_SetDebugMode(0,0)
02-22 14:25:47.111 24254-24290/? I/E:\tw\33a21edae6c0e9ad\Software\OculusSDK\Integrations\Unity\Releases\0: OVR_TW_SetDebugMode(0,0)
02-22 14:25:47.121 24254-24290/? I/E:\tw\33a21edae6c0e9ad\Software\OculusSDK\Integrations\Unity\Releases\0: OVR_TW_SetDebugMode(0,0)
02-22 14:25:47.121 24254-24290/? I/E:\tw\33a21edae6c0e9ad\Software\OculusSDK\Integrations\Unity\Releases\0: OVR_TW_SetDebugMode(0,0)
02-22 14:25:47.141 24254-24290/? I/E:\tw\33a21edae6c0e9ad\Software\OculusSDK\Integrations\Unity\Releases\0: OVR_TW_SetDebugMode(0,0)
02-22 14:25:47.141 24254-24290/? I/E:\tw\33a21edae6c0e9ad\Software\OculusSDK\Integrations\Unity\Releases\0: OVR_TW_SetDebugMode(0,0)
02-22 14:25:47.161 24254-24290/? I/E:\tw\33a21edae6c0e9ad\Software\OculusSDK\Integrations\Unity\Releases\0: OVR_TW_SetDebugMode(0,0)
02-22 14:25:47.161 24254-24290/? I/E:\tw\33a21edae6c0e9ad\Software\OculusSDK\Integrations\Unity\Releases\0: OVR_TW_SetDebugMode(0,0)
02-22 14:25:47.181 24254-24290/? I/E:\tw\33a21edae6c0e9ad\Software\OculusSDK\Integrations\Unity\Releases\0: OVR_TW_SetDebugMode(0,0)
02-22 14:25:47.181 24254-24290/? I/E:\tw\33a21edae6c0e9ad\Software\OculusSDK\Integrations\Unity\Releases\0: OVR_TW_SetDebugMode(0,0)
02-22 14:25:47.191 24254-24290/? I/E:\tw\33a21edae6c0e9ad\Software\OculusSDK\Integrations\Unity\Releases\0: OVR_TW_SetDebugMode(0,0)
02-22 14:25:47.191 24254-24290/? I/E:\tw\33a21edae6c0e9ad\Software\OculusSDK\Integrations\Unity\Releases\0: OVR_TW_SetDebugMode(0,0)
02-22 14:25:47.211 24254-24290/? I/E:\tw\33a21edae6c0e9ad\Software\OculusSDK\Integrations\Unity\Releases\0: OVR_TW_SetDebugMode(0,0)
02-22 14:25:47.211 24254-24290/? I/E:\tw\33a21edae6c0e9ad\Software\OculusSDK\Integrations\Unity\Releases\0: OVR_TW_SetDebugMode(0,0)
02-22 14:25:47.221 24254-24290/? I/E:\tw\33a21edae6c0e9ad\Software\OculusSDK\Integrations\Unity\Releases\0: OVR_TW_SetDebugMode(0,0)
02-22 14:25:47.221 24254-24290/? I/E:\tw\33a21edae6c0e9ad\Software\OculusSDK\Integrations\Unity\Releases\0: OVR_TW_SetDebugMode(0,0)
02-22 14:25:47.241 24254-24290/? I/E:\tw\33a21edae6c0e9ad\Software\OculusSDK\Integrations\Unity\Releases\0: OVR_TW_SetDebugMode(0,0)
02-22 14:25:47.241 24254-24290/? I/E:\tw\33a21edae6c0e9ad\Software\OculusSDK\Integrations\Unity\Releases\0: OVR_TW_SetDebugMode(0,0)
02-22 14:25:47.261 24254-24290/? I/E:\tw\33a21edae6c0e9ad\Software\OculusSDK\Integrations\Unity\Releases\0: OVR_TW_SetDebugMode(0,0)
02-22 14:25:47.261 24254-24290/? I/E:\tw\33a21edae6c0e9ad\Software\OculusSDK\Integrations\Unity\Releases\0: OVR_TW_SetDebugMode(0,0)
02-22 14:25:47.281 24254-24290/? I/E:\tw\33a21edae6c0e9ad\Software\OculusSDK\Integrations\Unity\Releases\0: OVR_TW_SetDebugMode(0,0)
02-22 14:25:47.281 24254-24290/? I/E:\tw\33a21edae6c0e9ad\Software\OculusSDK\Integrations\Unity\Releases\0: OVR_TW_SetDebugMode(0,0)
02-22 14:25:47.291 24254-24290/? I/E:\tw\33a21edae6c0e9ad\Software\OculusSDK\Integrations\Unity\Releases\0: OVR_TW_SetDebugMode(0,0)
02-22 14:25:47.291 24254-24290/? I/E:\tw\33a21edae6c0e9ad\Software\OculusSDK\Integrations\Unity\Releases\0: OVR_TW_SetDebugMode(0,0)
02-22 14:25:47.311 24254-24290/? I/E:\tw\33a21edae6c0e9ad\Software\OculusSDK\Integrations\Unity\Releases\0: OVR_TW_SetDebugMode(0,0)
02-22 14:25:47.311 24254-24290/? I/E:\tw\33a21edae6c0e9ad\Software\OculusSDK\Integrations\Unity\Releases\0: OVR_TW_SetDebugMode(0,0)
02-22 14:25:47.321 24254-24290/? I/E:\tw\33a21edae6c0e9ad\Software\OculusSDK\Integrations\Unity\Releases\0: OVR_TW_SetDebugMode(0,0)
02-22 14:25:47.321 24254-24290/? I/E:\tw\33a21edae6c0e9ad\Software\OculusSDK\Integrations\Unity\Releases\0: OVR_TW_SetDebugMode(0,0)
02-22 14:25:47.341 24254-24290/? I/E:\tw\33a21edae6c0e9ad\Software\OculusSDK\Integrations\Unity\Releases\0: OVR_TW_SetDebugMode(0,0)
02-22 14:25:47.341 24254-24290/? I/E:\tw\33a21edae6c0e9ad\Software\OculusSDK\Integrations\Unity\Releases\0: OVR_TW_SetDebugMode(0,0)
02-22 14:25:47.361 24254-24290/? I/E:\tw\33a21edae6c0e9ad\Software\OculusSDK\Integrations\Unity\Releases\0: OVR_TW_SetDebugMode(0,0)
02-22 14:25:47.361 24254-24290/? I/E:\tw\33a21edae6c0e9ad\Software\OculusSDK\Integrations\Unity\Releases\0: OVR_TW_SetDebugMode(0,0)
02-22 14:25:47.381 24254-24290/? I/E:\tw\33a21edae6c0e9ad\Software\OculusSDK\Integrations\Unity\Releases\0: OVR_TW_SetDebugMode(0,0)
02-22 14:25:47.381 24254-24290/? I/E:\tw\33a21edae6c0e9ad\Software\OculusSDK\Integrations\Unity\Releases\0: OVR_TW_SetDebugMode(0,0)
02-22 14:25:47.391 24254-24290/? I/E:\tw\33a21edae6c0e9ad\Software\OculusSDK\Integrations\Unity\Releases\0: OVR_TW_SetDebugMode(0,0)
02-22 14:25:47.391 24254-24290/? I/E:\tw\33a21edae6c0e9ad\Software\OculusSDK\Integrations\Unity\Releases\0: OVR_TW_SetDebugMode(0,0)
02-22 14:25:47.411 24254-24290/? I/E:\tw\33a21edae6c0e9ad\Software\OculusSDK\Integrations\Unity\Releases\0: OVR_TW_SetDebugMode(0,0)
02-22 14:25:47.411 24254-24290/? I/E:\tw\33a21edae6c0e9ad\Software\OculusSDK\Integrations\Unity\Releases\0: OVR_TW_SetDebugMode(0,0)
02-22 14:25:47.421 24254-24290/? I/E:\tw\33a21edae6c0e9ad\Software\OculusSDK\Integrations\Unity\Releases\0: OVR_TW_SetDebugMode(0,0)
02-22 14:25:47.421 24254-24290/? I/E:\tw\33a21edae6c0e9ad\Software\OculusSDK\Integrations\Unity\Releases\0: OVR_TW_SetDebugMode(0,0)
02-22 14:25:47.441 24254-24290/? I/E:\tw\33a21edae6c0e9ad\Software\OculusSDK\Integrations\Unity\Releases\0: OVR_TW_SetDebugMode(0,0)
02-22 14:25:47.441 24254-24290/? I/E:\tw\33a21edae6c0e9ad\Software\OculusSDK\Integrations\Unity\Releases\0: OVR_TW_SetDebugMode(0,0)
02-22 14:25:47.461 24254-24290/? I/E:\tw\33a21edae6c0e9ad\Software\OculusSDK\Integrations\Unity\Releases\0: OVR_TW_SetDebugMode(0,0)
02-22 14:25:47.461 24254-24290/? I/E:\tw\33a21edae6c0e9ad\Software\OculusSDK\Integrations\Unity\Releases\0: OVR_TW_SetDebugMode(0,0)
02-22 14:25:47.481 24254-24290/? I/E:\tw\33a21edae6c0e9ad\Software\OculusSDK\Integrations\Unity\Releases\0: OVR_TW_SetDebugMode(0,0)
02-22 14:25:47.481 24254-24290/? I/E:\tw\33a21edae6c0e9ad\Software\OculusSDK\Integrations\Unity\Releases\0: OVR_TW_SetDebugMode(0,0)
02-22 14:25:47.491 24254-24290/? I/E:\tw\33a21edae6c0e9ad\Software\OculusSDK\Integrations\Unity\Releases\0: OVR_TW_SetDebugMode(0,0)
02-22 14:25:47.491 24254-24290/? I/E:\tw\33a21edae6c0e9ad\Software\OculusSDK\Integrations\Unity\Releases\0: OVR_TW_SetDebugMode(0,0)
02-22 14:25:47.511 24254-24290/? I/E:\tw\33a21edae6c0e9ad\Software\OculusSDK\Integrations\Unity\Releases\0: OVR_TW_SetDebugMode(0,0)
02-22 14:25:47.511 24254-24290/? I/E:\tw\33a21edae6c0e9ad\Software\OculusSDK\Integrations\Unity\Releases\0: OVR_TW_SetDebugMode(0,0)
02-22 14:25:47.531 24254-24290/? I/E:\tw\33a21edae6c0e9ad\Software\OculusSDK\Integrations\Unity\Releases\0: OVR_TW_SetDebugMode(0,0)
02-22 14:25:47.531 24254-24290/? I/E:\tw\33a21edae6c0e9ad\Software\OculusSDK\Integrations\Unity\Releases\0: OVR_TW_SetDebugMode(0,0)
02-22 14:25:47.541 24254-24290/? I/E:\tw\33a21edae6c0e9ad\Software\OculusSDK\Integrations\Unity\Releases\0: OVR_TW_SetDebugMode(0,0)
02-22 14:25:47.541 24254-24290/? I/E:\tw\33a21edae6c0e9ad\Software\OculusSDK\Integrations\Unity\Releases\0: OVR_TW_SetDebugMode(0,0)
02-22 14:25:47.561 24254-24290/? I/E:\tw\33a21edae6c0e9ad\Software\OculusSDK\Integrations\Unity\Releases\0: OVR_TW_SetDebugMode(0,0)
02-22 14:25:47.561 24254-24290/? I/E:\tw\33a21edae6c0e9ad\Software\OculusSDK\Integrations\Unity\Releases\0: OVR_TW_SetDebugMode(0,0)
02-22 14:25:47.581 24254-24290/? I/E:\tw\33a21edae6c0e9ad\Software\OculusSDK\Integrations\Unity\Releases\0: OVR_TW_SetDebugMode(0,0)
02-22 14:25:47.581 24254-24290/? I/E:\tw\33a21edae6c0e9ad\Software\OculusSDK\Integrations\Unity\Releases\0: OVR_TW_SetDebugMode(0,0)
02-22 14:25:47.591 24254-24290/? I/E:\tw\33a21edae6c0e9ad\Software\OculusSDK\Integrations\Unity\Releases\0: OVR_TW_SetDebugMode(0,0)
02-22 14:25:47.591 24254-24290/? I/E:\tw\33a21edae6c0e9ad\Software\OculusSDK\Integrations\Unity\Releases\0: OVR_TW_SetDebugMode(0,0)
02-22 14:25:47.611 24254-24290/? I/E:\tw\33a21edae6c0e9ad\Software\OculusSDK\Integrations\Unity\Releases\0: OVR_TW_SetDebugMode(0,0)
02-22 14:25:47.611 24254-24290/? I/E:\tw\33a21edae6c0e9ad\Software\OculusSDK\Integrations\Unity\Releases\0: OVR_TW_SetDebugMode(0,0)
02-22 14:25:47.631 24254-24290/? I/E:\tw\33a21edae6c0e9ad\Software\OculusSDK\Integrations\Unity\Releases\0: OVR_TW_SetDebugMode(0,0)
02-22 14:25:47.631 24254-24290/? I/E:\tw\33a21edae6c0e9ad\Software\OculusSDK\Integrations\Unity\Releases\0: OVR_TW_SetDebugMode(0,0)
02-22 14:25:47.641 24254-24290/? I/E:\tw\33a21edae6c0e9ad\Software\OculusSDK\Integrations\Unity\Releases\0: OVR_TW_SetDebugMode(0,0)
02-22 14:25:47.641 24254-24290/? I/E:\tw\33a21edae6c0e9ad\Software\OculusSDK\Integrations\Unity\Releases\0: OVR_TW_SetDebugMode(0,0)
02-22 14:25:47.661 22497-22848/? V/VRSVC: at (VRManagerService.java:539) snDW() [---- IsUnity com.ralphvr.daydreamblue ----]
02-22 14:25:47.661 24254-24290/? I/E:\tw\33a21edae6c0e9ad\Software\OculusSDK\Integrations\Unity\Releases\0: OVR_TW_SetDebugMode(0,0)
02-22 14:25:47.661 24254-24290/? I/E:\tw\33a21edae6c0e9ad\Software\OculusSDK\Integrations\Unity\Releases\0: OVR_TW_SetDebugMode(0,0)
02-22 14:25:47.681 24254-24290/? I/E:\tw\33a21edae6c0e9ad\Software\OculusSDK\Integrations\Unity\Releases\0: OVR_TW_SetDebugMode(0,0)
02-22 14:25:47.681 24254-24290/? I/E:\tw\33a21edae6c0e9ad\Software\OculusSDK\Integrations\Unity\Releases\0: OVR_TW_SetDebugMode(0,0)
02-22 14:25:47.691 24254-24290/? I/E:\tw\33a21edae6c0e9ad\Software\OculusSDK\Integrations\Unity\Releases\0: OVR_TW_SetDebugMode(0,0)
02-22 14:25:47.691 24254-24290/? I/E:\tw\33a21edae6c0e9ad\Software\OculusSDK\Integrations\Unity\Releases\0: OVR_TW_SetDebugMode(0,0)
02-22 14:25:47.711 24254-24290/? I/E:\tw\33a21edae6c0e9ad\Software\OculusSDK\Integrations\Unity\Releases\0: OVR_TW_SetDebugMode(0,0)
02-22 14:25:47.711 24254-24290/? I/E:\tw\33a21edae6c0e9ad\Software\OculusSDK\Integrations\Unity\Releases\0: OVR_TW_SetDebugMode(0,0)
02-22 14:25:47.731 24254-24290/? I/E:\tw\33a21edae6c0e9ad\Software\OculusSDK\Integrations\Unity\Releases\0: OVR_TW_SetDebugMode(0,0)
02-22 14:25:47.731 24254-24290/? I/E:\tw\33a21edae6c0e9ad\Software\OculusSDK\Integrations\Unity\Releases\0: OVR_TW_SetDebugMode(0,0)
02-22 14:25:47.741 24254-24290/? I/E:\tw\33a21edae6c0e9ad\Software\OculusSDK\Integrations\Unity\Releases\0: OVR_TW_SetDebugMode(0,0)
02-22 14:25:47.741 24254-24290/? I/E:\tw\33a21edae6c0e9ad\Software\OculusSDK\Integrations\Unity\Releases\0: OVR_TW_SetDebugMode(0,0)
02-22 14:25:47.781 24254-24290/? I/E:\tw\33a21edae6c0e9ad\Software\OculusSDK\Integrations\Unity\Releases\0: OVR_TW_SetDebugMode(0,0)
02-22 14:25:47.781 24254-24290/? I/E:\tw\33a21edae6c0e9ad\Software\OculusSDK\Integrations\Unity\Releases\0: OVR_TW_SetDebugMode(0,0)
02-22 14:25:47.781 22497-22848/? V/VRSVC: at (VRManagerService.java:589) snDW() [It's a Unity VR]
02-22 14:25:47.801 24254-24290/? I/E:\tw\33a21edae6c0e9ad\Software\OculusSDK\Integrations\Unity\Releases\0: OVR_TW_SetDebugMode(0,0)
02-22 14:25:47.801 24254-24290/? I/E:\tw\33a21edae6c0e9ad\Software\OculusSDK\Integrations\Unity\Releases\0: OVR_TW_SetDebugMode(0,0)
02-22 14:25:47.811 24254-24290/? I/E:\tw\33a21edae6c0e9ad\Software\OculusSDK\Integrations\Unity\Releases\0: OVR_TW_SetDebugMode(0,0)
02-22 14:25:47.811 24254-24290/? I/E:\tw\33a21edae6c0e9ad\Software\OculusSDK\Integrations\Unity\Releases\0: OVR_TW_SetDebugMode(0,0)
02-22 14:25:47.821 24254-24254/? I/E:\tw\33a21edae6c0e9ad\Software\OculusSDK\Integrations\Unity\Releases\0: nativeBatteryEvent(3, 51, 335)
02-22 14:25:47.831 24254-24290/? I/E:\tw\33a21edae6c0e9ad\Software\OculusSDK\Integrations\Unity\Releases\0: OVR_TW_SetDebugMode(0,0)
02-22 14:25:47.831 24254-24290/? I/E:\tw\33a21edae6c0e9ad\Software\OculusSDK\Integrations\Unity\Releases\0: OVR_TW_SetDebugMode(0,0)
02-22 14:25:47.841 24254-24290/? I/E:\tw\33a21edae6c0e9ad\Software\OculusSDK\Integrations\Unity\Releases\0: OVR_TW_SetDebugMode(0,0)
02-22 14:25:47.841 24254-24290/? I/E:\tw\33a21edae6c0e9ad\Software\OculusSDK\Integrations\Unity\Releases\0: OVR_TW_SetDebugMode(0,0)
02-22 14:25:47.861 24254-24290/? I/E:\tw\33a21edae6c0e9ad\Software\OculusSDK\Integrations\Unity\Releases\0: OVR_TW_SetDebugMode(0,0)
02-22 14:25:47.861 24254-24290/? I/E:\tw\33a21edae6c0e9ad\Software\OculusSDK\Integrations\Unity\Releases\0: OVR_TW_SetDebugMode(0,0)
02-22 14:25:47.881 24254-24290/? I/E:\tw\33a21edae6c0e9ad\Software\OculusSDK\Integrations\Unity\Releases\0: OVR_TW_SetDebugMode(0,0)
02-22 14:25:47.881 24254-24290/? I/E:\tw\33a21edae6c0e9ad\Software\OculusSDK\Integrations\Unity\Releases\0: OVR_TW_SetDebugMode(0,0)
02-22 14:25:47.901 24254-24290/? I/E:\tw\33a21edae6c0e9ad\Software\OculusSDK\Integrations\Unity\Releases\0: OVR_TW_SetDebugMode(0,0)
02-22 14:25:47.901 24254-24290/? I/E:\tw\33a21edae6c0e9ad\Software\OculusSDK\Integrations\Unity\Releases\0: OVR_TW_SetDebugMode(0,0)
02-22 14:25:47.911 24254-24290/? I/E:\tw\33a21edae6c0e9ad\Software\OculusSDK\Integrations\Unity\Releases\0: OVR_TW_SetDebugMode(0,0)
02-22 14:25:47.911 24254-24290/? I/E:\tw\33a21edae6c0e9ad\Software\OculusSDK\Integrations\Unity\Releases\0: OVR_TW_SetDebugMode(0,0)
02-22 14:25:47.931 24254-24290/? I/E:\tw\33a21edae6c0e9ad\Software\OculusSDK\Integrations\Unity\Releases\0: OVR_TW_SetDebugMode(0,0)
02-22 14:25:47.931 24254-24290/? I/E:\tw\33a21edae6c0e9ad\Software\OculusSDK\Integrations\Unity\Releases\0: OVR_TW_SetDebugMode(0,0)
02-22 14:25:47.941 24254-24315/? D/Unity: Android Unity internal profiler stats:
02-22 14:25:47.941 24254-24315/? D/Unity: cpu-player> min: 15.9 max: 33.5 avg: 17.0
02-22 14:25:47.941 24254-24315/? D/Unity: cpu-ogles-drv> min: 0.0 max: 0.0 avg: 0.0
02-22 14:25:47.941 24254-24315/? D/Unity: gpu> min: 0.0 max: 0.0 avg: 0.0
02-22 14:25:47.941 24254-24315/? D/Unity: cpu-present> min: 0.0 max: 0.4 avg: 0.0
02-22 14:25:47.941 24254-24315/? D/Unity: frametime> min: 15.9 max: 33.5 avg: 17.1
02-22 14:25:47.941 24254-24315/? D/Unity: batches> min: 53 max: 85 avg: 63
02-22 14:25:47.941 24254-24315/? D/Unity: draw calls> min: 65 max: 105 avg: 77
02-22 14:25:47.941 24254-24315/? D/Unity: tris> min: 38010 max: 55150 avg: 45018
02-22 14:25:47.941 24254-24315/? D/Unity: verts> min: 90776 max: 130944 avg: 107156
02-22 14:25:47.941 24254-24315/? D/Unity: dynamic batching> batched draw calls: 139 batches: 6 tris: 10356 verts: 25807
02-22 14:25:47.941 24254-24315/? D/Unity: static batching> batched draw calls: 139 batches: 6 tris: 10356 verts: 25807
02-22 14:25:47.941 24254-24315/? D/Unity: player-detail> physx: 1.6 animation: 0.1 culling 0.0 skinning: 0.0 batching: 3.0 render: 7.1 fixed-update-count: 0 .. 2
02-22 14:25:47.941 24254-24315/? D/Unity: managed-scripts> update: 3.9 fixedUpdate: 0.0 coroutines: 0.2
02-22 14:25:47.941 24254-24315/? D/Unity: managed-memory> used heap: 4616192 allocated heap: 4984832, max number of collections: 0 collection total duration: 0.0
02-22 14:25:47.941 24254-24315/? D/Unity: ----------------------------------------
02-22 14:25:47.941 24254-24290/? I/E:\tw\33a21edae6c0e9ad\Software\OculusSDK\Integrations\Unity\Releases\0: OVR_TW_SetDebugMode(0,0)
02-22 14:25:47.941 24254-24290/? I/E:\tw\33a21edae6c0e9ad\Software\OculusSDK\Integrations\Unity\Releases\0: OVR_TW_SetDebugMode(0,0)
02-22 14:25:47.961 24254-24290/? I/E:\tw\33a21edae6c0e9ad\Software\OculusSDK\Integrations\Unity\Releases\0: OVR_TW_SetDebugMode(0,0)
02-22 14:25:47.961 24254-24290/? I/E:\tw\33a21edae6c0e9ad\Software\OculusSDK\Integrations\Unity\Releases\0: OVR_TW_SetDebugMode(0,0)
02-22 14:25:47.981 24254-24290/? I/E:\tw\33a21edae6c0e9ad\Software\OculusSDK\Integrations\Unity\Releases\0: OVR_TW_SetDebugMode(0,0)
02-22 14:25:47.981 24254-24290/? I/E:\tw\33a21edae6c0e9ad\Software\OculusSDK\Integrations\Unity\Releases\0: OVR_TW_SetDebugMode(0,0)
02-22 14:25:48.001 24254-24290/? I/E:\tw\33a21edae6c0e9ad\Software\OculusSDK\Integrations\Unity\Releases\0: OVR_TW_SetDebugMode(0,0)
02-22 14:25:48.001 24254-24290/? I/E:\tw\33a21edae6c0e9ad\Software\OculusSDK\Integrations\Unity\Releases\0: OVR_TW_SetDebugMode(0,0)
02-22 14:25:48.011 24254-24290/? I/E:\tw\33a21edae6c0e9ad\Software\OculusSDK\Integrations\Unity\Releases\0: OVR_TW_SetDebugMode(0,0)
02-22 14:25:48.011 24254-24290/? I/E:\tw\33a21edae6c0e9ad\Software\OculusSDK\Integrations\Unity\Releases\0: OVR_TW_SetDebugMode(0,0)
02-22 14:25:48.031 24254-24290/? I/E:\tw\33a21edae6c0e9ad\Software\OculusSDK\Integrations\Unity\Releases\0: OVR_TW_SetDebugMode(0,0)
02-22 14:25:48.031 24254-24290/? I/E:\tw\33a21edae6c0e9ad\Software\OculusSDK\Integrations\Unity\Releases\0: OVR_TW_SetDebugMode(0,0)
02-22 14:25:48.041 24254-24290/? I/E:\tw\33a21edae6c0e9ad\Software\OculusSDK\Integrations\Unity\Releases\0: OVR_TW_SetDebugMode(0,0)
02-22 14:25:48.041 24254-24290/? I/E:\tw\33a21edae6c0e9ad\Software\OculusSDK\Integrations\Unity\Releases\0: OVR_TW_SetDebugMode(0,0)
02-22 14:25:48.061 24254-24290/? I/E:\tw\33a21edae6c0e9ad\Software\OculusSDK\Integrations\Unity\Releases\0: OVR_TW_SetDebugMode(0,0)
02-22 14:25:48.061 24254-24290/? I/E:\tw\33a21edae6c0e9ad\Software\OculusSDK\Integrations\Unity\Releases\0: OVR_TW_SetDebugMode(0,0)
02-22 14:25:48.081 24254-24290/? I/E:\tw\33a21edae6c0e9ad\Software\OculusSDK\Integrations\Unity\Releases\0: OVR_TW_SetDebugMode(0,0)
02-22 14:25:48.081 24254-24290/? I/E:\tw\33a21edae6c0e9ad\Software\OculusSDK\Integrations\Unity\Releases\0: OVR_TW_SetDebugMode(0,0)
02-22 14:25:48.101 24254-24290/? I/E:\tw\33a21edae6c0e9ad\Software\OculusSDK\Integrations\Unity\Releases\0: OVR_TW_SetDebugMode(0,0)
02-22 14:25:48.101 24254-24290/? I/E:\tw\33a21edae6c0e9ad\Software\OculusSDK\Integrations\Unity\Releases\0: OVR_TW_SetDebugMode(0,0)
02-22 14:25:48.111 24254-24290/? I/E:\tw\33a21edae6c0e9ad\Software\OculusSDK\Integrations\Unity\Releases\0: OVR_TW_SetDebugMode(0,0)
02-22 14:25:48.111 24254-24290/? I/E:\tw\33a21edae6c0e9ad\Software\OculusSDK\Integrations\Unity\Releases\0: OVR_TW_SetDebugMode(0,0)
02-22 14:25:48.131 24254-24290/? I/E:\tw\33a21edae6c0e9ad\Software\OculusSDK\Integrations\Unity\Releases\0: OVR_TW_SetDebugMode(0,0)
02-22 14:25:48.131 24254-24290/? I/E:\tw\33a21edae6c0e9ad\Software\OculusSDK\Integrations\Unity\Releases\0: OVR_TW_SetDebugMode(0,0)
02-22 14:25:48.141 24254-24290/? I/E:\tw\33a21edae6c0e9ad\Software\OculusSDK\Integrations\Unity\Releases\0: OVR_TW_SetDebugMode(0,0)
02-22 14:25:48.141 24254-24290/? I/E:\tw\33a21edae6c0e9ad\Software\OculusSDK\Integrations\Unity\Releases\0: OVR_TW_SetDebugMode(0,0)
02-22 14:25:48.161 24254-24290/? I/E:\tw\33a21edae6c0e9ad\Software\OculusSDK\Integrations\Unity\Releases\0: OVR_TW_SetDebugMode(0,0)
02-22 14:25:48.161 24254-24290/? I/E:\tw\33a21edae6c0e9ad\Software\OculusSDK\Integrations\Unity\Releases\0: OVR_TW_SetDebugMode(0,0)
02-22 14:25:48.181 24254-24290/? I/E:\tw\33a21edae6c0e9ad\Software\OculusSDK\Integrations\Unity\Releases\0: OVR_TW_SetDebugMode(0,0)
02-22 14:25:48.181 24254-24290/? I/E:\tw\33a21edae6c0e9ad\Software\OculusSDK\Integrations\Unity\Releases\0: OVR_TW_SetDebugMode(0,0)
02-22 14:25:48.201 24254-24290/? I/E:\tw\33a21edae6c0e9ad\Software\OculusSDK\Integrations\Unity\Releases\0: OVR_TW_SetDebugMode(0,0)
02-22 14:25:48.201 24254-24290/? I/E:\tw\33a21edae6c0e9ad\Software\OculusSDK\Integrations\Unity\Releases\0: OVR_TW_SetDebugMode(0,0)
02-22 14:25:48.211 24254-24290/? I/E:\tw\33a21edae6c0e9ad\Software\OculusSDK\Integrations\Unity\Releases\0: OVR_TW_SetDebugMode(0,0)
02-22 14:25:48.211 24254-24290/? I/E:\tw\33a21edae6c0e9ad\Software\OculusSDK\Integrations\Unity\Releases\0: OVR_TW_SetDebugMode(0,0)
02-22 14:25:48.231 24254-24290/? I/E:\tw\33a21edae6c0e9ad\Software\OculusSDK\Integrations\Unity\Releases\0: OVR_TW_SetDebugMode(0,0)
02-22 14:25:48.231 24254-24290/? I/E:\tw\33a21edae6c0e9ad\Software\OculusSDK\Integrations\Unity\Releases\0: OVR_TW_SetDebugMode(0,0)
02-22 14:25:48.251 24254-24290/? I/E:\tw\33a21edae6c0e9ad\Software\OculusSDK\Integrations\Unity\Releases\0: OVR_TW_SetDebugMode(0,0)
02-22 14:25:48.251 24254-24290/? I/E:\tw\33a21edae6c0e9ad\Software\OculusSDK\Integrations\Unity\Releases\0: OVR_TW_SetDebugMode(0,0)
02-22 14:25:48.261 24254-24290/? I/E:\tw\33a21edae6c0e9ad\Software\OculusSDK\Integrations\Unity\Releases\0: OVR_TW_SetDebugMode(0,0)
02-22 14:25:48.261 24254-24290/? I/E:\tw\33a21edae6c0e9ad\Software\OculusSDK\Integrations\Unity\Releases\0: OVR_TW_SetDebugMode(0,0)
02-22 14:25:48.281 24254-24290/? I/E:\tw\33a21edae6c0e9ad\Software\OculusSDK\Integrations\Unity\Releases\0: OVR_TW_SetDebugMode(0,0)
02-22 14:25:48.281 24254-24290/? I/E:\tw\33a21edae6c0e9ad\Software\OculusSDK\Integrations\Unity\Releases\0: OVR_TW_SetDebugMode(0,0)
02-22 14:25:48.301 24254-24290/? I/E:\tw\33a21edae6c0e9ad\Software\OculusSDK\Integrations\Unity\Releases\0: OVR_TW_SetDebugMode(0,0)
02-22 14:25:48.301 24254-24290/? I/E:\tw\33a21edae6c0e9ad\Software\OculusSDK\Integrations\Unity\Releases\0: OVR_TW_SetDebugMode(0,0)
02-22 14:25:48.301 24254-24254/? I/Unity: onPause
02-22 14:25:48.371 24254-24315/? I/E:\tw\33a21edae6c0e9ad\Software\OculusSDK\Integrations\Unity\Releases\0: OVR_Pause()
02-22 14:25:48.471 24254-24315/? I/E:\tw\33a21edae6c0e9ad\Software\OculusSDK\Integrations\Unity\Releases\0: DeRegister_Utilities
02-22 14:25:48.471 24254-24315/? D/UnityVolumeReceiver: Unregistering volume receiver
02-22 14:25:48.471 24254-24315/? D/UnityBatteryReceiver: Unregistering battery receiver
02-22 14:25:48.491 24254-24290/? D/Unity: Sensor : Accelerometer ( 1) ; 0.001197 / 0.00s ; MPU6500 Acceleration Sensor / Invensense
02-22 14:25:48.611 24254-24254/? I/Unity: windowFocusChanged: true
02-22 14:25:48.631 24254-24254/? I/Unity: windowFocusChanged: false
02-22 14:25:48.641 24254-24254/? D/Unity: [EGL] Attaching window :0x0