04-21 19:52:18.101 11106-11190/com.Raven.WebViewDebug I/TimeWarp: frontBufferIs565 = 0
04-21 19:52:18.101 11106-11190/com.Raven.WebViewDebug I/TimeWarp: frontBufferIsSrgb = 0
04-21 19:52:18.101 11106-11190/com.Raven.WebViewDebug I/OVR_GlUtils: Found: GL_EXT_sRGB_write_control
04-21 19:52:18.101 11106-11190/com.Raven.WebViewDebug I/TimeWarp: Requesting EGL_CONTEXT_PRIORITY_HIGH_IMG
04-21 19:52:18.111 11106-11236/com.Raven.WebViewDebug I/TimeWarp: WarpThreadInit()
04-21 19:52:18.111 11106-11236/com.Raven.WebViewDebug I/TimeWarp: eglWarpContext: 0xd6fe0580
04-21 19:52:18.111 11106-11236/com.Raven.WebViewDebug I/TimeWarp: Context is EGL_CONTEXT_PRIORITY_HIGH_IMG
04-21 19:52:18.111 11106-11236/com.Raven.WebViewDebug I/TimeWarp: eglMakeCurrent on 0xdb771fc0
04-21 19:52:18.111 11106-11236/com.Raven.WebViewDebug I/DirectRender: 0xd6f9e288 DirectRender::Init(true, 23)
04-21 19:52:18.111 11106-11236/com.Raven.WebViewDebug D/VrApi: getDeviceProperty: device_gpu
04-21 19:52:18.111 11106-11236/com.Raven.WebViewDebug I/DirectRender: Performing an initial swapbuffers.
04-21 19:52:18.121 11106-11236/com.Raven.WebViewDebug I/DirectRender: surface size: 2560 x 1440
04-21 19:52:18.121 11106-11236/com.Raven.WebViewDebug W/VRSurfaceManager: VRSurfaceManager : setFrontBuffer
04-21 19:52:18.121 11106-11236/com.Raven.WebViewDebug I/DirectRender: Found VrSurfaceManager API: 0x100656
04-21 19:52:18.121 11106-11236/com.Raven.WebViewDebug I/DirectRender: Calling java method
04-21 19:52:18.131 11106-11236/com.Raven.WebViewDebug D/libSEC_EGL: EGL : EGL_SEC_frontbuffer_set mode PASSED ...
04-21 19:52:18.131 11106-11236/com.Raven.WebViewDebug I/DirectRender: gvrFrontbufferExtension = TRUE
04-21 19:52:18.131 11106-11236/com.Raven.WebViewDebug I/DirectRender: Mali GPU
04-21 19:52:18.151 11106-11236/com.Raven.WebViewDebug I/TimeWarp: WarpThreadInit() - End
04-21 19:52:18.151 11106-11236/com.Raven.WebViewDebug I/TimeWarp: WarpThreadLoop()
04-21 19:52:18.151 11106-11190/com.Raven.WebViewDebug I/TimeWarp: ----------------- TimeWarpLocal() End -----------------
04-21 19:52:18.151 11106-11190/com.Raven.WebViewDebug I/VrApi: OVR::Stats thread started
04-21 19:52:18.151 11106-11190/com.Raven.WebViewDebug I/VrApi: SetVrSystemPerformance( 2, 2 )
04-21 19:52:18.151 11106-11239/com.Raven.WebViewDebug D/VrApi: getDeviceProperty: device_gpu
04-21 19:52:18.151 11106-11190/com.Raven.WebViewDebug D/VrApi: Available levels: {GPU MIN, GPU MAX, CPU MIN, CPU MAX}
04-21 19:52:18.151 11106-11190/com.Raven.WebViewDebug D/VrApi: -> / 0
04-21 19:52:18.151 11106-11190/com.Raven.WebViewDebug D/VrApi: -> / 3
04-21 19:52:18.151 11106-11190/com.Raven.WebViewDebug D/VrApi: -> / 0
04-21 19:52:18.151 11106-11190/com.Raven.WebViewDebug D/VrApi: -> / 3
04-21 19:52:18.151 11106-11190/com.Raven.WebViewDebug I/VrApi: CPU levels [0, 3]
04-21 19:52:18.151 11106-11190/com.Raven.WebViewDebug I/VrApi: GPU levels [0, 3]
04-21 19:52:18.151 11106-11190/com.Raven.WebViewDebug D/VrApi: setSystemPerformance cpu: 2 gpu: 2
04-21 19:52:18.161 11106-11239/com.Raven.WebViewDebug D/VrApi: targetSDKVersion 23
04-21 19:52:18.161 11106-11239/com.Raven.WebViewDebug I/Metrics: {"data_type":"app_info","session_id":3945565802,"developer_mode":1,"device_model_number":"SM-G9250","device_hardware":"samsungexynos7420","device_build_version":"MMB29K.G9250ZCU2DPC3","device_build_type":"user","device_os_version":"6.0.1","device_total_memory_MB":"2678","device_threshold_memory_MB":"157","vrsvc_version":"2.4.29","app_vrapi_version":"1.0.2.4-206247-26822117 Apr 1 2016 16:27:14 Development","app_name":"WebViewDebug","app_version":"1.0 versionCode 1 internalVersionName ","app_vr_type":"vr_only","app_package_name":"com.Raven.WebViewDebug","app_activity_class":"com.unity3d.player.UnityPlayerNativeActivity"}
04-21 19:52:18.181 11106-11190/com.Raven.WebViewDebug D/VrApi: SetVrClocks: {CPU CLOCK, GPU CLOCK, POWERSAVE CPU CLOCK, POWERSAVE GPU CLOCK}
04-21 19:52:18.181 11106-11190/com.Raven.WebViewDebug D/VrApi: -> / 600000
04-21 19:52:18.181 11106-11190/com.Raven.WebViewDebug D/VrApi: -> / 420
04-21 19:52:18.181 11106-11190/com.Raven.WebViewDebug D/VrApi: -> / 600000
04-21 19:52:18.181 11106-11190/com.Raven.WebViewDebug D/VrApi: -> / 266
04-21 19:52:18.181 11106-11190/com.Raven.WebViewDebug I/VrApi: CPU Clock = 600 MHz
04-21 19:52:18.181 11106-11190/com.Raven.WebViewDebug I/VrApi: GPU Clock = 420 MHz
04-21 19:52:18.181 11106-11190/com.Raven.WebViewDebug D/VrApi: setSchedFifoStatic tid:11235 pto:2
04-21 19:52:18.191 11106-11190/com.Raven.WebViewDebug D/VrApi: VRManager set thread priority to 2
04-21 19:52:18.191 11106-11190/com.Raven.WebViewDebug I/VrApi: SetSchedFifo( 11235, 2 ) = succeeded
04-21 19:52:18.191 11106-11190/com.Raven.WebViewDebug D/VrApi: setSchedFifoStatic tid:11236 pto:3
04-21 19:52:18.191 11106-11190/com.Raven.WebViewDebug D/VrApi: VRManager set thread priority to 3
04-21 19:52:18.191 11106-11190/com.Raven.WebViewDebug I/VrApi: SetSchedFifo( 11236, 3 ) = succeeded
04-21 19:52:18.191 11106-11190/com.Raven.WebViewDebug I/VrApi: ReleaseVrSystemPerformance
04-21 19:52:18.191 11106-11190/com.Raven.WebViewDebug D/VrApi: releaseSystemPerformanceStatic
04-21 19:52:18.211 11106-11190/com.Raven.WebViewDebug D/VrApi: Releasing frequency lock
04-21 19:52:18.211 11106-11190/com.Raven.WebViewDebug D/VrApi: getSystemBrightness
04-21 19:52:18.211 11106-11190/com.Raven.WebViewDebug I/VrApi: System brightness = 180
04-21 19:52:18.211 11106-11190/com.Raven.WebViewDebug D/VrApi: setSystemBrightness 180
04-21 19:52:18.221 11106-11190/com.Raven.WebViewDebug I/VrApi: Set brightness to 180
04-21 19:52:18.221 11106-11190/com.Raven.WebViewDebug D/VrApi: getDoNotDisturbMode
04-21 19:52:18.221 11106-11190/com.Raven.WebViewDebug I/VrApi: Set DND mode to false
04-21 19:52:18.221 11106-11190/com.Raven.WebViewDebug D/VrApi: setDoNotDisturbMode false
04-21 19:52:18.231 11106-11190/com.Raven.WebViewDebug D/VrApi: result after set = 0
04-21 19:52:18.231 11106-11190/com.Raven.WebViewDebug I/VrApi: System DND mode = false
04-21 19:52:18.231 11106-11190/com.Raven.WebViewDebug I/E:\tw\33a21edae6c0e9ad\Software\OculusSDK\Integrations\Unity\Releases\0: Register_Utilities
04-21 19:52:18.231 11106-11106/com.Raven.WebViewDebug D/VrApi: getWindow().addFlags( WindowManager.LayoutParams.FLAG_FULLSCREEN )
04-21 19:52:18.231 11106-11190/com.Raven.WebViewDebug D/HeadsetReceiver: Registering headset receiver
04-21 19:52:18.241 11106-11190/com.Raven.WebViewDebug D/HeadsetReceiver: startHeadsetReceiver: 0
04-21 19:52:18.241 11106-11190/com.Raven.WebViewDebug I/E:\tw\33a21edae6c0e9ad\Software\OculusSDK\Integrations\Unity\Releases\0: nativeHeadsetEvent(0)
04-21 19:52:18.241 11106-11190/com.Raven.WebViewDebug D/UnityVolumeReceiver: Registering volume receiver
04-21 19:52:18.241 11106-11190/com.Raven.WebViewDebug D/UnityVolumeReceiver: startVolumeReceiver: 6
04-21 19:52:18.241 11106-11190/com.Raven.WebViewDebug D/UnityBatteryReceiver: Registering battery receiver
04-21 19:52:18.241 11106-11190/com.Raven.WebViewDebug I/E:\tw\33a21edae6c0e9ad\Software\OculusSDK\Integrations\Unity\Releases\0: OVR_InitRenderThread() - Finished
04-21 19:52:18.241 11106-11190/com.Raven.WebViewDebug I/E:\tw\33a21edae6c0e9ad\Software\OculusSDK\Integrations\Unity\Releases\0: OVR_Resume()
04-21 19:52:18.241 11106-11190/com.Raven.WebViewDebug I/E:\tw\33a21edae6c0e9ad\Software\OculusSDK\Integrations\Unity\Releases\0: Already focused, skipping
04-21 19:52:18.241 11106-11136/com.Raven.WebViewDebug I/E:\tw\33a21edae6c0e9ad\Software\OculusSDK\Integrations\Unity\Releases\0: OVR_TW_SetDebugMode(0,0)
04-21 19:52:18.241 11106-11136/com.Raven.WebViewDebug I/E:\tw\33a21edae6c0e9ad\Software\OculusSDK\Integrations\Unity\Releases\0: OVR_TW_SetDebugMode(0,0)
04-21 19:52:18.241 11106-11190/com.Raven.WebViewDebug I/E:\tw\33a21edae6c0e9ad\Software\OculusSDK\Integrations\Unity\Releases\0: OVR_SetEyeParms() w=1024 h=1024
04-21 19:52:18.251 11106-11190/com.Raven.WebViewDebug I/E:\tw\33a21edae6c0e9ad\Software\OculusSDK\Integrations\Unity\Releases\0: OVR_SetEyeParms() w=1024 h=1024
04-21 19:52:18.251 11106-11190/com.Raven.WebViewDebug I/E:\tw\33a21edae6c0e9ad\Software\OculusSDK\Integrations\Unity\Releases\0: OVR_SetEyeParms() w=1024 h=1024
04-21 19:52:18.251 11106-11106/com.Raven.WebViewDebug I/E:\tw\33a21edae6c0e9ad\Software\OculusSDK\Integrations\Unity\Releases\0: nativeBatteryEvent(2, 32, 322)
04-21 19:52:18.261 11106-11190/com.Raven.WebViewDebug I/E:\tw\33a21edae6c0e9ad\Software\OculusSDK\Integrations\Unity\Releases\0: OVR_SetEyeParms() w=1024 h=1024
04-21 19:52:18.271 11106-11190/com.Raven.WebViewDebug I/E:\tw\33a21edae6c0e9ad\Software\OculusSDK\Integrations\Unity\Releases\0: OVR_SetEyeParms() w=1024 h=1024
04-21 19:52:18.281 11106-11190/com.Raven.WebViewDebug I/E:\tw\33a21edae6c0e9ad\Software\OculusSDK\Integrations\Unity\Releases\0: OVR_SetEyeParms() w=1024 h=1024
04-21 19:52:18.361 11106-11136/com.Raven.WebViewDebug W/Unity: Cannot set Application.runInBackground. runInBackground is always true while Virtual Reality is enabled. (Filename: ./Runtime/Misc/Player.cpp Line: 494)
04-21 19:52:18.381 11106-11136/com.Raven.WebViewDebug D/Unity: Sensor : Accelerometer ( 1) ; 0.002394 / 0.00s ; MPU6500 Acceleration Sensor / Invensense
04-21 19:52:18.451 11106-11136/com.Raven.WebViewDebug E/jni: InitNDK
04-21 19:52:18.541 11106-11190/com.Raven.WebViewDebug E/jni: event ID 5000
04-21 19:52:18.541 11106-11136/com.Raven.WebViewDebug E/libEGL: eglMakeCurrent:1056 error 3002 (EGL_BAD_ACCESS)
04-21 19:52:18.641 11106-11136/com.Raven.WebViewDebug E/Unity: [EGL] Unable to acquire context: EGL_BAD_ACCESS: EGL cannot access a requested resource (for example a context is bound in another thread). UnityEngine.Texture:GetNativeTextureID() EasyWebViewCtrl:Start() (at /Users/Fincher/Desktop/WebViewDebug/Assets/EasyWebViewTexture/Scripts/EasyWebViewCtrl.cs:73)
04-21 19:52:18.641 11106-11136/com.Raven.WebViewDebug E/libEGL: call to OpenGL ES API with no current context (logged once per thread)
04-21 19:52:18.641 11106-11190/com.Raven.WebViewDebug E/libEGL: eglMakeCurrent:1056 error 3002 (EGL_BAD_ACCESS)
04-21 19:52:18.641 11106-11190/com.Raven.WebViewDebug E/Unity: [EGL] Unable to acquire context: EGL_BAD_ACCESS: EGL cannot access a requested resource (for example a context is bound in another thread). (Filename: ./Runtime/GfxDevice/egl/WindowContextEGL.cpp Line: 205)
04-21 19:52:18.641 11106-11136/com.Raven.WebViewDebug E/jni: InitNDK
04-21 19:52:18.641 11106-11190/com.Raven.WebViewDebug E/jni: CreateFBO 2048 2048 36
04-21 19:52:18.661 11106-11190/com.Raven.WebViewDebug E/jni: event ID 5002
04-21 19:52:18.661 11106-11190/com.Raven.WebViewDebug E/jni: event ID 5010
04-21 19:52:18.661 11106-11136/com.Raven.WebViewDebug E/libEGL: eglMakeCurrent:1056 error 3002 (EGL_BAD_ACCESS)
04-21 19:52:18.661 11106-11136/com.Raven.WebViewDebug E/Unity: [EGL] Unable to acquire context: EGL_BAD_ACCESS: EGL cannot access a requested resource (for example a context is bound in another thread). UnityEngine.Texture:GetNativeTextureID() EasyWebViewCtrl:Start() (at /Users/Fincher/Desktop/WebViewDebug/Assets/EasyWebViewTexture/Scripts/EasyWebViewCtrl.cs:73)
04-21 19:52:18.661 11106-11190/com.Raven.WebViewDebug E/libEGL: eglMakeCurrent:1056 error 3002 (EGL_BAD_ACCESS)
04-21 19:52:18.661 11106-11106/com.Raven.WebViewDebug I/WebViewFactory: Loading com.google.android.webview version 46.0.2490.76 (code 249007650)
04-21 19:52:18.661 11106-11190/com.Raven.WebViewDebug E/Unity: [EGL] Unable to acquire context: EGL_BAD_ACCESS: EGL cannot access a requested resource (for example a context is bound in another thread). (Filename: ./Runtime/GfxDevice/egl/WindowContextEGL.cpp Line: 205)
04-21 19:52:18.671 11106-11136/com.Raven.WebViewDebug I/E:\tw\33a21edae6c0e9ad\Software\OculusSDK\Integrations\Unity\Releases\0: OVR_VrModeParms_SetAllowPowerSave(): 1
04-21 19:52:18.671 11106-11136/com.Raven.WebViewDebug I/E:\tw\33a21edae6c0e9ad\Software\OculusSDK\Integrations\Unity\Releases\0: OVR_TW_SetMinimumVsyncs() 1
04-21 19:52:18.671 11106-11190/com.Raven.WebViewDebug E/jni: CreateFBO 2048 2048 37
04-21 19:52:18.691 11106-11190/com.Raven.WebViewDebug E/jni: event ID 5012
04-21 19:52:18.691 11106-11190/com.Raven.WebViewDebug E/jni: event ID 5001
04-21 19:52:18.691 11106-11190/com.Raven.WebViewDebug E/jni: event ID 5011
04-21 19:52:18.701 11106-11106/com.Raven.WebViewDebug W/ResourcesManager: getTopLevelResources: /system/app/WebViewGoogle/WebViewGoogle.apk / 1.0 running in com.Raven.WebViewDebug rsrc of package com.google.android.webview
04-21 19:52:18.701 11106-11106/com.Raven.WebViewDebug D/ResourcesManager: For user 0 new overlays fetched Null
04-21 19:52:18.701 11106-11106/com.Raven.WebViewDebug I/InjectionManager: Inside getClassLibPath caller
04-21 19:52:18.701 11106-11106/com.Raven.WebViewDebug W/System: ClassLoader referenced unknown path: /system/app/WebViewGoogle/lib/arm
04-21 19:52:18.711 11106-11106/com.Raven.WebViewDebug I/cr.library_loader: Time to load native libraries: 2 ms (timestamps 4142-4144)
04-21 19:52:18.711 11106-11106/com.Raven.WebViewDebug I/cr.library_loader: Expected native library version number "46.0.2490.76", actual native library version number "46.0.2490.76"
04-21 19:52:18.721 11106-11106/com.Raven.WebViewDebug V/WebViewChromiumFactoryProvider: Binding Chromium to main looper Looper (main, tid 1) {3ec6a33}
04-21 19:52:18.721 11106-11106/com.Raven.WebViewDebug I/cr.library_loader: Expected native library version number "46.0.2490.76", actual native library version number "46.0.2490.76"
04-21 19:52:18.721 11106-11106/com.Raven.WebViewDebug I/chromium: [INFO:library_loader_hooks.cc(118)] Chromium logging enabled: level = 0, default verbosity = 0
04-21 19:52:18.721 11106-11106/com.Raven.WebViewDebug I/cr.BrowserStartup: Initializing chromium process, singleProcess=true
04-21 19:52:18.731 11106-11106/com.Raven.WebViewDebug E/SysUtils: ApplicationContext is null in ApplicationStatus
04-21 19:52:18.741 11106-11106/com.Raven.WebViewDebug D/libEGL: eglInitialize EGLDisplay = 0xff7f07cc
04-21 19:52:18.751 11106-11106/com.Raven.WebViewDebug E/chromium: [ERROR:browser_gpu_channel_host_factory.cc(258)] Failed to init browser shader disk cache.
04-21 19:52:18.761 11106-11273/com.Raven.WebViewDebug W/cr.media: Requires BLUETOOTH permission
04-21 19:52:18.761 11106-11106/com.Raven.WebViewDebug E/libEGL: validate_display:255 error 3008 (EGL_BAD_DISPLAY)
04-21 19:52:18.761 11106-11106/com.Raven.WebViewDebug D/libEGL: eglInitialize EGLDisplay = 0xff7f07d4
04-21 19:52:18.771 11106-11277/com.Raven.WebViewDebug E/ActivityThread: Failed to find provider info for com.google.settings
04-21 19:52:18.771 11106-11136/com.Raven.WebViewDebug I/Unity: AndroidJavaException: java.lang.NullPointerException: Attempt to read from field 'int com.easywebviewtexture.WebViewCustom.m_iProgress' on a null object reference java.lang.NullPointerException: Attempt to read from field 'int com.easywebviewtexture.WebViewCustom.m_iProgress' on a null object reference
at com.easywebviewtexture.EasyWebviewTexture.GetProgress(EasyWebviewTexture.java:414)
at com.unity3d.player.UnityPlayer.nativeRender(Native Method)
at com.unity3d.player.UnityPlayer.a(Unknown Source)
at com.unity3d.player.UnityPlayer$b.run(Unknown Source) at UnityEngine.AndroidJNISafe.CheckException () [0x00085] in /Users/builduser/buildslave/unity/build/Runtime/Export/AndroidJNISafe.cs:25 at UnityEngine.AndroidJNISafe.CallIntMethod (IntPtr obj, IntPtr methodID, UnityEngine.jvalue[] args) [0x00013] in /Users/builduser/buildslave/unity/build/Runtime/Export/AndroidJNISafe.cs:414 at UnityEngine.AndroidJavaObject._Call[Int32] (System.String methodName, System.Object[] args) [0x00051] in /Users/builduse
04-21 19:52:18.781 11106-11136/com.Raven.WebViewDebug I/Unity: AndroidJavaException: java.lang.NullPointerException: Attempt to read from field 'int com.easywebviewtexture.WebViewCustom.m_iProgress' on a null object reference java.lang.NullPointerException: Attempt to read from field 'int com.easywebviewtexture.WebViewCustom.m_iProgress' on a null object reference
at com.easywebviewtexture.EasyWebviewTexture.GetProgress(EasyWebviewTexture.java:414)
at com.unity3d.player.UnityPlayer.nativeRender(Native Method)
at com.unity3d.player.UnityPlayer.a(Unknown Source)
at com.unity3d.player.UnityPlayer$b.run(Unknown Source) at UnityEngine.AndroidJNISafe.CheckException () [0x00085] in /Users/builduser/buildslave/unity/build/Runtime/Export/AndroidJNISafe.cs:25 at UnityEngine.AndroidJNISafe.CallIntMethod (IntPtr obj, IntPtr methodID, UnityEngine.jvalue[] args) [0x00013] in /Users/builduser/buildslave/unity/build/Runtime/Export/AndroidJNISafe.cs:414 at UnityEngine.AndroidJavaObject._Call[Int32] (System.String methodName, System.Object[] args) [0x00051] in /Users/builduse
04-21 19:52:18.791 11106-11106/com.Raven.WebViewDebug W/art: Attempt to remove non-JNI local reference, dumping thread
04-21 19:52:18.791 11106-11106/com.Raven.WebViewDebug W/AwContents: onDetachedFromWindow called when already detached. Ignoring
04-21 19:52:18.801 11106-11190/com.Raven.WebViewDebug W/VrApi: Time to first swap: 0.792 seconds
04-21 19:52:18.801 11106-11190/com.Raven.WebViewDebug I/VrApi: ReleaseVrSystemPerformance
04-21 19:52:18.801 11106-11190/com.Raven.WebViewDebug D/VrApi: releaseSystemPerformanceStatic
04-21 19:52:18.811 11106-11190/com.Raven.WebViewDebug D/VrApi: Releasing frequency lock
04-21 19:52:18.811 11106-11190/com.Raven.WebViewDebug I/VrApi: SetVrSystemPerformance( 2, 2 )
04-21 19:52:18.811 11106-11190/com.Raven.WebViewDebug D/VrApi: Available levels: {GPU MIN, GPU MAX, CPU MIN, CPU MAX}
04-21 19:52:18.811 11106-11190/com.Raven.WebViewDebug D/VrApi: -> / 0
04-21 19:52:18.811 11106-11190/com.Raven.WebViewDebug D/VrApi: -> / 3
04-21 19:52:18.811 11106-11190/com.Raven.WebViewDebug D/VrApi: -> / 0
04-21 19:52:18.811 11106-11190/com.Raven.WebViewDebug D/VrApi: -> / 3
04-21 19:52:18.811 11106-11190/com.Raven.WebViewDebug I/VrApi: CPU levels [0, 3]
04-21 19:52:18.811 11106-11190/com.Raven.WebViewDebug I/VrApi: GPU levels [0, 3]
04-21 19:52:18.811 11106-11190/com.Raven.WebViewDebug D/VrApi: setSystemPerformance cpu: 2 gpu: 2
04-21 19:52:18.831 11106-11106/com.Raven.WebViewDebug W/art: Attempt to remove non-JNI local reference, dumping thread
04-21 19:52:18.831 11106-11106/com.Raven.WebViewDebug W/AwContents: onDetachedFromWindow called when already detached. Ignoring
04-21 19:52:18.841 11106-11106/com.Raven.WebViewDebug E/libEGL: call to OpenGL ES API with no current context (logged once per thread)
04-21 19:52:18.841 11106-11190/com.Raven.WebViewDebug D/VrApi: SetVrClocks: {CPU CLOCK, GPU CLOCK, POWERSAVE CPU CLOCK, POWERSAVE GPU CLOCK}
04-21 19:52:18.841 11106-11190/com.Raven.WebViewDebug D/VrApi: -> / 600000
04-21 19:52:18.841 11106-11190/com.Raven.WebViewDebug D/VrApi: -> / 420
04-21 19:52:18.841 11106-11190/com.Raven.WebViewDebug D/VrApi: -> / 600000
04-21 19:52:18.841 11106-11190/com.Raven.WebViewDebug D/VrApi: -> / 266
04-21 19:52:18.841 11106-11190/com.Raven.WebViewDebug I/VrApi: CPU Clock = 600 MHz
04-21 19:52:18.841 11106-11190/com.Raven.WebViewDebug I/VrApi: GPU Clock = 420 MHz
04-21 19:52:18.841 11106-11190/com.Raven.WebViewDebug W/VrApi: out of order frame index (prev = 0, new = 0)
04-21 19:52:18.851 11106-11236/com.Raven.WebViewDebug I/TimeWarp: Waited 0.706 seconds for first call to warp swap.
04-21 19:52:18.851 11106-11236/com.Raven.WebViewDebug I/TimeWarp: Waited 0.000 seconds for first choreographer callback.
04-21 19:52:18.851 11106-11236/com.Raven.WebViewDebug I/TimeWarp: Adjusting 43.03 > 0 to 43
04-21 19:52:18.851 11106-11236/com.Raven.WebViewDebug I/TimeWarp: TimeWarp Watchdog: set SCHED_FIFO = 1 on tid 11136
04-21 19:52:18.851 11106-11236/com.Raven.WebViewDebug D/VrApi: setSchedFifoStatic tid:11136 pto:1
04-21 19:52:18.871 11106-11236/com.Raven.WebViewDebug D/VrApi: VRManager set thread priority to 1
04-21 19:52:18.871 11106-11236/com.Raven.WebViewDebug I/TimeWarp: TimeWarp Watchdog: set SCHED_FIFO = 1 on tid 11190
04-21 19:52:18.871 11106-11236/com.Raven.WebViewDebug D/VrApi: setSchedFifoStatic tid:11190 pto:1
04-21 19:52:18.881 11106-11236/com.Raven.WebViewDebug D/VrApi: VRManager set thread priority to 1
04-21 19:52:18.891 11106-11236/com.Raven.WebViewDebug I/TimeWarp: preFinish - afterSleepTime = 10.7 ms
04-21 19:52:18.901 11106-11236/com.Raven.WebViewDebug W/TimeWarp: V-sync 44: Eye 0, CPU latency 0.031, GPU latency 0.003, Total latency = 0.034
04-21 19:52:18.901 11106-11236/com.Raven.WebViewDebug W/TimeWarp: V-sync 44: Eye 1, CPU latency 0.029, GPU latency 0.004, Total latency = 0.032
04-21 19:52:18.901 11106-11236/com.Raven.WebViewDebug I/TimeWarp: Adjusting 45.95 > 44 to 46
04-21 19:52:18.961 11106-11190/com.Raven.WebViewDebug W/art: Attempt to remove non-JNI local reference, dumping thread
04-21 19:52:18.981 11106-11190/com.Raven.WebViewDebug D/libEGL: eglInitialize EGLDisplay = 0xd9ebee64
04-21 19:52:18.981 11106-11190/com.Raven.WebViewDebug W/GLConsumer: [SurfaceTexture--8449444-11106-2] bindTextureImage: clearing GL error: 0x500
04-21 19:52:18.981 11106-11190/com.Raven.WebViewDebug W/art: Attempt to remove non-JNI local reference, dumping thread
04-21 19:52:18.991 11106-11106/com.Raven.WebViewDebug W/cr.BindingManager: Cannot call determinedVisibility() - never saw a connection for the pid: 11106
04-21 19:52:19.001 11106-11236/com.Raven.WebViewDebug W/TimeWarp: V-sync 51: Eye 1, CPU latency 0.001, GPU latency 0.011, Total latency = 0.012
04-21 19:52:19.011 11106-11190/com.Raven.WebViewDebug D/libEGL: eglInitialize EGLDisplay = 0xd9ebee64
04-21 19:52:19.011 11106-11190/com.Raven.WebViewDebug W/art: Attempt to remove non-JNI local reference, dumping thread
04-21 19:52:19.021 11106-11190/com.Raven.WebViewDebug W/art: Attempt to remove non-JNI local reference, dumping thread
04-21 19:52:19.031 11106-11106/com.Raven.WebViewDebug W/cr.BindingManager: Cannot call determinedVisibility() - never saw a connection for the pid: 11106
04-21 19:52:19.071 11106-11236/com.Raven.WebViewDebug W/TimeWarp: V-sync 56: Eye 0, CPU latency 0.000, GPU latency 0.010, Total latency = 0.010
04-21 19:52:19.091 11106-11235/com.Raven.WebViewDebug I/OVR: DeviceManagerThread - poll(fds,1,999) = 0 (Tid=11235)
04-21 19:52:19.171 11106-11106/com.Raven.WebViewDebug W/cr.BindingManager: Cannot call determinedVisibility() - never saw a connection for the pid: 11106
04-21 19:52:19.181 11106-11236/com.Raven.WebViewDebug W/TimeWarp: V-sync 62: Eye 0, CPU latency 0.000, GPU latency 0.015, Total latency = 0.016
04-21 19:52:19.181 11106-11236/com.Raven.WebViewDebug W/TimeWarp: V-sync 62: Eye 1, CPU latency 0.008, GPU latency 0.003, Total latency = 0.010
04-21 19:52:19.191 11106-11239/com.Raven.WebViewDebug I/VrApi: FPS=0,Prd=0ms,Tear=0,Early=0,Stale=0,VSnc=1,Lat=0,CPU4/GPU=-1/-1,1000/420MHz,TA=F0/F0/F0/F0,Free=913MB,PLS=0,Temp=32.2C/0.0C
04-21 19:52:19.241 11106-11236/com.Raven.WebViewDebug W/TimeWarp: V-sync 65: Eye 1, CPU latency 0.001, GPU latency 0.014, Total latency = 0.014
04-21 19:52:19.241 11106-11236/com.Raven.WebViewDebug W/TimeWarp: V-sync 66: Eye 0, CPU latency 0.006, GPU latency 0.005, Total latency = 0.012
04-21 19:52:19.251 11106-11106/com.Raven.WebViewDebug W/cr.BindingManager: Cannot call determinedVisibility() - never saw a connection for the pid: 11106
04-21 19:52:19.351 11106-11190/com.Raven.WebViewDebug D/libEGL: eglInitialize EGLDisplay = 0xd9ebee64
04-21 19:52:19.351 11106-11190/com.Raven.WebViewDebug W/art: Attempt to remove non-JNI local reference, dumping thread
04-21 19:52:19.421 11106-11190/com.Raven.WebViewDebug D/libEGL: eglInitialize EGLDisplay = 0xd9ebee64
04-21 19:52:19.421 11106-11190/com.Raven.WebViewDebug W/art: Attempt to remove non-JNI local reference, dumping thread
04-21 19:52:19.661 11106-11190/com.Raven.WebViewDebug W/art: Attempt to remove non-JNI local reference, dumping thread
04-21 19:52:19.771 11106-11190/com.Raven.WebViewDebug W/art: Attempt to remove non-JNI local reference, dumping thread
04-21 19:52:19.831 11106-11236/com.Raven.WebViewDebug W/TimeWarp: V-sync 100: Eye 1, CPU latency 0.000, GPU latency 0.015, Total latency = 0.015
04-21 19:52:19.841 11106-11236/com.Raven.WebViewDebug W/TimeWarp: V-sync 101: Eye 0, CPU latency 0.007, GPU latency 0.013, Total latency = 0.019
04-21 19:52:19.851 11106-11236/com.Raven.WebViewDebug W/TimeWarp: V-sync 101: Eye 1, CPU latency 0.011, GPU latency 0.009, Total latency = 0.020
04-21 19:52:19.851 11106-11236/com.Raven.WebViewDebug I/TimeWarp: Adjusting 102.22 > 101 to 102
04-21 19:52:19.861 11106-11190/com.Raven.WebViewDebug D/libEGL: eglInitialize EGLDisplay = 0xd9ebee64
04-21 19:52:19.861 11106-11190/com.Raven.WebViewDebug W/art: Attempt to remove non-JNI local reference, dumping thread
04-21 19:52:19.861 11106-11190/com.Raven.WebViewDebug W/art: Attempt to remove non-JNI local reference, dumping thread
04-21 19:52:19.911 11106-11190/com.Raven.WebViewDebug W/art: Attempt to remove non-JNI local reference, dumping thread
04-21 19:52:20.021 11106-11106/com.Raven.WebViewDebug I/E:\tw\33a21edae6c0e9ad\Software\OculusSDK\Integrations\Unity\Releases\0: nativeBatteryEvent(2, 32, 323)
04-21 19:52:20.041 11106-11190/com.Raven.WebViewDebug W/art: Attempt to remove non-JNI local reference, dumping thread
04-21 19:52:20.081 11106-11190/com.Raven.WebViewDebug W/art: Attempt to remove non-JNI local reference, dumping thread
04-21 19:52:20.091 11106-11235/com.Raven.WebViewDebug I/OVR: DeviceManagerThread - poll(fds,1,1000) = 0 (Tid=11235)
04-21 19:52:20.111 11106-11190/com.Raven.WebViewDebug D/libEGL: eglInitialize EGLDisplay = 0xd9ebee64
04-21 19:52:20.111 11106-11190/com.Raven.WebViewDebug W/art: Attempt to remove non-JNI local reference, dumping thread
04-21 19:52:20.181 11106-11239/com.Raven.WebViewDebug I/VrApi: FPS=0,Prd=0ms,Tear=0,Early=0,Stale=0,VSnc=0,Lat=1,CPU4/GPU=2/2,1000/420MHz,TA=F0/F0/F0/F0,Free=890MB,PLS=0,Temp=32.3C/0.0C
04-21 19:52:20.251 11106-11190/com.Raven.WebViewDebug W/art: Attempt to remove non-JNI local reference, dumping thread
04-21 19:52:20.671 11106-11106/com.Raven.WebViewDebug I/chromium: [INFO:CONSOLE(0)] "Mixed Content: The page at 'https://m.baidu.com/?from=844b&vit=fps' was loaded over HTTPS, but requested an insecure script 'http://127.0.0.1:7777/geolocation?timeout=10000&callback=jsonp2&gps=1&t=0.7784821018576622&_=1461239540683'. This request has been blocked; the content must be served over HTTPS.", source: https://m.baidu.com/?from=844b&vit=fps (0)
04-21 19:52:20.751 11106-11190/com.Raven.WebViewDebug W/art: Attempt to remove non-JNI local reference, dumping thread
04-21 19:52:20.761 11106-11236/com.Raven.WebViewDebug W/TimeWarp: V-sync 156: Eye 0, CPU latency 0.000, GPU latency 0.008, Total latency = 0.008
04-21 19:52:20.791 11106-11236/com.Raven.WebViewDebug W/TimeWarp: V-sync 157: Eye 1, CPU latency 0.001, GPU latency 0.009, Total latency = 0.010
04-21 19:52:20.791 11106-11190/com.Raven.WebViewDebug W/art: Attempt to remove non-JNI local reference, dumping thread
04-21 19:52:20.821 11106-11190/com.Raven.WebViewDebug W/art: Attempt to remove non-JNI local reference, dumping thread
04-21 19:52:20.871 11106-11190/com.Raven.WebViewDebug W/art: Attempt to remove non-JNI local reference, dumping thread
04-21 19:52:20.911 11106-11190/com.Raven.WebViewDebug W/art: Attempt to remove non-JNI local reference, dumping thread
04-21 19:52:20.931 11106-11106/com.Raven.WebViewDebug I/chromium: [INFO:CONSOLE(0)] "Mixed Content: The page at 'https://m.baidu.com/?from=844b&vit=fps' was loaded over HTTPS, but requested an insecure script 'http://127.0.0.1:40310/geolocation?timeout=10000&gps=1&mcmdf=inapp_wiselocation&callback=_box_jsonp290'. This request has been blocked; the content must be served over HTTPS.", source: https://m.baidu.com/?from=844b&vit=fps (0)
04-21 19:52:20.941 11106-11190/com.Raven.WebViewDebug W/art: Attempt to remove non-JNI local reference, dumping thread
04-21 19:52:20.971 11106-11190/com.Raven.WebViewDebug W/art: Attempt to remove non-JNI local reference, dumping thread
04-21 19:52:21.011 11106-11190/com.Raven.WebViewDebug W/art: Attempt to remove non-JNI local reference, dumping thread
04-21 19:52:21.041 11106-11190/com.Raven.WebViewDebug W/art: Attempt to remove non-JNI local reference, dumping thread
04-21 19:52:21.071 11106-11190/com.Raven.WebViewDebug W/art: Attempt to remove non-JNI local reference, dumping thread
04-21 19:52:21.091 11106-11235/com.Raven.WebViewDebug I/OVR: DeviceManagerThread - poll(fds,1,1000) = 0 (Tid=11235)
04-21 19:52:21.181 11106-11239/com.Raven.WebViewDebug I/VrApi: FPS=40,Prd=31ms,Tear=8,Early=31,Stale=6,VSnc=1,Lat=1,CPU4/GPU=2/2,1000/420MHz,TA=F0/F0/F0/F0,Free=885MB,PLS=0,Temp=32.3C/0.0C
04-21 19:52:21.271 11106-11106/com.Raven.WebViewDebug I/Unity: windowFocusChanged: false
04-21 19:52:21.311 11106-11106/com.Raven.WebViewDebug I/Unity: onPause
04-21 19:52:21.331 11106-11190/com.Raven.WebViewDebug I/E:\tw\33a21edae6c0e9ad\Software\OculusSDK\Integrations\Unity\Releases\0: OVR_Pause()
04-21 19:52:21.331 11106-11190/com.Raven.WebViewDebug I/VrApi: ---------- vrapi_LeaveVrMode ----------
04-21 19:52:21.331 11106-11190/com.Raven.WebViewDebug D/VrApi: targetSDKVersion 23
04-21 19:52:21.331 11106-11190/com.Raven.WebViewDebug I/VrApi: DEVICE MODEL NUMBER = SM-G9250
04-21 19:52:21.331 11106-11190/com.Raven.WebViewDebug I/VrApi: DEVICE HARDWARE = samsungexynos7420
04-21 19:52:21.331 11106-11190/com.Raven.WebViewDebug I/VrApi: DEVICE BUILD NAME = MMB29K.G9250ZCU2DPC3
04-21 19:52:21.331 11106-11190/com.Raven.WebViewDebug I/VrApi: DEVICE BUILD TYPE = user
04-21 19:52:21.331 11106-11190/com.Raven.WebViewDebug I/VrApi: DEVICE OS VERSION = 6.0.1
04-21 19:52:21.331 11106-11190/com.Raven.WebViewDebug I/VrApi: VRAPI VERSION = 1.0.2.4-206247-26822117 Apr 1 2016 16:27:14 Development RELEASE
04-21 19:52:21.331 11106-11190/com.Raven.WebViewDebug I/VrApi: VRAPI LOADER VERSION = 1.0.0.0
04-21 19:52:21.331 11106-11190/com.Raven.WebViewDebug I/VrApi: APP NAME = WebViewDebug
04-21 19:52:21.331 11106-11190/com.Raven.WebViewDebug I/VrApi: APP VERSION = 1.0 versionCode 1 internalVersionName
04-21 19:52:21.331 11106-11190/com.Raven.WebViewDebug I/VrApi: APP VR TYPE = vr_only
04-21 19:52:21.331 11106-11190/com.Raven.WebViewDebug I/VrApi: APP PACKAGE NAME = com.Raven.WebViewDebug
04-21 19:52:21.331 11106-11190/com.Raven.WebViewDebug I/VrApi: APP ACTIVITY CLASS = com.unity3d.player.UnityPlayerNativeActivity
04-21 19:52:21.331 11106-11239/com.Raven.WebViewDebug I/VrApi: FPS=40,Prd=31ms,Tear=8,Early=31,Stale=6,VSnc=1,Lat=1,CPU4/GPU=2/2,1000/420MHz,TA=F0/F0/F0/F0,Free=891MB,PLS=0,Temp=32.3C/0.0C
04-21 19:52:21.331 11106-11190/com.Raven.WebViewDebug I/VrApi: OVR::Stats thread stopped
04-21 19:52:21.331 11106-11190/com.Raven.WebViewDebug I/TimeWarp: ---------------- ~TimeWarpLocal() Start ----------------
04-21 19:52:21.331 11106-11190/com.Raven.WebViewDebug I/TimeWarp: pthread_join() called
04-21 19:52:21.341 11106-11236/com.Raven.WebViewDebug I/TimeWarp: ShutdownRequest received
04-21 19:52:21.341 11106-11236/com.Raven.WebViewDebug I/TimeWarp: TimeWarp Watchdog: set SCHED_FIFO = 0 on tid 11136
04-21 19:52:21.341 11106-11236/com.Raven.WebViewDebug D/VrApi: setSchedFifoStatic tid:11136 pto:0
04-21 19:52:21.341 11106-11236/com.Raven.WebViewDebug D/VrApi: VRManager set thread priority to 0
04-21 19:52:21.341 11106-11236/com.Raven.WebViewDebug I/TimeWarp: TimeWarp Watchdog: set SCHED_FIFO = 0 on tid 11190
04-21 19:52:21.341 11106-11236/com.Raven.WebViewDebug D/VrApi: setSchedFifoStatic tid:11190 pto:0
04-21 19:52:21.351 11106-11236/com.Raven.WebViewDebug D/VrApi: VRManager set thread priority to 0
04-21 19:52:21.351 11106-11236/com.Raven.WebViewDebug I/TimeWarp: WarpThreadShutdown()
04-21 19:52:21.351 11106-11236/com.Raven.WebViewDebug I/TimeWarp: Destroying 1 programs
04-21 19:52:21.351 11106-11236/com.Raven.WebViewDebug I/TimeWarp: Destroying 0 programs
04-21 19:52:21.351 11106-11236/com.Raven.WebViewDebug I/TimeWarp: Destroying 0 programs
04-21 19:52:21.351 11106-11236/com.Raven.WebViewDebug I/TimeWarp: Destroying 0 programs
04-21 19:52:21.351 11106-11236/com.Raven.WebViewDebug I/DirectRender: 0xd6f9e288 DirectRender::Shutdown
04-21 19:52:21.351 11106-11236/com.Raven.WebViewDebug W/VRSurfaceManager: VRSurfaceManager : setFrontBuffer
04-21 19:52:21.351 11106-11236/com.Raven.WebViewDebug I/DirectRender: Calling java method
04-21 19:52:21.351 11106-11236/com.Raven.WebViewDebug D/libSEC_EGL: EGL : EGL_SEC_frontbuffer_set mode PASSED ...
04-21 19:52:21.351 11106-11236/com.Raven.WebViewDebug I/DirectRender: VrSurfaceManager::Shutdown
04-21 19:52:21.351 11106-11236/com.Raven.WebViewDebug I/TimeWarp: WarpThreadShutdown() - End
04-21 19:52:21.351 11106-11236/com.Raven.WebViewDebug I/TimeWarp: Exiting WarpThreadLoop()
04-21 19:52:21.351 11106-11190/com.Raven.WebViewDebug I/TimeWarp: pthread_join() returned
04-21 19:52:21.361 11106-11190/com.Raven.WebViewDebug I/TimeWarp: Destroyed pbuffer.
04-21 19:52:21.361 11106-11190/com.Raven.WebViewDebug I/TimeWarp: ---------------- ~TimeWarpLocal() End ----------------
04-21 19:52:21.361 11106-11190/com.Raven.WebViewDebug I/DirectRender: VrSurfaceManager::Shutdown
04-21 19:52:21.361 11106-11190/com.Raven.WebViewDebug I/OutsideIn: OIT::Leave()
04-21 19:52:21.361 11106-11190/com.Raven.WebViewDebug D/VrApi: setSchedFifoStatic tid:11235 pto:0
04-21 19:52:21.371 11106-11190/com.Raven.WebViewDebug D/VrApi: VRManager set thread priority to 0
04-21 19:52:21.371 11106-11190/com.Raven.WebViewDebug I/VrApi: SetSchedFifo( 11235, 0 ) = succeeded
04-21 19:52:21.371 11106-11190/com.Raven.WebViewDebug I/VrApi: ReleaseVrSystemPerformance
04-21 19:52:21.371 11106-11190/com.Raven.WebViewDebug D/VrApi: releaseSystemPerformanceStatic
04-21 19:52:21.381 11106-11190/com.Raven.WebViewDebug D/VrApi: Releasing frequency lock
04-21 19:52:21.381 11106-11190/com.Raven.WebViewDebug I/VrApi: ovr_UnregisterStatsReceivers
04-21 19:52:21.381 11106-11190/com.Raven.WebViewDebug D/BatteryReceiver: Unregistering battery receiver
04-21 19:52:21.391 11106-11190/com.Raven.WebViewDebug I/HmdSensors: HmdSensors::StopSensor: stopped sensor.
04-21 19:52:21.391 11106-11235/com.Raven.WebViewDebug I/OVR: OVR::DeviceManager - shutting down.
04-21 19:52:21.391 11106-11235/com.Raven.WebViewDebug I/OVR: DeviceManagerThread - exiting (Tid=11235).
04-21 19:52:21.391 11106-11235/com.Raven.WebViewDebug I/OVR: DeviceManagerThread::RemoveSelectFd 61 (Tid=11235)
04-21 19:52:21.391 11106-11190/com.Raven.WebViewDebug I/E:\tw\33a21edae6c0e9ad\Software\OculusSDK\Integrations\Unity\Releases\0: DeRegister_Utilities
04-21 19:52:21.391 11106-11190/com.Raven.WebViewDebug D/HeadsetReceiver: Unregistering headset receiver
04-21 19:52:21.391 11106-11190/com.Raven.WebViewDebug D/UnityVolumeReceiver: Unregistering volume receiver
04-21 19:52:21.391 11106-11190/com.Raven.WebViewDebug D/UnityBatteryReceiver: Unregistering battery receiver
04-21 19:52:21.431 11106-11136/com.Raven.WebViewDebug D/Unity: Sensor : Accelerometer ( 1) ; 0.002394 / 0.00s ; MPU6500 Acceleration Sensor / Invensense
04-21 19:52:21.431 11106-11106/com.Raven.WebViewDebug V/ActivityThread: updateVisibility : ActivityRecord{f60064d token=android.os.BinderProxy@ac4d6db {com.Raven.WebViewDebug/com.unity3d.player.UnityPlayerNativeActivity}} show : false
04-21 19:52:21.441 11106-11106/com.Raven.WebViewDebug D/Unity: [EGL] Attaching window :0x0
04-21 19:52:24.151 11106-11106/com.Raven.WebViewDebug I/Unity: onDestroy