04-21 19:52:16.251 11106-11106/? E/Zygote: v2
04-21 19:52:16.251 11106-11106/? I/libpersona: KNOX_SDCARD checking this for 10202
04-21 19:52:16.251 11106-11106/? I/libpersona: KNOX_SDCARD not a persona
04-21 19:52:16.251 11106-11106/? W/SELinux: Function: selinux_compare_spd_ram, index[1], priority [2], priority version is VE=SEPF_SECMOBILE_6.0.1_0010
04-21 19:52:16.251 11106-11106/? E/Zygote: accessInfo : 0
04-21 19:52:16.251 11106-11106/? W/SELinux: SELinux: seapp_context_lookup: seinfo=default, level=s0:c512,c768, pkgname=com.Raven.WebViewDebug
04-21 19:52:16.251 11106-11106/? I/art: Late-enabling -Xcheck:jni
04-21 19:52:16.281 11106-11106/? D/TimaKeyStoreProvider: TimaSignature is unavailable
04-21 19:52:16.281 11106-11106/? D/ActivityThread: Added TimaKeyStore provider
04-21 19:52:16.321 11106-11112/? I/art: Ignoring second debugger -- accepting and dropping
04-21 19:52:16.381 11106-11106/com.Raven.WebViewDebug W/ResourcesManager: getTopLevelResources: /data/app/com.Raven.WebViewDebug-2/base.apk / 1.0 running in com.Raven.WebViewDebug rsrc of package com.Raven.WebViewDebug
04-21 19:52:16.381 11106-11106/com.Raven.WebViewDebug I/InjectionManager: Inside getClassLibPath + mLibMap{0=, 1=}
04-21 19:52:16.391 11106-11106/com.Raven.WebViewDebug D/ResourcesManager: For user 0 new overlays fetched Null
04-21 19:52:16.401 11106-11106/com.Raven.WebViewDebug I/InjectionManager: Inside getClassLibPath caller
04-21 19:52:16.411 11106-11106/com.Raven.WebViewDebug D/InjectionManager: InjectionManager
04-21 19:52:16.411 11106-11106/com.Raven.WebViewDebug D/InjectionManager: fillFeatureStoreMap com.Raven.WebViewDebug
04-21 19:52:16.411 11106-11106/com.Raven.WebViewDebug I/InjectionManager: Constructor com.Raven.WebViewDebug, Feature store :{}
04-21 19:52:16.411 11106-11106/com.Raven.WebViewDebug I/InjectionManager: featureStore :{}
04-21 19:52:16.421 11106-11106/com.Raven.WebViewDebug W/ResourcesManager: getTopLevelResources: /data/app/com.Raven.WebViewDebug-2/base.apk / 1.0 running in com.Raven.WebViewDebug rsrc of package com.Raven.WebViewDebug
04-21 19:52:16.421 11106-11106/com.Raven.WebViewDebug W/ResourcesManager: getTopLevelResources: /data/app/com.Raven.WebViewDebug-2/base.apk / 1.0 running in com.Raven.WebViewDebug rsrc of package com.Raven.WebViewDebug
04-21 19:52:16.461 11106-11106/com.Raven.WebViewDebug I/Unity: splash_mode = 0 (integer)
04-21 19:52:16.461 11106-11106/com.Raven.WebViewDebug I/Unity: useObb = False (bool)
04-21 19:52:16.481 11106-11106/com.Raven.WebViewDebug D/Unity: surfaces: attach glview
04-21 19:52:16.481 11106-11106/com.Raven.WebViewDebug D/SecWifiDisplayUtil: Metadata value : SecSettings2
04-21 19:52:16.481 11106-11106/com.Raven.WebViewDebug I/Unity: Choreographer available: Enabling VSYNC timing
04-21 19:52:16.481 11106-11106/com.Raven.WebViewDebug D/Activity: performCreate Call Injection manager
04-21 19:52:16.491 11106-11106/com.Raven.WebViewDebug I/InjectionManager: dispatchOnViewCreated > Target : com.unity3d.player.UnityPlayerNativeActivity isFragment :false
04-21 19:52:16.491 11106-11106/com.Raven.WebViewDebug I/Unity: onResume
04-21 19:52:16.491 11106-11106/com.Raven.WebViewDebug D/ViewRootImpl: #1 mView = com.android.internal.policy.PhoneWindow$DecorView{7b54653 I.E...... R.....ID 0,0-0,0}
04-21 19:52:16.491 11106-11137/com.Raven.WebViewDebug D/OpenGLRenderer: Use EGL_SWAP_BEHAVIOR_PRESERVED: true
04-21 19:52:16.501 11106-11106/com.Raven.WebViewDebug W/ActivityThread: AppLock checkAppLockState isAppLocked = false pkgName = com.Raven.WebViewDebug
04-21 19:52:16.551 11106-11137/com.Raven.WebViewDebug D/libEGL: loaded /vendor/lib/egl/libGLES_mali.so
04-21 19:52:16.561 11106-11137/com.Raven.WebViewDebug D/libEGL: eglInitialize EGLDisplay = 0xf32e97c4
04-21 19:52:16.561 11106-11137/com.Raven.WebViewDebug I/OpenGLRenderer: Initialized EGL, version 1.4
04-21 19:52:16.571 11106-11137/com.Raven.WebViewDebug D/mali_winsys: new_window_surface returns 0x3000, [2560x1440]-format:1
04-21 19:52:16.571 11106-11106/com.Raven.WebViewDebug D/Unity: [EGL] Attaching window :0xf48b9008
04-21 19:52:16.571 11106-11106/com.Raven.WebViewDebug D/Unity: [EGL] Attaching window :0xf48b9008
04-21 19:52:16.581 11106-11106/com.Raven.WebViewDebug W/DisplayListCanvas: DisplayListCanvas is started on unbinded RenderNode (without mOwningView)
04-21 19:52:16.591 11106-11106/com.Raven.WebViewDebug D/ViewRootImpl: MSG_RESIZED_REPORT: ci=Rect(0, 0 - 0, 0) vi=Rect(0, 0 - 0, 0) or=2
04-21 19:52:16.591 11106-11106/com.Raven.WebViewDebug I/Unity: windowFocusChanged: true
04-21 19:52:16.601 11106-11136/com.Raven.WebViewDebug D/Unity: SystemInfo CPU = ARMv7 VFPv3 NEON, Cores = 8, Memory = 2678mb
04-21 19:52:16.601 11106-11136/com.Raven.WebViewDebug D/Unity: SystemInfo ARM big.LITTLE configuration: 4 big (mask: 240), 4 little (mask: 15)
04-21 19:52:16.611 11106-11106/com.Raven.WebViewDebug I/Timeline: Timeline: Activity_idle id: android.os.BinderProxy@ac4d6db time:15592049
04-21 19:52:16.941 11106-11136/com.Raven.WebViewDebug D/Unity: [SHA1] 1f7d543e4143f6f3f34d72aceb315031b430948b 23202500 bytes ~ lib/armeabi-v7a/libunity.so
04-21 19:52:16.941 11106-11136/com.Raven.WebViewDebug D/Unity: [SHA1] 82ddd5ba6bf85f6a95af01464fd11ddcd3890b8c 45104 bytes ~ lib/armeabi-v7a/libmain.so
04-21 19:52:16.991 11106-11136/com.Raven.WebViewDebug D/Unity: [SHA1] cee04825d0f3e18d511ccfdc0c01a875b583e57c 3758452 bytes ~ lib/armeabi-v7a/libmono.so
04-21 19:52:17.341 11106-11136/com.Raven.WebViewDebug D/Unity: [SHA1] 502b947644a791e5f4c6ebea775bec329ae5543f 26496940 bytes ~ lib/x86/libunity.so
04-21 19:52:17.351 11106-11136/com.Raven.WebViewDebug D/Unity: [SHA1] a9f3e4914d30a1c9c66bff19d83879d564c88702 26776 bytes ~ lib/x86/libmain.so
04-21 19:52:17.391 11106-11136/com.Raven.WebViewDebug D/Unity: [SHA1] 57a05a666099a833b04a5e41dd5ddda2e3caa5a8 3628252 bytes ~ lib/x86/libmono.so
04-21 19:52:17.391 11106-11136/com.Raven.WebViewDebug D/Unity: Mono path[0] = '/data/app/com.Raven.WebViewDebug-2/base.apk/assets/bin/Data/Managed'
04-21 19:52:17.391 11106-11136/com.Raven.WebViewDebug D/Unity: Mono config path = 'assets/bin/Data/Managed'
04-21 19:52:17.391 11106-11136/com.Raven.WebViewDebug D/Unity: PlayerConnection initialized from /data/app/com.Raven.WebViewDebug-2/base.apk/assets/bin/Data (debug = 0)
04-21 19:52:17.391 11106-11136/com.Raven.WebViewDebug D/Unity: PlayerConnection initialized network socket : 0.0.0.0 55010
04-21 19:52:17.391 11106-11136/com.Raven.WebViewDebug D/Unity: PlayerConnection initialized unix socket : Unity-com.Raven.WebViewDebug
04-21 19:52:17.391 11106-11136/com.Raven.WebViewDebug D/Unity: Multi-casting "[IP] 192.168.128.162 [Port] 55010 [Flags] 3 [Guid] 2082545081 [EditorId] 311008233 [Version] 1048832 [Id] AndroidPlayer(samsung_SM-G9250@192.168.128.162) [Debug] 1" to [225.0.0.222:54997]...
04-21 19:52:17.391 11106-11136/com.Raven.WebViewDebug D/Unity: Waiting for connection from host on [192.168.128.162:55010]...
04-21 19:52:17.551 11106-11136/com.Raven.WebViewDebug D/Unity: PlayerConnection accepted from [192.168.128.254] handle:0x2f
04-21 19:52:17.601 11106-11136/com.Raven.WebViewDebug D/Unity: Using monoOptions --debugger-agent=transport=dt_socket,embedding=1,defer=y,address=0.0.0.0:56081
04-21 19:52:17.651 11106-11136/com.Raven.WebViewDebug D/Unity: InitializeScriptEngine OK (ee559ee0)
04-21 19:52:17.651 11106-11136/com.Raven.WebViewDebug D/Unity: PlayerConnection already initialized - listening to [192.168.128.162:55010]
04-21 19:52:17.661 11106-11136/com.Raven.WebViewDebug D/Unity: PlayerInitEngineNoGraphics OK
04-21 19:52:17.671 11106-11136/com.Raven.WebViewDebug I/E:\tw\33a21edae6c0e9ad\Software\OculusSDK\Integrations\Unity\Releases\0: UnityPlugin - JNI_OnLoad
04-21 19:52:17.671 11106-11136/com.Raven.WebViewDebug E/Unity: Could not load symbol ovrp_GetEyeOcclusionMesh : undefined symbol: ovrp_GetEyeOcclusionMesh
04-21 19:52:17.671 11106-11136/com.Raven.WebViewDebug E/Unity: Could not load symbol ovrp_GetAudioOutId : undefined symbol: ovrp_GetAudioOutId
04-21 19:52:17.671 11106-11136/com.Raven.WebViewDebug E/Unity: Could not load symbol ovrp_GetAudioInId : undefined symbol: ovrp_GetAudioInId
04-21 19:52:17.671 11106-11136/com.Raven.WebViewDebug I/E:\tw\33a21edae6c0e9ad\Software\OculusSDK\Integrations\Unity\Releases\0: OVR_SetInitVariables()
04-21 19:52:17.671 11106-11136/com.Raven.WebViewDebug D/Unity: [VRDevice] Successfully created device oculus.
04-21 19:52:17.671 11106-11136/com.Raven.WebViewDebug D/libEGL: eglInitialize EGLDisplay = 0xf33f1434
04-21 19:52:17.671 11106-11136/com.Raven.WebViewDebug D/Unity: GfxDevice: creating device client; threaded=1
04-21 19:52:17.671 11106-11136/com.Raven.WebViewDebug D/libEGL: eglInitialize EGLDisplay = 0xf33f139c
04-21 19:52:17.671 11106-11136/com.Raven.WebViewDebug D/libEGL: eglInitialize EGLDisplay = 0xf33f1384
04-21 19:52:17.671 11106-11136/com.Raven.WebViewDebug D/Unity: [EGL] Request: ES 2.0 RGBA32 8888 0/0
04-21 19:52:17.671 11106-11136/com.Raven.WebViewDebug D/Unity: [EGL] Found: ID[1] ES 2.0 RGBA32 8888 0/0 AFBT
04-21 19:52:17.671 11106-11136/com.Raven.WebViewDebug D/mali_winsys: new_window_surface returns 0x3000, [2560x1440]-format:1
04-21 19:52:17.671 11106-11136/com.Raven.WebViewDebug D/Unity: ANativeWindow: (2560/1440) RequestedResolution: (0/0) EGLSurface: (2560/1440)
04-21 19:52:17.681 11106-11136/com.Raven.WebViewDebug D/Unity: Renderer: Mali-T760
04-21 19:52:17.681 11106-11136/com.Raven.WebViewDebug D/Unity: Vendor: ARM
04-21 19:52:17.681 11106-11136/com.Raven.WebViewDebug D/Unity: Version: OpenGL ES 3.1 v1.r7p0-03rel0.b596bd02e7d0169c10574b57180c8b57
04-21 19:52:17.681 11106-11136/com.Raven.WebViewDebug D/Unity: GLES: 3
04-21 19:52:17.681 11106-11136/com.Raven.WebViewDebug D/Unity: GL_EXT_debug_marker GL_ARM_rgba8 GL_ARM_mali_shader_binary GL_OES_depth24 GL_OES_depth_texture GL_OES_depth_texture_cube_map GL_OES_packed_depth_stencil GL_OES_rgb8_rgba8 GL_EXT_read_format_bgra GL_OES_compressed_paletted_texture GL_OES_compressed_ETC1_RGB8_texture GL_OES_standard_derivatives GL_OES_EGL_image GL_OES_EGL_image_external GL_OES_EGL_sync GL_OES_texture_npot GL_OES_vertex_half_float GL_OES_required_internalformat GL_OES_vertex_array_object GL_OES_mapbuffer GL_EXT_texture_format_BGRA8888 GL_EXT_texture_rg GL_EXT_texture_type_2_10_10_10_REV GL_OES_fbo_render_mipmap GL_OES_element_index_uint GL_EXT_shadow_samplers GL_OES_texture_compression_astc GL_KHR_texture_compression_astc_ldr GL_KHR_texture_compression_astc_hdr GL_KHR_debug GL_EXT_occlusion_query_boolean GL_EXT_disjoint_timer_query GL_EXT_blend_minmax GL_EXT_discard_framebuffer GL_OES_get_program_binary GL_OES_texture_3D GL_EXT_texture_storage GL_EXT_multisampled_render_to_texture GL_OES_surfaceless_context GL_OES_texture_stencil8 GL_EXT_shader
04-21 19:52:17.681 11106-11136/com.Raven.WebViewDebug D/Unity: _pixel_local_storage GL_ARM_shader_framebuffer_fetch GL_ARM_shader_framebuffer_fetch_depth_stencil GL_ARM_mali_program_binary GL_EXT_sRGB GL_EXT_sRGB_write_control GL_EXT_texture_sRGB_decode GL_KHR_blend_equation_advanced GL_KHR_blend_equation_advanced_coherent GL_OES_texture_storage_multisample_2d_array GL_OES_shader_image_atomic GL_EXT_robustness GL_EXT_draw_buffers_indexed GL_OES_draw_buffers_indexed GL_EXT_texture_border_clamp GL_OES_texture_border_clamp GL_EXT_texture_cube_map_array GL_OES_texture_cube_map_array GL_OES_sample_variables GL_OES_sample_shading GL_OES_shader_multisample_interpolation GL_EXT_shader_io_blocks GL_OES_shader_io_blocks GL_EXT_tessellation_shader GL_OES_tessellation_shader GL_EXT_primitive_bounding_box GL_OES_primitive_bounding_box GL_EXT_geometry_shader GL_OES_geometry_shader GL_ANDROID_extension_pack_es31a GL_EXT_gpu_shader5 GL_OES_gpu_shader5 GL_EXT_texture_buffer GL_OES_texture_buffer GL_EXT_copy_image GL_OES_copy_image GL_EXT_color_buffer_half_float GL_EXT_color_buffer_float
04-21 19:52:17.681 11106-11136/com.Raven.WebViewDebug D/Unity: GL_OVR_multiview GL_OVR_multiview2 GL_OVR_multiview_multisampled_render_to_texture
04-21 19:52:17.681 11106-11136/com.Raven.WebViewDebug D/Unity: ETC2 1
04-21 19:52:17.681 11106-11136/com.Raven.WebViewDebug D/Unity: OPENGL LOG: Creating OpenGL ES 2.0 graphics device
04-21 19:52:17.681 11106-11136/com.Raven.WebViewDebug D/Unity: InitializeGfxDevice OK
04-21 19:52:17.681 11106-11136/com.Raven.WebViewDebug D/Unity: Initialize engine version: 5.3.4p1 (e89f89413a91)
04-21 19:52:17.681 11106-11190/com.Raven.WebViewDebug D/libGLESv2: DTS_GLAPI : DTS is not allowed for Package : com.Raven.WebViewDebug
04-21 19:52:17.711 11106-11136/com.Raven.WebViewDebug D/Unity: AudioManager: Selecting AudioTrack output...
04-21 19:52:17.711 11106-11136/com.Raven.WebViewDebug W/libc: pthread_create sched_setscheduler call failed: Operation not permitted
04-21 19:52:17.711 11106-11136/com.Raven.WebViewDebug D/Unity: Begin MonoManager ReloadAssembly
04-21 19:52:17.721 11106-11136/com.Raven.WebViewDebug D/Unity: Platform assembly: /data/app/com.Raven.WebViewDebug-2/base.apk/assets/bin/Data/Managed/UnityEngine.dll (this message is harmless)
04-21 19:52:17.731 11106-11136/com.Raven.WebViewDebug D/Unity: Loading /data/app/com.Raven.WebViewDebug-2/base.apk/assets/bin/Data/Managed/UnityEngine.dll into Unity Child Domain
04-21 19:52:17.761 11106-11136/com.Raven.WebViewDebug D/Unity: Platform assembly: /data/app/com.Raven.WebViewDebug-2/base.apk/assets/bin/Data/Managed/Assembly-CSharp.dll (this message is harmless)
04-21 19:52:17.761 11106-11136/com.Raven.WebViewDebug D/Unity: Loading /data/app/com.Raven.WebViewDebug-2/base.apk/assets/bin/Data/Managed/Assembly-CSharp.dll into Unity Child Domain
04-21 19:52:17.761 11106-11136/com.Raven.WebViewDebug D/Unity: Platform assembly: /data/app/com.Raven.WebViewDebug-2/base.apk/assets/bin/Data/Managed/UnityEngine.UI.dll (this message is harmless)
04-21 19:52:17.761 11106-11136/com.Raven.WebViewDebug D/Unity: Loading /data/app/com.Raven.WebViewDebug-2/base.apk/assets/bin/Data/Managed/UnityEngine.UI.dll into Unity Child Domain
04-21 19:52:17.771 11106-11136/com.Raven.WebViewDebug D/Unity: Platform assembly: /data/app/com.Raven.WebViewDebug-2/base.apk/assets/bin/Data/Managed/UnityEngine.Networking.dll (this message is harmless)
04-21 19:52:17.771 11106-11136/com.Raven.WebViewDebug D/Unity: Loading /data/app/com.Raven.WebViewDebug-2/base.apk/assets/bin/Data/Managed/UnityEngine.Networking.dll into Unity Child Domain
04-21 19:52:17.771 11106-11136/com.Raven.WebViewDebug D/Unity: Platform assembly: /data/app/com.Raven.WebViewDebug-2/base.apk/assets/bin/Data/Managed/UnityEngine.Networking.dll (this message is harmless)
04-21 19:52:17.771 11106-11136/com.Raven.WebViewDebug D/Unity: Loading /data/app/com.Raven.WebViewDebug-2/base.apk/assets/bin/Data/Managed/UnityEngine.Networking.dll into Unity Child Domain
04-21 19:52:17.771 11106-11136/com.Raven.WebViewDebug D/Unity: Platform assembly: /data/app/com.Raven.WebViewDebug-2/base.apk/assets/bin/Data/Managed/UnityEngine.UI.dll (this message is harmless)
04-21 19:52:17.781 11106-11136/com.Raven.WebViewDebug D/Unity: Loading /data/app/com.Raven.WebViewDebug-2/base.apk/assets/bin/Data/Managed/UnityEngine.UI.dll into Unity Child Domain
04-21 19:52:17.791 11106-11136/com.Raven.WebViewDebug D/Unity: - Completed reload, in 0.082 seconds
04-21 19:52:17.811 11106-11136/com.Raven.WebViewDebug D/Unity: Platform assembly: /data/app/com.Raven.WebViewDebug-2/base.apk/assets/bin/Data/Managed/System.Core.dll (this message is harmless)
04-21 19:52:17.821 11106-11136/com.Raven.WebViewDebug D/Unity: Platform assembly: /data/app/com.Raven.WebViewDebug-2/base.apk/assets/bin/Data/Managed/System.dll (this message is harmless)
04-21 19:52:17.881 11106-11136/com.Raven.WebViewDebug D/Unity: PlayerInitEngineGraphics OK
04-21 19:52:17.881 11106-11136/com.Raven.WebViewDebug D/Unity: Found 21 native sensors
04-21 19:52:17.891 11106-11136/com.Raven.WebViewDebug D/Unity: Sensor : Accelerometer ( 1) ; 0.002394 / 0.00s ; MPU6500 Acceleration Sensor / Invensense
04-21 19:52:17.901 11106-11136/com.Raven.WebViewDebug D/Unity: Sensor : Accelerometer ( 1) ; 0.002394 / 0.00s ; MPU6500 Acceleration Sensor / Invensense
04-21 19:52:17.911 11106-11136/com.Raven.WebViewDebug D/Unity: Requested framebuffer: resolution[2560x1440], rgba[8/8/8/8], depth+stencil[on], samples[1]
04-21 19:52:17.911 11106-11136/com.Raven.WebViewDebug D/Unity: Created framebuffer: resolution[2560x1440], rgba[8/8/8/8], depth+stencil[24/8], samples[0]
04-21 19:52:17.911 11106-11136/com.Raven.WebViewDebug D/SecWifiDisplayUtil: Metadata value : SecSettings2
04-21 19:52:17.971 11106-11136/com.Raven.WebViewDebug D/Unity: UnloadTime: 3.534000 ms
04-21 19:52:17.971 11106-11190/com.Raven.WebViewDebug I/E:\tw\33a21edae6c0e9ad\Software\OculusSDK\Integrations\Unity\Releases\0: OVR_TW_EnableChromaticAberration() 0
04-21 19:52:17.971 11106-11190/com.Raven.WebViewDebug I/E:\tw\33a21edae6c0e9ad\Software\OculusSDK\Integrations\Unity\Releases\0: OVR_SetEyeParms() w=1024 h=1024
04-21 19:52:17.971 11106-11190/com.Raven.WebViewDebug I/E:\tw\33a21edae6c0e9ad\Software\OculusSDK\Integrations\Unity\Releases\0: OVR_TW_SetDebugMode(0,0)
04-21 19:52:17.971 11106-11190/com.Raven.WebViewDebug I/E:\tw\33a21edae6c0e9ad\Software\OculusSDK\Integrations\Unity\Releases\0: OVR_TW_SetDebugMode(0,0)
04-21 19:52:17.971 11106-11190/com.Raven.WebViewDebug I/E:\tw\33a21edae6c0e9ad\Software\OculusSDK\Integrations\Unity\Releases\0: OVR_InitRenderThread()
04-21 19:52:17.981 11106-11190/com.Raven.WebViewDebug I/E:\tw\33a21edae6c0e9ad\Software\OculusSDK\Integrations\Unity\Releases\0: Loading SystemActivitiesReceiver class
04-21 19:52:17.981 11106-11190/com.Raven.WebViewDebug I/E:\tw\33a21edae6c0e9ad\Software\OculusSDK\Integrations\Unity\Releases\0: Loading SystemActivities class
04-21 19:52:17.981 11106-11190/com.Raven.WebViewDebug D/ProximityReceiver: Registering Oculus System Activity receiver
04-21 19:52:17.981 11106-11190/com.Raven.WebViewDebug I/VrApiLoader: Loading com.oculus.systemactivities version 1.0.2.4-26822117 code 26822117
04-21 19:52:17.991 11106-11190/com.Raven.WebViewDebug W/ResourcesManager: getTopLevelResources: /data/app/com.oculus.systemactivities-1/base.apk / 1.0 running in com.Raven.WebViewDebug rsrc of package com.oculus.systemactivities
04-21 19:52:17.991 11106-11190/com.Raven.WebViewDebug D/ResourcesManager: For user 0 new overlays fetched Null
04-21 19:52:17.991 11106-11190/com.Raven.WebViewDebug I/InjectionManager: Inside getClassLibPath caller
04-21 19:52:18.011 11106-11190/com.Raven.WebViewDebug I/JniUtils: Using caller's JNIEnv
04-21 19:52:18.011 11106-11190/com.Raven.WebViewDebug I/VrApi: ----------- vrapi_Initialize ----------
04-21 19:52:18.011 11106-11190/com.Raven.WebViewDebug D/libEGL: eglInitialize EGLDisplay = 0xd9ebf18c
04-21 19:52:18.011 11106-11190/com.Raven.WebViewDebug I/JniUtils: Using caller's JNIEnv
04-21 19:52:18.021 11106-11190/com.Raven.WebViewDebug I/VrApi: BuildVersionSDK 23
04-21 19:52:18.021 11106-11190/com.Raven.WebViewDebug D/VrApi: onInitialize
04-21 19:52:18.021 11106-11190/com.Raven.WebViewDebug D/ScreenCaptureReceiver: startReceiver
04-21 19:52:18.021 11106-11190/com.Raven.WebViewDebug D/LoggingService: Binding to logging service
04-21 19:52:18.021 11106-11190/com.Raven.WebViewDebug D/LoggingService: Horizon version: 1.14.1
04-21 19:52:18.051 11106-11190/com.Raven.WebViewDebug D/VrApi: hasVrPermissions
04-21 19:52:18.051 11106-11106/com.Raven.WebViewDebug D/LoggingService: Connected to logging service: ComponentInfo{com.oculus.horizon/com.oculus.horizon.service.SDKLoggingService}
04-21 19:52:18.061 11106-11190/com.Raven.WebViewDebug D/VrApi: getDeviceProperty: device_model
04-21 19:52:18.061 11106-11190/com.Raven.WebViewDebug D/VrApi: getDeviceProperty: device_gpu
04-21 19:52:18.071 11106-11190/com.Raven.WebViewDebug D/VrApi: getDeviceProperty: device_support_sdcard_path
04-21 19:52:18.081 11106-11190/com.Raven.WebViewDebug D/VrApi: Property Type device_support_sdcard_path is not supported.
04-21 19:52:18.081 11106-11190/com.Raven.WebViewDebug I/LocalPreferences: ovr_InitLocalPreferences
04-21 19:52:18.081 11106-11190/com.Raven.WebViewDebug I/OVR: Couldn't open /data/data/com.Raven.WebViewDebug/cache/oculusprefs
04-21 19:52:18.081 11106-11190/com.Raven.WebViewDebug I/OVR: Couldn't open /sdcard/.oculusprefs
04-21 19:52:18.081 11106-11190/com.Raven.WebViewDebug I/E:\tw\33a21edae6c0e9ad\Software\OculusSDK\Integrations\Unity\Releases\0: GL_EXTENSIONS:
04-21 19:52:18.081 11106-11190/com.Raven.WebViewDebug I/E:\tw\33a21edae6c0e9ad\Software\OculusSDK\Integrations\Unity\Releases\0: GL_EXT_debug_marker
04-21 19:52:18.081 11106-11190/com.Raven.WebViewDebug I/E:\tw\33a21edae6c0e9ad\Software\OculusSDK\Integrations\Unity\Releases\0: GL_ARM_rgba8
04-21 19:52:18.081 11106-11190/com.Raven.WebViewDebug I/E:\tw\33a21edae6c0e9ad\Software\OculusSDK\Integrations\Unity\Releases\0: GL_ARM_mali_shader_binary
04-21 19:52:18.081 11106-11190/com.Raven.WebViewDebug I/E:\tw\33a21edae6c0e9ad\Software\OculusSDK\Integrations\Unity\Releases\0: GL_OES_depth24
04-21 19:52:18.081 11106-11190/com.Raven.WebViewDebug I/E:\tw\33a21edae6c0e9ad\Software\OculusSDK\Integrations\Unity\Releases\0: GL_OES_depth_texture
04-21 19:52:18.081 11106-11190/com.Raven.WebViewDebug I/E:\tw\33a21edae6c0e9ad\Software\OculusSDK\Integrations\Unity\Releases\0: GL_OES_depth_texture_cube_map
04-21 19:52:18.081 11106-11190/com.Raven.WebViewDebug I/E:\tw\33a21edae6c0e9ad\Software\OculusSDK\Integrations\Unity\Releases\0: GL_OES_packed_depth_stencil
04-21 19:52:18.081 11106-11190/com.Raven.WebViewDebug I/E:\tw\33a21edae6c0e9ad\Software\OculusSDK\Integrations\Unity\Releases\0: GL_OES_rgb8_rgba8
04-21 19:52:18.081 11106-11190/com.Raven.WebViewDebug I/E:\tw\33a21edae6c0e9ad\Software\OculusSDK\Integrations\Unity\Releases\0: GL_EXT_read_format_bgra
04-21 19:52:18.081 11106-11190/com.Raven.WebViewDebug I/E:\tw\33a21edae6c0e9ad\Software\OculusSDK\Integrations\Unity\Releases\0: GL_OES_compressed_paletted_texture
04-21 19:52:18.081 11106-11190/com.Raven.WebViewDebug I/E:\tw\33a21edae6c0e9ad\Software\OculusSDK\Integrations\Unity\Releases\0: GL_OES_compressed_ETC1_RGB8_texture
04-21 19:52:18.081 11106-11190/com.Raven.WebViewDebug I/E:\tw\33a21edae6c0e9ad\Software\OculusSDK\Integrations\Unity\Releases\0: GL_OES_standard_derivatives
04-21 19:52:18.081 11106-11190/com.Raven.WebViewDebug I/E:\tw\33a21edae6c0e9ad\Software\OculusSDK\Integrations\Unity\Releases\0: GL_OES_EGL_image
04-21 19:52:18.081 11106-11190/com.Raven.WebViewDebug I/E:\tw\33a21edae6c0e9ad\Software\OculusSDK\Integrations\Unity\Releases\0: GL_OES_EGL_image_external
04-21 19:52:18.081 11106-11190/com.Raven.WebViewDebug I/E:\tw\33a21edae6c0e9ad\Software\OculusSDK\Integrations\Unity\Releases\0: GL_OES_EGL_sync
04-21 19:52:18.081 11106-11190/com.Raven.WebViewDebug I/E:\tw\33a21edae6c0e9ad\Software\OculusSDK\Integrations\Unity\Releases\0: GL_OES_texture_npot
04-21 19:52:18.081 11106-11190/com.Raven.WebViewDebug I/E:\tw\33a21edae6c0e9ad\Software\OculusSDK\Integrations\Unity\Releases\0: GL_OES_vertex_half_float
04-21 19:52:18.081 11106-11190/com.Raven.WebViewDebug I/E:\tw\33a21edae6c0e9ad\Software\OculusSDK\Integrations\Unity\Releases\0: GL_OES_required_internalformat
04-21 19:52:18.081 11106-11190/com.Raven.WebViewDebug I/E:\tw\33a21edae6c0e9ad\Software\OculusSDK\Integrations\Unity\Releases\0: GL_OES_vertex_array_object
04-21 19:52:18.081 11106-11190/com.Raven.WebViewDebug I/E:\tw\33a21edae6c0e9ad\Software\OculusSDK\Integrations\Unity\Releases\0: GL_OES_mapbuffer
04-21 19:52:18.081 11106-11190/com.Raven.WebViewDebug I/E:\tw\33a21edae6c0e9ad\Software\OculusSDK\Integrations\Unity\Releases\0: GL_EXT_texture_format_BGRA8888
04-21 19:52:18.081 11106-11190/com.Raven.WebViewDebug I/E:\tw\33a21edae6c0e9ad\Software\OculusSDK\Integrations\Unity\Releases\0: GL_EXT_texture_rg
04-21 19:52:18.081 11106-11190/com.Raven.WebViewDebug I/E:\tw\33a21edae6c0e9ad\Software\OculusSDK\Integrations\Unity\Releases\0: GL_EXT_texture_type_2_10_10_10_REV
04-21 19:52:18.081 11106-11190/com.Raven.WebViewDebug I/E:\tw\33a21edae6c0e9ad\Software\OculusSDK\Integrations\Unity\Releases\0: GL_OES_fbo_render_mipmap
04-21 19:52:18.081 11106-11190/com.Raven.WebViewDebug I/E:\tw\33a21edae6c0e9ad\Software\OculusSDK\Integrations\Unity\Releases\0: GL_OES_element_index_uint
04-21 19:52:18.081 11106-11190/com.Raven.WebViewDebug I/E:\tw\33a21edae6c0e9ad\Software\OculusSDK\Integrations\Unity\Releases\0: GL_EXT_shadow_samplers
04-21 19:52:18.081 11106-11190/com.Raven.WebViewDebug I/E:\tw\33a21edae6c0e9ad\Software\OculusSDK\Integrations\Unity\Releases\0: GL_OES_texture_compression_astc
04-21 19:52:18.081 11106-11190/com.Raven.WebViewDebug I/E:\tw\33a21edae6c0e9ad\Software\OculusSDK\Integrations\Unity\Releases\0: GL_KHR_texture_compression_astc_ldr
04-21 19:52:18.081 11106-11190/com.Raven.WebViewDebug I/E:\tw\33a21edae6c0e9ad\Software\OculusSDK\Integrations\Unity\Releases\0: GL_KHR_texture_compression_astc_hdr
04-21 19:52:18.081 11106-11190/com.Raven.WebViewDebug I/E:\tw\33a21edae6c0e9ad\Software\OculusSDK\Integrations\Unity\Releases\0: GL_KHR_debug
04-21 19:52:18.081 11106-11190/com.Raven.WebViewDebug I/E:\tw\33a21edae6c0e9ad\Software\OculusSDK\Integrations\Unity\Releases\0: GL_EXT_occlusion_query_boolean
04-21 19:52:18.081 11106-11190/com.Raven.WebViewDebug I/E:\tw\33a21edae6c0e9ad\Software\OculusSDK\Integrations\Unity\Releases\0: GL_EXT_disjoint_timer_query
04-21 19:52:18.081 11106-11190/com.Raven.WebViewDebug I/E:\tw\33a21edae6c0e9ad\Software\OculusSDK\Integrations\Unity\Releases\0: GL_EXT_blend_minmax
04-21 19:52:18.081 11106-11190/com.Raven.WebViewDebug I/E:\tw\33a21edae6c0e9ad\Software\OculusSDK\Integrations\Unity\Releases\0: GL_EXT_discard_framebuffer
04-21 19:52:18.081 11106-11190/com.Raven.WebViewDebug I/E:\tw\33a21edae6c0e9ad\Software\OculusSDK\Integrations\Unity\Releases\0: GL_OES_get_program_binary
04-21 19:52:18.081 11106-11190/com.Raven.WebViewDebug I/E:\tw\33a21edae6c0e9ad\Software\OculusSDK\Integrations\Unity\Releases\0: GL_OES_texture_3D
04-21 19:52:18.081 11106-11190/com.Raven.WebViewDebug I/E:\tw\33a21edae6c0e9ad\Software\OculusSDK\Integrations\Unity\Releases\0: GL_EXT_texture_storage
04-21 19:52:18.081 11106-11190/com.Raven.WebViewDebug I/E:\tw\33a21edae6c0e9ad\Software\OculusSDK\Integrations\Unity\Releases\0: GL_EXT_multisampled_render_to_texture
04-21 19:52:18.081 11106-11190/com.Raven.WebViewDebug I/E:\tw\33a21edae6c0e9ad\Software\OculusSDK\Integrations\Unity\Releases\0: GL_OES_surfaceless_context
04-21 19:52:18.081 11106-11190/com.Raven.WebViewDebug I/E:\tw\33a21edae6c0e9ad\Software\OculusSDK\Integrations\Unity\Releases\0: GL_OES_texture_stencil8
04-21 19:52:18.081 11106-11190/com.Raven.WebViewDebug I/E:\tw\33a21edae6c0e9ad\Software\OculusSDK\Integrations\Unity\Releases\0: GL_EXT_shader_pixel_local_storage
04-21 19:52:18.081 11106-11190/com.Raven.WebViewDebug I/E:\tw\33a21edae6c0e9ad\Software\OculusSDK\Integrations\Unity\Releases\0: GL_ARM_shader_framebuffer_fetch
04-21 19:52:18.081 11106-11190/com.Raven.WebViewDebug I/E:\tw\33a21edae6c0e9ad\Software\OculusSDK\Integrations\Unity\Releases\0: GL_ARM_shader_framebuffer_fetch_depth_stencil
04-21 19:52:18.081 11106-11190/com.Raven.WebViewDebug I/E:\tw\33a21edae6c0e9ad\Software\OculusSDK\Integrations\Unity\Releases\0: GL_ARM_mali_program_binary
04-21 19:52:18.081 11106-11190/com.Raven.WebViewDebug I/E:\tw\33a21edae6c0e9ad\Software\OculusSDK\Integrations\Unity\Releases\0: GL_EXT_sRGB
04-21 19:52:18.081 11106-11190/com.Raven.WebViewDebug I/E:\tw\33a21edae6c0e9ad\Software\OculusSDK\Integrations\Unity\Releases\0: GL_EXT_sRGB_write_control
04-21 19:52:18.081 11106-11190/com.Raven.WebViewDebug I/E:\tw\33a21edae6c0e9ad\Software\OculusSDK\Integrations\Unity\Releases\0: GL_EXT_texture_sRGB_decode
04-21 19:52:18.081 11106-11190/com.Raven.WebViewDebug I/E:\tw\33a21edae6c0e9ad\Software\OculusSDK\Integrations\Unity\Releases\0: GL_KHR_blend_equation_advanced
04-21 19:52:18.081 11106-11190/com.Raven.WebViewDebug I/E:\tw\33a21edae6c0e9ad\Software\OculusSDK\Integrations\Unity\Releases\0: GL_KHR_blend_equation_advanced_coherent
04-21 19:52:18.081 11106-11190/com.Raven.WebViewDebug I/E:\tw\33a21edae6c0e9ad\Software\OculusSDK\Integrations\Unity\Releases\0: GL_OES_texture_storage_multisample_2d_array
04-21 19:52:18.081 11106-11190/com.Raven.WebViewDebug I/E:\tw\33a21edae6c0e9ad\Software\OculusSDK\Integrations\Unity\Releases\0: GL_OES_shader_image_atomic
04-21 19:52:18.081 11106-11190/com.Raven.WebViewDebug I/E:\tw\33a21edae6c0e9ad\Software\OculusSDK\Integrations\Unity\Releases\0: GL_EXT_robustness
04-21 19:52:18.081 11106-11190/com.Raven.WebViewDebug I/E:\tw\33a21edae6c0e9ad\Software\OculusSDK\Integrations\Unity\Releases\0: GL_EXT_draw_buffers_indexed
04-21 19:52:18.081 11106-11190/com.Raven.WebViewDebug I/E:\tw\33a21edae6c0e9ad\Software\OculusSDK\Integrations\Unity\Releases\0: GL_OES_draw_buffers_indexed
04-21 19:52:18.081 11106-11190/com.Raven.WebViewDebug I/E:\tw\33a21edae6c0e9ad\Software\OculusSDK\Integrations\Unity\Releases\0: GL_EXT_texture_border_clamp
04-21 19:52:18.081 11106-11190/com.Raven.WebViewDebug I/E:\tw\33a21edae6c0e9ad\Software\OculusSDK\Integrations\Unity\Releases\0: GL_OES_texture_border_clamp
04-21 19:52:18.081 11106-11190/com.Raven.WebViewDebug I/E:\tw\33a21edae6c0e9ad\Software\OculusSDK\Integrations\Unity\Releases\0: GL_EXT_texture_cube_map_array
04-21 19:52:18.081 11106-11190/com.Raven.WebViewDebug I/E:\tw\33a21edae6c0e9ad\Software\OculusSDK\Integrations\Unity\Releases\0: GL_OES_texture_cube_map_array
04-21 19:52:18.081 11106-11190/com.Raven.WebViewDebug I/E:\tw\33a21edae6c0e9ad\Software\OculusSDK\Integrations\Unity\Releases\0: GL_OES_sample_variables
04-21 19:52:18.081 11106-11190/com.Raven.WebViewDebug I/E:\tw\33a21edae6c0e9ad\Software\OculusSDK\Integrations\Unity\Releases\0: GL_OES_sample_shading
04-21 19:52:18.081 11106-11190/com.Raven.WebViewDebug I/E:\tw\33a21edae6c0e9ad\Software\OculusSDK\Integrations\Unity\Releases\0: GL_OES_shader_multisample_interpolation
04-21 19:52:18.081 11106-11190/com.Raven.WebViewDebug I/E:\tw\33a21edae6c0e9ad\Software\OculusSDK\Integrations\Unity\Releases\0: GL_EXT_shader_io_blocks
04-21 19:52:18.081 11106-11190/com.Raven.WebViewDebug I/E:\tw\33a21edae6c0e9ad\Software\OculusSDK\Integrations\Unity\Releases\0: GL_OES_shader_io_blocks
04-21 19:52:18.081 11106-11190/com.Raven.WebViewDebug I/E:\tw\33a21edae6c0e9ad\Software\OculusSDK\Integrations\Unity\Releases\0: GL_EXT_tessellation_shader
04-21 19:52:18.081 11106-11190/com.Raven.WebViewDebug I/E:\tw\33a21edae6c0e9ad\Software\OculusSDK\Integrations\Unity\Releases\0: GL_OES_tessellation_shader
04-21 19:52:18.081 11106-11190/com.Raven.WebViewDebug I/E:\tw\33a21edae6c0e9ad\Software\OculusSDK\Integrations\Unity\Releases\0: GL_EXT_primitive_bounding_box
04-21 19:52:18.081 11106-11190/com.Raven.WebViewDebug I/E:\tw\33a21edae6c0e9ad\Software\OculusSDK\Integrations\Unity\Releases\0: GL_OES_primitive_bounding_box
04-21 19:52:18.081 11106-11190/com.Raven.WebViewDebug I/E:\tw\33a21edae6c0e9ad\Software\OculusSDK\Integrations\Unity\Releases\0: GL_EXT_geometry_shader
04-21 19:52:18.081 11106-11190/com.Raven.WebViewDebug I/E:\tw\33a21edae6c0e9ad\Software\OculusSDK\Integrations\Unity\Releases\0: GL_OES_geometry_shader
04-21 19:52:18.081 11106-11190/com.Raven.WebViewDebug I/E:\tw\33a21edae6c0e9ad\Software\OculusSDK\Integrations\Unity\Releases\0: GL_ANDROID_extension_pack_es31a
04-21 19:52:18.081 11106-11190/com.Raven.WebViewDebug I/E:\tw\33a21edae6c0e9ad\Software\OculusSDK\Integrations\Unity\Releases\0: GL_EXT_gpu_shader5
04-21 19:52:18.081 11106-11190/com.Raven.WebViewDebug I/E:\tw\33a21edae6c0e9ad\Software\OculusSDK\Integrations\Unity\Releases\0: GL_OES_gpu_shader5
04-21 19:52:18.081 11106-11190/com.Raven.WebViewDebug I/E:\tw\33a21edae6c0e9ad\Software\OculusSDK\Integrations\Unity\Releases\0: GL_EXT_texture_buffer
04-21 19:52:18.081 11106-11190/com.Raven.WebViewDebug I/E:\tw\33a21edae6c0e9ad\Software\OculusSDK\Integrations\Unity\Releases\0: GL_OES_texture_buffer
04-21 19:52:18.081 11106-11190/com.Raven.WebViewDebug I/E:\tw\33a21edae6c0e9ad\Software\OculusSDK\Integrations\Unity\Releases\0: GL_EXT_copy_image
04-21 19:52:18.081 11106-11190/com.Raven.WebViewDebug I/E:\tw\33a21edae6c0e9ad\Software\OculusSDK\Integrations\Unity\Releases\0: GL_OES_copy_image
04-21 19:52:18.081 11106-11190/com.Raven.WebViewDebug I/E:\tw\33a21edae6c0e9ad\Software\OculusSDK\Integrations\Unity\Releases\0: GL_EXT_color_buffer_half_float
04-21 19:52:18.081 11106-11190/com.Raven.WebViewDebug I/E:\tw\33a21edae6c0e9ad\Software\OculusSDK\Integrations\Unity\Releases\0: GL_EXT_color_buffer_float
04-21 19:52:18.081 11106-11190/com.Raven.WebViewDebug I/E:\tw\33a21edae6c0e9ad\Software\OculusSDK\Integrations\Unity\Releases\0: GL_OVR_multiview
04-21 19:52:18.081 11106-11190/com.Raven.WebViewDebug I/E:\tw\33a21edae6c0e9ad\Software\OculusSDK\Integrations\Unity\Releases\0: GL_OVR_multiview2
04-21 19:52:18.081 11106-11190/com.Raven.WebViewDebug I/E:\tw\33a21edae6c0e9ad\Software\OculusSDK\Integrations\Unity\Releases\0: GL_OVR_multiview_multisampled_render_to_texture
04-21 19:52:18.081 11106-11190/com.Raven.WebViewDebug I/E:\tw\33a21edae6c0e9ad\Software\OculusSDK\Integrations\Unity\Releases\0: es3 = TRUE
04-21 19:52:18.081 11106-11190/com.Raven.WebViewDebug I/E:\tw\33a21edae6c0e9ad\Software\OculusSDK\Integrations\Unity\Releases\0: Found: GL_EXT_discard_framebuffer
04-21 19:52:18.081 11106-11190/com.Raven.WebViewDebug I/E:\tw\33a21edae6c0e9ad\Software\OculusSDK\Integrations\Unity\Releases\0: Found: GL_EXT_multisampled_render_to_texture
04-21 19:52:18.081 11106-11190/com.Raven.WebViewDebug I/E:\tw\33a21edae6c0e9ad\Software\OculusSDK\Integrations\Unity\Releases\0: Found: GL_OES_vertex_array_object
04-21 19:52:18.081 11106-11190/com.Raven.WebViewDebug I/E:\tw\33a21edae6c0e9ad\Software\OculusSDK\Integrations\Unity\Releases\0: Not found: GL_QCOM_tiled_rendering
04-21 19:52:18.081 11106-11190/com.Raven.WebViewDebug I/E:\tw\33a21edae6c0e9ad\Software\OculusSDK\Integrations\Unity\Releases\0: Found: GL_EXT_disjoint_timer_query
04-21 19:52:18.081 11106-11190/com.Raven.WebViewDebug I/E:\tw\33a21edae6c0e9ad\Software\OculusSDK\Integrations\Unity\Releases\0: Found: GL_EXT_texture_sRGB_decode
04-21 19:52:18.081 11106-11190/com.Raven.WebViewDebug I/E:\tw\33a21edae6c0e9ad\Software\OculusSDK\Integrations\Unity\Releases\0: Not found: GL_EXT_texture_filter_anisotropic
04-21 19:52:18.081 11106-11190/com.Raven.WebViewDebug I/E:\tw\33a21edae6c0e9ad\Software\OculusSDK\Integrations\Unity\Releases\0: GL_MAX_TEXTURE_SIZE = 8192
04-21 19:52:18.081 11106-11190/com.Raven.WebViewDebug I/E:\tw\33a21edae6c0e9ad\Software\OculusSDK\Integrations\Unity\Releases\0: GL_MAX_VERTEX_UNIFORM_VECTORS = 1024
04-21 19:52:18.081 11106-11190/com.Raven.WebViewDebug I/E:\tw\33a21edae6c0e9ad\Software\OculusSDK\Integrations\Unity\Releases\0: GL_MAX_FRAGMENT_UNIFORM_VECTORS = 1024
04-21 19:52:18.081 11106-11190/com.Raven.WebViewDebug I/E:\tw\33a21edae6c0e9ad\Software\OculusSDK\Integrations\Unity\Releases\0: Init_Utilities
04-21 19:52:18.091 11106-11190/com.Raven.WebViewDebug I/E:\tw\33a21edae6c0e9ad\Software\OculusSDK\Integrations\Unity\Releases\0: Mode Parms CpuLevel 2 GpuLevel 2
04-21 19:52:18.091 11106-11190/com.Raven.WebViewDebug I/E:\tw\33a21edae6c0e9ad\Software\OculusSDK\Integrations\Unity\Releases\0: OVR_Resume()
04-21 19:52:18.091 11106-11190/com.Raven.WebViewDebug I/OVR: Couldn't open /data/data/com.Raven.WebViewDebug/cache/oculusprefs
04-21 19:52:18.091 11106-11190/com.Raven.WebViewDebug I/OVR: Couldn't open /sdcard/.oculusprefs
04-21 19:52:18.091 11106-11190/com.Raven.WebViewDebug I/OVR: Couldn't open /data/data/com.Raven.WebViewDebug/cache/oculusprefs
04-21 19:52:18.091 11106-11190/com.Raven.WebViewDebug I/OVR: Couldn't open /sdcard/.oculusprefs
04-21 19:52:18.091 11106-11190/com.Raven.WebViewDebug I/VrApi: ---------- vrapi_EnterVrMode ----------
04-21 19:52:18.091 11106-11190/com.Raven.WebViewDebug I/OVR: DeviceManagerThread::AddSelectFd 61 (Tid=6750305)
04-21 19:52:18.091 11106-11235/com.Raven.WebViewDebug I/OVR: DeviceManagerThread - running (Tid=6750305).
04-21 19:52:18.091 11106-11190/com.Raven.WebViewDebug I/OVR: OVR::DeviceManager - initialized.
04-21 19:52:18.091 11106-11190/com.Raven.WebViewDebug I/HmdSensors: HmdSensors::StartSensor: wait for sensor.
04-21 19:52:18.091 11106-11190/com.Raven.WebViewDebug D/VrApi: targetSDKVersion 23
04-21 19:52:18.091 11106-11190/com.Raven.WebViewDebug I/VrApi: DEVICE MODEL NUMBER = SM-G9250
04-21 19:52:18.091 11106-11190/com.Raven.WebViewDebug I/VrApi: DEVICE HARDWARE = samsungexynos7420
04-21 19:52:18.091 11106-11190/com.Raven.WebViewDebug I/VrApi: DEVICE BUILD NAME = MMB29K.G9250ZCU2DPC3
04-21 19:52:18.091 11106-11190/com.Raven.WebViewDebug I/VrApi: DEVICE BUILD TYPE = user
04-21 19:52:18.091 11106-11190/com.Raven.WebViewDebug I/VrApi: DEVICE OS VERSION = 6.0.1
04-21 19:52:18.091 11106-11190/com.Raven.WebViewDebug I/VrApi: VRAPI VERSION = 1.0.2.4-206247-26822117 Apr 1 2016 16:27:14 Development RELEASE
04-21 19:52:18.091 11106-11190/com.Raven.WebViewDebug I/VrApi: VRAPI LOADER VERSION = 1.0.0.0
04-21 19:52:18.091 11106-11190/com.Raven.WebViewDebug I/VrApi: APP NAME = WebViewDebug
04-21 19:52:18.091 11106-11190/com.Raven.WebViewDebug I/VrApi: APP VERSION = 1.0 versionCode 1 internalVersionName
04-21 19:52:18.091 11106-11190/com.Raven.WebViewDebug I/VrApi: APP VR TYPE = vr_only
04-21 19:52:18.091 11106-11190/com.Raven.WebViewDebug I/VrApi: APP PACKAGE NAME = com.Raven.WebViewDebug
04-21 19:52:18.091 11106-11190/com.Raven.WebViewDebug I/VrApi: APP ACTIVITY CLASS = com.unity3d.player.UnityPlayerNativeActivity
04-21 19:52:18.091 11106-11190/com.Raven.WebViewDebug I/VrApi: ovrModeParms::VRAPI_MODE_FLAG_ALLOW_POWER_SAVE = 1
04-21 19:52:18.091 11106-11190/com.Raven.WebViewDebug I/VrApi: ovrModeParms::VRAPI_MODE_FLAG_RESET_WINDOW_FULLSCREEN = 1
04-21 19:52:18.091 11106-11190/com.Raven.WebViewDebug I/VrApi: ovrModeParms::VRAPI_MODE_FLAG_NATIVE_WINDOW = 0
04-21 19:52:18.091 11106-11190/com.Raven.WebViewDebug I/VrApi: ovrModeParms::VRAPI_MODE_FLAG_FRONT_BUFFER_PROTECTED = 0
04-21 19:52:18.091 11106-11190/com.Raven.WebViewDebug I/VrApi: ovrModeParms::VRAPI_MODE_FLAG_FRONT_BUFFER_565 = 0
04-21 19:52:18.091 11106-11190/com.Raven.WebViewDebug I/VrApi: ovrModeParms::VRAPI_MODE_FLAG_FRONT_BUFFER_SRGB = 0
04-21 19:52:18.091 11106-11190/com.Raven.WebViewDebug I/OVR: Couldn't open /data/data/com.Raven.WebViewDebug/cache/oculusprefs
04-21 19:52:18.091 11106-11190/com.Raven.WebViewDebug I/OVR: Couldn't open /sdcard/.oculusprefs
04-21 19:52:18.091 11106-11190/com.Raven.WebViewDebug I/OVR_LogUtils: SetAllowGpuTimerQueries( 0 )
04-21 19:52:18.091 11106-11190/com.Raven.WebViewDebug W/VrApi: Operating without a sensor.
04-21 19:52:18.091 11106-11190/com.Raven.WebViewDebug I/OVR_GlUtils: GL_EXTENSIONS:
04-21 19:52:18.091 11106-11190/com.Raven.WebViewDebug I/OVR_GlUtils: GL_EXT_debug_marker
04-21 19:52:18.091 11106-11190/com.Raven.WebViewDebug I/OVR_GlUtils: GL_ARM_rgba8
04-21 19:52:18.091 11106-11190/com.Raven.WebViewDebug I/OVR_GlUtils: GL_ARM_mali_shader_binary
04-21 19:52:18.091 11106-11190/com.Raven.WebViewDebug I/OVR_GlUtils: GL_OES_depth24
04-21 19:52:18.091 11106-11190/com.Raven.WebViewDebug I/OVR_GlUtils: GL_OES_depth_texture
04-21 19:52:18.091 11106-11190/com.Raven.WebViewDebug I/OVR_GlUtils: GL_OES_depth_texture_cube_map
04-21 19:52:18.091 11106-11190/com.Raven.WebViewDebug I/OVR_GlUtils: GL_OES_packed_depth_stencil
04-21 19:52:18.091 11106-11190/com.Raven.WebViewDebug I/OVR_GlUtils: GL_OES_rgb8_rgba8
04-21 19:52:18.091 11106-11190/com.Raven.WebViewDebug I/OVR_GlUtils: GL_EXT_read_format_bgra
04-21 19:52:18.091 11106-11190/com.Raven.WebViewDebug I/OVR_GlUtils: GL_OES_compressed_paletted_texture
04-21 19:52:18.091 11106-11190/com.Raven.WebViewDebug I/OVR_GlUtils: GL_OES_compressed_ETC1_RGB8_texture
04-21 19:52:18.091 11106-11190/com.Raven.WebViewDebug I/OVR_GlUtils: GL_OES_standard_derivatives
04-21 19:52:18.091 11106-11190/com.Raven.WebViewDebug I/OVR_GlUtils: GL_OES_EGL_image
04-21 19:52:18.091 11106-11190/com.Raven.WebViewDebug I/OVR_GlUtils: GL_OES_EGL_image_external
04-21 19:52:18.091 11106-11190/com.Raven.WebViewDebug I/OVR_GlUtils: GL_OES_EGL_sync
04-21 19:52:18.091 11106-11190/com.Raven.WebViewDebug I/OVR_GlUtils: GL_OES_texture_npot
04-21 19:52:18.091 11106-11190/com.Raven.WebViewDebug I/OVR_GlUtils: GL_OES_vertex_half_float
04-21 19:52:18.091 11106-11190/com.Raven.WebViewDebug I/OVR_GlUtils: GL_OES_required_internalformat
04-21 19:52:18.091 11106-11190/com.Raven.WebViewDebug I/OVR_GlUtils: GL_OES_vertex_array_object
04-21 19:52:18.091 11106-11190/com.Raven.WebViewDebug I/OVR_GlUtils: GL_OES_mapbuffer
04-21 19:52:18.091 11106-11190/com.Raven.WebViewDebug I/OVR_GlUtils: GL_EXT_texture_format_BGRA8888
04-21 19:52:18.091 11106-11190/com.Raven.WebViewDebug I/OVR_GlUtils: GL_EXT_texture_rg
04-21 19:52:18.091 11106-11190/com.Raven.WebViewDebug I/OVR_GlUtils: GL_EXT_texture_type_2_10_10_10_REV
04-21 19:52:18.091 11106-11190/com.Raven.WebViewDebug I/OVR_GlUtils: GL_OES_fbo_render_mipmap
04-21 19:52:18.091 11106-11190/com.Raven.WebViewDebug I/OVR_GlUtils: GL_OES_element_index_uint
04-21 19:52:18.091 11106-11190/com.Raven.WebViewDebug I/OVR_GlUtils: GL_EXT_shadow_samplers
04-21 19:52:18.091 11106-11190/com.Raven.WebViewDebug I/OVR_GlUtils: GL_OES_texture_compression_astc
04-21 19:52:18.091 11106-11190/com.Raven.WebViewDebug I/OVR_GlUtils: GL_KHR_texture_compression_astc_ldr
04-21 19:52:18.091 11106-11190/com.Raven.WebViewDebug I/OVR_GlUtils: GL_KHR_texture_compression_astc_hdr
04-21 19:52:18.091 11106-11190/com.Raven.WebViewDebug I/OVR_GlUtils: GL_KHR_debug
04-21 19:52:18.091 11106-11190/com.Raven.WebViewDebug I/OVR_GlUtils: GL_EXT_occlusion_query_boolean
04-21 19:52:18.091 11106-11190/com.Raven.WebViewDebug I/OVR_GlUtils: GL_EXT_disjoint_timer_query
04-21 19:52:18.091 11106-11190/com.Raven.WebViewDebug I/OVR_GlUtils: GL_EXT_blend_minmax
04-21 19:52:18.091 11106-11190/com.Raven.WebViewDebug I/OVR_GlUtils: GL_EXT_discard_framebuffer
04-21 19:52:18.091 11106-11190/com.Raven.WebViewDebug I/OVR_GlUtils: GL_OES_get_program_binary
04-21 19:52:18.091 11106-11190/com.Raven.WebViewDebug I/OVR_GlUtils: GL_OES_texture_3D
04-21 19:52:18.091 11106-11190/com.Raven.WebViewDebug I/OVR_GlUtils: GL_EXT_texture_storage
04-21 19:52:18.091 11106-11190/com.Raven.WebViewDebug I/OVR_GlUtils: GL_EXT_multisampled_render_to_texture
04-21 19:52:18.091 11106-11190/com.Raven.WebViewDebug I/OVR_GlUtils: GL_OES_surfaceless_context
04-21 19:52:18.091 11106-11190/com.Raven.WebViewDebug I/OVR_GlUtils: GL_OES_texture_stencil8
04-21 19:52:18.091 11106-11190/com.Raven.WebViewDebug I/OVR_GlUtils: GL_EXT_shader_pixel_local_storage
04-21 19:52:18.091 11106-11190/com.Raven.WebViewDebug I/OVR_GlUtils: GL_ARM_shader_framebuffer_fetch
04-21 19:52:18.091 11106-11190/com.Raven.WebViewDebug I/OVR_GlUtils: GL_ARM_shader_framebuffer_fetch_depth_stencil
04-21 19:52:18.091 11106-11190/com.Raven.WebViewDebug I/OVR_GlUtils: GL_ARM_mali_program_binary
04-21 19:52:18.091 11106-11190/com.Raven.WebViewDebug I/OVR_GlUtils: GL_EXT_sRGB
04-21 19:52:18.091 11106-11190/com.Raven.WebViewDebug I/OVR_GlUtils: GL_EXT_sRGB_write_control
04-21 19:52:18.091 11106-11190/com.Raven.WebViewDebug I/OVR_GlUtils: GL_EXT_texture_sRGB_decode
04-21 19:52:18.091 11106-11190/com.Raven.WebViewDebug I/OVR_GlUtils: GL_KHR_blend_equation_advanced
04-21 19:52:18.091 11106-11190/com.Raven.WebViewDebug I/OVR_GlUtils: GL_KHR_blend_equation_advanced_coherent
04-21 19:52:18.091 11106-11190/com.Raven.WebViewDebug I/OVR_GlUtils: GL_OES_texture_storage_multisample_2d_array
04-21 19:52:18.091 11106-11190/com.Raven.WebViewDebug I/OVR_GlUtils: GL_OES_shader_image_atomic
04-21 19:52:18.091 11106-11190/com.Raven.WebViewDebug I/OVR_GlUtils: GL_EXT_robustness
04-21 19:52:18.091 11106-11190/com.Raven.WebViewDebug I/OVR_GlUtils: GL_EXT_draw_buffers_indexed
04-21 19:52:18.091 11106-11190/com.Raven.WebViewDebug I/OVR_GlUtils: GL_OES_draw_buffers_indexed
04-21 19:52:18.091 11106-11190/com.Raven.WebViewDebug I/OVR_GlUtils: GL_EXT_texture_border_clamp
04-21 19:52:18.091 11106-11190/com.Raven.WebViewDebug I/OVR_GlUtils: GL_OES_texture_border_clamp
04-21 19:52:18.091 11106-11190/com.Raven.WebViewDebug I/OVR_GlUtils: GL_EXT_texture_cube_map_array
04-21 19:52:18.091 11106-11190/com.Raven.WebViewDebug I/OVR_GlUtils: GL_OES_texture_cube_map_array
04-21 19:52:18.091 11106-11190/com.Raven.WebViewDebug I/OVR_GlUtils: GL_OES_sample_variables
04-21 19:52:18.091 11106-11190/com.Raven.WebViewDebug I/OVR_GlUtils: GL_OES_sample_shading
04-21 19:52:18.091 11106-11190/com.Raven.WebViewDebug I/OVR_GlUtils: GL_OES_shader_multisample_interpolation
04-21 19:52:18.091 11106-11190/com.Raven.WebViewDebug I/OVR_GlUtils: GL_EXT_shader_io_blocks
04-21 19:52:18.091 11106-11190/com.Raven.WebViewDebug I/OVR_GlUtils: GL_OES_shader_io_blocks
04-21 19:52:18.091 11106-11190/com.Raven.WebViewDebug I/OVR_GlUtils: GL_EXT_tessellation_shader
04-21 19:52:18.091 11106-11190/com.Raven.WebViewDebug I/OVR_GlUtils: GL_OES_tessellation_shader
04-21 19:52:18.091 11106-11190/com.Raven.WebViewDebug I/OVR_GlUtils: GL_EXT_primitive_bounding_box
04-21 19:52:18.091 11106-11190/com.Raven.WebViewDebug I/OVR_GlUtils: GL_OES_primitive_bounding_box
04-21 19:52:18.091 11106-11190/com.Raven.WebViewDebug I/OVR_GlUtils: GL_EXT_geometry_shader
04-21 19:52:18.091 11106-11190/com.Raven.WebViewDebug I/OVR_GlUtils: GL_OES_geometry_shader
04-21 19:52:18.091 11106-11190/com.Raven.WebViewDebug I/OVR_GlUtils: GL_ANDROID_extension_pack_es31a
04-21 19:52:18.091 11106-11190/com.Raven.WebViewDebug I/OVR_GlUtils: GL_EXT_gpu_shader5
04-21 19:52:18.091 11106-11190/com.Raven.WebViewDebug I/OVR_GlUtils: GL_OES_gpu_shader5
04-21 19:52:18.091 11106-11190/com.Raven.WebViewDebug I/OVR_GlUtils: GL_EXT_texture_buffer
04-21 19:52:18.091 11106-11190/com.Raven.WebViewDebug I/OVR_GlUtils: GL_OES_texture_buffer
04-21 19:52:18.091 11106-11190/com.Raven.WebViewDebug I/OVR_GlUtils: GL_EXT_copy_image
04-21 19:52:18.091 11106-11190/com.Raven.WebViewDebug I/OVR_GlUtils: GL_OES_copy_image
04-21 19:52:18.091 11106-11190/com.Raven.WebViewDebug I/OVR_GlUtils: GL_EXT_color_buffer_half_float
04-21 19:52:18.091 11106-11190/com.Raven.WebViewDebug I/OVR_GlUtils: GL_EXT_color_buffer_float
04-21 19:52:18.091 11106-11190/com.Raven.WebViewDebug I/OVR_GlUtils: GL_OVR_multiview
04-21 19:52:18.091 11106-11190/com.Raven.WebViewDebug I/OVR_GlUtils: GL_OVR_multiview2
04-21 19:52:18.101 11106-11190/com.Raven.WebViewDebug I/OVR_GlUtils: GL_OVR_multiview_multisampled_render_to_texture
04-21 19:52:18.101 11106-11190/com.Raven.WebViewDebug I/OVR_GlUtils: es3 = TRUE
04-21 19:52:18.101 11106-11190/com.Raven.WebViewDebug I/OVR_GlUtils: Found: GL_EXT_discard_framebuffer
04-21 19:52:18.101 11106-11190/com.Raven.WebViewDebug I/OVR_GlUtils: Found: GL_EXT_multisampled_render_to_texture
04-21 19:52:18.101 11106-11190/com.Raven.WebViewDebug I/OVR_GlUtils: Found: GL_OES_vertex_array_object
04-21 19:52:18.101 11106-11190/com.Raven.WebViewDebug I/OVR_GlUtils: Not found: GL_QCOM_tiled_rendering
04-21 19:52:18.101 11106-11190/com.Raven.WebViewDebug I/OVR_GlUtils: Found: GL_EXT_disjoint_timer_query
04-21 19:52:18.101 11106-11190/com.Raven.WebViewDebug I/OVR_GlUtils: Found: GL_EXT_texture_sRGB_decode
04-21 19:52:18.101 11106-11190/com.Raven.WebViewDebug I/OVR_GlUtils: Not found: GL_EXT_texture_filter_anisotropic
04-21 19:52:18.101 11106-11190/com.Raven.WebViewDebug I/OVR_GlUtils: GL_MAX_TEXTURE_SIZE = 8192
04-21 19:52:18.101 11106-11190/com.Raven.WebViewDebug I/OVR_GlUtils: GL_MAX_VERTEX_UNIFORM_VECTORS = 1024
04-21 19:52:18.101 11106-11190/com.Raven.WebViewDebug I/OVR_GlUtils: GL_MAX_FRAGMENT_UNIFORM_VECTORS = 1024
04-21 19:52:18.101 11106-11190/com.Raven.WebViewDebug I/VrApi: Window Surface Size: [2560x1440]
04-21 19:52:18.101 11106-11190/com.Raven.WebViewDebug I/OVR: Couldn't open /data/data/com.Raven.WebViewDebug/cache/oculusprefs
04-21 19:52:18.101 11106-11190/com.Raven.WebViewDebug I/OVR: Couldn't open /sdcard/.oculusprefs
04-21 19:52:18.101 11106-11190/com.Raven.WebViewDebug I/VrApi: hmdInfo.lensSeparation = 0.063000
04-21 19:52:18.101 11106-11190/com.Raven.WebViewDebug I/VrApi: hmdInfo.widthMeters = 0.125000
04-21 19:52:18.101 11106-11190/com.Raven.WebViewDebug I/VrApi: hmdInfo.heightMeters = 0.070700
04-21 19:52:18.101 11106-11190/com.Raven.WebViewDebug I/VrApi: hmdInfo.widthPixels = 2560
04-21 19:52:18.101 11106-11190/com.Raven.WebViewDebug I/VrApi: hmdInfo.heightPixels = 1440
04-21 19:52:18.101 11106-11190/com.Raven.WebViewDebug I/VrApi: hmdInfo.eyeTextureResolution[0] = 1024
04-21 19:52:18.101 11106-11190/com.Raven.WebViewDebug I/VrApi: hmdInfo.eyeTextureResolution[1] = 1024
04-21 19:52:18.101 11106-11190/com.Raven.WebViewDebug I/VrApi: hmdInfo.eyeTextureFov[0] = 90.000000
04-21 19:52:18.101 11106-11190/com.Raven.WebViewDebug I/VrApi: hmdInfo.eyeTextureFov[1] = 90.000000
04-21 19:52:18.101 11106-11190/com.Raven.WebViewDebug I/VrApi: ovr_RegisterStatsReceivers
04-21 19:52:18.101 11106-11190/com.Raven.WebViewDebug D/BatteryReceiver: Registering battery receiver
04-21 19:52:18.101 11106-11190/com.Raven.WebViewDebug D/HeadsetReceiver: startHeadsetReceiver: 0
04-21 19:52:18.101 11106-11190/com.Raven.WebViewDebug I/VrApi: nativeHeadsetEvent(0)
04-21 19:52:18.101 11106-11190/com.Raven.WebViewDebug I/VrApi: nativeGamepadListener(0)
04-21 19:52:18.101 11106-11190/com.Raven.WebViewDebug I/OutsideIn: OIT::Enter()
04-21 19:52:18.101 11106-11190/com.Raven.WebViewDebug I/OutsideIn: Set the dev_oitCamera localpref to enable
04-21 19:52:18.101 11106-11190/com.Raven.WebViewDebug I/TimeWarp: -------------------- TimeWarpLocal() --------------------
04-21 19:52:18.101 11106-11190/com.Raven.WebViewDebug I/TimeWarp: AsynchronousTimeWarp = 1
04-21 19:52:18.101 11106-11190/com.Raven.WebViewDebug I/TimeWarp: FrontBuffer = 1
04-21 19:52:18.101 11106-11190/com.Raven.WebViewDebug I/TimeWarp: DrawCalibrationLines = 0
04-21 19:52:18.101 11106-11190/com.Raven.WebViewDebug I/TimeWarp: Current EGL_CONTEXT_CLIENT_VERSION:2
04-21 19:52:18.101 11106-11190/com.Raven.WebViewDebug I/TimeWarp: eglFrontBufferSurface = 0xdb771fc0
