06-10 18:58:30.871 32006 32022 D PackageManager: getComponentMetadataForIconTray : com.samsung.android.sm.ui.dashboard.SmartManagerDashBoardActivity does not exist in mProviders
06-10 18:58:30.871 32006 32022 D PackageManager: getComponentMetadataForIconTray : com.samsung.android.sm.ui.dashboard.SmartManagerDashBoardActivity does not exist in mReceivers
06-10 18:58:30.911 32006 32495 I ActivityManager: Process com.digitalkey.setin (pid 23329)(adj 0) has died(2261,407)
06-10 18:58:30.921 32006 32495 D ActivityManager: isAutoRunBlockedApp:: com.digitalkey.setin, Auto Run ON
06-10 18:58:30.921 32006 32495 W ActivityManager: Force removing ActivityRecord{5f101c1 u0 com.digitalkey.setin/com.unity3d.player.UnityPlayerActivity t821}: app died, no saved state
06-10 18:58:30.931 32006 32022 D PackageManager: getComponentMetadataForIconTray : com.estrongs.android.pop.view.FileExplorerActivity does not exist in mServices
06-10 18:58:30.931 32006 32022 D PackageManager: getComponentMetadataForIconTray : com.estrongs.android.pop.view.FileExplorerActivity does not exist in mProviders
06-10 18:58:30.931 32006 32022 D PackageManager: getComponentMetadataForIconTray : com.estrongs.android.pop.view.FileExplorerActivity does not exist in mReceivers
06-10 18:58:31.011 32006 32495 D ActivityManager: mDVFSHelper.acquire()
06-10 18:58:31.031 32006 32495 I ActivityManager: Start proc 26375:com.samsung.android.hmt.vrsvc/1000 for activity com.samsung.android.hmt.vrsvc/.MonoActivity
06-10 18:58:31.071 32006 32462 D ActivityManager: Launching com.samsung.android.hmt.vrsvc, updated priority
06-10 18:58:31.071 32006 32478 D PackageManager: getComponentMetadataForIconTray : com.android.settings.Settings does not exist in mServices
06-10 18:58:31.071 32006 32478 D PackageManager: getComponentMetadataForIconTray : com.android.settings.Settings does not exist in mProviders
06-10 18:58:31.071 32006 32478 D PackageManager: getComponentMetadataForIconTray : com.android.settings.Settings does not exist in mReceivers
06-10 18:58:31.201 32006 32471 W ActivityManager: Permission Denial: Accessing service ComponentInfo{com.google.android.music/com.google.android.music.dial.DialMediaRouteProviderService} from pid=26119, uid=10146 that is not exported from uid 10143
06-10 18:58:31.231 32006 32063 I ActivityManager: Start proc 26422:com.instagram.android/u0a113 for broadcast-3 com.instagram.android/com.facebook.rti.push.service.idsharing.FbnsSharingStateReceiver
06-10 18:58:31.291 32006 32489 D ActivityManager: post active user change for 0 fullscreen true isFloatingActivity() false isHomeActivity() false
06-10 18:58:31.481 32006 32475 D PackageManager: setEnabledSetting : userId = 0 packageName = com.oculus.horizon cmp = com.facebook.rti.push.service.FbnsService newState = 1 callingPackage = 10221
06-10 18:58:31.701 32006 32475 D PackageManager: setEnabledSetting : userId = 0 packageName = com.instagram.android cmp = com.instagram.push.fbns.FbnsInitBroadcastReceiver newState = 2 callingPackage = 10113
06-10 18:58:31.721 32006 32485 I ActivityManager: Start proc 26513:com.facebook.orca/u0a114 for broadcast-3 com.facebook.orca/com.facebook.rti.push.service.idsharing.FbnsSharingStateReceiver
06-10 18:58:31.741 32006 32478 I ActivityManager: Start proc 26533:com.sec.android.inputmethod/1000 for service com.sec.android.inputmethod/.SamsungKeypad
06-10 18:58:31.781 32006 32096 I ActivityManager: Displayed com.samsung.android.hmt.vrsvc/.MonoActivity: +768ms
06-10 18:58:31.781 32006 32096 D ActivityManager: mDVFSHelper.release()
06-10 18:58:32.801 32006 32478 I ActivityManager: Start proc 26605:com.myscript.atk.rmc.service.sample/u0a157 for content provider com.myscript.atk.rmc.service.sample/com.myscript.atk.rmc.DataStorageProvider
06-10 18:58:33.011 32006 32063 I ActivityManager: Start proc 26630:com.samsung.android.writingbuddyservice/u0a193 for broadcast-3 com.samsung.android.writingbuddyservice/.WritingBuddyServiceReceiver
06-10 18:58:34.641 32006 32469 D ActivityManager: mDVFSHelper.acquire()
06-10 18:58:34.661 32006 32495 I ActivityManager: Start proc 26651:com.oculus.home/u0a221 for activity com.oculus.home/.HomeActivity
06-10 18:58:34.681 32006 32458 D ActivityManager: Launching com.oculus.home, updated priority
06-10 18:58:35.201 32006 32458 D ActivityManager: post active user change for 0 fullscreen true isFloatingActivity() false isHomeActivity() false
06-10 18:58:35.301 32006 32096 I ActivityManager: Displayed com.oculus.home/.HomeActivity: +643ms
06-10 18:58:35.301 32006 32096 D ActivityManager: mDVFSHelper.release()
06-10 18:58:35.391 26651 26678 E Unity : Unable to find OculusInitPlugin
06-10 18:58:35.511 26651 26678 D Unity : GL_EXT_debug_marker GL_ARM_rgba8 GL_ARM_mali_shader_binary GL_OES_depth24 GL_OES_depth_texture GL_OES_depth_texture_cube_map GL_OES_packed_depth_stencil GL_OES_rgb8_rgba8 GL_EXT_read_format_bgra GL_OES_compressed_paletted_texture GL_OES_compressed_ETC1_RGB8_texture GL_OES_standard_derivatives GL_OES_EGL_image GL_OES_EGL_image_external GL_OES_EGL_sync GL_OES_texture_npot GL_OES_vertex_half_float GL_OES_required_internalformat GL_OES_vertex_array_object GL_OES_mapbuffer GL_EXT_texture_format_BGRA8888 GL_EXT_texture_rg GL_EXT_texture_type_2_10_10_10_REV GL_OES_fbo_render_mipmap GL_OES_element_index_uint GL_EXT_shadow_samplers GL_OES_texture_compression_astc GL_KHR_texture_compression_astc_ldr GL_KHR_texture_compression_astc_hdr GL_KHR_debug GL_EXT_occlusion_query_boolean GL_EXT_disjoint_timer_query GL_EXT_blend_minmax GL_EXT_discard_framebuffer GL_OES_get_program_binary GL_OES_texture_3D GL_EXT_texture_storage GL_EXT_multisampled_render_to_texture GL_OES_surfaceless_context GL_OES_texture_stencil8 GL_EXT_shader
06-10 18:58:35.511 26651 26678 D Unity : _pixel_local_storage GL_ARM_shader_framebuffer_fetch GL_ARM_shader_framebuffer_fetch_depth_stencil GL_ARM_mali_program_binary GL_EXT_sRGB GL_EXT_sRGB_write_control GL_EXT_texture_sRGB_decode GL_KHR_blend_equation_advanced GL_KHR_blend_equation_advanced_coherent GL_OES_texture_storage_multisample_2d_array GL_OES_shader_image_atomic GL_EXT_robustness GL_EXT_draw_buffers_indexed GL_OES_draw_buffers_indexed GL_EXT_texture_border_clamp GL_OES_texture_border_clamp GL_EXT_texture_cube_map_array GL_OES_texture_cube_map_array GL_OES_sample_variables GL_OES_sample_shading GL_OES_shader_multisample_interpolation GL_EXT_shader_io_blocks GL_OES_shader_io_blocks GL_EXT_tessellation_shader GL_OES_tessellation_shader GL_EXT_primitive_bounding_box GL_OES_primitive_bounding_box GL_EXT_geometry_shader GL_OES_geometry_shader GL_ANDROID_extension_pack_es31a GL_EXT_gpu_shader5 GL_OES_gpu_shader5 GL_EXT_texture_buffer GL_OES_texture_buffer GL_EXT_copy_image GL_OES_copy_image GL_EXT_color_buffer_half_float GL_EXT_color_buffer_float
06-10 18:58:35.511 26651 26678 D Unity : GL_OVR_multiview GL_OVR_multiview2 GL_OVR_multiview_multisampled_render_to_texture
06-10 18:58:35.531 26651 26678 I Unity : Default GameObject BitMask: UI already registered
06-10 18:58:35.531 26651 26678 I Unity :
06-10 18:58:35.531 26651 26678 I Unity : (Filename: Line: 169)
06-10 18:58:35.531 26651 26678 I Unity :
06-10 18:58:35.581 32006 32063 I ActivityManager: Start proc 26728:com.google.android.gms.persistent/u0a15 for broadcast-3 com.google.android.gms/.gcm.nts.SchedulerReceiver
06-10 18:58:35.781 32006 32469 D PackageManager: setEnabledSetting : userId = 0 packageName = com.google.android.gms cmp = com.google.android.gms.gcm.gmsproc.GcmInGmsTaskService newState = 1 callingPackage = 10015
06-10 18:58:35.791 32006 32478 D PackageManager: setEnabledSetting : userId = 0 packageName = com.google.android.gms cmp = com.google.android.gms.gcm.gmsproc.ConnectivityChangeReceiver newState = 2 callingPackage = 10015
06-10 18:58:35.791 32006 32478 D PackageManager: setEnabledSetting : userId = 0 packageName = com.google.android.gms cmp = com.google.android.gms.gcm.gmsproc.GcmIntentService newState = 2 callingPackage = 10015
06-10 18:58:36.101 26651 26678 E Unity : Unable to find OVRPlugin
06-10 18:58:36.111 26651 26678 E Unity : Unable to find OVRPlugin
06-10 18:58:36.141 26651 26678 I Unity : Unity v4.6.9p3, Oculus Integration v0.1.3.0, OVRPlugin v0.0.0.0.
06-10 18:58:36.141 26651 26678 I Unity :
06-10 18:58:36.141 26651 26678 I Unity : (Filename: ./artifacts/AndroidManagedGenerated/UnityEngineDebug.cpp Line: 56)
06-10 18:58:36.141 26651 26678 I Unity :
06-10 18:58:36.141 26651 26678 I Unity : Unity Version: 4.6.9p3
06-10 18:58:36.141 26651 26678 I Unity :
06-10 18:58:36.141 26651 26678 I Unity : (Filename: ./artifacts/AndroidManagedGenerated/UnityEngineDebug.cpp Line: 56)
06-10 18:58:36.141 26651 26678 I Unity :
06-10 18:58:36.191 26651 26678 I Unity : Inhibiting Entitlement Check!
06-10 18:58:36.191 26651 26678 I Unity :
06-10 18:58:36.191 26651 26678 I Unity : (Filename: ./artifacts/AndroidManagedGenerated/UnityEngineDebug.cpp Line: 56)
06-10 18:58:36.191 26651 26678 I Unity :
06-10 18:58:36.221 26651 26678 I Unity : Creating volume controller...
06-10 18:58:36.221 26651 26678 I Unity :
06-10 18:58:36.221 26651 26678 I Unity : (Filename: ./artifacts/AndroidManagedGenerated/UnityEngineDebug.cpp Line: 56)
06-10 18:58:36.221 26651 26678 I Unity :
06-10 18:58:36.361 32006 32464 D PackageManager: setEnabledSetting : userId = 0 packageName = com.facebook.katana cmp = com.facebook.mqttlite.MqttService newState = 1 callingPackage = 10115
06-10 18:58:36.381 32006 32022 W ActivityManager: Unable to start service Intent { cmp=com.facebook.katana/com.facebook.messaging.newphoto.NewPhotoIntentService (has extras) } U=0: not found
06-10 18:58:36.391 32006 32022 D PackageManager: setEnabledSetting : userId = 0 packageName = com.facebook.katana cmp = com.google.android.gms.measurement.AppMeasurementContentProvider newState = 0 callingPackage = 10115
06-10 18:58:36.391 32006 32464 D PackageManager: setEnabledSetting : userId = 0 packageName = com.facebook.katana cmp = com.google.android.gms.measurement.AppMeasurementService newState = 0 callingPackage = 10115
06-10 18:58:36.401 32006 32023 D PackageManager: setEnabledSetting : userId = 0 packageName = com.facebook.katana cmp = com.google.android.gms.measurement.AppMeasurementReceiver newState = 0 callingPackage = 10115
06-10 18:58:36.411 32006 32489 D PackageManager: setEnabledSetting : userId = 0 packageName = com.facebook.katana cmp = com.facebook.oxygen.preloads.integration.dogfooding.AuthListener$EmployeeLoggedInMarkerReceiver newState = 2 callingPackage = 10115
06-10 18:58:36.461 32006 32022 D PackageManager: setEnabledSetting : userId = 0 packageName = com.facebook.katana cmp = com.facebook.saved.intentfilter.SaveIconSaveToFacebookAlias newState = 2 callingPackage = 10115
06-10 18:58:36.471 32006 32475 D PackageManager: setEnabledSetting : userId = 0 packageName = com.facebook.katana cmp = com.facebook.saved.intentfilter.SaveIconSavePrivatelyAlias newState = 2 callingPackage = 10115
06-10 18:58:36.481 26651 26678 I Unity : DashboardConfigureVR::ConfigureVrModeParms
06-10 18:58:36.481 26651 26678 I Unity :
06-10 18:58:36.481 26651 26678 I Unity : (Filename: ./artifacts/AndroidManagedGenerated/UnityEngineDebug.cpp Line: 56)
06-10 18:58:36.481 26651 26678 I Unity :
06-10 18:58:36.481 32006 32458 D PackageManager: setEnabledSetting : userId = 0 packageName = com.facebook.katana cmp = com.facebook.saved.intentfilter.FacebookIconSaveForLaterAlias newState = 2 callingPackage = 10115
06-10 18:58:36.491 32006 32469 D PackageManager: setEnabledSetting : userId = 0 packageName = com.facebook.katana cmp = com.facebook.saved.intentfilter.FacebookIconSavePrivatelyAlias newState = 2 callingPackage = 10115
06-10 18:58:36.531 26651 26678 I Unity : OnApplicationFocus() True
06-10 18:58:36.531 26651 26678 I Unity :
06-10 18:58:36.531 26651 26678 I Unity : (Filename: ./artifacts/AndroidManagedGenerated/UnityEngineDebug.cpp Line: 56)
06-10 18:58:36.531 26651 26678 I Unity :
06-10 18:58:36.541 32006 32469 D PackageManager: setEnabledSetting : userId = 0 packageName = com.facebook.katana cmp = com.facebook.timeline.profilevideo.ProfileVideoShareActivityAlias newState = 2 callingPackage = 10115
06-10 18:58:36.551 26651 26678 I Unity : DashboardConfigureVR::ConfigureVrModeParms
06-10 18:58:36.551 26651 26678 I Unity :
06-10 18:58:36.551 26651 26678 I Unity : (Filename: ./artifacts/AndroidManagedGenerated/UnityEngineDebug.cpp Line: 56)
06-10 18:58:36.551 26651 26678 I Unity :
06-10 18:58:36.551 32006 32469 D PackageManager: setEnabledSetting : userId = 0 packageName = com.facebook.katana cmp = com.facebook.timeline.stagingground.ProfilePictureShareActivity newState = 2 callingPackage = 10115
06-10 18:58:36.561 26651 26678 E Unity : Unable to find OVRPlugin
06-10 18:58:36.731 26651 26678 I Unity : Home Gained Focus, LoadedLevel = Preloader
06-10 18:58:36.731 26651 26678 I Unity :
06-10 18:58:36.731 26651 26678 I Unity : (Filename: ./artifacts/AndroidManagedGenerated/UnityEngineDebug.cpp Line: 56)
06-10 18:58:36.731 26651 26678 I Unity :
06-10 18:58:36.751 26651 26678 I Unity : Loading into level SplashScreen
06-10 18:58:36.751 26651 26678 I Unity :
06-10 18:58:36.751 26651 26678 I Unity : (Filename: ./artifacts/AndroidManagedGenerated/UnityEngineDebug.cpp Line: 56)
06-10 18:58:36.751 26651 26678 I Unity :
06-10 18:58:37.371 32006 32495 I ActivityManager: Start proc 26885:com.sec.android.provider.badge/u0a88 for broadcast-3 com.sec.android.provider.badge/.BadgeCountReceiver
06-10 18:58:37.631 32006 32469 D PackageManager: setEnabledSetting : userId = 0 packageName = com.facebook.orca cmp = com.facebook.mqttlite.MqttService newState = 1 callingPackage = 10114
06-10 18:58:37.811 32006 32492 D PackageManager: setEnabledSetting : userId = 0 packageName = com.facebook.orca cmp = com.facebook.messaging.connectivity.ConnectivityBroadcastReceiver newState = 2 callingPackage = 10114
06-10 18:58:37.901 32006 32467 D ActivityManager: The following uid has registered to recieve broadcast for proxy related updates 10113
06-10 18:58:37.921 32006 32495 D PackageManager: setEnabledSetting : userId = 0 packageName = com.facebook.orca cmp = com.facebook.messaging.phoneintegration.callupsell.PhoneCallReceiver newState = 2 callingPackage = 10114
06-10 18:58:38.001 32006 32023 I ActivityManager: Start proc 26953:com.google.android.talk/u0a129 for broadcast-3 com.google.android.talk/com.google.android.apps.hangouts.service.GcmStateReceiver
06-10 18:58:38.921 32006 32473 D PackageManager: setEnabledSetting : userId = 0 packageName = com.google.android.talk cmp = com.google.android.apps.hangouts.sms.SmsReceiver newState = 2 callingPackage = 10129
06-10 18:58:38.941 32006 32458 D PackageManager: setEnabledSetting : userId = 0 packageName = com.google.android.talk cmp = com.google.android.apps.hangouts.sms.MmsWapPushReceiver newState = 2 callingPackage = 10129
06-10 18:58:38.941 32006 32478 D PackageManager: setEnabledSetting : userId = 0 packageName = com.google.android.talk cmp = com.google.android.apps.hangouts.sms.AbortSmsReceiver newState = 2 callingPackage = 10129
06-10 18:58:38.941 32006 32475 D PackageManager: setEnabledSetting : userId = 0 packageName = com.google.android.talk cmp = com.google.android.apps.hangouts.sms.AbortMmsWapPushReceiver newState = 2 callingPackage = 10129
06-10 18:58:38.951 32006 32471 D PackageManager: setEnabledSetting : userId = 0 packageName = com.google.android.talk cmp = com.google.android.apps.hangouts.service.NoConfirmationSmsSendService newState = 1 callingPackage = 10129
06-10 18:58:39.761 26651 26678 E Unity : Oculus Home: Localization Key not found home_tutorial_name
06-10 18:58:39.761 26651 26678 E Unity :
06-10 18:58:39.761 26651 26678 E Unity : (Filename: ./artifacts/AndroidManagedGenerated/UnityEngineDebug.cpp Line: 56)
06-10 18:58:39.761 26651 26678 E Unity :
06-10 18:58:40.171 26651 26678 W Unity : Oculus Home: home_common_ok translation not found in selected locale, reverting to US English
06-10 18:58:40.171 26651 26678 W Unity :
06-10 18:58:40.171 26651 26678 W Unity : (Filename: ./artifacts/AndroidManagedGenerated/UnityEngineDebug.cpp Line: 56)
06-10 18:58:40.171 26651 26678 W Unity :
06-10 18:58:40.171 26651 26678 W Unity : Oculus Home: home_common_samsung translation not found in selected locale, reverting to US English
06-10 18:58:40.171 26651 26678 W Unity :
06-10 18:58:40.171 26651 26678 W Unity : (Filename: ./artifacts/AndroidManagedGenerated/UnityEngineDebug.cpp Line: 56)
06-10 18:58:40.171 26651 26678 W Unity :
06-10 18:58:40.171 26651 26678 W Unity : Oculus Home: home_homepage_social translation not found in selected locale, reverting to US English
06-10 18:58:40.171 26651 26678 W Unity :
06-10 18:58:40.171 26651 26678 W Unity : (Filename: ./artifacts/AndroidManagedGenerated/UnityEngineDebug.cpp Line: 56)
06-10 18:58:40.171 26651 26678 W Unity :
06-10 18:58:40.171 26651 26678 W Unity : Oculus Home: home_pdp_download_megabytes translation not found in selected locale, reverting to US English
06-10 18:58:40.171 26651 26678 W Unity :
06-10 18:58:40.171 26651 26678 W Unity : (Filename: ./artifacts/AndroidManagedGenerated/UnityEngineDebug.cpp Line: 56)
06-10 18:58:40.171 26651 26678 W Unity :
06-10 18:58:40.171 26651 26678 W Unity : Oculus Home: home_pdp_download_kilobytes translation not found in selected locale, reverting to US English
06-10 18:58:40.171 26651 26678 W Unity :
06-10 18:58:40.171 26651 26678 W Unity : (Filename: ./artifacts/AndroidManagedGenerated/UnityEngineDebug.cpp Line: 56)
06-10 18:58:40.171 26651 26678 W Unity :
06-10 18:58:40.171 26651 26678 W Unity : Oculus Home: home_pdp_download_bytes translation not found in selected locale, reverting to US English
06-10 18:58:40.171 26651 26678 W Unity :
06-10 18:58:40.171 26651 26678 W Unity : (Filename: ./artifacts/AndroidManagedGenerated/UnityEngineDebug.cpp Line: 56)
06-10 18:58:40.171 26651 26678 W Unity :
06-10 18:58:40.171 26651 26678 W Unity : Oculus Home: home_pdp_details_gamepad translation not found in selected locale, reverting to US English
06-10 18:58:40.171 26651 26678 W Unity :
06-10 18:58:40.171 26651 26678 W Unity : (Filename: ./artifacts/AndroidManagedGenerated/UnityEngineDebug.cpp Line: 56)
06-10 18:58:40.171 26651 26678 W Unity :
06-10 18:58:40.171 26651 26678 W Unity : Oculus Home: home_pdp_details_touchpad translation not found in selected locale, reverting to US English
06-10 18:58:40.171 26651 26678 W Unity :
06-10 18:58:40.171 26651 26678 W Unity : (Filename: ./artifacts/AndroidManagedGenerated/UnityEngineDebug.cpp Line: 56)
06-10 18:58:40.171 26651 26678 W Unity :
06-10 18:58:40.171 26651 26678 W Unity : Oculus Home: home_purchase_item translation not found in selected locale, reverting to US English
06-10 18:58:40.171 26651 26678 W Unity :
06-10 18:58:40.171 26651 26678 W Unity : (Filename: ./artifacts/AndroidManagedGenerated/UnityEngineDebug.cpp Line: 56)
06-10 18:58:40.171 26651 26678 W Unity :
06-10 18:58:40.171 26651 26678 W Unity : Oculus Home: home_purchase_total translation not found in selected locale, reverting to US English
06-10 18:58:40.171 26651 26678 W Unity :
06-10 18:58:40.171 26651 26678 W Unity : (Filename: ./artifacts/AndroidManagedGenerated/UnityEngineDebug.cpp Line: 56)
06-10 18:58:40.171 26651 26678 W Unity :
06-10 18:58:40.171 26651 26678 W Unity : Oculus Home: home_tutorial_name translation not found in selected locale, reverting to US English
06-10 18:58:40.171 26651 26678 W Unity :
06-10 18:58:40.171 26651 26678 W Unity : (Filename: ./artifacts/AndroidManagedGenerated/UnityEngineDebug.cpp Line: 56)
06-10 18:58:40.171 26651 26678 W Unity :
06-10 18:58:40.171 26651 26678 W Unity : Oculus Home: home_tutorial_gamepad_dpad translation not found in selected locale, reverting to US English
06-10 18:58:40.171 26651 26678 W Unity :
06-10 18:58:40.171 26651 26678 W Unity : (Filename: ./artifacts/AndroidManagedGenerated/UnityEngineDebug.cpp Line: 56)
06-10 18:58:40.171 26651 26678 W Unity :
06-10 18:58:40.181 26651 26678 I Unity : DashboardConfigureVR::ConfigureVrModeParms
06-10 18:58:40.181 26651 26678 I Unity :
06-10 18:58:40.181 26651 26678 I Unity : (Filename: ./artifacts/AndroidManagedGenerated/UnityEngineDebug.cpp Line: 56)
06-10 18:58:40.181 26651 26678 I Unity :
06-10 18:58:40.281 26651 26678 I Unity : Fade in --- Skybox InterfaceElements
06-10 18:58:40.281 26651 26678 I Unity :
06-10 18:58:40.281 26651 26678 I Unity : (Filename: ./artifacts/AndroidManagedGenerated/UnityEngineDebug.cpp Line: 56)
06-10 18:58:40.281 26651 26678 I Unity :
06-10 18:58:40.341 26651 26678 I Unity : True device model: S6_Universal samsung SM-N920G
06-10 18:58:40.341 26651 26678 I Unity :
06-10 18:58:40.341 26651 26678 I Unity : (Filename: ./artifacts/AndroidManagedGenerated/UnityEngineDebug.cpp Line: 56)
06-10 18:58:40.341 26651 26678 I Unity :
06-10 18:58:45.371 32006 32063 I ActivityManager: Waited long enough for: ServiceRecord{cfde412 u0 com.microsoft.skydrive/.updateuserinfo.UpdateUserInfoService}
06-10 18:58:46.611 32006 32063 I ActivityManager: Start proc 27014:com.estrongs.android.pop/u0a227 for broadcast-3 com.estrongs.android.pop/com.dianxinos.dxservice.stat.AlarmReceiver
06-10 18:58:52.871 32006 32063 I ActivityManager: Waited long enough for: ServiceRecord{bc68a66 u0 com.facebook.orca/com.facebook.messaging.newphoto.NewPhotoIntentService}
06-10 18:58:53.821 32006 32481 D PackageManager: setEnabledSetting : userId = 0 packageName = com.google.android.talk cmp = com.google.android.apps.hangouts.phone.ShareIntentSmsOnlyActivity newState = 2 callingPackage = 10129
06-10 18:58:53.841 32006 32063 I ActivityManager: Start proc 27069:com.google.android.talk:matchstick/u0a129 for broadcast-3 com.google.android.talk/com.google.android.libraries.matchstick.net.MatchstickInProcessReceiver
06-10 18:59:10.451 32006 32063 I ActivityManager: Start proc 27121:com.sec.android.app.SmartClipService/u0a182 for service com.sec.android.app.SmartClipService/com.samsung.android.service.hermes.HermesServiceStarter
06-10 18:59:30.451 32006 32063 I ActivityManager: Start proc 27150:com.samsung.android.beaconmanager/5006 for service com.samsung.android.beaconmanager/.BeaconService
06-10 18:59:50.451 32006 32063 I ActivityManager: Start proc 27203:com.sec.spp.push/u0a37 for service com.sec.spp.push/.PushClientService
06-10 19:00:00.451 32006 32063 I ActivityManager: Start proc 27239:com.trustonic.tuiservice/1000 for service com.trustonic.tuiservice/.TuiService
06-10 19:00:10.451 32006 32063 I ActivityManager: Start proc 27265:com.samsung.android.smartface/1000 for service com.samsung.android.smartface/.SmartFaceServiceStarter
06-10 19:00:17.461 32006 32006 I ActivityManager: Start proc 27281:com.samsung.ucs.agent.boot/1000 for service com.samsung.ucs.agent.boot/.BootAgentService
06-10 19:02:20.451 32006 32063 I ActivityManager: Start proc 27421:com.samsung.android.voicewakeup/u0a69 for service com.samsung.android.voicewakeup/.alwaysmicon.AlwaysMicOnService
06-10 19:02:50.451 32006 32063 I ActivityManager: Start proc 27481:com.microsoft.office.word/u0a7 for service com.microsoft.office.word/com.microsoft.office.preinstallservice.PreInstallService
06-10 19:03:00.451 32006 32063 I ActivityManager: Start proc 27511:com.samsung.android.fmm/1000 for service com.samsung.android.fmm/com.fmm.dm.XDMService
06-10 19:03:20.471 32006 32063 I ActivityManager: Start proc 27553:com.google.android.googlequicksearchbox:interactor/u0a66 for service com.google.android.googlequicksearchbox/com.google.android.voiceinteraction.GsaVoiceInteractionService
06-10 19:03:20.841 32006 32475 I ActivityManager: Start proc 27565:com.google.android.googlequicksearchbox:search/u0a66 for service com.google.android.googlequicksearchbox/com.google.android.hotword.service.HotwordService
06-10 19:03:20.841 32006 32492 D PackageManager: setEnabledSetting : userId = 0 packageName = com.google.android.googlequicksearchbox cmp = com.google.android.apps.gsa.assist.LaunchNowOnTapActivity newState = 1 callingPackage = 10066
06-10 19:03:21.361 32006 32473 D PackageManager: setEnabledSetting : userId = 0 packageName = com.google.android.googlequicksearchbox cmp = com.google.android.apps.gsa.soundsearchwidget.IntentWidgetProvider newState = 1 callingPackage = 10066
06-10 19:03:21.771 32006 32023 I ActivityManager: Start proc 27589:com.google.android.partnersetup/u0a18 for content provider com.google.android.partnersetup/.RlzAppProvider
06-10 19:03:40.461 32006 32063 I ActivityManager: Start proc 27630:com.samsung.ucs.ucspinpad/1000 for service com.samsung.ucs.ucspinpad/.UcsPinpadService
06-10 19:03:50.461 32006 32063 I ActivityManager: Start proc 27658:org.simalliance.openmobileapi.service:remote/u0a249 for service org.simalliance.openmobileapi.service/.SmartcardService