06-10 18:56:17.981 32006 32469 W ActivityManager: Scheduling restart of crashed service com.oculus.horizon/com.facebook.rti.push.service.FbnsService in 42436ms
06-10 18:56:19.161 32006 32495 I ActivityManager: Start proc 25271:android.process.media/u0a45 for content provider com.android.providers.downloads/.DownloadProvider
06-10 18:56:19.301 32006 32022 I ActivityManager: Process com.sec.spp.push (pid 16974)(adj 8) has died(73,127)
06-10 18:56:19.301 32006 32022 D ActivityManager: isAutoRunBlockedApp:: com.sec.spp.push, Auto Run ON
06-10 18:56:19.301 32006 32022 W ActivityManager: Scheduling restart of crashed service com.sec.spp.push/.PushClientService in 51122ms
06-10 18:56:19.581 32006 32467 I ActivityManager: Start proc 25283:com.facebook.appmanager/u0a112 for broadcast-3 com.facebook.appmanager/com.facebook.oxygen.appmanager.scheduler.BootstrapReceiver
06-10 18:56:19.611 32006 32475 I ActivityManager: Process com.oculus.home (pid 25247)(adj 11) has died(76,135)
06-10 18:56:19.611 32006 32475 D ActivityManager: isAutoRunBlockedApp:: com.oculus.home, Auto Run ON
06-10 18:56:19.701 32006 32467 W ActivityManager: Application dead when creating service ServiceRecord{4275d83 u0 com.android.providers.downloads/.DownloadService}
06-10 18:56:19.701 32006 32467 I ActivityManager: Process android.process.media (pid 25271)(adj 0) has died(74,137)
06-10 18:56:19.701 32006 32467 D ActivityManager: isAutoRunBlockedApp:: com.android.providers.downloads, Auto Run ON
06-10 18:56:19.701 32006 32467 W ActivityManager: Scheduling restart of crashed service com.android.providers.downloads/.DownloadService in 60717ms
06-10 18:56:19.701 32006 32495 W ActivityManager: Unable to launch app com.android.providers.downloads/10045 for provider downloads: launching app became null
06-10 18:56:19.781 32006 32467 W ActivityManager: Exception when starting service com.android.providers.downloads/.DownloadService
06-10 18:56:19.781 32006 32467 W ActivityManager: android.os.DeadObjectException
06-10 18:56:19.781 32006 32467 W ActivityManager: at android.os.BinderProxy.transactNative(Native Method)
06-10 18:56:19.781 32006 32467 W ActivityManager: at android.os.BinderProxy.transact(Binder.java:503)
06-10 18:56:19.781 32006 32467 W ActivityManager: at android.app.ApplicationThreadProxy.scheduleCreateService(ApplicationThreadNative.java:1235)
06-10 18:56:19.781 32006 32467 W ActivityManager: at com.android.server.am.ActiveServices.realStartServiceLocked(ActiveServices.java:1781)
06-10 18:56:19.781 32006 32467 W ActivityManager: at com.android.server.am.ActiveServices.bringUpServiceLocked(ActiveServices.java:1674)
06-10 18:56:19.781 32006 32467 W ActivityManager: at com.android.server.am.ActiveServices.startServiceInnerLocked(ActiveServices.java:526)
06-10 18:56:19.781 32006 32467 W ActivityManager: at com.android.server.am.ActiveServices.startServiceLocked(ActiveServices.java:513)
06-10 18:56:19.781 32006 32467 W ActivityManager: at com.android.server.am.ActivityManagerService.startService(ActivityManagerService.java:21667)
06-10 18:56:19.781 32006 32467 W ActivityManager: at com.android.server.am.ActivityManagerService.startService(ActivityManagerService.java:21609)
06-10 18:56:19.781 32006 32467 W ActivityManager: at android.app.ActivityManagerNative.onTransact(ActivityManagerNative.java:964)
06-10 18:56:19.781 32006 32467 W ActivityManager: at com.android.server.am.ActivityManagerService.onTransact(ActivityManagerService.java:3981)
06-10 18:56:19.781 32006 32467 W ActivityManager: at android.os.Binder.execTransact(Binder.java:453)
06-10 18:56:19.791 32006 32492 W ActivityManager: Spurious death for ProcessRecord{992eb00 0:android.process.media/u0a45}, curProc for 25271: null
06-10 18:56:21.191 32006 32063 I ActivityManager: Start proc 25298:com.samsung.android.fmm/1000 for service com.samsung.android.fmm/com.fmm.dm.XDMService
06-10 18:56:21.551 32006 32485 I ActivityManager: Process com.facebook.appmanager (pid 25283)(adj 9) has died(74,131)
06-10 18:56:21.551 32006 32485 D ActivityManager: isAutoRunBlockedApp:: com.facebook.appmanager, Auto Run ON
06-10 18:56:24.831 32006 32473 I ActivityManager: Process com.trustonic.tuiservice (pid 18232)(adj 8) has died(73,126)
06-10 18:56:24.831 32006 32473 D ActivityManager: isAutoRunBlockedApp:: com.trustonic.tuiservice, Auto Run ON
06-10 18:56:24.851 32006 32473 W ActivityManager: Scheduling restart of crashed service com.trustonic.tuiservice/.TuiService in 65575ms
06-10 18:56:24.991 32006 32489 I ActivityManager: Process com.samsung.android.smartface (pid 25216)(adj 8) has died(77,125)
06-10 18:56:24.991 32006 32489 D ActivityManager: isAutoRunBlockedApp:: com.samsung.android.smartface, Auto Run ON
06-10 18:56:24.991 32006 32489 W ActivityManager: Scheduling restart of crashed service com.samsung.android.smartface/.SmartFaceServiceStarter in 75427ms
06-10 18:56:27.771 32006 32464 I ActivityManager: Process com.sec.android.app.launcher (pid 17705)(adj 6) has died(76,125)
06-10 18:56:27.781 32006 32464 D ActivityManager: isAutoRunBlockedApp:: com.sec.android.app.launcher, Auto Run ON
06-10 18:56:28.071 32006 32495 I ActivityManager: Process com.google.android.googlequicksearchbox:search (pid 17743)(adj 9) has died(78,134)
06-10 18:56:28.071 32006 32495 D ActivityManager: isAutoRunBlockedApp:: com.google.android.googlequicksearchbox, Auto Run ON
06-10 18:56:30.451 32006 32063 I ActivityManager: Start proc 25331:com.samsung.android.voicewakeup/u0a69 for service com.samsung.android.voicewakeup/.alwaysmicon.AlwaysMicOnService
06-10 18:56:30.841 32006 32063 I ActivityManager: Start proc 25354:com.oculus.home/u0a221 for broadcast-3 com.oculus.home/com.oculus.appmanager.util.WakeupReceiver
06-10 18:56:31.801 32006 32469 I ActivityManager: Start proc 25383:android.process.media/u0a45 for content provider com.android.providers.downloads/.DownloadProvider
06-10 18:56:31.901 32006 32492 I ActivityManager: Start proc 25396:com.facebook.appmanager/u0a112 for broadcast-3 com.facebook.appmanager/com.facebook.oxygen.appmanager.scheduler.BootstrapReceiver
06-10 18:56:31.901 32006 32492 I ActivityManager: Exiting empty application process android.process.media (null)
06-10 18:56:31.931 32006 32492 D ActivityManager: isAutoRunBlockedApp:: com.android.providers.downloads, Auto Run ON
06-10 18:56:31.961 32006 32485 I ActivityManager: Process com.oculus.home (pid 25354)(adj 9) has died(75,146)
06-10 18:56:31.971 32006 32485 D ActivityManager: isAutoRunBlockedApp:: com.oculus.home, Auto Run ON
06-10 18:56:32.291 32006 32485 I ActivityManager: Process com.facebook.appmanager (pid 25396)(adj 9) has died(73,155)
06-10 18:56:32.291 32006 32485 D ActivityManager: isAutoRunBlockedApp:: com.facebook.appmanager, Auto Run ON
06-10 18:56:32.711 32006 32492 I ActivityManager: Process android.process.media (pid 25383)(adj 9) has died(74,154)
06-10 18:56:32.711 32006 32492 D ActivityManager: isAutoRunBlockedApp:: com.android.providers.downloads, Auto Run ON
06-10 18:56:40.451 32006 32063 I ActivityManager: Start proc 25427:com.microsoft.office.word/u0a7 for service com.microsoft.office.word/com.microsoft.office.preinstallservice.PreInstallService
06-10 18:56:44.441 32006 32495 I ActivityManager: Process com.samsung.android.voicewakeup (pid 25331)(adj 8) has died(74,125)
06-10 18:56:44.441 32006 32495 D ActivityManager: isAutoRunBlockedApp:: com.samsung.android.voicewakeup, Auto Run ON
06-10 18:56:44.451 32006 32495 W ActivityManager: Scheduling restart of crashed service com.samsung.android.voicewakeup/.alwaysmicon.AlwaysMicOnService in 65975ms
06-10 18:56:44.591 32006 32022 I ActivityManager: Process com.microsoft.office.word (pid 25427)(adj 8) has died(78,125)
06-10 18:56:44.591 32006 32022 D ActivityManager: isAutoRunBlockedApp:: com.microsoft.office.word, Auto Run ON
06-10 18:56:44.591 32006 32022 W ActivityManager: Scheduling restart of crashed service com.microsoft.office.word/com.microsoft.office.preinstallservice.PreInstallService in 75829ms
06-10 18:56:47.081 32006 32485 I ActivityManager: Process com.samsung.android.fmm (pid 25298)(adj 5) has died(77,125)
06-10 18:56:47.081 32006 32485 D ActivityManager: isAutoRunBlockedApp:: com.samsung.android.fmm, Auto Run ON
06-10 18:56:47.081 32006 32485 W ActivityManager: Scheduling restart of crashed service com.samsung.android.fmm/com.fmm.dm.XDMService in 83342ms
06-10 18:56:49.541 32006 32471 I ActivityManager: Process com.microsoft.skydrive (pid 19656)(adj 5) has died(73,125)
06-10 18:56:49.551 32006 32471 D ActivityManager: isAutoRunBlockedApp:: com.microsoft.skydrive, Auto Run ON
06-10 18:56:49.551 32006 32471 W ActivityManager: Scheduling restart of crashed service com.microsoft.skydrive/.upload.AutoUploadService in 90873ms
06-10 18:56:49.551 32006 32471 W ActivityManager: Scheduling restart of crashed service com.microsoft.skydrive/.upload.ModalUploadService in 100873ms
06-10 18:56:49.551 32006 32471 W ActivityManager: Scheduling restart of crashed service com.microsoft.skydrive/.upload.AsyncMoveService in 110873ms
06-10 18:56:49.551 32006 32471 W ActivityManager: Scheduling restart of crashed service com.microsoft.skydrive/.updateuserinfo.UpdateUserInfoService in 120873ms
06-10 18:56:49.551 32006 32471 W ActivityManager: Scheduling restart of crashed service com.microsoft.skydrive/.streamcache.service.UpdateMetadataForOfflineFilesService in 120873ms
06-10 18:56:49.551 32006 32471 W ActivityManager: Scheduling restart of crashed service com.microsoft.skydrive/.upload.ManualUploadService in 120873ms
06-10 18:56:49.551 32006 32471 W ActivityManager: Scheduling restart of crashed service com.microsoft.skydrive/.task.TaskService in 130870ms
06-10 18:56:50.451 32006 32063 I ActivityManager: Start proc 25444:com.sec.android.app.SmartClipService/u0a182 for service com.sec.android.app.SmartClipService/com.samsung.android.service.hermes.HermesServiceStarter
06-10 18:56:51.131 32006 32464 I ActivityManager: Process com.sec.android.app.SmartClipService (pid 25444)(adj 5) has died(76,123)
06-10 18:56:51.131 32006 32464 D ActivityManager: isAutoRunBlockedApp:: com.sec.android.app.SmartClipService, Auto Run ON
06-10 18:56:51.131 32006 32464 W ActivityManager: Scheduling restart of crashed service com.sec.android.app.SmartClipService/com.samsung.android.service.hermes.HermesServiceStarter in 139293ms
06-10 18:57:00.131 32006 32462 I ActivityManager: Process com.sec.android.inputmethod (pid 15729)(adj 2) has died(85,107)
06-10 18:57:00.141 32006 32462 D ActivityManager: isAutoRunBlockedApp:: com.sec.android.inputmethod, Auto Run ON
06-10 18:57:00.141 32006 32462 W ActivityManager: Scheduling restart of crashed service com.sec.android.inputmethod/.SamsungKeypad in 140282ms
06-10 18:57:00.461 32006 32063 I ActivityManager: Start proc 25471:com.oculus.horizon:fbns/u0a221 for service com.oculus.horizon/com.facebook.rti.push.service.FbnsService
06-10 18:57:01.381 32006 32063 I ActivityManager: Start proc 25485:com.facebook.appmanager/u0a112 for broadcast-3 com.facebook.appmanager/com.facebook.oxygen.appmanager.scheduler.BootstrapReceiver
06-10 18:57:01.711 32006 32467 I ActivityManager: Process com.facebook.appmanager (pid 25485)(adj 9) has died(73,119)
06-10 18:57:01.711 32006 32467 D ActivityManager: isAutoRunBlockedApp:: com.facebook.appmanager, Auto Run ON
06-10 18:57:01.951 32006 32022 I ActivityManager: Start proc 25509:android.process.media/u0a45 for content provider com.android.providers.downloads/.DownloadProvider
06-10 18:57:02.071 32006 32481 I ActivityManager: Start proc 25527:com.facebook.katana/u0a115 for content provider com.facebook.katana/com.facebook.platform.common.provider.PlatformProviderBase
06-10 18:57:02.301 32006 32475 I ActivityManager: Process com.samsung.android.beaconmanager (pid 16701)(adj 2) has died(73,109)
06-10 18:57:02.301 32006 32475 D ActivityManager: isAutoRunBlockedApp:: com.samsung.android.beaconmanager, Auto Run ON
06-10 18:57:02.301 32006 32475 W ActivityManager: Scheduling restart of crashed service com.samsung.android.beaconmanager/.BeaconService in 148121ms
06-10 18:57:03.821 32006 32063 I ActivityManager: Start proc 25556:com.instagram.android/u0a113 for broadcast-3 com.instagram.android/com.facebook.rti.push.service.idsharing.FbnsSharingStateReceiver
06-10 18:57:04.731 32006 32489 I ActivityManager: Process com.oculus.horizon:fbns (pid 25471)(adj 5) has died(78,96)
06-10 18:57:04.731 32006 32489 D ActivityManager: isAutoRunBlockedApp:: com.oculus.horizon, Auto Run ON
06-10 18:57:04.741 32006 32489 W ActivityManager: Scheduling restart of crashed service com.oculus.horizon/com.facebook.rti.push.service.FbnsService in 155688ms
06-10 18:57:04.801 32006 32478 I ActivityManager: Process com.facebook.katana (pid 25527)(adj 11) has died(87,101)
06-10 18:57:04.801 32006 32478 D ActivityManager: isAutoRunBlockedApp:: com.facebook.katana, Auto Run ON
06-10 18:57:04.801 32006 32481 W ActivityManager: Unable to launch app com.facebook.katana/10115 for provider com.facebook.katana.provider.PlatformProvider: launching app became null
06-10 18:57:04.941 32006 32492 I ActivityManager: Process android.process.media (pid 25509)(adj 9) has died(72,116)
06-10 18:57:04.941 32006 32492 D ActivityManager: isAutoRunBlockedApp:: com.android.providers.downloads, Auto Run ON
06-10 18:57:04.941 32006 32022 W ActivityManager: Unable to launch app com.android.providers.downloads/10045 for provider downloads: launching app became null
06-10 18:57:08.141 32006 32467 I ActivityManager: Start proc 25596:com.facebook.katana/u0a115 for broadcast-3 com.facebook.katana/com.facebook.rti.push.service.idsharing.FbnsSharingStateReceiver
06-10 18:57:08.181 32006 32475 I ActivityManager: Process com.instagram.android (pid 25556)(adj 9) has died(74,115)
06-10 18:57:08.181 32006 32475 D ActivityManager: isAutoRunBlockedApp:: com.instagram.android, Auto Run ON
06-10 18:57:08.221 32006 32473 D PackageManager: setEnabledSetting : userId = 0 packageName = com.instagram.android cmp = com.instagram.push.fbns.FbnsInitBroadcastReceiver newState = 2 callingPackage = 10113
06-10 18:57:10.551 32006 32063 I ActivityManager: Start proc 25615:com.sec.spp.push/u0a37 for service com.sec.spp.push/.PushClientService
06-10 18:57:10.831 32006 32475 I ActivityManager: Process com.samsung.android.hmt.vrsvc (pid 23090)(adj 1) has died(74,96)
06-10 18:57:10.841 32006 32475 D ActivityManager: isAutoRunBlockedApp:: com.samsung.android.hmt.vrsvc, Auto Run ON
06-10 18:57:10.871 32006 32475 W ActivityManager: Scheduling restart of crashed service com.samsung.android.hmt.vrsvc/.service.HmtService in 1000ms
06-10 18:57:10.871 32006 32475 W ActivityManager: Scheduling restart of crashed service com.samsung.android.hmt.vrsvc/.service.NotificationListener in 159549ms
06-10 18:57:11.901 32006 32063 I ActivityManager: Start proc 25643:com.samsung.android.hmt.vrsvc/1000 for service com.samsung.android.hmt.vrsvc/.service.HmtService
06-10 18:57:12.411 32006 32478 I ActivityManager: Start proc 25666:com.facebook.orca/u0a114 for broadcast-3 com.facebook.orca/com.facebook.rti.push.service.idsharing.FbnsSharingStateReceiver
06-10 18:57:12.411 32006 32478 I ActivityManager: Exiting empty application process com.facebook.katana (null)
06-10 18:57:12.421 32006 32478 D ActivityManager: isAutoRunBlockedApp:: com.facebook.katana, Auto Run ON
06-10 18:57:12.451 32006 32458 I ActivityManager: Process com.facebook.katana (pid 25596)(adj 9) has died(79,148)
06-10 18:57:12.451 32006 32458 D ActivityManager: isAutoRunBlockedApp:: com.facebook.katana, Auto Run ON
06-10 18:57:13.701 32006 32489 I ActivityManager: Process com.sec.spp.push (pid 25615)(adj 5) has died(82,127)
06-10 18:57:13.701 32006 32489 D ActivityManager: isAutoRunBlockedApp:: com.sec.spp.push, Auto Run ON
06-10 18:57:13.701 32006 32489 W ActivityManager: Scheduling restart of crashed service com.sec.spp.push/.PushClientService in 1000ms
06-10 18:57:14.731 32006 32063 I ActivityManager: Start proc 25706:com.sec.spp.push/u0a37 for service com.sec.spp.push/.PushClientService
06-10 18:57:15.611 32006 32485 I ActivityManager: Process com.sec.spp.push (pid 25706)(adj 5) has died(77,127)
06-10 18:57:15.611 32006 32485 D ActivityManager: isAutoRunBlockedApp:: com.sec.spp.push, Auto Run ON
06-10 18:57:15.631 32006 32485 W ActivityManager: Scheduling restart of crashed service com.sec.spp.push/.PushClientService in 1000ms
06-10 18:57:16.251 32006 32478 I ActivityManager: Exiting empty application process android.process.media (null)
06-10 18:57:16.271 32006 32478 D ActivityManager: isAutoRunBlockedApp:: com.android.providers.downloads, Auto Run ON
06-10 18:57:16.371 32006 32481 I ActivityManager: Process com.facebook.orca (pid 25666)(adj 9) has died(105,131)
06-10 18:57:16.371 32006 32481 D ActivityManager: isAutoRunBlockedApp:: com.facebook.orca, Auto Run ON
06-10 18:57:16.651 32006 32063 I ActivityManager: Start proc 25747:com.sec.spp.push/u0a37 for service com.sec.spp.push/.PushClientService
06-10 18:57:29.301 32006 32492 I ActivityManager: Process com.sec.spp.push (pid 25747)(adj 5) has died(79,125)
06-10 18:57:29.301 32006 32492 D ActivityManager: isAutoRunBlockedApp:: com.sec.spp.push, Auto Run ON
06-10 18:57:29.301 32006 32492 W ActivityManager: Scheduling restart of crashed service com.sec.spp.push/.PushClientService in 141119ms
06-10 18:57:30.451 32006 32063 I ActivityManager: Start proc 25791:com.trustonic.tuiservice/1000 for service com.trustonic.tuiservice/.TuiService
06-10 18:57:30.901 32006 32063 I ActivityManager: Start proc 25804:com.oculus.home/u0a221 for broadcast-3 com.oculus.home/com.oculus.appmanager.util.WakeupReceiver
06-10 18:57:30.911 32006 32481 I ActivityManager: Process com.trustonic.tuiservice (pid 25791)(adj 5) has died(75,126)
06-10 18:57:30.911 32006 32481 D ActivityManager: isAutoRunBlockedApp:: com.trustonic.tuiservice, Auto Run ON
06-10 18:57:30.911 32006 32481 W ActivityManager: Scheduling restart of crashed service com.trustonic.tuiservice/.TuiService in 149516ms
06-10 18:57:32.321 32006 32023 I ActivityManager: Start proc 25827:android.process.media/u0a45 for content provider com.android.providers.downloads/.DownloadProvider
06-10 18:57:32.841 32006 32469 I ActivityManager: Start proc 25839:com.facebook.appmanager/u0a112 for broadcast-3 com.facebook.appmanager/com.facebook.oxygen.appmanager.scheduler.BootstrapReceiver
06-10 18:57:32.881 32006 32467 I ActivityManager: Process com.oculus.home (pid 25804)(adj 11) has died(76,118)
06-10 18:57:32.881 32006 32467 D ActivityManager: isAutoRunBlockedApp:: com.oculus.home, Auto Run ON
06-10 18:57:33.001 32006 32495 I ActivityManager: Process android.process.media (pid 25827)(adj 9) has died(74,121)
06-10 18:57:33.001 32006 32495 D ActivityManager: isAutoRunBlockedApp:: com.android.providers.downloads, Auto Run ON
06-10 18:57:33.001 32006 32023 W ActivityManager: Unable to launch app com.android.providers.downloads/10045 for provider downloads: launching app became null
06-10 18:57:34.701 32006 32469 I ActivityManager: Process com.facebook.appmanager (pid 25839)(adj 9) has died(77,116)
06-10 18:57:34.711 32006 32469 D ActivityManager: isAutoRunBlockedApp:: com.facebook.appmanager, Auto Run ON
06-10 18:57:40.461 32006 32063 I ActivityManager: Start proc 25856:com.samsung.android.smartface/1000 for service com.samsung.android.smartface/.SmartFaceServiceStarter
06-10 18:57:41.261 32006 32462 I ActivityManager: Process com.samsung.android.smartface (pid 25856)(adj 5) has died(78,100)
06-10 18:57:41.261 32006 32462 D ActivityManager: isAutoRunBlockedApp:: com.samsung.android.smartface, Auto Run ON
06-10 18:57:41.271 32006 32462 W ActivityManager: Scheduling restart of crashed service com.samsung.android.smartface/.SmartFaceServiceStarter in 149159ms
06-10 18:57:49.221 32006 32492 I ActivityManager: Process com.google.android.gms.persistent (pid 16355)(adj 1) has died(80,91)
06-10 18:57:49.221 32006 32492 D ActivityManager: isAutoRunBlockedApp:: com.google.android.gms, Auto Run ON
06-10 18:57:49.221 32006 32492 W ActivityManager: Scheduling restart of crashed service com.google.android.gms/com.google.android.location.internal.server.HardwareArProviderService in 151205ms
06-10 18:57:49.221 32006 32492 W ActivityManager: Scheduling restart of crashed service com.google.android.gms/com.google.android.contextmanager.service.ContextManagerService in 161205ms
06-10 18:57:49.221 32006 32492 W ActivityManager: Scheduling restart of crashed service com.google.android.gms/com.google.android.location.geocode.GeocodeService in 171205ms
06-10 18:57:49.221 32006 32492 W ActivityManager: Scheduling restart of crashed service com.google.android.gms/.deviceconnection.service.DeviceConnectionServiceBroker in 181205ms
06-10 18:57:49.221 32006 32492 W ActivityManager: Scheduling restart of crashed service com.google.android.gms/.backup.BackupTransportService in 191205ms
06-10 18:57:49.221 32006 32492 W ActivityManager: Scheduling restart of crashed service com.google.android.gms/com.google.android.location.fused.FusedLocationService in 201205ms
06-10 18:57:49.221 32006 32492 W ActivityManager: Scheduling restart of crashed service com.google.android.gms/com.google.android.location.geofencer.service.GeofenceProviderService in 211205ms
06-10 18:57:49.221 32006 32492 W ActivityManager: Scheduling restart of crashed service com.google.android.gms/com.google.android.location.internal.server.GoogleLocationService in 221205ms
06-10 18:57:49.221 32006 32492 W ActivityManager: Scheduling restart of crashed service com.google.android.gms/com.google.android.location.network.NetworkLocationService in 231205ms
06-10 18:57:49.221 32006 32492 W ActivityManager: Scheduling restart of crashed service com.google.android.gms/com.google.android.location.internal.GoogleLocationManagerService in 241205ms
06-10 18:57:49.231 32006 32492 W ActivityManager: Scheduling restart of crashed service com.google.android.gms/.gcm.GcmService in 251204ms
06-10 18:57:49.231 32006 32492 W ActivityManager: Scheduling restart of crashed service com.google.android.gms/com.google.android.location.internal.PendingIntentCallbackService in 261204ms
06-10 18:57:49.231 32006 32492 W ActivityManager: Scheduling restart of crashed service com.google.android.gms/.common.stats.GmsCoreStatsService in 261195ms
06-10 18:57:50.461 32006 32063 I ActivityManager: Start proc 25897:com.samsung.android.voicewakeup/u0a69 for service com.samsung.android.voicewakeup/.alwaysmicon.AlwaysMicOnService
06-10 18:57:51.551 32006 32481 I ActivityManager: Process com.samsung.android.voicewakeup (pid 25897)(adj 5) has died(76,102)
06-10 18:57:51.551 32006 32481 D ActivityManager: isAutoRunBlockedApp:: com.samsung.android.voicewakeup, Auto Run ON
06-10 18:57:51.551 32006 32481 W ActivityManager: Scheduling restart of crashed service com.samsung.android.voicewakeup/.alwaysmicon.AlwaysMicOnService in 268880ms
06-10 18:57:59.921 32006 32473 I ActivityManager: Process com.android.systemui.recents (pid 15754)(adj 1) has died(76,90)
06-10 18:57:59.921 32006 32473 D ActivityManager: isAutoRunBlockedApp:: com.android.systemui, Auto Run ON
06-10 18:57:59.921 32006 32473 W ActivityManager: Scheduling restart of crashed service com.android.systemui/.recents.RecentsService in 0ms
06-10 18:57:59.961 32006 32063 I ActivityManager: Start proc 25918:com.android.systemui.recents/u0a62 for service com.android.systemui/.recents.RecentsService
06-10 18:58:00.001 32006 32006 I ActivityManager: Exiting empty application process android.process.media (null)
06-10 18:58:00.041 32006 32006 D ActivityManager: isAutoRunBlockedApp:: com.android.providers.downloads, Auto Run ON
06-10 18:58:00.061 32006 32467 I ActivityManager: Process com.google.android.gms (pid 16557)(adj 1) has died(74,96)
06-10 18:58:00.061 32006 32467 D ActivityManager: isAutoRunBlockedApp:: com.google.android.gms, Auto Run ON
06-10 18:58:00.061 32006 32467 W ActivityManager: Scheduling restart of crashed service com.google.android.gms/.ads.identifier.service.AdvertisingIdService in 270370ms
06-10 18:58:00.581 32006 32063 I ActivityManager: Start proc 25930:com.microsoft.office.word/u0a7 for service com.microsoft.office.word/com.microsoft.office.preinstallservice.PreInstallService
06-10 18:58:02.941 32006 32485 D PackageManager: getComponentMetadataForIconTray : com.samsung.voiceserviceplatform.ui.PermissionUsageActivity does not exist in mServices
06-10 18:58:02.941 32006 32485 D PackageManager: getComponentMetadataForIconTray : com.samsung.voiceserviceplatform.ui.PermissionUsageActivity does not exist in mProviders
06-10 18:58:02.941 32006 32485 D PackageManager: getComponentMetadataForIconTray : com.samsung.voiceserviceplatform.ui.PermissionUsageActivity does not exist in mReceivers
06-10 18:58:03.291 32006 32489 D PackageManager: getComponentMetadataForIconTray : com.skyworxx.gearvrnote4deviceidgrabber.DeviceID does not exist in mServices
06-10 18:58:03.291 32006 32489 D PackageManager: getComponentMetadataForIconTray : com.skyworxx.gearvrnote4deviceidgrabber.DeviceID does not exist in mProviders
06-10 18:58:03.291 32006 32489 D PackageManager: getComponentMetadataForIconTray : com.skyworxx.gearvrnote4deviceidgrabber.DeviceID does not exist in mReceivers
06-10 18:58:03.501 32006 32458 D PackageManager: getComponentMetadataForIconTray : com.samsung.android.sm.ui.dashboard.SmartManagerDashBoardActivity does not exist in mServices
06-10 18:58:03.501 32006 32458 D PackageManager: getComponentMetadataForIconTray : com.samsung.android.sm.ui.dashboard.SmartManagerDashBoardActivity does not exist in mProviders
06-10 18:58:03.501 32006 32458 D PackageManager: getComponentMetadataForIconTray : com.samsung.android.sm.ui.dashboard.SmartManagerDashBoardActivity does not exist in mReceivers
06-10 18:58:03.581 32006 32485 D PackageManager: getComponentMetadataForIconTray : com.estrongs.android.pop.view.FileExplorerActivity does not exist in mServices
06-10 18:58:03.581 32006 32485 D PackageManager: getComponentMetadataForIconTray : com.estrongs.android.pop.view.FileExplorerActivity does not exist in mProviders
06-10 18:58:03.581 32006 32485 D PackageManager: getComponentMetadataForIconTray : com.estrongs.android.pop.view.FileExplorerActivity does not exist in mReceivers
06-10 18:58:03.661 32006 32462 I ActivityManager: Process com.samsung.android.hmt.vrsvc (pid 25643)(adj 1) has died(75,92)
06-10 18:58:03.681 32006 32462 D ActivityManager: isAutoRunBlockedApp:: com.samsung.android.hmt.vrsvc, Auto Run ON
06-10 18:58:03.691 32006 32462 W ActivityManager: Scheduling restart of crashed service com.samsung.android.hmt.vrsvc/.service.HmtService in 266747ms
06-10 18:58:03.691 32006 32462 W ActivityManager: Scheduling restart of crashed service com.samsung.android.hmt.vrsvc/.service.NotificationListener in 276747ms
06-10 18:58:03.741 32006 32489 I ActivityManager: Process com.samsung.android.hmt.vrsvc:system (pid 23161)(adj 1) has died(74,94)
06-10 18:58:03.741 32006 32489 D ActivityManager: isAutoRunBlockedApp:: com.samsung.android.hmt.vrsvc, Auto Run ON
06-10 18:58:03.741 32006 32489 W ActivityManager: Scheduling restart of crashed service com.samsung.android.hmt.vrsvc/.system.VRSystemService in 286692ms
06-10 18:58:03.871 32006 32475 D PackageManager: getComponentMetadataForIconTray : com.android.settings.Settings does not exist in mServices
06-10 18:58:03.871 32006 32475 D PackageManager: getComponentMetadataForIconTray : com.android.settings.Settings does not exist in mProviders
06-10 18:58:03.871 32006 32475 D PackageManager: getComponentMetadataForIconTray : com.android.settings.Settings does not exist in mReceivers
06-10 18:58:04.161 32006 32495 I ActivityManager: Start proc 25962:com.samsung.android.hmt.vrsvc:system/1000 for service com.samsung.android.hmt.vrsvc/.system.VRSystemService
06-10 18:58:04.221 32006 32462 I ActivityManager: Process com.microsoft.office.word (pid 25930)(adj 5) has died(75,99)
06-10 18:58:04.221 32006 32462 D ActivityManager: isAutoRunBlockedApp:: com.microsoft.office.word, Auto Run ON
06-10 18:58:04.221 32006 32462 W ActivityManager: Scheduling restart of crashed service com.microsoft.office.word/com.microsoft.office.preinstallservice.PreInstallService in 286209ms
06-10 18:58:09.441 32006 32492 I ActivityManager: Process com.android.systemui.recents (pid 25918)(adj 1) has died(87,92)
06-10 18:58:09.441 32006 32492 D ActivityManager: isAutoRunBlockedApp:: com.android.systemui, Auto Run ON
06-10 18:58:09.441 32006 32492 W ActivityManager: Scheduling restart of crashed service com.android.systemui/.recents.RecentsService in 0ms
06-10 18:58:09.471 32006 32063 I ActivityManager: Start proc 25976:com.android.systemui.recents/u0a62 for service com.android.systemui/.recents.RecentsService
06-10 18:58:10.441 32006 32063 I ActivityManager: Start proc 25991:com.samsung.android.fmm/1000 for service com.samsung.android.fmm/com.fmm.dm.XDMService
06-10 18:58:11.041 32006 32471 I ActivityManager: Process com.samsung.android.fmm (pid 25991)(adj 5) has died(73,95)
06-10 18:58:11.061 32006 32471 D ActivityManager: isAutoRunBlockedApp:: com.samsung.android.fmm, Auto Run ON
06-10 18:58:11.061 32006 32471 W ActivityManager: Scheduling restart of crashed service com.samsung.android.fmm/com.fmm.dm.XDMService in 289386ms
06-10 18:58:11.251 32006 32489 D PackageManager: getComponentMetadataForIconTray : com.samsung.voiceserviceplatform.ui.PermissionUsageActivity does not exist in mServices
06-10 18:58:11.251 32006 32489 D PackageManager: getComponentMetadataForIconTray : com.samsung.voiceserviceplatform.ui.PermissionUsageActivity does not exist in mProviders
06-10 18:58:11.251 32006 32489 D PackageManager: getComponentMetadataForIconTray : com.samsung.voiceserviceplatform.ui.PermissionUsageActivity does not exist in mReceivers
06-10 18:58:11.341 32006 32478 I ActivityManager: Process com.samsung.android.hmt.vrsvc:system (pid 25962)(adj 1) has died(76,91)
06-10 18:58:11.351 32006 32478 D ActivityManager: isAutoRunBlockedApp:: com.samsung.android.hmt.vrsvc, Auto Run ON
06-10 18:58:11.351 32006 32478 W ActivityManager: Scheduling restart of crashed service com.samsung.android.hmt.vrsvc/.system.VRSystemService in 299088ms
06-10 18:58:11.391 32006 32471 D PackageManager: getComponentMetadataForIconTray : com.skyworxx.gearvrnote4deviceidgrabber.DeviceID does not exist in mServices
06-10 18:58:11.391 32006 32471 D PackageManager: getComponentMetadataForIconTray : com.skyworxx.gearvrnote4deviceidgrabber.DeviceID does not exist in mProviders
06-10 18:58:11.391 32006 32471 D PackageManager: getComponentMetadataForIconTray : com.skyworxx.gearvrnote4deviceidgrabber.DeviceID does not exist in mReceivers
06-10 18:58:11.401 32006 32023 I ActivityManager: Start proc 26005:com.samsung.android.hmt.vrsvc:system/1000 for service com.samsung.android.hmt.vrsvc/.system.VRSystemService
06-10 18:58:11.531 32006 32469 D PackageManager: getComponentMetadataForIconTray : com.samsung.android.sm.ui.dashboard.SmartManagerDashBoardActivity does not exist in mServices
06-10 18:58:11.531 32006 32469 D PackageManager: getComponentMetadataForIconTray : com.samsung.android.sm.ui.dashboard.SmartManagerDashBoardActivity does not exist in mProviders
06-10 18:58:11.531 32006 32469 D PackageManager: getComponentMetadataForIconTray : com.samsung.android.sm.ui.dashboard.SmartManagerDashBoardActivity does not exist in mReceivers
06-10 18:58:11.571 32006 32022 I ActivityManager: Process com.oculus.horizon (pid 23406)(adj 1) has died(78,91)
06-10 18:58:11.571 32006 32022 D ActivityManager: isAutoRunBlockedApp:: com.oculus.horizon, Auto Run ON
06-10 18:58:11.571 32006 32022 W ActivityManager: Scheduling restart of crashed service com.oculus.horizon/.service.SDKLoggingService in 298860ms
06-10 18:58:11.621 32006 32492 D PackageManager: getComponentMetadataForIconTray : com.estrongs.android.pop.view.FileExplorerActivity does not exist in mServices
06-10 18:58:11.621 32006 32492 D PackageManager: getComponentMetadataForIconTray : com.estrongs.android.pop.view.FileExplorerActivity does not exist in mProviders
06-10 18:58:11.621 32006 32492 D PackageManager: getComponentMetadataForIconTray : com.estrongs.android.pop.view.FileExplorerActivity does not exist in mReceivers
06-10 18:58:11.781 32006 32489 D PackageManager: getComponentMetadataForIconTray : com.android.settings.Settings does not exist in mServices
06-10 18:58:11.781 32006 32489 D PackageManager: getComponentMetadataForIconTray : com.android.settings.Settings does not exist in mProviders
06-10 18:58:11.781 32006 32489 D PackageManager: getComponentMetadataForIconTray : com.android.settings.Settings does not exist in mReceivers
06-10 18:58:14.111 32006 32473 I ActivityManager: Process com.android.systemui.recents (pid 25976)(adj 1) has died(95,89)
06-10 18:58:14.111 32006 32473 D ActivityManager: isAutoRunBlockedApp:: com.android.systemui, Auto Run ON
06-10 18:58:14.111 32006 32473 W ActivityManager: Scheduling restart of crashed service com.android.systemui/.recents.RecentsService in 0ms
06-10 18:58:14.151 32006 32063 I ActivityManager: Start proc 26018:com.android.systemui.recents/u0a62 for service com.android.systemui/.recents.RecentsService
06-10 18:58:15.571 32006 32481 D PackageManager: getComponentMetadataForIconTray : com.samsung.voiceserviceplatform.ui.PermissionUsageActivity does not exist in mServices
06-10 18:58:15.571 32006 32481 D PackageManager: getComponentMetadataForIconTray : com.samsung.voiceserviceplatform.ui.PermissionUsageActivity does not exist in mProviders
06-10 18:58:15.571 32006 32481 D PackageManager: getComponentMetadataForIconTray : com.samsung.voiceserviceplatform.ui.PermissionUsageActivity does not exist in mReceivers
06-10 18:58:15.681 32006 32462 D PackageManager: getComponentMetadataForIconTray : com.skyworxx.gearvrnote4deviceidgrabber.DeviceID does not exist in mServices
06-10 18:58:15.681 32006 32462 D PackageManager: getComponentMetadataForIconTray : com.skyworxx.gearvrnote4deviceidgrabber.DeviceID does not exist in mProviders
06-10 18:58:15.681 32006 32462 D PackageManager: getComponentMetadataForIconTray : com.skyworxx.gearvrnote4deviceidgrabber.DeviceID does not exist in mReceivers
06-10 18:58:15.791 32006 32023 D PackageManager: getComponentMetadataForIconTray : com.samsung.android.sm.ui.dashboard.SmartManagerDashBoardActivity does not exist in mServices
06-10 18:58:15.791 32006 32023 D PackageManager: getComponentMetadataForIconTray : com.samsung.android.sm.ui.dashboard.SmartManagerDashBoardActivity does not exist in mProviders
06-10 18:58:15.791 32006 32023 D PackageManager: getComponentMetadataForIconTray : com.samsung.android.sm.ui.dashboard.SmartManagerDashBoardActivity does not exist in mReceivers
06-10 18:58:15.851 32006 32481 D PackageManager: getComponentMetadataForIconTray : com.estrongs.android.pop.view.FileExplorerActivity does not exist in mServices
06-10 18:58:15.851 32006 32481 D PackageManager: getComponentMetadataForIconTray : com.estrongs.android.pop.view.FileExplorerActivity does not exist in mProviders
06-10 18:58:15.851 32006 32481 D PackageManager: getComponentMetadataForIconTray : com.estrongs.android.pop.view.FileExplorerActivity does not exist in mReceivers
06-10 18:58:15.881 32006 32022 I ActivityManager: Process com.samsung.android.hmt.vrsvc:system (pid 26005)(adj 1) has died(74,90)
06-10 18:58:15.891 32006 32022 D ActivityManager: isAutoRunBlockedApp:: com.samsung.android.hmt.vrsvc, Auto Run ON
06-10 18:58:15.891 32006 32467 D PackageManager: getComponentMetadataForIconTray : com.android.settings.Settings does not exist in mServices
06-10 18:58:15.891 32006 32467 D PackageManager: getComponentMetadataForIconTray : com.android.settings.Settings does not exist in mProviders
06-10 18:58:15.891 32006 32467 D PackageManager: getComponentMetadataForIconTray : com.android.settings.Settings does not exist in mReceivers
06-10 18:58:15.891 32006 32022 W ActivityManager: Scheduling restart of crashed service com.samsung.android.hmt.vrsvc/.system.VRSystemService in 304546ms
06-10 18:58:15.941 32006 32495 I ActivityManager: Process com.google.android.googlequicksearchbox:interactor (pid 19820)(adj 1) has died(73,90)
06-10 18:58:15.941 32006 32495 D ActivityManager: isAutoRunBlockedApp:: com.google.android.googlequicksearchbox, Auto Run ON
06-10 18:58:15.941 32006 32495 W ActivityManager: Scheduling restart of crashed service com.google.android.googlequicksearchbox/com.google.android.voiceinteraction.GsaVoiceInteractionService in 304493ms
06-10 18:58:16.041 32006 32023 I ActivityManager: Process com.android.systemui.recents (pid 26018)(adj 1) has died(94,90)
06-10 18:58:16.041 32006 32023 D ActivityManager: isAutoRunBlockedApp:: com.android.systemui, Auto Run ON
06-10 18:58:16.041 32006 32023 W ActivityManager: Scheduling restart of crashed service com.android.systemui/.recents.RecentsService in 0ms
06-10 18:58:16.081 32006 32063 I ActivityManager: Start proc 26046:com.android.systemui.recents/u0a62 for service com.android.systemui/.recents.RecentsService
06-10 18:58:16.301 32006 32471 I ActivityManager: Start proc 26058:com.samsung.android.hmt.vrsvc:system/1000 for service com.samsung.android.hmt.vrsvc/.system.VRSystemService
06-10 18:58:16.841 32006 32492 I ActivityManager: Start proc 26074:com.oculus.horizon/u0a221 for service com.oculus.horizon/.service.SDKLoggingService
06-10 18:58:16.911 32006 32473 D PackageManager: getComponentMetadataForIconTray : com.samsung.voiceserviceplatform.ui.PermissionUsageActivity does not exist in mServices
06-10 18:58:16.911 32006 32473 D PackageManager: getComponentMetadataForIconTray : com.samsung.voiceserviceplatform.ui.PermissionUsageActivity does not exist in mProviders
06-10 18:58:16.911 32006 32473 D PackageManager: getComponentMetadataForIconTray : com.samsung.voiceserviceplatform.ui.PermissionUsageActivity does not exist in mReceivers
06-10 18:58:17.041 32006 32473 D PackageManager: getComponentMetadataForIconTray : com.skyworxx.gearvrnote4deviceidgrabber.DeviceID does not exist in mServices
06-10 18:58:17.041 32006 32473 D PackageManager: getComponentMetadataForIconTray : com.skyworxx.gearvrnote4deviceidgrabber.DeviceID does not exist in mProviders
06-10 18:58:17.041 32006 32473 D PackageManager: getComponentMetadataForIconTray : com.skyworxx.gearvrnote4deviceidgrabber.DeviceID does not exist in mReceivers
06-10 18:58:17.181 32006 32489 D PackageManager: getComponentMetadataForIconTray : com.samsung.android.sm.ui.dashboard.SmartManagerDashBoardActivity does not exist in mServices
06-10 18:58:17.181 32006 32489 D PackageManager: getComponentMetadataForIconTray : com.samsung.android.sm.ui.dashboard.SmartManagerDashBoardActivity does not exist in mProviders
06-10 18:58:17.181 32006 32489 D PackageManager: getComponentMetadataForIconTray : com.samsung.android.sm.ui.dashboard.SmartManagerDashBoardActivity does not exist in mReceivers
06-10 18:58:17.221 32006 32485 D PackageManager: getComponentMetadataForIconTray : com.estrongs.android.pop.view.FileExplorerActivity does not exist in mServices
06-10 18:58:17.221 32006 32485 D PackageManager: getComponentMetadataForIconTray : com.estrongs.android.pop.view.FileExplorerActivity does not exist in mProviders
06-10 18:58:17.221 32006 32485 D PackageManager: getComponentMetadataForIconTray : com.estrongs.android.pop.view.FileExplorerActivity does not exist in mReceivers
06-10 18:58:17.241 32006 32471 I ActivityManager: Process com.samsung.android.hmt.vrsvc:system (pid 26058)(adj 1) has died(76,91)
06-10 18:58:17.241 32006 32471 D ActivityManager: isAutoRunBlockedApp:: com.samsung.android.hmt.vrsvc, Auto Run ON
06-10 18:58:17.251 32006 32471 W ActivityManager: Scheduling restart of crashed service com.samsung.android.hmt.vrsvc/.system.VRSystemService in 293189ms
06-10 18:58:17.281 32006 32023 D PackageManager: getComponentMetadataForIconTray : com.android.settings.Settings does not exist in mServices
06-10 18:58:17.281 32006 32023 D PackageManager: getComponentMetadataForIconTray : com.android.settings.Settings does not exist in mProviders
06-10 18:58:17.281 32006 32023 D PackageManager: getComponentMetadataForIconTray : com.android.settings.Settings does not exist in mReceivers
06-10 18:58:17.381 32006 32495 I ActivityManager: Start proc 26086:com.samsung.android.hmt.vrsvc:system/1000 for service com.samsung.android.hmt.vrsvc/.system.VRSystemService
06-10 18:58:17.391 32006 32475 I ActivityManager: Process com.sec.smartcard.manager (pid 15932)(adj 1) has died(73,89)
06-10 18:58:17.391 32006 32475 D ActivityManager: isAutoRunBlockedApp:: com.sec.smartcard.manager, Auto Run ON
06-10 18:58:17.391 32006 32475 W ActivityManager: Scheduling restart of crashed service com.sec.smartcard.manager/com.sec.enterprise.mdm.sc.bai.BaiMobileAgentService in 293042ms
06-10 18:58:17.441 32006 32478 I ActivityManager: Process com.samsung.ucs.agent.boot (pid 18550)(adj 1) has died(70,91)
06-10 18:58:17.451 32006 32478 D ActivityManager: isAutoRunBlockedApp:: com.samsung.ucs.agent.boot, Auto Run ON
06-10 18:58:17.451 32006 32478 W ActivityManager: Scheduling restart of crashed service com.samsung.ucs.agent.boot/.BootAgentService in 312987ms
06-10 18:58:17.561 32006 32473 I ActivityManager: Process com.android.systemui.recents (pid 26046)(adj 1) has died(91,92)
06-10 18:58:17.571 32006 32473 D ActivityManager: isAutoRunBlockedApp:: com.android.systemui, Auto Run ON
06-10 18:58:17.571 32006 32473 W ActivityManager: Scheduling restart of crashed service com.android.systemui/.recents.RecentsService in 0ms
06-10 18:58:17.601 32006 32063 I ActivityManager: Start proc 26098:com.android.systemui.recents/u0a62 for service com.android.systemui/.recents.RecentsService
06-10 18:58:20.001 32006 32464 D PackageManager: getComponentMetadataForIconTray : com.samsung.voiceserviceplatform.ui.PermissionUsageActivity does not exist in mServices
06-10 18:58:20.001 32006 32464 D PackageManager: getComponentMetadataForIconTray : com.samsung.voiceserviceplatform.ui.PermissionUsageActivity does not exist in mProviders
06-10 18:58:20.001 32006 32464 D PackageManager: getComponentMetadataForIconTray : com.samsung.voiceserviceplatform.ui.PermissionUsageActivity does not exist in mReceivers
06-10 18:58:20.111 32006 32458 I ActivityManager: Process com.samsung.android.hmt.vrsvc:system (pid 26086)(adj 1) has died(78,91)
06-10 18:58:20.131 32006 32458 D ActivityManager: isAutoRunBlockedApp:: com.samsung.android.hmt.vrsvc, Auto Run ON
06-10 18:58:20.131 32006 32458 W ActivityManager: Scheduling restart of crashed service com.samsung.android.hmt.vrsvc/.system.VRSystemService in 320308ms
06-10 18:58:20.241 32006 32467 D PackageManager: getComponentMetadataForIconTray : com.skyworxx.gearvrnote4deviceidgrabber.DeviceID does not exist in mServices
06-10 18:58:20.241 32006 32467 D PackageManager: getComponentMetadataForIconTray : com.skyworxx.gearvrnote4deviceidgrabber.DeviceID does not exist in mProviders
06-10 18:58:20.241 32006 32467 D PackageManager: getComponentMetadataForIconTray : com.skyworxx.gearvrnote4deviceidgrabber.DeviceID does not exist in mReceivers
06-10 18:58:20.331 32006 32458 I ActivityManager: Process com.samsung.ucs.ucspinpad (pid 19883)(adj 1) has died(72,92)
06-10 18:58:20.331 32006 32458 D ActivityManager: isAutoRunBlockedApp:: com.samsung.ucs.ucspinpad, Auto Run ON
06-10 18:58:20.331 32006 32458 W ActivityManager: Scheduling restart of crashed service com.samsung.ucs.ucspinpad/.UcsPinpadService in 320102ms
06-10 18:58:20.471 32006 32471 D PackageManager: getComponentMetadataForIconTray : com.samsung.android.sm.ui.dashboard.SmartManagerDashBoardActivity does not exist in mServices
06-10 18:58:20.471 32006 32471 D PackageManager: getComponentMetadataForIconTray : com.samsung.android.sm.ui.dashboard.SmartManagerDashBoardActivity does not exist in mProviders
06-10 18:58:20.471 32006 32471 D PackageManager: getComponentMetadataForIconTray : com.samsung.android.sm.ui.dashboard.SmartManagerDashBoardActivity does not exist in mReceivers
06-10 18:58:20.501 32006 32464 I ActivityManager: Start proc 26114:com.samsung.android.hmt.vrsvc:system/1000 for service com.samsung.android.hmt.vrsvc/.system.VRSystemService
06-10 18:58:20.521 32006 32063 I ActivityManager: Start proc 26119:com.microsoft.skydrive/u0a146 for service com.microsoft.skydrive/.upload.AutoUploadService
06-10 18:58:20.531 32006 32485 I ActivityManager: Process org.simalliance.openmobileapi.service:remote (pid 19907)(adj 1) has died(73,90)
06-10 18:58:20.531 32006 32485 D ActivityManager: isAutoRunBlockedApp:: org.simalliance.openmobileapi.service, Auto Run ON
06-10 18:58:20.531 32006 32485 W ActivityManager: Scheduling restart of crashed service org.simalliance.openmobileapi.service/.SmartcardService in 329903ms
06-10 18:58:20.661 32006 32475 D PackageManager: getComponentMetadataForIconTray : com.estrongs.android.pop.view.FileExplorerActivity does not exist in mServices
06-10 18:58:20.661 32006 32475 D PackageManager: getComponentMetadataForIconTray : com.estrongs.android.pop.view.FileExplorerActivity does not exist in mProviders
06-10 18:58:20.661 32006 32475 D PackageManager: getComponentMetadataForIconTray : com.estrongs.android.pop.view.FileExplorerActivity does not exist in mReceivers
06-10 18:58:21.001 32006 32063 I ActivityManager: Start proc 26139:com.facebook.appmanager/u0a112 for broadcast-3 com.facebook.appmanager/com.facebook.oxygen.appmanager.scheduler.BootstrapReceiver
06-10 18:58:21.161 32006 32473 D PackageManager: getComponentMetadataForIconTray : com.android.settings.Settings does not exist in mServices
06-10 18:58:21.161 32006 32473 D PackageManager: getComponentMetadataForIconTray : com.android.settings.Settings does not exist in mProviders
06-10 18:58:21.161 32006 32473 D PackageManager: getComponentMetadataForIconTray : com.android.settings.Settings does not exist in mReceivers
06-10 18:58:21.501 32006 32481 I ActivityManager: Process com.android.systemui.recents (pid 26098)(adj 1) has died(87,87)
06-10 18:58:21.511 32006 32481 D ActivityManager: isAutoRunBlockedApp:: com.android.systemui, Auto Run ON
06-10 18:58:21.511 32006 32481 W ActivityManager: Scheduling restart of crashed service com.android.systemui/.recents.RecentsService in 0ms
06-10 18:58:21.561 32006 32063 I ActivityManager: Start proc 26151:com.android.systemui.recents/u0a62 for service com.android.systemui/.recents.RecentsService
06-10 18:58:22.571 32006 32006 I ActivityManager: Start proc 26163:com.sec.smartcard.manager/u0a183 for service com.sec.smartcard.manager/com.sec.enterprise.mdm.sc.bai.BaiMobileAgentService
06-10 18:58:29.921 32006 32469 W ActivityManager: Unable to start service Intent { act=com.baimobile.android.pcsclite.service.ipc.action.BIND_PCSC pkg=com.baimobile.android.credential.service (has extras) } U=0: not found
06-10 18:58:29.941 32006 32022 W ActivityManager: Unable to start service Intent { act=com.baimobile.android.pcsclite.service.ipc.action.BIND_PCSC pkg=com.baimobile.android.pcsclite.service (has extras) } U=0: not found
06-10 18:58:29.941 32006 32485 W ActivityManager: Unable to start service Intent { act=com.baimobile.android.pcsclite.service.ipc.action.BIND_PCSC pkg=com.baimobile.android.credential.service (has extras) } U=0: not found
06-10 18:58:29.941 32006 32478 W ActivityManager: Unable to start service Intent { act=com.baimobile.android.pcsclite.service.ipc.action.BIND_PCSC pkg=com.baimobile.android.pcsclite.service (has extras) } U=0: not found
06-10 18:58:30.031 32006 32478 I ActivityManager: Start proc 26224:com.google.android.gms/u0a15 for service com.google.android.gms/.ads.identifier.service.AdvertisingIdService
06-10 18:58:30.071 32006 32022 I ActivityManager: Start proc 26240:android.process.media/u0a45 for content provider com.android.providers.downloads/.DownloadProvider
06-10 18:58:30.151 32006 32467 I ActivityManager: Start proc 26259:com.facebook.katana/u0a115 for content provider com.facebook.katana/com.facebook.platform.common.provider.PlatformProviderBase
06-10 18:58:30.361 32006 32458 D PackageManager: setEnabledSetting : userId = 0 packageName = com.oculus.horizon cmp = com.facebook.rti.push.service.FbnsService newState = 1 callingPackage = 10221
06-10 18:58:30.381 32006 32481 D PackageManager: setEnabledSetting : userId = 0 packageName = com.facebook.appmanager cmp = com.facebook.oxygen.appmanager.crashmanager.CrashManagerActivity newState = 2 callingPackage = 10112
06-10 18:58:30.401 32006 32495 I ActivityManager: Start proc 26286:com.oculus.horizon:fbns/u0a221 for service com.oculus.horizon/com.facebook.rti.push.service.FbnsService
06-10 18:58:30.581 32006 32464 D PackageManager: getComponentMetadataForIconTray : com.samsung.voiceserviceplatform.ui.PermissionUsageActivity does not exist in mServices
06-10 18:58:30.581 32006 32464 D PackageManager: getComponentMetadataForIconTray : com.samsung.voiceserviceplatform.ui.PermissionUsageActivity does not exist in mProviders
06-10 18:58:30.581 32006 32464 D PackageManager: getComponentMetadataForIconTray : com.samsung.voiceserviceplatform.ui.PermissionUsageActivity does not exist in mReceivers
06-10 18:58:30.771 32006 32473 D PackageManager: getComponentMetadataForIconTray : com.skyworxx.gearvrnote4deviceidgrabber.DeviceID does not exist in mServices
06-10 18:58:30.771 32006 32473 D PackageManager: getComponentMetadataForIconTray : com.skyworxx.gearvrnote4deviceidgrabber.DeviceID does not exist in mProviders
06-10 18:58:30.771 32006 32473 D PackageManager: getComponentMetadataForIconTray : com.skyworxx.gearvrnote4deviceidgrabber.DeviceID does not exist in mReceivers
06-10 18:58:30.811 32006 32464 I ActivityManager: Start proc 26334:com.google.process.gapps/u0a15 for content provider com.google.android.gsf/.gservices.GservicesProvider
06-10 18:58:30.871 32006 32022 D PackageManager: getComponentMetadataForIconTray : com.samsung.android.sm.ui.dashboard.SmartManagerDashBoardActivity does not exist in mServices
