--------- beginning of main
06-10 18:30:49.321 32006 32023 D ActivityManager: post active user change for 0 fullscreen true isFloatingActivity() false isHomeActivity() false
06-10 18:30:51.191 32006 32469 D ActivityManager: post active user change for 0 fullscreen true isFloatingActivity() false isHomeActivity() true
06-10 18:30:51.221 32006 32096 I ActivityManager: Displayed com.sec.android.app.launcher/.activities.LauncherActivity: +70ms
06-10 18:30:52.221 32006 32489 D PackageManager: getComponentMetadataForIconTray : com.android.settings.Settings does not exist in mServices
06-10 18:30:52.221 32006 32489 D PackageManager: getComponentMetadataForIconTray : com.android.settings.Settings does not exist in mProviders
06-10 18:30:52.221 32006 32489 D PackageManager: getComponentMetadataForIconTray : com.android.settings.Settings does not exist in mReceivers --------- beginning of system
06-10 18:35:08.061 32006 32485 I ActivityManager: Start proc 21656:com.samsung.android.MtpApplication/1000 for broadcast-2 com.samsung.android.MtpApplication/.MtpReceiver
06-10 18:35:08.211 32006 32489 I ActivityManager: Killing 17578:com.samsung.android.sdk.professionalaudio.utility.jammonitor/u0a174 (adj 15): DHA:empty #31
06-10 18:35:08.231 32006 32475 D ActivityManager: isAutoRunBlockedApp:: com.samsung.android.sdk.professionalaudio.utility.jammonitor, Auto Run ON
06-10 18:35:08.301 32006 32467 I ActivityManager: Start proc 21683:com.google.android.apps.photos/u0a153 for broadcast-3 com.google.android.apps.photos/.analytics.alive.AliveLogReceiver
06-10 18:35:08.401 32006 32481 I ActivityManager: Start proc 21699:com.sec.android.sidesync30/u0a179 for broadcast-2 com.sec.android.sidesync30/.receiver.SideSyncReceiver
06-10 18:35:08.521 32006 32023 I ActivityManager: Killing 17608:com.sec.android.app.shealth/u0a33 (adj 15): DHA:empty #31
06-10 18:35:08.531 32006 32471 D ActivityManager: isAutoRunBlockedApp:: com.sec.android.app.shealth, Auto Run ON
06-10 18:35:08.901 32006 32471 I ActivityManager: Start proc 21735:com.facebook.katana/u0a115 for broadcast-3 com.facebook.katana/com.facebook.vault.service.VaultPowerConnectionReceiver
06-10 18:35:09.551 32006 32462 I ActivityManager: Killing 17690:com.sec.android.service.health/u0a19 (adj 15): DHA:empty #31
06-10 18:35:09.571 32006 32485 D ActivityManager: isAutoRunBlockedApp:: com.sec.android.service.health, Auto Run ON
06-10 18:35:09.601 32006 32462 I ActivityManager: Start proc 21800:com.sec.android.app.popupuireceiver/1000 for broadcast-3 com.sec.android.app.popupuireceiver/.PopupuiReceiver
06-10 18:35:09.691 32006 32464 I ActivityManager: Killing 16085:com.samsung.android.hmt.vrsvc/1000 (adj 15): DHA:empty #31
06-10 18:35:09.721 32006 32467 I ActivityManager: Process com.sec.android.app.popupuireceiver (pid 21800)(adj 9) has died(87,1514)
06-10 18:35:09.721 32006 32467 D ActivityManager: isAutoRunBlockedApp:: com.sec.android.app.popupuireceiver, Auto Run ON
06-10 18:35:09.791 32006 32469 D ActivityManager: isAutoRunBlockedApp:: com.samsung.android.hmt.vrsvc, Auto Run ON
06-10 18:35:11.021 32006 32475 D ActivityManager: post active user change for 0 fullscreen true isFloatingActivity() false isHomeActivity() true
06-10 18:35:14.431 32006 32495 D PackageManager: setEnabledSetting : userId = 0 packageName = com.facebook.katana cmp = com.facebook.mqttlite.MqttService newState = 1 callingPackage = 10115
06-10 18:35:14.451 32006 32462 W ActivityManager: Unable to start service Intent { cmp=com.facebook.katana/com.facebook.messaging.newphoto.NewPhotoIntentService (has extras) } U=0: not found
06-10 18:35:14.471 32006 32492 D PackageManager: setEnabledSetting : userId = 0 packageName = com.facebook.katana cmp = com.google.android.gms.measurement.AppMeasurementContentProvider newState = 0 callingPackage = 10115
06-10 18:35:14.471 32006 32458 D PackageManager: setEnabledSetting : userId = 0 packageName = com.facebook.katana cmp = com.google.android.gms.measurement.AppMeasurementService newState = 0 callingPackage = 10115
06-10 18:35:14.481 32006 32481 D PackageManager: setEnabledSetting : userId = 0 packageName = com.facebook.katana cmp = com.google.android.gms.measurement.AppMeasurementReceiver newState = 0 callingPackage = 10115
06-10 18:35:14.501 32006 32462 D PackageManager: setEnabledSetting : userId = 0 packageName = com.facebook.katana cmp = com.facebook.oxygen.preloads.integration.dogfooding.AuthListener$EmployeeLoggedInMarkerReceiver newState = 2 callingPackage = 10115
06-10 18:35:14.551 32006 32485 D PackageManager: setEnabledSetting : userId = 0 packageName = com.facebook.katana cmp = com.facebook.saved.intentfilter.SaveIconSaveToFacebookAlias newState = 2 callingPackage = 10115
06-10 18:35:14.551 32006 32469 D PackageManager: setEnabledSetting : userId = 0 packageName = com.facebook.katana cmp = com.facebook.saved.intentfilter.SaveIconSavePrivatelyAlias newState = 2 callingPackage = 10115
06-10 18:35:14.551 32006 32492 D PackageManager: setEnabledSetting : userId = 0 packageName = com.facebook.katana cmp = com.facebook.saved.intentfilter.FacebookIconSaveForLaterAlias newState = 2 callingPackage = 10115
06-10 18:35:14.551 32006 32471 D PackageManager: setEnabledSetting : userId = 0 packageName = com.facebook.katana cmp = com.facebook.saved.intentfilter.FacebookIconSavePrivatelyAlias newState = 2 callingPackage = 10115
06-10 18:35:14.571 32006 32473 D PackageManager: setEnabledSetting : userId = 0 packageName = com.facebook.katana cmp = com.facebook.timeline.profilevideo.ProfileVideoShareActivityAlias newState = 2 callingPackage = 10115
06-10 18:35:14.601 32006 32469 D PackageManager: setEnabledSetting : userId = 0 packageName = com.facebook.katana cmp = com.facebook.timeline.stagingground.ProfilePictureShareActivity newState = 2 callingPackage = 10115
06-10 18:35:19.001 32006 32471 I ActivityManager: Process com.samsung.android.MtpApplication (pid 21656)(adj 0) has died(96,1516)
06-10 18:35:19.001 32006 32471 D ActivityManager: isAutoRunBlockedApp:: com.samsung.android.MtpApplication, Auto Run ON
06-10 18:35:19.131 32006 32063 I ActivityManager: Start proc 21916:com.google.android.music:main/u0a143 for broadcast-3 com.google.android.music/.store.MediaStoreImportService$Receiver
06-10 18:35:19.161 32006 32063 I ActivityManager: Start proc 21926:com.samsung.android.MtpApplication/1000 for broadcast-2 com.samsung.android.MtpApplication/.MtpReceiver
06-10 18:35:19.291 32006 32464 I ActivityManager: Killing 17804:com.google.android.partnersetup/u0a18 (adj 15): DHA:empty #31
06-10 18:35:19.321 32006 32458 D ActivityManager: isAutoRunBlockedApp:: com.google.android.partnersetup, Auto Run ON
06-10 18:35:19.351 32006 32485 I ActivityManager: Start proc 21941:com.samsung.cmh:CMH/5004 for service com.samsung.cmh/.service.CMHService
06-10 18:35:19.681 32006 32478 I ActivityManager: Start proc 21970:com.samsung.enhanceservice/5004 for service com.samsung.enhanceservice/.EnhanceService
06-10 18:35:19.701 32006 32489 I ActivityManager: Start proc 21981:com.samsung.dcmservice/5004 for service com.samsung.dcmservice/.DCMService
06-10 18:35:20.621 32006 32492 D PackageManager: setEnabledSetting : userId = 0 packageName = com.google.android.music cmp = com.android.music.MediaAppWidgetProvider newState = 1 callingPackage = 10143
06-10 18:35:20.791 32006 32481 I ActivityManager: Killing 17912:com.samsung.android.app.FileShareServer/5005 (adj 15): DHA:empty #31
06-10 18:35:20.821 32006 32022 D ActivityManager: isAutoRunBlockedApp:: com.samsung.android.app.FileShareServer, Auto Run ON
06-10 18:35:21.001 32006 32473 I ActivityManager: Start proc 22032:com.sec.android.app.music:service/u0a34 for broadcast-3 com.sec.android.app.music/.appwidget.MusicAppWidgetProvider
06-10 18:35:21.021 32006 32471 D PackageManager: setEnabledSetting : userId = 0 packageName = com.google.android.music cmp = com.google.android.music.Settings.NetworkUsage newState = 1 callingPackage = 10143
06-10 18:35:21.531 32006 32471 I ActivityManager: Start proc 22077:com.samsung.storyservice/5004 for broadcast-3 com.samsung.storyservice/.framework.StaticBroadcastReceiver
06-10 18:35:22.761 32006 32462 I ActivityManager: Start proc 22091:com.samsung.ipservice/5004 for service com.samsung.ipservice/.IPService
06-10 18:35:22.791 32006 32469 I ActivityManager: Start proc 22101:com.samsung.faceservice/5004 for service com.samsung.faceservice/.FaceService
06-10 18:35:22.791 32006 32063 I ActivityManager: Waited long enough for: ServiceRecord{d35adcc u0 com.microsoft.skydrive/.upload.AutoUploadService}
06-10 18:35:22.801 32006 32063 I ActivityManager: Waited long enough for: ServiceRecord{2975815 u0 com.microsoft.skydrive/.upload.ManualUploadService}
06-10 18:35:22.821 32006 32063 I ActivityManager: Waited long enough for: ServiceRecord{c85172a u0 com.microsoft.skydrive/.upload.ModalUploadService}
06-10 18:35:22.821 32006 32063 I ActivityManager: Waited long enough for: ServiceRecord{635d91b u0 com.microsoft.skydrive/.upload.AsyncMoveService}
06-10 18:35:22.831 32006 32063 I ActivityManager: Waited long enough for: ServiceRecord{2f5dab8 u0 com.microsoft.skydrive/.streamcache.service.UpdateMetadataForOfflineFilesService}
06-10 18:35:25.831 32006 32489 D PackageManager: setEnabledSetting : userId = 0 packageName = com.google.android.music cmp = com.google.android.music.leanback.AutoCacheSchedulingService$ActionReceiver newState = 2 callingPackage = 10143
06-10 18:35:26.521 32006 32462 I ActivityManager: Killing 15869:com.samsung.android.hmt.vrsvc:system/1000 (adj 15): DHA:empty #31
06-10 18:35:26.521 32006 32462 I ActivityManager: Killing 17623:com.sec.android.app.shealth:remote/u0a33 (adj 15): DHA:empty #31
06-10 18:35:26.521 32006 32462 I ActivityManager: Killing 17962:com.android.vending/u0a28 (adj 15): DHA:empty #31
06-10 18:35:26.521 32006 32462 I ActivityManager: Killing 17947:com.enhance.gameservice/u0a124 (adj 15): DHA:empty #31
06-10 18:35:26.521 32006 32462 I ActivityManager: Killing 17928:com.samsung.android.app.watchmanagerstub/u0a125 (adj 15): DHA:empty #31
06-10 18:35:26.551 32006 32481 D ActivityManager: isAutoRunBlockedApp:: com.samsung.android.hmt.vrsvc, Auto Run ON
06-10 18:35:26.571 32006 32478 D ActivityManager: isAutoRunBlockedApp:: com.sec.android.app.shealth, Auto Run ON
06-10 18:35:26.581 32006 32492 D ActivityManager: isAutoRunBlockedApp:: com.enhance.gameservice, Auto Run ON
06-10 18:35:26.591 32006 32495 D ActivityManager: isAutoRunBlockedApp:: com.samsung.android.app.watchmanagerstub, Auto Run ON
06-10 18:35:26.611 32006 32462 D ActivityManager: isAutoRunBlockedApp:: com.android.vending, Auto Run ON
06-10 18:35:30.011 32006 32485 D ActivityManager: mDVFSHelper.acquire()
06-10 18:35:30.031 32006 32462 D ActivityManager: Launching com.android.settings, updated priority
06-10 18:35:30.071 32006 32458 D ActivityManager: post active user change for 0 fullscreen true isFloatingActivity() false isHomeActivity() false
06-10 18:35:30.111 32006 32096 I ActivityManager: Displayed com.android.settings/.Settings: +82ms (total +1m37s783ms)
06-10 18:35:30.431 32006 32096 D ActivityManager: mDVFSHelper.release()
06-10 18:35:31.491 32006 32481 D ActivityManager: mDVFSHelper.acquire()
06-10 18:35:31.591 32006 32485 D ActivityManager: post active user change for 0 fullscreen true isFloatingActivity() false isHomeActivity() false
06-10 18:35:31.661 32006 32096 I ActivityManager: Displayed com.android.settings/.SubSettings: +164ms
06-10 18:35:31.931 32006 32096 D ActivityManager: mDVFSHelper.release()
06-10 18:35:33.131 32006 32467 D ActivityManager: mDVFSHelper.acquire()
06-10 18:35:33.221 32006 32022 D ActivityManager: post active user change for 0 fullscreen true isFloatingActivity() false isHomeActivity() false
06-10 18:35:33.281 32006 32096 I ActivityManager: Displayed com.android.settings/.deviceinfo.Status: +135ms
06-10 18:35:33.461 32006 32096 D ActivityManager: mDVFSHelper.release()
06-10 18:35:50.821 32006 32471 D PackageManager: setEnabledSetting : userId = 0 packageName = com.google.android.gms cmp = com.google.android.gms.icing.proxy.SmsMonitor newState = 1 callingPackage = 10015
06-10 18:36:02.831 32006 32495 D ActivityManager: The following uid has registered to recieve broadcast for proxy related updates 10066
06-10 18:36:18.801 32006 32063 I ActivityManager: Waited long enough for: ServiceRecord{981cc7 u0 com.samsung.android.snote/.control.ui.quickmemo.service.InstantMemo_Service}
06-10 18:38:06.881 32006 32467 I ActivityManager: Process com.samsung.android.MtpApplication (pid 21926)(adj 0) has died(138,1509)
06-10 18:38:06.881 32006 32467 D ActivityManager: isAutoRunBlockedApp:: com.samsung.android.MtpApplication, Auto Run ON
06-10 18:38:07.171 32006 32481 I ActivityManager: Start proc 22689:com.sec.android.Kies/1000 for broadcast-3 com.sec.android.Kies/.KiesReceiver
06-10 18:38:07.411 32006 32458 I ActivityManager: Killing 15856:com.oculus.horizon/u0a221 (adj 15): DHA:empty #31
06-10 18:38:07.481 32006 32478 D ActivityManager: isAutoRunBlockedApp:: com.oculus.horizon, Auto Run ON
06-10 18:38:07.631 32006 32458 I ActivityManager: Start proc 22720:com.sec.android.app.popupuireceiver/1000 for broadcast-3 com.sec.android.app.popupuireceiver/.PopupuiReceiver
06-10 18:38:07.721 32006 32475 I ActivityManager: Killing 17824:com.oculus.home/u0a221 (adj 15): DHA:empty #31
06-10 18:38:07.761 32006 32489 I ActivityManager: Process com.sec.android.app.popupuireceiver (pid 22720)(adj 9) has died(145,1509)
06-10 18:38:07.761 32006 32489 D ActivityManager: isAutoRunBlockedApp:: com.sec.android.app.popupuireceiver, Auto Run ON
06-10 18:38:07.781 32006 32023 D ActivityManager: isAutoRunBlockedApp:: com.oculus.home, Auto Run ON
06-10 18:38:08.211 32006 32063 I ActivityManager: Start proc 22744:com.samsung.android.MtpApplication/1000 for broadcast-2 com.samsung.android.MtpApplication/.MtpReceiver
06-10 18:38:48.921 32006 32022 D ActivityManager: post active user change for 0 fullscreen true isFloatingActivity() false isHomeActivity() false
06-10 18:38:50.151 32006 32065 D ActivityManager: mDVFSHelper.acquire()
06-10 18:38:50.221 32006 32481 D ActivityManager: post active user change for 0 fullscreen true isFloatingActivity() false isHomeActivity() true
06-10 18:38:50.251 32006 32096 I ActivityManager: Displayed com.sec.android.app.launcher/.activities.LauncherActivity: +75ms (total +3m20s621ms)
06-10 18:38:50.641 32006 32063 D ActivityManager: mDVFSHelper.release()
06-10 18:38:51.171 32006 32467 D ActivityManager: mDVFSHelper.acquire()
06-10 18:38:51.191 32006 32063 I ActivityManager: Start proc 23090:com.samsung.android.hmt.vrsvc/1000 for broadcast-2 com.samsung.android.hmt.vrsvc/.receiver.HmtReceiverMarshmallow
06-10 18:38:51.201 32006 32492 D PackageManager: getComponentMetadataForIconTray : com.android.settings.Settings does not exist in mServices
06-10 18:38:51.201 32006 32492 D PackageManager: getComponentMetadataForIconTray : com.android.settings.Settings does not exist in mProviders
06-10 18:38:51.201 32006 32492 D PackageManager: getComponentMetadataForIconTray : com.android.settings.Settings does not exist in mReceivers
06-10 18:38:51.251 32006 32464 D ActivityManager: mDVFSHelper.acquire()
06-10 18:38:51.261 32006 32469 D ActivityManager: Launching com.samsung.android.hmt.vrsvc, updated priority
06-10 18:38:51.311 32006 32481 D ActivityManager: post active user change for 0 fullscreen false isFloatingActivity() false isHomeActivity() false
06-10 18:38:51.401 32006 32096 I ActivityManager: Displayed com.samsung.android.hmt.vrsvc/.WaitActivity: +142ms (total +2s509ms)
06-10 18:38:51.621 32006 32096 D ActivityManager: mDVFSHelper.release()
06-10 18:38:54.891 32006 32475 I ActivityManager: Start proc 23125:com.sec.spp.push:RemoteDlcProcess/u0a37 for broadcast-3 com.sec.spp.push/.dlc.sender.DlcRequestReceiver
06-10 18:38:55.111 32006 32495 I ActivityManager: Killing 16057:com.instagram.android/u0a113 (adj 15): DHA:empty #31
06-10 18:38:55.141 32006 32485 D ActivityManager: isAutoRunBlockedApp:: com.instagram.android, Auto Run ON
06-10 18:38:55.461 32006 32065 D ActivityManager: mDVFSHelper.acquire()
06-10 18:38:55.511 32006 32469 D ActivityManager: post active user change for 0 fullscreen true isFloatingActivity() false isHomeActivity() true
06-10 18:38:55.521 32006 32481 I ActivityManager: Killing 19766:com.whatsapp/u0a192 (adj 15): DHA:empty #31
06-10 18:38:55.541 32006 32458 D ActivityManager: isAutoRunBlockedApp:: com.whatsapp, Auto Run ON
06-10 18:38:55.951 32006 32063 D ActivityManager: mDVFSHelper.release()
06-10 18:38:57.621 32006 32475 D PackageManager: setEnabledSetting : userId = 0 packageName = com.google.android.gms cmp = com.google.android.gms.icing.proxy.SmsMonitor newState = 1 callingPackage = 10015
06-10 18:39:04.161 32006 32489 D ActivityManager: mDVFSHelper.acquire()
06-10 18:39:04.181 32006 32471 D ActivityManager: mDVFSHelper.acquire()
06-10 18:39:04.191 32006 32458 D ActivityManager: Launching com.samsung.android.hmt.vrsvc, updated priority
06-10 18:39:04.211 32006 32495 D ActivityManager: post active user change for 0 fullscreen false isFloatingActivity() false isHomeActivity() false
06-10 18:39:04.241 32006 32096 I ActivityManager: Displayed com.samsung.android.hmt.vrsvc/.WaitActivity: +55ms
06-10 18:39:04.461 32006 32096 D ActivityManager: mDVFSHelper.release()
06-10 18:39:07.501 32006 23160 I ActivityManager: Start proc 23161:com.samsung.android.hmt.vrsvc:system/1000 for service com.samsung.android.hmt.vrsvc/.system.VRSystemService
06-10 18:39:07.681 32006 32063 I ActivityManager: Start proc 23180:com.sec.android.app.popupuireceiver/1000 for broadcast-3 com.sec.android.app.popupuireceiver/.PopupuiReceiver
06-10 18:39:07.811 32006 32492 I ActivityManager: Process com.sec.android.app.popupuireceiver (pid 23180)(adj 9) has died(118,1512)
06-10 18:39:07.811 32006 32492 D ActivityManager: isAutoRunBlockedApp:: com.sec.android.app.popupuireceiver, Auto Run ON
06-10 18:39:08.251 32006 32458 I ActivityManager: Killing 18980:com.android.settings/1000 (adj 9): kill background
06-10 18:39:08.251 32006 32458 D ActivityManager: isAutoRunBlockedApp:: com.android.settings, Auto Run ON
06-10 18:39:08.271 32006 32473 I ActivityManager: Killing 18662:com.estrongs.android.pop/u0a227 (adj 9): kill background
06-10 18:39:08.271 32006 32473 D ActivityManager: isAutoRunBlockedApp:: com.estrongs.android.pop, Auto Run ON
06-10 18:39:08.291 32006 32458 I ActivityManager: Killing 18640:com.samsung.android.sm/1000 (adj 11): kill background
06-10 18:39:08.291 32006 32458 D ActivityManager: isAutoRunBlockedApp:: com.samsung.android.sm, Auto Run ON
06-10 18:39:08.471 32006 32063 I ActivityManager: Start proc 23235:com.samsung.android.sdk.professionalaudio.utility.jammonitor/u0a174 for broadcast-2 com.samsung.android.sdk.professionalaudio.utility.jammonitor/.BPReceiver
06-10 18:39:08.541 32006 32462 D PackageManager: setEnabledSetting : userId = 0 packageName = com.samsung.android.app.galaxyfinder cmp = null newState = 2 callingPackage = com.samsung.android.hmt.vrsvc
06-10 18:39:08.601 32006 32481 I ActivityManager: Start proc 23247:com.sec.android.app.shealth/u0a33 for broadcast-2 com.sec.android.app.shealth/com.samsung.android.app.shealth.tracker.bloodglucose.data.TrackerBloodGlucoseDataReceiver
06-10 18:39:08.691 32006 32475 D PackageManager: setEnabledSetting : userId = 0 packageName = com.samsung.android.hmt.vrsvc cmp = com.samsung.android.hmt.vrsvc.service.NotificationListener newState = 1 callingPackage = 1000
06-10 18:39:08.761 32006 32473 I ActivityManager: Start proc 23262:com.sec.android.app.shealth:remote/u0a33 for service com.sec.android.app.shealth/com.samsung.android.service.health.HealthService
06-10 18:39:08.901 32006 32119 D PackageManager: [MSG] WRITE_PACKAGE_RESTRICTIONS
06-10 18:39:08.951 32006 32467 D PackageManager: setEnabledSetting : userId = 0 packageName = com.sec.android.app.shealth cmp = com.sec.android.app.shealth.widget.WalkMateAppWidget newState = 1 callingPackage = 10033
06-10 18:39:08.971 32006 32473 D PackageManager: setEnabledSetting : userId = 0 packageName = com.sec.android.app.shealth cmp = com.sec.android.app.shealth.widget.WalkMatePlainAppWidget newState = 1 callingPackage = 10033
06-10 18:39:08.981 32006 32458 D PackageManager: setEnabledSetting : userId = 0 packageName = com.sec.android.app.shealth cmp = com.sec.android.app.shealth.widget.WalkMateAppEasyWidget newState = 1 callingPackage = 10033
06-10 18:39:08.991 32006 32481 D PackageManager: setEnabledSetting : userId = 0 packageName = com.sec.android.app.shealth cmp = com.samsung.android.sdk.healthdata.privileged.status.PackageDelegateReceiver newState = 1 callingPackage = 10033
06-10 18:39:09.121 32006 32489 D ActivityManager: mDVFSHelper.acquire()
06-10 18:39:09.201 32006 32464 I ActivityManager: Killing 20612:com.wssyncmldm/1000 (adj 15): DHA:SPC_empty #31
06-10 18:39:09.251 32006 32481 I ActivityManager: Config changes=480 {1 1.0 themeSeq = 0 showBtnBg = 0 ?mcc?mnc en_US ldltr sw411dp w731dp h387dp 560dpi nrml long land finger -keyb/v/h -nav/h mkbd/h s.37}
06-10 18:39:09.371 32006 32458 D ActivityManager: isAutoRunBlockedApp:: com.wssyncmldm, Auto Run ON
06-10 18:39:09.371 32006 32458 W ActivityManager: Scheduling restart of crashed service com.wssyncmldm/com.samsung.android.app.syncmldm.XDMService in 1000ms
06-10 18:39:09.401 32006 32467 I ActivityManager: Start proc 23316:com.sec.android.service.health/u0a19 for content provider com.sec.android.service.health/.cp.MigrationCpProvider
06-10 18:39:09.411 32006 32473 D ActivityManager: post active user change for 0 fullscreen true isFloatingActivity() false isHomeActivity() false
06-10 18:39:09.421 32006 32485 I ActivityManager: Killing 21599:com.samsung.android.sm.devicesecurity/5012 (adj 15): DHA:empty #31
06-10 18:39:09.441 32006 32492 D ActivityManager: isAutoRunBlockedApp:: com.samsung.android.sm.devicesecurity, Auto Run ON
06-10 18:39:09.491 32006 32473 D ActivityManager: mDVFSHelper.acquire()
06-10 18:39:09.851 32006 32096 D ActivityManager: mDVFSHelper.release()
06-10 18:39:09.861 32006 32023 D ActivityManager: mDVFSHelper.acquire()
06-10 18:39:09.871 32006 32023 I ActivityManager: Start proc 23329:com.digitalkey.setin/u0a257 for activity com.digitalkey.setin/com.unity3d.player.UnityPlayerActivity
06-10 18:39:09.881 32006 32492 D ActivityManager: Launching com.digitalkey.setin, updated priority
06-10 18:39:10.171 32006 32469 D ActivityManager: post active user change for 0 fullscreen true isFloatingActivity() false isHomeActivity() false
06-10 18:39:10.231 32006 32096 I ActivityManager: Displayed com.digitalkey.setin/com.unity3d.player.UnityPlayerActivity: +371ms (total +1s5ms)
06-10 18:39:10.401 32006 32096 D ActivityManager: mDVFSHelper.release()
06-10 18:39:10.421 23329 23343 D Unity : GL_EXT_debug_marker GL_ARM_rgba8 GL_ARM_mali_shader_binary GL_OES_depth24 GL_OES_depth_texture GL_OES_depth_texture_cube_map GL_OES_packed_depth_stencil GL_OES_rgb8_rgba8 GL_EXT_read_format_bgra GL_OES_compressed_paletted_texture GL_OES_compressed_ETC1_RGB8_texture GL_OES_standard_derivatives GL_OES_EGL_image GL_OES_EGL_image_external GL_OES_EGL_sync GL_OES_texture_npot GL_OES_vertex_half_float GL_OES_required_internalformat GL_OES_vertex_array_object GL_OES_mapbuffer GL_EXT_texture_format_BGRA8888 GL_EXT_texture_rg GL_EXT_texture_type_2_10_10_10_REV GL_OES_fbo_render_mipmap GL_OES_element_index_uint GL_EXT_shadow_samplers GL_OES_texture_compression_astc GL_KHR_texture_compression_astc_ldr GL_KHR_texture_compression_astc_hdr GL_KHR_debug GL_EXT_occlusion_query_boolean GL_EXT_disjoint_timer_query GL_EXT_blend_minmax GL_EXT_discard_framebuffer GL_OES_get_program_binary GL_OES_texture_3D GL_EXT_texture_storage GL_EXT_multisampled_render_to_texture GL_OES_surfaceless_context GL_OES_texture_stencil8 GL_EXT_shader
06-10 18:39:10.421 23329 23343 D Unity : _pixel_local_storage GL_ARM_shader_framebuffer_fetch GL_ARM_shader_framebuffer_fetch_depth_stencil GL_ARM_mali_program_binary GL_EXT_sRGB GL_EXT_sRGB_write_control GL_EXT_texture_sRGB_decode GL_KHR_blend_equation_advanced GL_KHR_blend_equation_advanced_coherent GL_OES_texture_storage_multisample_2d_array GL_OES_shader_image_atomic GL_EXT_robustness GL_EXT_draw_buffers_indexed GL_OES_draw_buffers_indexed GL_EXT_texture_border_clamp GL_OES_texture_border_clamp GL_EXT_texture_cube_map_array GL_OES_texture_cube_map_array GL_OES_sample_variables GL_OES_sample_shading GL_OES_shader_multisample_interpolation GL_EXT_shader_io_blocks GL_OES_shader_io_blocks GL_EXT_tessellation_shader GL_OES_tessellation_shader GL_EXT_primitive_bounding_box GL_OES_primitive_bounding_box GL_EXT_geometry_shader GL_OES_geometry_shader GL_ANDROID_extension_pack_es31a GL_EXT_gpu_shader5 GL_OES_gpu_shader5 GL_EXT_texture_buffer GL_OES_texture_buffer GL_EXT_copy_image GL_OES_copy_image GL_EXT_color_buffer_half_float GL_EXT_color_buffer_float
06-10 18:39:10.421 23329 23343 D Unity : GL_OVR_multiview GL_OVR_multiview2 GL_OVR_multiview_multisampled_render_to_texture
06-10 18:39:10.721 32006 32023 I ActivityManager: Start proc 23406:com.oculus.horizon/u0a221 for service com.oculus.horizon/.service.SDKLoggingService
06-10 18:39:11.141 32006 32471 D PackageManager: setEnabledSetting : userId = 0 packageName = com.oculus.horizon cmp = com.facebook.rti.push.service.FbnsService newState = 1 callingPackage = 10221
06-10 18:39:18.591 32006 32119 D PackageManager: [MSG] SEND_PENDING_BROADCAST
06-10 18:39:18.641 32006 32022 W ActivityManager: Permission Denial: Accessing service ComponentInfo{com.google.android.music/com.google.android.music.dial.DialMediaRouteProviderService} from pid=19656, uid=10146 that is not exported from uid 10143
06-10 18:39:18.671 32006 32485 I ActivityManager: Start proc 23496:com.samsung.android.app.FileShareServer/5005 for broadcast-3 com.samsung.android.app.FileShareServer/.ServerBroadcastReceiver
06-10 18:39:18.711 32006 32481 W ActivityManager: Permission Denial: Accessing service ComponentInfo{com.google.android.music/com.google.android.music.dial.DialMediaRouteProviderService} from pid=19656, uid=10146 that is not exported from uid 10143
06-10 18:39:18.771 32006 32458 I ActivityManager: Start proc 23510:com.samsung.android.app.watchmanagerstub/u0a125 for broadcast-3 com.samsung.android.app.watchmanagerstub/com.sec.android.applicationmgr.PackageIntentReceiver
06-10 18:39:18.771 32006 32458 I ActivityManager: Killing 16626:com.sec.android.provider.badge/u0a88 (adj 15): DHA:empty #31
06-10 18:39:18.791 32006 32489 D ActivityManager: isAutoRunBlockedApp:: com.sec.android.provider.badge, Auto Run ON
06-10 18:39:18.871 32006 32475 I ActivityManager: Start proc 23522:com.enhance.gameservice/u0a124 for broadcast-3 com.enhance.gameservice/.GameServiceReceiver
06-10 18:39:18.871 32006 32475 I ActivityManager: Killing 16379:com.google.process.gapps/u0a15 (adj 15): DHA:empty #31
06-10 18:39:18.891 32006 32485 D ActivityManager: isAutoRunBlockedApp:: com.google.android.gsf, Auto Run ON
06-10 18:39:18.941 32006 32485 I ActivityManager: Killing 19517:com.samsung.android.sm.provider/1000 (adj 15): DHA:empty #31
06-10 18:39:18.991 32006 32495 I ActivityManager: Start proc 23536:com.android.vending/u0a28 for broadcast-3 com.android.vending/com.google.android.finsky.receivers.PackageMonitorReceiver$RegisteredReceiver
06-10 18:39:19.011 32006 32462 D ActivityManager: isAutoRunBlockedApp:: com.samsung.android.sm.provider, Auto Run ON
06-10 18:39:19.061 32006 32464 D PackageManager: setEnabledSetting : userId = 0 packageName = com.google.android.gms cmp = com.google.android.gms.people.pub.PeopleProfileActionGatewayActivity newState = 1 callingPackage = 10015
06-10 18:39:19.121 32006 32464 D PackageManager: setEnabledSetting : userId = 0 packageName = com.google.android.gms cmp = com.google.android.gms.icing.proxy.SmsMonitor newState = 1 callingPackage = 10015
06-10 18:39:19.141 32006 32481 I ActivityManager: Start proc 23554:com.google.process.gapps/u0a15 for content provider com.google.android.gsf/.gservices.GservicesProvider
06-10 18:39:19.411 32006 32471 D PackageManager: setEnabledSetting : userId = 0 packageName = com.android.vending cmp = com.android.vending.AssetBrowserActivity newState = 1 callingPackage = 10028
06-10 18:39:19.561 32006 32473 D PackageManager: setEnabledSetting : userId = 0 packageName = com.android.vending cmp = com.google.android.finsky.activities.DebugActivity newState = 2 callingPackage = 10028
06-10 18:39:19.701 32006 32485 I ActivityManager: Killing 21623:com.sec.knox.switcher/1000 (adj 15): DHA:empty #31
06-10 18:39:19.721 32006 32475 D ActivityManager: isAutoRunBlockedApp:: com.sec.knox.switcher, Auto Run ON
06-10 18:39:19.761 32006 32458 I ActivityManager: Killing 22689:com.sec.android.Kies/1000 (adj 15): DHA:empty #31
06-10 18:39:19.791 32006 32478 D ActivityManager: isAutoRunBlockedApp:: com.sec.android.Kies, Auto Run ON
06-10 18:39:19.941 32006 32481 D PackageManager: setEnabledSetting : userId = 0 packageName = com.google.android.gms cmp = com.google.android.gms.people.pub.PeopleProfileActionGatewayActivity newState = 1 callingPackage = 10015
06-10 18:39:26.691 32006 32063 I ActivityManager: Start proc 23615:com.oculus.home/u0a221 for broadcast-3 com.oculus.home/com.oculus.appmanager.util.WakeupReceiver
06-10 18:39:27.301 32006 32489 I ActivityManager: Killing 21638:com.android.chrome/u0a96 (adj 15): DHA:empty #31
06-10 18:39:27.321 32006 32478 D ActivityManager: isAutoRunBlockedApp:: com.android.chrome, Auto Run ON
06-10 18:39:31.691 23329 23475 I Unity : OVRGamepadController has been deprecated and will be removed in a future release. Please migrate to OVRInput. Refer to the documentation here for more information: https://developer.oculus.com/documentation/game-engines/latest/concepts/unity-ovrinput/
06-10 18:39:31.691 23329 23475 I Unity :
06-10 18:39:31.691 23329 23475 I Unity : (Filename: ./artifacts/generated/common/runtime/UnityEngineDebugBindings.gen.cpp Line: 37)
06-10 18:39:31.691 23329 23475 I Unity :
06-10 18:39:31.921 23329 23343 I Unity : Unity v5.3.4p6, Oculus Utilities v0.1.3.0, OVRPlugin v1.3.2.
06-10 18:39:31.921 23329 23343 I Unity :
06-10 18:39:31.921 23329 23343 I Unity : (Filename: ./artifacts/generated/common/runtime/UnityEngineDebugBindings.gen.cpp Line: 37)
06-10 18:39:31.921 23329 23343 I Unity :
06-10 18:39:31.961 23329 23343 I Unity : Creating volume controller...
06-10 18:39:31.961 23329 23343 I Unity :
06-10 18:39:31.961 23329 23343 I Unity : (Filename: ./artifacts/generated/common/runtime/UnityEngineDebugBindings.gen.cpp Line: 37)
06-10 18:39:31.961 23329 23343 I Unity :
06-10 18:39:32.471 23329 23343 W Unity : Failed to load profile.
06-10 18:39:32.471 23329 23343 W Unity :
06-10 18:39:32.471 23329 23343 W Unity : (Filename: ./artifacts/generated/common/runtime/UnityEngineDebugBindings.gen.cpp Line: 37)
06-10 18:39:32.471 23329 23343 W Unity :
06-10 18:49:12.411 32006 32092 I ActivityManager: Start proc 24381:com.samsung.android.sm.provider/1000 for content provider com.samsung.android.sm.provider/com.samsung.android.sm.database.SmProvider
06-10 18:49:12.711 32006 32006 I ActivityManager: Killing 21683:com.google.android.apps.photos/u0a153 (adj 15): DHA:empty #31
06-10 18:49:12.741 32006 32467 D ActivityManager: isAutoRunBlockedApp:: com.google.android.apps.photos, Auto Run ON
06-10 18:49:12.751 32006 32467 I ActivityManager: Killing 21699:com.sec.android.sidesync30/u0a179 (adj 15): DHA:empty #29
06-10 18:49:12.751 32006 32467 I ActivityManager: Killing 22744:com.samsung.android.MtpApplication/1000 (adj 15): DHA:empty #29
06-10 18:49:12.771 32006 32022 D ActivityManager: isAutoRunBlockedApp:: com.samsung.android.MtpApplication, Auto Run ON
06-10 18:49:12.781 32006 32022 I ActivityManager: Killing 21970:com.samsung.enhanceservice/5004 (adj 15): DHA:empty #27
06-10 18:49:12.781 32006 32022 I ActivityManager: Killing 21981:com.samsung.dcmservice/5004 (adj 15): DHA:empty #27
06-10 18:49:12.801 32006 32462 D ActivityManager: isAutoRunBlockedApp:: com.sec.android.sidesync30, Auto Run ON
06-10 18:49:12.801 32006 32462 I ActivityManager: Killing 22091:com.samsung.ipservice/5004 (adj 15): DHA:empty #25
06-10 18:49:12.801 32006 32462 I ActivityManager: Killing 22101:com.samsung.faceservice/5004 (adj 15): DHA:empty #25
06-10 18:49:12.821 32006 32492 D ActivityManager: isAutoRunBlockedApp:: com.samsung.enhanceservice, Auto Run ON
06-10 18:49:12.821 32006 32492 W ActivityManager: Scheduling restart of crashed service com.samsung.enhanceservice/.EnhanceService in 1000ms
06-10 18:49:12.841 32006 32467 D ActivityManager: isAutoRunBlockedApp:: com.samsung.dcmservice, Auto Run ON
06-10 18:49:12.841 32006 32467 W ActivityManager: Scheduling restart of crashed service com.samsung.dcmservice/.DCMService in 10983ms
06-10 18:49:12.851 32006 32489 D ActivityManager: isAutoRunBlockedApp:: com.samsung.faceservice, Auto Run ON
06-10 18:49:12.851 32006 32489 W ActivityManager: Scheduling restart of crashed service com.samsung.faceservice/.FaceService in 20966ms
06-10 18:49:12.871 32006 32464 D ActivityManager: isAutoRunBlockedApp:: com.samsung.ipservice, Auto Run ON
06-10 18:49:12.871 32006 32464 W ActivityManager: Scheduling restart of crashed service com.samsung.ipservice/.IPService in 30951ms
06-10 18:49:13.841 32006 32063 I ActivityManager: Start proc 24395:com.samsung.enhanceservice/5004 for service com.samsung.enhanceservice/.EnhanceService
06-10 18:49:23.841 32006 32063 I ActivityManager: Start proc 24420:com.samsung.dcmservice/5004 for service com.samsung.dcmservice/.DCMService
06-10 18:49:23.961 32006 32485 I ActivityManager: Killing 22077:com.samsung.storyservice/5004 (adj 15): DHA:empty #24
06-10 18:49:23.961 32006 32485 I ActivityManager: Killing 21941:com.samsung.cmh:CMH/5004 (adj 15): DHA:empty #24
06-10 18:49:23.961 32006 32485 I ActivityManager: Killing 22032:com.sec.android.app.music:service/u0a34 (adj 15): DHA:empty #24
06-10 18:49:24.011 32006 32495 D ActivityManager: isAutoRunBlockedApp:: com.sec.android.app.music, Auto Run ON
06-10 18:49:24.011 32006 32495 I ActivityManager: Killing 18139:com.samsung.android.snote:instantMemo/u0a162 (adj 15): DHA:empty #22
06-10 18:49:24.011 32006 32495 I ActivityManager: Killing 18090:com.samsung.android.snote:quicknote/u0a162 (adj 15): DHA:empty #22
06-10 18:49:24.031 32006 32462 D ActivityManager: isAutoRunBlockedApp:: com.samsung.storyservice, Auto Run ON
06-10 18:49:24.031 32006 32462 W ActivityManager: Scheduling restart of crashed service com.samsung.storyservice/.StoryService in 29792ms
06-10 18:49:24.031 32006 32462 I ActivityManager: Killing 18100:com.sec.android.app.sbrowser/u0a160 (adj 15): DHA:empty #20
06-10 18:49:24.031 32006 32462 I ActivityManager: Killing 18154:com.sec.android.daemonapp/u0a190 (adj 15): DHA:empty #20
06-10 18:49:24.051 32006 32464 I ActivityManager: Killing 23125:com.sec.spp.push:RemoteDlcProcess/u0a37 (adj 15): DHA:empty #18
06-10 18:49:24.061 32006 32464 I ActivityManager: Killing 17538:com.sec.app.TransmitPowerService/u0a207 (adj 15): DHA:empty #16
06-10 18:49:24.071 32006 32464 D ActivityManager: isAutoRunBlockedApp:: com.samsung.cmh, Auto Run ON
06-10 18:49:24.071 32006 32464 I ActivityManager: Killing 23235:com.samsung.android.sdk.professionalaudio.utility.jammonitor/u0a174 (adj 15): DHA:empty #14
06-10 18:49:24.071 32006 32464 I ActivityManager: Killing 18118:com.myscript.atk.rmc.service.sample/u0a157 (adj 15): DHA:empty #14
06-10 18:49:24.091 32006 32485 D ActivityManager: isAutoRunBlockedApp:: com.samsung.android.snote, Auto Run ON
06-10 18:49:24.091 32006 32485 I ActivityManager: Killing 23247:com.sec.android.app.shealth/u0a33 (adj 15): DHA:empty #12
06-10 18:49:24.091 32006 32485 I ActivityManager: Killing 18075:com.samsung.android.SettingsReceiver/1000 (adj 15): DHA:empty #12
06-10 18:49:24.101 32006 32473 D ActivityManager: isAutoRunBlockedApp:: com.sec.android.app.sbrowser, Auto Run ON
06-10 18:49:24.101 32006 32473 I ActivityManager: Killing 21735:com.facebook.katana/u0a115 (adj 15): DHA:empty #10
06-10 18:49:24.101 32006 32473 I ActivityManager: Killing 23316:com.sec.android.service.health/u0a19 (adj 15): DHA:empty #10
06-10 18:49:24.121 32006 32489 D ActivityManager: isAutoRunBlockedApp:: com.sec.android.daemonapp, Auto Run ON
06-10 18:49:24.131 32006 32489 I ActivityManager: Killing 23554:com.google.process.gapps/u0a15 (adj 15): DHA:empty #9
06-10 18:49:24.141 32006 32475 D ActivityManager: isAutoRunBlockedApp:: com.sec.spp.push, Auto Run ON
06-10 18:49:24.161 32006 32492 D ActivityManager: isAutoRunBlockedApp:: com.sec.app.TransmitPowerService, Auto Run ON
06-10 18:49:24.171 32006 32022 D ActivityManager: isAutoRunBlockedApp:: com.samsung.android.sdk.professionalaudio.utility.jammonitor, Auto Run ON
06-10 18:49:24.191 32006 32495 D ActivityManager: isAutoRunBlockedApp:: com.myscript.atk.rmc.service.sample, Auto Run ON
06-10 18:49:24.201 32006 32023 D ActivityManager: isAutoRunBlockedApp:: com.samsung.android.SettingsReceiver, Auto Run ON
06-10 18:49:24.211 32006 32481 D ActivityManager: isAutoRunBlockedApp:: com.sec.android.app.shealth, Auto Run ON
06-10 18:49:24.231 32006 32478 D ActivityManager: isAutoRunBlockedApp:: com.samsung.android.snote, Auto Run ON
06-10 18:49:24.241 32006 32485 D ActivityManager: isAutoRunBlockedApp:: com.sec.android.service.health, Auto Run ON
06-10 18:49:24.261 32006 32471 D ActivityManager: isAutoRunBlockedApp:: com.google.android.gsf, Auto Run ON
06-10 18:49:24.281 32006 32475 D ActivityManager: isAutoRunBlockedApp:: com.facebook.katana, Auto Run ON
06-10 18:49:30.731 32006 32467 I ActivityManager: Killing 23510:com.samsung.android.app.watchmanagerstub/u0a125 (adj 15): DHA:empty #9
06-10 18:49:30.731 32006 32467 I ActivityManager: Killing 23496:com.samsung.android.app.FileShareServer/5005 (adj 15): DHA:empty #9
06-10 18:49:30.751 32006 32489 D ActivityManager: isAutoRunBlockedApp:: com.samsung.android.app.FileShareServer, Auto Run ON
06-10 18:49:30.771 32006 32464 D ActivityManager: isAutoRunBlockedApp:: com.samsung.android.app.watchmanagerstub, Auto Run ON
06-10 18:53:46.681 32006 32469 I ActivityManager: Start proc 24736:com.estrongs.android.pop/u0a227 for broadcast-3 com.estrongs.android.pop/com.dianxinos.dxservice.stat.AlarmReceiver
06-10 18:53:48.431 32006 32495 I ActivityManager: Killing 23522:com.enhance.gameservice/u0a124 (adj 15): DHA:empty #9
06-10 18:53:48.461 32006 32022 D ActivityManager: isAutoRunBlockedApp:: com.enhance.gameservice, Auto Run ON
06-10 18:53:48.841 32006 32471 I ActivityManager: Process com.android.vending (pid 23536)(adj 15) has died(74,314)
06-10 18:53:48.841 32006 32471 D ActivityManager: isAutoRunBlockedApp:: com.android.vending, Auto Run ON
06-10 18:53:48.951 32006 32492 I ActivityManager: Process com.sec.android.app.shealth:remote (pid 23262)(adj 15) has died(57,318)
06-10 18:53:48.951 32006 32492 D ActivityManager: isAutoRunBlockedApp:: com.sec.android.app.shealth, Auto Run ON
06-10 18:53:48.971 32006 32473 I ActivityManager: Process android.process.media (pid 15989)(adj 15) has died(54,319)
06-10 18:53:48.971 32006 32473 D ActivityManager: isAutoRunBlockedApp:: com.android.providers.downloads, Auto Run ON
06-10 18:53:49.011 32006 32467 I ActivityManager: Process android.process.acore (pid 17891)(adj 15) has died(56,316)
06-10 18:53:49.011 32006 32467 D ActivityManager: isAutoRunBlockedApp:: com.android.providers.contacts, Auto Run ON
06-10 18:53:49.041 32006 32022 I ActivityManager: Process com.sec.android.gallery3d (pid 17551)(adj 15) has died(57,318)
06-10 18:53:49.041 32006 32022 D ActivityManager: isAutoRunBlockedApp:: com.sec.android.gallery3d, Auto Run ON
06-10 18:54:07.931 32006 32475 I ActivityManager: Process com.samsung.android.sm.provider (pid 24381)(adj 15) has died(73,314)
06-10 18:54:07.931 32006 32475 D ActivityManager: isAutoRunBlockedApp:: com.samsung.android.sm.provider, Auto Run ON
06-10 18:54:08.021 32006 32473 I ActivityManager: Process com.samsung.enhanceservice (pid 24395)(adj 15) has died(74,314)
06-10 18:54:08.031 32006 32473 D ActivityManager: isAutoRunBlockedApp:: com.samsung.enhanceservice, Auto Run ON
06-10 18:54:09.061 32006 32475 I ActivityManager: Process com.facebook.appmanager (pid 15915)(adj 15) has died(72,314)
06-10 18:54:09.061 32006 32475 D ActivityManager: isAutoRunBlockedApp:: com.facebook.appmanager, Auto Run ON
06-10 18:55:01.531 32006 32473 I ActivityManager: Process com.samsung.dcmservice (pid 24420)(adj 13) has died(74,218)
06-10 18:55:01.541 32006 32473 D ActivityManager: isAutoRunBlockedApp:: com.samsung.dcmservice, Auto Run ON
06-10 18:55:01.651 32006 32458 I ActivityManager: Process com.estrongs.android.pop (pid 24736)(adj 11) has died(84,220)
06-10 18:55:01.651 32006 32458 D ActivityManager: isAutoRunBlockedApp:: com.estrongs.android.pop, Auto Run ON
06-10 18:55:06.861 32006 32471 I ActivityManager: Process com.oculus.home (pid 23615)(adj 9) has died(76,217)
06-10 18:55:06.861 32006 32471 D ActivityManager: isAutoRunBlockedApp:: com.oculus.home, Auto Run ON
06-10 18:55:30.551 32006 32063 I ActivityManager: Start proc 24926:com.oculus.home/u0a221 for broadcast-3 com.oculus.home/com.oculus.appmanager.util.WakeupReceiver
06-10 18:55:31.781 32006 32492 I ActivityManager: Start proc 24957:android.process.media/u0a45 for content provider com.android.providers.downloads/.DownloadProvider
06-10 18:55:32.201 32006 32464 I ActivityManager: Start proc 24969:com.facebook.appmanager/u0a112 for broadcast-3 com.facebook.appmanager/com.facebook.oxygen.appmanager.scheduler.BootstrapReceiver
06-10 18:55:32.241 32006 32458 I ActivityManager: Process com.oculus.home (pid 24926)(adj 11) has died(79,157)
06-10 18:55:32.241 32006 32458 D ActivityManager: isAutoRunBlockedApp:: com.oculus.home, Auto Run ON
06-10 18:55:32.331 32006 32023 I ActivityManager: Process android.process.media (pid 24957)(adj 9) has died(73,163)
06-10 18:55:32.331 32006 32023 D ActivityManager: isAutoRunBlockedApp:: com.android.providers.downloads, Auto Run ON
06-10 18:55:32.331 32006 32492 W ActivityManager: Unable to launch app com.android.providers.downloads/10045 for provider downloads: launching app became null
06-10 18:55:33.731 32006 32473 I ActivityManager: Process com.facebook.appmanager (pid 24969)(adj 9) has died(75,160)
06-10 18:55:33.731 32006 32473 D ActivityManager: isAutoRunBlockedApp:: com.facebook.appmanager, Auto Run ON
06-10 18:55:59.411 32006 32458 I ActivityManager: Process com.oculus.horizon:fbns (pid 15838)(adj 8) has died(74,124)
06-10 18:55:59.411 32006 32458 D ActivityManager: isAutoRunBlockedApp:: com.oculus.horizon, Auto Run ON
06-10 18:55:59.421 32006 32458 W ActivityManager: Scheduling restart of crashed service com.oculus.horizon/com.facebook.rti.push.service.FbnsService in 1000ms
06-10 18:55:59.701 32006 32475 I ActivityManager: Process com.samsung.android.smartface (pid 15881)(adj 8) has died(76,124)
06-10 18:55:59.701 32006 32475 D ActivityManager: isAutoRunBlockedApp:: com.samsung.android.smartface, Auto Run ON
06-10 18:55:59.701 32006 32475 W ActivityManager: Scheduling restart of crashed service com.samsung.android.smartface/.SmartFaceServiceStarter in 10721ms
06-10 18:56:00.001 32006 32006 I ActivityManager: Exiting empty application process android.process.media (null)
06-10 18:56:00.031 32006 32006 D ActivityManager: isAutoRunBlockedApp:: com.android.providers.downloads, Auto Run ON
06-10 18:56:00.441 32006 32063 I ActivityManager: Start proc 25023:com.oculus.horizon:fbns/u0a221 for service com.oculus.horizon/com.facebook.rti.push.service.FbnsService
06-10 18:56:00.641 32006 32464 I ActivityManager: Process com.samsung.android.fmm (pid 17873)(adj 8) has died(73,124)
06-10 18:56:00.651 32006 32464 D ActivityManager: isAutoRunBlockedApp:: com.samsung.android.fmm, Auto Run ON
06-10 18:56:00.651 32006 32464 W ActivityManager: Scheduling restart of crashed service com.samsung.android.fmm/com.fmm.dm.XDMService in 19775ms
06-10 18:56:00.671 32006 32023 I ActivityManager: Process com.samsung.android.voicewakeup (pid 19248)(adj 8) has died(73,126)
06-10 18:56:00.671 32006 32023 D ActivityManager: isAutoRunBlockedApp:: com.samsung.android.voicewakeup, Auto Run ON
06-10 18:56:00.671 32006 32023 W ActivityManager: Scheduling restart of crashed service com.samsung.android.voicewakeup/.alwaysmicon.AlwaysMicOnService in 29750ms
06-10 18:56:00.761 32006 32475 I ActivityManager: Process com.facebook.orca (pid 16192)(adj 8) has died(87,125)
06-10 18:56:00.761 32006 32475 D ActivityManager: isAutoRunBlockedApp:: com.facebook.orca, Auto Run ON
06-10 18:56:00.761 32006 32475 W ActivityManager: Scheduling restart of crashed service com.facebook.orca/com.facebook.messaging.newphoto.NewPhotoIntentService in 39659ms
06-10 18:56:01.331 32006 32063 I ActivityManager: Start proc 25037:com.facebook.appmanager/u0a112 for broadcast-3 com.facebook.appmanager/com.facebook.oxygen.appmanager.scheduler.BootstrapReceiver
06-10 18:56:01.671 32006 32492 I ActivityManager: Process com.facebook.appmanager (pid 25037)(adj 9) has died(76,135)
06-10 18:56:01.671 32006 32492 D ActivityManager: isAutoRunBlockedApp:: com.facebook.appmanager, Auto Run ON
06-10 18:56:01.731 32006 32481 I ActivityManager: Start proc 25061:android.process.media/u0a45 for content provider com.android.providers.downloads/.DownloadProvider
06-10 18:56:01.771 32006 32471 I ActivityManager: Start proc 25077:com.facebook.katana/u0a115 for content provider com.facebook.katana/com.facebook.platform.common.provider.PlatformProviderBase
06-10 18:56:02.361 32006 32063 I ActivityManager: Start proc 25106:com.instagram.android/u0a113 for broadcast-3 com.instagram.android/com.facebook.rti.push.service.idsharing.FbnsSharingStateReceiver
06-10 18:56:02.641 32006 32462 D PackageManager: setEnabledSetting : userId = 0 packageName = com.oculus.horizon cmp = com.facebook.rti.push.service.FbnsService newState = 1 callingPackage = 10221
06-10 18:56:03.471 32006 32473 I ActivityManager: Process com.instagram.android (pid 25106)(adj 9) has died(74,134)
06-10 18:56:03.481 32006 32473 D ActivityManager: isAutoRunBlockedApp:: com.instagram.android, Auto Run ON
06-10 18:56:04.451 32006 32458 I ActivityManager: Process android.process.media (pid 25061)(adj 9) has died(76,131)
06-10 18:56:04.451 32006 32458 D ActivityManager: isAutoRunBlockedApp:: com.android.providers.downloads, Auto Run ON
06-10 18:56:04.621 32006 32495 I ActivityManager: Start proc 25167:com.facebook.orca/u0a114 for broadcast-3 com.facebook.orca/com.facebook.rti.push.service.idsharing.FbnsSharingStateReceiver
06-10 18:56:04.661 32006 32489 I ActivityManager: Process com.facebook.katana (pid 25077)(adj 9) has died(90,133)
06-10 18:56:04.661 32006 32489 D ActivityManager: isAutoRunBlockedApp:: com.facebook.katana, Auto Run ON
06-10 18:56:05.731 32006 32022 I ActivityManager: Process com.google.android.music:main (pid 21916)(adj 8) has died(74,125)
06-10 18:56:05.741 32006 32022 D ActivityManager: isAutoRunBlockedApp:: com.google.android.music, Auto Run ON
06-10 18:56:05.751 32006 32022 W ActivityManager: Canceling start item Intent { act=com.google.android.wearable.datatransfer.UPDATE cmp=com.google.android.music/com.google.android.wearable.datatransfer.DataSyncService (has extras) } in service ComponentInfo{com.google.android.music/com.google.android.wearable.datatransfer.DataSyncService}
06-10 18:56:05.751 32006 32022 W ActivityManager: Canceling start item Intent { act=com.google.android.wearable.datatransfer.UPDATE cmp=com.google.android.music/com.google.android.wearable.datatransfer.DataSyncService (has extras) } in service ComponentInfo{com.google.android.music/com.google.android.wearable.datatransfer.DataSyncService}
06-10 18:56:05.751 32006 32022 W ActivityManager: Canceling start item Intent { act=com.google.android.wearable.datatransfer.UPDATE cmp=com.google.android.music/com.google.android.wearable.datatransfer.DataSyncService (has extras) } in service ComponentInfo{com.google.android.music/com.google.android.wearable.datatransfer.DataSyncService}
06-10 18:56:05.751 32006 32022 W ActivityManager: Scheduling restart of crashed service com.google.android.music/com.google.android.wearable.datatransfer.DataSyncService in 2455788ms
06-10 18:56:05.751 32006 32022 W ActivityManager: Scheduling restart of crashed service com.google.android.music/.wear.WearDataTransferConnectionService in 34675ms
06-10 18:56:05.791 32006 32471 I ActivityManager: Process com.microsoft.office.word (pid 16646)(adj 8) has died(72,126)
06-10 18:56:05.791 32006 32471 D ActivityManager: isAutoRunBlockedApp:: com.microsoft.office.word, Auto Run ON
06-10 18:56:05.801 32006 32471 W ActivityManager: Scheduling restart of crashed service com.microsoft.office.word/com.microsoft.office.preinstallservice.PreInstallService in 34626ms
06-10 18:56:05.821 32006 32023 I ActivityManager: Process com.sec.android.app.SmartClipService (pid 18032)(adj 8) has died(73,126)
06-10 18:56:05.821 32006 32023 D ActivityManager: isAutoRunBlockedApp:: com.sec.android.app.SmartClipService, Auto Run ON
06-10 18:56:05.821 32006 32023 W ActivityManager: Scheduling restart of crashed service com.sec.android.app.SmartClipService/com.samsung.android.service.hermes.HermesServiceStarter in 44596ms
06-10 18:56:06.701 32006 32458 I ActivityManager: Process com.facebook.orca (pid 25167)(adj 9) has died(102,132)
06-10 18:56:06.701 32006 32458 D ActivityManager: isAutoRunBlockedApp:: com.facebook.orca, Auto Run ON
06-10 18:56:10.461 32006 32063 I ActivityManager: Start proc 25216:com.samsung.android.smartface/1000 for service com.samsung.android.smartface/.SmartFaceServiceStarter
06-10 18:56:17.581 32006 32063 I ActivityManager: Start proc 25247:com.oculus.home/u0a221 for broadcast-3 com.oculus.home/com.oculus.appmanager.util.WakeupReceiver
06-10 18:56:17.981 32006 32469 I ActivityManager: Process com.oculus.horizon:fbns (pid 25023)(adj 8) has died(80,128)
06-10 18:56:17.981 32006 32469 D ActivityManager: isAutoRunBlockedApp:: com.oculus.horizon, Auto Run ON
