06-13 20:06:23.311 11514 11543 D LibraryProductModelUtil: Not installed.
06-13 20:06:23.311 11514 11543 D LibraryProductModelUtil: Creating new list for category: NOT_INSTALLED_CATEGORY_PLACEHOLDER_ID.
06-13 20:06:23.311 11514 11543 D LibraryProductModelUtil: Package name com.ArtFire.CosmosWarfare.
06-13 20:06:23.311 11514 11543 D LibraryProductModelUtil: Creating new list for category: GAMES.
06-13 20:06:23.311 11514 11543 D LibraryProductModelUtil: Package name com.CubicleNinjas.GMVRMobile.
06-13 20:06:23.311 11514 11543 D LibraryProductModelUtil: Creating new list for category: APPS.
06-13 20:06:23.311 11514 11543 D LibraryProductModelUtil: Package name com.VRARLab.SpeechCenter.
06-13 20:06:23.311 11514 11543 D LibraryProductModelUtil: Package name com.ccpgames.gunjack.
06-13 20:06:23.311 11514 11543 D LibraryProductModelUtil: Package name com.climaxstudios.BanditSix.
06-13 20:06:23.311 11514 11543 D LibraryProductModelUtil: Package name com.endspace.
06-13 20:06:23.311 11514 11543 D LibraryProductModelUtil: Package name com.evox.relaycars.
06-13 20:06:23.311 11514 11543 D LibraryProductModelUtil: Package name com.felixandpaul.jurassicworld.apatosaurus.
06-13 20:06:23.311 11514 11543 D LibraryProductModelUtil: Creating new list for category: ENTERTAINMENT.
06-13 20:06:23.311 11514 11543 D LibraryProductModelUtil: Package name com.glu.deerhuntvr.
06-13 20:06:23.311 11514 11543 D LibraryProductModelUtil: Package name com.imangi.templerunvr.
06-13 20:06:23.311 11514 11543 D LibraryProductModelUtil: Package name com.jauntvr.android.player.gearvr.
06-13 20:06:23.311 11514 11543 D LibraryProductModelUtil: Package name com.naquatic.shootingshowdown2.
06-13 20:06:23.311 11514 11543 D LibraryProductModelUtil: Package name com.netflix.ninja.vr.
06-13 20:06:23.311 11514 11543 D LibraryProductModelUtil: Package name com.oculus.cinema.
06-13 20:06:23.311 11514 11543 D LibraryProductModelUtil: Package name com.oculus.oculus360photos.
06-13 20:06:23.311 11514 11543 D LibraryProductModelUtil: Package name com.oculusvr.pwatson.
06-13 20:06:23.311 11514 11543 D LibraryProductModelUtil: Package name com.samsaodev.oobe.
06-13 20:06:23.311 11514 11543 D LibraryProductModelUtil: Package name com.samsaodev.zarkana.
06-13 20:06:23.311 11514 11543 D LibraryProductModelUtil: Moving not installed to the end.
06-13 20:06:23.311 11514 11543 D LibraryMemoryCacheManager: Creating new list, but not added back yet, for category GAMES
06-13 20:06:23.321 11514 11543 D LibraryMemoryCacheManager: Skipping because it is not in memory cache.
06-13 20:06:23.321 11514 11543 D LibraryMemoryCacheManager: Skipping because it is not in memory cache.
06-13 20:06:23.321 11514 11543 D LibraryMemoryCacheManager: Skipping because it is not in memory cache.
06-13 20:06:23.321 11514 11543 D LibraryMemoryCacheManager: Skipping because it is not in memory cache.
06-13 20:06:23.321 11514 11543 D LibraryMemoryCacheManager: Skipping because it is not in memory cache.
06-13 20:06:23.321 11514 11543 D LibraryMemoryCacheManager: Skipping because it is not in memory cache.
06-13 20:06:23.321 11514 11543 D LibraryMemoryCacheManager: Skipping because it is not in memory cache.
06-13 20:06:23.321 11514 11543 D LibraryMemoryCacheManager: Setting the new list with size 7 back to category GAMES
06-13 20:06:23.321 11514 11543 D LibraryMemoryCacheManager: Adding category to categoryId list
06-13 20:06:23.321 11514 11543 D LibraryMemoryCacheManager: Creating new list, but not added back yet, for category APPS
06-13 20:06:23.321 11514 11543 D LibraryMemoryCacheManager: Skipping because it is not in memory cache.
06-13 20:06:23.321 11514 11543 D LibraryMemoryCacheManager: Skipping because it is not in memory cache.
06-13 20:06:23.321 11514 11543 D LibraryMemoryCacheManager: Skipping because it is not in memory cache.
06-13 20:06:23.321 11514 11543 D LibraryMemoryCacheManager: Skipping because it is not in memory cache.
06-13 20:06:23.321 11514 11543 D LibraryMemoryCacheManager: Skipping because it is not in memory cache.
06-13 20:06:23.321 11514 11543 D LibraryMemoryCacheManager: Skipping because it is not in memory cache.
06-13 20:06:23.321 11514 11543 D LibraryMemoryCacheManager: Skipping because it is not in memory cache.
06-13 20:06:23.321 11514 11543 D LibraryMemoryCacheManager: Setting the new list with size 7 back to category APPS
06-13 20:06:23.321 11514 11543 D LibraryMemoryCacheManager: Adding category to categoryId list
06-13 20:06:23.321 11514 11543 D LibraryMemoryCacheManager: Creating new list, but not added back yet, for category ENTERTAINMENT
06-13 20:06:23.321 11514 11543 D LibraryMemoryCacheManager: Skipping because it is not in memory cache.
06-13 20:06:23.321 11514 11543 D LibraryMemoryCacheManager: Skipping because it is not in memory cache.
06-13 20:06:23.321 11514 11543 D LibraryMemoryCacheManager: Skipping because it is not in memory cache.
06-13 20:06:23.321 11514 11543 D LibraryMemoryCacheManager: Skipping because it is not in memory cache.
06-13 20:06:23.321 11514 11543 D LibraryMemoryCacheManager: Setting the new list with size 4 back to category ENTERTAINMENT
06-13 20:06:23.321 11514 11543 D LibraryMemoryCacheManager: Adding category to categoryId list
06-13 20:06:23.321 11514 11543 D LibraryMemoryCacheManager: Creating new list, but not added back yet, for category NOT_INSTALLED_CATEGORY_PLACEHOLDER_ID
06-13 20:06:23.321 11514 11543 D LibraryMemoryCacheManager: Skipping because it is not in memory cache.
06-13 20:06:23.321 11514 11543 D LibraryMemoryCacheManager: Setting the new list with size 1 back to category NOT_INSTALLED_CATEGORY_PLACEHOLDER_ID
06-13 20:06:23.321 11514 11543 D LibraryMemoryCacheManager: Adding category to categoryId list
06-13 20:06:23.321 11514 11543 D LibraryMemoryCacheManager: on MemCache Change, packageName: com.ArtFire.CosmosWarfare, rating: 0, status: INSTALLED
06-13 20:06:23.321 11514 11543 D LibraryMemoryCacheManager: on MemCache Change, packageName: com.ccpgames.gunjack, rating: 0, status: INSTALLED
06-13 20:06:23.321 11514 11543 D LibraryMemoryCacheManager: on MemCache Change, packageName: com.climaxstudios.BanditSix, rating: 0, status: INSTALLED
06-13 20:06:23.321 11514 11543 D LibraryMemoryCacheManager: on MemCache Change, packageName: com.endspace, rating: 0, status: INSTALLED
06-13 20:06:23.321 11514 11543 D LibraryMemoryCacheManager: on MemCache Change, packageName: com.glu.deerhuntvr, rating: 0, status: INSTALLED
06-13 20:06:23.321 11514 11543 D LibraryMemoryCacheManager: on MemCache Change, packageName: com.imangi.templerunvr, rating: 0, status: INSTALLED
06-13 20:06:23.321 11514 11543 D LibraryMemoryCacheManager: on MemCache Change, packageName: com.naquatic.shootingshowdown2, rating: 0, status: INSTALLED
06-13 20:06:23.321 11514 11543 D LibraryMemoryCacheManager: on MemCache Change, packageName: com.CubicleNinjas.GMVRMobile, rating: 0, status: INSTALLED
06-13 20:06:23.321 11514 11543 D LibraryMemoryCacheManager: on MemCache Change, packageName: com.VRARLab.SpeechCenter, rating: 0, status: INSTALLED
06-13 20:06:23.321 11514 11543 D LibraryMemoryCacheManager: on MemCache Change, packageName: com.evox.relaycars, rating: 0, status: INSTALLED
06-13 20:06:23.321 11514 11543 D LibraryMemoryCacheManager: on MemCache Change, packageName: com.jauntvr.android.player.gearvr, rating: 0, status: INSTALLED
06-13 20:06:23.321 11514 11543 D LibraryMemoryCacheManager: on MemCache Change, packageName: com.netflix.ninja.vr, rating: 0, status: INSTALLED
06-13 20:06:23.321 11514 11543 D LibraryMemoryCacheManager: on MemCache Change, packageName: com.oculus.cinema, rating: 0, status: INSTALLED
06-13 20:06:23.321 11514 11543 D LibraryMemoryCacheManager: on MemCache Change, packageName: com.oculus.oculus360photos, rating: 0, status: INSTALLED
06-13 20:06:23.321 11514 11543 D LibraryMemoryCacheManager: on MemCache Change, packageName: com.felixandpaul.jurassicworld.apatosaurus, rating: 0, status: INSTALLED
06-13 20:06:23.321 11514 11543 D LibraryMemoryCacheManager: on MemCache Change, packageName: com.oculusvr.pwatson, rating: 0, status: INSTALLED
06-13 20:06:23.321 11514 11543 D LibraryMemoryCacheManager: on MemCache Change, packageName: com.samsaodev.oobe, rating: 0, status: INSTALLED
06-13 20:06:23.321 11514 11543 D LibraryMemoryCacheManager: on MemCache Change, packageName: com.samsaodev.zarkana, rating: 0, status: INSTALLED
06-13 20:06:23.321 11514 11543 D LibraryMemoryCacheManager: on MemCache Change, packageName: 813714398719210, rating: 0, status: NOT_DOWNLOADED
06-13 20:06:23.391 10218 10312 I OVR : DeviceManagerThread - event 47 (498Hz) (Tid=10312)
06-13 20:06:23.411 10218 10350 I VrApi : FPS=59,Prd=50ms,Tear=1,Early=59,Stale=0,VSnc=1,Lat=1,CPU4/GPU=2/2,1000/420MHz,OC=FF,TA=F0/F0/F0/F0,SP=F/F/F/F,Mem=1264MHz,Free=172MB,PSM=0,PLS=0,Temp=29.9C/27.5C
06-13 20:06:23.591 11544 11544 D TimaKeyStoreProvider: TimaSignature is unavailable
06-13 20:06:23.591 11544 11544 D ActivityThread: Added TimaKeyStore provider
06-13 20:06:23.681 11514 11539 D SystemActivitiesInstaller: Check versionCode of SystemActivities [installed: 31161642, packaged: 30734141]
06-13 20:06:23.681 11514 11539 D SystemActivitiesInstaller: SystemActivities is up to date.
06-13 20:06:23.711 11514 11514 D WakeupReceiver: Forcing wakeup for logging upload
06-13 20:06:23.781 11556 11556 E Zygote : v2
06-13 20:06:23.791 11556 11556 I libpersona: KNOX_SDCARD checking this for 10112
06-13 20:06:23.791 11556 11556 I libpersona: KNOX_SDCARD not a persona
06-13 20:06:23.791 3534 4081 I ActivityManager: Start proc 11556:com.facebook.appmanager/u0a112 for broadcast-3 com.facebook.appmanager/com.facebook.oxygen.appmanager.scheduler.BootstrapReceiver
06-13 20:06:23.791 11556 11556 I SELinux : Function: selinux_compare_spd_ram, index[1], SPD-policy is existed. and_ver=SEPF_SECMOBILE_6.0.1 ver=11
06-13 20:06:23.811 11556 11556 W SELinux : Function: selinux_compare_spd_ram, index[1], priority [1], priority version is VE=SEPF_SECMOBILE_6.0.1_0011
06-13 20:06:23.811 11556 11556 E Zygote : accessInfo : 0
06-13 20:06:23.811 11556 11556 W SELinux : SELinux: seapp_context_lookup: seinfo=default, level=s0:c512,c768, pkgname=com.facebook.appmanager
06-13 20:06:23.831 3534 4083 I ActivityManager: Process com.oculus.home (pid 11514)(adj 9) has died(74,107)
06-13 20:06:23.831 3534 4083 D ActivityManager: isAutoRunBlockedApp:: com.oculus.home, Auto Run ON
06-13 20:06:23.841 10218 10346 W TimeWarp: VSync 398954: Eye=0,late=0.0ms,over=0.0ms,CPU=0.4ms,GPU=8.3ms,Tot=8.6ms
06-13 20:06:23.851 10218 10346 W TimeWarp: VSync 398955: Eye=0,late=0.0ms,over=0.0ms,CPU=0.4ms,GPU=9.2ms,Tot=9.6ms
06-13 20:06:23.911 3534 4083 W ContextImpl: Calling a method in the system process without a qualified user: android.app.ContextImpl.sendBroadcast:830 com.android.server.am.ActivityManagerService.updateOomAdjLocked:26625 com.android.server.am.ActivityManagerService.appDiedLocked:7549 com.android.server.am.ActivityManagerService$AppDeathRecipient.binderDied:1910 android.os.BinderProxy.sendDeathNotice:558
06-13 20:06:23.921 3534 4038 I ActivityManager: Process android.process.media (pid 11544)(adj 9) has died(73,110)
06-13 20:06:23.921 3534 4038 D ActivityManager: isAutoRunBlockedApp:: com.android.providers.downloads, Auto Run ON
06-13 20:06:23.921 3534 4025 I Process : Sending signal. PID: 3534 SIG: 3
06-13 20:06:23.921 3534 4025 I Process : Sending signal. PID: 11514 SIG: 3
06-13 20:06:23.921 3534 4038 W ContextImpl: Calling a method in the system process without a qualified user: android.app.ContextImpl.sendBroadcast:830 com.android.server.am.ActivityManagerService.updateOomAdjLocked:26625 com.android.server.am.ActivityManagerService.appDiedLocked:7549 com.android.server.am.ActivityManagerService$AppDeathRecipient.binderDied:1910 android.os.BinderProxy.sendDeathNotice:558
06-13 20:06:23.921 3534 3540 I art : Thread[2,tid=3540,WaitingInMainSignalCatcherLoop,Thread*=0x7f8fd8ea00,peer=0x12c010a0,"Signal Catcher"]: reacting to signal 3
06-13 20:06:23.941 3534 4025 W ActivityManager: Unable to launch app com.android.providers.downloads/10045 for provider downloads: launching app became null
06-13 20:06:23.961 3534 3618 V MARsPolicyManager: executePolicy policy spcmpolicy(1) reason Adj 14 BG Killed
06-13 20:06:23.961 3534 3618 V MARsPolicyManager: CurrentImportantPackage com.estrongs.android.pop -in latest protected packageslist for SPCM!
06-13 20:06:23.961 3534 3618 V MARsPolicyManager: CurrentImportantPackage com.digitalkey.setin -in latest protected packageslist for SPCM!
06-13 20:06:24.021 11556 11556 D TimaKeyStoreProvider: TimaSignature is unavailable
06-13 20:06:24.021 11556 11556 D ActivityThread: Added TimaKeyStore provider
06-13 20:06:24.071 3534 4065 V BroadcastQueue: [background] Process cur broadcast BroadcastRecord{9937729 u0 null qIdx=4}, state= (APP_RECEIVE) DELIVERED for app ProcessRecord{4ce6aae 11556:com.facebook.appmanager/u0a112}
06-13 20:06:24.121 11556 11556 W ResourcesManager: getTopLevelResources: /data/app/com.facebook.appmanager-2/base.apk / 1.0 running in com.facebook.appmanager rsrc of package com.facebook.appmanager
06-13 20:06:24.141 3534 4101 I InjectionManagerService -AppFeature: getCoreFeaturePkgList :[]
06-13 20:06:24.141 11556 11556 I InjectionManager: Inside getClassLibPath + mLibMap{0=, 1=}
06-13 20:06:24.161 11556 11556 D ResourcesManager: For user 0 new overlays fetched Null
06-13 20:06:24.171 11556 11556 I InjectionManager: Inside getClassLibPath caller
06-13 20:06:24.201 10218 10346 W TimeWarp: VSync 398976: Eye=0,late=0.0ms,over=0.0ms,CPU=0.4ms,GPU=8.8ms,Tot=9.2ms
06-13 20:06:24.341 10218 10346 W TimeWarp: VSync 398984: Eye=0,late=0.0ms,over=0.0ms,CPU=0.4ms,GPU=8.1ms,Tot=8.4ms
06-13 20:06:24.391 10218 10312 I OVR : DeviceManagerThread - event 47 (500Hz) (Tid=10312)
06-13 20:06:24.401 10218 10350 I VrApi : FPS=60,Prd=50ms,Tear=0,Early=60,Stale=0,VSnc=1,Lat=1,CPU4/GPU=2/2,800/420MHz,OC=FF,TA=F0/F0/F0/F0,SP=F/F/F/F,Mem=1264MHz,Free=183MB,PSM=0,PLS=0,Temp=29.9C/27.5C
06-13 20:06:24.491 11556 11556 D ACRA : ACRA init; reportURL: https://www.facebook.com/mobile/generic_android_crash_logs/659091980805095
06-13 20:06:24.501 11556 11556 D ACRA : ACRA is enabled for com.facebook.appmanager, intializing...
06-13 20:06:25.351 10218 10346 W TimeWarp: VSync 399045: Eye=0,late=0.0ms,over=0.0ms,CPU=0.5ms,GPU=8.6ms,Tot=9.1ms
06-13 20:06:25.361 10218 10255 I TimeWarp: WarpSwap: usleep( 6 )
06-13 20:06:25.391 10218 10312 I OVR : DeviceManagerThread - event 47 (500Hz) (Tid=10312)
06-13 20:06:25.391 10218 10350 I VrApi : FPS=59,Prd=50ms,Tear=4,Early=58,Stale=1,VSnc=1,Lat=1,CPU4/GPU=2/2,900/420MHz,OC=FF,TA=F0/F0/F0/F0,SP=F/F/F/F,Mem=1264MHz,Free=184MB,PSM=0,PLS=0,Temp=29.9C/27.5C
06-13 20:06:25.641 3534 3540 I art : Wrote stack traces to '/data/anr/traces.txt'
06-13 20:06:25.641 10218 10218 I Vsync : Choreographer doFrame callback delayed by 4.3 milliseconds
06-13 20:06:25.651 10218 10346 W TimeWarp: VSync 399062: Eye=1,late=0.0ms,over=0.1ms,CPU=0.4ms,GPU=8.4ms,Tot=9.0ms
06-13 20:06:25.651 3534 6514 D SSRM:n : SIOP:: AP = 490, PST = 467 (W:10), CP = 303, CUR = 1000, LCD = 18
06-13 20:06:25.761 11556 11556 V fb-UnpackingSoSource: locked dso store /data/user/0/com.facebook.appmanager/lib-main
06-13 20:06:25.771 11556 11556 I fb-UnpackingSoSource: dso store is up-to-date: /data/user/0/com.facebook.appmanager/lib-main
06-13 20:06:25.771 11556 11556 V fb-UnpackingSoSource: releasing dso store lock for /data/user/0/com.facebook.appmanager/lib-main
06-13 20:06:25.931 11556 11556 W com.facebook.appmanager:cn: Verify
06-13 20:06:25.981 11556 11556 D InjectionManager: InjectionManager
06-13 20:06:25.981 11556 11556 D InjectionManager: fillFeatureStoreMap com.facebook.appmanager
06-13 20:06:25.981 11556 11556 I InjectionManager: Constructor com.facebook.appmanager, Feature store :{}
06-13 20:06:25.981 11556 11556 I InjectionManager: featureStore :{}
06-13 20:06:26.021 3534 4060 I ActivityManager: Process com.facebook.appmanager (pid 11556)(adj 9) has died(74,109)
06-13 20:06:26.021 3534 4060 D ActivityManager: isAutoRunBlockedApp:: com.facebook.appmanager, Auto Run ON
06-13 20:06:26.061 3534 4060 W ContextImpl: Calling a method in the system process without a qualified user: android.app.ContextImpl.sendBroadcast:830 com.android.server.am.ActivityManagerService.updateOomAdjLocked:26625 com.android.server.am.ActivityManagerService.appDiedLocked:7549 com.android.server.am.ActivityManagerService$AppDeathRecipient.binderDied:1910 android.os.BinderProxy.sendDeathNotice:558
06-13 20:06:26.381 10218 10350 I VrApi : FPS=59,Prd=50ms,Tear=1,Early=58,Stale=1,VSnc=1,Lat=1,CPU4/GPU=2/2,800/420MHz,OC=FF,TA=F0/F0/F0/F0,SP=F/F/F/F,Mem=1264MHz,Free=185MB,PSM=0,PLS=0,Temp=29.9C/27.5C
06-13 20:06:26.391 10218 10312 I OVR : DeviceManagerThread - event 47 (498Hz) (Tid=10312)
06-13 20:06:27.381 10218 10350 I VrApi : FPS=60,Prd=51ms,Tear=1,Early=59,Stale=0,VSnc=1,Lat=1,CPU4/GPU=2/2,900/420MHz,OC=FF,TA=F0/F0/F0/F0,SP=F/F/F/F,Mem=1264MHz,Free=185MB,PSM=0,PLS=0,Temp=29.9C/27.5C
06-13 20:06:27.391 10218 10312 I OVR : DeviceManagerThread - event 47 (498Hz) (Tid=10312)
06-13 20:06:28.381 10218 10350 I VrApi : FPS=60,Prd=51ms,Tear=0,Early=60,Stale=0,VSnc=1,Lat=1,CPU4/GPU=2/2,800/420MHz,OC=FF,TA=F0/F0/F0/F0,SP=F/F/F/F,Mem=1026MHz,Free=182MB,PSM=0,PLS=0,Temp=29.9C/27.5C
06-13 20:06:28.401 10218 10312 I OVR : DeviceManagerThread - event 47 (498Hz) (Tid=10312)
06-13 20:06:29.381 10218 10350 I VrApi : FPS=60,Prd=51ms,Tear=0,Early=60,Stale=0,VSnc=1,Lat=1,CPU4/GPU=2/2,800/420MHz,OC=FF,TA=F0/F0/F0/F0,SP=F/F/F/F,Mem=1026MHz,Free=182MB,PSM=0,PLS=0,Temp=29.9C/27.5C
06-13 20:06:29.401 10218 10312 I OVR : DeviceManagerThread - event 47 (498Hz) (Tid=10312)
06-13 20:06:30.381 10218 10350 I VrApi : FPS=60,Prd=51ms,Tear=0,Early=60,Stale=0,VSnc=1,Lat=1,CPU4/GPU=2/2,800/420MHz,OC=FF,TA=F0/F0/F0/F0,SP=F/F/F/F,Mem=1026MHz,Free=180MB,PSM=0,PLS=0,Temp=29.9C/27.5C
06-13 20:06:30.411 10218 10312 I OVR : DeviceManagerThread - event 47 (498Hz) (Tid=10312)
06-13 20:06:30.601 3534 3618 I ActivityManager: Start proc 11570:com.samsung.android.fmm/1000 for service com.samsung.android.fmm/com.fmm.dm.XDMService
06-13 20:06:30.611 11570 11570 E Zygote : v2
06-13 20:06:30.611 11570 11570 I libpersona: KNOX_SDCARD checking this for 1000
06-13 20:06:30.611 11570 11570 I libpersona: KNOX_SDCARD not a persona
06-13 20:06:30.611 11570 11570 I SELinux : Function: selinux_compare_spd_ram, index[1], SPD-policy is existed. and_ver=SEPF_SECMOBILE_6.0.1 ver=11
06-13 20:06:30.621 11570 11570 W SELinux : Function: selinux_compare_spd_ram, index[1], priority [1], priority version is VE=SEPF_SECMOBILE_6.0.1_0011
06-13 20:06:30.621 11570 11570 E Zygote : accessInfo : 0
06-13 20:06:30.841 11570 11570 D TimaKeyStoreProvider: TimaSignature is unavailable
06-13 20:06:30.841 11570 11570 D ActivityThread: Added TimaKeyStore provider
06-13 20:06:30.991 11570 11570 W ResourcesManager: getTopLevelResources: /system/priv-app/Fmm/Fmm.apk / 1.0 running in com.samsung.android.fmm rsrc of package com.samsung.android.fmm
06-13 20:06:31.021 3534 4020 I InjectionManagerService -AppFeature: getCoreFeaturePkgList :[]
06-13 20:06:31.021 11570 11570 I InjectionManager: Inside getClassLibPath + mLibMap{0=, 1=}
06-13 20:06:31.051 11570 11570 D ResourcesManager: For user 0 new overlays fetched Null
06-13 20:06:31.101 11570 11570 I InjectionManager: Inside getClassLibPath caller
06-13 20:06:31.121 11570 11570 W System : ClassLoader referenced unknown path: /system/priv-app/Fmm/lib/arm64
06-13 20:06:31.241 11570 11570 I PCWCLIENTTRACE_LOG: DEFAULT_LOGON : true
06-13 20:06:31.241 11570 11570 I PCWCLIENTTRACE_LOG: DEFAULT_LOGLEVEL : 3
06-13 20:06:31.241 11570 11570 I PCWCLIENTTRACE_DMDBOpenHelper: new DMDBOpenHelper instance
06-13 20:06:31.331 10218 10346 W TimeWarp: VSync 399403: Eye=0,late=0.0ms,over=0.0ms,CPU=0.4ms,GPU=9.9ms,Tot=10.3ms
06-13 20:06:31.411 10218 10312 I OVR : DeviceManagerThread - event 47 (500Hz) (Tid=10312)
06-13 20:06:31.411 10218 10350 I VrApi : FPS=60,Prd=51ms,Tear=0,Early=60,Stale=0,VSnc=1,Lat=1,CPU4/GPU=2/2,800/420MHz,OC=FF,TA=F0/F0/F0/F0,SP=F/F/F/F,Mem=1026MHz,Free=178MB,PSM=0,PLS=0,Temp=29.9C/27.5C
06-13 20:06:31.411 11570 11570 I DBG_FMMDM: [6.0.40][Line:415][xdmGetCheckWifiOnlyModel] isWifiOnly : false
06-13 20:06:31.551 11570 11570 I DBG_FMMDM: [6.0.40][Line:19][xdmInitialize] AgVOOqV7UpXFblBk29Ld3aZrOQhtHCYbjdszx6nYrjFYzeVOvvlPUzE67GnQVups
06-13 20:06:31.551 11570 11570 I DBG_FMMDM: [6.0.40][Line:20][xdmInitialize] X2Nl5mgTWVn0/a90MNBgtYshxOiQq2MqI4oMf2Nwz6I=
06-13 20:06:31.551 11570 11570 I DBG_FMMDM: [6.0.40][Line:21][xdmInitialize] zTcDA3/GVkLIEeYt+WZZLh972XEQWQiEoVrHqmntLxn8k+jtVzR+Ois4l//xOIhG
06-13 20:06:31.561 11570 11570 D PCWCLIENTTRACE_DMContentProvider: [URIMatcher] - result : 2
06-13 20:06:31.581 11570 11570 I DBG_FMMDM: [6.0.40][Line:32][onCreate] Device ID exist!!
06-13 20:06:31.581 11570 11570 I DBG_FMMDM: [6.0.40][Line:33][onCreate] FMMApplication Start !
06-13 20:06:31.591 11570 11570 W ContextImpl: Calling a method in the system process without a qualified user: android.app.ContextImpl.startService:1305 android.content.ContextWrapper.startService:606 com.fmm.dm.XDMApplication.onCreate:35 com.sec.pcw.device.FmmApplication.onCreate:15 android.app.Instrumentation.callApplicationOnCreate:1036
06-13 20:06:31.611 11570 11570 D InjectionManager: InjectionManager
06-13 20:06:31.611 11570 11570 D InjectionManager: fillFeatureStoreMap com.samsung.android.fmm
06-13 20:06:31.611 11570 11570 I InjectionManager: Constructor com.samsung.android.fmm, Feature store :{}
06-13 20:06:31.611 11570 11570 I InjectionManager: featureStore :{}
06-13 20:06:31.641 11570 11570 D PCWCLIENTTRACE_DMContentProvider: [URIMatcher] - result : 2
06-13 20:06:31.651 11570 11570 I DBG_FMMDM: [6.0.40][Line:621][xdmWakeLockAcquire]
06-13 20:06:31.651 11570 11570 I DBG_FMMDM: [6.0.40][Line:626][xdmWakeLockAcquire] m_WakeLock is acquire!!
06-13 20:06:31.691 11570 11582 I DBG_FMMDM: [6.0.40][Line:160][xdmAgentTaskHandler] XEVENT_OS_INITIALIZED
06-13 20:06:31.701 11570 11582 I DBG_FMMDM: [6.0.40][Line:157][xdmAgentSetSyncMode] nSync = 0
06-13 20:06:31.711 11570 11570 I DBG_FMMDM: [6.0.40][Line:647][xdmWakeLockRelease]
06-13 20:06:31.711 11570 11570 I DBG_FMMDM: [6.0.40][Line:652][xdmWakeLockRelease] m_WakeLock is release!!
06-13 20:06:31.741 3534 4072 D ConnectivityService: returning getNetworkInfo for network type 1 : [type: WIFI[] - WIFI, state: CONNECTED/CONNECTED, reason: (unspecified), extra: "DigitalKey_Wifi_2", roaming: false, failover: false, isAvailable: true]
06-13 20:06:31.741 11570 11570 I DBG_FMMDM: [6.0.40][Line:526][xdmProtoIsWIFIConnected] WiFi Connected
06-13 20:06:31.741 3534 4065 D ConnectivityService: returning getNetworkInfo for network type 1 : [type: WIFI[] - WIFI, state: CONNECTED/CONNECTED, reason: (unspecified), extra: "DigitalKey_Wifi_2", roaming: false, failover: false, isAvailable: true]
06-13 20:06:31.741 11570 11570 I DBG_FMMDM: [6.0.40][Line:526][xdmProtoIsWIFIConnected] WiFi Connected
06-13 20:06:31.741 11570 11582 D PCWCLIENTTRACE_DMContentProvider: [URIMatcher] - result : 2
06-13 20:06:31.751 11570 11582 I DBG_FMMDM: [6.0.40][Line:1989][xdbDMffs_Init] xdbDMffs_Init
06-13 20:06:31.841 3534 4060 I ActivityManager: Process com.samsung.android.fmm (pid 11570)(adj 5) has died(75,104)
06-13 20:06:31.841 3534 4060 D ActivityManager: isAutoRunBlockedApp:: com.samsung.android.fmm, Auto Run ON
06-13 20:06:31.841 3534 4060 W ActivityManager: Scheduling restart of crashed service com.samsung.android.fmm/com.fmm.dm.XDMService in 288729ms
06-13 20:06:32.291 3534 3985 V AlarmManager: Expired Alarm result :4
06-13 20:06:32.321 11585 11585 E Zygote : v2
06-13 20:06:32.321 11585 11585 I libpersona: KNOX_SDCARD checking this for 10037
06-13 20:06:32.321 11585 11585 I libpersona: KNOX_SDCARD not a persona
06-13 20:06:32.321 3534 3618 I ActivityManager: Start proc 11585:com.sec.spp.push/u0a37 for broadcast-3 com.sec.spp.push/.heartbeat.HeartBeat
06-13 20:06:32.321 11585 11585 I SELinux : Function: selinux_compare_spd_ram, index[1], SPD-policy is existed. and_ver=SEPF_SECMOBILE_6.0.1 ver=11
06-13 20:06:32.321 3534 4075 D NetworkPolicy: isUidForegroundLocked: 10037, mScreenOn: true, uidstate: -1, mProxSensorScreenOff: false
06-13 20:06:32.331 11585 11585 W SELinux : Function: selinux_compare_spd_ram, index[1], priority [1], priority version is VE=SEPF_SECMOBILE_6.0.1_0011
06-13 20:06:32.341 11585 11585 E Zygote : accessInfo : 0
06-13 20:06:32.341 11585 11585 W SELinux : SELinux: seapp_context_lookup: seinfo=samsung, level=s0:c512,c768, pkgname=com.sec.spp.push
06-13 20:06:32.341 3534 4075 D NetworkPolicy: isUidForegroundLocked: 10037, mScreenOn: true, uidstate: -1, mProxSensorScreenOff: false
06-13 20:06:32.341 3534 4075 D NetworkPolicy: isUidForegroundLocked: 10037, mScreenOn: true, uidstate: -1, mProxSensorScreenOff: false
06-13 20:06:32.381 10218 10350 I VrApi : FPS=60,Prd=51ms,Tear=1,Early=60,Stale=0,VSnc=1,Lat=1,CPU4/GPU=2/2,900/420MHz,OC=FF,TA=F0/F0/F0/F0,SP=F/F/F/F,Mem=1264MHz,Free=179MB,PSM=0,PLS=0,Temp=29.9C/27.5C
06-13 20:06:32.411 10218 10312 I OVR : DeviceManagerThread - event 47 (500Hz) (Tid=10312)
06-13 20:06:32.421 11585 11585 D TimaKeyStoreProvider: TimaSignature is unavailable
06-13 20:06:32.421 11585 11585 D ActivityThread: Added TimaKeyStore provider
06-13 20:06:32.441 3534 4031 V BroadcastQueue: [background] Process cur broadcast BroadcastRecord{cae01c8 u0 com.sec.spp.push.ACTION_SEND_PING_MESSAGE qIdx=4}, state= (APP_RECEIVE) DELIVERED for app ProcessRecord{351e261 11585:com.sec.spp.push/u0a37}
06-13 20:06:32.451 3534 4075 D NetworkPolicy: isUidForegroundLocked: 10037, mScreenOn: true, uidstate: 10, mProxSensorScreenOff: false
06-13 20:06:32.481 11585 11585 W ResourcesManager: getTopLevelResources: /data/app/com.sec.spp.push-2/base.apk / 1.0 running in com.sec.spp.push rsrc of package com.sec.spp.push
06-13 20:06:32.491 3534 4085 I InjectionManagerService -AppFeature: getCoreFeaturePkgList :[]
06-13 20:06:32.491 11585 11585 I InjectionManager: Inside getClassLibPath + mLibMap{0=, 1=}
06-13 20:06:32.511 11585 11585 D ResourcesManager: For user 0 new overlays fetched Null
06-13 20:06:32.521 11585 11585 I InjectionManager: Inside getClassLibPath caller
06-13 20:06:32.531 11585 11585 W System : ClassLoader referenced unknown path: /data/app/com.sec.spp.push-2/lib/arm64
06-13 20:06:32.591 11585 11585 D SPPClientService: Create
06-13 20:06:32.601 11585 11585 D InjectionManager: InjectionManager
06-13 20:06:32.601 11585 11585 D InjectionManager: fillFeatureStoreMap com.sec.spp.push
06-13 20:06:32.601 11585 11585 I InjectionManager: Constructor com.sec.spp.push, Feature store :{}
06-13 20:06:32.601 11585 11585 I InjectionManager: featureStore :{}
06-13 20:06:32.601 11585 11597 D SPPClientService: Create SPP
06-13 20:06:32.611 11585 11597 E SPPClientService: ShipBuild Binary : True
06-13 20:06:32.721 11585 11597 W System.err: remove failed: ENOENT (No such file or directory) : /data/user/0/com.sec.spp.push/files/pushLog0.txt
06-13 20:06:32.721 11585 11597 D SPPClientService: PushLog.txt file is not deleted.
06-13 20:06:32.721 11585 11597 W System.err: remove failed: ENOENT (No such file or directory) : /data/user/0/com.sec.spp.push/files/pushLog1.txt
06-13 20:06:32.721 11585 11597 D SPPClientService: PushLog.txt file is not deleted.
06-13 20:06:32.721 11585 11597 D SPPClientService: ============PushLog. stop!
06-13 20:06:32.721 11585 11585 E SPPClientService: [[PushClientService]] SPPC Ver : 1.6.00, Server Ver : 1, Platform Ver : 23
06-13 20:06:32.781 3534 4087 V AlarmManager: remove PendingIntent] PendingIntent{4dd2186: PendingIntentRecord{b507243 com.sec.spp.push broadcastIntent}}
06-13 20:06:32.931 11585 11585 E SPPClientService: [[PushClientService]] intent is null
06-13 20:06:32.941 11585 11585 E SPPClientService: [[PushClientService]] F:false, D:false, E:false, T:false, S:false, R:false
06-13 20:06:32.961 11585 11585 E SPPClientService: [a] [ConnectionManager] Connection is already disconnected.
06-13 20:06:33.111 3534 4093 I ActivityManager: Process com.sec.spp.push (pid 11585)(adj 5) has died(77,100)
06-13 20:06:33.111 3534 4093 D ActivityManager: isAutoRunBlockedApp:: com.sec.spp.push, Auto Run ON
06-13 20:06:33.111 3534 4093 W ActivityManager: Scheduling restart of crashed service com.sec.spp.push/.PushClientService in 297461ms
06-13 20:06:33.111 3534 4093 W ActivityManager: Scheduling restart of crashed service com.sec.spp.push/.log.collector.PushClientLogCollectService in 307460ms
06-13 20:06:33.391 10218 10350 I VrApi : FPS=58,Prd=51ms,Tear=0,Early=57,Stale=1,VSnc=1,Lat=1,CPU4/GPU=2/2,800/420MHz,OC=FF,TA=F0/F0/F0/F0,SP=F/F/F/F,Mem=1264MHz,Free=177MB,PSM=0,PLS=0,Temp=29.9C/27.5C
06-13 20:06:33.411 10218 10312 I OVR : DeviceManagerThread - event 47 (498Hz) (Tid=10312)
06-13 20:06:33.951 10218 10346 W TimeWarp: VSync 399560: Eye=0,late=0.0ms,over=0.1ms,CPU=0.4ms,GPU=8.4ms,Tot=8.9ms
06-13 20:06:34.381 10218 10350 I VrApi : FPS=60,Prd=51ms,Tear=0,Early=60,Stale=0,VSnc=1,Lat=1,CPU4/GPU=2/2,800/420MHz,OC=FF,TA=F0/F0/F0/F0,SP=F/F/F/F,Mem=1264MHz,Free=176MB,PSM=0,PLS=0,Temp=29.9C/27.5C
06-13 20:06:34.411 10218 10312 I OVR : DeviceManagerThread - event 47 (500Hz) (Tid=10312)
06-13 20:06:34.921 10218 10346 W TimeWarp: VSync 399618: Eye=0,late=0.0ms,over=0.1ms,CPU=0.4ms,GPU=10.6ms,Tot=11.2ms
06-13 20:06:34.931 10218 10346 W TimeWarp: VSync 399618: Eye=1,late=2.9ms,over=0.0ms,CPU=0.4ms,GPU=6.8ms,Tot=10.2ms
06-13 20:06:35.381 10218 10350 I VrApi : FPS=59,Prd=51ms,Tear=1,Early=58,Stale=1,VSnc=1,Lat=1,CPU4/GPU=2/2,800/420MHz,OC=FF,TA=F0/F0/F0/F0,SP=F/F/F/F,Mem=1026MHz,Free=173MB,PSM=0,PLS=0,Temp=29.9C/27.5C
06-13 20:06:35.411 10218 10312 I OVR : DeviceManagerThread - event 47 (500Hz) (Tid=10312)
06-13 20:06:35.681 3534 6514 D SSRM:n : SIOP:: AP = 480, PST = 475 (W:10), CP = 305, CUR = 959, LCD = 18
06-13 20:06:36.381 10218 10350 I VrApi : FPS=60,Prd=51ms,Tear=2,Early=60,Stale=0,VSnc=1,Lat=1,CPU4/GPU=2/2,800/420MHz,OC=FF,TA=F0/F0/F0/F0,SP=F/F/F/F,Mem=1026MHz,Free=171MB,PSM=0,PLS=0,Temp=29.9C/27.5C
06-13 20:06:36.411 10218 10312 I OVR : DeviceManagerThread - event 47 (500Hz) (Tid=10312)
06-13 20:06:37.381 10218 10350 I VrApi : FPS=60,Prd=51ms,Tear=0,Early=60,Stale=0,VSnc=1,Lat=1,CPU4/GPU=2/2,800/420MHz,OC=FF,TA=F0/F0/F0/F0,SP=F/F/F/F,Mem=1264MHz,Free=168MB,PSM=0,PLS=0,Temp=29.9C/27.5C
06-13 20:06:37.411 10218 10312 I OVR : DeviceManagerThread - event 47 (500Hz) (Tid=10312)
06-13 20:06:38.161 10218 10346 W TimeWarp: VSync 399812: Eye=0,late=0.0ms,over=0.0ms,CPU=0.5ms,GPU=8.9ms,Tot=9.4ms
06-13 20:06:38.301 10218 10346 W TimeWarp: VSync 399820: Eye=0,late=0.0ms,over=0.1ms,CPU=0.4ms,GPU=8.8ms,Tot=9.4ms
06-13 20:06:38.381 10218 10350 I VrApi : FPS=60,Prd=51ms,Tear=0,Early=60,Stale=0,VSnc=1,Lat=1,CPU4/GPU=2/2,800/420MHz,OC=FF,TA=F0/F0/F0/F0,SP=F/F/F/F,Mem=1026MHz,Free=168MB,PSM=0,PLS=0,Temp=29.9C/27.5C
06-13 20:06:38.411 10218 10312 I OVR : DeviceManagerThread - event 47 (498Hz) (Tid=10312)
06-13 20:06:38.531 3534 4083 I ActivityManager: Process com.android.systemui.recents (pid 30124)(adj 1) has died(80,90)
06-13 20:06:38.541 3534 4083 D ActivityManager: isAutoRunBlockedApp:: com.android.systemui, Auto Run ON
06-13 20:06:38.541 3534 4083 W ActivityManager: Scheduling restart of crashed service com.android.systemui/.recents.RecentsService in 0ms
06-13 20:06:38.541 3534 3553 D GraphicsStats: Buffer count: 2
06-13 20:06:38.551 10218 10218 I Vsync : Choreographer doFrame callback delayed by 3.0 milliseconds
06-13 20:06:38.561 11602 11602 E Zygote : v2
06-13 20:06:38.561 11602 11602 I libpersona: KNOX_SDCARD checking this for 10062
06-13 20:06:38.561 11602 11602 I libpersona: KNOX_SDCARD not a persona
06-13 20:06:38.571 3534 3618 I ActivityManager: Start proc 11602:com.android.systemui.recents/u0a62 for service com.android.systemui/.recents.RecentsService
06-13 20:06:38.571 11602 11602 I SELinux : Function: selinux_compare_spd_ram, index[1], SPD-policy is existed. and_ver=SEPF_SECMOBILE_6.0.1 ver=11
06-13 20:06:38.571 11602 11602 W SELinux : Function: selinux_compare_spd_ram, index[1], priority [1], priority version is VE=SEPF_SECMOBILE_6.0.1_0011
06-13 20:06:38.571 11602 11602 E Zygote : accessInfo : 0
06-13 20:06:38.581 11602 11602 W SELinux : SELinux: seapp_context_lookup: seinfo=platform, level=s0:c512,c768, pkgname=com.android.systemui.recents
06-13 20:06:38.721 11602 11602 D TimaKeyStoreProvider: TimaSignature is unavailable
06-13 20:06:38.721 11602 11602 D ActivityThread: Added TimaKeyStore provider
06-13 20:06:38.831 11602 11602 W ResourcesManager: getTopLevelResources: /system/priv-app/SystemUI/SystemUI.apk / 1.0 running in com.android.systemui rsrc of package com.android.systemui
06-13 20:06:38.841 3534 4020 I InjectionManagerService -AppFeature: getCoreFeaturePkgList :[]
06-13 20:06:38.841 11602 11602 I InjectionManager: Inside getClassLibPath + mLibMap{0=, 1=}
06-13 20:06:38.911 11602 11602 D ResourcesManager: For user 0 new overlays fetched Null
06-13 20:06:38.921 11602 11602 I InjectionManager: Inside getClassLibPath caller
06-13 20:06:38.961 11602 11602 W System : ClassLoader referenced unknown path: /system/priv-app/SystemUI/lib/arm64
06-13 20:06:39.051 11602 11602 D InjectionManager: InjectionManager
06-13 20:06:39.051 11602 11602 D InjectionManager: fillFeatureStoreMap com.android.systemui
06-13 20:06:39.051 11602 11602 I InjectionManager: Constructor com.android.systemui, Feature store :{}
06-13 20:06:39.051 11602 11602 I InjectionManager: featureStore :{}
06-13 20:06:39.211 11602 11602 D Recents : handleProxyCall type=1
06-13 20:06:39.391 10218 10350 I VrApi : FPS=60,Prd=51ms,Tear=2,Early=59,Stale=0,VSnc=1,Lat=1,CPU4/GPU=2/2,1000/420MHz,OC=FF,TA=F0/F0/F0/F0,SP=F/F/F/F,Mem=1026MHz,Free=173MB,PSM=0,PLS=0,Temp=29.9C/27.5C
06-13 20:06:39.411 10218 10312 I OVR : DeviceManagerThread - event 47 (500Hz) (Tid=10312)
06-13 20:06:39.501 11602 11602 D Recents : Font changed OLD: scale=0.0, flipfont=0, NEW: scale=1.0, flipfont=0
06-13 20:06:39.961 11602 11602 W ResourcesManager: getTopLevelResources: /data/app/com.samsung.voiceserviceplatform-1/base.apk / 1.0 running in com.android.systemui rsrc of package com.samsung.voiceserviceplatform
06-13 20:06:39.981 11602 11602 D ResourcesManager: For user 0 new overlays fetched Null
06-13 20:06:40.061 11602 11602 W ResourcesManager: getTopLevelResources: /data/app/com.skyworxx.gearvrnote4deviceidgrabber-1/base.apk / 1.0 running in com.android.systemui rsrc of package com.skyworxx.gearvrnote4deviceidgrabber
06-13 20:06:40.071 11602 11602 D ResourcesManager: For user 0 new overlays fetched Null
06-13 20:06:40.081 11602 11602 W ResourcesManager: getTopLevelResources: /data/app/com.reelfx.legendary_vr-1/base.apk / 1.0 running in com.android.systemui rsrc of package com.reelfx.legendary_vr
06-13 20:06:40.081 11602 11602 D ResourcesManager: For user 0 new overlays fetched Null
06-13 20:06:40.091 11602 11602 W ResourcesManager: getTopLevelResources: /system/priv-app/SmartManager_v3/SmartManager_v3.apk / 1.0 running in com.android.systemui rsrc of package com.samsung.android.sm
06-13 20:06:40.111 11602 11602 D ResourcesManager: For user 0 new overlays fetched Null
06-13 20:06:40.121 11602 11602 W ResourcesManager: getTopLevelResources: /data/app/com.oculus.Integration-1/base.apk / 1.0 running in com.android.systemui rsrc of package com.oculus.Integration
06-13 20:06:40.131 11602 11602 D ResourcesManager: For user 0 new overlays fetched Null
06-13 20:06:40.141 11602 11602 W ResourcesManager: getTopLevelResources: /system/priv-app/SamsungCamera4/SamsungCamera4.apk / 1.0 running in com.android.systemui rsrc of package com.sec.android.app.camera
06-13 20:06:40.161 11602 11602 D ResourcesManager: For user 0 new overlays fetched Null
06-13 20:06:40.171 11602 11602 W ResourcesManager: getTopLevelResources: /system/priv-app/SecSettings2/SecSettings2.apk / 1.0 running in com.android.systemui rsrc of package com.android.settings
06-13 20:06:40.281 11602 11602 D ResourcesManager: For user 0 new overlays fetched Null
06-13 20:06:40.291 11602 11602 W ResourcesManager: getTopLevelResources: /data/app/com.estrongs.android.pop-2/base.apk / 1.0 running in com.android.systemui rsrc of package com.estrongs.android.pop
06-13 20:06:40.311 11602 11602 D ResourcesManager: For user 0 new overlays fetched Null
06-13 20:06:40.311 11602 11602 W ResourcesManager: getTopLevelResources: /data/app/com.digitalkey.setin-1/base.apk / 1.0 running in com.android.systemui rsrc of package com.digitalkey.setin
06-13 20:06:40.321 11602 11602 D ResourcesManager: For user 0 new overlays fetched Null
06-13 20:06:40.381 11602 11602 W ResourcesManager: getTopLevelResources: /data/app/com.samsung.voiceserviceplatform-1/base.apk / 1.0 running in com.android.systemui rsrc of package com.samsung.voiceserviceplatform
06-13 20:06:40.391 10218 10350 I VrApi : FPS=60,Prd=51ms,Tear=0,Early=60,Stale=0,VSnc=1,Lat=1,CPU4/GPU=2/2,800/420MHz,OC=FF,TA=F0/F0/F0/F0,SP=F/F/F/F,Mem=1264MHz,Free=175MB,PSM=0,PLS=0,Temp=29.9C/27.5C
06-13 20:06:40.421 10218 10312 I OVR : DeviceManagerThread - event 47 (498Hz) (Tid=10312)
06-13 20:06:40.421 3534 4031 D PackageManager: getComponentMetadataForIconTray : com.samsung.voiceserviceplatform.ui.PermissionUsageActivity does not exist in mServices
06-13 20:06:40.421 3534 4031 D PackageManager: getComponentMetadataForIconTray : com.samsung.voiceserviceplatform.ui.PermissionUsageActivity does not exist in mProviders
06-13 20:06:40.421 3534 4031 D PackageManager: getComponentMetadataForIconTray : com.samsung.voiceserviceplatform.ui.PermissionUsageActivity does not exist in mReceivers
06-13 20:06:40.481 11602 11602 W ResourcesManager: getTopLevelResources: /data/app/com.skyworxx.gearvrnote4deviceidgrabber-1/base.apk / 1.0 running in com.android.systemui rsrc of package com.skyworxx.gearvrnote4deviceidgrabber
06-13 20:06:40.491 3534 4101 D PackageManager: getComponentMetadataForIconTray : com.skyworxx.gearvrnote4deviceidgrabber.DeviceID does not exist in mServices
06-13 20:06:40.491 3534 4101 D PackageManager: getComponentMetadataForIconTray : com.skyworxx.gearvrnote4deviceidgrabber.DeviceID does not exist in mProviders
06-13 20:06:40.491 3534 4101 D PackageManager: getComponentMetadataForIconTray : com.skyworxx.gearvrnote4deviceidgrabber.DeviceID does not exist in mReceivers
06-13 20:06:40.541 11602 11602 I ApplicationPackageManager: load=com.skyworxx.gearvrnote4deviceidgrabber, bg=168-168, dr=168-168
06-13 20:06:40.551 11602 11602 I ApplicationPackageManager: scaled rate=1.1785074, size=168, alpha=17, hold=26, target=168
06-13 20:06:40.591 11617 11617 E Zygote : v2
06-13 20:06:40.591 11617 11617 I libpersona: KNOX_SDCARD checking this for 10146
06-13 20:06:40.591 11617 11617 I libpersona: KNOX_SDCARD not a persona
06-13 20:06:40.591 3534 3618 I ActivityManager: Start proc 11617:com.microsoft.skydrive/u0a146 for service com.microsoft.skydrive/.task.TaskService
06-13 20:06:40.591 11602 11602 W ResourcesManager: getTopLevelResources: /data/app/com.reelfx.legendary_vr-1/base.apk / 1.0 running in com.android.systemui rsrc of package com.reelfx.legendary_vr
06-13 20:06:40.591 3534 4075 D NetworkPolicy: isUidForegroundLocked: 10146, mScreenOn: true, uidstate: -1, mProxSensorScreenOff: false
06-13 20:06:40.591 11617 11617 I SELinux : Function: selinux_compare_spd_ram, index[1], SPD-policy is existed. and_ver=SEPF_SECMOBILE_6.0.1 ver=11
06-13 20:06:40.591 11602 11602 D ResourcesManager: For user 0 new overlays fetched Null
06-13 20:06:40.591 11617 11617 W SELinux : Function: selinux_compare_spd_ram, index[1], priority [1], priority version is VE=SEPF_SECMOBILE_6.0.1_0011
06-13 20:06:40.601 11617 11617 E Zygote : accessInfo : 0
06-13 20:06:40.601 11617 11617 W SELinux : SELinux: seapp_context_lookup: seinfo=default, level=s0:c512,c768, pkgname=com.microsoft.skydrive
06-13 20:06:40.601 11602 11602 I ApplicationPackageManager: load=com.reelfx.legendary_vr, bg=168-168, dr=168-168
06-13 20:06:40.601 11602 11602 I ApplicationPackageManager: scaled rate=0.88, size=168, alpha=0, hold=26, target=168
06-13 20:06:40.671 11602 11602 W ResourcesManager: getTopLevelResources: /system/priv-app/SmartManager_v3/SmartManager_v3.apk / 1.0 running in com.android.systemui rsrc of package com.samsung.android.sm
06-13 20:06:40.691 11617 11617 D TimaKeyStoreProvider: TimaSignature is unavailable
06-13 20:06:40.691 11617 11617 D ActivityThread: Added TimaKeyStore provider
06-13 20:06:40.691 11602 11602 D ResourcesManager: For user 0 new overlays fetched Null
06-13 20:06:40.711 3534 4081 D PackageManager: getComponentMetadataForIconTray : com.samsung.android.sm.ui.dashboard.SmartManagerDashBoardActivity does not exist in mServices
06-13 20:06:40.711 3534 4081 D PackageManager: getComponentMetadataForIconTray : com.samsung.android.sm.ui.dashboard.SmartManagerDashBoardActivity does not exist in mProviders
06-13 20:06:40.711 3534 4081 D PackageManager: getComponentMetadataForIconTray : com.samsung.android.sm.ui.dashboard.SmartManagerDashBoardActivity does not exist in mReceivers
06-13 20:06:40.751 11617 11617 W ResourcesManager: getTopLevelResources: /data/app/com.microsoft.skydrive-2/base.apk / 1.0 running in com.microsoft.skydrive rsrc of package com.microsoft.skydrive
06-13 20:06:40.751 3534 4075 D NetworkPolicy: isUidForegroundLocked: 10146, mScreenOn: true, uidstate: 10, mProxSensorScreenOff: false
06-13 20:06:40.761 3534 4101 I InjectionManagerService -AppFeature: getCoreFeaturePkgList :[]
06-13 20:06:40.761 11617 11617 I InjectionManager: Inside getClassLibPath + mLibMap{0=, 1=}
06-13 20:06:40.761 11602 11602 W ResourcesManager: getTopLevelResources: /data/app/com.oculus.Integration-1/base.apk / 1.0 running in com.android.systemui rsrc of package com.oculus.Integration
06-13 20:06:40.761 11602 11602 D ResourcesManager: For user 0 new overlays fetched Null
06-13 20:06:40.771 11602 11602 I ApplicationPackageManager: load=com.oculus.Integration, bg=168-168, dr=336-336
06-13 20:06:40.781 11602 11602 I ApplicationPackageManager: DR-icon scaling ori=336,336 - scaled=168,168
06-13 20:06:40.781 11602 11602 I ApplicationPackageManager: scaled rate=0.94, size=168, alpha=0, hold=26, target=168
06-13 20:06:40.791 11617 11617 D ResourcesManager: For user 0 new overlays fetched Null
06-13 20:06:40.791 11602 11602 W ResourcesManager: getTopLevelResources: /system/priv-app/SamsungCamera4/SamsungCamera4.apk / 1.0 running in com.android.systemui rsrc of package com.sec.android.app.camera
06-13 20:06:40.801 11617 11617 I InjectionManager: Inside getClassLibPath caller
06-13 20:06:40.811 11602 11602 D ResourcesManager: For user 0 new overlays fetched Null
06-13 20:06:40.821 3534 4025 I ActivityManager: Process com.google.android.gms (pid 30218)(adj 1) has died(79,91)
06-13 20:06:40.821 3534 4025 D ActivityManager: isAutoRunBlockedApp:: com.google.android.gms, Auto Run ON
06-13 20:06:40.831 3534 4025 W ActivityManager: Scheduling restart of crashed service com.google.android.gms/.ads.identifier.service.AdvertisingIdService in 1000ms
06-13 20:06:40.831 3534 4075 D NetworkPolicy: isUidForegroundLocked: 10015, mScreenOn: true, uidstate: 16, mProxSensorScreenOff: false
06-13 20:06:40.911 11602 11602 W ResourcesManager: getTopLevelResources: /system/priv-app/SecSettings2/SecSettings2.apk / 1.0 running in com.android.systemui rsrc of package com.android.settings
06-13 20:06:40.961 10218 10218 I Vsync : Choreographer doFrame callback delayed by 10.6 milliseconds
06-13 20:06:40.961 10218 10218 I Vsync : Vsync 399979: Choreographer: 5 x 16.90 ms (59.78 Hz, at 6761.617)
06-13 20:06:40.971 10218 10218 I Vsync : Vsync 399980: Choreographer: 1 x 15.72 ms (59.78 Hz, at 6761.622)
06-13 20:06:41.011 11617 11617 I MSMAM - MAMComponents: Not initializing MAM classes because the MDM package is not installed.
06-13 20:06:41.041 11602 11602 D ResourcesManager: For user 0 new overlays fetched Null
06-13 20:06:41.061 3534 3553 D PackageManager: getComponentMetadataForIconTray : com.android.settings.Settings does not exist in mServices
06-13 20:06:41.061 3534 3553 D PackageManager: getComponentMetadataForIconTray : com.android.settings.Settings does not exist in mProviders
06-13 20:06:41.061 3534 3553 D PackageManager: getComponentMetadataForIconTray : com.android.settings.Settings does not exist in mReceivers
06-13 20:06:41.091 11602 11602 W ResourcesManager: getTopLevelResources: /data/app/com.estrongs.android.pop-2/base.apk / 1.0 running in com.android.systemui rsrc of package com.estrongs.android.pop
06-13 20:06:41.111 11602 11602 D ResourcesManager: For user 0 new overlays fetched Null
06-13 20:06:41.121 3534 4020 D PackageManager: getComponentMetadataForIconTray : com.estrongs.android.pop.view.FileExplorerActivity does not exist in mServices
06-13 20:06:41.121 3534 4020 D PackageManager: getComponentMetadataForIconTray : com.estrongs.android.pop.view.FileExplorerActivity does not exist in mProviders
06-13 20:06:41.121 3534 4020 D PackageManager: getComponentMetadataForIconTray : com.estrongs.android.pop.view.FileExplorerActivity does not exist in mReceivers
06-13 20:06:41.141 11602 11602 I ApplicationPackageManager: load=com.estrongs.android.pop, bg=168-168, dr=168-168
06-13 20:06:41.141 11602 11602 I ApplicationPackageManager: scaled rate=0.9513253, size=168, alpha=1, hold=26, target=168
06-13 20:06:41.151 11602 11602 W ResourcesManager: getTopLevelResources: /data/app/com.digitalkey.setin-1/base.apk / 1.0 running in com.android.systemui rsrc of package com.digitalkey.setin
06-13 20:06:41.151 11602 11602 D ResourcesManager: For user 0 new overlays fetched Null
06-13 20:06:41.171 11602 11602 I ApplicationPackageManager: load=com.digitalkey.setin, bg=168-168, dr=168-168
06-13 20:06:41.171 11602 11602 I ApplicationPackageManager: scaled rate=0.94, size=168, alpha=0, hold=26, target=168
06-13 20:06:41.211 11617 11617 I GMPM : App measurement is starting up, version: 8487
06-13 20:06:41.211 11617 11617 I GMPM : To enable debug logging run: adb shell setprop log.tag.GMPM VERBOSE
06-13 20:06:41.271 11617 11617 W ResourcesManager: getTopLevelResources: /data/app/com.microsoft.skydrive-2/base.apk / 1.0 running in com.microsoft.skydrive rsrc of package com.microsoft.skydrive
06-13 20:06:41.341 11617 11617 E GMPM : GoogleService failed to initialize, status: 10, Missing an expected resource: 'R.string.google_app_id' for initializing Google services. Possible causes are missing google-services.json or com.google.gms.google-services gradle plugin.
06-13 20:06:41.341 11617 11617 E GMPM : Scheduler not set. Not logging error/warn.
06-13 20:06:41.411 3534 4093 V AlarmManager: remove PendingIntent] PendingIntent{4474e0d: PendingIntentRecord{73261c2 com.microsoft.skydrive broadcastIntent}}
06-13 20:06:41.421 10218 10312 I OVR : DeviceManagerThread - event 47 (501Hz) (Tid=10312)
06-13 20:06:41.421 10218 10350 I VrApi : FPS=60,Prd=51ms,Tear=0,Early=60,Stale=0,VSnc=1,Lat=1,CPU4/GPU=2/2,800/420MHz,OC=FF,TA=F0/F0/F0/F0,SP=F/F/F/F,Mem=1264MHz,Free=172MB,PSM=0,PLS=0,Temp=29.9C/27.5C
06-13 20:06:41.451 11617 11631 E GMPM : Uploading is not possible. App measurement disabled
06-13 20:06:41.461 3534 4101 V AlarmManager: remove PendingIntent] PendingIntent{848ebd3: PendingIntentRecord{73261c2 com.microsoft.skydrive broadcastIntent}}
06-13 20:06:41.691 11617 11617 I Fabric : Initializing Crashlytics 2.3.3.61
06-13 20:06:41.741 11646 11646 E Zygote : v2
06-13 20:06:41.741 11646 11646 I libpersona: KNOX_SDCARD checking this for 10015
06-13 20:06:41.741 11646 11646 I libpersona: KNOX_SDCARD not a persona
06-13 20:06:41.741 3534 4081 I ActivityManager: Start proc 11646:com.google.android.gms/u0a15 for service com.google.android.gms/.ads.identifier.service.AdvertisingIdService
06-13 20:06:41.741 11646 11646 I SELinux : Function: selinux_compare_spd_ram, index[1], SPD-policy is existed. and_ver=SEPF_SECMOBILE_6.0.1 ver=11
06-13 20:06:41.741 3534 4075 D NetworkPolicy: isUidForegroundLocked: 10015, mScreenOn: true, uidstate: -1, mProxSensorScreenOff: false
06-13 20:06:41.751 11646 11646 W SELinux : Function: selinux_compare_spd_ram, index[1], priority [1], priority version is VE=SEPF_SECMOBILE_6.0.1_0011
06-13 20:06:41.751 11646 11646 E Zygote : accessInfo : 0
06-13 20:06:41.751 11646 11646 W SELinux : SELinux: seapp_context_lookup: seinfo=gmscore, level=s0:c512,c768, pkgname=com.google.android.gms
06-13 20:06:41.841 11646 11646 D TimaKeyStoreProvider: TimaSignature is unavailable
06-13 20:06:41.841 11646 11646 D ActivityThread: Added TimaKeyStore provider
06-13 20:06:41.881 3534 4065 I ActivityManager: Process com.android.systemui.recents (pid 11602)(adj 1) has died(90,92)
06-13 20:06:41.881 3534 4065 D ActivityManager: isAutoRunBlockedApp:: com.android.systemui, Auto Run ON
06-13 20:06:41.881 3534 4065 W ActivityManager: Scheduling restart of crashed service com.android.systemui/.recents.RecentsService in 0ms
06-13 20:06:41.901 11659 11659 E Zygote : v2
06-13 20:06:41.901 11659 11659 I libpersona: KNOX_SDCARD checking this for 10062
06-13 20:06:41.901 11659 11659 I libpersona: KNOX_SDCARD not a persona
06-13 20:06:41.901 11659 11659 I SELinux : Function: selinux_compare_spd_ram, index[1], SPD-policy is existed. and_ver=SEPF_SECMOBILE_6.0.1 ver=11
06-13 20:06:41.901 3534 3618 I ActivityManager: Start proc 11659:com.android.systemui.recents/u0a62 for service com.android.systemui/.recents.RecentsService
06-13 20:06:41.901 3534 4075 D NetworkPolicy: isUidForegroundLocked: 10015, mScreenOn: true, uidstate: 10, mProxSensorScreenOff: false
06-13 20:06:41.901 11659 11659 W SELinux : Function: selinux_compare_spd_ram, index[1], priority [1], priority version is VE=SEPF_SECMOBILE_6.0.1_0011
06-13 20:06:41.901 11659 11659 E Zygote : accessInfo : 0
06-13 20:06:41.911 11659 11659 W SELinux : SELinux: seapp_context_lookup: seinfo=platform, level=s0:c512,c768, pkgname=com.android.systemui.recents
06-13 20:06:41.911 11646 11646 W ResourcesManager: getTopLevelResources: /data/app/com.google.android.gms-2/base.apk / 1.0 running in com.google.android.gms rsrc of package com.google.android.gms
