06-13 20:07:09.041 3534 4081 D PackageManager: setEnabledSetting : userId = 0 packageName = com.instagram.android cmp = com.instagram.push.fbns.FbnsInitBroadcastReceiver newState = 2 callingPackage = 10113
06-13 20:07:09.041 3534 4093 V BroadcastQueue: [background] Process cur broadcast BroadcastRecord{3770549 u0 com.facebook.rti.fbns.intent.SHARE_IDS qIdx=4}, state= (APP_RECEIVE) DELIVERED for app ProcessRecord{cbfae4e 11954:com.facebook.katana/u0a115}
06-13 20:07:09.051 12321 12321 V dalvik-internals: hooked _ZN3art12FaultManager35EnsureArtActionInFrontOfSignalChainEv using trap ()
06-13 20:07:09.051 12321 12321 V dalvik-internals: hooked signal using trap ()
06-13 20:07:09.051 12321 12321 V dalvik-internals: hooked sysv_signal using trap ()
06-13 20:07:09.051 12321 12321 V dalvik-internals: hooked bsd_signal using trap ()
06-13 20:07:09.071 3534 4087 V BroadcastQueue: [background] Process cur broadcast BroadcastRecord{6b1807c u0 com.facebook.rti.fbns.intent.SHARE_IDS qIdx=4}, state= (APP_RECEIVE) DELIVERED for app ProcessRecord{aa1ad05 12321:com.facebook.orca/u0a114}
06-13 20:07:09.081 12321 12321 E linker : "/system/bin/app_process32": ignoring 2-entry DT_PREINIT_ARRAY in shared library!
06-13 20:07:09.091 12321 12321 V dalvik-internals: hooked sigaction using trap ()
06-13 20:07:09.091 12321 12321 V DexLibLoader: resolved non-canonical data directory /data/user/0/com.facebook.orca to /data/data/com.facebook.orca
06-13 20:07:09.091 12321 12321 V DexLibLoader: opening dex store /data/data/com.facebook.orca/dex
06-13 20:07:09.091 12321 12321 V DexLibLoader: Secondary program dex metadata: [.root_relative]
06-13 20:07:09.091 12321 12321 V DexLibLoader: Secondary program dex metadata: [.locators]
06-13 20:07:09.091 12321 12321 V DexLibLoader: Secondary program dex metadata: [classes2.dex 4d4d75df68277803d8196210b5917bfbb9e8da58 secondary.dex01.Canary]
06-13 20:07:09.091 12321 12321 V DexLibLoader: Secondary program dex metadata: [classes3.dex e0812b681655c4dfeb02f4f96b2173bb60e06ae2 secondary.dex02.Canary]
06-13 20:07:09.091 12321 12321 V DexLibLoader: Secondary program dex metadata: [classes4.dex 2e225b7318f2d650dbfcac6de57e813168008b39 secondary.dex03.Canary]
06-13 20:07:09.091 12321 12321 V DexLibLoader: Secondary program dex metadata: [classes5.dex fc1ad791f60062263d8ac26c3aaaa9ff96104029 secondary.dex04.Canary]
06-13 20:07:09.091 12321 12321 V DexLibLoader: Secondary program dex metadata: [classes6.dex 3ccdcfad7ec020383ad769baad0e6e094fd1bc49 secondary.dex05.Canary]
06-13 20:07:09.131 12321 12321 V DexLibLoader: read status:9 check:faceb007faceb00e
06-13 20:07:09.131 12321 12321 V DexLibLoader: read saved dep file /data/data/com.facebook.orca/dex/deps (184 bytes)
06-13 20:07:09.131 12321 12321 I DexLibLoader: current scheme: com.facebook.common.dextricks.OdexSchemeNoop next step: LA_LOAD_EXISTING
06-13 20:07:09.131 12321 12321 V MultiDexClassLoader: installing MultiDexClassLoader before application classloader
06-13 20:07:09.131 12321 12321 D MultiDexClassLoader: primary dex name: /data/app/com.facebook.orca-2/base.apk
06-13 20:07:09.131 12321 12321 D MultiDexClassLoader: Found system/other dex /system/framework/com.google.android.maps.jar
06-13 20:07:09.131 12321 12321 D MultiDexClassLoader: Found primary dex /data/app/com.facebook.orca-2/base.apk
06-13 20:07:09.131 12321 12321 D MultiDexClassLoader: Setup multi dex took 0 ms.
06-13 20:07:09.131 12321 12321 V DexLibLoader: optimization needed: no
06-13 20:07:09.171 12249 12249 I CastSocket: 23 >= 18. Adding new CastClientAuthKeyManager.
06-13 20:07:09.191 12169 12169 D SamsungIME: [loadLanguageModels] isChangePersonalizedData = false
06-13 20:07:09.191 12169 12169 D SamsungIME: [loadLanguageModels] loadLanguageforcely = false
06-13 20:07:09.201 12321 12321 W ResourcesManager: getTopLevelResources: /data/app/com.facebook.orca-2/base.apk / 1.0 running in com.facebook.orca rsrc of package com.facebook.orca
06-13 20:07:09.201 3534 4081 V AlarmManager: remove PendingIntent] PendingIntent{4151481: PendingIntentRecord{5ff3926 com.facebook.orca broadcastIntent}}
06-13 20:07:09.211 12321 12384 I GMPM : App measurement is starting up
06-13 20:07:09.221 12321 12384 E GMPM : getGoogleAppId failed with status: 10
06-13 20:07:09.221 12321 12384 E GMPM : Uploading is not possible. App measurement disabled
06-13 20:07:09.221 12137 12385 W System.err: remove failed: ENOENT (No such file or directory) : /data/user/0/com.google.android.gms/files/reporting-log
06-13 20:07:09.221 3534 4087 V AlarmManager: remove PendingIntent] PendingIntent{a791967: PendingIntentRecord{5ff3926 com.facebook.orca broadcastIntent}}
06-13 20:07:09.231 12169 12350 D SamsungIME: [SwiftkeyWrapper] currentLangauge : 1701729619
06-13 20:07:09.241 12169 12169 I SamsungIME: putCacheDrawable inputModule=0 key =KEY_BG_NUMBER
06-13 20:07:09.241 12137 12137 V GoogleSignatureVerifier: com.google.android.gms signature not valid. Found:
06-13 20:07:09.241 12137 12137 V GoogleSignatureVerifier: MIIEQzCCAyugAwIBAgIJAMLgh0ZkSjCNMA0GCSqGSIb3DQEBBAUAMHQxCzAJBgNVBAYTAlVTMRMw
06-13 20:07:09.241 12137 12137 V GoogleSignatureVerifier: EQYDVQQIEwpDYWxpZm9ybmlhMRYwFAYDVQQHEw1Nb3VudGFpbiBWaWV3MRQwEgYDVQQKEwtHb29n
06-13 20:07:09.241 12137 12137 V GoogleSignatureVerifier: bGUgSW5jLjEQMA4GA1UECxMHQW5kcm9pZDEQMA4GA1UEAxMHQW5kcm9pZDAeFw0wODA4MjEyMzEz
06-13 20:07:09.241 12137 12137 V GoogleSignatureVerifier: MzRaFw0zNjAxMDcyMzEzMzRaMHQxCzAJBgNVBAYTAlVTMRMwEQYDVQQIEwpDYWxpZm9ybmlhMRYw
06-13 20:07:09.241 12137 12137 V GoogleSignatureVerifier: FAYDVQQHEw1Nb3VudGFpbiBWaWV3MRQwEgYDVQQKEwtHb29nbGUgSW5jLjEQMA4GA1UECxMHQW5k
06-13 20:07:09.241 12137 12137 V GoogleSignatureVerifier: cm9pZDEQMA4GA1UEAxMHQW5kcm9pZDCCASAwDQYJKoZIhvcNAQEBBQADggENADCCAQgCggEBAKtW
06-13 20:07:09.241 12137 12137 V GoogleSignatureVerifier: LgDYO6IIrgqWbxJOKdoR8qtW0I9Y4sypEwPpt1TTcvZApxsdyxMJZ2JORland2qSGT2y5b+3JKke
06-13 20:07:09.241 12137 12137 V GoogleSignatureVerifier: dxiLDmpHpDsz2WCbdxgxRczfey5YZnTJ4VZbH0xqWVW/8lGmPav5xVwnIiJS6HXk+BVKZF+JcWjA
06-13 20:07:09.241 12137 12137 V GoogleSignatureVerifier: sb/GEuq/eFdpuzSqeYTcfi6idkyugwfYwXFU1+5fZKUaRKYCwkkFQVfcAs1fXA5V+++FGfvjJ/Cx
06-13 20:07:09.241 12137 12137 V GoogleSignatureVerifier: URaSxaBvGdGDhfXE28LWuT9ozCl5xw4Yq5OGazvV24mZVSoOO0yZ31j7kYvtwYK6NeADwbSxDdJE
06-13 20:07:09.241 12137 12137 V GoogleSignatureVerifier: qO4k//0zOHKrUiGYXtqw/A0LFFtqoZKFjnkCAQOjgdkwgdYwHQYDVR0OBBYEFMd9jMIhF1Ylmn/T
06-13 20:07:09.241 12137 12137 V GoogleSignatureVerifier: gt9r45jk14alMIGmBgNVHSMEgZ4wgZuAFMd9jMIhF1Ylmn/Tgt9r45jk14aloXikdjB0MQswCQYD
06-13 20:07:09.241 12137 12137 V GoogleSignatureVerifier: VQQGEwJVUzETMBEGA1UECBMKQ2FsaWZvcm5pYTEWMBQGA1UEBxMNTW91bnRhaW4gVmlldzEUMBIG
06-13 20:07:09.241 12137 12137 V GoogleSignatureVerifier: A1UEChMLR29vZ2xlIEluYy4xEDAOBgNVBAsTB0FuZHJvaWQxEDAOBgNVBAMTB0FuZHJvaWSCCQDC
06-13 20:07:09.241 12137 12137 V GoogleSignatureVerifier: 4IdGZEowjTAMBgNVHRMEBTADAQH/MA0GCSqGSIb3DQEBBAUAA4IBAQBt0lLO74UwLDYKqs6Tm8/y
06-13 20:07:09.241 12137 12137 V GoogleSignatureVerifier: zKkEu116FmH4rkaymUIE0P9KaMftGlMexFlaYjzmB2OxZyl6euNXEsQH8gjwyxCUKRJNexBiGcCE
06-13 20:07:09.241 12137 12137 V GoogleSignatureVerifier: yj6z+a1fuHHvkiaai+KL8W1EyNmgjmyy8AW7P+LLlkR+ho5zEHatRbM/YAnqGcFh5iZBqpknHf1S
06-13 20:07:09.241 12137 12137 V GoogleSignatureVerifier: KMXFh4dd239FJ1jWYfbMDMy3NS5CTMQ2XFI1MvcyUTdZPErjQfTbQe3aDQsQcafEQPD+nqActifK
06-13 20:07:09.241 12137 12137 V GoogleSignatureVerifier: Z0Np0IS9L9kR/wbNvyz6ENwPiTrjV2KRkEjH78ZMcUQXg0L3BYHJ3lc69Vs5Ddf9uUGGMYldX3Wf
06-13 20:07:09.241 12137 12137 V GoogleSignatureVerifier: MBEmh/9iFBDAaTCK
06-13 20:07:09.251 12169 12169 I SamsungIME: putCacheDrawable inputModule=0 key =ICON_SETTING
06-13 20:07:09.251 12137 12137 W ResourcesManager: getTopLevelResources: /data/app/com.google.android.gms-2/base.apk / 1.0 running in com.google.android.gms rsrc of package com.google.android.gms
06-13 20:07:09.251 12137 12137 I DynamiteModule: Considering local module com.google.android.gms.googlecertificates:1 and remote module com.google.android.gms.googlecertificates:1
06-13 20:07:09.251 12137 12137 I DynamiteModule: Selected remote version of com.google.android.gms.googlecertificates, version >= 1
06-13 20:07:09.271 12137 12137 D ChimeraFileApk: Primary ABI of requesting process is arm64-v8a
06-13 20:07:09.271 12137 12137 D ChimeraFileApk: Classloading successful. Optimized code found.
06-13 20:07:09.281 12137 12137 D GoogleCertificates: com.google.android.gms.googlecertificates module is loaded
06-13 20:07:09.301 12321 12321 W cq : Verify
06-13 20:07:09.351 12137 12137 D GoogleCertificatesImpl: Fetched 154 Google release certificates
06-13 20:07:09.371 12137 12365 W Settings: Setting airplane_mode_on has moved from android.provider.Settings.System to android.provider.Settings.Global, returning read-only value.
06-13 20:07:09.381 12137 12137 V GeofencerHelper: Initializing geofence's system cache.
06-13 20:07:09.391 12137 12348 D GeofenceStateCache: Recovered 0 geofences.
06-13 20:07:09.441 12321 12408 W msgr(:):a: The sessioned store is not available. Are you fetching sessioned quick experiment data while the user is logged out?
06-13 20:07:09.461 12321 12408 W msgr(:):c: Called user scoped provider with no viewer. ViewerContextManager was created with no ViewerContext. Using EmptyViewerContextManager to return fake logged in instance.
06-13 20:07:09.471 12321 12408 W msgr(:):k: User no longer logged in. Original uid: 0, viewer context: null, is_logged_in: false. Returning original viewer context.
06-13 20:07:09.511 12321 12321 D InjectionManager: InjectionManager
06-13 20:07:09.511 12321 12321 D InjectionManager: fillFeatureStoreMap com.facebook.orca
06-13 20:07:09.511 12321 12414 W msgr(:):c: Called user scoped provider with no viewer. ViewerContextManager was created with no ViewerContext. Using EmptyViewerContextManager to return fake logged in instance.
06-13 20:07:09.511 12321 12321 I InjectionManager: Constructor com.facebook.orca, Feature store :{}
06-13 20:07:09.511 12321 12321 I InjectionManager: featureStore :{}
06-13 20:07:09.511 12321 12414 W msgr(:):k: User no longer logged in. Original uid: 0, viewer context: null, is_logged_in: false. Returning original viewer context.
06-13 20:07:09.511 12321 12414 W msgr(:):k: User no longer logged in. Original uid: 0, viewer context: null, is_logged_in: false. Returning original viewer context.
06-13 20:07:09.511 12321 12414 W msgr(:):k: User no longer logged in. Original uid: 0, viewer context: null, is_logged_in: false. Returning original viewer context.
06-13 20:07:09.521 12321 12414 W msgr(:):k: User no longer logged in. Original uid: 0, viewer context: null, is_logged_in: false. Returning original viewer context.
06-13 20:07:09.521 12321 12414 W msgr(:):k: User no longer logged in. Original uid: 0, viewer context: null, is_logged_in: false. Returning original viewer context.
06-13 20:07:09.521 12321 12414 W msgr(:):k: User no longer logged in. Original uid: 0, viewer context: null, is_logged_in: false. Returning original viewer context.
06-13 20:07:09.521 12321 12414 W msgr(:):k: User no longer logged in. Original uid: 0, viewer context: null, is_logged_in: false. Returning original viewer context.
06-13 20:07:09.521 12321 12414 W msgr(:):k: User no longer logged in. Original uid: 0, viewer context: null, is_logged_in: false. Returning original viewer context.
06-13 20:07:09.521 12321 12414 W msgr(:):k: User no longer logged in. Original uid: 0, viewer context: null, is_logged_in: false. Returning original viewer context.
06-13 20:07:09.541 3534 4075 D NetworkPolicy: isUidForegroundLocked: 10221, mScreenOn: true, uidstate: 10, mProxSensorScreenOff: false
06-13 20:07:09.541 3534 4075 D NetworkPolicy: isUidForegroundLocked: 10221, mScreenOn: true, uidstate: 10, mProxSensorScreenOff: false
06-13 20:07:09.561 3534 4093 V BroadcastQueue: [background] Process cur broadcast BroadcastRecord{9e83f u0 com.google.android.gms.gcm.ACTION_SCHEDULE qIdx=4}, state= (APP_RECEIVE) DELIVERED for app ProcessRecord{d237fdd 12137:com.google.android.gms.persistent/u0a15}
06-13 20:07:09.571 12137 12241 W ctxmgr : [WorkManager]Long workInfo: label=RefreshLocationConsentOperation, startTime=2016-06-13 20:07:07.686-0200, stopTime=2016-06-13 20:07:09.586-0200, duration=1900ms
06-13 20:07:09.571 12321 12414 W msgr(:):k: User no longer logged in. Original uid: 0, viewer context: null, is_logged_in: false. Returning original viewer context.
06-13 20:07:09.571 12321 12414 W msgr(:):k: User no longer logged in. Original uid: 0, viewer context: null, is_logged_in: false. Returning original viewer context.
06-13 20:07:09.571 12321 12414 W msgr(:):k: User no longer logged in. Original uid: 0, viewer context: null, is_logged_in: false. Returning original viewer context.
06-13 20:07:09.581 12321 12414 W msgr(:):k: User no longer logged in. Original uid: 0, viewer context: null, is_logged_in: false. Returning original viewer context.
06-13 20:07:09.581 12321 12414 W msgr(:):k: User no longer logged in. Original uid: 0, viewer context: null, is_logged_in: false. Returning original viewer context.
06-13 20:07:09.581 12321 12414 W msgr(:):k: User no longer logged in. Original uid: 0, viewer context: null, is_logged_in: false. Returning original viewer context.
06-13 20:07:09.591 12321 12414 W msgr(:):k: User no longer logged in. Original uid: 0, viewer context: null, is_logged_in: false. Returning original viewer context.
06-13 20:07:09.591 12321 12414 W msgr(:):k: User no longer logged in. Original uid: 0, viewer context: null, is_logged_in: false. Returning original viewer context.
06-13 20:07:09.591 12321 12414 W msgr(:):k: User no longer logged in. Original uid: 0, viewer context: null, is_logged_in: false. Returning original viewer context.
06-13 20:07:09.591 12321 12414 W msgr(:):k: User no longer logged in. Original uid: 0, viewer context: null, is_logged_in: false. Returning original viewer context.
06-13 20:07:09.591 3534 3554 I ActivityManager: Start proc 12417:com.samsung.android.writingbuddyservice/u0a193 for broadcast-3 com.samsung.android.writingbuddyservice/.WritingBuddyServiceReceiver
06-13 20:07:09.591 12417 12417 E Zygote : v2
06-13 20:07:09.591 12417 12417 I libpersona: KNOX_SDCARD checking this for 10193
06-13 20:07:09.591 12417 12417 I libpersona: KNOX_SDCARD not a persona
06-13 20:07:09.591 12417 12417 I SELinux : Function: selinux_compare_spd_ram, index[1], SPD-policy is existed. and_ver=SEPF_SECMOBILE_6.0.1 ver=11
06-13 20:07:09.601 12417 12417 W SELinux : Function: selinux_compare_spd_ram, index[1], priority [1], priority version is VE=SEPF_SECMOBILE_6.0.1_0011
06-13 20:07:09.601 12417 12417 E Zygote : accessInfo : 0
06-13 20:07:09.601 12417 12417 W SELinux : SELinux: seapp_context_lookup: seinfo=platform, level=s0:c512,c768, pkgname=com.samsung.android.writingbuddyservice
06-13 20:07:09.631 12321 12414 W msgr(:):k: User no longer logged in. Original uid: 0, viewer context: null, is_logged_in: false. Returning original viewer context.
06-13 20:07:09.631 12321 12414 W msgr(:):k: User no longer logged in. Original uid: 0, viewer context: null, is_logged_in: false. Returning original viewer context.
06-13 20:07:09.631 12321 12414 W msgr(:):k: User no longer logged in. Original uid: 0, viewer context: null, is_logged_in: false. Returning original viewer context.
06-13 20:07:09.631 12321 12414 W msgr(:):k: User no longer logged in. Original uid: 0, viewer context: null, is_logged_in: false. Returning original viewer context.
06-13 20:07:09.631 12321 12414 W msgr(:):k: User no longer logged in. Original uid: 0, viewer context: null, is_logged_in: false. Returning original viewer context.
06-13 20:07:09.631 12321 12414 W msgr(:):k: User no longer logged in. Original uid: 0, viewer context: null, is_logged_in: false. Returning original viewer context.
06-13 20:07:09.631 12321 12414 W msgr(:):k: User no longer logged in. Original uid: 0, viewer context: null, is_logged_in: false. Returning original viewer context.
06-13 20:07:09.631 12321 12414 W msgr(:):k: User no longer logged in. Original uid: 0, viewer context: null, is_logged_in: false. Returning original viewer context.
06-13 20:07:09.631 12417 12417 D TimaKeyStoreProvider: TimaSignature is unavailable
06-13 20:07:09.631 12417 12417 D ActivityThread: Added TimaKeyStore provider
06-13 20:07:09.641 12321 12414 E msgr(:):a: Exposure logged while sessioned store was null
06-13 20:07:09.641 3534 4085 V BroadcastQueue: [background] Process cur broadcast BroadcastRecord{8b5450c u-1 com.samsung.android.inputmethod.handwriting_language_list qIdx=4}, state= (APP_RECEIVE) DELIVERED for app ProcessRecord{3803e55 12417:com.samsung.android.writingbuddyservice/u0a193}
06-13 20:07:09.641 12321 12414 W msgr(:):k: User no longer logged in. Original uid: 0, viewer context: null, is_logged_in: false. Returning original viewer context.
06-13 20:07:09.651 12321 12414 W msgr(:):k: User no longer logged in. Original uid: 0, viewer context: null, is_logged_in: false. Returning original viewer context.
06-13 20:07:09.651 12417 12417 W ResourcesManager: getTopLevelResources: /system/app/WritingBuddyService3/WritingBuddyService3.apk / 1.0 running in com.samsung.android.writingbuddyservice rsrc of package com.samsung.android.writingbuddyservice
06-13 20:07:09.651 3534 3554 I InjectionManagerService -AppFeature: getCoreFeaturePkgList :[]
06-13 20:07:09.651 12417 12417 I InjectionManager: Inside getClassLibPath + mLibMap{0=, 1=}
06-13 20:07:09.661 12417 12417 D ResourcesManager: For user 0 new overlays fetched Null
06-13 20:07:09.661 12321 12414 W msgr(:):k: User no longer logged in. Original uid: 0, viewer context: null, is_logged_in: false. Returning original viewer context.
06-13 20:07:09.671 12321 12414 W msgr(:):k: User no longer logged in. Original uid: 0, viewer context: null, is_logged_in: false. Returning original viewer context.
06-13 20:07:09.671 12321 12414 W msgr(:):k: User no longer logged in. Original uid: 0, viewer context: null, is_logged_in: false. Returning original viewer context.
06-13 20:07:09.671 12321 12414 W msgr(:):k: User no longer logged in. Original uid: 0, viewer context: null, is_logged_in: false. Returning original viewer context.
06-13 20:07:09.671 12321 12414 W msgr(:):k: User no longer logged in. Original uid: 0, viewer context: null, is_logged_in: false. Returning original viewer context.
06-13 20:07:09.671 12321 12414 W msgr(:):k: User no longer logged in. Original uid: 0, viewer context: null, is_logged_in: false. Returning original viewer context.
06-13 20:07:09.671 12321 12414 W msgr(:):k: User no longer logged in. Original uid: 0, viewer context: null, is_logged_in: false. Returning original viewer context.
06-13 20:07:09.671 12321 12414 W msgr(:):k: User no longer logged in. Original uid: 0, viewer context: null, is_logged_in: false. Returning original viewer context.
06-13 20:07:09.671 12321 12414 W msgr(:):k: User no longer logged in. Original uid: 0, viewer context: null, is_logged_in: false. Returning original viewer context.
06-13 20:07:09.671 12321 12414 W msgr(:):k: User no longer logged in. Original uid: 0, viewer context: null, is_logged_in: false. Returning original viewer context.
06-13 20:07:09.671 12321 12414 W msgr(:):k: User no longer logged in. Original uid: 0, viewer context: null, is_logged_in: false. Returning original viewer context.
06-13 20:07:09.671 12417 12417 I InjectionManager: Inside getClassLibPath caller
06-13 20:07:09.691 3534 4090 D WifiNative-HAL: Failing getSupportedFeatureset because HAL isn't started
06-13 20:07:09.701 12417 12417 D InjectionManager: InjectionManager
06-13 20:07:09.701 12417 12417 D InjectionManager: fillFeatureStoreMap com.samsung.android.writingbuddyservice
06-13 20:07:09.701 12417 12417 I InjectionManager: Constructor com.samsung.android.writingbuddyservice, Feature store :{}
06-13 20:07:09.701 12417 12417 I InjectionManager: featureStore :{}
06-13 20:07:09.721 12321 12414 W ResourcesManager: getTopLevelResources: /system/priv-app/SecMms_Epic_Common/SecMms_Epic_Common.apk / 1.0 running in com.facebook.orca rsrc of package com.android.mms
06-13 20:07:09.721 3534 4087 V AlarmManager: remove PendingIntent] PendingIntent{2fd29a4: PendingIntentRecord{2c39360 com.google.android.gms broadcastIntent}}
06-13 20:07:09.721 12137 12365 W Settings: Setting airplane_mode_on has moved from android.provider.Settings.System to android.provider.Settings.Global, returning read-only value.
06-13 20:07:09.721 12417 12417 D WritingBuddyServiceReceiver: com.samsung.android.inputmethod.handwriting_language_list
06-13 20:07:09.721 12417 12417 D WritingBuddyServiceReceiver: languageList : en_US;, inputLanguage : en_US
06-13 20:07:09.731 12321 12414 D ResourcesManager: For user 0 new overlays fetched Null
06-13 20:07:09.731 12321 12414 W ResourcesManager: getTopLevelResources: /data/app/com.google.android.talk-1/base.apk / 1.0 running in com.facebook.orca rsrc of package com.google.android.talk
06-13 20:07:09.741 3534 3553 V BroadcastQueue: [background] Process cur broadcast BroadcastRecord{152e30d u-1 com.samsung.android.inputmethod.handwriting_language_list qIdx=4}, state= (APP_RECEIVE) DELIVERED for app ProcessRecord{3803e55 12417:com.samsung.android.writingbuddyservice/u0a193}
06-13 20:07:09.741 12417 12417 D WritingBuddyServiceReceiver: com.samsung.android.inputmethod.handwriting_language_list
06-13 20:07:09.741 12417 12417 D WritingBuddyServiceReceiver: languageList : en_US;, inputLanguage : en_US
06-13 20:07:09.741 12321 12414 D ResourcesManager: For user 0 new overlays fetched Null
06-13 20:07:09.761 12321 12414 W msgr(:):c: Called user scoped provider with no viewer. ViewerContextManager was created with no ViewerContext. Using EmptyViewerContextManager to return fake logged in instance.
06-13 20:07:09.761 12321 12414 W msgr(:):c: Called user scoped provider with no viewer. ViewerContextManager was created with no ViewerContext. Using EmptyViewerContextManager to return fake logged in instance.
06-13 20:07:09.761 3534 3553 V BroadcastQueue: [background] Process cur broadcast BroadcastRecord{873590e u0 com.google.android.gcm.CONNECTED qIdx=4}, state= (APP_RECEIVE) DELIVERED for app ProcessRecord{542f055 11918:com.google.android.talk/u0a129}
06-13 20:07:09.761 12321 12414 W msgr(:):c: Called user scoped provider with no viewer. ViewerContextManager was created with no ViewerContext. Using EmptyViewerContextManager to return fake logged in instance.
06-13 20:07:09.761 12321 12414 W msgr(:):c: Called user scoped provider with no viewer. ViewerContextManager was created with no ViewerContext. Using EmptyViewerContextManager to return fake logged in instance.
06-13 20:07:09.771 12321 12414 W msgr(:):k: User no longer logged in. Original uid: 0, viewer context: null, is_logged_in: false. Returning original viewer context.
06-13 20:07:09.791 12321 12414 W msgr(:):c: Called user scoped provider with no viewer. ViewerContextManager was created with no ViewerContext. Using EmptyViewerContextManager to return fake logged in instance.
06-13 20:07:09.791 12321 12414 W msgr(:):c: Called user scoped provider with no viewer. ViewerContextManager was created with no ViewerContext. Using EmptyViewerContextManager to return fake logged in instance.
06-13 20:07:09.791 12321 12414 W msgr(:):c: Called user scoped provider with no viewer. ViewerContextManager was created with no ViewerContext. Using EmptyViewerContextManager to return fake logged in instance.
06-13 20:07:09.791 12321 12414 W msgr(:):c: Called user scoped provider with no viewer. ViewerContextManager was created with no ViewerContext. Using EmptyViewerContextManager to return fake logged in instance.
06-13 20:07:09.791 12321 12414 W msgr(:):c: Called user scoped provider with no viewer. ViewerContextManager was created with no ViewerContext. Using EmptyViewerContextManager to return fake logged in instance.
06-13 20:07:09.791 12321 12414 W msgr(:):c: Called user scoped provider with no viewer. ViewerContextManager was created with no ViewerContext. Using EmptyViewerContextManager to return fake logged in instance.
06-13 20:07:09.811 12169 12169 E SamsungIME: onQueryComplete ResourceManagerGetAvailableQueryAsyncHandler
06-13 20:07:09.821 3534 4060 V AlarmManager: remove PendingIntent] PendingIntent{d135f2f: PendingIntentRecord{2c39360 com.google.android.gms broadcastIntent}}
06-13 20:07:09.821 3534 4101 V AlarmManager: remove PendingIntent] PendingIntent{59a093c: PendingIntentRecord{2c39360 com.google.android.gms broadcastIntent}}
06-13 20:07:09.821 12169 12169 E SamsungIME: onQueryComplete ResourceManagerGetInstalledQueryAsyncHandler
06-13 20:07:09.831 12169 12169 W SamsungIME: SamsungIME VO Language Name : es_US Version : 7.1.0.115
06-13 20:07:09.831 12169 12169 W SamsungIME: SamsungIME VO Language Name : en_US Version : 7.1.0.115
06-13 20:07:09.831 12169 12169 W SamsungIME: SamsungIME VO Language Name : ko_KR Version : 7.1.0.115
06-13 20:07:09.831 12169 12169 W SamsungIME: SamsungIME VO Language Name : pt_BR Version : 7.1.0.115
06-13 20:07:09.831 12169 12169 D SamsungIME: available handwriting language = en_US
06-13 20:07:09.831 12169 12169 D SamsungIME: available handwriting language = es_US
06-13 20:07:09.831 12169 12169 D SamsungIME: available handwriting language = pt_BR
06-13 20:07:09.831 12169 12169 D SamsungIME: available handwriting language = ko
06-13 20:07:09.831 3534 4038 V AlarmManager: remove PendingIntent] PendingIntent{1ce66c5: PendingIntentRecord{2c39360 com.google.android.gms broadcastIntent}}
06-13 20:07:09.841 12137 12383 W ctxmgr : [AclManager]checkPermissionTypeStatus: no inject permission for { uid=10015, packageName=com.google.android.gms }. Returned permission was: PACKAGE_NOT_WHITELISTED for context name=POWER_CONNECTION, account=account#-517948760#
06-13 20:07:09.851 12137 12137 E ctxmgr : [PowerConnectionProducer]Could not write powerInfo=Plug state: 1 BatteryLevel: 0.74, status=Status{statusCode=unknown status code: 7503, resolution=null}
06-13 20:07:09.861 12169 12169 E SamsungIME: onQueryComplete ResourceManagerGetDowndingQueryAsyncHandler
06-13 20:07:09.861 12169 12169 D RMHelper: RMHelper : releaseRMClient()
06-13 20:07:09.881 12311 12443 I System.out: (HTTPLog)-Static: isSBSettingEnabled false
06-13 20:07:09.881 12311 12443 I System.out: (HTTPLog)-Static: isSBSettingEnabled false
06-13 20:07:09.891 3534 3618 V BroadcastQueue: [background] Process cur broadcast BroadcastRecord{74fa97d u0 com.google.android.location.internal.server.ACTION_RESTARTED qIdx=4}, state= (APP_RECEIVE) DELIVERED for app ProcessRecord{d237fdd 12137:com.google.android.gms.persistent/u0a15}
06-13 20:07:09.891 12137 12137 I GCoreUlr: Starting service, intent=Intent { act=com.google.android.location.reporting.ACTION_UPDATE_WORLD cmp=com.google.android.gms/com.google.android.location.reporting.service.DispatchingService (has extras) }, extras=Bundle[{receiverAction=com.google.android.location.internal.server.ACTION_RESTARTED}]
06-13 20:07:09.921 12137 12137 W System.err: remove failed: ENOENT (No such file or directory) : /data/user/0/com.google.android.gms/databases/gcore_ulr_ActivityDetection.db
06-13 20:07:09.921 12137 12137 W System.err: remove failed: ENOENT (No such file or directory) : /data/user/0/com.google.android.gms/databases/gcore_ulr_ActivityDetection.db-journal
06-13 20:07:09.921 12137 12137 W System.err: remove failed: ENOENT (No such file or directory) : /data/user/0/com.google.android.gms/databases/gcore_ulr_ActivityDetection.db-shm
06-13 20:07:09.921 12137 12137 W System.err: remove failed: ENOENT (No such file or directory) : /data/user/0/com.google.android.gms/databases/gcore_ulr_ActivityDetection.db-wal
06-13 20:07:09.921 12137 12137 W System.err: remove failed: ENOENT (No such file or directory) : /data/user/0/com.google.android.gms/databases/gcore_ulr_ApiMetadata.db
06-13 20:07:09.921 12137 12137 W System.err: remove failed: ENOENT (No such file or directory) : /data/user/0/com.google.android.gms/databases/gcore_ulr_ApiMetadata.db-journal
06-13 20:07:09.921 12137 12137 W System.err: remove failed: ENOENT (No such file or directory) : /data/user/0/com.google.android.gms/databases/gcore_ulr_ApiMetadata.db-shm
06-13 20:07:09.921 12137 12137 W System.err: remove failed: ENOENT (No such file or directory) : /data/user/0/com.google.android.gms/databases/gcore_ulr_ApiMetadata.db-wal
06-13 20:07:09.921 12137 12137 W System.err: remove failed: ENOENT (No such file or directory) : /data/user/0/com.google.android.gms/databases/gcore_ulr_UlrLocation.db
06-13 20:07:09.921 12137 12137 W System.err: remove failed: ENOENT (No such file or directory) : /data/user/0/com.google.android.gms/databases/gcore_ulr_UlrLocation.db-journal
06-13 20:07:09.931 12137 12137 W System.err: remove failed: ENOENT (No such file or directory) : /data/user/0/com.google.android.gms/databases/gcore_ulr_UlrLocation.db-shm
06-13 20:07:09.931 12137 12137 W System.err: remove failed: ENOENT (No such file or directory) : /data/user/0/com.google.android.gms/databases/gcore_ulr_UlrLocation.db-wal
06-13 20:07:09.931 12321 12364 D AppStateLogger: Successfully dumped app state to log file
06-13 20:07:09.931 12137 12137 W linker : /data/app/com.google.android.gms-2/lib/arm64/libleveldbjni.so: unused DT entry: type 0x7ffffffd arg 0xbf5
06-13 20:07:09.981 3534 4089 D WifiService: startScan by pid=12137, uid=10015
06-13 20:07:10.001 3534 4090 W CAE : setCAProperty(ContextAwareService.java:578) - [setProperty 01] Mutex is locked for ANY_MOTION_DETECTOR_RUNNER
06-13 20:07:10.011 3534 4090 I CAE : sendCmdToSensorHub(SensorHubCommManager.java:162) - -72, 58, 1, 0,
06-13 20:07:10.011 3534 4090 D SensorHubManager: SendSensorHubData: send data = -72, 58, 1, 0
06-13 20:07:10.011 12058 12058 V VRSVC : (MonoActivity.java:47) handleMessage [handleMessage what=1]
06-13 20:07:10.011 12058 12058 I Timeline: Timeline: Activity_launch_request id:com.oculus.home time:6790668
06-13 20:07:10.021 3127 3185 D Sensorhubs: sendContextData: -72, 58, 1, 0
06-13 20:07:10.021 3534 4090 I CAE : setCAProperty(ContextAwareService.java:583) - result : true
06-13 20:07:10.021 3534 4090 W CAE : setCAProperty(ContextAwareService.java:584) - [setProperty 02] Mutex is unlocked for ANY_MOTION_DETECTOR_RUNNER
06-13 20:07:10.021 3534 4090 D SContextService: requestToUpdate() : service = Any Motion Detector
06-13 20:07:10.021 3534 4090 D SContextManager: .requestToUpdate : listener = com.samsung.android.server.wifi.WifiScanController$2@403deb1, service=Any Motion Detector
06-13 20:07:10.031 3534 4025 I AppOps : sendInfoToFLP, code=12 , uid=10015 , packageName=com.google.android.gms , type=noteOp
06-13 20:07:10.031 3127 3184 D Sensorhubs: readContextData: 1, 1, 58, 1
06-13 20:07:10.031 3534 4087 W ResourcesManager: getTopLevelResources: /data/app/com.oculus.home-2/base.apk / 1.0 running in null rsrc of package com.oculus.home
06-13 20:07:10.031 12137 12383 I GCoreUlr: WorldUpdater received intent Intent { act=com.google.android.location.reporting.ACTION_UPDATE_WORLD cmp=com.google.android.gms/com.google.android.location.reporting.service.DispatchingService (has extras) } with receiverAction com.google.android.location.internal.server.ACTION_RESTARTED
06-13 20:07:10.031 3534 3988 D SensorHubManager: onGetSensorHubDataLocked: library(4) = 1, 1, 58, 1
06-13 20:07:10.031 3534 3987 D CAE : onGetSensorHubData(SensorHubParserProvider.java:92) - onGetSensorHubData Event [event buffer len :4], AP_WAKEUP
06-13 20:07:10.031 3534 3987 I CAE : parse(SensorHubParserProvider.java:188) - buffer size = 4
06-13 20:07:10.031 3534 3987 I CAE : parse(SensorHubParserProvider.java:199) - 1, 1, 58, 1,
06-13 20:07:10.031 3534 3987 D CAE : display(ContextProvider.java:375) - ================= ANY_MOTION_DETECTOR_RUNNER =================
06-13 20:07:10.031 3534 3987 I CAE : display(ContextProvider.java:391) - Action=[1]
06-13 20:07:10.031 3534 4087 D ResourcesManager: For user 0 new overlays fetched Null
06-13 20:07:10.041 3534 3990 D SContextService: updateSContext() : event = Any Motion Detector
06-13 20:07:10.041 3534 4087 D GameManagerService: identifyGamePackage. com.oculus.home
06-13 20:07:10.041 3534 4087 D MultiWindowPolicy: Gamemode - return 0, when calling identifyForegroundApp(com.oculus.home)
06-13 20:07:10.041 3534 4087 D CustomFrequencyManagerService: acquireDVFSLockLocked : type : DVFS_MIN_LIMIT frequency : 1800000 uid : 1000 pid : 3534 pkgName : ACTIVITY_RESUME_BOOSTER@3
06-13 20:07:10.041 3534 4087 D ActivityManager: mDVFSHelper.acquire()
06-13 20:07:10.041 3534 4087 V WindowManager: addAppToken: AppWindowToken{6b26079 token=Token{4d7c940 ActivityRecord{a97ccc3 u0 com.oculus.home/.HomeActivity t856}}} to stack=4 task=856 at 0
06-13 20:07:10.041 3534 3647 D SecWifiDisplayUtil: Metadata value : SecSettings2
06-13 20:07:10.041 3534 3647 D ViewRootImpl: #1 mView = com.android.internal.policy.PhoneWindow$DecorView{6ef8b35 V.E...... R.....ID 0,0-0,0}
06-13 20:07:10.041 3534 3647 D ISSUE_DEBUG: InputChannelName : 764113b Starting com.oculus.home
06-13 20:07:10.041 3534 4087 D InputDispatcher: Focused application set to: xxxx
06-13 20:07:10.041 3534 4087 D InputDispatcher: Focus left window: 12058
06-13 20:07:10.051 12058 12058 V VRSVC : (MonoActivity.java:220) onPause [onPause() destroyed=false finishing=false]
06-13 20:07:10.051 3099 3099 I SurfaceFlinger: id=185 createSurf (1x1),2 flag=404, iome
06-13 20:07:10.061 3534 3647 D KnoxTimeoutHandler: notifyActivityDrawn [MsgParam] userId: 0 fullscreen is true showWhenlocked is true
06-13 20:07:10.061 3534 3534 D KnoxTimeoutHandler: activityDrawn [MsgParam] userId: 0 fullscreen is true showWhenlocked is true
06-13 20:07:10.061 3534 3534 I KnoxTimeoutHandler: SD activityfalse
06-13 20:07:10.071 3534 3647 D KnoxTimeoutHandler: notifyActivityDrawn [MsgParam] userId: 0 fullscreen is true showWhenlocked is true
06-13 20:07:10.071 3534 3534 D KnoxTimeoutHandler: activityDrawn [MsgParam] userId: 0 fullscreen is true showWhenlocked is true
06-13 20:07:10.071 3534 3534 I KnoxTimeoutHandler: SD activityfalse
06-13 20:07:10.071 3534 3647 D PointerIcon: setMouseIconStyle1 pointerType: 1001 iconType:101 flag:0 pid:3534 uid:1000
06-13 20:07:10.071 3534 3647 D PointerIcon: setMouseCustomIcon IconType is same.101
06-13 20:07:10.071 3534 3647 D PointerIcon: setHoveringSpenIconStyle1 pointerType: 10001 iconType:1 flag:0 pid:3534 uid:1000
06-13 20:07:10.071 3534 3647 D PointerIcon: setHoveringSpenCustomIcon IconType is same.1
06-13 20:07:10.071 3534 3647 D ViewRootImpl: MSG_RESIZED_REPORT: ci=Rect(0, 0 - 0, 0) vi=Rect(0, 0 - 0, 0) or=2
06-13 20:07:10.081 12447 12447 E Zygote : v2
06-13 20:07:10.081 12447 12447 I libpersona: KNOX_SDCARD checking this for 10221
06-13 20:07:10.081 12447 12447 I libpersona: KNOX_SDCARD not a persona
06-13 20:07:10.081 12447 12447 I SELinux : Function: selinux_compare_spd_ram, index[1], SPD-policy is existed. and_ver=SEPF_SECMOBILE_6.0.1 ver=11
06-13 20:07:10.081 12447 12447 W SELinux : Function: selinux_compare_spd_ram, index[1], priority [1], priority version is VE=SEPF_SECMOBILE_6.0.1_0011
06-13 20:07:10.081 12447 12447 E Zygote : accessInfo : 0
06-13 20:07:10.081 12447 12447 W SELinux : SELinux: seapp_context_lookup: seinfo=default, level=s0:c512,c768, pkgname=com.oculus.home
06-13 20:07:10.081 3534 4060 I ActivityManager: Start proc 12447:com.oculus.home/u0a221 for activity com.oculus.home/.HomeActivity
06-13 20:07:10.101 12447 12447 D TimaKeyStoreProvider: TimaSignature is unavailable
06-13 20:07:10.101 12447 12447 D ActivityThread: Added TimaKeyStore provider
06-13 20:07:10.111 3534 3647 V WindowStateAnimator: Finishing drawing window Window{764113b u0 d0 Starting com.oculus.home}: mDrawState=DRAW_PENDING
06-13 20:07:10.111 3534 3647 D KnoxTimeoutHandler: notifyActivityDrawn [MsgParam] userId: 0 fullscreen is true showWhenlocked is true
06-13 20:07:10.111 3534 3534 D KnoxTimeoutHandler: activityDrawn [MsgParam] userId: 0 fullscreen is true showWhenlocked is true
06-13 20:07:10.111 3534 3534 I KnoxTimeoutHandler: SD activityfalse
06-13 20:07:10.111 3534 3534 D GameManagerService: NotifyRunnable. pkg: com.oculus.home, type: 4, isMinimized: false, isTunableApp: false
06-13 20:07:10.121 3534 4038 D KnoxTimeoutHandler: notifyActivityDrawn [MsgParam] userId: 0 fullscreen is true showWhenlocked is true
06-13 20:07:10.121 3534 3534 D KnoxTimeoutHandler: activityDrawn [MsgParam] userId: 0 fullscreen is true showWhenlocked is true
06-13 20:07:10.121 3534 3534 I KnoxTimeoutHandler: SD activityfalse
06-13 20:07:10.121 3099 3099 D libEGL : eglInitialize EGLDisplay = 0x7febdd34e8
06-13 20:07:10.121 3534 3647 D KnoxTimeoutHandler: notifyActivityDrawn [MsgParam] userId: 0 fullscreen is true showWhenlocked is true
06-13 20:07:10.121 3534 3618 V MARsPolicyManager: updatePackagesScore PackageInfo name -- com.oculus.home
06-13 20:07:10.121 3534 3534 D KnoxTimeoutHandler: activityDrawn [MsgParam] userId: 0 fullscreen is true showWhenlocked is true
06-13 20:07:10.121 3534 4090 D WifiStateMachine: CMD_START_SCAN : scanLog.mLast - 1465855630000, scanLog.mStartTimeForBigdata - 1465844506082
06-13 20:07:10.121 3534 4090 D WifiStateMachine: CMD_START_SCAN : scanLog.mCountForBigdata - 13
06-13 20:07:10.121 3534 4075 D NetworkPolicy: isUidForegroundLocked: 10221, mScreenOn: true, uidstate: 2, mProxSensorScreenOff: false
06-13 20:07:10.121 3534 3620 D StatusBarManagerService: manageDisableList userId=0 what=0x0 pkg=Window{764113b u0 d0 Starting com.oculus.home}
06-13 20:07:10.131 4247 4247 I wpa_supplicant: wlan0: Setting scan request: 0 sec 0 usec
06-13 20:07:10.131 4247 4247 I wpa_supplicant: P2P: Current p2p state = IDLE
06-13 20:07:10.131 4247 4247 I wpa_supplicant: Scan requested (ret=0) - scan timeout 30 seconds
06-13 20:07:10.131 12169 12169 E SamsungIME: onQueryComplete ResourceManagerGetAvailableQueryAsyncHandler
06-13 20:07:10.131 3534 3534 I KnoxTimeoutHandler: SD activityfalse
06-13 20:07:10.131 12447 12447 W ResourcesManager: getTopLevelResources: /data/app/com.oculus.home-2/base.apk / 1.0 running in com.oculus.home rsrc of package com.oculus.home
06-13 20:07:10.131 3534 3620 D RestrictionPolicy: isStatusBarExpansionAllowedAsUser : true, userId = 0
06-13 20:07:10.131 3099 4720 I SurfaceFlinger: id=184 Removed NonoActivit (10/10)
06-13 20:07:10.131 12169 12169 E SamsungIME: onQueryComplete ResourceManagerGetInstalledQueryAsyncHandler
06-13 20:07:10.131 3099 3179 I SurfaceFlinger: id=184 Removed NonoActivit (-2/10)
06-13 20:07:10.131 12169 12169 W SamsungIME: SamsungIME VO Language Name : es_US Version : 7.1.0.115
06-13 20:07:10.131 12169 12169 W SamsungIME: SamsungIME VO Language Name : en_US Version : 7.1.0.115
06-13 20:07:10.131 12169 12169 W SamsungIME: SamsungIME VO Language Name : ko_KR Version : 7.1.0.115
06-13 20:07:10.131 12169 12169 W SamsungIME: SamsungIME VO Language Name : pt_BR Version : 7.1.0.115
06-13 20:07:10.131 12169 12169 D SamsungIME: available handwriting language = en_US
06-13 20:07:10.131 12169 12169 D SamsungIME: available handwriting language = es_US
06-13 20:07:10.131 12169 12169 D SamsungIME: available handwriting language = pt_BR
06-13 20:07:10.131 12169 12169 D SamsungIME: available handwriting language = ko
06-13 20:07:10.131 3534 4072 I InjectionManagerService -AppFeature: getCoreFeaturePkgList :[]
06-13 20:07:10.131 12447 12447 I InjectionManager: Inside getClassLibPath + mLibMap{0=, 1=}
06-13 20:07:10.141 3534 4038 D KnoxTimeoutHandler: notifyActivityDrawn [MsgParam] userId: 0 fullscreen is true showWhenlocked is true
06-13 20:07:10.141 3534 3534 D KnoxTimeoutHandler: activityDrawn [MsgParam] userId: 0 fullscreen is true showWhenlocked is true
06-13 20:07:10.141 3099 3099 D libEGL : eglTerminate EGLDisplay = 0x7febdd3618
06-13 20:07:10.141 12447 12447 D ResourcesManager: For user 0 new overlays fetched Null
06-13 20:07:10.141 3534 3620 D RestrictionPolicy: isStatusBarExpansionAllowedAsUser : true, userId = 0
06-13 20:07:10.141 3534 3534 I KnoxTimeoutHandler: SD activityfalse
06-13 20:07:10.141 12447 12447 I InjectionManager: Inside getClassLibPath caller
06-13 20:07:10.141 12169 12169 E SamsungIME: onQueryComplete ResourceManagerGetDowndingQueryAsyncHandler
06-13 20:07:10.151 3534 6514 D ConnectivityService: returning getNetworkInfo for network type 1 : [type: WIFI[] - WIFI, state: CONNECTED/CONNECTED, reason: (unspecified), extra: "DigitalKey_Wifi_2", roaming: false, failover: false, isAvailable: true]
06-13 20:07:10.161 12249 12442 D MdnsClient: #acquireLock. Multicast lock not held. Acquiring
06-13 20:07:10.161 3534 4085 E BatteryStatsImpl: Wifi multicast lock enabled by UID = 10015
06-13 20:07:10.161 3534 4031 I AppOps : sendInfoToFLP, code=12 , uid=10015 , packageName=com.google.android.gms , type=noteOp
06-13 20:07:10.161 12137 12383 I GCoreUlr: WorldUpdater:com.google.android.location.internal.server.ACTION_RESTARTED: Ensuring that reporting is stopped because of reasons: {account#8#=[InactiveReason{mVersionCode=0, mIdentifier=6, mName='ReportingNotEnabled'}, InactiveReason{mVersionCode=0, mIdentifier=14, mName='HistoryNotEnabled'}]}
06-13 20:07:10.181 12137 12383 I GCoreUlr: Unbound from all location providers
06-13 20:07:10.191 3534 3554 D WifiService: startScan by pid=12249, uid=10015
06-13 20:07:10.191 3534 4090 W CAE : setCAProperty(ContextAwareService.java:578) - [setProperty 01] Mutex is locked for ANY_MOTION_DETECTOR_RUNNER
06-13 20:07:10.191 3534 4090 I CAE : sendCmdToSensorHub(SensorHubCommManager.java:162) - -72, 58, 1, 0,
06-13 20:07:10.191 3534 4090 D SensorHubManager: SendSensorHubData: send data = -72, 58, 1, 0
06-13 20:07:10.191 3127 18417 D Sensorhubs: sendContextData: -72, 58, 1, 0
06-13 20:07:10.191 3534 4090 I CAE : setCAProperty(ContextAwareService.java:583) - result : true
06-13 20:07:10.191 3534 4090 W CAE : setCAProperty(ContextAwareService.java:584) - [setProperty 02] Mutex is unlocked for ANY_MOTION_DETECTOR_RUNNER
06-13 20:07:10.191 3534 4090 D SContextService: requestToUpdate() : service = Any Motion Detector
06-13 20:07:10.191 3534 4090 D SContextManager: .requestToUpdate : listener = com.samsung.android.server.wifi.WifiScanController$2@403deb1, service=Any Motion Detector
06-13 20:07:10.211 3127 3184 D Sensorhubs: readContextData: 1, 1, 58, 0
06-13 20:07:10.211 3534 3988 D SensorHubManager: onGetSensorHubDataLocked: library(4) = 1, 1, 58, 0
06-13 20:07:10.211 3534 3987 D CAE : onGetSensorHubData(SensorHubParserProvider.java:92) - onGetSensorHubData Event [event buffer len :4], AP_WAKEUP
06-13 20:07:10.211 3534 3987 I CAE : parse(SensorHubParserProvider.java:188) - buffer size = 4
06-13 20:07:10.211 3534 3987 I CAE : parse(SensorHubParserProvider.java:199) - 1, 1, 58, 0,
06-13 20:07:10.211 3534 3987 D CAE : display(ContextProvider.java:375) - ================= ANY_MOTION_DETECTOR_RUNNER =================
06-13 20:07:10.211 3534 3987 I CAE : display(ContextProvider.java:391) - Action=[0]
06-13 20:07:10.211 3534 3990 D SContextService: updateSContext() : event = Any Motion Detector
06-13 20:07:10.251 12447 12447 W StaticBindingVerifier: Verify
06-13 20:07:10.261 3534 3618 V BroadcastQueue: [background] Process cur broadcast BroadcastRecord{c4ad59c u0 null qIdx=4}, state= (APP_RECEIVE) DELIVERED for app ProcessRecord{2b5f1f1 11854:com.facebook.appmanager/u0a112}
06-13 20:07:10.291 3534 4090 D WifiScanController: time diff: 204
06-13 20:07:10.291 3534 4090 D WifiStateMachine: CMD_START_SCAN : scanLog.mLast - 1465855630203, scanLog.mStartTimeForBigdata - 1465844637104
06-13 20:07:10.291 3534 4090 D WifiStateMachine: CMD_START_SCAN : scanLog.mCountForBigdata - 24
06-13 20:07:10.291 12447 12447 W ResourcesManager: getTopLevelResources: /data/app/com.oculus.horizon-2/base.apk / 1.0 running in com.oculus.home rsrc of package com.oculus.horizon
06-13 20:07:10.301 12447 12447 D ResourcesManager: For user 0 new overlays fetched Null
06-13 20:07:10.301 3534 4090 D WifiNative-HAL: Failing getSupportedFeatureset because HAL isn't started
06-13 20:07:10.311 12447 12447 D ACRA : ACRA init; reportURL: https://www.facebook.com/mobile/generic_android_crash_logs/1548792348668883
06-13 20:07:10.311 12447 12447 D ACRA : ACRA is enabled for com.oculus.home, intializing...
06-13 20:07:10.311 3534 3545 I art : Background partial concurrent mark sweep GC freed 28940(1671KB) AllocSpace objects, 3(60KB) LOS objects, 28% free, 40MB/56MB, paused 1.812ms total 131.055ms
06-13 20:07:10.361 12447 12447 W ResourcesManager: getTopLevelResources: /data/app/com.oculus.horizon-2/base.apk / 1.0 running in com.oculus.home rsrc of package com.oculus.horizon
06-13 20:07:10.361 12447 12468 I stetho : Listening on @stetho_com.oculus.home_devtools_remote
06-13 20:07:10.361 12447 12447 D ResourcesManager: For user 0 new overlays fetched Null
06-13 20:07:10.391 3534 3618 V BroadcastQueue: [background] Process cur broadcast BroadcastRecord{cb12307 u0 com.google.android.gms.gcm.ACTION_SCHEDULE qIdx=4}, state= (APP_RECEIVE) DELIVERED for app ProcessRecord{d237fdd 12137:com.google.android.gms.persistent/u0a15}
06-13 20:07:10.401 12137 12137 I GCoreUlr: DispatchingService.onDestroy()
06-13 20:07:10.401 12137 12137 I GCoreUlr: Stopping handler for UlrDispSvcFast
06-13 20:07:10.401 12137 12137 I GCoreUlr: Unbound from all location providers
06-13 20:07:10.421 12447 12473 V DefaultAnalyticsLogger: New event {"name":"moonlight_cold_start","time":"1465855630.407","extra":{"app_locale":"pt_BR","device_locale":"en_US","build_model":"SM-N920G","build_id":"MMB29K","build_brand":"samsung","build_sdk_int":23,"build_fingerprint":"samsung\/noblelteub\/noblelte:6.0.1\/MMB29K\/N920GUBU2BPD2:user\/release-keys","device_time_zone":"America\/Noronha","external_storage":"mounted","email":"marcio@digitalkey.com.br","id":"790537834377045","endpoint_host":"https:\/\/graph.oculus.com","imei":"354472070034882","pk":"0"}}.
06-13 20:07:10.421 12447 12474 W ResourcesManager: getTopLevelResources: /data/app/com.oculus.home-2/base.apk / 1.0 running in com.oculus.home rsrc of package com.oculus.home
06-13 20:07:10.431 12447 12447 D LibraryMemoryCacheManager: Clear memory cache.
06-13 20:07:10.431 12447 12447 D InjectionManager: InjectionManager
06-13 20:07:10.431 12447 12447 D InjectionManager: fillFeatureStoreMap com.oculus.home
06-13 20:07:10.431 12447 12447 I InjectionManager: Constructor com.oculus.home, Feature store :{}
06-13 20:07:10.431 12447 12447 I InjectionManager: featureStore :{}
06-13 20:07:10.441 12447 12474 D SystemActivitiesInstaller: Check versionCode of SystemActivities [installed: 31161642, packaged: 30734141]
06-13 20:07:10.441 12447 12474 D SystemActivitiesInstaller: SystemActivities is up to date.
06-13 20:07:10.441 12447 12447 W ResourcesManager: getTopLevelResources: /data/app/com.oculus.home-2/base.apk / 1.0 running in com.oculus.home rsrc of package com.oculus.home
06-13 20:07:10.441 12447 12447 W ResourcesManager: getTopLevelResources: /data/app/com.oculus.home-2/base.apk / 1.0 running in com.oculus.home rsrc of package com.oculus.home
06-13 20:07:10.461 12447 12478 D LibraryMemoryCacheManager: Set entries called with model size: 19.
06-13 20:07:10.461 12447 12478 D LibraryProductModelUtil: Package name 813714398719210.
06-13 20:07:10.461 12447 12478 D LibraryProductModelUtil: Not installed.
06-13 20:07:10.461 12447 12478 D LibraryProductModelUtil: Creating new list for category: NOT_INSTALLED_CATEGORY_PLACEHOLDER_ID.
06-13 20:07:10.461 12447 12478 D LibraryProductModelUtil: Package name com.ArtFire.CosmosWarfare.
06-13 20:07:10.461 12447 12478 D LibraryProductModelUtil: Creating new list for category: GAMES.
06-13 20:07:10.461 12447 12478 D LibraryProductModelUtil: Package name com.CubicleNinjas.GMVRMobile.
06-13 20:07:10.461 12447 12478 D LibraryProductModelUtil: Creating new list for category: APPS.
06-13 20:07:10.461 12447 12478 D LibraryProductModelUtil: Package name com.VRARLab.SpeechCenter.
06-13 20:07:10.461 12447 12478 D LibraryProductModelUtil: Package name com.ccpgames.gunjack.
06-13 20:07:10.461 12447 12478 D LibraryProductModelUtil: Package name com.climaxstudios.BanditSix.
06-13 20:07:10.461 12447 12478 D LibraryProductModelUtil: Package name com.endspace.
06-13 20:07:10.461 12447 12478 D LibraryProductModelUtil: Package name com.evox.relaycars.
06-13 20:07:10.461 12447 12478 D LibraryProductModelUtil: Package name com.felixandpaul.jurassicworld.apatosaurus.
06-13 20:07:10.461 12447 12478 D LibraryProductModelUtil: Creating new list for category: ENTERTAINMENT.
06-13 20:07:10.461 12447 12478 D LibraryProductModelUtil: Package name com.glu.deerhuntvr.
06-13 20:07:10.461 12447 12478 D LibraryProductModelUtil: Package name com.imangi.templerunvr.
06-13 20:07:10.461 12447 12478 D LibraryProductModelUtil: Package name com.jauntvr.android.player.gearvr.
06-13 20:07:10.461 12447 12478 D LibraryProductModelUtil: Package name com.naquatic.shootingshowdown2.
06-13 20:07:10.461 12447 12478 D LibraryProductModelUtil: Package name com.netflix.ninja.vr.
06-13 20:07:10.461 12447 12478 D LibraryProductModelUtil: Package name com.oculus.cinema.
06-13 20:07:10.461 12447 12478 D LibraryProductModelUtil: Package name com.oculus.oculus360photos.
06-13 20:07:10.461 12447 12478 D LibraryProductModelUtil: Package name com.oculusvr.pwatson.
06-13 20:07:10.461 12447 12478 D LibraryProductModelUtil: Package name com.samsaodev.oobe.
06-13 20:07:10.461 12447 12478 D LibraryProductModelUtil: Package name com.samsaodev.zarkana.
06-13 20:07:10.461 12447 12478 D LibraryProductModelUtil: Moving not installed to the end.
06-13 20:07:10.461 12447 12478 D LibraryMemoryCacheManager: Creating new list, but not added back yet, for category GAMES
06-13 20:07:10.461 12447 12478 D LibraryMemoryCacheManager: Skipping because it is not in memory cache.
06-13 20:07:10.461 12447 12478 D LibraryMemoryCacheManager: Skipping because it is not in memory cache.
06-13 20:07:10.461 12447 12478 D LibraryMemoryCacheManager: Skipping because it is not in memory cache.
06-13 20:07:10.461 12447 12478 D LibraryMemoryCacheManager: Skipping because it is not in memory cache.
