06-13 20:05:22.211 11168 11197 D LibraryProductModelUtil: Package name com.endspace.
06-13 20:05:22.211 11168 11197 D LibraryProductModelUtil: Package name com.evox.relaycars.
06-13 20:05:22.211 11168 11197 D LibraryProductModelUtil: Package name com.felixandpaul.jurassicworld.apatosaurus.
06-13 20:05:22.211 11168 11197 D LibraryProductModelUtil: Creating new list for category: ENTERTAINMENT.
06-13 20:05:22.211 11168 11197 D LibraryProductModelUtil: Package name com.glu.deerhuntvr.
06-13 20:05:22.211 11168 11197 D LibraryProductModelUtil: Package name com.imangi.templerunvr.
06-13 20:05:22.211 11168 11197 D LibraryProductModelUtil: Package name com.jauntvr.android.player.gearvr.
06-13 20:05:22.211 11168 11197 D LibraryProductModelUtil: Package name com.naquatic.shootingshowdown2.
06-13 20:05:22.211 11168 11197 D LibraryProductModelUtil: Package name com.netflix.ninja.vr.
06-13 20:05:22.211 11168 11197 D LibraryProductModelUtil: Package name com.oculus.cinema.
06-13 20:05:22.211 11168 11197 D LibraryProductModelUtil: Package name com.oculus.oculus360photos.
06-13 20:05:22.211 11168 11197 D LibraryProductModelUtil: Package name com.oculusvr.pwatson.
06-13 20:05:22.211 11168 11197 D LibraryProductModelUtil: Package name com.samsaodev.oobe.
06-13 20:05:22.211 11168 11197 D LibraryProductModelUtil: Package name com.samsaodev.zarkana.
06-13 20:05:22.211 11168 11197 D LibraryProductModelUtil: Moving not installed to the end.
06-13 20:05:22.211 11168 11197 D LibraryMemoryCacheManager: Creating new list, but not added back yet, for category GAMES
06-13 20:05:22.211 11168 11197 D LibraryMemoryCacheManager: Skipping because it is not in memory cache.
06-13 20:05:22.211 11168 11197 D LibraryMemoryCacheManager: Skipping because it is not in memory cache.
06-13 20:05:22.211 11168 11197 D LibraryMemoryCacheManager: Skipping because it is not in memory cache.
06-13 20:05:22.211 11168 11197 D LibraryMemoryCacheManager: Skipping because it is not in memory cache.
06-13 20:05:22.211 11168 11197 D LibraryMemoryCacheManager: Skipping because it is not in memory cache.
06-13 20:05:22.211 11168 11197 D LibraryMemoryCacheManager: Skipping because it is not in memory cache.
06-13 20:05:22.211 11168 11197 D LibraryMemoryCacheManager: Skipping because it is not in memory cache.
06-13 20:05:22.211 11168 11197 D LibraryMemoryCacheManager: Setting the new list with size 7 back to category GAMES
06-13 20:05:22.211 11168 11197 D LibraryMemoryCacheManager: Adding category to categoryId list
06-13 20:05:22.211 11168 11197 D LibraryMemoryCacheManager: Creating new list, but not added back yet, for category APPS
06-13 20:05:22.211 11168 11197 D LibraryMemoryCacheManager: Skipping because it is not in memory cache.
06-13 20:05:22.211 11168 11197 D LibraryMemoryCacheManager: Skipping because it is not in memory cache.
06-13 20:05:22.211 11168 11197 D LibraryMemoryCacheManager: Skipping because it is not in memory cache.
06-13 20:05:22.211 11168 11197 D LibraryMemoryCacheManager: Skipping because it is not in memory cache.
06-13 20:05:22.211 11168 11197 D LibraryMemoryCacheManager: Skipping because it is not in memory cache.
06-13 20:05:22.211 11168 11197 D LibraryMemoryCacheManager: Skipping because it is not in memory cache.
06-13 20:05:22.211 11168 11197 D LibraryMemoryCacheManager: Skipping because it is not in memory cache.
06-13 20:05:22.211 11168 11197 D LibraryMemoryCacheManager: Setting the new list with size 7 back to category APPS
06-13 20:05:22.211 11168 11197 D LibraryMemoryCacheManager: Adding category to categoryId list
06-13 20:05:22.211 11168 11197 D LibraryMemoryCacheManager: Creating new list, but not added back yet, for category ENTERTAINMENT
06-13 20:05:22.211 11168 11197 D LibraryMemoryCacheManager: Skipping because it is not in memory cache.
06-13 20:05:22.211 11168 11197 D LibraryMemoryCacheManager: Skipping because it is not in memory cache.
06-13 20:05:22.211 11168 11197 D LibraryMemoryCacheManager: Skipping because it is not in memory cache.
06-13 20:05:22.211 11168 11197 D LibraryMemoryCacheManager: Skipping because it is not in memory cache.
06-13 20:05:22.211 11168 11197 D LibraryMemoryCacheManager: Setting the new list with size 4 back to category ENTERTAINMENT
06-13 20:05:22.211 11168 11197 D LibraryMemoryCacheManager: Adding category to categoryId list
06-13 20:05:22.211 11168 11197 D LibraryMemoryCacheManager: Creating new list, but not added back yet, for category NOT_INSTALLED_CATEGORY_PLACEHOLDER_ID
06-13 20:05:22.211 11168 11197 D LibraryMemoryCacheManager: Skipping because it is not in memory cache.
06-13 20:05:22.211 11168 11197 D LibraryMemoryCacheManager: Setting the new list with size 1 back to category NOT_INSTALLED_CATEGORY_PLACEHOLDER_ID
06-13 20:05:22.211 11168 11197 D LibraryMemoryCacheManager: Adding category to categoryId list
06-13 20:05:22.211 11168 11197 D LibraryMemoryCacheManager: on MemCache Change, packageName: com.ArtFire.CosmosWarfare, rating: 0, status: INSTALLED
06-13 20:05:22.211 11168 11197 D LibraryMemoryCacheManager: on MemCache Change, packageName: com.ccpgames.gunjack, rating: 0, status: INSTALLED
06-13 20:05:22.211 11168 11197 D LibraryMemoryCacheManager: on MemCache Change, packageName: com.climaxstudios.BanditSix, rating: 0, status: INSTALLED
06-13 20:05:22.211 11168 11197 D LibraryMemoryCacheManager: on MemCache Change, packageName: com.endspace, rating: 0, status: INSTALLED
06-13 20:05:22.211 11168 11197 D LibraryMemoryCacheManager: on MemCache Change, packageName: com.glu.deerhuntvr, rating: 0, status: INSTALLED
06-13 20:05:22.211 11168 11197 D LibraryMemoryCacheManager: on MemCache Change, packageName: com.imangi.templerunvr, rating: 0, status: INSTALLED
06-13 20:05:22.211 11168 11197 D LibraryMemoryCacheManager: on MemCache Change, packageName: com.naquatic.shootingshowdown2, rating: 0, status: INSTALLED
06-13 20:05:22.211 11168 11197 D LibraryMemoryCacheManager: on MemCache Change, packageName: com.CubicleNinjas.GMVRMobile, rating: 0, status: INSTALLED
06-13 20:05:22.211 11168 11197 D LibraryMemoryCacheManager: on MemCache Change, packageName: com.VRARLab.SpeechCenter, rating: 0, status: INSTALLED
06-13 20:05:22.211 11168 11197 D LibraryMemoryCacheManager: on MemCache Change, packageName: com.evox.relaycars, rating: 0, status: INSTALLED
06-13 20:05:22.211 11168 11197 D LibraryMemoryCacheManager: on MemCache Change, packageName: com.jauntvr.android.player.gearvr, rating: 0, status: INSTALLED
06-13 20:05:22.211 11168 11197 D LibraryMemoryCacheManager: on MemCache Change, packageName: com.netflix.ninja.vr, rating: 0, status: INSTALLED
06-13 20:05:22.211 11168 11197 D LibraryMemoryCacheManager: on MemCache Change, packageName: com.oculus.cinema, rating: 0, status: INSTALLED
06-13 20:05:22.211 11168 11197 D LibraryMemoryCacheManager: on MemCache Change, packageName: com.oculus.oculus360photos, rating: 0, status: INSTALLED
06-13 20:05:22.211 11168 11197 D LibraryMemoryCacheManager: on MemCache Change, packageName: com.felixandpaul.jurassicworld.apatosaurus, rating: 0, status: INSTALLED
06-13 20:05:22.211 11168 11197 D LibraryMemoryCacheManager: on MemCache Change, packageName: com.oculusvr.pwatson, rating: 0, status: INSTALLED
06-13 20:05:22.211 11168 11197 D LibraryMemoryCacheManager: on MemCache Change, packageName: com.samsaodev.oobe, rating: 0, status: INSTALLED
06-13 20:05:22.211 11168 11197 D LibraryMemoryCacheManager: on MemCache Change, packageName: com.samsaodev.zarkana, rating: 0, status: INSTALLED
06-13 20:05:22.211 11168 11197 D LibraryMemoryCacheManager: on MemCache Change, packageName: 813714398719210, rating: 0, status: NOT_DOWNLOADED
06-13 20:05:22.241 10218 10312 I OVR : DeviceManagerThread - event 47 (500Hz) (Tid=10312)
06-13 20:05:22.351 11198 11198 D TimaKeyStoreProvider: TimaSignature is unavailable
06-13 20:05:22.351 11198 11198 D ActivityThread: Added TimaKeyStore provider
06-13 20:05:22.401 10218 10350 I VrApi : FPS=59,Prd=50ms,Tear=0,Early=59,Stale=0,VSnc=1,Lat=1,CPU4/GPU=2/2,900/420MHz,OC=FF,TA=F0/F0/F0/F0,SP=F/F/F/F,Mem=1264MHz,Free=193MB,PSM=0,PLS=0,Temp=29.5C/27.0C
06-13 20:05:22.401 3534 4075 D NetworkPolicy: isUidForegroundLocked: 10045, mScreenOn: true, uidstate: 16, mProxSensorScreenOff: false
06-13 20:05:22.451 11198 11198 W ResourcesManager: getTopLevelResources: /system/priv-app/SecDownloadProvider/SecDownloadProvider.apk / 1.0 running in com.android.providers.downloads rsrc of package com.android.providers.downloads
06-13 20:05:22.471 3534 4089 I InjectionManagerService -AppFeature: getCoreFeaturePkgList :[]
06-13 20:05:22.471 11198 11198 I InjectionManager: Inside getClassLibPath + mLibMap{0=, 1=}
06-13 20:05:22.481 11198 11198 D ResourcesManager: For user 0 new overlays fetched Null
06-13 20:05:22.491 11198 11198 I InjectionManager: Inside getClassLibPath caller
06-13 20:05:22.521 11168 11193 D SystemActivitiesInstaller: Check versionCode of SystemActivities [installed: 31161642, packaged: 30734141]
06-13 20:05:22.521 11168 11193 D SystemActivitiesInstaller: SystemActivities is up to date.
06-13 20:05:22.531 11168 11168 D WakeupReceiver: Forcing wakeup for logging upload
06-13 20:05:22.551 11210 11210 E Zygote : v2
06-13 20:05:22.551 11210 11210 I libpersona: KNOX_SDCARD checking this for 10112
06-13 20:05:22.551 11210 11210 I libpersona: KNOX_SDCARD not a persona
06-13 20:05:22.551 3534 3554 I ActivityManager: Start proc 11210:com.facebook.appmanager/u0a112 for broadcast-3 com.facebook.appmanager/com.facebook.oxygen.appmanager.scheduler.BootstrapReceiver
06-13 20:05:22.551 11210 11210 I SELinux : Function: selinux_compare_spd_ram, index[1], SPD-policy is existed. and_ver=SEPF_SECMOBILE_6.0.1 ver=11
06-13 20:05:22.571 11210 11210 W SELinux : Function: selinux_compare_spd_ram, index[1], priority [1], priority version is VE=SEPF_SECMOBILE_6.0.1_0011
06-13 20:05:22.571 11210 11210 E Zygote : accessInfo : 0
06-13 20:05:22.571 11210 11210 W SELinux : SELinux: seapp_context_lookup: seinfo=default, level=s0:c512,c768, pkgname=com.facebook.appmanager
06-13 20:05:22.581 11198 11198 W System : ClassLoader referenced unknown path: /system/priv-app/SecDownloadProvider/lib/arm64
06-13 20:05:22.591 3534 4101 I ActivityManager: Process com.oculus.home (pid 11168)(adj 11) has died(76,119)
06-13 20:05:22.591 3534 4101 D ActivityManager: isAutoRunBlockedApp:: com.oculus.home, Auto Run ON
06-13 20:05:22.591 11198 11198 W ResourcesManager: getTopLevelResources: /system/priv-app/SecMediaProvider/SecMediaProvider.apk / 1.0 running in com.android.providers.downloads rsrc of package com.android.providers.media
06-13 20:05:22.601 11198 11198 D ResourcesManager: For user 0 new overlays fetched Null
06-13 20:05:22.601 11198 11198 I InjectionManager: Inside getClassLibPath caller
06-13 20:05:22.631 3534 4101 W ContextImpl: Calling a method in the system process without a qualified user: android.app.ContextImpl.sendBroadcast:830 com.android.server.am.ActivityManagerService.updateOomAdjLocked:26625 com.android.server.am.ActivityManagerService.appDiedLocked:7549 com.android.server.am.ActivityManagerService$AppDeathRecipient.binderDied:1910 android.os.BinderProxy.sendDeathNotice:558
06-13 20:05:22.651 3534 4085 I ActivityManager: Process android.process.media (pid 11198)(adj 9) has died(71,125)
06-13 20:05:22.651 3534 4085 D ActivityManager: isAutoRunBlockedApp:: com.android.providers.downloads, Auto Run ON
06-13 20:05:22.651 3534 4093 I Process : Sending signal. PID: 3534 SIG: 3
06-13 20:05:22.651 3534 4093 I Process : Sending signal. PID: 11168 SIG: 3
06-13 20:05:22.651 3534 4093 W ActivityManager: Unable to launch app com.android.providers.downloads/10045 for provider downloads: launching app became null
06-13 20:05:22.651 3534 3540 I art : Thread[2,tid=3540,WaitingInMainSignalCatcherLoop,Thread*=0x7f8fd8ea00,peer=0x12c010a0,"Signal Catcher"]: reacting to signal 3
06-13 20:05:22.681 3534 4085 W ContextImpl: Calling a method in the system process without a qualified user: android.app.ContextImpl.sendBroadcast:830 com.android.server.am.ActivityManagerService.updateOomAdjLocked:26625 com.android.server.am.ActivityManagerService.appDiedLocked:7549 com.android.server.am.ActivityManagerService$AppDeathRecipient.binderDied:1910 android.os.BinderProxy.sendDeathNotice:558
06-13 20:05:22.701 3534 3618 V MARsPolicyManager: executePolicy policy spcmpolicy(1) reason Adj 14 BG Killed
06-13 20:05:22.701 3534 3618 V MARsPolicyManager: CurrentImportantPackage com.estrongs.android.pop -in latest protected packageslist for SPCM!
06-13 20:05:22.701 3534 3618 V MARsPolicyManager: CurrentImportantPackage com.digitalkey.setin -in latest protected packageslist for SPCM!
06-13 20:05:22.741 11210 11210 D TimaKeyStoreProvider: TimaSignature is unavailable
06-13 20:05:22.741 11210 11210 D ActivityThread: Added TimaKeyStore provider
06-13 20:05:22.771 3534 4065 V BroadcastQueue: [background] Process cur broadcast BroadcastRecord{6c045e8 u0 null qIdx=4}, state= (APP_RECEIVE) DELIVERED for app ProcessRecord{e9aa401 11210:com.facebook.appmanager/u0a112}
06-13 20:05:22.811 11210 11210 W ResourcesManager: getTopLevelResources: /data/app/com.facebook.appmanager-2/base.apk / 1.0 running in com.facebook.appmanager rsrc of package com.facebook.appmanager
06-13 20:05:22.821 3534 4072 I InjectionManagerService -AppFeature: getCoreFeaturePkgList :[]
06-13 20:05:22.821 11210 11210 I InjectionManager: Inside getClassLibPath + mLibMap{0=, 1=}
06-13 20:05:22.841 11210 11210 D ResourcesManager: For user 0 new overlays fetched Null
06-13 20:05:22.841 11210 11210 I InjectionManager: Inside getClassLibPath caller
06-13 20:05:22.931 11210 11210 D ACRA : ACRA init; reportURL: https://www.facebook.com/mobile/generic_android_crash_logs/659091980805095
06-13 20:05:22.941 11210 11210 D ACRA : ACRA is enabled for com.facebook.appmanager, intializing...
06-13 20:05:23.021 11210 11210 V fb-UnpackingSoSource: locked dso store /data/user/0/com.facebook.appmanager/lib-main
06-13 20:05:23.031 11210 11210 I fb-UnpackingSoSource: dso store is up-to-date: /data/user/0/com.facebook.appmanager/lib-main
06-13 20:05:23.031 11210 11210 V fb-UnpackingSoSource: releasing dso store lock for /data/user/0/com.facebook.appmanager/lib-main
06-13 20:05:23.051 10218 10346 W TimeWarp: VSync 395314: Eye=0,late=0.0ms,over=0.1ms,CPU=0.4ms,GPU=8.2ms,Tot=8.7ms
06-13 20:05:23.241 10218 10312 I OVR : DeviceManagerThread - event 47 (500Hz) (Tid=10312)
06-13 20:05:23.461 3127 3184 D Sensorhubs: readContextData: 1, 1, 26, 1, 4, -67, 111, 87, 1, 2
06-13 20:05:24.151 3534 3988 D SensorHubManager: onGetSensorHubDataLocked: library(10) = 1, 1, 26, 1, 4, -67, 111, 87, 1, 2
06-13 20:05:24.151 10218 10312 I OVR : DeviceManagerThread - poll(fds,2,3) = 0 (Tid=10312)
06-13 20:05:24.171 10218 10350 I VrApi : FPS=60,Prd=50ms,Tear=2,Early=59,Stale=0,VSnc=1,Lat=1,CPU4/GPU=2/2,1000/420MHz,OC=FF,TA=F0/F0/F0/F0,SP=F/F/F/F,Mem=1264MHz,Free=188MB,PSM=0,PLS=0,Temp=29.5C/27.0C
06-13 20:05:24.191 3534 3987 D CAE : onGetSensorHubData(SensorHubParserProvider.java:92) - onGetSensorHubData Event [event buffer len :10], AP_WAKEUP
06-13 20:05:24.201 3534 3987 I CAE : parse(SensorHubParserProvider.java:188) - buffer size = 10
06-13 20:05:24.201 3534 3987 I CAE : parse(SensorHubParserProvider.java:199) - 1, 1, 26, 1, 4, -67, 111, 87, 1, 2,
06-13 20:05:24.211 3534 3987 D CAE : display(ContextProvider.java:375) - ================= ACTIVITY_TRACKER =================
06-13 20:05:24.211 3534 3987 I CAE : display(ContextProvider.java:391) - Accuracy=[2], OperationMode=[0], ActivityType=[1], TimeStamp=[1465855523671]
06-13 20:05:24.231 3534 3990 D SContextService: updateSContext() : event = Activity Tracker
06-13 20:05:24.241 3534 3534 D WifiService: mActivityTrackerListener: onSContextChanged(): 25
06-13 20:05:24.241 3534 3534 D WifiService: ACTIVITY_STATUS_STATIONARY
06-13 20:05:24.241 3534 6514 D SSRM:n : SIOP:: AP = 480, PST = 447 (W:18), CP = 297, CUR = 992, LCD = 18
06-13 20:05:24.241 10218 10312 I OVR : DeviceManagerThread - event 47 (498Hz) (Tid=10312)
06-13 20:05:24.261 3534 3540 I art : Wrote stack traces to '/data/anr/traces.txt'
06-13 20:05:24.381 10218 10350 I VrApi : FPS=59,Prd=50ms,Tear=1,Early=58,Stale=1,VSnc=1,Lat=1,CPU4/GPU=2/2,800/420MHz,OC=FF,TA=F0/F0/F0/F0,SP=F/F/F/F,Mem=1264MHz,Free=190MB,PSM=0,PLS=0,Temp=29.5C/27.0C
06-13 20:05:24.451 11210 11210 W com.facebook.appmanager:cn: Verify
06-13 20:05:24.501 11210 11210 D InjectionManager: InjectionManager
06-13 20:05:24.501 11210 11210 D InjectionManager: fillFeatureStoreMap com.facebook.appmanager
06-13 20:05:24.511 11210 11210 I InjectionManager: Constructor com.facebook.appmanager, Feature store :{}
06-13 20:05:24.511 11210 11210 I InjectionManager: featureStore :{}
06-13 20:05:24.521 10218 10346 W TimeWarp: VSync 395402: Eye=0,late=0.0ms,over=0.1ms,CPU=0.4ms,GPU=8.8ms,Tot=9.3ms
06-13 20:05:24.601 3534 4072 I ActivityManager: Process com.facebook.appmanager (pid 11210)(adj 9) has died(75,116)
06-13 20:05:24.601 3534 4072 D ActivityManager: isAutoRunBlockedApp:: com.facebook.appmanager, Auto Run ON
06-13 20:05:24.631 3534 4072 W ContextImpl: Calling a method in the system process without a qualified user: android.app.ContextImpl.sendBroadcast:830 com.android.server.am.ActivityManagerService.updateOomAdjLocked:26625 com.android.server.am.ActivityManagerService.appDiedLocked:7549 com.android.server.am.ActivityManagerService$AppDeathRecipient.binderDied:1910 android.os.BinderProxy.sendDeathNotice:558
06-13 20:05:24.721 10218 10346 W TimeWarp: VSync 395414: Eye=0,late=0.0ms,over=0.0ms,CPU=0.4ms,GPU=10.6ms,Tot=11.0ms
06-13 20:05:25.241 10218 10312 I OVR : DeviceManagerThread - event 47 (500Hz) (Tid=10312)
06-13 20:05:25.381 10218 10350 I VrApi : FPS=60,Prd=51ms,Tear=0,Early=60,Stale=0,VSnc=1,Lat=1,CPU4/GPU=2/2,800/420MHz,OC=FF,TA=F0/F0/F0/F0,SP=F/F/F/F,Mem=1264MHz,Free=190MB,PSM=0,PLS=0,Temp=29.5C/27.0C
06-13 20:05:26.241 10218 10312 I OVR : DeviceManagerThread - event 47 (500Hz) (Tid=10312)
06-13 20:05:26.381 10218 10350 I VrApi : FPS=60,Prd=51ms,Tear=2,Early=59,Stale=0,VSnc=1,Lat=1,CPU4/GPU=2/2,800/420MHz,OC=FF,TA=F0/F0/F0/F0,SP=F/F/F/F,Mem=1026MHz,Free=189MB,PSM=0,PLS=0,Temp=29.5C/27.0C
06-13 20:05:26.831 10218 10346 W TimeWarp: VSync 395540: Eye=0,late=0.0ms,over=0.0ms,CPU=0.4ms,GPU=8.0ms,Tot=8.5ms
06-13 20:05:27.241 10218 10312 I OVR : DeviceManagerThread - event 47 (500Hz) (Tid=10312)
06-13 20:05:27.381 10218 10350 I VrApi : FPS=60,Prd=51ms,Tear=0,Early=60,Stale=0,VSnc=1,Lat=1,CPU4/GPU=2/2,800/420MHz,OC=FF,TA=F0/F0/F0/F0,SP=F/F/F/F,Mem=1026MHz,Free=188MB,PSM=0,PLS=0,Temp=29.5C/27.0C
06-13 20:05:28.241 10218 10312 I OVR : DeviceManagerThread - event 47 (500Hz) (Tid=10312)
06-13 20:05:28.261 10218 10218 I Vsync : Choreographer doFrame callback delayed by 3.9 milliseconds
06-13 20:05:28.381 10218 10350 I VrApi : FPS=60,Prd=51ms,Tear=1,Early=60,Stale=0,VSnc=1,Lat=1,CPU4/GPU=2/2,800/420MHz,OC=FF,TA=F0/F0/F0/F0,SP=F/F/F/F,Mem=1026MHz,Free=186MB,PSM=0,PLS=0,Temp=29.5C/27.0C
06-13 20:05:28.781 10218 10218 I Vsync : Vsync 395657: Choreographer: 1 x 15.20 ms (59.90 Hz, at 6689.432)
06-13 20:05:28.801 10218 10218 I Vsync : Vsync 395658: Choreographer: 1 x 18.14 ms (59.90 Hz, at 6689.451)
06-13 20:05:29.241 10218 10312 I OVR : DeviceManagerThread - event 47 (500Hz) (Tid=10312)
06-13 20:05:29.381 10218 10350 I VrApi : FPS=60,Prd=51ms,Tear=0,Early=60,Stale=0,VSnc=1,Lat=1,CPU4/GPU=2/2,800/420MHz,OC=FF,TA=F0/F0/F0/F0,SP=F/F/F/F,Mem=1026MHz,Free=184MB,PSM=0,PLS=0,Temp=29.5C/27.0C
06-13 20:05:29.411 10218 10346 W TimeWarp: VSync 395695: Eye=0,late=0.0ms,over=0.0ms,CPU=0.4ms,GPU=8.6ms,Tot=9.0ms
06-13 20:05:30.031 3534 3545 I art : Background partial concurrent mark sweep GC freed 20946(1640KB) AllocSpace objects, 12(240KB) LOS objects, 28% free, 40MB/56MB, paused 3.083ms total 364.725ms
06-13 20:05:30.251 10218 10312 I OVR : DeviceManagerThread - event 47 (498Hz) (Tid=10312)
06-13 20:05:30.381 10218 10350 I VrApi : FPS=60,Prd=51ms,Tear=0,Early=60,Stale=0,VSnc=1,Lat=1,CPU4/GPU=2/2,800/420MHz,OC=FF,TA=F0/F0/F0/F0,SP=F/F/F/F,Mem=1264MHz,Free=184MB,PSM=0,PLS=0,Temp=29.5C/27.0C
06-13 20:05:30.611 11224 11224 E Zygote : v2
06-13 20:05:30.611 11224 11224 I libpersona: KNOX_SDCARD checking this for 1000
06-13 20:05:30.611 11224 11224 I libpersona: KNOX_SDCARD not a persona
06-13 20:05:30.611 3534 3618 I ActivityManager: Start proc 11224:com.trustonic.tuiservice/1000 for service com.trustonic.tuiservice/.TuiService
06-13 20:05:30.611 11224 11224 I SELinux : Function: selinux_compare_spd_ram, index[1], SPD-policy is existed. and_ver=SEPF_SECMOBILE_6.0.1 ver=11
06-13 20:05:30.611 11224 11224 W SELinux : Function: selinux_compare_spd_ram, index[1], priority [1], priority version is VE=SEPF_SECMOBILE_6.0.1_0011
06-13 20:05:30.621 11224 11224 E Zygote : accessInfo : 0
06-13 20:05:30.651 3534 4093 I ActivityManager: Process com.sec.android.inputmethod (pid 30571)(adj 2) has died(79,110)
06-13 20:05:30.651 3534 4093 D ActivityManager: isAutoRunBlockedApp:: com.sec.android.inputmethod, Auto Run ON
06-13 20:05:30.651 3534 4093 W ActivityManager: Scheduling restart of crashed service com.sec.android.inputmethod/.SamsungKeypad in 129918ms
06-13 20:05:30.741 3534 3534 W InputMethodManagerService: Session failed to close due to remote exception
06-13 20:05:30.741 3534 3534 W InputMethodManagerService: android.os.DeadObjectException
06-13 20:05:30.741 3534 3534 W InputMethodManagerService: at android.os.BinderProxy.transactNative(Native Method)
06-13 20:05:30.741 3534 3534 W InputMethodManagerService: at android.os.BinderProxy.transact(Binder.java:503)
06-13 20:05:30.741 3534 3534 W InputMethodManagerService: at com.android.internal.view.IInputMethodSession$Stub$Proxy.finishSession(IInputMethodSession.java:327)
06-13 20:05:30.741 3534 3534 W InputMethodManagerService: at com.android.server.InputMethodManagerService.finishSessionLocked(InputMethodManagerService.java:2468)
06-13 20:05:30.741 3534 3534 W InputMethodManagerService: at com.android.server.InputMethodManagerService.clearClientSessionLocked(InputMethodManagerService.java:2459)
06-13 20:05:30.741 3534 3534 W InputMethodManagerService: at com.android.server.InputMethodManagerService.clearCurMethodLocked(InputMethodManagerService.java:2485)
06-13 20:05:30.741 3534 3534 W InputMethodManagerService: at com.android.server.InputMethodManagerService.onServiceDisconnected(InputMethodManagerService.java:2504)
06-13 20:05:30.741 3534 3534 W InputMethodManagerService: at android.app.LoadedApk$ServiceDispatcher.doDeath(LoadedApk.java:1340)
06-13 20:05:30.741 3534 3534 W InputMethodManagerService: at android.app.LoadedApk$ServiceDispatcher$RunConnection.run(LoadedApk.java:1354)
06-13 20:05:30.741 3534 3534 W InputMethodManagerService: at android.os.Handler.handleCallback(Handler.java:739)
06-13 20:05:30.741 3534 3534 W InputMethodManagerService: at android.os.Handler.dispatchMessage(Handler.java:95)
06-13 20:05:30.741 3534 3534 W InputMethodManagerService: at android.os.Looper.loop(Looper.java:158)
06-13 20:05:30.741 3534 3534 W InputMethodManagerService: at com.android.server.SystemServer.run(SystemServer.java:508)
06-13 20:05:30.741 3534 3534 W InputMethodManagerService: at com.android.server.SystemServer.main(SystemServer.java:363)
06-13 20:05:30.741 3534 3534 W InputMethodManagerService: at java.lang.reflect.Method.invoke(Native Method)
06-13 20:05:30.741 3534 3534 W InputMethodManagerService: at com.android.internal.os.ZygoteInit$MethodAndArgsCaller.run(ZygoteInit.java:1230)
06-13 20:05:30.741 3534 3534 W InputMethodManagerService: at com.android.internal.os.ZygoteInit.main(ZygoteInit.java:1120)
06-13 20:05:30.771 3534 3534 W InputMethodManagerService: Session failed to close due to remote exception
06-13 20:05:30.771 3534 3534 W InputMethodManagerService: android.os.DeadObjectException
06-13 20:05:30.771 3534 3534 W InputMethodManagerService: at android.os.BinderProxy.transactNative(Native Method)
06-13 20:05:30.771 3534 3534 W InputMethodManagerService: at android.os.BinderProxy.transact(Binder.java:503)
06-13 20:05:30.771 3534 3534 W InputMethodManagerService: at com.android.internal.view.IInputMethodSession$Stub$Proxy.finishSession(IInputMethodSession.java:327)
06-13 20:05:30.771 3534 3534 W InputMethodManagerService: at com.android.server.InputMethodManagerService.finishSessionLocked(InputMethodManagerService.java:2468)
06-13 20:05:30.771 3534 3534 W InputMethodManagerService: at com.android.server.InputMethodManagerService.clearClientSessionLocked(InputMethodManagerService.java:2459)
06-13 20:05:30.771 3534 3534 W InputMethodManagerService: at com.android.server.InputMethodManagerService.clearCurMethodLocked(InputMethodManagerService.java:2485)
06-13 20:05:30.771 3534 3534 W InputMethodManagerService: at com.android.server.InputMethodManagerService.onServiceDisconnected(InputMethodManagerService.java:2504)
06-13 20:05:30.771 3534 3534 W InputMethodManagerService: at android.app.LoadedApk$ServiceDispatcher.doDeath(LoadedApk.java:1340)
06-13 20:05:30.771 3534 3534 W InputMethodManagerService: at android.app.LoadedApk$ServiceDispatcher$RunConnection.run(LoadedApk.java:1354)
06-13 20:05:30.771 3534 3534 W InputMethodManagerService: at android.os.Handler.handleCallback(Handler.java:739)
06-13 20:05:30.771 3534 3534 W InputMethodManagerService: at android.os.Handler.dispatchMessage(Handler.java:95)
06-13 20:05:30.771 3534 3534 W InputMethodManagerService: at android.os.Looper.loop(Looper.java:158)
06-13 20:05:30.771 3534 3534 W InputMethodManagerService: at com.android.server.SystemServer.run(SystemServer.java:508)
06-13 20:05:30.771 3534 3534 W InputMethodManagerService: at com.android.server.SystemServer.main(SystemServer.java:363)
06-13 20:05:30.771 3534 3534 W InputMethodManagerService: at java.lang.reflect.Method.invoke(Native Method)
06-13 20:05:30.771 3534 3534 W InputMethodManagerService: at com.android.internal.os.ZygoteInit$MethodAndArgsCaller.run(ZygoteInit.java:1230)
06-13 20:05:30.771 3534 3534 W InputMethodManagerService: at com.android.internal.os.ZygoteInit.main(ZygoteInit.java:1120)
06-13 20:05:30.771 3534 3534 W InputMethodManagerService: Session failed to close due to remote exception
06-13 20:05:30.771 3534 3534 W InputMethodManagerService: android.os.DeadObjectException
06-13 20:05:30.771 3534 3534 W InputMethodManagerService: at android.os.BinderProxy.transactNative(Native Method)
06-13 20:05:30.771 3534 3534 W InputMethodManagerService: at android.os.BinderProxy.transact(Binder.java:503)
06-13 20:05:30.771 3534 3534 W InputMethodManagerService: at com.android.internal.view.IInputMethodSession$Stub$Proxy.finishSession(IInputMethodSession.java:327)
06-13 20:05:30.771 3534 3534 W InputMethodManagerService: at com.android.server.InputMethodManagerService.finishSessionLocked(InputMethodManagerService.java:2468)
06-13 20:05:30.771 3534 3534 W InputMethodManagerService: at com.android.server.InputMethodManagerService.clearClientSessionLocked(InputMethodManagerService.java:2459)
06-13 20:05:30.771 3534 3534 W InputMethodManagerService: at com.android.server.InputMethodManagerService.clearCurMethodLocked(InputMethodManagerService.java:2485)
06-13 20:05:30.771 3534 3534 W InputMethodManagerService: at com.android.server.InputMethodManagerService.onServiceDisconnected(InputMethodManagerService.java:2504)
06-13 20:05:30.771 3534 3534 W InputMethodManagerService: at android.app.LoadedApk$ServiceDispatcher.doDeath(LoadedApk.java:1340)
06-13 20:05:30.771 3534 3534 W InputMethodManagerService: at android.app.LoadedApk$ServiceDispatcher$RunConnection.run(LoadedApk.java:1354)
06-13 20:05:30.771 3534 3534 W InputMethodManagerService: at android.os.Handler.handleCallback(Handler.java:739)
06-13 20:05:30.771 3534 3534 W InputMethodManagerService: at android.os.Handler.dispatchMessage(Handler.java:95)
06-13 20:05:30.771 3534 3534 W InputMethodManagerService: at android.os.Looper.loop(Looper.java:158)
06-13 20:05:30.771 3534 3534 W InputMethodManagerService: at com.android.server.SystemServer.run(SystemServer.java:508)
06-13 20:05:30.771 3534 3534 W InputMethodManagerService: at com.android.server.SystemServer.main(SystemServer.java:363)
06-13 20:05:30.771 3534 3534 W InputMethodManagerService: at java.lang.reflect.Method.invoke(Native Method)
06-13 20:05:30.771 3534 3534 W InputMethodManagerService: at com.android.internal.os.ZygoteInit$MethodAndArgsCaller.run(ZygoteInit.java:1230)
06-13 20:05:30.771 3534 3534 W InputMethodManagerService: at com.android.internal.os.ZygoteInit.main(ZygoteInit.java:1120)
06-13 20:05:30.811 11224 11224 D TimaKeyStoreProvider: TimaSignature is unavailable
06-13 20:05:30.811 11224 11224 D ActivityThread: Added TimaKeyStore provider
06-13 20:05:30.831 10218 10218 I Vsync : Choreographer doFrame callback delayed by 13.3 milliseconds
06-13 20:05:30.831 10218 10218 I Vsync : Vsync 395779: Choreographer: 2 x 16.83 ms (59.81 Hz, at 6691.484)
06-13 20:05:30.911 11224 11224 W ResourcesManager: getTopLevelResources: /system/app/TuiService/TuiService.apk / 1.0 running in com.trustonic.tuiservice rsrc of package com.trustonic.tuiservice
06-13 20:05:30.941 3534 4072 I InjectionManagerService -AppFeature: getCoreFeaturePkgList :[]
06-13 20:05:30.941 11224 11224 I InjectionManager: Inside getClassLibPath + mLibMap{0=, 1=}
06-13 20:05:30.941 11224 11224 D ResourcesManager: For user 0 new overlays fetched Null
06-13 20:05:30.961 11224 11224 I InjectionManager: Inside getClassLibPath caller
06-13 20:05:31.001 11224 11224 D InjectionManager: InjectionManager
06-13 20:05:31.001 11224 11224 D InjectionManager: fillFeatureStoreMap com.trustonic.tuiservice
06-13 20:05:31.001 11224 11224 I InjectionManager: Constructor com.trustonic.tuiservice, Feature store :{}
06-13 20:05:31.001 11224 11224 I InjectionManager: featureStore :{}
06-13 20:05:31.241 11224 11224 I TlcTuiJni: JNI_OnLoad;256
06-13 20:05:31.241 11224 11224 I TlcTuiJni: JNI_OnLoad: TuiTlcWrapperClass = 100025;270
06-13 20:05:31.241 11224 11224 I TlcTuiJni: JNI_OnLoad: gVm = 967F4500 vm = 967F4500;283
06-13 20:05:31.241 11224 11224 I TlcTuiJni: calling tlcLaunch();228
06-13 20:05:31.251 11224 11236 I TlcTui : mainThread: TlcTui start!;76
06-13 20:05:31.251 10218 10312 I OVR : DeviceManagerThread - event 47 (500Hz) (Tid=10312)
06-13 20:05:31.271 3534 4038 I ActivityManager: Process com.trustonic.tuiservice (pid 11224)(adj 5) has died(75,109)
06-13 20:05:31.271 3534 4038 D ActivityManager: isAutoRunBlockedApp:: com.trustonic.tuiservice, Auto Run ON
06-13 20:05:31.271 3534 4038 W ActivityManager: Scheduling restart of crashed service com.trustonic.tuiservice/.TuiService in 139297ms
06-13 20:05:31.381 10218 10350 I VrApi : FPS=60,Prd=51ms,Tear=1,Early=58,Stale=0,VSnc=1,Lat=1,CPU4/GPU=2/2,800/420MHz,OC=FF,TA=F0/F0/F0/F0,SP=F/F/F/F,Mem=1264MHz,Free=184MB,PSM=0,PLS=0,Temp=29.5C/27.5C
06-13 20:05:32.251 10218 10312 I OVR : DeviceManagerThread - event 47 (500Hz) (Tid=10312)
06-13 20:05:32.381 10218 10350 I VrApi : FPS=59,Prd=51ms,Tear=0,Early=59,Stale=0,VSnc=1,Lat=1,CPU4/GPU=2/2,800/420MHz,OC=FF,TA=F0/F0/F0/F0,SP=F/F/F/F,Mem=1026MHz,Free=183MB,PSM=0,PLS=0,Temp=29.5C/27.5C
06-13 20:05:33.251 10218 10312 I OVR : DeviceManagerThread - event 47 (500Hz) (Tid=10312)
06-13 20:05:33.381 10218 10350 I VrApi : FPS=60,Prd=51ms,Tear=0,Early=60,Stale=0,VSnc=1,Lat=1,CPU4/GPU=2/2,800/420MHz,OC=FF,TA=F0/F0/F0/F0,SP=F/F/F/F,Mem=1026MHz,Free=183MB,PSM=0,PLS=0,Temp=29.5C/27.5C
06-13 20:05:34.251 10218 10312 I OVR : DeviceManagerThread - event 47 (498Hz) (Tid=10312)
06-13 20:05:34.281 3534 6514 D SSRM:n : SIOP:: AP = 470, PST = 451 (W:18), CP = 298, CUR = 930, LCD = 18
06-13 20:05:34.381 10218 10350 I VrApi : FPS=60,Prd=51ms,Tear=0,Early=60,Stale=0,VSnc=1,Lat=1,CPU4/GPU=2/2,800/420MHz,OC=FF,TA=F0/F0/F0/F0,SP=F/F/F/F,Mem=1026MHz,Free=184MB,PSM=0,PLS=0,Temp=29.5C/27.5C
06-13 20:05:35.081 10218 10346 W TimeWarp: VSync 396034: Eye=0,late=0.0ms,over=0.0ms,CPU=0.4ms,GPU=8.8ms,Tot=9.2ms
06-13 20:05:35.251 10218 10312 I OVR : DeviceManagerThread - event 47 (498Hz) (Tid=10312)
06-13 20:05:35.381 10218 10350 I VrApi : FPS=60,Prd=51ms,Tear=0,Early=60,Stale=0,VSnc=1,Lat=1,CPU4/GPU=2/2,800/420MHz,OC=FF,TA=F0/F0/F0/F0,SP=F/F/F/F,Mem=1026MHz,Free=184MB,PSM=0,PLS=0,Temp=29.5C/27.0C
06-13 20:05:36.251 10218 10312 I OVR : DeviceManagerThread - event 47 (500Hz) (Tid=10312)
06-13 20:05:36.381 10218 10350 I VrApi : FPS=60,Prd=51ms,Tear=1,Early=60,Stale=0,VSnc=1,Lat=1,CPU4/GPU=2/2,800/420MHz,OC=FF,TA=F0/F0/F0/F0,SP=F/F/F/F,Mem=1026MHz,Free=183MB,PSM=0,PLS=0,Temp=29.5C/27.0C
06-13 20:05:36.411 4213 4224 I art : Background partial concurrent mark sweep GC freed 35285(1746KB) AllocSpace objects, 2(28MB) LOS objects, 36% free, 28MB/44MB, paused 562us total 105.064ms
06-13 20:05:36.441 10218 10346 W TimeWarp: VSync 396115: Eye=1,late=0.0ms,over=0.0ms,CPU=0.4ms,GPU=9.6ms,Tot=10.0ms
06-13 20:05:37.151 10218 10312 I OVR : DeviceManagerThread - poll(fds,2,2) = 0 (Tid=10312)
06-13 20:05:37.171 10218 10346 W TimeWarp: VSync 396159: Eye=0,late=0.0ms,over=2.5ms,CPU=0.5ms,GPU=3.0ms,Tot=6.0ms
06-13 20:05:37.261 10218 10312 I OVR : DeviceManagerThread - event 47 (496Hz) (Tid=10312)
06-13 20:05:37.381 10218 10350 I VrApi : FPS=60,Prd=51ms,Tear=0,Early=60,Stale=0,VSnc=1,Lat=1,CPU4/GPU=2/2,900/420MHz,OC=FF,TA=F0/F0/F0/F0,SP=F/F/F/F,Mem=1026MHz,Free=183MB,PSM=0,PLS=0,Temp=29.5C/27.0C
06-13 20:05:37.731 10218 10346 W TimeWarp: VSync 396192: Eye=1,late=0.0ms,over=0.0ms,CPU=0.4ms,GPU=14.1ms,Tot=14.6ms
06-13 20:05:37.731 10218 10218 I Vsync : Choreographer doFrame callback delayed by 3.9 milliseconds
06-13 20:05:37.731 10218 10346 W TimeWarp: VSync 396193: Eye=0,late=6.4ms,over=0.0ms,CPU=0.4ms,GPU=6.6ms,Tot=13.4ms
06-13 20:05:38.261 10218 10218 I Vsync : Vsync 396225: Choreographer: 1 x 15.15 ms (59.89 Hz, at 6698.918)
06-13 20:05:38.281 10218 10312 I OVR : DeviceManagerThread - event 47 (497Hz) (Tid=10312)
06-13 20:05:38.281 10218 10218 I Vsync : Vsync 396226: Choreographer: 1 x 18.17 ms (59.89 Hz, at 6698.936)
06-13 20:05:38.381 10218 10350 I VrApi : FPS=60,Prd=50ms,Tear=1,Early=60,Stale=0,VSnc=1,Lat=1,CPU4/GPU=2/2,900/420MHz,OC=FF,TA=F0/F0/F0/F0,SP=F/F/F/F,Mem=1026MHz,Free=184MB,PSM=0,PLS=0,Temp=29.5C/27.0C
06-13 20:05:38.821 10218 10346 W TimeWarp: VSync 396258: Eye=0,late=0.0ms,over=0.1ms,CPU=0.4ms,GPU=8.3ms,Tot=8.9ms
06-13 20:05:39.271 10218 10312 I OVR : DeviceManagerThread - event 47 (499Hz) (Tid=10312)
06-13 20:05:39.381 10218 10350 I VrApi : FPS=60,Prd=50ms,Tear=2,Early=58,Stale=0,VSnc=1,Lat=1,CPU4/GPU=2/2,800/420MHz,OC=FF,TA=F0/F0/F0/F0,SP=F/F/F/F,Mem=1026MHz,Free=182MB,PSM=0,PLS=0,Temp=29.5C/27.5C
06-13 20:05:39.631 3534 3653 I PowerManagerService: [PWL] On : 5579461 (1120817 ms ago)
06-13 20:05:39.631 3534 3653 I PowerManagerService: [PWL] mStayOn: false mWakeLockSummary & WAKE_LOCK_STAY_AWAKE: 20 mUserActivitySummary: 0x4
06-13 20:05:39.631 3534 3653 I PowerManagerService: [PWL] SCREEN_BRIGHT_WAKE_LOCK 'VR Service' ACQUIRE_CAUSES_WAKEUP ON_AFTER_RELEASE (uid=1000, pid=9460, ws=null) (elapsedTime=1137361)
06-13 20:05:39.631 3534 3653 I PowerManagerService: [PWL] SCREEN_BRIGHT_WAKE_LOCK 'VR Dock' ACQUIRE_CAUSES_WAKEUP ON_AFTER_RELEASE (uid=1000, pid=9460, ws=null) (elapsedTime=1137001)
06-13 20:05:40.271 10218 10312 I OVR : DeviceManagerThread - event 47 (500Hz) (Tid=10312)
06-13 20:05:40.381 10218 10350 I VrApi : FPS=59,Prd=50ms,Tear=1,Early=59,Stale=0,VSnc=1,Lat=1,CPU4/GPU=2/2,800/420MHz,OC=FF,TA=F0/F0/F0/F0,SP=F/F/F/F,Mem=1026MHz,Free=183MB,PSM=0,PLS=0,Temp=29.5C/27.0C
06-13 20:05:40.591 11237 11237 E Zygote : v2
06-13 20:05:40.591 11237 11237 I libpersona: KNOX_SDCARD checking this for 10069
06-13 20:05:40.591 11237 11237 I libpersona: KNOX_SDCARD not a persona
06-13 20:05:40.591 3534 3618 I ActivityManager: Start proc 11237:com.samsung.android.voicewakeup/u0a69 for service com.samsung.android.voicewakeup/.alwaysmicon.AlwaysMicOnService
06-13 20:05:40.591 3534 4075 D NetworkPolicy: isUidForegroundLocked: 10069, mScreenOn: true, uidstate: -1, mProxSensorScreenOff: false
06-13 20:05:40.601 11237 11237 I SELinux : Function: selinux_compare_spd_ram, index[1], SPD-policy is existed. and_ver=SEPF_SECMOBILE_6.0.1 ver=11
06-13 20:05:40.611 11237 11237 W SELinux : Function: selinux_compare_spd_ram, index[1], priority [1], priority version is VE=SEPF_SECMOBILE_6.0.1_0011
06-13 20:05:40.611 11237 11237 E Zygote : accessInfo : 0
06-13 20:05:40.611 11237 11237 W SELinux : SELinux: seapp_context_lookup: seinfo=samsung, level=s0:c512,c768, pkgname=com.samsung.android.voicewakeup
06-13 20:05:40.681 11237 11237 D TimaKeyStoreProvider: TimaSignature is unavailable
06-13 20:05:40.681 11237 11237 D ActivityThread: Added TimaKeyStore provider
06-13 20:05:40.721 3534 4075 D NetworkPolicy: isUidForegroundLocked: 10069, mScreenOn: true, uidstate: 10, mProxSensorScreenOff: false
06-13 20:05:40.811 11237 11237 W ResourcesManager: getTopLevelResources: /data/app/com.samsung.android.voicewakeup-1/base.apk / 1.0 running in com.samsung.android.voicewakeup rsrc of package com.samsung.android.voicewakeup
06-13 20:05:40.831 3534 4101 I InjectionManagerService -AppFeature: getCoreFeaturePkgList :[]
06-13 20:05:40.831 11237 11237 I InjectionManager: Inside getClassLibPath + mLibMap{0=, 1=}
06-13 20:05:40.851 11237 11237 D ResourcesManager: For user 0 new overlays fetched Null
06-13 20:05:40.881 11237 11237 I InjectionManager: Inside getClassLibPath caller
06-13 20:05:40.941 11237 11237 D SettingsProvider: onCreate()
06-13 20:05:40.971 11237 11237 D VoiceWakeupApp: onCreate()
06-13 20:05:41.201 11237 11237 D VoiceWakeupApp: text-dependent.ubm is copied.
06-13 20:05:41.211 11237 11237 D InjectionManager: InjectionManager
06-13 20:05:41.211 11237 11237 D InjectionManager: fillFeatureStoreMap com.samsung.android.voicewakeup
06-13 20:05:41.211 11237 11237 I InjectionManager: Constructor com.samsung.android.voicewakeup, Feature store :{}
06-13 20:05:41.211 11237 11237 I InjectionManager: featureStore :{}
06-13 20:05:41.221 11237 11237 D AlwaysMicOnService: onCreate()
06-13 20:05:41.221 11237 11237 D AlwaysMicOnService: isDSPSupported : true
06-13 20:05:41.261 11237 11237 D AlwaysMicOnService: onStartCommand()
06-13 20:05:41.261 11237 11237 D AlwaysMicOnService: intent : null flags : 0 startId : 10
06-13 20:05:41.261 11237 11237 D AlwaysMicOnService: mRecordState : 10000
06-13 20:05:41.261 11237 11237 D AlwaysMicOnUtil: restartDSPWakeUp()
06-13 20:05:41.261 11237 11237 D AlwaysMicOnUtil: setParameters start, voice_wakeup_mic=off
06-13 20:05:41.271 10218 10312 I OVR : DeviceManagerThread - event 47 (498Hz) (Tid=10312)
06-13 20:05:41.301 3120 3780 D audio_hw_primary: adev_set_parameters: enter: kvpairs: voice_wakeup_mic=off
06-13 20:05:41.311 3120 3780 I audio_hw_primary: setVoiceWakeUp_WAKEUP_OFF
06-13 20:05:41.311 3120 3780 V audio_hw_primary: select_devices output_scenario:0 input_scenario:-1 out_snd_device 0x2 in_snd_device:0x0
06-13 20:05:41.311 3120 3780 I audio_route:
06-13 20:05:41.311 3120 3780 I audio_route: > audio_route_reset :
06-13 20:05:41.321 3120 3780 I audio_route:
06-13 20:05:41.321 3120 3780 I audio_route: > audio_route_apply_path : "media-speaker"
06-13 20:05:41.321 3120 3780 V audio_hw_primary: select_devices() output_route "media-speaker"
06-13 20:05:41.321 3120 3780 I audio_route:
06-13 20:05:41.321 3120 3780 I audio_route: > audio_route_apply_path : "gain-media-speaker"
06-13 20:05:41.321 3120 3780 V audio_hw_primary: select_devices() output_gain "gain-media-speaker"
06-13 20:05:41.321 3120 3780 I audio_route:
06-13 20:05:41.321 3120 3780 I audio_route: > audio_route_update_mixer : +
06-13 20:05:41.341 3120 3780 I audio_route: > audio_route_update_mixer : changed(7) -
06-13 20:05:41.341 3120 3780 I audio_hw_primary: select_devices -
06-13 20:05:41.351 11237 11237 D AlwaysMicOnUtil: setParameters stop, voice_wakeup_mic=off
06-13 20:05:41.351 11237 11237 D AlwaysMicOnUtil: setParameters start, voice_wakeup_mic=on
06-13 20:05:41.361 3120 4841 D audio_hw_primary: adev_set_parameters: enter: kvpairs: voice_wakeup_mic=on
06-13 20:05:41.361 3120 4841 I audio_hw_primary: setVoiceWakeUp_WAKEUP_MIC
06-13 20:05:41.361 3120 4841 I audio_hw_primary: is_voice_wakeup : ret = 1 , wakeup_baby_cry_enabled = 0 , wakeup_mic_enabled = 1
06-13 20:05:41.361 3120 4841 I audio_hw_primary: get_scenario : scenario_type = 36
06-13 20:05:41.361 3120 4841 I audio_hw_primary: get_input_snd_device_id device:0xc
06-13 20:05:41.361 3120 4841 V audio_hw_primary: select_devices output_scenario:0 input_scenario:36 out_snd_device 0x2 in_snd_device:0xc
06-13 20:05:41.361 3120 4841 I audio_route:
06-13 20:05:41.361 3120 4841 I audio_route: > audio_route_reset :
06-13 20:05:41.361 3120 4841 I audio_route:
06-13 20:05:41.361 3120 4841 I audio_route: > audio_route_apply_path : "voice_control-mic"
06-13 20:05:41.381 10218 10350 I VrApi : FPS=60,Prd=50ms,Tear=0,Early=60,Stale=0,VSnc=1,Lat=1,CPU4/GPU=2/2,1000/420MHz,OC=FF,TA=F0/F0/F0/F0,SP=F/F/F/F,Mem=1026MHz,Free=186MB,PSM=0,PLS=0,Temp=29.5C/27.5C
06-13 20:05:41.631 3120 4841 V audio_hw_primary: select_devices() input_route "voice_control-mic"
06-13 20:05:41.631 3120 4841 I audio_route:
06-13 20:05:41.631 3120 4841 I audio_route: > audio_route_apply_path : "media-speaker"
06-13 20:05:41.641 3120 4841 V audio_hw_primary: select_devices() output_route "media-speaker"
06-13 20:05:41.641 3120 4841 I audio_route:
06-13 20:05:41.641 3120 4841 I audio_route: > audio_route_apply_path : "gain-voice_control-mic"
06-13 20:05:41.641 3120 4841 V audio_hw_primary: select_devices() input_gain "gain-voice_control-mic"
06-13 20:05:41.641 3120 4841 I audio_route:
06-13 20:05:41.641 3120 4841 I audio_route: > audio_route_apply_path : "gain-media-speaker"
06-13 20:05:41.641 3120 4841 V audio_hw_primary: select_devices() output_gain "gain-media-speaker"
06-13 20:05:41.641 3120 4841 I audio_route:
06-13 20:05:41.641 3120 4841 I audio_route: > audio_route_update_mixer : +
06-13 20:05:41.641 3120 4841 I audio_route: > audio_route_update_mixer : changed(0) -
06-13 20:05:41.641 3120 4841 V audio_hw_primary: select_devices : set seamless_buf_offset
06-13 20:05:41.641 3120 4841 I audio_route:
06-13 20:05:41.641 3120 4841 I audio_route: > audio_values_apply_path : "seamless_buf_offset"
06-13 20:05:41.641 3120 4841 I audio_hw_primary: select_devices -
06-13 20:05:41.641 11237 11237 D AlwaysMicOnUtil: setParameters stop, voice_wakeup_mic=on
06-13 20:05:42.271 10218 10312 I OVR : DeviceManagerThread - event 47 (500Hz) (Tid=10312)
06-13 20:05:42.381 10218 10350 I VrApi : FPS=60,Prd=50ms,Tear=0,Early=60,Stale=0,VSnc=1,Lat=1,CPU4/GPU=2/2,800/420MHz,OC=FF,TA=F0/F0/F0/F0,SP=F/F/F/F,Mem=1264MHz,Free=186MB,PSM=0,PLS=0,Temp=29.5C/27.5C
06-13 20:05:42.941 3534 6514 D SSRM:J : mCheck2ndHMTtableRunnable!
06-13 20:05:42.941 3534 6514 D SSRM:J : battery temp will be check in 60000 ms.
06-13 20:05:43.281 10218 10312 I OVR : DeviceManagerThread - event 47 (498Hz) (Tid=10312)
06-13 20:05:43.381 10218 10350 I VrApi : FPS=60,Prd=50ms,Tear=0,Early=60,Stale=0,VSnc=1,Lat=1,CPU4/GPU=2/2,800/420MHz,OC=FF,TA=F0/F0/F0/F0,SP=F/F/F/F,Mem=1026MHz,Free=184MB,PSM=0,PLS=0,Temp=29.5C/27.0C
06-13 20:05:43.731 3534 4087 D BatteryService: !@BatteryListener : batteryPropertiesChanged!
06-13 20:05:43.731 3534 4087 D BatteryService: level:74, scale:100, status:3, health:2, present:true, voltage: 3889, temperature: 296, technology: Li-ion, AC powered:false, USB powered:false, POGO powered:false, Wireless powered:false, icon:17303431, invalid charger:0, maxChargingCurrent:0
06-13 20:05:43.731 3534 4087 D BatteryService: online:15, current avg:-856, charge type:0, power sharing:false, high voltage charger:false, capacity:280000, batterySWSelfDischarging:false, current_now:-844
06-13 20:05:43.731 3534 3534 D BatteryService: Sending ACTION_BATTERY_CHANGED.
06-13 20:05:43.741 10218 10346 W TimeWarp: VSync 396553: Eye=0,late=0.0ms,over=2.2ms,CPU=0.4ms,GPU=6.9ms,Tot=9.5ms
06-13 20:05:43.741 10218 10218 I Vsync : Choreographer doFrame callback delayed by 4.0 milliseconds
06-13 20:05:43.751 10218 10346 W TimeWarp: VSync 396553: Eye=1,late=1.2ms,over=0.0ms,CPU=0.4ms,GPU=7.9ms,Tot=9.5ms
06-13 20:05:43.781 3534 4101 I ActivityManager: Process com.samsung.android.voicewakeup (pid 11237)(adj 5) has died(69,113)
06-13 20:05:43.781 3534 4101 D ActivityManager: isAutoRunBlockedApp:: com.samsung.android.voicewakeup, Auto Run ON
06-13 20:05:43.781 3534 4101 W ActivityManager: Scheduling restart of crashed service com.samsung.android.voicewakeup/.alwaysmicon.AlwaysMicOnService in 136786ms
06-13 20:05:43.791 3534 3622 D BluetoothAdapter: STATE_BLE_ON
06-13 20:05:43.851 5184 5197 D BtGatt.GattService: Binder is dead - unregistering client (5)!
06-13 20:05:43.861 3534 4038 I ActivityManager: Process com.samsung.android.beaconmanager (pid 31319)(adj 2) has died(74,109)
06-13 20:05:43.861 3534 4038 D ActivityManager: isAutoRunBlockedApp:: com.samsung.android.beaconmanager, Auto Run ON
06-13 20:05:43.861 3534 4038 W ActivityManager: Scheduling restart of crashed service com.samsung.android.beaconmanager/.BeaconService in 146708ms
06-13 20:05:43.881 4213 4213 D KeyguardUpdateMonitor: received broadcast android.intent.action.BATTERY_CHANGED
06-13 20:05:43.891 5184 5197 D BtGatt.GattService: [GSIM LOG]: getCallingProcessName: com.android.bluetooth
06-13 20:05:43.891 5184 5197 D BtGatt.GattService: [GSIM LOG]: getCallingProcessName: com.android.bluetooth
06-13 20:05:43.891 5184 5197 D BtGatt.GattService: stopScan() - queue size =1
06-13 20:05:43.901 5184 5297 D BtGatt.ScanManager: stop scan
06-13 20:05:43.901 3534 3653 D PowerManagerService: [PSM] lowPowerModeEnabled: false (mLowPowerModeSetting: false, mIsPowered: false, mAutoLowPowerModeConfigured: false, mBatteryLevel: 74, mLowBatteryTriggerLevel: 0)
06-13 20:05:43.921 5184 5297 D BtGatt.ScanManager: delete FilterIndex - 26
06-13 20:05:43.921 4213 4213 D PowerUI : priorPlugType = 0 mPlugType = 0
06-13 20:05:43.921 5184 5308 E BtGatt.GattService: [GSIM LOG]: gsimLogHandler: com.android.bluetooth, msg: MESSAGE_STOP_SCAN
06-13 20:05:43.921 5184 5308 D BtGatt.GattService: [GSIM LOG]: gsimLogHandler: prevDate: 13, currDate: 13
06-13 20:05:43.931 5184 5308 D BtGatt.GattService: [GSIM LOG]: updateScanTime: 19
06-13 20:05:43.971 10218 10346 W TimeWarp: VSync 396565: Eye=1,late=0.0ms,over=0.0ms,CPU=0.4ms,GPU=28.3ms,Tot=28.7ms
06-13 20:05:43.971 10218 10346 I TimeWarp: Adjusting 396566.73 > 396565 to 396567
06-13 20:05:43.981 10218 10218 I OVRPlugin: nativeBatteryEvent(3, 74, 296)
06-13 20:05:43.991 10218 10218 I Vsync : Choreographer doFrame callback delayed by 12.0 milliseconds
06-13 20:05:44.001 5184 5281 D BtGatt.GattService: onScanFilterParamsConfigured() - clientIf=5, status=0, action=1, availableSpace=29
06-13 20:05:44.001 5184 5281 D BtGatt.ScanManager: callback done for clientIf - 5 status - 0
06-13 20:05:44.001 3534 4089 V AlarmManager: remove PendingIntent] PendingIntent{7c6d239: PendingIntentRecord{5620b52 com.android.bluetooth broadcastIntent}}
06-13 20:05:44.011 5184 5297 D BtGatt.ScanManager: delete FilterIndex - 27
06-13 20:05:44.021 5184 5281 D BtGatt.GattService: onScanFilterParamsConfigured() - clientIf=5, status=0, action=1, availableSpace=30
06-13 20:05:44.021 5184 5281 D BtGatt.ScanManager: callback done for clientIf - 5 status - 0
06-13 20:05:44.021 5184 5297 D BtGatt.ScanManager: delete FilterIndex - 28
06-13 20:05:44.021 5184 5281 D BtGatt.GattService: onScanFilterParamsConfigured() - clientIf=5, status=0, action=1, availableSpace=31
06-13 20:05:44.021 5184 5281 D BtGatt.ScanManager: callback done for clientIf - 5 status - 0
06-13 20:05:44.021 5184 5297 D BtGatt.ScanManager: delete FilterIndex - 29
06-13 20:05:44.021 5184 5281 D BtGatt.GattService: onScanFilterParamsConfigured() - clientIf=5, status=0, action=1, availableSpace=32
06-13 20:05:44.021 5184 5281 D BtGatt.ScanManager: callback done for clientIf - 5 status - 0
06-13 20:05:44.021 5184 5297 D BtGatt.ScanManager: configureRegularScanParams() - queue=0
06-13 20:05:44.021 5184 5297 D BtGatt.ScanManager: configureRegularScanParams() - ScanSetting Scan mode=-2147483648 mLastConfiguredScanSetting=100
06-13 20:05:44.021 5184 5297 D BtGatt.ScanManager: configureRegularScanParams() - queue emtpy, scan stopped
06-13 20:05:44.021 5184 5297 D BtGatt.ScanManager: app died, unregister client - 5
06-13 20:05:44.031 5184 5297 D BtGatt.GattService: unregisterClient() - clientIf=5
06-13 20:05:44.041 3534 4085 V AlarmManager: remove PendingIntent] PendingIntent{4cb107e: PendingIntentRecord{5620b52 com.android.bluetooth broadcastIntent}}
06-13 20:05:44.051 3534 4083 V AlarmManager: remove PendingIntent] PendingIntent{8f099df: PendingIntentRecord{5620b52 com.android.bluetooth broadcastIntent}}
06-13 20:05:44.051 9460 9460 D VRSVC : (BatteryEvent.java:72) onReceive [intent action=android.intent.action.BATTERY_CHANGED isInitialStickyBroadcast=false]
06-13 20:05:44.051 3534 4031 V AlarmManager: remove PendingIntent] PendingIntent{ecda62c: PendingIntentRecord{5620b52 com.android.bluetooth broadcastIntent}}
06-13 20:05:44.061 9460 9460 V VRSVC : (BatteryEvent.java:86) yTqX [handleIntentBattery batteryLevel=74 batteryStatus=3 batteryPlugged=0 batteryTemperature=296]
06-13 20:05:44.061 3534 4087 V AlarmManager: remove PendingIntent] PendingIntent{83958f5: PendingIntentRecord{5620b52 com.android.bluetooth broadcastIntent}}
06-13 20:05:44.071 9460 9460 D VRSVC : (SamsungDiagnosticEvent.java:256) onReceive [intent action=android.intent.action.BATTERY_CHANGED isInitialStickyBroadcast=false]
06-13 20:05:44.071 3534 4089 V AlarmManager: remove PendingIntent] PendingIntent{c03b68a: PendingIntentRecord{5620b52 com.android.bluetooth broadcastIntent}}
06-13 20:05:44.071 3534 4101 V AlarmManager: remove PendingIntent] PendingIntent{7eef4fb: PendingIntentRecord{5620b52 com.android.bluetooth broadcastIntent}}
06-13 20:05:44.081 3534 3553 V AlarmManager: remove PendingIntent] PendingIntent{484f918: PendingIntentRecord{5620b52 com.android.bluetooth broadcastIntent}}
06-13 20:05:44.081 3534 4031 V AlarmManager: remove PendingIntent] PendingIntent{1138f71: PendingIntentRecord{5620b52 com.android.bluetooth broadcastIntent}}
