06-13 20:05:00.021 4213 4213 D KeyguardUpdateMonitor: received broadcast android.intent.action.TIME_TICK
06-13 20:05:00.021 4213 4213 D KeyguardUpdateMonitor: handleTimeUpdate
06-13 20:05:00.041 4213 4213 D Clock : received broadcast android.intent.action.TIME_TICK
06-13 20:05:00.191 10218 10312 I OVR : DeviceManagerThread - event 47 (500Hz) (Tid=10312)
06-13 20:05:00.301 4213 4213 D DateView: received broadcast android.intent.action.TIME_TICK
06-13 20:05:00.381 10218 10350 I VrApi : FPS=60,Prd=50ms,Tear=0,Early=60,Stale=0,VSnc=1,Lat=1,CPU4/GPU=2/2,800/420MHz,OC=FF,TA=F0/F0/F0/F0,SP=F/F/F/F,Mem=1264MHz,Free=223MB,PSM=0,PLS=0,Temp=29.4C/27.0C
06-13 20:05:00.601 11069 11069 E Zygote : v2
06-13 20:05:00.601 11069 11069 I libpersona: KNOX_SDCARD checking this for 1000
06-13 20:05:00.601 11069 11069 I libpersona: KNOX_SDCARD not a persona
06-13 20:05:00.611 3534 3618 I ActivityManager: Start proc 11069:com.samsung.android.smartface/1000 for service com.samsung.android.smartface/.SmartFaceServiceStarter
06-13 20:05:00.611 11069 11069 I SELinux : Function: selinux_compare_spd_ram, index[1], SPD-policy is existed. and_ver=SEPF_SECMOBILE_6.0.1 ver=11
06-13 20:05:00.611 11069 11069 W SELinux : Function: selinux_compare_spd_ram, index[1], priority [1], priority version is VE=SEPF_SECMOBILE_6.0.1_0011
06-13 20:05:00.621 11069 11069 E Zygote : accessInfo : 0
06-13 20:05:00.751 11069 11069 D TimaKeyStoreProvider: TimaSignature is unavailable
06-13 20:05:00.751 11069 11069 D ActivityThread: Added TimaKeyStore provider
06-13 20:05:00.821 11069 11069 W ResourcesManager: getTopLevelResources: /system/priv-app/smartfaceservice/smartfaceservice.apk / 1.0 running in com.samsung.android.smartface rsrc of package com.samsung.android.smartface
06-13 20:05:00.831 3534 4093 I InjectionManagerService -AppFeature: getCoreFeaturePkgList :[]
06-13 20:05:00.831 11069 11069 I InjectionManager: Inside getClassLibPath + mLibMap{0=, 1=}
06-13 20:05:00.851 11069 11069 D ResourcesManager: For user 0 new overlays fetched Null
06-13 20:05:00.861 11069 11069 I InjectionManager: Inside getClassLibPath caller
06-13 20:05:01.061 11069 11069 W System : ClassLoader referenced unknown path: /system/priv-app/smartfaceservice/lib/arm64
06-13 20:05:01.071 11069 11069 D InjectionManager: InjectionManager
06-13 20:05:01.071 11069 11069 D InjectionManager: fillFeatureStoreMap com.samsung.android.smartface
06-13 20:05:01.071 11069 11069 I InjectionManager: Constructor com.samsung.android.smartface, Feature store :{}
06-13 20:05:01.071 11069 11069 I InjectionManager: featureStore :{}
06-13 20:05:01.091 11069 11069 E SmartFaceServiceStarter: onCreate
06-13 20:05:01.091 11069 11069 E SmartFaceServiceStarter: onStartCommand
06-13 20:05:01.101 11069 11069 E SmartFaceServiceStarter: Starting SmartFaceService.
06-13 20:05:01.141 11069 11069 E SmartFaceService: SmartFaceService constructor for user: 0
06-13 20:05:01.191 10218 10312 I OVR : DeviceManagerThread - event 47 (498Hz) (Tid=10312)
06-13 20:05:01.281 11069 11069 D SmartFaceIndicator: no icon
06-13 20:05:01.281 11069 11069 E SmartFaceService: mActiveServiceType: 100
06-13 20:05:01.281 11069 11069 E SmartFaceService: mScrollEnabled:false mPauseEnabled:false mStayEnabled:true mRotationEnabled:false, (false,false)
06-13 20:05:01.281 11069 11069 E Logger : New Logger Instance
06-13 20:05:01.281 11069 11069 E SmartFaceService: mLightIntensityEnough: true mLux: 0.0
06-13 20:05:01.281 11069 11069 D Stay/Rotation Worker: updateClientsDone. def. do nothing.
06-13 20:05:01.281 11069 11069 E SmartFaceService: Service Type to Worker: 0
06-13 20:05:01.281 11069 11069 E SmartFaceService: Last Active clients:0 Current Active clients: 0
06-13 20:05:01.291 11069 11069 E SmartFaceService: Last Smart Pause clients: 0 Current Smart Pause clients: 0
06-13 20:05:01.301 11069 11069 D ScoverManager: serviceVersion : 16973824
06-13 20:05:01.301 11069 11069 D ScoverManager: registerListener
06-13 20:05:01.301 3534 4038 D CoverManager.StateNotifier: registerListenerCallback : binder = android.os.BinderProxy@f3b8479, pid : 11069, uid : 1000, type : 1
06-13 20:05:01.311 11069 11069 E SmartFaceService: from registerCoverManager -> mClearCoverOpened: true
06-13 20:05:01.311 11069 11069 E SmartFaceService: SmartFaceService constructor done
06-13 20:05:01.311 11069 11069 E SmartFaceService: SmartFaceService Started.
06-13 20:05:01.311 11069 11081 E SmartFaceService: Update service state according to cover state: true
06-13 20:05:01.311 11069 11081 D SmartFaceIndicator: no icon
06-13 20:05:01.311 11069 11081 E SmartFaceService: mActiveServiceType: 100
06-13 20:05:01.311 11069 11081 E SmartFaceService: mLightIntensityEnough: true mLux: 0.0
06-13 20:05:01.311 11069 11081 D Stay/Rotation Worker: updateClientsDone. def. do nothing.
06-13 20:05:01.311 11069 11069 E SmartFaceServiceStarter: onStartCommand done
06-13 20:05:01.311 11069 11081 E SmartFaceService: Service Type to Worker: 0
06-13 20:05:01.311 11069 11081 E SmartFaceService: Last Active clients:0 Current Active clients: 0
06-13 20:05:01.311 11069 11081 E SmartFaceService: Last Smart Pause clients: 0 Current Smart Pause clients: 0
06-13 20:05:01.381 10218 10350 I VrApi : FPS=60,Prd=50ms,Tear=0,Early=60,Stale=0,VSnc=1,Lat=1,CPU4/GPU=2/2,800/420MHz,OC=FF,TA=F0/F0/F0/F0,SP=F/F/F/F,Mem=1264MHz,Free=218MB,PSM=0,PLS=0,Temp=29.4C/27.0C
06-13 20:05:02.181 10218 10346 W TimeWarp: VSync 394064: Eye=0,late=0.0ms,over=0.0ms,CPU=0.4ms,GPU=10.5ms,Tot=11.0ms
06-13 20:05:02.191 10218 10346 W TimeWarp: VSync 394064: Eye=1,late=2.8ms,over=0.0ms,CPU=0.4ms,GPU=6.2ms,Tot=9.4ms
06-13 20:05:02.191 10218 10312 I OVR : DeviceManagerThread - event 47 (498Hz) (Tid=10312)
06-13 20:05:02.261 10218 10346 W TimeWarp: VSync 394068: Eye=1,late=0.0ms,over=0.0ms,CPU=0.4ms,GPU=8.4ms,Tot=8.9ms
06-13 20:05:02.381 10218 10350 I VrApi : FPS=60,Prd=51ms,Tear=0,Early=59,Stale=0,VSnc=1,Lat=1,CPU4/GPU=2/2,800/420MHz,OC=FF,TA=F0/F0/F0/F0,SP=F/F/F/F,Mem=1026MHz,Free=216MB,PSM=0,PLS=0,Temp=29.4C/27.0C
06-13 20:05:02.931 3534 6514 D SSRM:n : SIOP:: AP = 470, PST = 442 (W:20), CP = 295, CUR = 960, LCD = 18
06-13 20:05:03.191 10218 10312 I OVR : DeviceManagerThread - event 47 (500Hz) (Tid=10312)
06-13 20:05:03.381 10218 10350 I VrApi : FPS=60,Prd=50ms,Tear=3,Early=60,Stale=0,VSnc=1,Lat=1,CPU4/GPU=2/2,800/420MHz,OC=FF,TA=F0/F0/F0/F0,SP=F/F/F/F,Mem=1026MHz,Free=214MB,PSM=0,PLS=0,Temp=29.4C/27.5C
06-13 20:05:04.201 10218 10312 I OVR : DeviceManagerThread - event 47 (498Hz) (Tid=10312)
06-13 20:05:04.471 10300 10311 E SDKLoggingService: Unable to find AppId for package (com.digitalkey.setin)
06-13 20:05:04.471 10300 10311 E SDKLoggingService: com.oculus.horizon.service.ExternalPlatformLocal$PackageNotInLibraryException: Package com.digitalkey.setin not in users library
06-13 20:05:04.471 10300 10311 E SDKLoggingService: at com.oculus.horizon.service.ExternalPlatformLocal.getAppID(ExternalPlatformLocal.java:139)
06-13 20:05:04.471 10300 10311 E SDKLoggingService: at com.oculus.horizon.service.SDKLoggingService$1.log(SDKLoggingService.java:64)
06-13 20:05:04.471 10300 10311 E SDKLoggingService: at com.oculus.logging.sdk_logging.SDKLoggingInterface$Stub.onTransact(SDKLoggingInterface.java:50)
06-13 20:05:04.471 10300 10311 E SDKLoggingService: at android.os.Binder.execTransact(Binder.java:453)
06-13 20:05:04.541 10218 10346 W TimeWarp: VSync 394205: Eye=0,late=0.0ms,over=0.0ms,CPU=0.4ms,GPU=7.9ms,Tot=8.4ms
06-13 20:05:04.551 10300 10311 E PresenceManager: Unknown app (com.digitalkey.setin) logging presence.
06-13 20:05:04.551 10300 10311 E PresenceManager: com.oculus.horizon.service.ExternalPlatformLocal$PackageNotInLibraryException: Package com.digitalkey.setin not in users library
06-13 20:05:04.551 10300 10311 E PresenceManager: at com.oculus.horizon.service.ExternalPlatformLocal.getAppID(ExternalPlatformLocal.java:139)
06-13 20:05:04.551 10300 10311 E PresenceManager: at com.oculus.horizon.platform.PresenceManager.logWasCalled(PresenceManager.java:262)
06-13 20:05:04.551 10300 10311 E PresenceManager: at com.oculus.horizon.service.SDKLoggingService$1.log(SDKLoggingService.java:73)
06-13 20:05:04.551 10300 10311 E PresenceManager: at com.oculus.logging.sdk_logging.SDKLoggingInterface$Stub.onTransact(SDKLoggingInterface.java:50)
06-13 20:05:04.551 10300 10311 E PresenceManager: at android.os.Binder.execTransact(Binder.java:453)
06-13 20:05:04.551 10218 10350 I VrApi : FPS=59,Prd=50ms,Tear=0,Early=59,Stale=0,VSnc=1,Lat=1,CPU4/GPU=2/2,800/420MHz,OC=FF,TA=F0/F0/F0/F0,SP=F/F/F/F,Mem=1026MHz,Free=213MB,PSM=0,PLS=0,Temp=29.4C/27.0C
06-13 20:05:05.201 10218 10312 I OVR : DeviceManagerThread - event 47 (500Hz) (Tid=10312)
06-13 20:05:05.381 10218 10350 I VrApi : FPS=60,Prd=51ms,Tear=0,Early=60,Stale=0,VSnc=1,Lat=1,CPU4/GPU=2/2,800/420MHz,OC=FF,TA=F0/F0/F0/F0,SP=F/F/F/F,Mem=1264MHz,Free=210MB,PSM=0,PLS=0,Temp=29.4C/27.0C
06-13 20:05:05.451 3534 4075 D NetworkPolicy: isUidForegroundLocked: 10221, mScreenOn: true, uidstate: 2, mProxSensorScreenOff: false
06-13 20:05:05.451 3534 4075 D NetworkPolicy: isUidForegroundLocked: 10221, mScreenOn: true, uidstate: 2, mProxSensorScreenOff: false
06-13 20:05:05.561 3534 4081 V AlarmManager: remove PendingIntent] PendingIntent{d4a75be: PendingIntentRecord{513f6d7 com.oculus.horizon broadcastIntent}}
06-13 20:05:05.591 10865 11085 I System.out: (HTTPLog)-Static: isSBSettingEnabled false
06-13 20:05:05.591 10865 11085 I System.out: (HTTPLog)-Static: isSBSettingEnabled false
06-13 20:05:05.591 3112 3755 D EnterpriseController: netId is 0
06-13 20:05:05.591 3112 3755 D Netd : getNetworkForDns: using netid 502 for uid 10221
06-13 20:05:06.201 10218 10312 I OVR : DeviceManagerThread - event 47 (500Hz) (Tid=10312)
06-13 20:05:06.381 10218 10350 I VrApi : FPS=60,Prd=51ms,Tear=1,Early=60,Stale=0,VSnc=1,Lat=1,CPU4/GPU=2/2,800/420MHz,OC=FF,TA=F0/F0/F0/F0,SP=F/F/F/F,Mem=1264MHz,Free=208MB,PSM=0,PLS=0,Temp=29.4C/27.0C
06-13 20:05:06.561 3534 3618 I ActivityManager: Start proc 11088:com.oculus.home/u0a221 for broadcast-3 com.oculus.home/com.oculus.appmanager.util.WakeupReceiver
06-13 20:05:06.561 11088 11088 E Zygote : v2
06-13 20:05:06.561 11088 11088 I libpersona: KNOX_SDCARD checking this for 10221
06-13 20:05:06.561 11088 11088 I libpersona: KNOX_SDCARD not a persona
06-13 20:05:06.561 11088 11088 I SELinux : Function: selinux_compare_spd_ram, index[1], SPD-policy is existed. and_ver=SEPF_SECMOBILE_6.0.1 ver=11
06-13 20:05:06.571 11088 11088 W SELinux : Function: selinux_compare_spd_ram, index[1], priority [1], priority version is VE=SEPF_SECMOBILE_6.0.1_0011
06-13 20:05:06.571 11088 11088 E Zygote : accessInfo : 0
06-13 20:05:06.571 11088 11088 W SELinux : SELinux: seapp_context_lookup: seinfo=default, level=s0:c512,c768, pkgname=com.oculus.home
06-13 20:05:06.661 11088 11088 D TimaKeyStoreProvider: TimaSignature is unavailable
06-13 20:05:06.661 11088 11088 D ActivityThread: Added TimaKeyStore provider
06-13 20:05:06.691 3534 3554 V BroadcastQueue: [background] Process cur broadcast BroadcastRecord{788361f u0 com.oculus.home.wakeup qIdx=4}, state= (APP_RECEIVE) DELIVERED for app ProcessRecord{76ad6c 11088:com.oculus.home/u0a221}
06-13 20:05:06.711 11088 11088 W ResourcesManager: getTopLevelResources: /data/app/com.oculus.home-2/base.apk / 1.0 running in com.oculus.home rsrc of package com.oculus.home
06-13 20:05:06.721 3534 4060 I InjectionManagerService -AppFeature: getCoreFeaturePkgList :[]
06-13 20:05:06.731 11088 11088 I InjectionManager: Inside getClassLibPath + mLibMap{0=, 1=}
06-13 20:05:06.741 11088 11088 D ResourcesManager: For user 0 new overlays fetched Null
06-13 20:05:06.741 11088 11088 I InjectionManager: Inside getClassLibPath caller
06-13 20:05:06.941 11088 11088 W StaticBindingVerifier: Verify
06-13 20:05:07.181 11088 11088 W ResourcesManager: getTopLevelResources: /data/app/com.oculus.horizon-2/base.apk / 1.0 running in com.oculus.home rsrc of package com.oculus.horizon
06-13 20:05:07.201 10218 10312 I OVR : DeviceManagerThread - event 47 (498Hz) (Tid=10312)
06-13 20:05:07.211 11088 11088 D ResourcesManager: For user 0 new overlays fetched Null
06-13 20:05:07.221 11088 11088 D ACRA : ACRA init; reportURL: https://www.facebook.com/mobile/generic_android_crash_logs/1548792348668883
06-13 20:05:07.231 11088 11088 D ACRA : ACRA is enabled for com.oculus.home, intializing...
06-13 20:05:07.361 11088 11102 I stetho : Listening on @stetho_com.oculus.home_devtools_remote
06-13 20:05:07.381 10218 10350 I VrApi : FPS=60,Prd=51ms,Tear=0,Early=60,Stale=0,VSnc=1,Lat=1,CPU4/GPU=2/2,800/420MHz,OC=FF,TA=F0/F0/F0/F0,SP=F/F/F/F,Mem=1264MHz,Free=202MB,PSM=0,PLS=0,Temp=29.4C/27.0C
06-13 20:05:07.501 3534 4085 I ActivityManager: Process com.oculus.horizon:fbns (pid 10865)(adj 8) has died(82,125)
06-13 20:05:07.501 3534 4085 D ActivityManager: isAutoRunBlockedApp:: com.oculus.horizon, Auto Run ON
06-13 20:05:07.501 3534 4085 W ActivityManager: Scheduling restart of crashed service com.oculus.horizon/com.facebook.rti.push.service.FbnsService in 43069ms
06-13 20:05:07.511 11088 11088 W ResourcesManager: getTopLevelResources: /data/app/com.oculus.horizon-2/base.apk / 1.0 running in com.oculus.home rsrc of package com.oculus.horizon
06-13 20:05:07.531 11088 11088 D ResourcesManager: For user 0 new overlays fetched Null
06-13 20:05:07.551 11088 11105 V DefaultAnalyticsLogger: New event {"name":"moonlight_cold_start","time":"1465855507.437","extra":{"app_locale":"pt_BR","device_locale":"en_US","build_model":"SM-N920G","build_id":"MMB29K","build_brand":"samsung","build_sdk_int":23,"build_fingerprint":"samsung\/noblelteub\/noblelte:6.0.1\/MMB29K\/N920GUBU2BPD2:user\/release-keys","device_time_zone":"America\/Noronha","external_storage":"mounted","email":"marcio@digitalkey.com.br","id":"790537834377045","endpoint_host":"https:\/\/graph.oculus.com","imei":"354472070034882","pk":"0"}}.
06-13 20:05:07.551 11088 11106 W ResourcesManager: getTopLevelResources: /data/app/com.oculus.home-2/base.apk / 1.0 running in com.oculus.home rsrc of package com.oculus.home
06-13 20:05:07.581 11088 11088 D LibraryMemoryCacheManager: Clear memory cache.
06-13 20:05:07.581 11088 11088 D InjectionManager: InjectionManager
06-13 20:05:07.581 11088 11088 D InjectionManager: fillFeatureStoreMap com.oculus.home
06-13 20:05:07.581 11088 11088 I InjectionManager: Constructor com.oculus.home, Feature store :{}
06-13 20:05:07.581 11088 11088 I InjectionManager: featureStore :{}
06-13 20:05:07.601 11111 11111 E Zygote : v2
06-13 20:05:07.601 11111 11111 I libpersona: KNOX_SDCARD checking this for 10045
06-13 20:05:07.601 11111 11111 I libpersona: KNOX_SDCARD not a persona
06-13 20:05:07.601 11111 11111 I SELinux : Function: selinux_compare_spd_ram, index[1], SPD-policy is existed. and_ver=SEPF_SECMOBILE_6.0.1 ver=11
06-13 20:05:07.601 3534 4093 I ActivityManager: Start proc 11111:android.process.media/u0a45 for content provider com.android.providers.downloads/.DownloadProvider
06-13 20:05:07.611 3534 4075 D NetworkPolicy: isUidForegroundLocked: 10045, mScreenOn: true, uidstate: -1, mProxSensorScreenOff: false
06-13 20:05:07.611 11111 11111 W SELinux : Function: selinux_compare_spd_ram, index[1], priority [1], priority version is VE=SEPF_SECMOBILE_6.0.1_0011
06-13 20:05:07.611 11111 11111 E Zygote : accessInfo : 0
06-13 20:05:07.611 11111 11111 W SELinux : SELinux: seapp_context_lookup: seinfo=media, level=s0:c512,c768, pkgname=android.process.media
06-13 20:05:07.801 11111 11111 D TimaKeyStoreProvider: TimaSignature is unavailable
06-13 20:05:07.801 11111 11111 D ActivityThread: Added TimaKeyStore provider
06-13 20:05:07.841 3534 4075 D NetworkPolicy: isUidForegroundLocked: 10045, mScreenOn: true, uidstate: 16, mProxSensorScreenOff: false
06-13 20:05:07.881 11111 11111 W ResourcesManager: getTopLevelResources: /system/priv-app/SecDownloadProvider/SecDownloadProvider.apk / 1.0 running in com.android.providers.downloads rsrc of package com.android.providers.downloads
06-13 20:05:07.901 3534 4025 I InjectionManagerService -AppFeature: getCoreFeaturePkgList :[]
06-13 20:05:07.901 11111 11111 I InjectionManager: Inside getClassLibPath + mLibMap{0=, 1=}
06-13 20:05:07.911 11111 11111 D ResourcesManager: For user 0 new overlays fetched Null
06-13 20:05:07.921 11111 11111 I InjectionManager: Inside getClassLibPath caller
06-13 20:05:07.941 11111 11111 W System : ClassLoader referenced unknown path: /system/priv-app/SecDownloadProvider/lib/arm64
06-13 20:05:07.951 11111 11111 W ResourcesManager: getTopLevelResources: /system/priv-app/SecMediaProvider/SecMediaProvider.apk / 1.0 running in com.android.providers.downloads rsrc of package com.android.providers.media
06-13 20:05:07.951 11111 11111 D ResourcesManager: For user 0 new overlays fetched Null
06-13 20:05:07.961 11111 11111 I InjectionManager: Inside getClassLibPath caller
06-13 20:05:07.971 11111 11111 W System : ClassLoader referenced unknown path: /system/priv-app/SecMediaProvider/lib/arm64
06-13 20:05:07.991 11088 11106 D SystemActivitiesInstaller: Check versionCode of SystemActivities [installed: 31161642, packaged: 30734141]
06-13 20:05:07.991 11088 11106 D SystemActivitiesInstaller: SystemActivities is up to date.
06-13 20:05:08.001 11088 11088 D WakeupReceiver: Forcing wakeup for logging upload
06-13 20:05:08.021 3534 3553 I ActivityManager: Start proc 11123:com.facebook.appmanager/u0a112 for broadcast-3 com.facebook.appmanager/com.facebook.oxygen.appmanager.scheduler.BootstrapReceiver
06-13 20:05:08.021 11123 11123 E Zygote : v2
06-13 20:05:08.031 11123 11123 I libpersona: KNOX_SDCARD checking this for 10112
06-13 20:05:08.031 11123 11123 I SELinux : Function: selinux_compare_spd_ram, index[1], SPD-policy is existed. and_ver=SEPF_SECMOBILE_6.0.1 ver=11
06-13 20:05:08.031 11123 11123 I libpersona: KNOX_SDCARD not a persona
06-13 20:05:08.031 11123 11123 W SELinux : Function: selinux_compare_spd_ram, index[1], priority [1], priority version is VE=SEPF_SECMOBILE_6.0.1_0011
06-13 20:05:08.031 11123 11123 E Zygote : accessInfo : 0
06-13 20:05:08.031 11123 11123 W SELinux : SELinux: seapp_context_lookup: seinfo=default, level=s0:c512,c768, pkgname=com.facebook.appmanager
06-13 20:05:08.071 3534 4089 I ActivityManager: Process com.oculus.home (pid 11088)(adj 11) has died(77,134)
06-13 20:05:08.071 3534 4089 D ActivityManager: isAutoRunBlockedApp:: com.oculus.home, Auto Run ON
06-13 20:05:08.111 3534 4089 W ContextImpl: Calling a method in the system process without a qualified user: android.app.ContextImpl.sendBroadcast:830 com.android.server.am.ActivityManagerService.updateOomAdjLocked:26625 com.android.server.am.ActivityManagerService.appDiedLocked:7549 com.android.server.am.ActivityManagerService$AppDeathRecipient.binderDied:1910 android.os.BinderProxy.sendDeathNotice:558
06-13 20:05:08.141 10218 10346 W TimeWarp: VSync 394420: Eye=1,late=0.0ms,over=0.0ms,CPU=0.4ms,GPU=9.2ms,Tot=9.6ms
06-13 20:05:08.161 11123 11123 D TimaKeyStoreProvider: TimaSignature is unavailable
06-13 20:05:08.161 11123 11123 D ActivityThread: Added TimaKeyStore provider
06-13 20:05:08.201 3534 4025 V BroadcastQueue: [background] Process cur broadcast BroadcastRecord{fa449b1 u0 null qIdx=4}, state= (APP_RECEIVE) DELIVERED for app ProcessRecord{74d7e96 11123:com.facebook.appmanager/u0a112}
06-13 20:05:08.201 10218 10312 I OVR : DeviceManagerThread - event 47 (500Hz) (Tid=10312)
06-13 20:05:08.231 11123 11123 W ResourcesManager: getTopLevelResources: /data/app/com.facebook.appmanager-2/base.apk / 1.0 running in com.facebook.appmanager rsrc of package com.facebook.appmanager
06-13 20:05:08.251 3534 4089 I InjectionManagerService -AppFeature: getCoreFeaturePkgList :[]
06-13 20:05:08.251 11123 11123 I InjectionManager: Inside getClassLibPath + mLibMap{0=, 1=}
06-13 20:05:08.261 11111 11111 D MediaProvider: Attached volume: internal
06-13 20:05:08.261 11111 11111 D ContentApp: ContentApp()
06-13 20:05:08.261 11123 11123 D ResourcesManager: For user 0 new overlays fetched Null
06-13 20:05:08.261 11123 11123 I InjectionManager: Inside getClassLibPath caller
06-13 20:05:08.271 11111 11111 D ContentApp: create cache if media mounted.. media : mounted
06-13 20:05:08.291 11111 11111 W System.err: java.lang.UnsatisfiedLinkError: dalvik.system.PathClassLoader[DexPathList[[zip file "/system/priv-app/SecMediaProvider/SecMediaProvider.apk"],nativeLibraryDirectories=[/system/priv-app/SecMediaProvider/lib/arm64, /vendor/lib64, /system/lib64]]] couldn't find "libfacerecognition.so"
06-13 20:05:08.311 11111 11111 W System.err: at java.lang.Runtime.loadLibrary(Runtime.java:367)
06-13 20:05:08.311 11111 11111 W System.err: at java.lang.System.loadLibrary(System.java:1076)
06-13 20:05:08.311 11111 11111 W System.err: at com.android.providers.media.ContentApp.setFaceCache(ContentApp.java:113)
06-13 20:05:08.311 11111 11111 W System.err: at com.android.providers.media.ContentApp.createCacheIfMediaMounted(ContentApp.java:100)
06-13 20:05:08.311 11111 11111 W System.err: at com.android.providers.media.ContentApp.(ContentApp.java:94)
06-13 20:05:08.311 11111 11111 W System.err: at com.android.providers.media.MediaProvider.onCreate(MediaProvider.java:1729)
06-13 20:05:08.311 11111 11111 W System.err: at android.content.ContentProvider.attachInfo(ContentProvider.java:1789)
06-13 20:05:08.311 11111 11111 W System.err: at android.content.ContentProvider.attachInfo(ContentProvider.java:1764)
06-13 20:05:08.311 11111 11111 W System.err: at android.app.ActivityThread.installProvider(ActivityThread.java:6767)
06-13 20:05:08.311 11111 11111 W System.err: at android.app.ActivityThread.installContentProviders(ActivityThread.java:6362)
06-13 20:05:08.311 11111 11111 W System.err: at android.app.ActivityThread.handleBindApplication(ActivityThread.java:6302)
06-13 20:05:08.311 11111 11111 W System.err: at android.app.ActivityThread.access$1800(ActivityThread.java:222)
06-13 20:05:08.311 11111 11111 W System.err: at android.app.ActivityThread$H.handleMessage(ActivityThread.java:1861)
06-13 20:05:08.311 11111 11111 W System.err: at android.os.Handler.dispatchMessage(Handler.java:102)
06-13 20:05:08.311 11111 11111 W System.err: at android.os.Looper.loop(Looper.java:158)
06-13 20:05:08.311 11111 11111 W System.err: at android.app.ActivityThread.main(ActivityThread.java:7229)
06-13 20:05:08.311 11111 11111 W System.err: at java.lang.reflect.Method.invoke(Native Method)
06-13 20:05:08.311 11111 11111 W System.err: at com.android.internal.os.ZygoteInit$MethodAndArgsCaller.run(ZygoteInit.java:1230)
06-13 20:05:08.311 11111 11111 W System.err: at com.android.internal.os.ZygoteInit.main(ZygoteInit.java:1120)
06-13 20:05:08.311 11111 11111 D MediaProvider: new PersonDataBaseHelper()
06-13 20:05:08.351 11111 11111 D MediaScanner: Scanner initMutex res = 0
06-13 20:05:08.351 11123 11123 D ACRA : ACRA init; reportURL: https://www.facebook.com/mobile/generic_android_crash_logs/659091980805095
06-13 20:05:08.361 11123 11123 D ACRA : ACRA is enabled for com.facebook.appmanager, intializing...
06-13 20:05:08.371 11111 11111 D VolumeInfo: VolumeInfo from Parcel: id private ,type 1 ,disk null
06-13 20:05:08.371 11111 11111 D VolumeInfo: VolumeInfo from Parcel: id emulated ,type 2 ,disk null
06-13 20:05:08.371 11111 11111 D VolumeInfo: VolumeInfo from Parcel: id privatemode ,type 0 ,disk null
06-13 20:05:08.391 10218 10350 I VrApi : FPS=60,Prd=51ms,Tear=0,Early=60,Stale=0,VSnc=1,Lat=1,CPU4/GPU=2/2,800/420MHz,OC=FF,TA=F0/F0/F0/F0,SP=F/F/F/F,Mem=1264MHz,Free=207MB,PSM=0,PLS=0,Temp=29.4C/27.5C
06-13 20:05:08.431 11123 11123 V fb-UnpackingSoSource: locked dso store /data/user/0/com.facebook.appmanager/lib-main
06-13 20:05:08.441 11123 11123 I fb-UnpackingSoSource: dso store is up-to-date: /data/user/0/com.facebook.appmanager/lib-main
06-13 20:05:08.441 11123 11123 V fb-UnpackingSoSource: releasing dso store lock for /data/user/0/com.facebook.appmanager/lib-main
06-13 20:05:08.541 11111 11111 D MediaProvider: Attached volume: external
06-13 20:05:08.581 11123 11123 W com.facebook.appmanager:cn: Verify
06-13 20:05:08.591 11111 11111 D InjectionManager: InjectionManager
06-13 20:05:08.591 11111 11111 D InjectionManager: fillFeatureStoreMap com.android.providers.downloads
06-13 20:05:08.591 11111 11111 I InjectionManager: Constructor com.android.providers.downloads, Feature store :{}
06-13 20:05:08.591 11111 11111 I InjectionManager: featureStore :{}
06-13 20:05:08.641 11123 11123 D InjectionManager: InjectionManager
06-13 20:05:08.641 11123 11123 D InjectionManager: fillFeatureStoreMap com.facebook.appmanager
06-13 20:05:08.641 11123 11123 I InjectionManager: Constructor com.facebook.appmanager, Feature store :{}
06-13 20:05:08.641 11123 11123 I InjectionManager: featureStore :{}
06-13 20:05:08.661 3534 4038 I ActivityManager: Process com.facebook.appmanager (pid 11123)(adj 9) has died(75,131)
06-13 20:05:08.661 3534 4038 D ActivityManager: isAutoRunBlockedApp:: com.facebook.appmanager, Auto Run ON
06-13 20:05:08.661 3534 4038 W ContextImpl: Calling a method in the system process without a qualified user: android.app.ContextImpl.sendBroadcast:830 com.android.server.am.ActivityManagerService.updateOomAdjLocked:26625 com.android.server.am.ActivityManagerService.appDiedLocked:7549 com.android.server.am.ActivityManagerService$AppDeathRecipient.binderDied:1910 android.os.BinderProxy.sendDeathNotice:558
06-13 20:05:08.751 3534 4081 D SecContentProvider2: query(), uri = 15 selection = getAppBlockDownloadState
06-13 20:05:08.771 11111 11111 D ContentApp: LEVEL : 0
06-13 20:05:08.911 10218 10346 W TimeWarp: VSync 394467: Eye=0,late=0.0ms,over=0.1ms,CPU=0.4ms,GPU=9.6ms,Tot=10.1ms
06-13 20:05:09.031 3534 4093 I ActivityManager: Process android.process.media (pid 11111)(adj 9) has died(76,133)
06-13 20:05:09.031 3534 4093 D ActivityManager: isAutoRunBlockedApp:: com.android.providers.downloads, Auto Run ON
06-13 20:05:09.031 3534 4093 W ContextImpl: Calling a method in the system process without a qualified user: android.app.ContextImpl.sendBroadcast:830 com.android.server.am.ActivityManagerService.updateOomAdjLocked:26625 com.android.server.am.ActivityManagerService.appDiedLocked:7549 com.android.server.am.ActivityManagerService$AppDeathRecipient.binderDied:1910 android.os.BinderProxy.sendDeathNotice:558
06-13 20:05:09.201 10218 10312 I OVR : DeviceManagerThread - event 47 (500Hz) (Tid=10312)
06-13 20:05:09.271 3534 3545 I art : Background partial concurrent mark sweep GC freed 47568(2MB) AllocSpace objects, 37(740KB) LOS objects, 28% free, 41MB/57MB, paused 2.547ms total 491.902ms
06-13 20:05:09.381 10218 10350 I VrApi : FPS=60,Prd=51ms,Tear=1,Early=60,Stale=0,VSnc=1,Lat=1,CPU4/GPU=2/2,900/420MHz,OC=FF,TA=F0/F0/F0/F0,SP=F/F/F/F,Mem=1264MHz,Free=211MB,PSM=0,PLS=0,Temp=29.4C/27.0C
06-13 20:05:10.201 10218 10312 I OVR : DeviceManagerThread - event 47 (500Hz) (Tid=10312)
06-13 20:05:10.381 10218 10350 I VrApi : FPS=60,Prd=51ms,Tear=1,Early=59,Stale=0,VSnc=1,Lat=1,CPU4/GPU=2/2,800/420MHz,OC=FF,TA=F0/F0/F0/F0,SP=F/F/F/F,Mem=1026MHz,Free=209MB,PSM=0,PLS=0,Temp=29.4C/27.0C
06-13 20:05:10.531 10218 10346 W TimeWarp: VSync 394564: Eye=0,late=0.0ms,over=0.0ms,CPU=0.4ms,GPU=9.5ms,Tot=10.0ms
06-13 20:05:10.601 11140 11140 E Zygote : v2
06-13 20:05:10.601 11140 11140 I libpersona: KNOX_SDCARD checking this for 10182
06-13 20:05:10.601 11140 11140 I libpersona: KNOX_SDCARD not a persona
06-13 20:05:10.601 11140 11140 I SELinux : Function: selinux_compare_spd_ram, index[1], SPD-policy is existed. and_ver=SEPF_SECMOBILE_6.0.1 ver=11
06-13 20:05:10.601 3534 3618 I ActivityManager: Start proc 11140:com.sec.android.app.SmartClipService/u0a182 for service com.sec.android.app.SmartClipService/com.samsung.android.service.hermes.HermesServiceStarter
06-13 20:05:10.601 11140 11140 W SELinux : Function: selinux_compare_spd_ram, index[1], priority [1], priority version is VE=SEPF_SECMOBILE_6.0.1_0011
06-13 20:05:10.601 3534 4075 D NetworkPolicy: isUidForegroundLocked: 10182, mScreenOn: true, uidstate: -1, mProxSensorScreenOff: false
06-13 20:05:10.601 11140 11140 E Zygote : accessInfo : 0
06-13 20:05:10.601 11140 11140 W SELinux : SELinux: seapp_context_lookup: seinfo=platform, level=s0:c512,c768, pkgname=com.sec.android.app.SmartClipService
06-13 20:05:10.751 11140 11140 D TimaKeyStoreProvider: TimaSignature is unavailable
06-13 20:05:10.751 11140 11140 D ActivityThread: Added TimaKeyStore provider
06-13 20:05:10.781 3534 4075 D NetworkPolicy: isUidForegroundLocked: 10182, mScreenOn: true, uidstate: 10, mProxSensorScreenOff: false
06-13 20:05:10.821 11140 11140 W ResourcesManager: getTopLevelResources: /system/app/SmartClipService/SmartClipService.apk / 1.0 running in com.sec.android.app.SmartClipService rsrc of package com.sec.android.app.SmartClipService
06-13 20:05:10.831 3534 4087 I InjectionManagerService -AppFeature: getCoreFeaturePkgList :[]
06-13 20:05:10.831 11140 11140 I InjectionManager: Inside getClassLibPath + mLibMap{0=, 1=}
06-13 20:05:10.851 11140 11140 D ResourcesManager: For user 0 new overlays fetched Null
06-13 20:05:10.861 11140 11140 I InjectionManager: Inside getClassLibPath caller
06-13 20:05:10.901 11140 11140 W System : ClassLoader referenced unknown path: /system/app/SmartClipService/lib/arm64
06-13 20:05:10.961 11140 11140 D InjectionManager: InjectionManager
06-13 20:05:10.961 11140 11140 D InjectionManager: fillFeatureStoreMap com.sec.android.app.SmartClipService
06-13 20:05:10.961 11140 11140 I InjectionManager: Constructor com.sec.android.app.SmartClipService, Feature store :{}
06-13 20:05:10.961 11140 11140 I InjectionManager: featureStore :{}
06-13 20:05:11.201 10218 10312 I OVR : DeviceManagerThread - event 47 (500Hz) (Tid=10312)
06-13 20:05:11.381 10218 10350 I VrApi : FPS=60,Prd=51ms,Tear=0,Early=60,Stale=0,VSnc=1,Lat=1,CPU4/GPU=2/2,800/420MHz,OC=FF,TA=F0/F0/F0/F0,SP=F/F/F/F,Mem=1264MHz,Free=205MB,PSM=0,PLS=0,Temp=29.4C/27.0C
06-13 20:05:12.211 10218 10312 I OVR : DeviceManagerThread - event 47 (498Hz) (Tid=10312)
06-13 20:05:12.381 10218 10350 I VrApi : FPS=59,Prd=51ms,Tear=1,Early=59,Stale=0,VSnc=1,Lat=1,CPU4/GPU=2/2,800/420MHz,OC=FF,TA=F0/F0/F0/F0,SP=F/F/F/F,Mem=1026MHz,Free=203MB,PSM=0,PLS=0,Temp=29.4C/27.0C
06-13 20:05:12.661 3097 3097 I ServiceManager: service 'samsung.smartfaceservice' died
06-13 20:05:12.671 3534 4083 V CoverManager.StateNotifier: binderDied : binder = android.os.BinderProxy@f3b8479
06-13 20:05:12.671 3534 4031 I ActivityManager: Process com.samsung.android.smartface (pid 11069)(adj 8) has died(75,125)
06-13 20:05:12.671 3534 4031 D ActivityManager: isAutoRunBlockedApp:: com.samsung.android.smartface, Auto Run ON
06-13 20:05:12.671 3534 4031 W ActivityManager: Scheduling restart of crashed service com.samsung.android.smartface/.SmartFaceServiceStarter in 47902ms
06-13 20:05:12.981 3534 6514 D SSRM:n : SIOP:: AP = 470, PST = 444 (W:20), CP = 296, CUR = 966, LCD = 18
06-13 20:05:13.211 10218 10312 I OVR : DeviceManagerThread - event 47 (496Hz) (Tid=10312)
06-13 20:05:13.381 10218 10350 I VrApi : FPS=60,Prd=51ms,Tear=0,Early=60,Stale=0,VSnc=1,Lat=1,CPU4/GPU=2/2,800/420MHz,OC=FF,TA=F0/F0/F0/F0,SP=F/F/F/F,Mem=1264MHz,Free=201MB,PSM=0,PLS=0,Temp=29.4C/27.0C
06-13 20:05:13.691 3534 4038 D BatteryService: !@BatteryListener : batteryPropertiesChanged!
06-13 20:05:13.691 10218 10218 I Vsync : Choreographer doFrame callback delayed by 4.7 milliseconds
06-13 20:05:13.691 3534 4038 D BatteryService: level:75, scale:100, status:3, health:2, present:true, voltage: 3890, temperature: 295, technology: Li-ion, AC powered:false, USB powered:false, POGO powered:false, Wireless powered:false, icon:17303431, invalid charger:0, maxChargingCurrent:0
06-13 20:05:13.691 3534 4038 D BatteryService: online:15, current avg:-910, charge type:0, power sharing:false, high voltage charger:false, capacity:280000, batterySWSelfDischarging:false, current_now:-875
06-13 20:05:13.691 3534 3534 D BatteryService: Sending ACTION_BATTERY_CHANGED.
06-13 20:05:13.701 3097 3097 I ServiceManager: service 'hermesservice' died
06-13 20:05:13.711 4213 4213 D KeyguardUpdateMonitor: received broadcast android.intent.action.BATTERY_CHANGED
06-13 20:05:13.711 3534 3534 I MotionRecognitionService: On Battery, 0
06-13 20:05:13.711 3534 3534 D MotionRecognitionService: cableConnection= 0
06-13 20:05:13.711 4213 4213 D PowerUI : priorPlugType = 0 mPlugType = 0
06-13 20:05:13.711 4213 4213 D KeyguardUpdateMonitor: handleBatteryUpdate
06-13 20:05:13.721 3534 4020 I ActivityManager: Process com.sec.android.app.SmartClipService (pid 11140)(adj 8) has died(73,127)
06-13 20:05:13.721 3534 4020 D ActivityManager: isAutoRunBlockedApp:: com.sec.android.app.SmartClipService, Auto Run ON
06-13 20:05:13.731 3534 4020 W ActivityManager: Scheduling restart of crashed service com.sec.android.app.SmartClipService/com.samsung.android.service.hermes.HermesServiceStarter in 56845ms
06-13 20:05:13.751 10218 10218 I OVRPlugin: nativeBatteryEvent(3, 75, 295)
06-13 20:05:13.781 9460 9460 D VRSVC : (BatteryEvent.java:72) onReceive [intent action=android.intent.action.BATTERY_CHANGED isInitialStickyBroadcast=false]
06-13 20:05:13.781 9460 9460 V VRSVC : (BatteryEvent.java:86) yTqX [handleIntentBattery batteryLevel=75 batteryStatus=3 batteryPlugged=0 batteryTemperature=295]
06-13 20:05:13.791 9460 9460 D VRSVC : (SamsungDiagnosticEvent.java:256) onReceive [intent action=android.intent.action.BATTERY_CHANGED isInitialStickyBroadcast=false]
06-13 20:05:13.791 4213 4213 D BatteryMeterView: ACTION_BATTERY_CHANGED : level:75 status:3 health:2
06-13 20:05:13.791 4213 4213 D BatteryMeterView: ACTION_BATTERY_CHANGED : level:75 status:3 health:2
06-13 20:05:14.201 10218 10218 I Vsync : Vsync 394784: Choreographer: 1 x 14.81 ms (59.90 Hz, at 6674.860)
06-13 20:05:14.221 10218 10312 I OVR : DeviceManagerThread - event 47 (496Hz) (Tid=10312)
06-13 20:05:14.241 10218 10218 I Vsync : Vsync 394786: Choreographer: 1 x 18.61 ms (59.96 Hz, at 6674.893)
06-13 20:05:14.381 10218 10350 I VrApi : FPS=60,Prd=51ms,Tear=0,Early=59,Stale=0,VSnc=1,Lat=1,CPU4/GPU=2/2,800/420MHz,OC=FF,TA=F0/F0/F0/F0,SP=F/F/F/F,Mem=1264MHz,Free=203MB,PSM=0,PLS=0,Temp=29.5C/27.0C
06-13 20:05:15.221 10218 10312 I OVR : DeviceManagerThread - event 47 (500Hz) (Tid=10312)
06-13 20:05:15.381 10218 10350 I VrApi : FPS=60,Prd=51ms,Tear=0,Early=59,Stale=0,VSnc=1,Lat=1,CPU4/GPU=2/2,800/420MHz,OC=FF,TA=F0/F0/F0/F0,SP=F/F/F/F,Mem=1026MHz,Free=201MB,PSM=0,PLS=0,Temp=29.5C/27.0C
06-13 20:05:16.221 10218 10312 I OVR : DeviceManagerThread - event 47 (500Hz) (Tid=10312)
06-13 20:05:16.381 10218 10350 I VrApi : FPS=60,Prd=51ms,Tear=0,Early=60,Stale=0,VSnc=1,Lat=1,CPU4/GPU=2/2,900/420MHz,OC=FF,TA=F0/F0/F0/F0,SP=F/F/F/F,Mem=1026MHz,Free=199MB,PSM=0,PLS=0,Temp=29.5C/27.5C
06-13 20:05:16.761 10218 10218 I Vsync : Vsync 394937: Choreographer: 1 x 16.18 ms (59.93 Hz, at 6677.413)
06-13 20:05:16.781 10218 10346 W TimeWarp: VSync 394938: Eye=1,late=0.0ms,over=0.0ms,CPU=0.4ms,GPU=8.1ms,Tot=8.5ms
06-13 20:05:16.801 3534 4065 I ActivityManager: Process com.microsoft.office.word (pid 10701)(adj 8) has died(74,125)
06-13 20:05:16.801 3534 4065 D ActivityManager: isAutoRunBlockedApp:: com.microsoft.office.word, Auto Run ON
06-13 20:05:16.801 3534 4065 W ActivityManager: Scheduling restart of crashed service com.microsoft.office.word/com.microsoft.office.preinstallservice.PreInstallService in 63766ms
06-13 20:05:16.851 3534 4038 I ActivityManager: Process com.samsung.android.fmm (pid 10924)(adj 5) has died(77,125)
06-13 20:05:16.851 3534 4038 D ActivityManager: isAutoRunBlockedApp:: com.samsung.android.fmm, Auto Run ON
06-13 20:05:16.851 3534 4038 W ActivityManager: Scheduling restart of crashed service com.samsung.android.fmm/com.fmm.dm.XDMService in 73717ms
06-13 20:05:17.231 10218 10312 I OVR : DeviceManagerThread - event 47 (497Hz) (Tid=10312)
06-13 20:05:17.331 10218 10218 I Vsync : Choreographer doFrame callback delayed by 4.1 milliseconds
06-13 20:05:17.381 10218 10350 I VrApi : FPS=60,Prd=51ms,Tear=0,Early=59,Stale=0,VSnc=1,Lat=1,CPU4/GPU=2/2,800/420MHz,OC=FF,TA=F0/F0/F0/F0,SP=F/F/F/F,Mem=1026MHz,Free=203MB,PSM=0,PLS=0,Temp=29.5C/27.0C
06-13 20:05:17.861 10218 10218 I Vsync : Vsync 395003: Choreographer: 1 x 14.97 ms (59.90 Hz, at 6678.514)
06-13 20:05:17.881 10218 10218 I Vsync : Vsync 395004: Choreographer: 1 x 18.34 ms (59.90 Hz, at 6678.533)
06-13 20:05:18.231 10218 10312 I OVR : DeviceManagerThread - event 47 (498Hz) (Tid=10312)
06-13 20:05:18.381 10218 10350 I VrApi : FPS=60,Prd=50ms,Tear=1,Early=60,Stale=0,VSnc=1,Lat=1,CPU4/GPU=2/2,800/420MHz,OC=FF,TA=F0/F0/F0/F0,SP=F/F/F/F,Mem=1026MHz,Free=201MB,PSM=0,PLS=0,Temp=29.5C/27.0C
06-13 20:05:18.561 10218 10346 W TimeWarp: VSync 395045: Eye=0,late=0.0ms,over=0.0ms,CPU=0.4ms,GPU=11.0ms,Tot=11.5ms
06-13 20:05:19.231 10218 10312 I OVR : DeviceManagerThread - event 47 (498Hz) (Tid=10312)
06-13 20:05:19.241 10218 10346 W TimeWarp: VSync 395086: Eye=0,late=0.0ms,over=1.8ms,CPU=0.5ms,GPU=3.3ms,Tot=5.6ms
06-13 20:05:19.381 10218 10350 I VrApi : FPS=60,Prd=50ms,Tear=0,Early=60,Stale=0,VSnc=1,Lat=1,CPU4/GPU=2/2,800/420MHz,OC=FF,TA=F0/F0/F0/F0,SP=F/F/F/F,Mem=1026MHz,Free=198MB,PSM=0,PLS=0,Temp=29.5C/27.0C
06-13 20:05:19.581 3534 4065 V AlarmManager: remove PendingIntent] PendingIntent{57f5b2a: PendingIntentRecord{513f6d7 com.oculus.horizon broadcastIntent}}
06-13 20:05:19.631 10300 10547 I System.out: (HTTPLog)-Static: isSBSettingEnabled false
06-13 20:05:19.631 10300 10547 I System.out: (HTTPLog)-Static: isSBSettingEnabled false
06-13 20:05:19.641 3112 3755 D EnterpriseController: netId is 0
06-13 20:05:19.641 3112 3755 D Netd : getNetworkForDns: using netid 502 for uid 10221
06-13 20:05:19.691 3534 4072 I ActivityManager: Process com.microsoft.skydrive (pid 30137)(adj 5) has died(74,125)
06-13 20:05:19.701 3534 4072 D ActivityManager: isAutoRunBlockedApp:: com.microsoft.skydrive, Auto Run ON
06-13 20:05:19.701 3534 4072 W ActivityManager: Scheduling restart of crashed service com.microsoft.skydrive/.task.TaskService in 80875ms
06-13 20:05:19.701 3534 4072 W ActivityManager: Scheduling restart of crashed service com.microsoft.skydrive/.upload.AsyncMoveService in 90875ms
06-13 20:05:19.701 3534 4072 W ActivityManager: Scheduling restart of crashed service com.microsoft.skydrive/.updateuserinfo.UpdateUserInfoService in 100875ms
06-13 20:05:19.701 3534 4072 W ActivityManager: Scheduling restart of crashed service com.microsoft.skydrive/.upload.AutoUploadService in 100875ms
06-13 20:05:19.701 3534 4072 W ActivityManager: Scheduling restart of crashed service com.microsoft.skydrive/.streamcache.service.UpdateMetadataForOfflineFilesService in 110874ms
06-13 20:05:19.701 3534 4072 W ActivityManager: Scheduling restart of crashed service com.microsoft.skydrive/.upload.ModalUploadService in 110874ms
06-13 20:05:19.701 3534 4072 W ActivityManager: Scheduling restart of crashed service com.microsoft.skydrive/.upload.ManualUploadService in 120874ms
06-13 20:05:19.771 10218 10346 W TimeWarp: VSync 395117: Eye=1,late=0.0ms,over=0.0ms,CPU=0.4ms,GPU=8.3ms,Tot=8.8ms
06-13 20:05:19.871 30218 31830 D MdnsClient: Multicast lock held. Releasing
06-13 20:05:20.241 10218 10312 I OVR : DeviceManagerThread - event 47 (498Hz) (Tid=10312)
06-13 20:05:20.301 3534 4439 E Watchdog: !@Sync 222 [06-13 20:05:20.316]
06-13 20:05:20.381 10218 10350 I VrApi : FPS=60,Prd=50ms,Tear=1,Early=59,Stale=0,VSnc=1,Lat=1,CPU4/GPU=2/2,900/420MHz,OC=FF,TA=F0/F0/F0/F0,SP=F/F/F/F,Mem=1264MHz,Free=202MB,PSM=0,PLS=0,Temp=29.5C/27.0C
06-13 20:05:20.591 11158 11158 E Zygote : v2
06-13 20:05:20.591 3534 3618 I ActivityManager: Start proc 11158:com.sec.spp.push/u0a37 for service com.sec.spp.push/.PushClientService
06-13 20:05:20.591 3534 4075 D NetworkPolicy: isUidForegroundLocked: 10037, mScreenOn: true, uidstate: -1, mProxSensorScreenOff: false
06-13 20:05:20.591 11158 11158 I libpersona: KNOX_SDCARD checking this for 10037
06-13 20:05:20.591 11158 11158 I libpersona: KNOX_SDCARD not a persona
06-13 20:05:20.591 11158 11158 I SELinux : Function: selinux_compare_spd_ram, index[1], SPD-policy is existed. and_ver=SEPF_SECMOBILE_6.0.1 ver=11
06-13 20:05:20.601 11158 11158 W SELinux : Function: selinux_compare_spd_ram, index[1], priority [1], priority version is VE=SEPF_SECMOBILE_6.0.1_0011
06-13 20:05:20.601 11158 11158 E Zygote : accessInfo : 0
06-13 20:05:20.601 11158 11158 W SELinux : SELinux: seapp_context_lookup: seinfo=samsung, level=s0:c512,c768, pkgname=com.sec.spp.push
06-13 20:05:20.611 3534 3618 I ActivityManager: Start proc 11168:com.oculus.home/u0a221 for broadcast-3 com.oculus.home/com.oculus.appmanager.util.WakeupReceiver
06-13 20:05:20.611 11168 11168 E Zygote : v2
06-13 20:05:20.611 11168 11168 I libpersona: KNOX_SDCARD checking this for 10221
06-13 20:05:20.611 11168 11168 I libpersona: KNOX_SDCARD not a persona
06-13 20:05:20.611 11168 11168 I SELinux : Function: selinux_compare_spd_ram, index[1], SPD-policy is existed. and_ver=SEPF_SECMOBILE_6.0.1 ver=11
06-13 20:05:20.621 11168 11168 W SELinux : Function: selinux_compare_spd_ram, index[1], priority [1], priority version is VE=SEPF_SECMOBILE_6.0.1_0011
06-13 20:05:20.621 11168 11168 E Zygote : accessInfo : 0
06-13 20:05:20.621 11168 11168 W SELinux : SELinux: seapp_context_lookup: seinfo=default, level=s0:c512,c768, pkgname=com.oculus.home
06-13 20:05:20.741 11158 11158 D TimaKeyStoreProvider: TimaSignature is unavailable
06-13 20:05:20.741 11158 11158 D ActivityThread: Added TimaKeyStore provider
06-13 20:05:20.791 3534 4075 D NetworkPolicy: isUidForegroundLocked: 10037, mScreenOn: true, uidstate: 10, mProxSensorScreenOff: false
06-13 20:05:20.791 3534 4075 D NetworkPolicy: isUidForegroundLocked: 10015, mScreenOn: true, uidstate: 2, mProxSensorScreenOff: false
06-13 20:05:20.791 11168 11168 D TimaKeyStoreProvider: TimaSignature is unavailable
06-13 20:05:20.801 11168 11168 D ActivityThread: Added TimaKeyStore provider
06-13 20:05:20.821 3534 4101 V BroadcastQueue: [background] Process cur broadcast BroadcastRecord{683beb8 u0 com.oculus.home.wakeup qIdx=4}, state= (APP_RECEIVE) DELIVERED for app ProcessRecord{4847491 11168:com.oculus.home/u0a221}
06-13 20:05:20.831 11158 11158 W ResourcesManager: getTopLevelResources: /data/app/com.sec.spp.push-2/base.apk / 1.0 running in com.sec.spp.push rsrc of package com.sec.spp.push
06-13 20:05:20.841 3534 4025 I InjectionManagerService -AppFeature: getCoreFeaturePkgList :[]
06-13 20:05:20.841 11158 11158 I InjectionManager: Inside getClassLibPath + mLibMap{0=, 1=}
06-13 20:05:20.861 11158 11158 D ResourcesManager: For user 0 new overlays fetched Null
06-13 20:05:20.861 11168 11168 W ResourcesManager: getTopLevelResources: /data/app/com.oculus.home-2/base.apk / 1.0 running in com.oculus.home rsrc of package com.oculus.home
06-13 20:05:20.861 11158 11158 I InjectionManager: Inside getClassLibPath caller
06-13 20:05:20.871 3534 4093 I InjectionManagerService -AppFeature: getCoreFeaturePkgList :[]
06-13 20:05:20.871 11168 11168 I InjectionManager: Inside getClassLibPath + mLibMap{0=, 1=}
06-13 20:05:20.881 11168 11168 D ResourcesManager: For user 0 new overlays fetched Null
06-13 20:05:20.881 11158 11158 W System : ClassLoader referenced unknown path: /data/app/com.sec.spp.push-2/lib/arm64
06-13 20:05:20.881 11168 11168 I InjectionManager: Inside getClassLibPath caller
06-13 20:05:20.951 11158 11158 D SPPClientService: Create
06-13 20:05:20.961 11158 11158 D InjectionManager: InjectionManager
06-13 20:05:20.961 11158 11158 D InjectionManager: fillFeatureStoreMap com.sec.spp.push
06-13 20:05:20.961 11158 11158 I InjectionManager: Constructor com.sec.spp.push, Feature store :{}
06-13 20:05:20.961 11158 11182 D SPPClientService: Create SPP
06-13 20:05:20.961 11158 11158 I InjectionManager: featureStore :{}
06-13 20:05:20.981 11158 11182 E SPPClientService: ShipBuild Binary : True
06-13 20:05:21.081 11158 11158 E SPPClientService: [[PushClientService]] SPPC Ver : 1.6.00, Server Ver : 1, Platform Ver : 23
06-13 20:05:21.101 11158 11182 W System.err: remove failed: ENOENT (No such file or directory) : /data/user/0/com.sec.spp.push/files/pushLog0.txt
06-13 20:05:21.101 11158 11182 D SPPClientService: PushLog.txt file is not deleted.
06-13 20:05:21.101 11158 11182 W System.err: remove failed: ENOENT (No such file or directory) : /data/user/0/com.sec.spp.push/files/pushLog1.txt
06-13 20:05:21.101 11158 11182 D SPPClientService: PushLog.txt file is not deleted.
06-13 20:05:21.101 11158 11182 D SPPClientService: ============PushLog. stop!
06-13 20:05:21.181 11168 11168 W StaticBindingVerifier: Verify
06-13 20:05:21.201 3534 4081 V AlarmManager: remove PendingIntent] PendingIntent{10ffff6: PendingIntentRecord{b507243 com.sec.spp.push broadcastIntent}}
06-13 20:05:21.241 10218 10312 I OVR : DeviceManagerThread - event 47 (500Hz) (Tid=10312)
06-13 20:05:21.361 11168 11168 W ResourcesManager: getTopLevelResources: /data/app/com.oculus.horizon-2/base.apk / 1.0 running in com.oculus.home rsrc of package com.oculus.horizon
06-13 20:05:21.381 10218 10350 I VrApi : FPS=60,Prd=50ms,Tear=1,Early=60,Stale=0,VSnc=1,Lat=1,CPU4/GPU=2/2,900/420MHz,OC=FF,TA=F0/F0/F0/F0,SP=F/F/F/F,Mem=1264MHz,Free=197MB,PSM=0,PLS=0,Temp=29.5C/27.0C
06-13 20:05:21.391 11168 11168 D ResourcesManager: For user 0 new overlays fetched Null
06-13 20:05:21.411 11158 11158 E SPPClientService: [[PushClientService]] intent is null
06-13 20:05:21.431 11158 11158 E SPPClientService: [[PushClientService]] F:false, D:false, E:false, T:false, S:false, R:false
06-13 20:05:21.431 11168 11168 D ACRA : ACRA init; reportURL: https://www.facebook.com/mobile/generic_android_crash_logs/1548792348668883
06-13 20:05:21.451 11168 11168 D ACRA : ACRA is enabled for com.oculus.home, intializing...
06-13 20:05:21.451 11158 11158 E SPPClientService: [a] [ConnectionManager] Connection is already disconnected.
06-13 20:05:21.561 10218 10346 W TimeWarp: VSync 395224: Eye=1,late=0.0ms,over=0.0ms,CPU=0.4ms,GPU=12.8ms,Tot=13.3ms
06-13 20:05:21.571 10218 10346 W TimeWarp: VSync 395225: Eye=0,late=5.1ms,over=0.0ms,CPU=0.4ms,GPU=5.3ms,Tot=10.8ms
06-13 20:05:21.691 3534 4038 I ActivityManager: Process com.sec.spp.push (pid 11158)(adj 5) has died(74,121)
06-13 20:05:21.691 3534 4038 D ActivityManager: isAutoRunBlockedApp:: com.sec.spp.push, Auto Run ON
06-13 20:05:21.691 3534 4038 W ActivityManager: Scheduling restart of crashed service com.sec.spp.push/.log.collector.PushClientLogCollectService in 128879ms
06-13 20:05:21.691 3534 4038 W ActivityManager: Scheduling restart of crashed service com.sec.spp.push/.PushClientService in 128879ms
06-13 20:05:21.721 11168 11189 I stetho : Listening on @stetho_com.oculus.home_devtools_remote
06-13 20:05:21.931 11168 11168 W ResourcesManager: getTopLevelResources: /data/app/com.oculus.horizon-2/base.apk / 1.0 running in com.oculus.home rsrc of package com.oculus.horizon
06-13 20:05:21.931 11168 11168 D ResourcesManager: For user 0 new overlays fetched Null
06-13 20:05:22.061 11168 11193 W ResourcesManager: getTopLevelResources: /data/app/com.oculus.home-2/base.apk / 1.0 running in com.oculus.home rsrc of package com.oculus.home
06-13 20:05:22.061 11168 11192 V DefaultAnalyticsLogger: New event {"name":"moonlight_cold_start","time":"1465855521.870","extra":{"app_locale":"pt_BR","device_locale":"en_US","build_model":"SM-N920G","build_id":"MMB29K","build_brand":"samsung","build_sdk_int":23,"build_fingerprint":"samsung\/noblelteub\/noblelte:6.0.1\/MMB29K\/N920GUBU2BPD2:user\/release-keys","device_time_zone":"America\/Noronha","external_storage":"mounted","email":"marcio@digitalkey.com.br","id":"790537834377045","endpoint_host":"https:\/\/graph.oculus.com","imei":"354472070034882","pk":"0"}}.
06-13 20:05:22.131 11168 11168 D LibraryMemoryCacheManager: Clear memory cache.
06-13 20:05:22.141 11168 11168 D InjectionManager: InjectionManager
06-13 20:05:22.141 11168 11168 D InjectionManager: fillFeatureStoreMap com.oculus.home
06-13 20:05:22.141 11168 11168 I InjectionManager: Constructor com.oculus.home, Feature store :{}
06-13 20:05:22.141 11168 11168 I InjectionManager: featureStore :{}
06-13 20:05:22.151 11198 11198 E Zygote : v2
06-13 20:05:22.151 11198 11198 I libpersona: KNOX_SDCARD checking this for 10045
06-13 20:05:22.151 11198 11198 I libpersona: KNOX_SDCARD not a persona
06-13 20:05:22.161 3534 4093 I ActivityManager: Start proc 11198:android.process.media/u0a45 for content provider com.android.providers.downloads/.DownloadProvider
06-13 20:05:22.161 3534 4075 D NetworkPolicy: isUidForegroundLocked: 10045, mScreenOn: true, uidstate: -1, mProxSensorScreenOff: false
06-13 20:05:22.161 11198 11198 I SELinux : Function: selinux_compare_spd_ram, index[1], SPD-policy is existed. and_ver=SEPF_SECMOBILE_6.0.1 ver=11
06-13 20:05:22.171 11198 11198 W SELinux : Function: selinux_compare_spd_ram, index[1], priority [1], priority version is VE=SEPF_SECMOBILE_6.0.1_0011
06-13 20:05:22.171 11198 11198 E Zygote : accessInfo : 0
06-13 20:05:22.171 11198 11198 W SELinux : SELinux: seapp_context_lookup: seinfo=media, level=s0:c512,c768, pkgname=android.process.media
06-13 20:05:22.211 11168 11197 D LibraryMemoryCacheManager: Set entries called with model size: 19.
06-13 20:05:22.211 11168 11197 D LibraryProductModelUtil: Package name 813714398719210.
06-13 20:05:22.211 11168 11197 D LibraryProductModelUtil: Not installed.
06-13 20:05:22.211 11168 11197 D LibraryProductModelUtil: Creating new list for category: NOT_INSTALLED_CATEGORY_PLACEHOLDER_ID.
06-13 20:05:22.211 11168 11197 D LibraryProductModelUtil: Package name com.ArtFire.CosmosWarfare.
06-13 20:05:22.211 11168 11197 D LibraryProductModelUtil: Creating new list for category: GAMES.
06-13 20:05:22.211 11168 11197 D LibraryProductModelUtil: Package name com.CubicleNinjas.GMVRMobile.
06-13 20:05:22.211 11168 11197 D LibraryProductModelUtil: Creating new list for category: APPS.
06-13 20:05:22.211 11168 11197 D LibraryProductModelUtil: Package name com.VRARLab.SpeechCenter.
06-13 20:05:22.211 11168 11197 D LibraryProductModelUtil: Package name com.ccpgames.gunjack.
06-13 20:05:22.211 11168 11197 D LibraryProductModelUtil: Package name com.climaxstudios.BanditSix.
