06-13 20:05:44.091 3534 4038 V AlarmManager: remove PendingIntent] PendingIntent{ade5d7: PendingIntentRecord{5620b52 com.android.bluetooth broadcastIntent}}
06-13 20:05:44.101 3534 4060 V AlarmManager: remove PendingIntent] PendingIntent{15c8ec4: PendingIntentRecord{5620b52 com.android.bluetooth broadcastIntent}}
06-13 20:05:44.101 3534 4072 V AlarmManager: remove PendingIntent] PendingIntent{780b1ad: PendingIntentRecord{5620b52 com.android.bluetooth broadcastIntent}}
06-13 20:05:44.111 3534 4025 V AlarmManager: remove PendingIntent] PendingIntent{c010873: PendingIntentRecord{5620b52 com.android.bluetooth broadcastIntent}}
06-13 20:05:44.111 5184 5308 D BtGatt.GattService: [GSIM LOG]: com.samsung.android.beaconmanager@Custom, R time : 158 => 177
06-13 20:05:44.111 3534 4031 V AlarmManager: remove PendingIntent] PendingIntent{8f5d330: PendingIntentRecord{5620b52 com.android.bluetooth broadcastIntent}}
06-13 20:05:44.121 3534 4087 V AlarmManager: remove PendingIntent] PendingIntent{e23bba9: PendingIntentRecord{5620b52 com.android.bluetooth broadcastIntent}}
06-13 20:05:44.131 5184 5308 D BtGatt.GattService: [GSIM LOG]: com.samsung.android.beaconmanager@Custom, A time : 158 => 177
06-13 20:05:44.131 5184 5308 D BtGatt.GattService: [GSIM LOG]: remove : com.samsung.android.beaconmanager at BLE_SCAN_ACTUAL_DB
06-13 20:05:44.131 5184 5308 D BtGatt.GattService: [GSIM LOG]: remove : com.samsung.android.beaconmanager at BLE_SCAN_REQUESTED_DB
06-13 20:05:44.141 3534 3534 I MotionRecognitionService: On Battery, 0
06-13 20:05:44.141 3534 3534 D MotionRecognitionService: cableConnection= 0
06-13 20:05:44.171 4213 4213 D BatteryMeterView: ACTION_BATTERY_CHANGED : level:74 status:3 health:2
06-13 20:05:44.181 4213 4213 D BatteryMeterView: ACTION_BATTERY_CHANGED : level:74 status:3 health:2
06-13 20:05:44.181 4213 4213 D KeyguardUpdateMonitor: handleBatteryUpdate
06-13 20:05:44.201 30954 31127 W ctxmgr : [AclManager]checkPermissionTypeStatus: no inject permission for { uid=10015, packageName=com.google.android.gms }. Returned permission was: PACKAGE_NOT_WHITELISTED for context name=POWER_CONNECTION, account=account#-517948760#
06-13 20:05:44.201 30954 31127 W ctxmgr : [AclManager]checkPermissionTypeStatus: no inject permission for { uid=10015, packageName=com.google.android.gms }. Returned permission was: PACKAGE_NOT_WHITELISTED for context name=POWER_CONNECTION, account=account#-517948760#
06-13 20:05:44.221 30954 30954 E ctxmgr : [PowerConnectionProducer]Could not write powerInfo=Plug state: 1 BatteryLevel: 0.74, status=Status{statusCode=unknown status code: 7503, resolution=null}
06-13 20:05:44.291 10218 10312 I OVR : DeviceManagerThread - event 47 (496Hz) (Tid=10312)
06-13 20:05:44.301 3534 6514 D SSRM:n : SIOP:: AP = 460, PST = 452 (W:18), CP = 299, CUR = 917, LCD = 18
06-13 20:05:44.401 10218 10350 I VrApi : FPS=60,Prd=51ms,Tear=0,Early=60,Stale=0,VSnc=1,Lat=1,CPU4/GPU=2/2,1000/420MHz,OC=FF,TA=F0/F0/F0/F0,SP=F/F/F/F,Mem=1264MHz,Free=182MB,PSM=0,PLS=0,Temp=29.6C/27.5C
06-13 20:05:44.461 3534 6514 D ConnectivityService: returning getNetworkInfo for network type 1 : [type: WIFI[] - WIFI, state: CONNECTED/CONNECTED, reason: (unspecified), extra: "DigitalKey_Wifi_2", roaming: false, failover: false, isAvailable: true]
06-13 20:05:44.641 10218 10346 W TimeWarp: VSync 396607: Eye=0,late=0.0ms,over=0.0ms,CPU=0.4ms,GPU=8.9ms,Tot=9.4ms
06-13 20:05:45.291 10218 10312 I OVR : DeviceManagerThread - event 47 (500Hz) (Tid=10312)
06-13 20:05:45.381 10218 10350 I VrApi : FPS=58,Prd=51ms,Tear=3,Early=55,Stale=3,VSnc=1,Lat=1,CPU4/GPU=2/2,800/420MHz,OC=FF,TA=F0/F0/F0/F0,SP=F/F/F/F,Mem=1264MHz,Free=178MB,PSM=0,PLS=0,Temp=29.6C/27.0C
06-13 20:05:45.761 10218 10346 W TimeWarp: VSync 396674: Eye=0,late=0.0ms,over=0.0ms,CPU=0.4ms,GPU=8.3ms,Tot=8.8ms
06-13 20:05:45.851 10218 10346 W TimeWarp: VSync 396679: Eye=0,late=0.0ms,over=0.0ms,CPU=0.4ms,GPU=9.7ms,Tot=10.1ms
06-13 20:05:45.861 10218 10346 W TimeWarp: VSync 396680: Eye=0,late=0.0ms,over=0.0ms,CPU=0.4ms,GPU=10.5ms,Tot=10.9ms
06-13 20:05:46.291 10218 10312 I OVR : DeviceManagerThread - event 47 (498Hz) (Tid=10312)
06-13 20:05:46.381 10218 10350 I VrApi : FPS=58,Prd=51ms,Tear=1,Early=57,Stale=2,VSnc=1,Lat=1,CPU4/GPU=2/2,800/420MHz,OC=FF,TA=F0/F0/F0/F0,SP=F/F/F/F,Mem=1264MHz,Free=177MB,PSM=0,PLS=0,Temp=29.6C/27.5C
06-13 20:05:47.291 10218 10312 I OVR : DeviceManagerThread - event 47 (500Hz) (Tid=10312)
06-13 20:05:47.381 10218 10350 I VrApi : FPS=60,Prd=51ms,Tear=3,Early=60,Stale=0,VSnc=1,Lat=1,CPU4/GPU=2/2,800/420MHz,OC=FF,TA=F0/F0/F0/F0,SP=F/F/F/F,Mem=1026MHz,Free=176MB,PSM=0,PLS=0,Temp=29.6C/27.5C
06-13 20:05:48.291 10218 10312 I OVR : DeviceManagerThread - event 47 (498Hz) (Tid=10312)
06-13 20:05:48.381 10218 10350 I VrApi : FPS=60,Prd=51ms,Tear=0,Early=60,Stale=0,VSnc=1,Lat=1,CPU4/GPU=2/2,800/420MHz,OC=FF,TA=F0/F0/F0/F0,SP=F/F/F/F,Mem=1026MHz,Free=175MB,PSM=0,PLS=0,Temp=29.6C/27.5C
06-13 20:05:49.301 10218 10312 I OVR : DeviceManagerThread - event 47 (498Hz) (Tid=10312)
06-13 20:05:49.381 10218 10350 I VrApi : FPS=59,Prd=51ms,Tear=0,Early=59,Stale=0,VSnc=1,Lat=1,CPU4/GPU=2/2,800/420MHz,OC=FF,TA=F0/F0/F0/F0,SP=F/F/F/F,Mem=1026MHz,Free=174MB,PSM=0,PLS=0,Temp=29.6C/27.5C
06-13 20:05:49.831 10218 10218 I Vsync : Vsync 396918: Choreographer: 1 x 15.88 ms (59.89 Hz, at 6710.490)
06-13 20:05:50.301 10218 10312 I OVR : DeviceManagerThread - event 47 (498Hz) (Tid=10312)
06-13 20:05:50.321 10218 10218 I Vsync : Choreographer doFrame callback delayed by 4.1 milliseconds
06-13 20:05:50.321 3534 4439 E Watchdog: !@Sync 223 [06-13 20:05:50.327]
06-13 20:05:50.381 10218 10350 I VrApi : FPS=60,Prd=51ms,Tear=0,Early=60,Stale=0,VSnc=1,Lat=1,CPU4/GPU=2/2,800/420MHz,OC=FF,TA=F0/F0/F0/F0,SP=F/F/F/F,Mem=1264MHz,Free=173MB,PSM=0,PLS=0,Temp=29.6C/27.5C
06-13 20:05:50.641 11261 11261 E Zygote : v2
06-13 20:05:50.651 11261 11261 I libpersona: KNOX_SDCARD checking this for 10221
06-13 20:05:50.651 11261 11261 I libpersona: KNOX_SDCARD not a persona
06-13 20:05:50.651 3534 3618 I ActivityManager: Start proc 11261:com.oculus.horizon:fbns/u0a221 for service com.oculus.horizon/com.facebook.rti.push.service.FbnsService
06-13 20:05:50.651 11261 11261 I SELinux : Function: selinux_compare_spd_ram, index[1], SPD-policy is existed. and_ver=SEPF_SECMOBILE_6.0.1 ver=11
06-13 20:05:50.661 11261 11261 W SELinux : Function: selinux_compare_spd_ram, index[1], priority [1], priority version is VE=SEPF_SECMOBILE_6.0.1_0011
06-13 20:05:50.671 11261 11261 E Zygote : accessInfo : 0
06-13 20:05:50.671 11261 11261 W SELinux : SELinux: seapp_context_lookup: seinfo=default, level=s0:c512,c768, pkgname=com.oculus.horizon:fbns
06-13 20:05:50.821 10218 10218 I Vsync : Vsync 396977: Choreographer: 1 x 15.04 ms (59.90 Hz, at 6711.476)
06-13 20:05:50.851 10218 10218 I Vsync : Vsync 396979: Choreographer: 1 x 18.42 ms (59.95 Hz, at 6711.509)
06-13 20:05:51.001 11261 11261 D TimaKeyStoreProvider: TimaSignature is unavailable
06-13 20:05:51.001 11261 11261 D ActivityThread: Added TimaKeyStore provider
06-13 20:05:51.261 11261 11261 W ResourcesManager: getTopLevelResources: /data/app/com.oculus.horizon-2/base.apk / 1.0 running in com.oculus.horizon rsrc of package com.oculus.horizon
06-13 20:05:51.281 10218 10346 W TimeWarp: VSync 397004: Eye=0,late=0.0ms,over=3.9ms,CPU=0.5ms,GPU=8.6ms,Tot=13.0ms
06-13 20:05:51.281 3534 4093 I InjectionManagerService -AppFeature: getCoreFeaturePkgList :[]
06-13 20:05:51.281 11261 11261 I InjectionManager: Inside getClassLibPath + mLibMap{0=, 1=}
06-13 20:05:51.311 10218 10312 I OVR : DeviceManagerThread - event 47 (498Hz) (Tid=10312)
06-13 20:05:51.341 11261 11261 D ResourcesManager: For user 0 new overlays fetched Null
06-13 20:05:51.381 11261 11261 I InjectionManager: Inside getClassLibPath caller
06-13 20:05:51.431 10218 10350 I VrApi : FPS=60,Prd=51ms,Tear=0,Early=60,Stale=0,VSnc=1,Lat=1,CPU4/GPU=2/2,800/420MHz,OC=FF,TA=F0/F0/F0/F0,SP=F/F/F/F,Mem=1026MHz,Free=166MB,PSM=0,PLS=0,Temp=29.6C/27.5C
06-13 20:05:51.601 3534 4060 I ActivityManager: Process com.samsung.android.hmt.vrsvc (pid 9460)(adj 1) has died(73,93)
06-13 20:05:51.601 10218 10218 I Vsync : Choreographer doFrame callback delayed by 9.6 milliseconds
06-13 20:05:51.601 3534 4060 D ActivityManager: isAutoRunBlockedApp:: com.samsung.android.hmt.vrsvc, Auto Run ON
06-13 20:05:51.601 3534 4085 D GraphicsStats: Buffer count: 3
06-13 20:05:51.611 3534 3553 I WindowState: WIN DEATH: Window{762b2d1 u0 d0 Mono background window}
06-13 20:05:51.611 10218 10346 W TimeWarp: VSync 397024: Eye=0,late=0.0ms,over=0.0ms,CPU=0.6ms,GPU=9.9ms,Tot=10.5ms
06-13 20:05:51.611 10218 10218 I Vsync : Choreographer doFrame callback delayed by 5.2 milliseconds
06-13 20:05:51.621 3534 3534 V NotificationListeners: notification listener connection lost: ComponentInfo{com.samsung.android.hmt.vrsvc/com.samsung.android.hmt.vrsvc.service.NotificationListener}
06-13 20:05:51.621 3534 4060 W ActivityManager: Scheduling restart of crashed service com.samsung.android.hmt.vrsvc/.service.NotificationListener in 148970ms
06-13 20:05:51.621 3534 4093 D PowerManagerService: [api] handleWakeLockDeath : release WakeLock : SCREEN_BRIGHT_WAKE_LOCK 'VR Dock' ACQUIRE_CAUSES_WAKEUP ON_AFTER_RELEASE (uid=1000, pid=9460, ws=null) (elapsedTime=1148991)
06-13 20:05:51.621 3534 4060 W ActivityManager: Scheduling restart of crashed service com.samsung.android.hmt.vrsvc/.service.HmtService in 158954ms
06-13 20:05:51.621 3534 4093 D PowerManagerService: [api] applyWakeLockFlagsOnReleaseLocked : userActivityNoUpdateLocked is called : SCREEN_BRIGHT_WAKE_LOCK 'VR Dock' ACQUIRE_CAUSES_WAKEUP ON_AFTER_RELEASE (uid=1000, pid=9460, ws=null) (elapsedTime=1148991)
06-13 20:05:51.621 3534 4031 D PowerManagerService: [api] handleWakeLockDeath : release WakeLock : SCREEN_BRIGHT_WAKE_LOCK 'VR Service' ACQUIRE_CAUSES_WAKEUP ON_AFTER_RELEASE (uid=1000, pid=9460, ws=null) (elapsedTime=1149351)
06-13 20:05:51.621 3534 3997 W InputDispatcher: channel ~ Consumer closed input channel or an error occurred. events=0x9
06-13 20:05:51.621 3534 3997 E InputDispatcher: channel ~ Channel is unrecoverably broken and will be disposed!
06-13 20:05:51.621 3534 3997 W InputDispatcher: channel ~ Consumer closed input channel or an error occurred. events=0x9
06-13 20:05:51.621 3534 3997 E InputDispatcher: channel ~ Channel is unrecoverably broken and will be disposed!
06-13 20:05:51.621 4213 22191 D KeyguardViewMediator: setKeyguardEnabled(true)
06-13 20:05:51.631 3534 4093 D PowerManagerService: [s] UserActivityState : 4 -> 1
06-13 20:05:51.631 3534 4031 D PowerManagerService: [api] applyWakeLockFlagsOnReleaseLocked : userActivityNoUpdateLocked is called : SCREEN_BRIGHT_WAKE_LOCK 'VR Service' ACQUIRE_CAUSES_WAKEUP ON_AFTER_RELEASE (uid=1000, pid=9460, ws=null) (elapsedTime=1149362)
06-13 20:05:51.641 3099 4652 D libEGL : eglTerminate EGLDisplay = 0x7f8f2d8f88
06-13 20:05:51.651 3099 4652 D libEGL : eglTerminate EGLDisplay = 0x7f8f2d8f88
06-13 20:05:51.651 3534 3553 W InputDispatcher: Attempted to unregister already unregistered input channel
06-13 20:05:51.681 3099 3179 I SurfaceFlinger: id=168 Removed Nono backgr (7/11)
06-13 20:05:51.681 3099 4720 I SurfaceFlinger: id=168 Removed Nono backgr (-2/11)
06-13 20:05:51.691 3099 3099 D libEGL : eglTerminate EGLDisplay = 0x7febdd3618
06-13 20:05:51.731 3534 3553 D KnoxTimeoutHandler: notifyActivityDrawn [MsgParam] userId: 0 fullscreen is true showWhenlocked is true
06-13 20:05:51.731 3534 3534 D KnoxTimeoutHandler: activityDrawn [MsgParam] userId: 0 fullscreen is true showWhenlocked is true
06-13 20:05:51.761 3534 3553 D PowerManagerService: [api] acquire WakeLock flags=0x2000000a tag=WindowManager uid=1000 pid=3534
06-13 20:05:51.771 3534 4087 W InputDispatcher: Attempted to unregister already unregistered input channel
06-13 20:05:51.771 3534 4087 I WindowState: WIN DEATH: Window{509c72b u0 d0 com.samsung.android.hmt.vrsvc/com.samsung.android.hmt.vrsvc.MonoActivity}
06-13 20:05:51.781 3534 4087 D KnoxTimeoutHandler: notifyActivityDrawn [MsgParam] userId: 0 fullscreen is true showWhenlocked is true
06-13 20:05:51.801 3534 3534 I KnoxTimeoutHandler: SD activityfalse
06-13 20:05:51.801 3534 3534 D KnoxTimeoutHandler: activityDrawn [MsgParam] userId: 0 fullscreen is true showWhenlocked is true
06-13 20:05:51.801 3534 3534 I KnoxTimeoutHandler: SD activityfalse
06-13 20:05:52.221 11261 11261 W StaticBindingVerifier: Verify
06-13 20:05:52.311 10218 10312 I OVR : DeviceManagerThread - event 47 (500Hz) (Tid=10312)
06-13 20:05:52.391 10218 10350 I VrApi : FPS=60,Prd=51ms,Tear=1,Early=60,Stale=0,VSnc=1,Lat=1,CPU4/GPU=2/2,800/420MHz,OC=FF,TA=F0/F0/F0/F0,SP=F/F/F/F,Mem=1264MHz,Free=187MB,PSM=0,PLS=0,Temp=29.6C/27.5C
06-13 20:05:52.471 11261 11261 D ACRA : ACRA init; reportURL: https://www.facebook.com/mobile/generic_android_crash_logs/1437758943160428
06-13 20:05:52.491 11261 11261 D ACRA : ACRA is enabled for com.oculus.horizon, intializing...
06-13 20:05:52.491 11275 11275 E Zygote : v2
06-13 20:05:52.491 11275 11275 I libpersona: KNOX_SDCARD checking this for 10112
06-13 20:05:52.491 11275 11275 I libpersona: KNOX_SDCARD not a persona
06-13 20:05:52.501 11275 11275 I SELinux : Function: selinux_compare_spd_ram, index[1], SPD-policy is existed. and_ver=SEPF_SECMOBILE_6.0.1 ver=11
06-13 20:05:52.501 3534 3618 I ActivityManager: Start proc 11275:com.facebook.appmanager/u0a112 for broadcast-3 com.facebook.appmanager/com.facebook.oxygen.appmanager.scheduler.BootstrapReceiver
06-13 20:05:52.501 11275 11275 W SELinux : Function: selinux_compare_spd_ram, index[1], priority [1], priority version is VE=SEPF_SECMOBILE_6.0.1_0011
06-13 20:05:52.501 3534 4075 D NetworkPolicy: isUidForegroundLocked: 10112, mScreenOn: true, uidstate: -1, mProxSensorScreenOff: false
06-13 20:05:52.511 11275 11275 E Zygote : accessInfo : 0
06-13 20:05:52.511 11275 11275 W SELinux : SELinux: seapp_context_lookup: seinfo=default, level=s0:c512,c768, pkgname=com.facebook.appmanager
06-13 20:05:52.601 11275 11275 D TimaKeyStoreProvider: TimaSignature is unavailable
06-13 20:05:52.601 11275 11275 D ActivityThread: Added TimaKeyStore provider
06-13 20:05:52.631 3534 4101 V BroadcastQueue: [background] Process cur broadcast BroadcastRecord{13ed63a u0 null qIdx=4}, state= (APP_RECEIVE) DELIVERED for app ProcessRecord{7e312eb 11275:com.facebook.appmanager/u0a112}
06-13 20:05:52.631 3534 4075 D NetworkPolicy: isUidForegroundLocked: 10112, mScreenOn: true, uidstate: 11, mProxSensorScreenOff: false
06-13 20:05:52.661 11275 11275 W ResourcesManager: getTopLevelResources: /data/app/com.facebook.appmanager-2/base.apk / 1.0 running in com.facebook.appmanager rsrc of package com.facebook.appmanager
06-13 20:05:52.681 3534 4031 I InjectionManagerService -AppFeature: getCoreFeaturePkgList :[]
06-13 20:05:52.681 11275 11275 I InjectionManager: Inside getClassLibPath + mLibMap{0=, 1=}
06-13 20:05:52.691 11275 11275 D ResourcesManager: For user 0 new overlays fetched Null
06-13 20:05:52.711 11275 11275 I InjectionManager: Inside getClassLibPath caller
06-13 20:05:52.761 11275 11275 D ACRA : ACRA init; reportURL: https://www.facebook.com/mobile/generic_android_crash_logs/659091980805095
06-13 20:05:52.771 11275 11275 D ACRA : ACRA is enabled for com.facebook.appmanager, intializing...
06-13 20:05:52.801 11275 11275 V fb-UnpackingSoSource: locked dso store /data/user/0/com.facebook.appmanager/lib-main
06-13 20:05:52.801 11275 11275 I fb-UnpackingSoSource: dso store is up-to-date: /data/user/0/com.facebook.appmanager/lib-main
06-13 20:05:52.801 11275 11275 V fb-UnpackingSoSource: releasing dso store lock for /data/user/0/com.facebook.appmanager/lib-main
06-13 20:05:52.881 11275 11275 W com.facebook.appmanager:cn: Verify
06-13 20:05:52.921 11275 11275 D InjectionManager: InjectionManager
06-13 20:05:52.921 11275 11275 D InjectionManager: fillFeatureStoreMap com.facebook.appmanager
06-13 20:05:52.921 11275 11275 I InjectionManager: Constructor com.facebook.appmanager, Feature store :{}
06-13 20:05:52.921 11275 11275 I InjectionManager: featureStore :{}
06-13 20:05:52.951 3534 4065 I ActivityManager: Exiting empty application process android.process.media (null)
06-13 20:05:52.991 3534 4065 D ActivityManager: isAutoRunBlockedApp:: com.android.providers.downloads, Auto Run ON
06-13 20:05:53.021 3534 4038 I ActivityManager: Process com.facebook.appmanager (pid 11275)(adj 9) has died(73,123)
06-13 20:05:53.021 10218 10346 W TimeWarp: VSync 397109: Eye=0,late=0.0ms,over=0.0ms,CPU=0.4ms,GPU=8.0ms,Tot=8.5ms
06-13 20:05:53.031 3534 4038 D ActivityManager: isAutoRunBlockedApp:: com.facebook.appmanager, Auto Run ON
06-13 20:05:53.081 3534 4038 W ContextImpl: Calling a method in the system process without a qualified user: android.app.ContextImpl.sendBroadcast:830 com.android.server.am.ActivityManagerService.updateOomAdjLocked:26625 com.android.server.am.ActivityManagerService.appDiedLocked:7549 com.android.server.am.ActivityManagerService$AppDeathRecipient.binderDied:1910 android.os.BinderProxy.sendDeathNotice:558
06-13 20:05:53.081 11261 11308 W ResourcesManager: getTopLevelResources: /data/app/com.oculus.home-2/base.apk / 1.0 running in com.oculus.horizon rsrc of package com.oculus.home
06-13 20:05:53.091 11261 11308 D ResourcesManager: For user 0 new overlays fetched Null
06-13 20:05:53.101 3534 3618 V MARsPolicyManager: executePolicy policy spcmpolicy(1) reason Adj 14 BG Killed
06-13 20:05:53.111 3534 3618 V MARsPolicyManager: CurrentImportantPackage com.estrongs.android.pop -in latest protected packageslist for SPCM!
06-13 20:05:53.111 3534 3618 V MARsPolicyManager: CurrentImportantPackage com.digitalkey.setin -in latest protected packageslist for SPCM!
06-13 20:05:53.201 3534 4085 I ActivityManager: Start proc 11313:android.process.media/u0a45 for content provider com.android.providers.downloads/.DownloadProvider
06-13 20:05:53.201 3534 4075 D NetworkPolicy: isUidForegroundLocked: 10045, mScreenOn: true, uidstate: -1, mProxSensorScreenOff: false
06-13 20:05:53.201 11313 11313 E Zygote : v2
06-13 20:05:53.211 11313 11313 I libpersona: KNOX_SDCARD checking this for 10045
06-13 20:05:53.211 11313 11313 I libpersona: KNOX_SDCARD not a persona
06-13 20:05:53.211 11313 11313 I SELinux : Function: selinux_compare_spd_ram, index[1], SPD-policy is existed. and_ver=SEPF_SECMOBILE_6.0.1 ver=11
06-13 20:05:53.221 11313 11313 W SELinux : Function: selinux_compare_spd_ram, index[1], priority [1], priority version is VE=SEPF_SECMOBILE_6.0.1_0011
06-13 20:05:53.221 11313 11313 E Zygote : accessInfo : 0
06-13 20:05:53.221 11313 11313 W SELinux : SELinux: seapp_context_lookup: seinfo=media, level=s0:c512,c768, pkgname=android.process.media
06-13 20:05:53.251 3534 4020 I ActivityManager: Start proc 11329:com.facebook.katana/u0a115 for content provider com.facebook.katana/com.facebook.platform.common.provider.PlatformProviderBase
06-13 20:05:53.251 3534 4075 D NetworkPolicy: isUidForegroundLocked: 10115, mScreenOn: true, uidstate: -1, mProxSensorScreenOff: false
06-13 20:05:53.261 11329 11329 E Zygote : v2
06-13 20:05:53.261 11329 11329 I libpersona: KNOX_SDCARD checking this for 10115
06-13 20:05:53.261 11329 11329 I libpersona: KNOX_SDCARD not a persona
06-13 20:05:53.261 11329 11329 I SELinux : Function: selinux_compare_spd_ram, index[1], SPD-policy is existed. and_ver=SEPF_SECMOBILE_6.0.1 ver=11
06-13 20:05:53.271 11329 11329 W SELinux : Function: selinux_compare_spd_ram, index[1], priority [1], priority version is VE=SEPF_SECMOBILE_6.0.1_0011
06-13 20:05:53.271 11261 11318 W ActivityThread: ClassLoader.loadClass: The class loader returned by Thread.getContextClassLoader() may fail for processes that host multiple applications. You should explicitly specify a context class loader. For example: Thread.setContextClassLoader(getClass().getClassLoader());
06-13 20:05:53.271 11329 11329 E Zygote : accessInfo : 0
06-13 20:05:53.271 11329 11329 W SELinux : SELinux: seapp_context_lookup: seinfo=default, level=s0:c512,c768, pkgname=com.facebook.katana
06-13 20:05:53.281 10218 10346 W TimeWarp: VSync 397124: Eye=0,late=0.0ms,over=0.0ms,CPU=0.4ms,GPU=8.1ms,Tot=8.5ms
06-13 20:05:53.311 10218 10312 I OVR : DeviceManagerThread - event 47 (500Hz) (Tid=10312)
06-13 20:05:53.341 11261 11318 I System.out: (HTTPLog)-Static: isSBSettingEnabled false
06-13 20:05:53.341 11261 11318 I System.out: (HTTPLog)-Static: isSBSettingEnabled false
06-13 20:05:53.391 11329 11329 D TimaKeyStoreProvider: TimaSignature is unavailable
06-13 20:05:53.391 11329 11329 D ActivityThread: Added TimaKeyStore provider
06-13 20:05:53.401 10218 10350 I VrApi : FPS=60,Prd=51ms,Tear=1,Early=60,Stale=0,VSnc=1,Lat=1,CPU4/GPU=2/2,1000/420MHz,OC=FF,TA=F0/F0/F0/F0,SP=F/F/F/F,Mem=1264MHz,Free=202MB,PSM=0,PLS=0,Temp=29.6C/27.5C
06-13 20:05:53.421 3534 4075 D NetworkPolicy: isUidForegroundLocked: 10115, mScreenOn: true, uidstate: 10, mProxSensorScreenOff: false
06-13 20:05:53.431 3534 4075 D NetworkPolicy: isUidForegroundLocked: 10045, mScreenOn: true, uidstate: 16, mProxSensorScreenOff: false
06-13 20:05:53.471 3534 4075 D NetworkPolicy: isUidForegroundLocked: 10221, mScreenOn: true, uidstate: 3, mProxSensorScreenOff: false
06-13 20:05:53.511 11329 11329 W ResourcesManager: getTopLevelResources: /data/app/com.facebook.katana-1/base.apk / 1.0 running in com.facebook.katana rsrc of package com.facebook.katana
06-13 20:05:53.551 3534 4072 I InjectionManagerService -AppFeature: getCoreFeaturePkgList :[]
06-13 20:05:53.551 11329 11329 I InjectionManager: Inside getClassLibPath + mLibMap{0=, 1=}
06-13 20:05:53.551 11261 11261 D InjectionManager: InjectionManager
06-13 20:05:53.551 11261 11261 D InjectionManager: fillFeatureStoreMap com.oculus.horizon
06-13 20:05:53.551 11261 11261 I InjectionManager: Constructor com.oculus.horizon, Feature store :{}
06-13 20:05:53.551 11261 11261 I InjectionManager: featureStore :{}
06-13 20:05:53.651 3112 3755 D EnterpriseController: netId is 0
06-13 20:05:53.651 3112 3755 D Netd : getNetworkForDns: using netid 502 for uid 10221
06-13 20:05:53.681 11313 11313 D TimaKeyStoreProvider: TimaSignature is unavailable
06-13 20:05:53.681 11313 11313 D ActivityThread: Added TimaKeyStore provider
06-13 20:05:53.691 11329 11329 D ResourcesManager: For user 0 new overlays fetched Null
06-13 20:05:53.691 11261 11261 W ResourcesManager: getTopLevelResources: /data/app/com.oculus.horizon-2/base.apk / 1.0 running in com.oculus.horizon rsrc of package com.oculus.horizon
06-13 20:05:53.711 11329 11329 I InjectionManager: Inside getClassLibPath caller
06-13 20:05:53.761 3534 4075 D NetworkPolicy: isUidForegroundLocked: 10221, mScreenOn: true, uidstate: 2, mProxSensorScreenOff: false
06-13 20:05:53.971 11329 11329 V CatchMeIfYouCan: initializing CMIYC, flags = 0x00000003
06-13 20:05:53.981 11261 11261 I art : Rejecting re-init on previously-failed class java.lang.Class
06-13 20:05:53.981 11261 11261 I art : Rejecting re-init on previously-failed class java.lang.Class
06-13 20:05:53.981 11329 11329 I CatchMeIfYouCan: found 0 crashes in last 14400 seconds: need remedy level 0
06-13 20:05:53.991 11329 11329 W System.err: remove failed: ENOENT (No such file or directory) : /data/user/0/com.facebook.katana/remedy_log
06-13 20:05:54.011 11329 11357 D AppStateLogger: Attempting to open app state logging file
06-13 20:05:54.021 11329 11329 I AppStateLoggerExceptionHandler: Installed uncaught exception handler for app state logging
06-13 20:05:54.021 11329 11329 D ACRA : ACRA init; reportURL: https://b-www.facebook.com/mobile/android_crash_logs/
06-13 20:05:54.021 11329 11329 D ACRA : ACRA is enabled for com.facebook.katana, intializing...
06-13 20:05:54.031 11313 11313 W ResourcesManager: getTopLevelResources: /system/priv-app/SecDownloadProvider/SecDownloadProvider.apk / 1.0 running in com.android.providers.downloads rsrc of package com.android.providers.downloads
06-13 20:05:54.041 11329 11357 D AppStateLogger: Successfully opened app state logging file: /data/user/0/com.facebook.katana/app_state_logs/8e04fac9-18f7-1a87-c8da-da956e694e1f.txt
06-13 20:05:54.131 11359 11359 E Zygote : v2
06-13 20:05:54.131 11359 11359 I libpersona: KNOX_SDCARD checking this for 10113
06-13 20:05:54.131 11359 11359 I libpersona: KNOX_SDCARD not a persona
06-13 20:05:54.131 11359 11359 I SELinux : Function: selinux_compare_spd_ram, index[1], SPD-policy is existed. and_ver=SEPF_SECMOBILE_6.0.1 ver=11
06-13 20:05:54.131 11359 11359 W SELinux : Function: selinux_compare_spd_ram, index[1], priority [1], priority version is VE=SEPF_SECMOBILE_6.0.1_0011
06-13 20:05:54.131 3534 3618 I ActivityManager: Start proc 11359:com.instagram.android/u0a113 for broadcast-3 com.instagram.android/com.facebook.rti.push.service.idsharing.FbnsSharingStateReceiver
06-13 20:05:54.131 11359 11359 E Zygote : accessInfo : 0
06-13 20:05:54.131 3534 4075 D NetworkPolicy: isUidForegroundLocked: 10113, mScreenOn: true, uidstate: -1, mProxSensorScreenOff: false
06-13 20:05:54.131 11359 11359 W SELinux : SELinux: seapp_context_lookup: seinfo=default, level=s0:c512,c768, pkgname=com.instagram.android
06-13 20:05:54.171 11329 11357 D AppStateLogger: Successfully dumped app state to log file
06-13 20:05:54.181 3534 4083 I InjectionManagerService -AppFeature: getCoreFeaturePkgList :[]
06-13 20:05:54.181 11313 11313 I InjectionManager: Inside getClassLibPath + mLibMap{0=, 1=}
06-13 20:05:54.181 11329 11329 I SplashScreenApplication: using nonodex init: ASSUMING DIRECT CONTROL
06-13 20:05:54.191 11329 11372 W System.err: remove failed: ENOENT (No such file or directory) : /data/user/0/com.facebook.katana/app_libs
06-13 20:05:54.211 11313 11313 D ResourcesManager: For user 0 new overlays fetched Null
06-13 20:05:54.221 11329 11372 V fb-UnpackingSoSource: locked dso store /data/user/0/com.facebook.katana/lib-main
06-13 20:05:54.241 11329 11372 I fb-UnpackingSoSource: dso store is up-to-date: /data/user/0/com.facebook.katana/lib-main
06-13 20:05:54.241 11329 11372 V fb-UnpackingSoSource: releasing dso store lock for /data/user/0/com.facebook.katana/lib-main
06-13 20:05:54.241 11329 11372 V fb-UnpackingSoSource: locked dso store /data/user/0/com.facebook.katana/lib-assets
06-13 20:05:54.251 11329 11372 I fb-UnpackingSoSource: dso store is up-to-date: /data/user/0/com.facebook.katana/lib-assets
06-13 20:05:54.251 11329 11372 V fb-UnpackingSoSource: releasing dso store lock for /data/user/0/com.facebook.katana/lib-assets
06-13 20:05:54.251 11329 11372 V fb-UnpackingSoSource: locked dso store /data/user/0/com.facebook.katana/lib-xzs
06-13 20:05:54.271 11359 11359 D TimaKeyStoreProvider: TimaSignature is unavailable
06-13 20:05:54.271 11359 11359 D ActivityThread: Added TimaKeyStore provider
06-13 20:05:54.281 11329 11372 I fb-UnpackingSoSource: dso store is up-to-date: /data/user/0/com.facebook.katana/lib-xzs
06-13 20:05:54.281 11329 11372 V fb-UnpackingSoSource: releasing dso store lock for /data/user/0/com.facebook.katana/lib-xzs
06-13 20:05:54.291 11313 11313 I InjectionManager: Inside getClassLibPath caller
06-13 20:05:54.311 10218 10312 I OVR : DeviceManagerThread - event 47 (500Hz) (Tid=10312)
06-13 20:05:54.311 3534 4093 V BroadcastQueue: [background] Process cur broadcast BroadcastRecord{a344289 u0 com.facebook.rti.fbns.intent.SHARE_IDS qIdx=4}, state= (APP_RECEIVE) DELIVERED for app ProcessRecord{37c428e 11359:com.instagram.android/u0a113}
06-13 20:05:54.311 3534 4075 D NetworkPolicy: isUidForegroundLocked: 10113, mScreenOn: true, uidstate: 11, mProxSensorScreenOff: false
06-13 20:05:54.371 11359 11359 W ResourcesManager: getTopLevelResources: /data/app/com.instagram.android-1/base.apk / 1.0 running in com.instagram.android rsrc of package com.instagram.android
06-13 20:05:54.401 3534 3553 I InjectionManagerService -AppFeature: getCoreFeaturePkgList :[]
06-13 20:05:54.401 11359 11359 I InjectionManager: Inside getClassLibPath + mLibMap{0=, 1=}
06-13 20:05:54.401 10218 10350 I VrApi : FPS=60,Prd=51ms,Tear=2,Early=60,Stale=0,VSnc=1,Lat=1,CPU4/GPU=2/2,900/420MHz,OC=FF,TA=F0/F0/F0/F0,SP=F/F/F/F,Mem=1264MHz,Free=203MB,PSM=0,PLS=0,Temp=29.6C/27.5C
06-13 20:05:54.421 3112 3755 D EnterpriseController: netId is 0
06-13 20:05:54.421 3112 3755 D Netd : getNetworkForDns: using netid 502 for uid 10221
06-13 20:05:54.461 11359 11359 D ResourcesManager: For user 0 new overlays fetched Null
06-13 20:05:54.471 11359 11359 I InjectionManager: Inside getClassLibPath caller
06-13 20:05:54.491 11261 11270 W art : Suspending all threads took: 6.533ms
06-13 20:05:54.531 11329 11372 I art : Thread[10,tid=11372,Native,Thread*=0xe889ef00,peer=0x12d3f5e0,"EnsureDelegate"] recursive attempt to load library "/data/user/0/com.facebook.katana/lib-xzs/libfb.so"
06-13 20:05:54.531 3534 6514 D SSRM:n : SIOP:: AP = 480, PST = 454 (W:14), CP = 299, CUR = 975, LCD = 18
06-13 20:05:54.621 11329 11372 V dalvik-internals: Hooking function _ZN3art12FaultManager35EnsureArtActionInFrontOfSignalChainEv
06-13 20:05:54.621 11329 11372 V dalvik-internals: hooked _ZN3art12FaultManager35EnsureArtActionInFrontOfSignalChainEv using trap ()
06-13 20:05:54.621 11329 11372 V dalvik-internals: hooked signal using trap ()
06-13 20:05:54.631 11359 11359 W ResourcesManager: getTopLevelResources: /data/app/com.instagram.android-1/base.apk / 1.0 running in com.instagram.android rsrc of package com.instagram.android
06-13 20:05:54.641 3534 4087 D PackageManager: setEnabledSetting : userId = 0 packageName = com.oculus.horizon cmp = com.facebook.rti.push.service.FbnsService newState = 1 callingPackage = 10221
06-13 20:05:54.641 11329 11372 V dalvik-internals: hooked sysv_signal using trap ()
06-13 20:05:54.651 11329 11372 V dalvik-internals: hooked bsd_signal using trap ()
06-13 20:05:54.681 3534 4089 I ActivityManager: Process com.oculus.horizon:fbns (pid 11261)(adj 5) has died(80,128)
06-13 20:05:54.681 3534 4089 D ActivityManager: isAutoRunBlockedApp:: com.oculus.horizon, Auto Run ON
06-13 20:05:54.681 3534 4089 W ActivityManager: Scheduling restart of crashed service com.oculus.horizon/com.facebook.rti.push.service.FbnsService in 165889ms
06-13 20:05:54.721 11329 11372 E linker : "/system/bin/app_process32": ignoring 2-entry DT_PREINIT_ARRAY in shared library!
06-13 20:05:54.721 11329 11372 V dalvik-internals: hooked sigaction using trap ()
06-13 20:05:54.751 11329 11372 V appstatelogger: Registered App State Logger stream with Breakpad
06-13 20:05:54.751 11329 11372 I dalvik-internals: installed sigmux crash handler for crash log
06-13 20:05:54.751 11329 11372 D ClassFailureStapler: not installing class failure stapler: ART in use
06-13 20:05:54.781 3534 4101 I ActivityManager: Process com.facebook.katana (pid 11329)(adj 11) has died(81,136)
06-13 20:05:54.781 3534 4101 D ActivityManager: isAutoRunBlockedApp:: com.facebook.katana, Auto Run ON
06-13 20:05:54.781 3534 4020 I Process : Sending signal. PID: 3534 SIG: 3
06-13 20:05:54.781 3534 4020 I Process : Sending signal. PID: 11261 SIG: 3
06-13 20:05:54.781 3534 4020 W ActivityManager: Unable to launch app com.facebook.katana/10115 for provider com.facebook.katana.provider.PlatformProvider: launching app became null
06-13 20:05:54.791 3534 3540 I art : Thread[2,tid=3540,WaitingInMainSignalCatcherLoop,Thread*=0x7f8fd8ea00,peer=0x12c010a0,"Signal Catcher"]: reacting to signal 3
06-13 20:05:54.801 11313 11313 W System : ClassLoader referenced unknown path: /system/priv-app/SecDownloadProvider/lib/arm64
06-13 20:05:54.861 3534 3540 W art : Suspending all threads took: 67.172ms
06-13 20:05:54.881 3534 4101 W ContextImpl: Calling a method in the system process without a qualified user: android.app.ContextImpl.sendBroadcast:830 com.android.server.am.ActivityManagerService.updateOomAdjLocked:26625 com.android.server.am.ActivityManagerService.appDiedLocked:7549 com.android.server.am.ActivityManagerService$AppDeathRecipient.binderDied:1910 android.os.BinderProxy.sendDeathNotice:558
06-13 20:05:54.901 11313 11313 W ResourcesManager: getTopLevelResources: /system/priv-app/SecMediaProvider/SecMediaProvider.apk / 1.0 running in com.android.providers.downloads rsrc of package com.android.providers.media
06-13 20:05:54.911 11313 11313 D ResourcesManager: For user 0 new overlays fetched Null
06-13 20:05:54.921 11313 11313 I InjectionManager: Inside getClassLibPath caller
06-13 20:05:54.931 11313 11313 W System : ClassLoader referenced unknown path: /system/priv-app/SecMediaProvider/lib/arm64
06-13 20:05:54.951 3534 4031 I ActivityManager: Process android.process.media (pid 11313)(adj 9) has died(75,142)
06-13 20:05:54.961 3534 4031 D ActivityManager: isAutoRunBlockedApp:: com.android.providers.downloads, Auto Run ON
06-13 20:05:54.961 3534 4085 I Process : Sending signal. PID: 3534 SIG: 3
06-13 20:05:54.961 3534 4085 W ActivityManager: Unable to launch app com.android.providers.downloads/10045 for provider downloads: launching app became null
06-13 20:05:54.961 3534 4085 I Process : Sending signal. PID: 11261 SIG: 3
06-13 20:05:54.961 3534 4031 W ContextImpl: Calling a method in the system process without a qualified user: android.app.ContextImpl.sendBroadcast:830 com.android.server.am.ActivityManagerService.updateOomAdjLocked:26625 com.android.server.am.ActivityManagerService.appDiedLocked:7549 com.android.server.am.ActivityManagerService$AppDeathRecipient.binderDied:1910 android.os.BinderProxy.sendDeathNotice:558
06-13 20:05:55.041 11359 11359 W System.err: remove failed: ENOENT (No such file or directory) : /data/user/0/com.instagram.android/files/quick_experiment_cache_cfc82f05-1663-43d2-b3f9-9d7040e1560a
06-13 20:05:55.161 11359 11359 I IgDiscardableRuntime: JNI_OnLoad
06-13 20:05:55.311 10218 10312 I OVR : DeviceManagerThread - event 47 (500Hz) (Tid=10312)
06-13 20:05:56.131 3534 3985 V AlarmManager: Expired Alarm result :4
06-13 20:05:56.151 10218 10350 I VrApi : FPS=60,Prd=51ms,Tear=0,Early=59,Stale=0,VSnc=1,Lat=1,CPU4/GPU=2/2,1000/420MHz,OC=FF,TA=F0/F0/F0/F0,SP=F/F/F/F,Mem=1264MHz,Free=217MB,PSM=0,PLS=0,Temp=29.6C/27.0C
06-13 20:05:56.191 3534 3540 I art : Wrote stack traces to '/data/anr/traces.txt'
06-13 20:05:56.191 3534 3540 I art : Thread[2,tid=3540,WaitingInMainSignalCatcherLoop,Thread*=0x7f8fd8ea00,peer=0x12c010a0,"Signal Catcher"]: reacting to signal 3
06-13 20:05:56.241 11359 11359 D InjectionManager: InjectionManager
06-13 20:05:56.241 11359 11359 D InjectionManager: fillFeatureStoreMap com.instagram.android
06-13 20:05:56.241 11359 11359 I InjectionManager: Constructor com.instagram.android, Feature store :{}
06-13 20:05:56.241 11359 11359 I InjectionManager: featureStore :{}
06-13 20:05:56.291 11359 11359 W ColdStartPerformanceTracer: . TOTAL THREAD
06-13 20:05:56.291 11359 11359 W ColdStartPerformanceTracer: ____0 00.000 Start ... ... ColdStartPerformanceTracer
06-13 20:05:56.291 11359 11359 W ColdStartPerformanceTracer: _1530 01.530 Done _1530 ms __210 ms ColdStartPerformanceTracer
06-13 20:05:56.311 10218 10312 I OVR : DeviceManagerThread - event 47 (498Hz) (Tid=10312)
06-13 20:05:56.381 3534 4065 W BroadcastQueue: Failure [background] sending broadcast result of Intent { act=com.facebook.rti.fbns.intent.SHARE_IDS flg=0x10 pkg=com.instagram.android (has extras) }
06-13 20:05:56.381 3534 4065 W BroadcastQueue: android.os.RemoteException: app.thread must not be null
06-13 20:05:56.381 3534 4065 W BroadcastQueue: at com.android.server.am.BroadcastQueue.performReceiveLocked(BroadcastQueue.java:686)
06-13 20:05:56.381 3534 4065 W BroadcastQueue: at com.android.server.am.BroadcastQueue.processNextBroadcast(BroadcastQueue.java:1146)
06-13 20:05:56.381 3534 4065 W BroadcastQueue: at com.android.server.am.ActivityManagerService.finishReceiver(ActivityManagerService.java:23683)
06-13 20:05:56.381 3534 4065 W BroadcastQueue: at android.app.ActivityManagerNative.onTransact(ActivityManagerNative.java:504)
06-13 20:05:56.381 3534 4065 W BroadcastQueue: at com.android.server.am.ActivityManagerService.onTransact(ActivityManagerService.java:3981)
06-13 20:05:56.381 3534 4065 W BroadcastQueue: at android.os.Binder.execTransact(Binder.java:453)
06-13 20:05:56.401 11391 11391 E Zygote : v2
06-13 20:05:56.401 11391 11391 I libpersona: KNOX_SDCARD checking this for 10115
06-13 20:05:56.401 11391 11391 I libpersona: KNOX_SDCARD not a persona
06-13 20:05:56.401 11391 11391 I SELinux : Function: selinux_compare_spd_ram, index[1], SPD-policy is existed. and_ver=SEPF_SECMOBILE_6.0.1 ver=11
06-13 20:05:56.401 3534 4065 I ActivityManager: Start proc 11391:com.facebook.katana/u0a115 for broadcast-3 com.facebook.katana/com.facebook.rti.push.service.idsharing.FbnsSharingStateReceiver
06-13 20:05:56.401 11391 11391 W SELinux : Function: selinux_compare_spd_ram, index[1], priority [1], priority version is VE=SEPF_SECMOBILE_6.0.1_0011
06-13 20:05:56.401 11391 11391 E Zygote : accessInfo : 0
06-13 20:05:56.411 11391 11391 W SELinux : SELinux: seapp_context_lookup: seinfo=default, level=s0:c512,c768, pkgname=com.facebook.katana
06-13 20:05:56.411 10218 10346 W TimeWarp: VSync 397312: Eye=0,late=0.0ms,over=0.0ms,CPU=0.5ms,GPU=8.6ms,Tot=9.1ms
06-13 20:05:56.731 10218 10346 W TimeWarp: VSync 397331: Eye=0,late=0.0ms,over=0.0ms,CPU=0.4ms,GPU=8.3ms,Tot=8.7ms
06-13 20:05:56.781 10218 10346 W TimeWarp: VSync 397334: Eye=0,late=0.0ms,over=0.0ms,CPU=0.4ms,GPU=8.8ms,Tot=9.3ms
06-13 20:05:56.941 11391 11391 D TimaKeyStoreProvider: TimaSignature is unavailable
06-13 20:05:56.941 11391 11391 D ActivityThread: Added TimaKeyStore provider
06-13 20:05:56.941 3534 4089 I ActivityManager: Process com.instagram.android (pid 11359)(adj 9) has died(74,142)
06-13 20:05:56.941 10218 10350 I VrApi : FPS=60,Prd=51ms,Tear=0,Early=60,Stale=0,VSnc=1,Lat=1,CPU4/GPU=2/2,1000/420MHz,OC=FF,TA=F0/F0/F0/F0,SP=F/F/F/F,Mem=1264MHz,Free=217MB,PSM=0,PLS=0,Temp=29.6C/27.5C
06-13 20:05:56.941 3534 4089 D ActivityManager: isAutoRunBlockedApp:: com.instagram.android, Auto Run ON
06-13 20:05:56.961 3534 4089 W ContextImpl: Calling a method in the system process without a qualified user: android.app.ContextImpl.sendBroadcast:830 com.android.server.am.ActivityManagerService.updateOomAdjLocked:26625 com.android.server.am.ActivityManagerService.appDiedLocked:7549 com.android.server.am.ActivityManagerService$AppDeathRecipient.binderDied:1910 android.os.BinderProxy.sendDeathNotice:558
06-13 20:05:56.971 3534 3540 I art : Wrote stack traces to '/data/anr/traces.txt'
06-13 20:05:56.991 3534 4085 D PackageManager: setEnabledSetting : userId = 0 packageName = com.instagram.android cmp = com.instagram.push.fbns.FbnsInitBroadcastReceiver newState = 2 callingPackage = 10113
06-13 20:05:56.991 3534 4038 V BroadcastQueue: [background] Process cur broadcast BroadcastRecord{4b21566 u0 com.facebook.rti.fbns.intent.SHARE_IDS qIdx=4}, state= (APP_RECEIVE) DELIVERED for app ProcessRecord{53c60a7 11391:com.facebook.katana/u0a115}
06-13 20:05:57.021 11391 11391 W ResourcesManager: getTopLevelResources: /data/app/com.facebook.katana-1/base.apk / 1.0 running in com.facebook.katana rsrc of package com.facebook.katana
06-13 20:05:57.031 3534 3553 I InjectionManagerService -AppFeature: getCoreFeaturePkgList :[]
06-13 20:05:57.031 11391 11391 I InjectionManager: Inside getClassLibPath + mLibMap{0=, 1=}
06-13 20:05:57.151 11391 11391 D ResourcesManager: For user 0 new overlays fetched Null
06-13 20:05:57.151 11391 11391 I InjectionManager: Inside getClassLibPath caller
06-13 20:05:57.281 11391 11391 V CatchMeIfYouCan: initializing CMIYC, flags = 0x00000003
06-13 20:05:57.281 11391 11391 I CatchMeIfYouCan: found 0 crashes in last 14400 seconds: need remedy level 0
06-13 20:05:57.281 11391 11391 W System.err: remove failed: ENOENT (No such file or directory) : /data/user/0/com.facebook.katana/remedy_log
06-13 20:05:57.291 11391 11403 D AppStateLogger: Attempting to open app state logging file
06-13 20:05:57.291 11391 11391 I AppStateLoggerExceptionHandler: Installed uncaught exception handler for app state logging
06-13 20:05:57.291 11391 11391 D ACRA : ACRA init; reportURL: https://b-www.facebook.com/mobile/android_crash_logs/
06-13 20:05:57.291 11391 11403 D AppStateLogger: Successfully opened app state logging file: /data/user/0/com.facebook.katana/app_state_logs/95a8b5d3-6eeb-24df-0722-ae4af07761cf.txt
06-13 20:05:57.301 11391 11391 D ACRA : ACRA is enabled for com.facebook.katana, intializing...
06-13 20:05:57.311 10218 10312 I OVR : DeviceManagerThread - event 47 (498Hz) (Tid=10312)
06-13 20:05:57.321 11391 11403 D AppStateLogger: Successfully dumped app state to log file
06-13 20:05:57.341 11391 11391 I SplashScreenApplication: using nonodex init: ASSUMING DIRECT CONTROL
06-13 20:05:57.341 11391 11404 W System.err: remove failed: ENOENT (No such file or directory) : /data/user/0/com.facebook.katana/app_libs
06-13 20:05:57.341 11391 11404 V fb-UnpackingSoSource: locked dso store /data/user/0/com.facebook.katana/lib-main
06-13 20:05:57.351 11391 11391 D SplashScreenApplication: delaying init message { when=-347ms what=113 obj=ReceiverData{intent=Intent { act=com.facebook.rti.fbns.intent.SHARE_IDS flg=0x10 pkg=com.facebook.katana cmp=com.facebook.katana/com.facebook.rti.push.service.idsharing.FbnsSharingStateReceiver bqHint=4 (has extras) } packageName=com.facebook.katana resultCode=-1 resultData=null resultExtras=null} target=android.app.ActivityThread$H }
06-13 20:05:57.351 11391 11404 I fb-UnpackingSoSource: dso store is up-to-date: /data/user/0/com.facebook.katana/lib-main
06-13 20:05:57.351 11391 11404 V fb-UnpackingSoSource: releasing dso store lock for /data/user/0/com.facebook.katana/lib-main
06-13 20:05:57.351 11391 11404 V fb-UnpackingSoSource: locked dso store /data/user/0/com.facebook.katana/lib-assets
06-13 20:05:57.351 11391 11404 I fb-UnpackingSoSource: dso store is up-to-date: /data/user/0/com.facebook.katana/lib-assets
06-13 20:05:57.351 11391 11404 V fb-UnpackingSoSource: releasing dso store lock for /data/user/0/com.facebook.katana/lib-assets
06-13 20:05:57.351 11391 11404 V fb-UnpackingSoSource: locked dso store /data/user/0/com.facebook.katana/lib-xzs
06-13 20:05:57.351 11391 11404 I fb-UnpackingSoSource: dso store is up-to-date: /data/user/0/com.facebook.katana/lib-xzs
06-13 20:05:57.351 11391 11404 V fb-UnpackingSoSource: releasing dso store lock for /data/user/0/com.facebook.katana/lib-xzs
06-13 20:05:57.381 10218 10350 I VrApi : FPS=60,Prd=51ms,Tear=0,Early=60,Stale=0,VSnc=1,Lat=1,CPU4/GPU=2/2,1000/420MHz,OC=FF,TA=F0/F0/F0/F0,SP=F/F/F/F,Mem=1264MHz,Free=212MB,PSM=0,PLS=0,Temp=29.6C/27.5C
06-13 20:05:57.471 11391 11404 I art : Thread[10,tid=11404,Native,Thread*=0xe889ef00,peer=0x12d32ac0,"EnsureDelegate"] recursive attempt to load library "/data/user/0/com.facebook.katana/lib-xzs/libfb.so"
06-13 20:05:57.521 11391 11404 V dalvik-internals: Hooking function _ZN3art12FaultManager35EnsureArtActionInFrontOfSignalChainEv
06-13 20:05:57.521 11391 11404 V dalvik-internals: hooked _ZN3art12FaultManager35EnsureArtActionInFrontOfSignalChainEv using trap ()
06-13 20:05:57.521 11391 11404 V dalvik-internals: hooked signal using trap ()
06-13 20:05:57.531 11391 11404 V dalvik-internals: hooked sysv_signal using trap ()
06-13 20:05:57.531 11391 11404 V dalvik-internals: hooked bsd_signal using trap ()
06-13 20:05:57.601 11391 11404 E linker : "/system/bin/app_process32": ignoring 2-entry DT_PREINIT_ARRAY in shared library!
06-13 20:05:57.601 11391 11404 V dalvik-internals: hooked sigaction using trap ()
06-13 20:05:57.611 11391 11404 V appstatelogger: Registered App State Logger stream with Breakpad
06-13 20:05:57.611 11391 11404 I dalvik-internals: installed sigmux crash handler for crash log
06-13 20:05:57.621 11391 11404 D ClassFailureStapler: not installing class failure stapler: ART in use
06-13 20:05:57.621 11391 11404 V MemoryEnlargementHack: largeHeap already enabled in manifest
06-13 20:05:57.621 11391 11404 V DexLibLoader: DLL.loadAll betaBuild:false flags:0x00000004
06-13 20:05:57.621 11391 11404 V DexLibLoader: resolved non-canonical data directory /data/user/0/com.facebook.katana to /data/data/com.facebook.katana
06-13 20:05:57.631 11391 11404 V DexLibLoader: opening dex store /data/data/com.facebook.katana/dex
06-13 20:05:57.631 11391 11404 V DexLibLoader: Secondary program dex metadata: [.root_relative]
06-13 20:05:57.631 11391 11404 V DexLibLoader: Secondary program dex metadata: [.locators]
06-13 20:05:57.631 11391 11404 V DexLibLoader: Secondary program dex metadata: [classes2.dex 169aa00575ff0487945b746160f27297c4be5577 secondary.dex01.Canary]
06-13 20:05:57.631 11391 11404 V DexLibLoader: Secondary program dex metadata: [classes3.dex df0f77aeee43507f649783c33fa0dbb66eb0479b secondary.dex02.Canary]
06-13 20:05:57.631 11391 11404 V DexLibLoader: Secondary program dex metadata: [classes4.dex 30e7ae2e8ebd13e12779997d31e2e39fa00cfbbd secondary.dex03.Canary]
06-13 20:05:57.631 11391 11404 V DexLibLoader: Secondary program dex metadata: [classes5.dex dfc574980e31ab5417a26ef7478493e4937b7604 secondary.dex04.Canary]
06-13 20:05:57.631 11391 11404 V DexLibLoader: Secondary program dex metadata: [classes6.dex 4aab3e434627e4dcce8348fd103db552ce2a74c0 secondary.dex05.Canary]
06-13 20:05:57.631 11391 11404 V DexLibLoader: Secondary program dex metadata: [classes7.dex 01348424388b07122ec10957d9b913504fd2be3e secondary.dex06.Canary]
06-13 20:05:57.631 11391 11404 V DexLibLoader: Secondary program dex metadata: [classes8.dex a5751db74aa7cfc2b5c730b3dcde3df6249f954c secondary.dex07.Canary]
06-13 20:05:57.631 11391 11404 V DexLibLoader: Secondary program dex metadata: [classes9.dex 4cc5d14877fb87d7b3b1b60f46e7b54657ad8e82 secondary.dex08.Canary]
06-13 20:05:57.631 11391 11404 V DexLibLoader: Secondary program dex metadata: [classes10.dex adbe1753643ac9aaff14f917564d5f6985468db8 secondary.dex09.Canary]
06-13 20:05:57.631 11391 11404 V DexLibLoader: Secondary program dex metadata: [classes11.dex 3d88c943ce91a7138040cc4555320306fd8e7e85 secondary.dex10.Canary]
06-13 20:05:57.761 11391 11404 V DexLibLoader: read status:9 check:faceb007faceb00e
06-13 20:05:57.761 11391 11404 V DexLibLoader: read saved dep file /data/data/com.facebook.katana/dex/deps (184 bytes)
06-13 20:05:57.761 11391 11404 I DexLibLoader: current scheme: com.facebook.common.dextricks.OdexSchemeNoop next step: LA_LOAD_EXISTING
06-13 20:05:57.761 11391 11404 V MultiDexClassLoader: installing MultiDexClassLoader before application classloader
06-13 20:05:57.771 11391 11404 D MultiDexClassLoader: primary dex name: /data/app/com.facebook.katana-1/base.apk
06-13 20:05:57.771 11391 11404 D MultiDexClassLoader: Found system/other dex /system/framework/com.google.android.maps.jar
06-13 20:05:57.771 11391 11404 D MultiDexClassLoader: Found primary dex /data/app/com.facebook.katana-1/base.apk
06-13 20:05:57.771 11391 11404 D MultiDexClassLoader: Setup multi dex took 0 ms.
06-13 20:05:57.771 11391 11404 V DexLibLoader: optimization needed: no
06-13 20:05:57.771 11391 11404 W MemoryReductionHack: Couldn't update the Loader
06-13 20:05:57.901 11391 11391 W ResourcesManager: getTopLevelResources: /data/app/com.facebook.katana-1/base.apk / 1.0 running in com.facebook.katana rsrc of package com.facebook.katana
06-13 20:05:57.921 3534 4065 V AlarmManager: remove PendingIntent] PendingIntent{8523954: PendingIntentRecord{37230fd com.facebook.katana broadcastIntent}}
06-13 20:05:57.931 11391 11407 I GMPM : App measurement is starting up
06-13 20:05:57.941 11391 11407 E GMPM : getGoogleAppId failed with status: 10
06-13 20:05:57.941 11391 11407 E GMPM : Uploading is not possible. App measurement disabled
06-13 20:05:57.941 3534 4083 V AlarmManager: remove PendingIntent] PendingIntent{33a21f2: PendingIntentRecord{37230fd com.facebook.katana broadcastIntent}}
06-13 20:05:58.101 11391 11408 W StaticBindingVerifier: Verify
06-13 20:05:58.311 10218 10312 I OVR : DeviceManagerThread - event 47 (501Hz) (Tid=10312)
06-13 20:05:58.381 10218 10350 I VrApi : FPS=59,Prd=51ms,Tear=3,Early=58,Stale=0,VSnc=1,Lat=1,CPU4/GPU=2/2,1000/420MHz,OC=FF,TA=F0/F0/F0/F0,SP=F/F/F/F,Mem=1264MHz,Free=208MB,PSM=0,PLS=0,Temp=29.6C/27.5C
06-13 20:05:58.391 11391 11419 W fb4a(:):QeInternalImpl: The sessioned store is not available. Are you fetching sessioned quick experiment data while the user is logged out?
06-13 20:05:58.461 11391 11391 V SplashScreenApplication: ceding control to main thread
06-13 20:05:58.461 11391 11391 D InjectionManager: InjectionManager
06-13 20:05:58.461 11391 11391 D InjectionManager: fillFeatureStoreMap com.facebook.katana
06-13 20:05:58.461 11391 11391 I InjectionManager: Constructor com.facebook.katana, Feature store :{}
06-13 20:05:58.461 11391 11391 I InjectionManager: featureStore :{}
06-13 20:05:58.501 3534 4060 W BroadcastQueue: Failure [background] sending broadcast result of Intent { act=com.facebook.rti.fbns.intent.SHARE_IDS flg=0x10 pkg=com.facebook.katana (has extras) }
06-13 20:05:58.501 3534 4060 W BroadcastQueue: android.os.RemoteException: app.thread must not be null
06-13 20:05:58.501 3534 4060 W BroadcastQueue: at com.android.server.am.BroadcastQueue.performReceiveLocked(BroadcastQueue.java:686)
06-13 20:05:58.501 3534 4060 W BroadcastQueue: at com.android.server.am.BroadcastQueue.processNextBroadcast(BroadcastQueue.java:1146)
06-13 20:05:58.501 3534 4060 W BroadcastQueue: at com.android.server.am.ActivityManagerService.finishReceiver(ActivityManagerService.java:23683)
06-13 20:05:58.501 3534 4060 W BroadcastQueue: at android.app.ActivityManagerNative.onTransact(ActivityManagerNative.java:504)
06-13 20:05:58.501 3534 4060 W BroadcastQueue: at com.android.server.am.ActivityManagerService.onTransact(ActivityManagerService.java:3981)
06-13 20:05:58.501 3534 4060 W BroadcastQueue: at android.os.Binder.execTransact(Binder.java:453)
06-13 20:05:58.511 11435 11435 E Zygote : v2
06-13 20:05:58.511 11435 11435 I libpersona: KNOX_SDCARD checking this for 10114
06-13 20:05:58.511 11435 11435 I libpersona: KNOX_SDCARD not a persona
06-13 20:05:58.511 3534 4060 I ActivityManager: Start proc 11435:com.facebook.orca/u0a114 for broadcast-3 com.facebook.orca/com.facebook.rti.push.service.idsharing.FbnsSharingStateReceiver
