06-13 20:06:41.931 3534 4020 I InjectionManagerService -AppFeature: getCoreFeaturePkgList :[]
06-13 20:06:41.931 11646 11646 I InjectionManager: Inside getClassLibPath + mLibMap{0=, 1=}
06-13 20:06:41.931 11659 11659 D TimaKeyStoreProvider: TimaSignature is unavailable
06-13 20:06:41.931 11659 11659 D ActivityThread: Added TimaKeyStore provider
06-13 20:06:41.961 11659 11659 W ResourcesManager: getTopLevelResources: /system/priv-app/SystemUI/SystemUI.apk / 1.0 running in com.android.systemui rsrc of package com.android.systemui
06-13 20:06:41.961 3534 4093 I InjectionManagerService -AppFeature: getCoreFeaturePkgList :[]
06-13 20:06:41.961 11659 11659 I InjectionManager: Inside getClassLibPath + mLibMap{0=, 1=}
06-13 20:06:41.991 11659 11659 D ResourcesManager: For user 0 new overlays fetched Null
06-13 20:06:41.991 11659 11659 I InjectionManager: Inside getClassLibPath caller
06-13 20:06:42.011 11659 11659 W System : ClassLoader referenced unknown path: /system/priv-app/SystemUI/lib/arm64
06-13 20:06:42.031 11646 11646 D ResourcesManager: For user 0 new overlays fetched Null
06-13 20:06:42.041 11646 11646 I InjectionManager: Inside getClassLibPath caller
06-13 20:06:42.071 11659 11659 D InjectionManager: InjectionManager
06-13 20:06:42.081 11659 11659 D InjectionManager: fillFeatureStoreMap com.android.systemui
06-13 20:06:42.081 11659 11659 I InjectionManager: Constructor com.android.systemui, Feature store :{}
06-13 20:06:42.081 11659 11659 I InjectionManager: featureStore :{}
06-13 20:06:42.281 10218 10218 I Vsync : Choreographer doFrame callback delayed by 6.1 milliseconds
06-13 20:06:42.321 11659 11659 D Recents : handleProxyCall type=1
06-13 20:06:42.331 11646 11646 I MultiDex: VM with version 2.1.0 has multidex support
06-13 20:06:42.331 11646 11646 I MultiDex: install
06-13 20:06:42.331 11646 11646 I MultiDex: VM has multidex support, MultiDex support library is disabled.
06-13 20:06:42.411 3534 4075 D NetworkPolicy: isUidForegroundLocked: 10037, mScreenOn: true, uidstate: 16, mProxSensorScreenOff: false
06-13 20:06:42.411 3534 4075 D NetworkPolicy: isUidForegroundLocked: 10037, mScreenOn: true, uidstate: 16, mProxSensorScreenOff: false
06-13 20:06:42.421 10218 10312 I OVR : DeviceManagerThread - event 47 (500Hz) (Tid=10312)
06-13 20:06:42.501 10218 10350 I VrApi : FPS=59,Prd=51ms,Tear=0,Early=59,Stale=0,VSnc=1,Lat=1,CPU4/GPU=2/2,1000/420MHz,OC=FF,TA=F0/F0/F0/F0,SP=F/F/F/F,Mem=1264MHz,Free=175MB,PSM=0,PLS=0,Temp=29.9C/27.5C
06-13 20:06:42.531 11646 11646 W ResourcesManager: getTopLevelResources: /data/app/com.google.android.gms-2/base.apk / 1.0 running in com.google.android.gms rsrc of package com.google.android.gms
06-13 20:06:42.641 11646 11646 W ResourcesManager: getTopLevelResources: /data/app/com.google.android.gms-2/base.apk / 1.0 running in com.google.android.gms rsrc of package com.google.android.gms
06-13 20:06:42.921 11659 11659 D Recents : Font changed OLD: scale=0.0, flipfont=0, NEW: scale=1.0, flipfont=0
06-13 20:06:42.971 3534 6514 D SSRM:J : mCheck2ndHMTtableRunnable!
06-13 20:06:42.971 3534 6514 D SSRM:J : battery temp will be check in 60000 ms.
06-13 20:06:43.081 11617 11681 W System.err: mkdir failed: EEXIST (File exists) : /storage/emulated/0/Android/data/com.microsoft.skydrive/cache/instrumentationb
06-13 20:06:43.111 11683 11683 E Zygote : v2
06-13 20:06:43.111 11683 11683 I libpersona: KNOX_SDCARD checking this for 10015
06-13 20:06:43.111 11683 11683 I libpersona: KNOX_SDCARD not a persona
06-13 20:06:43.121 11683 11683 I SELinux : Function: selinux_compare_spd_ram, index[1], SPD-policy is existed. and_ver=SEPF_SECMOBILE_6.0.1 ver=11
06-13 20:06:43.121 3534 4072 I ActivityManager: Start proc 11683:com.google.process.gapps/u0a15 for content provider com.google.android.gsf/.gservices.GservicesProvider
06-13 20:06:43.121 11683 11683 W SELinux : Function: selinux_compare_spd_ram, index[1], priority [1], priority version is VE=SEPF_SECMOBILE_6.0.1_0011
06-13 20:06:43.131 11683 11683 E Zygote : accessInfo : 0
06-13 20:06:43.131 11683 11683 W SELinux : SELinux: seapp_context_lookup: seinfo=untrusted, level=s0:c512,c768, pkgname=com.google.process.gapps
06-13 20:06:43.221 11683 11683 D TimaKeyStoreProvider: TimaSignature is unavailable
06-13 20:06:43.221 11683 11683 D ActivityThread: Added TimaKeyStore provider
06-13 20:06:43.261 11683 11683 W ResourcesManager: getTopLevelResources: /system/priv-app/GoogleServicesFramework/GoogleServicesFramework.apk / 1.0 running in com.google.android.gsf rsrc of package com.google.android.gsf
06-13 20:06:43.271 3534 4101 I InjectionManagerService -AppFeature: getCoreFeaturePkgList :[]
06-13 20:06:43.281 11683 11683 I InjectionManager: Inside getClassLibPath + mLibMap{0=, 1=}
06-13 20:06:43.301 3534 3554 E SensorService: getSensorList a sensor (HRM Ambient Light Canceling) without holding its required permission: com.samsung.permission.HRM_EXT
06-13 20:06:43.301 3534 3554 I SensorService: Skipped sensor HRM Ambient Light Canceling because it requires permission com.samsung.permission.HRM_EXT and app op -1
06-13 20:06:43.301 3534 3554 E SensorService: getSensorList a sensor (HRM Proximity detecting) without holding its required permission: com.samsung.permission.HRM_EXT
06-13 20:06:43.301 3534 3554 I SensorService: Skipped sensor HRM Proximity detecting because it requires permission com.samsung.permission.HRM_EXT and app op -1
06-13 20:06:43.301 3534 3554 W ServiceManager: Permission failure: android.permission.BODY_SENSORS from uid=10146 pid=11617
06-13 20:06:43.301 3534 3554 E SensorService: getSensorList a sensor (HRMLED IR) without holding its required permission: android.permission.BODY_SENSORS
06-13 20:06:43.301 3534 3554 I SensorService: Skipped sensor HRMLED IR because it requires permission android.permission.BODY_SENSORS and app op 56
06-13 20:06:43.301 3534 3554 W ServiceManager: Permission failure: android.permission.BODY_SENSORS from uid=10146 pid=11617
06-13 20:06:43.301 3534 3554 E SensorService: getSensorList a sensor (HRMLED RED) without holding its required permission: android.permission.BODY_SENSORS
06-13 20:06:43.301 3534 3554 I SensorService: Skipped sensor HRMLED RED because it requires permission android.permission.BODY_SENSORS and app op 56
06-13 20:06:43.301 3534 3554 E SensorService: getSensorList a sensor (MAX86900) without holding its required permission: com.samsung.permission.SSENSOR
06-13 20:06:43.301 3534 3554 I SensorService: Skipped sensor MAX86900 because it requires permission com.samsung.permission.SSENSOR and app op -1
06-13 20:06:43.301 3534 3554 E SensorService: getSensorList a sensor (HRM Sensor) without holding its required permission: com.samsung.permission.SSENSOR
06-13 20:06:43.301 3534 3554 I SensorService: Skipped sensor HRM Sensor because it requires permission com.samsung.permission.SSENSOR and app op -1
06-13 20:06:43.301 3534 3554 W ServiceManager: Permission failure: android.permission.BODY_SENSORS from uid=10146 pid=11617
06-13 20:06:43.301 3534 3554 E SensorService: getSensorList a sensor (HeartRate Sensor) without holding its required permission: android.permission.BODY_SENSORS
06-13 20:06:43.301 3534 3554 I SensorService: Skipped sensor HeartRate Sensor because it requires permission android.permission.BODY_SENSORS and app op 56
06-13 20:06:43.311 11683 11683 D ResourcesManager: For user 0 new overlays fetched Null
06-13 20:06:43.321 11683 11683 I InjectionManager: Inside getClassLibPath caller
06-13 20:06:43.331 11683 11683 W System : ClassLoader referenced unknown path: /system/priv-app/GoogleServicesFramework/lib/arm64
06-13 20:06:43.401 11683 11683 I GservicesProvider: Gservices pushing to system: true; secure/global: true
06-13 20:06:43.421 10218 10312 I OVR : DeviceManagerThread - event 47 (498Hz) (Tid=10312)
06-13 20:06:43.501 10218 10350 I VrApi : FPS=59,Prd=50ms,Tear=0,Early=58,Stale=4,VSnc=1,Lat=1,CPU4/GPU=2/2,900/420MHz,OC=FF,TA=F0/F0/F0/F0,SP=F/F/F/F,Mem=1264MHz,Free=171MB,PSM=0,PLS=0,Temp=29.9C/27.0C
06-13 20:06:43.771 11683 11683 I GoogleHttpClient: GMS http client unavailable, use old client
06-13 20:06:43.831 10218 10346 W TimeWarp: VSync 400151: Eye=1,late=0.0ms,over=0.0ms,CPU=0.4ms,GPU=8.3ms,Tot=8.8ms
06-13 20:06:43.841 10218 10346 W TimeWarp: VSync 400152: Eye=0,late=1.8ms,over=0.0ms,CPU=0.4ms,GPU=6.5ms,Tot=8.7ms
06-13 20:06:43.841 3534 3554 V VRManagerService: binderDied()
06-13 20:06:43.851 3534 3534 V VRManagerService: onServiceDisconnected()
06-13 20:06:43.851 3534 3534 D VRManagerService: VRConnection timeout for VRService!
06-13 20:06:43.851 3534 3534 V VRManagerService: stopVR() mBound=true mConnected=true iVRManagerService=null
06-13 20:06:43.851 3534 3534 V VRManagerService: cancelInit() mDeviceEventHandler
06-13 20:06:43.851 3534 3534 V VRManagerService: cancelInit() mDeviceEventLooper
06-13 20:06:43.851 3534 4083 D CustomFrequencyManagerService: releaseDVFSLockLocked : Getting Lock type frm List : DVFS_MIN_LIMIT frequency : 600000 uid : 1000 pid : 3534 tag : VR_CPU_MIN@1
06-13 20:06:43.861 3534 4087 D CustomFrequencyManagerService: releaseDVFSLockLocked : Getting Lock type frm List : DVFS_MAX_LIMIT frequency : 1000000 uid : 1000 pid : 3534 tag : VR_CPU_MAX@2
06-13 20:06:43.861 10218 10346 W TimeWarp: VSync 400153: Eye=1,late=0.0ms,over=0.0ms,CPU=0.4ms,GPU=8.1ms,Tot=8.6ms
06-13 20:06:43.861 3534 4085 D BatteryService: !@BatteryListener : batteryPropertiesChanged!
06-13 20:06:43.871 3534 4085 D BatteryService: level:74, scale:100, status:3, health:2, present:true, voltage: 3853, temperature: 300, technology: Li-ion, AC powered:false, USB powered:false, POGO powered:false, Wireless powered:false, icon:17303431, invalid charger:0, maxChargingCurrent:0
06-13 20:06:43.871 3534 4085 D BatteryService: online:15, current avg:-978, charge type:0, power sharing:false, high voltage charger:false, capacity:280000, batterySWSelfDischarging:false, current_now:-1216
06-13 20:06:43.871 3534 4101 I ActivityManager: Process com.samsung.android.hmt.vrsvc:system (pid 9982)(adj 1) has died(73,90)
06-13 20:06:43.881 3534 4101 D ActivityManager: isAutoRunBlockedApp:: com.samsung.android.hmt.vrsvc, Auto Run ON
06-13 20:06:43.881 3534 4101 W ActivityManager: Scheduling restart of crashed service com.samsung.android.hmt.vrsvc/.system.VRSystemService in 1000ms
06-13 20:06:43.891 3534 3534 D VRManagerService: VRConnection timeout for VRService!
06-13 20:06:43.891 3534 3534 V VRManagerService: stopVR() already stopped.
06-13 20:06:43.891 3534 3534 D BatteryService: Sending ACTION_BATTERY_CHANGED.
06-13 20:06:43.901 3534 4038 I ActivityManager: Process com.oculus.horizon (pid 10300)(adj 1) has died(74,94)
06-13 20:06:43.901 3534 4038 D ActivityManager: isAutoRunBlockedApp:: com.oculus.horizon, Auto Run ON
06-13 20:06:43.901 3534 4038 W ActivityManager: Scheduling restart of crashed service com.oculus.horizon/.service.SDKLoggingService in 1000ms
06-13 20:06:43.921 3534 3534 I MotionRecognitionService: On Battery, 0
06-13 20:06:43.921 3534 3534 D MotionRecognitionService: cableConnection= 0
06-13 20:06:43.931 4213 4213 D KeyguardUpdateMonitor: received broadcast android.intent.action.BATTERY_CHANGED
06-13 20:06:43.941 4213 4213 D PowerUI : priorPlugType = 0 mPlugType = 0
06-13 20:06:43.961 3534 4075 D NetworkPolicy: isUidForegroundLocked: 10221, mScreenOn: true, uidstate: 16, mProxSensorScreenOff: false
06-13 20:06:44.011 11683 11683 D InjectionManager: InjectionManager
06-13 20:06:44.021 11683 11683 D InjectionManager: fillFeatureStoreMap com.google.android.gsf
06-13 20:06:44.031 11683 11683 I InjectionManager: Constructor com.google.android.gsf, Feature store :{}
06-13 20:06:44.031 11683 11683 I InjectionManager: featureStore :{}
06-13 20:06:44.101 10218 10218 D LoggingService: Disconnected from logging service
06-13 20:06:44.101 10218 10218 I Vsync : Choreographer doFrame callback delayed by 11.5 milliseconds
06-13 20:06:44.101 10218 10218 I Vsync : Vsync 400167: Choreographer: 3 x 16.87 ms (59.80 Hz, at 6764.757)
06-13 20:06:44.111 4213 4213 D BatteryMeterView: ACTION_BATTERY_CHANGED : level:74 status:3 health:2
06-13 20:06:44.111 4213 4213 D BatteryMeterView: ACTION_BATTERY_CHANGED : level:74 status:3 health:2
06-13 20:06:44.111 4213 4213 D KeyguardUpdateMonitor: handleBatteryUpdate
06-13 20:06:44.111 10218 10218 I Vsync : Vsync 400168: Choreographer: 1 x 16.20 ms (59.80 Hz, at 6764.763)
06-13 20:06:44.301 11659 11659 W ResourcesManager: getTopLevelResources: /data/app/com.samsung.voiceserviceplatform-1/base.apk / 1.0 running in com.android.systemui rsrc of package com.samsung.voiceserviceplatform
06-13 20:06:44.361 10218 10218 I Vsync : Vsync 400183: Choreographer: 4 x 16.89 ms (59.78 Hz, at 6765.014)
06-13 20:06:44.361 10218 10218 I OVRPlugin: nativeBatteryEvent(3, 74, 300)
06-13 20:06:44.371 10218 10218 I Vsync : Vsync 400184: Choreographer: 1 x 15.94 ms (59.78 Hz, at 6765.029)
06-13 20:06:44.411 11659 11659 D ResourcesManager: For user 0 new overlays fetched Null
06-13 20:06:44.421 10218 10312 I OVR : DeviceManagerThread - event 47 (498Hz) (Tid=10312)
06-13 20:06:44.491 3534 4065 V VRManagerService: startVR()
06-13 20:06:44.501 11617 11617 D SecWifiDisplayUtil: Metadata value : SecSettings2
06-13 20:06:44.601 11700 11700 E Zygote : v2
06-13 20:06:44.601 11700 11700 I libpersona: KNOX_SDCARD checking this for 1000
06-13 20:06:44.601 11700 11700 I libpersona: KNOX_SDCARD not a persona
06-13 20:06:44.601 11700 11700 I SELinux : Function: selinux_compare_spd_ram, index[1], SPD-policy is existed. and_ver=SEPF_SECMOBILE_6.0.1 ver=11
06-13 20:06:44.601 3534 4065 I ActivityManager: Start proc 11700:com.samsung.android.hmt.vrsvc:system/1000 for service com.samsung.android.hmt.vrsvc/.system.VRSystemService
06-13 20:06:44.601 3534 4065 V VRManagerService: startVR() Take iVRManagerService... start
06-13 20:06:44.611 11700 11700 W SELinux : Function: selinux_compare_spd_ram, index[1], priority [1], priority version is VE=SEPF_SECMOBILE_6.0.1_0011
06-13 20:06:44.611 11700 11700 E Zygote : accessInfo : 0
06-13 20:06:44.621 10218 10346 W TimeWarp: VSync 400198: Eye=1,late=0.0ms,over=0.0ms,CPU=0.4ms,GPU=9.5ms,Tot=9.9ms
06-13 20:06:44.631 10218 10346 W TimeWarp: VSync 400199: Eye=0,late=1.7ms,over=0.0ms,CPU=0.4ms,GPU=7.6ms,Tot=9.8ms
06-13 20:06:44.641 11659 11659 W ResourcesManager: getTopLevelResources: /data/app/com.skyworxx.gearvrnote4deviceidgrabber-1/base.apk / 1.0 running in com.android.systemui rsrc of package com.skyworxx.gearvrnote4deviceidgrabber
06-13 20:06:44.661 11659 11659 D ResourcesManager: For user 0 new overlays fetched Null
06-13 20:06:44.671 11659 11659 W ResourcesManager: getTopLevelResources: /data/app/com.reelfx.legendary_vr-1/base.apk / 1.0 running in com.android.systemui rsrc of package com.reelfx.legendary_vr
06-13 20:06:44.681 11659 11659 D ResourcesManager: For user 0 new overlays fetched Null
06-13 20:06:44.691 11659 11659 W ResourcesManager: getTopLevelResources: /system/priv-app/SmartManager_v3/SmartManager_v3.apk / 1.0 running in com.android.systemui rsrc of package com.samsung.android.sm
06-13 20:06:44.701 11646 11646 W linker : /data/app/com.google.android.gms-2/lib/arm64/libgmscore.so: unused DT entry: type 0x7ffffffd arg 0x510
06-13 20:06:44.731 11659 11659 D ResourcesManager: For user 0 new overlays fetched Null
06-13 20:06:44.751 11659 11659 W ResourcesManager: getTopLevelResources: /data/app/com.oculus.Integration-1/base.apk / 1.0 running in com.android.systemui rsrc of package com.oculus.Integration
06-13 20:06:44.761 11659 11659 D ResourcesManager: For user 0 new overlays fetched Null
06-13 20:06:44.771 3534 4072 D WifiDisplayAdapter: getWifiDisplayStatusLocked: result=WifiDisplayStatus{featureState=2, scanState=0, activeDisplayState=0, activeDisplay=null, displays=[], sessionInfo=WifiDisplaySessionInfo: Client/Owner: Client GroupId: Passphrase: SessionId: 0 IP Address: , connectedState=-1, networkQoS=0}
06-13 20:06:44.771 11659 11659 W ResourcesManager: getTopLevelResources: /system/priv-app/SamsungCamera4/SamsungCamera4.apk / 1.0 running in com.android.systemui rsrc of package com.sec.android.app.camera
06-13 20:06:44.771 11700 11700 D TimaKeyStoreProvider: TimaSignature is unavailable
06-13 20:06:44.771 11700 11700 D ActivityThread: Added TimaKeyStore provider
06-13 20:06:44.821 11659 11659 D ResourcesManager: For user 0 new overlays fetched Null
06-13 20:06:44.831 11659 11659 W ResourcesManager: getTopLevelResources: /system/priv-app/SecSettings2/SecSettings2.apk / 1.0 running in com.android.systemui rsrc of package com.android.settings
06-13 20:06:44.851 3534 4089 D WifiDisplayAdapter: getWifiDisplayStatusLocked: result=WifiDisplayStatus{featureState=2, scanState=0, activeDisplayState=0, activeDisplay=null, displays=[], sessionInfo=WifiDisplaySessionInfo: Client/Owner: Client GroupId: Passphrase: SessionId: 0 IP Address: , connectedState=-1, networkQoS=0}
06-13 20:06:44.901 11700 11700 W ResourcesManager: getTopLevelResources: /data/app/com.samsung.android.hmt.vrsvc-2/base.apk / 1.0 running in com.samsung.android.hmt.vrsvc rsrc of package com.samsung.android.hmt.vrsvc
06-13 20:06:44.941 3534 4081 I InjectionManagerService -AppFeature: getCoreFeaturePkgList :[]
06-13 20:06:44.941 11700 11700 I InjectionManager: Inside getClassLibPath + mLibMap{0=, 1=}
06-13 20:06:44.961 11700 11700 D ResourcesManager: For user 0 new overlays fetched Null
06-13 20:06:44.991 11700 11700 I InjectionManager: Inside getClassLibPath caller
06-13 20:06:45.071 11659 11659 D ResourcesManager: For user 0 new overlays fetched Null
06-13 20:06:45.101 11659 11659 W ResourcesManager: getTopLevelResources: /data/app/com.estrongs.android.pop-2/base.apk / 1.0 running in com.android.systemui rsrc of package com.estrongs.android.pop
06-13 20:06:45.141 11659 11659 D ResourcesManager: For user 0 new overlays fetched Null
06-13 20:06:45.151 11659 11659 W ResourcesManager: getTopLevelResources: /data/app/com.digitalkey.setin-1/base.apk / 1.0 running in com.android.systemui rsrc of package com.digitalkey.setin
06-13 20:06:45.181 11659 11659 D ResourcesManager: For user 0 new overlays fetched Null
06-13 20:06:45.251 11712 11712 E Zygote : v2
06-13 20:06:45.261 11712 11712 I libpersona: KNOX_SDCARD checking this for 10221
06-13 20:06:45.261 11712 11712 I libpersona: KNOX_SDCARD not a persona
06-13 20:06:45.281 11712 11712 I SELinux : Function: selinux_compare_spd_ram, index[1], SPD-policy is existed. and_ver=SEPF_SECMOBILE_6.0.1 ver=11
06-13 20:06:45.291 3534 3618 I ActivityManager: Start proc 11712:com.oculus.horizon/u0a221 for service com.oculus.horizon/.service.SDKLoggingService
06-13 20:06:45.301 3534 4075 D NetworkPolicy: isUidForegroundLocked: 10221, mScreenOn: true, uidstate: -1, mProxSensorScreenOff: false
06-13 20:06:45.301 11646 11646 W linker : /data/app/com.google.android.gms-2/lib/arm64/libconscrypt_gmscore_jni.so: unused DT entry: type 0x1d arg 0x8f
06-13 20:06:45.301 11646 11646 W linker : /data/app/com.google.android.gms-2/lib/arm64/libconscrypt_gmscore_jni.so: unused DT entry: type 0x7ffffffd arg 0x178
06-13 20:06:45.301 11712 11712 W SELinux : Function: selinux_compare_spd_ram, index[1], priority [1], priority version is VE=SEPF_SECMOBILE_6.0.1_0011
06-13 20:06:45.311 3534 4083 D AudioService: getStreamVolume 3 index 40
06-13 20:06:45.311 11712 11712 E Zygote : accessInfo : 0
06-13 20:06:45.311 11712 11712 W SELinux : SELinux: seapp_context_lookup: seinfo=default, level=s0:c512,c768, pkgname=com.oculus.horizon
06-13 20:06:45.351 11646 11646 V JNIHelp : Registering com/google/android/gms/org/conscrypt/NativeCrypto's 254 native methods...
06-13 20:06:45.411 11700 11700 V VRSVC : (VRServiceApplication.java:13) onCreate [onCreate()]
06-13 20:06:45.421 11700 11700 D InjectionManager: InjectionManager
06-13 20:06:45.421 11700 11700 D InjectionManager: fillFeatureStoreMap com.samsung.android.hmt.vrsvc
06-13 20:06:45.421 11700 11700 I InjectionManager: Constructor com.samsung.android.hmt.vrsvc, Feature store :{}
06-13 20:06:45.421 11700 11700 I InjectionManager: featureStore :{}
06-13 20:06:45.421 10218 10312 I OVR : DeviceManagerThread - event 47 (500Hz) (Tid=10312)
06-13 20:06:45.471 10218 10255 I TimeWarp: WarpSwap: usleep( 552 )
06-13 20:06:45.551 11700 11700 V VRManagerServer: (VRSystemService.java:24) onCreate [onCreate]
06-13 20:06:45.581 11617 11617 I MediaRouter: Found default route: MediaRouter.RouteInfo{ uniqueId=android/.support.v7.c.bs:DEFAULT_ROUTE, name=Phone, description=null, iconUri=null, enabled=true, connecting=false, connectionState=0, canDisconnect=false, playbackType=0, playbackStream=3, deviceType=0, volumeHandling=1, volume=4, volumeMax=15, presentationDisplayId=-1, extras=null, settingsIntent=null, providerPackageName=android }
06-13 20:06:45.631 11659 11659 W ResourcesManager: getTopLevelResources: /data/app/com.samsung.voiceserviceplatform-1/base.apk / 1.0 running in com.android.systemui rsrc of package com.samsung.voiceserviceplatform
06-13 20:06:45.711 11700 11700 V VRManagerServer: (VRManagerService.java:280) [VRManagerService created]
06-13 20:06:45.741 3534 6514 D SSRM:n : SIOP:: AP = 500, PST = 478 (W:10), CP = 305, CUR = 1060, LCD = 18
06-13 20:06:45.801 3534 4101 D PackageManager: getComponentMetadataForIconTray : com.samsung.voiceserviceplatform.ui.PermissionUsageActivity does not exist in mServices
06-13 20:06:45.801 3534 4101 D PackageManager: getComponentMetadataForIconTray : com.samsung.voiceserviceplatform.ui.PermissionUsageActivity does not exist in mProviders
06-13 20:06:45.801 3534 4101 D PackageManager: getComponentMetadataForIconTray : com.samsung.voiceserviceplatform.ui.PermissionUsageActivity does not exist in mReceivers
06-13 20:06:45.811 11617 11626 W art : Suspending all threads took: 90.818ms
06-13 20:06:45.881 11700 11700 W ResourcesManager: getTopLevelResources: /data/app/com.samsung.android.hmt.vrsvc-2/base.apk / 1.0 running in com.samsung.android.hmt.vrsvc rsrc of package com.samsung.android.hmt.vrsvc
06-13 20:06:45.991 11659 11659 W ResourcesManager: getTopLevelResources: /data/app/com.skyworxx.gearvrnote4deviceidgrabber-1/base.apk / 1.0 running in com.android.systemui rsrc of package com.skyworxx.gearvrnote4deviceidgrabber
06-13 20:06:46.101 3534 4081 D PackageManager: getComponentMetadataForIconTray : com.skyworxx.gearvrnote4deviceidgrabber.DeviceID does not exist in mServices
06-13 20:06:46.101 3534 4081 D PackageManager: getComponentMetadataForIconTray : com.skyworxx.gearvrnote4deviceidgrabber.DeviceID does not exist in mProviders
06-13 20:06:46.101 3534 4081 D PackageManager: getComponentMetadataForIconTray : com.skyworxx.gearvrnote4deviceidgrabber.DeviceID does not exist in mReceivers
06-13 20:06:46.141 11659 11668 I art : Background sticky concurrent mark sweep GC freed 5850(544KB) AllocSpace objects, 0(0B) LOS objects, 20% free, 4MB/5MB, paused 469us total 120.187ms
06-13 20:06:46.161 11659 11659 I ApplicationPackageManager: load=com.skyworxx.gearvrnote4deviceidgrabber, bg=168-168, dr=168-168
06-13 20:06:46.171 3534 4087 I ActivityManager: Process com.google.android.googlequicksearchbox:interactor (pid 30165)(adj 1) has died(75,93)
06-13 20:06:46.181 3534 4087 D ActivityManager: isAutoRunBlockedApp:: com.google.android.googlequicksearchbox, Auto Run ON
06-13 20:06:46.181 3534 4087 W ActivityManager: Scheduling restart of crashed service com.google.android.googlequicksearchbox/com.google.android.voiceinteraction.GsaVoiceInteractionService in 1000ms
06-13 20:06:46.181 11659 11659 I ApplicationPackageManager: scaled rate=1.1785074, size=168, alpha=17, hold=26, target=168
06-13 20:06:46.211 3534 4075 D NetworkPolicy: isUidForegroundLocked: 10221, mScreenOn: true, uidstate: 16, mProxSensorScreenOff: false
06-13 20:06:46.231 11659 11659 W ResourcesManager: getTopLevelResources: /data/app/com.reelfx.legendary_vr-1/base.apk / 1.0 running in com.android.systemui rsrc of package com.reelfx.legendary_vr
06-13 20:06:46.241 11659 11659 D ResourcesManager: For user 0 new overlays fetched Null
06-13 20:06:46.271 11659 11659 I ApplicationPackageManager: load=com.reelfx.legendary_vr, bg=168-168, dr=168-168
06-13 20:06:46.271 11659 11659 I ApplicationPackageManager: scaled rate=0.88, size=168, alpha=0, hold=26, target=168
06-13 20:06:46.331 11659 11659 W ResourcesManager: getTopLevelResources: /system/priv-app/SmartManager_v3/SmartManager_v3.apk / 1.0 running in com.android.systemui rsrc of package com.samsung.android.sm
06-13 20:06:46.361 11659 11659 D ResourcesManager: For user 0 new overlays fetched Null
06-13 20:06:46.401 3534 4081 D PackageManager: getComponentMetadataForIconTray : com.samsung.android.sm.ui.dashboard.SmartManagerDashBoardActivity does not exist in mServices
06-13 20:06:46.401 3534 4081 D PackageManager: getComponentMetadataForIconTray : com.samsung.android.sm.ui.dashboard.SmartManagerDashBoardActivity does not exist in mProviders
06-13 20:06:46.401 3534 4081 D PackageManager: getComponentMetadataForIconTray : com.samsung.android.sm.ui.dashboard.SmartManagerDashBoardActivity does not exist in mReceivers
06-13 20:06:46.421 10218 10312 I OVR : DeviceManagerThread - event 47 (500Hz) (Tid=10312)
06-13 20:06:46.431 11659 11659 W ResourcesManager: getTopLevelResources: /data/app/com.oculus.Integration-1/base.apk / 1.0 running in com.android.systemui rsrc of package com.oculus.Integration
06-13 20:06:46.471 3534 4038 I ActivityManager: Process com.sec.smartcard.manager (pid 30206)(adj 1) has died(75,92)
06-13 20:06:46.481 3534 4038 D ActivityManager: isAutoRunBlockedApp:: com.sec.smartcard.manager, Auto Run ON
06-13 20:06:46.481 3534 4038 W ActivityManager: Scheduling restart of crashed service com.sec.smartcard.manager/com.sec.enterprise.mdm.sc.bai.BaiMobileAgentService in 10701ms
06-13 20:06:46.481 3534 3534 D UcmAgentWrapper: onServiceDisconnected ComponentInfo{com.sec.smartcard.manager/com.sec.enterprise.mdm.sc.bai.BaiMobileAgentService}
06-13 20:06:46.491 3534 3534 D UcmAgentWrapper: scheduleRestart
06-13 20:06:46.511 11659 11659 D ResourcesManager: For user 0 new overlays fetched Null
06-13 20:06:46.541 11659 11668 I art : Background partial concurrent mark sweep GC freed 197(9KB) AllocSpace objects, 0(0B) LOS objects, 39% free, 10MB/16MB, paused 8.059ms total 21.717ms
06-13 20:06:46.561 11659 11659 I ApplicationPackageManager: load=com.oculus.Integration, bg=168-168, dr=336-336
06-13 20:06:46.571 3534 3534 D UcmAgentWrapper: onServiceDisconnected ComponentInfo{com.samsung.ucs.agent.boot/com.samsung.ucs.agent.boot.BootAgentService}
06-13 20:06:46.571 3534 3534 D UcmAgentWrapper: scheduleRestart
06-13 20:06:46.571 3534 3554 I ActivityManager: Process com.samsung.ucs.agent.boot (pid 31201)(adj 1) has died(73,90)
06-13 20:06:46.571 3534 3554 D ActivityManager: isAutoRunBlockedApp:: com.samsung.ucs.agent.boot, Auto Run ON
06-13 20:06:46.571 3534 3554 W ActivityManager: Scheduling restart of crashed service com.samsung.ucs.agent.boot/.BootAgentService in 20606ms
06-13 20:06:46.591 11659 11659 I ApplicationPackageManager: DR-icon scaling ori=336,336 - scaled=168,168
06-13 20:06:46.591 11659 11659 I ApplicationPackageManager: scaled rate=0.94, size=168, alpha=0, hold=26, target=168
06-13 20:06:46.611 3534 3534 D UcmService: onServiceDisconnected
06-13 20:06:46.641 11659 11659 W ResourcesManager: getTopLevelResources: /system/priv-app/SamsungCamera4/SamsungCamera4.apk / 1.0 running in com.android.systemui rsrc of package com.sec.android.app.camera
06-13 20:06:46.651 3534 4093 I ActivityManager: Process com.samsung.ucs.ucspinpad (pid 32753)(adj 1) has died(70,95)
06-13 20:06:46.651 3534 4093 D ActivityManager: isAutoRunBlockedApp:: com.samsung.ucs.ucspinpad, Auto Run ON
06-13 20:06:46.651 3534 4093 W ActivityManager: Scheduling restart of crashed service com.samsung.ucs.ucspinpad/.UcsPinpadService in 30524ms
06-13 20:06:46.681 11659 11659 D ResourcesManager: For user 0 new overlays fetched Null
06-13 20:06:46.691 11700 11700 V VRManagerServer: (VRMode.java:36) wtkw [isDemoModePackageExists=false isLiveDemoUnitBinary=false isDemoIgnore=false]
06-13 20:06:46.761 11659 11659 W ResourcesManager: getTopLevelResources: /system/priv-app/SecSettings2/SecSettings2.apk / 1.0 running in com.android.systemui rsrc of package com.android.settings
06-13 20:06:46.791 3534 4085 I ActivityManager: Process org.simalliance.openmobileapi.service:remote (pid 404)(adj 1) has died(77,91)
06-13 20:06:46.791 3534 4085 D ActivityManager: isAutoRunBlockedApp:: org.simalliance.openmobileapi.service, Auto Run ON
06-13 20:06:46.791 3534 4085 W ActivityManager: Scheduling restart of crashed service org.simalliance.openmobileapi.service/.SmartcardService in 40386ms
06-13 20:06:46.831 11700 11700 V VRManagerServer: (VRManagerService.java:324) BRMq [VRManagerService systemReady VR_API_VERSION=9]
06-13 20:06:46.891 11646 11656 W art : Suspending all threads took: 17.167ms
06-13 20:06:46.951 11700 11700 V VRManagerServer: (VRManagerService.java:329) BRMq [prevDockState=105 storedBright=255]
06-13 20:06:46.951 11700 11700 V VRManagerServer: (VRSystemService.java:37) onBind [onBind]
06-13 20:06:46.981 3534 3534 V VRManagerService: onServiceConnected() mBound=true mConnected=false mConnection=com.android.server.VRManagerService$VRRecord@b0de922 service=android.os.BinderProxy@1fbcea0
06-13 20:06:46.981 3534 4065 V VRManagerService: startVR() Take iVRManagerService... ok!
06-13 20:06:47.001 11659 11659 D ResourcesManager: For user 0 new overlays fetched Null
06-13 20:06:47.041 3534 4060 D PackageManager: getComponentMetadataForIconTray : com.android.settings.Settings does not exist in mServices
06-13 20:06:47.041 3534 4060 D PackageManager: getComponentMetadataForIconTray : com.android.settings.Settings does not exist in mProviders
06-13 20:06:47.041 3534 4060 D PackageManager: getComponentMetadataForIconTray : com.android.settings.Settings does not exist in mReceivers
06-13 20:06:47.081 11659 11659 W ResourcesManager: getTopLevelResources: /data/app/com.estrongs.android.pop-2/base.apk / 1.0 running in com.android.systemui rsrc of package com.estrongs.android.pop
06-13 20:06:47.121 11659 11659 D ResourcesManager: For user 0 new overlays fetched Null
06-13 20:06:47.131 3534 4025 V VRManagerService: binderDied()
06-13 20:06:47.131 3534 3534 V VRManagerService: onServiceDisconnected()
06-13 20:06:47.131 3534 3534 D VRManagerService: VRConnection timeout for VRService!
06-13 20:06:47.131 3534 3534 V VRManagerService: stopVR() mBound=true mConnected=true iVRManagerService=null
06-13 20:06:47.131 3534 3534 V VRManagerService: mDeviceEventHandler=null ignored.
06-13 20:06:47.131 3534 3534 V VRManagerService: mDeviceEventLooper=null ignored.
06-13 20:06:47.131 3534 4081 I ActivityManager: Process com.samsung.android.hmt.vrsvc:system (pid 11700)(adj 1) has died(75,91)
06-13 20:06:47.131 3534 4081 D ActivityManager: isAutoRunBlockedApp:: com.samsung.android.hmt.vrsvc, Auto Run ON
06-13 20:06:47.131 3534 4081 W ActivityManager: Scheduling restart of crashed service com.samsung.android.hmt.vrsvc/.system.VRSystemService in 293438ms
06-13 20:06:47.151 3534 3534 D VRManagerService: VRConnection timeout for VRService!
06-13 20:06:47.151 3534 3534 V VRManagerService: stopVR() already stopped.
06-13 20:06:47.151 3534 4020 D PackageManager: getComponentMetadataForIconTray : com.estrongs.android.pop.view.FileExplorerActivity does not exist in mServices
06-13 20:06:47.151 3534 4020 D PackageManager: getComponentMetadataForIconTray : com.estrongs.android.pop.view.FileExplorerActivity does not exist in mProviders
06-13 20:06:47.151 3534 4020 D PackageManager: getComponentMetadataForIconTray : com.estrongs.android.pop.view.FileExplorerActivity does not exist in mReceivers
06-13 20:06:47.171 11659 11659 I ApplicationPackageManager: load=com.estrongs.android.pop, bg=168-168, dr=168-168
06-13 20:06:47.181 11659 11659 I ApplicationPackageManager: scaled rate=0.9513253, size=168, alpha=1, hold=26, target=168
06-13 20:06:47.221 11727 11727 E Zygote : v2
06-13 20:06:47.221 11727 11727 I libpersona: KNOX_SDCARD checking this for 10066
06-13 20:06:47.221 11727 11727 I libpersona: KNOX_SDCARD not a persona
06-13 20:06:47.231 10218 10346 W TimeWarp: VSync 400354: Eye=0,late=0.0ms,over=0.0ms,CPU=0.4ms,GPU=8.6ms,Tot=9.0ms
06-13 20:06:47.231 10218 10346 W TimeWarp: VSync 400354: Eye=1,late=13.6ms,over=0.0ms,CPU=0.4ms,GPU=3.2ms,Tot=17.2ms
06-13 20:06:47.231 3534 3618 I ActivityManager: Start proc 11727:com.google.android.googlequicksearchbox:interactor/u0a66 for service com.google.android.googlequicksearchbox/com.google.android.voiceinteraction.GsaVoiceInteractionService
06-13 20:06:47.231 3534 4075 D NetworkPolicy: isUidForegroundLocked: 10066, mScreenOn: true, uidstate: -1, mProxSensorScreenOff: false
06-13 20:06:47.231 10218 10346 I TimeWarp: Adjusting 400355.04 > 400354 to 400355
06-13 20:06:47.251 11659 11659 W ResourcesManager: getTopLevelResources: /data/app/com.digitalkey.setin-1/base.apk / 1.0 running in com.android.systemui rsrc of package com.digitalkey.setin
06-13 20:06:47.251 11727 11727 I SELinux : Function: selinux_compare_spd_ram, index[1], SPD-policy is existed. and_ver=SEPF_SECMOBILE_6.0.1 ver=11
06-13 20:06:47.261 11727 11727 W SELinux : Function: selinux_compare_spd_ram, index[1], priority [1], priority version is VE=SEPF_SECMOBILE_6.0.1_0011
06-13 20:06:47.261 11727 11727 E Zygote : accessInfo : 0
06-13 20:06:47.261 11727 11727 W SELinux : SELinux: seapp_context_lookup: seinfo=untrusted, level=s0:c512,c768, pkgname=com.google.android.googlequicksearchbox:interactor
06-13 20:06:47.261 11659 11659 D ResourcesManager: For user 0 new overlays fetched Null
06-13 20:06:47.281 11659 11659 I ApplicationPackageManager: load=com.digitalkey.setin, bg=168-168, dr=168-168
06-13 20:06:47.281 11659 11659 I ApplicationPackageManager: scaled rate=0.94, size=168, alpha=0, hold=26, target=168
06-13 20:06:47.401 3534 4065 E JavaBinder: *** Uncaught remote exception! (Exceptions are not yet supported across processes.)
06-13 20:06:47.401 3534 4065 E JavaBinder: java.lang.RuntimeException: android.os.DeadObjectException
06-13 20:06:47.401 3534 4065 E JavaBinder: at com.android.server.VRManagerService.enforceCallingPermission(VRManagerService.java:1007)
06-13 20:06:47.401 3534 4065 E JavaBinder: at com.android.server.VRManagerService.enforceCallingSelfPermission(VRManagerService.java:997)
06-13 20:06:47.401 3534 4065 E JavaBinder: at com.android.server.VRManagerService.GetPowerLevelState(VRManagerService.java:507)
06-13 20:06:47.401 3534 4065 E JavaBinder: at com.android.internal.app.IVRManagerService$Stub.onTransact(IVRManagerService.java:149)
06-13 20:06:47.401 3534 4065 E JavaBinder: at android.os.Binder.execTransact(Binder.java:453)
06-13 20:06:47.401 3534 4065 E JavaBinder: Caused by: android.os.DeadObjectException
06-13 20:06:47.401 3534 4065 E JavaBinder: at android.os.BinderProxy.transactNative(Native Method)
06-13 20:06:47.401 3534 4065 E JavaBinder: at android.os.BinderProxy.transact(Binder.java:503)
06-13 20:06:47.401 3534 4065 E JavaBinder: at com.android.internal.app.IVRManagerService$Stub$Proxy.enforceCallingPermission(IVRManagerService.java:865)
06-13 20:06:47.401 3534 4065 E JavaBinder: at com.android.server.VRManagerService.enforceCallingPermission(VRManagerService.java:1004)
06-13 20:06:47.401 3534 4065 E JavaBinder: ... 4 more
06-13 20:06:47.421 10218 10312 I OVR : DeviceManagerThread - event 47 (500Hz) (Tid=10312)
06-13 20:06:47.491 10218 10350 I VrApi : FPS=56,Prd=50ms,Tear=2,Early=51,Stale=7,VSnc=1,Lat=1,CPU4/GPU=2/2,900/266MHz,OC=FF,TA=F0/F0/F0/F0,SP=F/F/F/F,Mem=1264MHz,Free=166MB,PSM=0,PLS=0,Temp=30.0C/27.5C
06-13 20:06:47.511 11646 11646 I ProviderInstaller: Installed default security provider GmsCore_OpenSSL
06-13 20:06:47.621 3534 4031 I ActivityManager: Process com.android.systemui.recents (pid 11659)(adj 1) has died(91,92)
06-13 20:06:47.621 3534 4031 D ActivityManager: isAutoRunBlockedApp:: com.android.systemui, Auto Run ON
06-13 20:06:47.621 3534 4031 W ActivityManager: Scheduling restart of crashed service com.android.systemui/.recents.RecentsService in 0ms
06-13 20:06:47.641 11712 11712 D TimaKeyStoreProvider: TimaSignature is unavailable
06-13 20:06:47.641 11712 11712 D ActivityThread: Added TimaKeyStore provider
06-13 20:06:47.651 11739 11739 E Zygote : v2
06-13 20:06:47.651 11739 11739 I libpersona: KNOX_SDCARD checking this for 10062
06-13 20:06:47.651 11739 11739 I libpersona: KNOX_SDCARD not a persona
06-13 20:06:47.651 11739 11739 I SELinux : Function: selinux_compare_spd_ram, index[1], SPD-policy is existed. and_ver=SEPF_SECMOBILE_6.0.1 ver=11
06-13 20:06:47.661 3534 3618 I ActivityManager: Start proc 11739:com.android.systemui.recents/u0a62 for service com.android.systemui/.recents.RecentsService
06-13 20:06:47.661 3534 4075 D NetworkPolicy: isUidForegroundLocked: 10066, mScreenOn: true, uidstate: 16, mProxSensorScreenOff: false
06-13 20:06:47.671 10218 10346 W TimeWarp: VSync 400381: Eye=0,late=0.0ms,over=0.0ms,CPU=0.5ms,GPU=9.9ms,Tot=10.4ms
06-13 20:06:47.681 11739 11739 W SELinux : Function: selinux_compare_spd_ram, index[1], priority [1], priority version is VE=SEPF_SECMOBILE_6.0.1_0011
06-13 20:06:47.681 11739 11739 E Zygote : accessInfo : 0
06-13 20:06:47.681 11739 11739 W SELinux : SELinux: seapp_context_lookup: seinfo=platform, level=s0:c512,c768, pkgname=com.android.systemui.recents
06-13 20:06:47.811 11739 11739 D TimaKeyStoreProvider: TimaSignature is unavailable
06-13 20:06:47.811 11739 11739 D ActivityThread: Added TimaKeyStore provider
06-13 20:06:47.811 11727 11727 D TimaKeyStoreProvider: TimaSignature is unavailable
06-13 20:06:47.811 11727 11727 D ActivityThread: Added TimaKeyStore provider
06-13 20:06:47.951 11617 11617 D TokenSharingManager: Library works in release mode
06-13 20:06:47.981 11646 11656 W art : Suspending all threads took: 8.833ms
06-13 20:06:47.991 11617 11617 I AMEnrollmentStatusCache: No MAM enrollment status found.
06-13 20:06:48.021 11617 11617 D InjectionManager: InjectionManager
06-13 20:06:48.021 11617 11617 D InjectionManager: fillFeatureStoreMap com.microsoft.skydrive
06-13 20:06:48.021 11617 11617 I InjectionManager: Constructor com.microsoft.skydrive, Feature store :{}
06-13 20:06:48.021 11617 11617 I InjectionManager: featureStore :{}
06-13 20:06:48.041 11646 11646 D InjectionManager: InjectionManager
06-13 20:06:48.041 11646 11646 D InjectionManager: fillFeatureStoreMap com.google.android.gms
06-13 20:06:48.041 11646 11646 I InjectionManager: Constructor com.google.android.gms, Feature store :{}
06-13 20:06:48.041 11646 11646 I InjectionManager: featureStore :{}
06-13 20:06:48.241 11739 11739 W ResourcesManager: getTopLevelResources: /system/priv-app/SystemUI/SystemUI.apk / 1.0 running in com.android.systemui rsrc of package com.android.systemui
06-13 20:06:48.241 11727 11727 W ResourcesManager: getTopLevelResources: /data/app/com.google.android.googlequicksearchbox-2/base.apk / 1.0 running in com.google.android.googlequicksearchbox rsrc of package com.google.android.googlequicksearchbox
06-13 20:06:48.281 11646 11646 D ChimeraCfgMgr: Reading stored module config
06-13 20:06:48.311 3534 4038 I InjectionManagerService -AppFeature: getCoreFeaturePkgList :[]
06-13 20:06:48.311 3534 4101 I InjectionManagerService -AppFeature: getCoreFeaturePkgList :[]
06-13 20:06:48.311 11739 11739 I InjectionManager: Inside getClassLibPath + mLibMap{0=, 1=}
06-13 20:06:48.311 11727 11727 I InjectionManager: Inside getClassLibPath + mLibMap{0=, 1=}
06-13 20:06:48.421 10218 10312 I OVR : DeviceManagerThread - event 47 (500Hz) (Tid=10312)
06-13 20:06:48.451 11646 11656 W art : Suspending all threads took: 38.673ms
06-13 20:06:48.501 11727 11727 D ResourcesManager: For user 0 new overlays fetched Null
06-13 20:06:48.501 10218 10218 I Vsync : Choreographer doFrame callback delayed by 3.1 milliseconds
06-13 20:06:48.541 11739 11739 D ResourcesManager: For user 0 new overlays fetched Null
06-13 20:06:48.631 11739 11739 I InjectionManager: Inside getClassLibPath caller
06-13 20:06:48.631 11727 11727 I InjectionManager: Inside getClassLibPath caller
06-13 20:06:48.761 3534 4060 V VRManagerService: startVR()
06-13 20:06:48.801 11646 11751 D NativeLibraryUtils: Install completed successfully. count=18 extracted=0
06-13 20:06:48.811 10218 10346 W TimeWarp: VSync 400449: Eye=1,late=0.0ms,over=0.0ms,CPU=0.4ms,GPU=10.6ms,Tot=11.1ms
06-13 20:06:48.891 11753 11753 E Zygote : v2
06-13 20:06:48.891 11753 11753 I libpersona: KNOX_SDCARD checking this for 1000
06-13 20:06:48.891 11753 11753 I libpersona: KNOX_SDCARD not a persona
06-13 20:06:48.891 11753 11753 I SELinux : Function: selinux_compare_spd_ram, index[1], SPD-policy is existed. and_ver=SEPF_SECMOBILE_6.0.1 ver=11
06-13 20:06:48.901 3534 4060 I ActivityManager: Start proc 11753:com.samsung.android.hmt.vrsvc:system/1000 for service com.samsung.android.hmt.vrsvc/.system.VRSystemService
06-13 20:06:48.901 3534 4060 V VRManagerService: startVR() Take iVRManagerService... start
06-13 20:06:48.901 11753 11753 W SELinux : Function: selinux_compare_spd_ram, index[1], priority [1], priority version is VE=SEPF_SECMOBILE_6.0.1_0011
06-13 20:06:48.901 11753 11753 E Zygote : accessInfo : 0
06-13 20:06:49.051 11753 11753 D TimaKeyStoreProvider: TimaSignature is unavailable
06-13 20:06:49.051 11753 11753 D ActivityThread: Added TimaKeyStore provider
06-13 20:06:49.111 10218 10346 W TimeWarp: VSync 400467: Eye=1,late=0.0ms,over=0.1ms,CPU=0.4ms,GPU=10.6ms,Tot=11.1ms
06-13 20:06:49.151 11753 11753 W ResourcesManager: getTopLevelResources: /data/app/com.samsung.android.hmt.vrsvc-2/base.apk / 1.0 running in com.samsung.android.hmt.vrsvc rsrc of package com.samsung.android.hmt.vrsvc
06-13 20:06:49.161 11739 11739 W System : ClassLoader referenced unknown path: /system/priv-app/SystemUI/lib/arm64
06-13 20:06:49.171 3534 4081 I InjectionManagerService -AppFeature: getCoreFeaturePkgList :[]
06-13 20:06:49.171 11753 11753 I InjectionManager: Inside getClassLibPath + mLibMap{0=, 1=}
06-13 20:06:49.191 11753 11753 D ResourcesManager: For user 0 new overlays fetched Null
06-13 20:06:49.201 11753 11753 I InjectionManager: Inside getClassLibPath caller
06-13 20:06:49.231 11712 11712 W ResourcesManager: getTopLevelResources: /data/app/com.oculus.horizon-2/base.apk / 1.0 running in com.oculus.horizon rsrc of package com.oculus.horizon
06-13 20:06:49.391 11739 11739 D InjectionManager: InjectionManager
06-13 20:06:49.391 11739 11739 D InjectionManager: fillFeatureStoreMap com.android.systemui
06-13 20:06:49.391 11739 11739 I InjectionManager: Constructor com.android.systemui, Feature store :{}
06-13 20:06:49.391 11739 11739 I InjectionManager: featureStore :{}
06-13 20:06:49.401 3534 4093 I ActivityManager: Process com.google.android.gms (pid 11646)(adj 11) has died(79,99)
06-13 20:06:49.411 3534 4093 D ActivityManager: isAutoRunBlockedApp:: com.google.android.gms, Auto Run ON
06-13 20:06:49.421 10218 10312 I OVR : DeviceManagerThread - event 47 (500Hz) (Tid=10312)
06-13 20:06:49.461 3534 4020 I InjectionManagerService -AppFeature: getCoreFeaturePkgList :[]
06-13 20:06:49.491 11712 11712 I InjectionManager: Inside getClassLibPath + mLibMap{0=, 1=}
06-13 20:06:49.531 11753 11753 V VRSVC : (VRServiceApplication.java:13) onCreate [onCreate()]
06-13 20:06:49.531 11753 11753 D InjectionManager: InjectionManager
06-13 20:06:49.531 11753 11753 D InjectionManager: fillFeatureStoreMap com.samsung.android.hmt.vrsvc
06-13 20:06:49.531 11753 11753 I InjectionManager: Constructor com.samsung.android.hmt.vrsvc, Feature store :{}
06-13 20:06:49.531 11753 11753 I InjectionManager: featureStore :{}
06-13 20:06:49.541 3534 4093 W ContextImpl: Calling a method in the system process without a qualified user: android.app.ContextImpl.sendBroadcast:830 com.android.server.am.ActivityManagerService.updateOomAdjLocked:26625 com.android.server.am.ActivityManagerService.appDiedLocked:7549 com.android.server.am.ActivityManagerService$AppDeathRecipient.binderDied:1910 android.os.BinderProxy.sendDeathNotice:558
06-13 20:06:49.561 11753 11753 V VRManagerServer: (VRSystemService.java:24) onCreate [onCreate]
06-13 20:06:49.571 11712 11712 D ResourcesManager: For user 0 new overlays fetched Null
06-13 20:06:49.571 3534 4065 I ActivityManager: Process com.google.process.gapps (pid 11683)(adj 9) has died(75,102)
06-13 20:06:49.571 3534 4065 D ActivityManager: isAutoRunBlockedApp:: com.google.android.gsf, Auto Run ON
06-13 20:06:49.571 3534 4065 W ContextImpl: Calling a method in the system process without a qualified user: android.app.ContextImpl.sendBroadcast:830 com.android.server.am.ActivityManagerService.updateOomAdjLocked:26625 com.android.server.am.ActivityManagerService.appDiedLocked:7549 com.android.server.am.ActivityManagerService$AppDeathRecipient.binderDied:1910 android.os.BinderProxy.sendDeathNotice:558
06-13 20:06:49.651 11753 11753 V VRManagerServer: (VRManagerService.java:280) [VRManagerService created]
06-13 20:06:49.661 3534 4025 D WifiDisplayAdapter: getWifiDisplayStatusLocked: result=WifiDisplayStatus{featureState=2, scanState=0, activeDisplayState=0, activeDisplay=null, displays=[], sessionInfo=WifiDisplaySessionInfo: Client/Owner: Client GroupId: Passphrase: SessionId: 0 IP Address: , connectedState=-1, networkQoS=0}
06-13 20:06:49.751 11753 11753 W ResourcesManager: getTopLevelResources: /data/app/com.samsung.android.hmt.vrsvc-2/base.apk / 1.0 running in com.samsung.android.hmt.vrsvc rsrc of package com.samsung.android.hmt.vrsvc
06-13 20:06:49.821 11712 11712 I InjectionManager: Inside getClassLibPath caller
06-13 20:06:49.891 3534 4093 W ActivityManager: Permission Denial: Accessing service ComponentInfo{com.google.android.music/com.google.android.music.dial.DialMediaRouteProviderService} from pid=11617, uid=10146 that is not exported from uid 10143
06-13 20:06:50.121 3534 4089 I ActivityManager: Process com.microsoft.skydrive (pid 11617)(adj 5) has died(74,107)
06-13 20:06:50.131 3534 4089 D ActivityManager: isAutoRunBlockedApp:: com.microsoft.skydrive, Auto Run ON
06-13 20:06:50.131 3534 4089 W ActivityManager: Scheduling restart of crashed service com.microsoft.skydrive/.task.TaskService in 290445ms
06-13 20:06:50.131 3534 4089 W ActivityManager: Scheduling restart of crashed service com.microsoft.skydrive/.updateuserinfo.UpdateUserInfoService in 300445ms
06-13 20:06:50.201 11739 11739 D Recents : handleProxyCall type=1
06-13 20:06:50.351 3534 3545 I art : Background partial concurrent mark sweep GC freed 52007(5MB) AllocSpace objects, 18(360KB) LOS objects, 28% free, 40MB/56MB, paused 1.407ms total 451.858ms
06-13 20:06:50.371 3534 4439 E Watchdog: !@Sync 225 [06-13 20:06:50.348]
06-13 20:06:50.411 11753 11753 V VRManagerServer: (VRMode.java:36) wtkw [isDemoModePackageExists=false isLiveDemoUnitBinary=false isDemoIgnore=false]
06-13 20:06:50.421 10218 10312 I OVR : DeviceManagerThread - event 47 (500Hz) (Tid=10312)
06-13 20:06:50.471 11753 11753 V VRManagerServer: (VRManagerService.java:324) BRMq [VRManagerService systemReady VR_API_VERSION=9]
06-13 20:06:50.471 11727 11727 D InjectionManager: InjectionManager
06-13 20:06:50.471 11727 11727 D InjectionManager: fillFeatureStoreMap com.google.android.googlequicksearchbox
06-13 20:06:50.481 11727 11727 I InjectionManager: Constructor com.google.android.googlequicksearchbox, Feature store :{}
06-13 20:06:50.481 11727 11727 I InjectionManager: featureStore :{}
06-13 20:06:50.501 11753 11753 V VRManagerServer: (VRManagerService.java:329) BRMq [prevDockState=105 storedBright=255]
06-13 20:06:50.501 11753 11753 V VRManagerServer: (VRSystemService.java:37) onBind [onBind]
06-13 20:06:50.501 3534 3534 V VRManagerService: onServiceConnected() mBound=true mConnected=false mConnection=com.android.server.VRManagerService$VRRecord@fb0161e service=android.os.BinderProxy@9097b01
06-13 20:06:50.501 3534 4060 V VRManagerService: startVR() Take iVRManagerService... ok!
06-13 20:06:50.581 11753 11763 W ResourcesManager: getTopLevelResources: /data/app/com.digitalkey.setin-1/base.apk / 1.0 running in com.samsung.android.hmt.vrsvc rsrc of package com.digitalkey.setin
06-13 20:06:50.591 11753 11763 D ResourcesManager: For user 0 new overlays fetched Null
06-13 20:06:50.651 11727 11727 I GsaVoiceInteractionSrv: onReady
06-13 20:06:50.681 11779 11779 E Zygote : v2
06-13 20:06:50.681 11779 11779 I libpersona: KNOX_SDCARD checking this for 10066
06-13 20:06:50.681 11779 11779 I libpersona: KNOX_SDCARD not a persona
06-13 20:06:50.691 11779 11779 I SELinux : Function: selinux_compare_spd_ram, index[1], SPD-policy is existed. and_ver=SEPF_SECMOBILE_6.0.1 ver=11
06-13 20:06:50.691 11779 11779 W SELinux : Function: selinux_compare_spd_ram, index[1], priority [1], priority version is VE=SEPF_SECMOBILE_6.0.1_0011
06-13 20:06:50.691 3534 4020 I ActivityManager: Start proc 11779:com.google.android.googlequicksearchbox:search/u0a66 for service com.google.android.googlequicksearchbox/com.google.android.hotword.service.HotwordService
06-13 20:06:50.701 11779 11779 E Zygote : accessInfo : 0
06-13 20:06:50.701 11779 11779 W SELinux : SELinux: seapp_context_lookup: seinfo=untrusted, level=s0:c512,c768, pkgname=com.google.android.googlequicksearchbox:search
06-13 20:06:50.711 10218 10350 I VrApi : FPS=51,Prd=50ms,Tear=2,Early=46,Stale=5,VSnc=1,Lat=1,CPU4/GPU=2/2,1000/350MHz,OC=FF,TA=F0/F0/F0/F0,SP=F/F/F/F,Mem=1264MHz,Free=183MB,PSM=0,PLS=0,Temp=30.0C/27.5C
06-13 20:06:50.741 3534 4060 D PackageManager: setEnabledSetting : userId = 0 packageName = com.google.android.googlequicksearchbox cmp = com.google.android.apps.gsa.assist.LaunchNowOnTapActivity newState = 1 callingPackage = 10066
06-13 20:06:50.771 11779 11779 D TimaKeyStoreProvider: TimaSignature is unavailable
06-13 20:06:50.771 11779 11779 D ActivityThread: Added TimaKeyStore provider
06-13 20:06:50.821 11779 11779 W ResourcesManager: getTopLevelResources: /data/app/com.google.android.googlequicksearchbox-2/base.apk / 1.0 running in com.google.android.googlequicksearchbox rsrc of package com.google.android.googlequicksearchbox
