06-13 20:05:58.511 11435 11435 I SELinux : Function: selinux_compare_spd_ram, index[1], SPD-policy is existed. and_ver=SEPF_SECMOBILE_6.0.1 ver=11
06-13 20:05:58.521 11435 11435 W SELinux : Function: selinux_compare_spd_ram, index[1], priority [1], priority version is VE=SEPF_SECMOBILE_6.0.1_0011
06-13 20:05:58.521 11435 11435 E Zygote : accessInfo : 0
06-13 20:05:58.521 11435 11435 W SELinux : SELinux: seapp_context_lookup: seinfo=default, level=s0:c512,c768, pkgname=com.facebook.orca
06-13 20:05:58.551 3534 4038 I ActivityManager: Process com.facebook.katana (pid 11391)(adj 9) has died(92,130)
06-13 20:05:58.551 3534 4038 D ActivityManager: isAutoRunBlockedApp:: com.facebook.katana, Auto Run ON
06-13 20:05:58.551 3534 4038 W ContextImpl: Calling a method in the system process without a qualified user: android.app.ContextImpl.sendBroadcast:830 com.android.server.am.ActivityManagerService.updateOomAdjLocked:26625 com.android.server.am.ActivityManagerService.appDiedLocked:7549 com.android.server.am.ActivityManagerService$AppDeathRecipient.binderDied:1910 android.os.BinderProxy.sendDeathNotice:558
06-13 20:05:58.581 11435 11435 D TimaKeyStoreProvider: TimaSignature is unavailable
06-13 20:05:58.581 11435 11435 D ActivityThread: Added TimaKeyStore provider
06-13 20:05:58.591 3534 4101 V BroadcastQueue: [background] Process cur broadcast BroadcastRecord{8fff1dd u0 com.facebook.rti.fbns.intent.SHARE_IDS qIdx=4}, state= (APP_RECEIVE) DELIVERED for app ProcessRecord{e998152 11435:com.facebook.orca/u0a114}
06-13 20:05:58.601 11435 11435 W ResourcesManager: getTopLevelResources: /data/app/com.facebook.orca-2/base.apk / 1.0 running in com.facebook.orca rsrc of package com.facebook.orca
06-13 20:05:58.611 3534 4060 I InjectionManagerService -AppFeature: getCoreFeaturePkgList :[]
06-13 20:05:58.611 11435 11435 I InjectionManager: Inside getClassLibPath + mLibMap{0=, 1=}
06-13 20:05:58.771 10218 10346 W TimeWarp: VSync 397453: Eye=0,late=0.0ms,over=0.1ms,CPU=4.4ms,GPU=2.5ms,Tot=7.0ms
06-13 20:05:58.951 11435 11435 D ResourcesManager: For user 0 new overlays fetched Null
06-13 20:05:58.971 11435 11435 I InjectionManager: Inside getClassLibPath caller
06-13 20:05:59.081 11435 11447 D AppStateLogger: Attempting to open app state logging file
06-13 20:05:59.081 11435 11435 I k : Installed uncaught exception handler for app state logging
06-13 20:05:59.081 11435 11435 D ACRA : ACRA init; reportURL: https://b-www.facebook.com/mobile/orca_android_crash_logs/
06-13 20:05:59.081 11435 11435 D ACRA : ACRA is enabled for com.facebook.orca, intializing...
06-13 20:05:59.091 11435 11447 D AppStateLogger: Successfully opened app state logging file: /data/user/0/com.facebook.orca/app_state_logs/50eba2df-bb1f-ed59-3d29-d53b62759651.txt
06-13 20:05:59.151 11435 11435 V a : initializing CMIYC, flags = 0x00000002
06-13 20:05:59.161 11435 11435 I a : found 0 crashes in last 14400 seconds: need remedy level 0
06-13 20:05:59.161 11435 11435 W System.err: remove failed: ENOENT (No such file or directory) : /data/user/0/com.facebook.orca/remedy_log
06-13 20:05:59.161 11435 11435 W System.err: remove failed: ENOENT (No such file or directory) : /data/user/0/com.facebook.orca/app_libs
06-13 20:05:59.171 11435 11435 V fb-UnpackingSoSource: locked dso store /data/user/0/com.facebook.orca/lib-main
06-13 20:05:59.171 11435 11435 I fb-UnpackingSoSource: dso store is up-to-date: /data/user/0/com.facebook.orca/lib-main
06-13 20:05:59.171 11435 11435 V fb-UnpackingSoSource: releasing dso store lock for /data/user/0/com.facebook.orca/lib-main
06-13 20:05:59.171 11435 11435 V fb-UnpackingSoSource: locked dso store /data/user/0/com.facebook.orca/lib-assets
06-13 20:05:59.181 11435 11435 I fb-UnpackingSoSource: dso store is up-to-date: /data/user/0/com.facebook.orca/lib-assets
06-13 20:05:59.181 11435 11435 V fb-UnpackingSoSource: releasing dso store lock for /data/user/0/com.facebook.orca/lib-assets
06-13 20:05:59.181 11435 11435 V fb-UnpackingSoSource: locked dso store /data/user/0/com.facebook.orca/lib-xzs
06-13 20:05:59.181 11435 11435 I fb-UnpackingSoSource: dso store is up-to-date: /data/user/0/com.facebook.orca/lib-xzs
06-13 20:05:59.181 11435 11435 V fb-UnpackingSoSource: releasing dso store lock for /data/user/0/com.facebook.orca/lib-xzs
06-13 20:05:59.181 11435 11435 D ClassFailureStapler: not installing class failure stapler: ART in use
06-13 20:05:59.271 11435 11435 I art : Thread[1,tid=11435,Native,Thread*=0xf4ba4500,peer=0x760af240,"main"] recursive attempt to load library "/data/app/com.facebook.orca-2/lib/arm/libfbjni.so"
06-13 20:05:59.291 11435 11435 V appstatelogger: Registered App State Logger stream with Breakpad
06-13 20:05:59.291 11435 11435 V MemoryEnlargementHack: largeHeap already enabled in manifest
06-13 20:05:59.291 11435 11435 V DexLibLoader: DLL.loadAll betaBuild:false flags:0x00000004
06-13 20:05:59.321 10218 10312 I OVR : DeviceManagerThread - event 47 (498Hz) (Tid=10312)
06-13 20:05:59.361 11435 11435 V dalvik-internals: hooked _ZN3art12FaultManager35EnsureArtActionInFrontOfSignalChainEv using trap ()
06-13 20:05:59.361 11435 11435 V dalvik-internals: hooked signal using trap ()
06-13 20:05:59.361 11435 11435 V dalvik-internals: hooked sysv_signal using trap ()
06-13 20:05:59.361 11435 11435 V dalvik-internals: hooked bsd_signal using trap ()
06-13 20:05:59.381 10218 10350 I VrApi : FPS=60,Prd=50ms,Tear=0,Early=60,Stale=0,VSnc=1,Lat=1,CPU4/GPU=2/2,1000/420MHz,OC=FF,TA=F0/F0/F0/F0,SP=F/F/F/F,Mem=1264MHz,Free=200MB,PSM=0,PLS=0,Temp=29.6C/27.5C
06-13 20:05:59.421 11435 11435 E linker : "/system/bin/app_process32": ignoring 2-entry DT_PREINIT_ARRAY in shared library!
06-13 20:05:59.421 11435 11435 V dalvik-internals: hooked sigaction using trap ()
06-13 20:05:59.431 11435 11435 V DexLibLoader: resolved non-canonical data directory /data/user/0/com.facebook.orca to /data/data/com.facebook.orca
06-13 20:05:59.431 11435 11435 V DexLibLoader: opening dex store /data/data/com.facebook.orca/dex
06-13 20:05:59.441 11435 11435 V DexLibLoader: Secondary program dex metadata: [.root_relative]
06-13 20:05:59.441 11435 11435 V DexLibLoader: Secondary program dex metadata: [.locators]
06-13 20:05:59.441 11435 11435 V DexLibLoader: Secondary program dex metadata: [classes2.dex 4d4d75df68277803d8196210b5917bfbb9e8da58 secondary.dex01.Canary]
06-13 20:05:59.441 11435 11435 V DexLibLoader: Secondary program dex metadata: [classes3.dex e0812b681655c4dfeb02f4f96b2173bb60e06ae2 secondary.dex02.Canary]
06-13 20:05:59.441 11435 11435 V DexLibLoader: Secondary program dex metadata: [classes4.dex 2e225b7318f2d650dbfcac6de57e813168008b39 secondary.dex03.Canary]
06-13 20:05:59.441 11435 11435 V DexLibLoader: Secondary program dex metadata: [classes5.dex fc1ad791f60062263d8ac26c3aaaa9ff96104029 secondary.dex04.Canary]
06-13 20:05:59.441 11435 11435 V DexLibLoader: Secondary program dex metadata: [classes6.dex 3ccdcfad7ec020383ad769baad0e6e094fd1bc49 secondary.dex05.Canary]
06-13 20:05:59.531 11435 11435 V DexLibLoader: read status:9 check:faceb007faceb00e
06-13 20:05:59.541 11435 11435 V DexLibLoader: read saved dep file /data/data/com.facebook.orca/dex/deps (184 bytes)
06-13 20:05:59.541 11435 11435 I DexLibLoader: current scheme: com.facebook.common.dextricks.OdexSchemeNoop next step: LA_LOAD_EXISTING
06-13 20:05:59.541 11435 11435 V MultiDexClassLoader: installing MultiDexClassLoader before application classloader
06-13 20:05:59.541 11435 11435 D MultiDexClassLoader: primary dex name: /data/app/com.facebook.orca-2/base.apk
06-13 20:05:59.541 11435 11435 D MultiDexClassLoader: Found system/other dex /system/framework/com.google.android.maps.jar
06-13 20:05:59.541 11435 11435 D MultiDexClassLoader: Found primary dex /data/app/com.facebook.orca-2/base.apk
06-13 20:05:59.541 11435 11435 D MultiDexClassLoader: Setup multi dex took 1 ms.
06-13 20:05:59.541 11435 11435 V DexLibLoader: optimization needed: no
06-13 20:05:59.651 11435 11435 W ResourcesManager: getTopLevelResources: /data/app/com.facebook.orca-2/base.apk / 1.0 running in com.facebook.orca rsrc of package com.facebook.orca
06-13 20:05:59.671 3534 3554 V AlarmManager: remove PendingIntent] PendingIntent{42f3c23: PendingIntentRecord{2817520 com.facebook.orca broadcastIntent}}
06-13 20:05:59.681 11435 11449 I GMPM : App measurement is starting up
06-13 20:05:59.711 11435 11449 E GMPM : getGoogleAppId failed with status: 10
06-13 20:05:59.711 11435 11449 E GMPM : Uploading is not possible. App measurement disabled
06-13 20:05:59.711 3534 4025 V AlarmManager: remove PendingIntent] PendingIntent{98eced9: PendingIntentRecord{2817520 com.facebook.orca broadcastIntent}}
06-13 20:05:59.911 11435 11435 W cq : Verify
06-13 20:05:59.981 3534 3985 V AlarmManager: Expired Alarm result :8
06-13 20:06:00.021 4213 4213 D KeyguardUpdateMonitor: received broadcast android.intent.action.TIME_TICK
06-13 20:06:00.031 4213 4213 D KeyguardUpdateMonitor: handleTimeUpdate
06-13 20:06:00.041 4213 4213 D Clock : received broadcast android.intent.action.TIME_TICK
06-13 20:06:00.131 11435 11447 D AppStateLogger: Successfully dumped app state to log file
06-13 20:06:00.321 10218 10312 I OVR : DeviceManagerThread - event 47 (498Hz) (Tid=10312)
06-13 20:06:00.411 10218 10350 I VrApi : FPS=60,Prd=50ms,Tear=0,Early=60,Stale=0,VSnc=1,Lat=1,CPU4/GPU=2/2,1000/420MHz,OC=FF,TA=F0/F0/F0/F0,SP=F/F/F/F,Mem=1264MHz,Free=193MB,PSM=0,PLS=0,Temp=29.6C/27.0C
06-13 20:06:00.481 11435 11463 W msgr(:):a: The sessioned store is not available. Are you fetching sessioned quick experiment data while the user is logged out?
06-13 20:06:00.511 4213 4213 D DateView: received broadcast android.intent.action.TIME_TICK
06-13 20:06:00.511 11435 11456 W msgr(:):c: Called user scoped provider with no viewer. ViewerContextManager was created with no ViewerContext. Using EmptyViewerContextManager to return fake logged in instance.
06-13 20:06:00.511 11435 11456 W msgr(:):k: User no longer logged in. Original uid: 0, viewer context: null, is_logged_in: false. Returning original viewer context.
06-13 20:06:00.591 11435 11467 W msgr(:):c: Called user scoped provider with no viewer. ViewerContextManager was created with no ViewerContext. Using EmptyViewerContextManager to return fake logged in instance.
06-13 20:06:00.591 11435 11467 W msgr(:):k: User no longer logged in. Original uid: 0, viewer context: null, is_logged_in: false. Returning original viewer context.
06-13 20:06:00.591 11435 11467 W msgr(:):k: User no longer logged in. Original uid: 0, viewer context: null, is_logged_in: false. Returning original viewer context.
06-13 20:06:00.591 11435 11467 W msgr(:):k: User no longer logged in. Original uid: 0, viewer context: null, is_logged_in: false. Returning original viewer context.
06-13 20:06:00.601 11435 11435 D InjectionManager: InjectionManager
06-13 20:06:00.601 11435 11435 D InjectionManager: fillFeatureStoreMap com.facebook.orca
06-13 20:06:00.601 11435 11435 I InjectionManager: Constructor com.facebook.orca, Feature store :{}
06-13 20:06:00.601 11435 11435 I InjectionManager: featureStore :{}
06-13 20:06:00.601 11435 11467 W msgr(:):k: User no longer logged in. Original uid: 0, viewer context: null, is_logged_in: false. Returning original viewer context.
06-13 20:06:00.601 11435 11467 W msgr(:):k: User no longer logged in. Original uid: 0, viewer context: null, is_logged_in: false. Returning original viewer context.
06-13 20:06:00.601 11435 11467 W msgr(:):k: User no longer logged in. Original uid: 0, viewer context: null, is_logged_in: false. Returning original viewer context.
06-13 20:06:00.611 11435 11467 W msgr(:):k: User no longer logged in. Original uid: 0, viewer context: null, is_logged_in: false. Returning original viewer context.
06-13 20:06:00.611 11435 11467 W msgr(:):k: User no longer logged in. Original uid: 0, viewer context: null, is_logged_in: false. Returning original viewer context.
06-13 20:06:00.611 11435 11467 W msgr(:):k: User no longer logged in. Original uid: 0, viewer context: null, is_logged_in: false. Returning original viewer context.
06-13 20:06:00.651 3534 3618 I ActivityManager: Start proc 11469:com.samsung.android.smartface/1000 for service com.samsung.android.smartface/.SmartFaceServiceStarter
06-13 20:06:00.661 11469 11469 E Zygote : v2
06-13 20:06:00.671 11469 11469 I libpersona: KNOX_SDCARD checking this for 1000
06-13 20:06:00.671 11469 11469 I libpersona: KNOX_SDCARD not a persona
06-13 20:06:00.671 11469 11469 I SELinux : Function: selinux_compare_spd_ram, index[1], SPD-policy is existed. and_ver=SEPF_SECMOBILE_6.0.1 ver=11
06-13 20:06:00.681 11469 11469 W SELinux : Function: selinux_compare_spd_ram, index[1], priority [1], priority version is VE=SEPF_SECMOBILE_6.0.1_0011
06-13 20:06:00.681 11469 11469 E Zygote : accessInfo : 0
06-13 20:06:00.761 3534 4087 W BroadcastQueue: Failure [background] sending broadcast result of Intent { act=com.facebook.rti.fbns.intent.SHARE_IDS flg=0x10 pkg=com.facebook.orca (has extras) }
06-13 20:06:00.761 3534 4087 W BroadcastQueue: android.os.RemoteException: app.thread must not be null
06-13 20:06:00.761 3534 4087 W BroadcastQueue: at com.android.server.am.BroadcastQueue.performReceiveLocked(BroadcastQueue.java:686)
06-13 20:06:00.761 3534 4087 W BroadcastQueue: at com.android.server.am.BroadcastQueue.processNextBroadcast(BroadcastQueue.java:1146)
06-13 20:06:00.761 3534 4087 W BroadcastQueue: at com.android.server.am.ActivityManagerService.finishReceiver(ActivityManagerService.java:23683)
06-13 20:06:00.761 3534 4087 W BroadcastQueue: at android.app.ActivityManagerNative.onTransact(ActivityManagerNative.java:504)
06-13 20:06:00.761 3534 4087 W BroadcastQueue: at com.android.server.am.ActivityManagerService.onTransact(ActivityManagerService.java:3981)
06-13 20:06:00.761 3534 4087 W BroadcastQueue: at android.os.Binder.execTransact(Binder.java:453)
06-13 20:06:00.811 3534 4085 I ActivityManager: Process com.facebook.orca (pid 11435)(adj 9) has died(100,120)
06-13 20:06:00.811 3534 4085 D ActivityManager: isAutoRunBlockedApp:: com.facebook.orca, Auto Run ON
06-13 20:06:00.811 3534 4085 W ContextImpl: Calling a method in the system process without a qualified user: android.app.ContextImpl.sendBroadcast:830 com.android.server.am.ActivityManagerService.updateOomAdjLocked:26625 com.android.server.am.ActivityManagerService.appDiedLocked:7549 com.android.server.am.ActivityManagerService$AppDeathRecipient.binderDied:1910 android.os.BinderProxy.sendDeathNotice:558
06-13 20:06:00.941 11469 11469 D TimaKeyStoreProvider: TimaSignature is unavailable
06-13 20:06:00.941 11469 11469 D ActivityThread: Added TimaKeyStore provider
06-13 20:06:01.051 11469 11469 W ResourcesManager: getTopLevelResources: /system/priv-app/smartfaceservice/smartfaceservice.apk / 1.0 running in com.samsung.android.smartface rsrc of package com.samsung.android.smartface
06-13 20:06:01.071 3534 4025 I InjectionManagerService -AppFeature: getCoreFeaturePkgList :[]
06-13 20:06:01.071 11469 11469 I InjectionManager: Inside getClassLibPath + mLibMap{0=, 1=}
06-13 20:06:01.081 11469 11469 D ResourcesManager: For user 0 new overlays fetched Null
06-13 20:06:01.111 11469 11469 I InjectionManager: Inside getClassLibPath caller
06-13 20:06:01.131 11469 11469 W System : ClassLoader referenced unknown path: /system/priv-app/smartfaceservice/lib/arm64
06-13 20:06:01.151 11469 11469 D InjectionManager: InjectionManager
06-13 20:06:01.151 11469 11469 D InjectionManager: fillFeatureStoreMap com.samsung.android.smartface
06-13 20:06:01.151 11469 11469 I InjectionManager: Constructor com.samsung.android.smartface, Feature store :{}
06-13 20:06:01.151 11469 11469 I InjectionManager: featureStore :{}
06-13 20:06:01.181 11469 11469 E SmartFaceServiceStarter: onCreate
06-13 20:06:01.181 11469 11469 E SmartFaceServiceStarter: onStartCommand
06-13 20:06:01.181 11469 11469 E SmartFaceServiceStarter: Starting SmartFaceService.
06-13 20:06:01.211 11469 11469 E SmartFaceService: SmartFaceService constructor for user: 0
06-13 20:06:01.311 11469 11469 D SmartFaceIndicator: no icon
06-13 20:06:01.311 11469 11469 E SmartFaceService: mActiveServiceType: 100
06-13 20:06:01.311 11469 11469 E SmartFaceService: mScrollEnabled:false mPauseEnabled:false mStayEnabled:true mRotationEnabled:false, (false,false)
06-13 20:06:01.311 11469 11469 E Logger : New Logger Instance
06-13 20:06:01.311 11469 11469 E SmartFaceService: mLightIntensityEnough: true mLux: 0.0
06-13 20:06:01.311 11469 11469 D Stay/Rotation Worker: updateClientsDone. def. do nothing.
06-13 20:06:01.311 11469 11469 E SmartFaceService: Service Type to Worker: 0
06-13 20:06:01.311 11469 11469 E SmartFaceService: Last Active clients:0 Current Active clients: 0
06-13 20:06:01.311 11469 11469 E SmartFaceService: Last Smart Pause clients: 0 Current Smart Pause clients: 0
06-13 20:06:01.321 10218 10312 I OVR : DeviceManagerThread - event 47 (500Hz) (Tid=10312)
06-13 20:06:01.331 11469 11469 D ScoverManager: serviceVersion : 16973824
06-13 20:06:01.331 11469 11469 D ScoverManager: registerListener
06-13 20:06:01.331 3534 4031 D CoverManager.StateNotifier: registerListenerCallback : binder = android.os.BinderProxy@b48adb9, pid : 11469, uid : 1000, type : 1
06-13 20:06:01.341 11469 11469 E SmartFaceService: SmartFaceService constructor done
06-13 20:06:01.341 11469 11469 E SmartFaceService: from registerCoverManager -> mClearCoverOpened: true
06-13 20:06:01.341 11469 11469 E SmartFaceService: SmartFaceService Started.
06-13 20:06:01.341 11469 11482 E SmartFaceService: Update service state according to cover state: true
06-13 20:06:01.341 11469 11482 D SmartFaceIndicator: no icon
06-13 20:06:01.341 11469 11482 E SmartFaceService: mActiveServiceType: 100
06-13 20:06:01.341 11469 11482 E SmartFaceService: mLightIntensityEnough: true mLux: 0.0
06-13 20:06:01.341 11469 11469 E SmartFaceServiceStarter: onStartCommand done
06-13 20:06:01.341 11469 11482 D Stay/Rotation Worker: updateClientsDone. def. do nothing.
06-13 20:06:01.341 11469 11482 E SmartFaceService: Service Type to Worker: 0
06-13 20:06:01.341 11469 11482 E SmartFaceService: Last Active clients:0 Current Active clients: 0
06-13 20:06:01.341 11469 11482 E SmartFaceService: Last Smart Pause clients: 0 Current Smart Pause clients: 0
06-13 20:06:01.391 10218 10350 I VrApi : FPS=60,Prd=50ms,Tear=0,Early=60,Stale=0,VSnc=1,Lat=1,CPU4/GPU=2/2,900/420MHz,OC=FF,TA=F0/F0/F0/F0,SP=F/F/F/F,Mem=1264MHz,Free=217MB,PSM=0,PLS=0,Temp=29.6C/27.5C
06-13 20:06:01.841 10218 10346 W TimeWarp: VSync 397637: Eye=0,late=0.0ms,over=0.0ms,CPU=0.4ms,GPU=10.0ms,Tot=10.4ms
06-13 20:06:01.861 10218 10346 W TimeWarp: VSync 397637: Eye=1,late=2.2ms,over=0.0ms,CPU=0.4ms,GPU=6.3ms,Tot=8.9ms
06-13 20:06:01.891 10218 10346 W TimeWarp: VSync 397640: Eye=0,late=0.0ms,over=0.0ms,CPU=0.4ms,GPU=9.6ms,Tot=10.1ms
06-13 20:06:02.321 10218 10312 I OVR : DeviceManagerThread - event 47 (498Hz) (Tid=10312)
06-13 20:06:02.331 10218 10218 I Vsync : Choreographer doFrame callback delayed by 3.8 milliseconds
06-13 20:06:02.331 10218 10346 W TimeWarp: VSync 397666: Eye=1,late=0.0ms,over=3.3ms,CPU=0.4ms,GPU=2.8ms,Tot=6.4ms
06-13 20:06:02.381 10218 10350 I VrApi : FPS=60,Prd=50ms,Tear=0,Early=60,Stale=0,VSnc=1,Lat=1,CPU4/GPU=2/2,900/420MHz,OC=FF,TA=F0/F0/F0/F0,SP=F/F/F/F,Mem=1264MHz,Free=215MB,PSM=0,PLS=0,Temp=29.6C/27.5C
06-13 20:06:02.861 10218 10218 I Vsync : Vsync 397698: Choreographer: 1 x 14.96 ms (59.88 Hz, at 6723.514)
06-13 20:06:02.881 10218 10218 I Vsync : Vsync 397699: Choreographer: 1 x 18.37 ms (59.88 Hz, at 6723.532)
06-13 20:06:03.331 10218 10312 I OVR : DeviceManagerThread - event 47 (498Hz) (Tid=10312)
06-13 20:06:03.381 10218 10350 I VrApi : FPS=60,Prd=50ms,Tear=3,Early=60,Stale=0,VSnc=1,Lat=1,CPU4/GPU=2/2,800/420MHz,OC=FF,TA=F0/F0/F0/F0,SP=F/F/F/F,Mem=1026MHz,Free=213MB,PSM=0,PLS=0,Temp=29.6C/27.5C
06-13 20:06:04.331 10218 10312 I OVR : DeviceManagerThread - event 47 (498Hz) (Tid=10312)
06-13 20:06:04.511 10300 10311 E SDKLoggingService: Unable to find AppId for package (com.digitalkey.setin)
06-13 20:06:04.511 10300 10311 E SDKLoggingService: com.oculus.horizon.service.ExternalPlatformLocal$PackageNotInLibraryException: Package com.digitalkey.setin not in users library
06-13 20:06:04.511 10300 10311 E SDKLoggingService: at com.oculus.horizon.service.ExternalPlatformLocal.getAppID(ExternalPlatformLocal.java:139)
06-13 20:06:04.511 10300 10311 E SDKLoggingService: at com.oculus.horizon.service.SDKLoggingService$1.log(SDKLoggingService.java:64)
06-13 20:06:04.511 10300 10311 E SDKLoggingService: at com.oculus.logging.sdk_logging.SDKLoggingInterface$Stub.onTransact(SDKLoggingInterface.java:50)
06-13 20:06:04.511 10300 10311 E SDKLoggingService: at android.os.Binder.execTransact(Binder.java:453)
06-13 20:06:04.561 10300 10311 E PresenceManager: Unknown app (com.digitalkey.setin) logging presence.
06-13 20:06:04.561 10300 10311 E PresenceManager: com.oculus.horizon.service.ExternalPlatformLocal$PackageNotInLibraryException: Package com.digitalkey.setin not in users library
06-13 20:06:04.561 10300 10311 E PresenceManager: at com.oculus.horizon.service.ExternalPlatformLocal.getAppID(ExternalPlatformLocal.java:139)
06-13 20:06:04.561 10300 10311 E PresenceManager: at com.oculus.horizon.platform.PresenceManager.logWasCalled(PresenceManager.java:262)
06-13 20:06:04.561 10300 10311 E PresenceManager: at com.oculus.horizon.service.SDKLoggingService$1.log(SDKLoggingService.java:73)
06-13 20:06:04.561 10300 10311 E PresenceManager: at com.oculus.logging.sdk_logging.SDKLoggingInterface$Stub.onTransact(SDKLoggingInterface.java:50)
06-13 20:06:04.561 10300 10311 E PresenceManager: at android.os.Binder.execTransact(Binder.java:453)
06-13 20:06:04.571 10218 10350 I VrApi : FPS=60,Prd=50ms,Tear=0,Early=60,Stale=0,VSnc=1,Lat=1,CPU4/GPU=2/2,800/420MHz,OC=FF,TA=F0/F0/F0/F0,SP=F/F/F/F,Mem=1026MHz,Free=210MB,PSM=0,PLS=0,Temp=29.6C/27.5C
06-13 20:06:04.601 3534 6514 D SSRM:n : SIOP:: AP = 480, PST = 461 (W:14), CP = 301, CUR = 1003, LCD = 18
06-13 20:06:05.271 10218 10346 W TimeWarp: VSync 397842: Eye=0,late=0.0ms,over=2.5ms,CPU=0.4ms,GPU=4.7ms,Tot=7.6ms
06-13 20:06:05.341 10218 10312 I OVR : DeviceManagerThread - event 47 (498Hz) (Tid=10312)
06-13 20:06:05.381 10218 10350 I VrApi : FPS=60,Prd=50ms,Tear=0,Early=60,Stale=0,VSnc=1,Lat=1,CPU4/GPU=2/2,800/420MHz,OC=FF,TA=F0/F0/F0/F0,SP=F/F/F/F,Mem=1264MHz,Free=206MB,PSM=0,PLS=0,Temp=29.6C/27.5C
06-13 20:06:06.211 3534 3985 V AlarmManager: Expired Alarm result :4
06-13 20:06:06.301 3534 3553 I ActivityManager: Exiting empty application process android.process.media (null)
06-13 20:06:06.321 3534 3553 D ActivityManager: isAutoRunBlockedApp:: com.android.providers.downloads, Auto Run ON
06-13 20:06:06.321 3534 3553 I ActivityManager: Exiting empty application process com.facebook.katana (null)
06-13 20:06:06.321 3534 3553 D ActivityManager: isAutoRunBlockedApp:: com.facebook.katana, Auto Run ON
06-13 20:06:06.341 10218 10312 I OVR : DeviceManagerThread - event 47 (498Hz) (Tid=10312)
06-13 20:06:06.381 10218 10350 I VrApi : FPS=60,Prd=51ms,Tear=0,Early=60,Stale=0,VSnc=1,Lat=1,CPU4/GPU=2/2,800/420MHz,OC=FF,TA=F0/F0/F0/F0,SP=F/F/F/F,Mem=1264MHz,Free=204MB,PSM=0,PLS=0,Temp=29.6C/27.5C
06-13 20:06:06.741 10218 10218 I Vsync : Vsync 397930: Choreographer: 1 x 16.11 ms (59.88 Hz, at 6727.390)
06-13 20:06:07.341 10218 10312 I OVR : DeviceManagerThread - event 47 (500Hz) (Tid=10312)
06-13 20:06:07.381 10218 10350 I VrApi : FPS=59,Prd=51ms,Tear=0,Early=59,Stale=0,VSnc=1,Lat=1,CPU4/GPU=2/2,800/420MHz,OC=FF,TA=F0/F0/F0/F0,SP=F/F/F/F,Mem=1264MHz,Free=200MB,PSM=0,PLS=0,Temp=29.6C/27.5C
06-13 20:06:07.501 3097 3097 I ServiceManager: service 'samsung.smartfaceservice' died
06-13 20:06:07.511 10218 10218 I Vsync : Choreographer doFrame callback delayed by 3.2 milliseconds
06-13 20:06:07.511 3534 3554 I ActivityManager: Process com.samsung.android.smartface (pid 11469)(adj 5) has died(76,126)
06-13 20:06:07.511 3534 3554 D ActivityManager: isAutoRunBlockedApp:: com.samsung.android.smartface, Auto Run ON
06-13 20:06:07.511 3534 3554 W ActivityManager: Scheduling restart of crashed service com.samsung.android.smartface/.SmartFaceServiceStarter in 163061ms
06-13 20:06:07.511 3534 4060 V CoverManager.StateNotifier: binderDied : binder = android.os.BinderProxy@b48adb9
06-13 20:06:08.341 10218 10312 I OVR : DeviceManagerThread - event 47 (498Hz) (Tid=10312)
06-13 20:06:08.351 10218 10346 W TimeWarp: VSync 398027: Eye=0,late=0.0ms,over=2.9ms,CPU=0.5ms,GPU=2.8ms,Tot=6.1ms
06-13 20:06:08.381 10218 10350 I VrApi : FPS=60,Prd=51ms,Tear=0,Early=60,Stale=0,VSnc=1,Lat=1,CPU4/GPU=2/2,800/420MHz,OC=FF,TA=F0/F0/F0/F0,SP=F/F/F/F,Mem=1026MHz,Free=202MB,PSM=0,PLS=0,Temp=29.6C/27.0C
06-13 20:06:09.341 10218 10312 I OVR : DeviceManagerThread - event 47 (500Hz) (Tid=10312)
06-13 20:06:09.381 10218 10350 I VrApi : FPS=60,Prd=51ms,Tear=0,Early=60,Stale=0,VSnc=1,Lat=1,CPU4/GPU=2/2,800/420MHz,OC=FF,TA=F0/F0/F0/F0,SP=F/F/F/F,Mem=1026MHz,Free=199MB,PSM=0,PLS=0,Temp=29.6C/27.5C
06-13 20:06:09.821 10218 10346 W TimeWarp: VSync 398114: Eye=1,late=0.0ms,over=0.0ms,CPU=0.5ms,GPU=12.3ms,Tot=12.8ms
06-13 20:06:09.831 10218 10346 W TimeWarp: VSync 398115: Eye=0,late=4.6ms,over=0.0ms,CPU=0.5ms,GPU=7.2ms,Tot=12.3ms
06-13 20:06:10.351 10218 10312 I OVR : DeviceManagerThread - event 47 (498Hz) (Tid=10312)
06-13 20:06:10.361 10218 10346 W TimeWarp: VSync 398147: Eye=0,late=0.0ms,over=3.0ms,CPU=0.5ms,GPU=3.5ms,Tot=7.0ms
06-13 20:06:10.361 10218 10218 I Vsync : Vsync 398147: Choreographer: 1 x 16.16 ms (59.90 Hz, at 6731.014)
06-13 20:06:10.381 10218 10350 I VrApi : FPS=60,Prd=51ms,Tear=0,Early=60,Stale=0,VSnc=1,Lat=1,CPU4/GPU=2/2,800/420MHz,OC=FF,TA=F0/F0/F0/F0,SP=F/F/F/F,Mem=1026MHz,Free=199MB,PSM=0,PLS=0,Temp=29.6C/27.5C
06-13 20:06:10.601 11487 11487 E Zygote : v2
06-13 20:06:10.601 11487 11487 I libpersona: KNOX_SDCARD checking this for 10182
06-13 20:06:10.601 11487 11487 I libpersona: KNOX_SDCARD not a persona
06-13 20:06:10.601 3534 3618 I ActivityManager: Start proc 11487:com.sec.android.app.SmartClipService/u0a182 for service com.sec.android.app.SmartClipService/com.samsung.android.service.hermes.HermesServiceStarter
06-13 20:06:10.601 3534 4075 D NetworkPolicy: isUidForegroundLocked: 10182, mScreenOn: true, uidstate: -1, mProxSensorScreenOff: false
06-13 20:06:10.601 11487 11487 I SELinux : Function: selinux_compare_spd_ram, index[1], SPD-policy is existed. and_ver=SEPF_SECMOBILE_6.0.1 ver=11
06-13 20:06:10.611 11487 11487 W SELinux : Function: selinux_compare_spd_ram, index[1], priority [1], priority version is VE=SEPF_SECMOBILE_6.0.1_0011
06-13 20:06:10.611 11487 11487 E Zygote : accessInfo : 0
06-13 20:06:10.621 11487 11487 W SELinux : SELinux: seapp_context_lookup: seinfo=platform, level=s0:c512,c768, pkgname=com.sec.android.app.SmartClipService
06-13 20:06:10.701 11487 11487 D TimaKeyStoreProvider: TimaSignature is unavailable
06-13 20:06:10.701 11487 11487 D ActivityThread: Added TimaKeyStore provider
06-13 20:06:10.731 3534 4075 D NetworkPolicy: isUidForegroundLocked: 10182, mScreenOn: true, uidstate: 10, mProxSensorScreenOff: false
06-13 20:06:10.741 11487 11487 W ResourcesManager: getTopLevelResources: /system/app/SmartClipService/SmartClipService.apk / 1.0 running in com.sec.android.app.SmartClipService rsrc of package com.sec.android.app.SmartClipService
06-13 20:06:10.761 3534 4083 I InjectionManagerService -AppFeature: getCoreFeaturePkgList :[]
06-13 20:06:10.761 11487 11487 I InjectionManager: Inside getClassLibPath + mLibMap{0=, 1=}
06-13 20:06:10.771 11487 11487 D ResourcesManager: For user 0 new overlays fetched Null
06-13 20:06:10.781 11487 11487 I InjectionManager: Inside getClassLibPath caller
06-13 20:06:10.811 11487 11487 W System : ClassLoader referenced unknown path: /system/app/SmartClipService/lib/arm64
06-13 20:06:10.891 11487 11487 D InjectionManager: InjectionManager
06-13 20:06:10.891 11487 11487 D InjectionManager: fillFeatureStoreMap com.sec.android.app.SmartClipService
06-13 20:06:10.891 11487 11487 I InjectionManager: Constructor com.sec.android.app.SmartClipService, Feature store :{}
06-13 20:06:10.891 11487 11487 I InjectionManager: featureStore :{}
06-13 20:06:11.261 3097 3097 I ServiceManager: service 'hermesservice' died
06-13 20:06:11.261 3534 3553 I ActivityManager: Process com.sec.android.app.SmartClipService (pid 11487)(adj 5) has died(77,124)
06-13 20:06:11.271 3534 3553 D ActivityManager: isAutoRunBlockedApp:: com.sec.android.app.SmartClipService, Auto Run ON
06-13 20:06:11.271 3534 3553 W ActivityManager: Scheduling restart of crashed service com.sec.android.app.SmartClipService/com.samsung.android.service.hermes.HermesServiceStarter in 169306ms
06-13 20:06:11.361 10218 10312 I OVR : DeviceManagerThread - event 47 (496Hz) (Tid=10312)
06-13 20:06:11.381 10218 10350 I VrApi : FPS=60,Prd=51ms,Tear=2,Early=59,Stale=0,VSnc=1,Lat=1,CPU4/GPU=2/2,800/420MHz,OC=FF,TA=F0/F0/F0/F0,SP=F/F/F/F,Mem=1026MHz,Free=201MB,PSM=0,PLS=0,Temp=29.6C/27.5C
06-13 20:06:11.791 10218 10218 I Vsync : Vsync 398233: Choreographer: 1 x 15.82 ms (59.89 Hz, at 6732.449)
06-13 20:06:12.361 10218 10312 I OVR : DeviceManagerThread - event 47 (500Hz) (Tid=10312)
06-13 20:06:12.381 10218 10350 I VrApi : FPS=60,Prd=51ms,Tear=0,Early=60,Stale=0,VSnc=1,Lat=1,CPU4/GPU=2/2,800/420MHz,OC=FF,TA=F0/F0/F0/F0,SP=F/F/F/F,Mem=1264MHz,Free=199MB,PSM=0,PLS=0,Temp=29.6C/27.5C
06-13 20:06:13.361 10218 10312 I OVR : DeviceManagerThread - event 47 (498Hz) (Tid=10312)
06-13 20:06:13.381 10218 10350 I VrApi : FPS=60,Prd=51ms,Tear=0,Early=60,Stale=0,VSnc=1,Lat=1,CPU4/GPU=2/2,900/420MHz,OC=FF,TA=F0/F0/F0/F0,SP=F/F/F/F,Mem=1026MHz,Free=197MB,PSM=0,PLS=0,Temp=29.6C/27.5C
06-13 20:06:13.771 10218 10218 I Vsync : Choreographer doFrame callback delayed by 3.4 milliseconds
06-13 20:06:13.781 3534 4093 D BatteryService: !@BatteryListener : batteryPropertiesChanged!
06-13 20:06:13.781 3534 4093 D BatteryService: level:74, scale:100, status:3, health:2, present:true, voltage: 3887, temperature: 299, technology: Li-ion, AC powered:false, USB powered:false, POGO powered:false, Wireless powered:false, icon:17303431, invalid charger:0, maxChargingCurrent:0
06-13 20:06:13.781 3534 4093 D BatteryService: online:15, current avg:-875, charge type:0, power sharing:false, high voltage charger:false, capacity:280000, batterySWSelfDischarging:false, current_now:-837
06-13 20:06:13.791 3534 3534 D BatteryService: Sending ACTION_BATTERY_CHANGED.
06-13 20:06:13.791 4213 4213 D KeyguardUpdateMonitor: received broadcast android.intent.action.BATTERY_CHANGED
06-13 20:06:13.811 4213 4213 D KeyguardUpdateMonitor: handleBatteryUpdate
06-13 20:06:13.811 4213 4213 D PowerUI : priorPlugType = 0 mPlugType = 0
06-13 20:06:13.811 3534 3534 I MotionRecognitionService: On Battery, 0
06-13 20:06:13.811 3534 3534 D MotionRecognitionService: cableConnection= 0
06-13 20:06:13.851 10218 10218 I Vsync : Choreographer doFrame callback delayed by 16.2 milliseconds
06-13 20:06:13.851 10218 10218 I OVRPlugin: nativeBatteryEvent(3, 74, 299)
06-13 20:06:13.851 10218 10218 I Vsync : Choreographer doFrame callback delayed by 4.4 milliseconds
06-13 20:06:13.881 10218 10218 I Vsync : Vsync 398358: Choreographer: 1 x 16.18 ms (59.89 Hz, at 6734.538)
06-13 20:06:13.911 4213 4213 D BatteryMeterView: ACTION_BATTERY_CHANGED : level:74 status:3 health:2
06-13 20:06:13.911 4213 4213 D BatteryMeterView: ACTION_BATTERY_CHANGED : level:74 status:3 health:2
06-13 20:06:13.981 10218 10346 W TimeWarp: VSync 398364: Eye=0,late=0.0ms,over=0.1ms,CPU=0.4ms,GPU=9.8ms,Tot=10.4ms
06-13 20:06:14.361 10218 10312 I OVR : DeviceManagerThread - event 47 (498Hz) (Tid=10312)
06-13 20:06:14.371 10218 10218 I Vsync : Choreographer doFrame callback delayed by 3.8 milliseconds
06-13 20:06:14.381 10218 10350 I VrApi : FPS=60,Prd=51ms,Tear=0,Early=60,Stale=0,VSnc=1,Lat=1,CPU4/GPU=2/2,800/420MHz,OC=FF,TA=F0/F0/F0/F0,SP=F/F/F/F,Mem=1026MHz,Free=192MB,PSM=0,PLS=0,Temp=29.9C/27.5C
06-13 20:06:14.621 3534 6514 D SSRM:n : SIOP:: AP = 470, PST = 463 (W:14), CP = 301, CUR = 925, LCD = 18
06-13 20:06:14.881 10218 10218 I Vsync : Vsync 398418: Choreographer: 1 x 15.07 ms (59.88 Hz, at 6735.539)
06-13 20:06:14.921 10218 10218 I Vsync : Vsync 398420: Choreographer: 1 x 18.35 ms (59.93 Hz, at 6735.573)
06-13 20:06:15.371 10218 10312 I OVR : DeviceManagerThread - event 47 (498Hz) (Tid=10312)
06-13 20:06:15.381 10218 10350 I VrApi : FPS=59,Prd=51ms,Tear=1,Early=59,Stale=0,VSnc=1,Lat=1,CPU4/GPU=2/2,800/420MHz,OC=FF,TA=F0/F0/F0/F0,SP=F/F/F/F,Mem=1264MHz,Free=191MB,PSM=0,PLS=0,Temp=29.9C/27.5C
06-13 20:06:16.371 10218 10312 I OVR : DeviceManagerThread - event 47 (498Hz) (Tid=10312)
06-13 20:06:16.391 10218 10350 I VrApi : FPS=60,Prd=51ms,Tear=0,Early=60,Stale=0,VSnc=1,Lat=1,CPU4/GPU=2/2,800/420MHz,OC=FF,TA=F0/F0/F0/F0,SP=F/F/F/F,Mem=1026MHz,Free=188MB,PSM=0,PLS=0,Temp=29.9C/27.5C
06-13 20:06:17.311 10218 10218 I Vsync : Choreographer doFrame callback delayed by 3.7 milliseconds
06-13 20:06:17.371 10218 10312 I OVR : DeviceManagerThread - event 47 (500Hz) (Tid=10312)
06-13 20:06:17.381 10218 10350 I VrApi : FPS=60,Prd=51ms,Tear=0,Early=60,Stale=0,VSnc=1,Lat=1,CPU4/GPU=2/2,800/420MHz,OC=FF,TA=F0/F0/F0/F0,SP=F/F/F/F,Mem=1026MHz,Free=186MB,PSM=0,PLS=0,Temp=29.9C/27.5C
06-13 20:06:17.821 10218 10218 I Vsync : Vsync 398594: Choreographer: 1 x 15.15 ms (59.86 Hz, at 6738.479)
06-13 20:06:17.861 10218 10218 I Vsync : Vsync 398596: Choreographer: 1 x 18.26 ms (59.91 Hz, at 6738.512)
06-13 20:06:18.371 10218 10312 I OVR : DeviceManagerThread - event 47 (500Hz) (Tid=10312)
06-13 20:06:18.391 10218 10218 I Vsync : Choreographer doFrame callback delayed by 3.3 milliseconds
06-13 20:06:18.391 10218 10350 I VrApi : FPS=60,Prd=51ms,Tear=0,Early=60,Stale=0,VSnc=1,Lat=1,CPU4/GPU=2/2,800/420MHz,OC=FF,TA=F0/F0/F0/F0,SP=F/F/F/F,Mem=1026MHz,Free=185MB,PSM=0,PLS=0,Temp=29.9C/27.5C
06-13 20:06:18.691 3534 3654 D PowerManagerService: [smart stay] handleSmartStay
06-13 20:06:18.691 3534 3654 D PowerManagerService: [smart stay] handleSmartStay : skip smart stay because of screen bright wake lock
06-13 20:06:18.911 10218 10218 I Vsync : Vsync 398659: Choreographer: 1 x 15.26 ms (59.87 Hz, at 6739.563)
06-13 20:06:18.931 10218 10218 I Vsync : Vsync 398660: Choreographer: 1 x 18.09 ms (59.87 Hz, at 6739.581)
06-13 20:06:19.351 3534 3545 I art : Background partial concurrent mark sweep GC freed 35962(2MB) AllocSpace objects, 39(796KB) LOS objects, 28% free, 40MB/56MB, paused 3.218ms total 528.226ms
06-13 20:06:19.371 10218 10346 W TimeWarp: VSync 398686: Eye=0,late=0.0ms,over=0.1ms,CPU=0.6ms,GPU=8.1ms,Tot=8.9ms
06-13 20:06:19.381 10218 10312 I OVR : DeviceManagerThread - event 47 (497Hz) (Tid=10312)
06-13 20:06:19.381 10218 10350 I VrApi : FPS=60,Prd=51ms,Tear=0,Early=60,Stale=0,VSnc=1,Lat=1,CPU4/GPU=2/2,1000/420MHz,OC=FF,TA=F0/F0/F0/F0,SP=F/F/F/F,Mem=1026MHz,Free=184MB,PSM=0,PLS=0,Temp=29.9C/27.5C
06-13 20:06:19.401 3534 3542 W KeyguardDisableHandler: cleaning up leaked reference: VR Service
06-13 20:06:19.681 3534 4101 V AlarmManager: remove PendingIntent] PendingIntent{4bd6c75: PendingIntentRecord{513f6d7 com.oculus.horizon broadcastIntent}}
06-13 20:06:19.741 10300 10355 I System.out: (HTTPLog)-Static: isSBSettingEnabled false
06-13 20:06:19.741 10300 10355 I System.out: (HTTPLog)-Static: isSBSettingEnabled false
06-13 20:06:19.761 3112 3755 D EnterpriseController: netId is 0
06-13 20:06:19.761 3112 3755 D Netd : getNetworkForDns: using netid 502 for uid 10221
06-13 20:06:20.121 3534 3985 V AlarmManager: Expired Alarm result :4
06-13 20:06:20.141 3534 3985 W PowerManagerService: [smart stay] updateUserActivitySummaryLocked : don't have time to smart stay
06-13 20:06:20.161 3534 3534 W PowerManagerService: [smart stay] updateUserActivitySummaryLocked : don't have time to smart stay
06-13 20:06:20.331 3534 4439 E Watchdog: !@Sync 224 [06-13 20:06:20.338]
06-13 20:06:20.381 10218 10312 I OVR : DeviceManagerThread - event 47 (500Hz) (Tid=10312)
06-13 20:06:20.381 10218 10350 I VrApi : FPS=60,Prd=51ms,Tear=0,Early=60,Stale=0,VSnc=1,Lat=1,CPU4/GPU=2/2,800/420MHz,OC=FF,TA=F0/F0/F0/F0,SP=F/F/F/F,Mem=1264MHz,Free=178MB,PSM=0,PLS=0,Temp=29.9C/27.5C
06-13 20:06:20.611 11504 11504 E Zygote : v2
06-13 20:06:20.611 11504 11504 I libpersona: KNOX_SDCARD checking this for 10007
06-13 20:06:20.611 11504 11504 I libpersona: KNOX_SDCARD not a persona
06-13 20:06:20.611 11504 11504 I SELinux : Function: selinux_compare_spd_ram, index[1], SPD-policy is existed. and_ver=SEPF_SECMOBILE_6.0.1 ver=11
06-13 20:06:20.621 3534 3618 I ActivityManager: Start proc 11504:com.microsoft.office.word/u0a7 for service com.microsoft.office.word/com.microsoft.office.preinstallservice.PreInstallService
06-13 20:06:20.621 3534 4075 D NetworkPolicy: isUidForegroundLocked: 10007, mScreenOn: true, uidstate: -1, mProxSensorScreenOff: false
06-13 20:06:20.621 11504 11504 W SELinux : Function: selinux_compare_spd_ram, index[1], priority [1], priority version is VE=SEPF_SECMOBILE_6.0.1_0011
06-13 20:06:20.621 11504 11504 E Zygote : accessInfo : 0
06-13 20:06:20.631 11504 11504 W SELinux : SELinux: seapp_context_lookup: seinfo=default, level=s0:c512,c768, pkgname=com.microsoft.office.word
06-13 20:06:20.641 11514 11514 E Zygote : v2
06-13 20:06:20.641 3534 3618 I ActivityManager: Start proc 11514:com.oculus.home/u0a221 for broadcast-3 com.oculus.home/com.oculus.appmanager.util.WakeupReceiver
06-13 20:06:20.641 11514 11514 I libpersona: KNOX_SDCARD checking this for 10221
06-13 20:06:20.641 11514 11514 I libpersona: KNOX_SDCARD not a persona
06-13 20:06:20.641 11514 11514 I SELinux : Function: selinux_compare_spd_ram, index[1], SPD-policy is existed. and_ver=SEPF_SECMOBILE_6.0.1 ver=11
06-13 20:06:20.651 11514 11514 W SELinux : Function: selinux_compare_spd_ram, index[1], priority [1], priority version is VE=SEPF_SECMOBILE_6.0.1_0011
06-13 20:06:20.651 11514 11514 E Zygote : accessInfo : 0
06-13 20:06:20.651 11514 11514 W SELinux : SELinux: seapp_context_lookup: seinfo=default, level=s0:c512,c768, pkgname=com.oculus.home
06-13 20:06:20.821 11514 11514 D TimaKeyStoreProvider: TimaSignature is unavailable
06-13 20:06:20.821 11514 11514 D ActivityThread: Added TimaKeyStore provider
06-13 20:06:20.821 11504 11504 D TimaKeyStoreProvider: TimaSignature is unavailable
06-13 20:06:20.821 11504 11504 D ActivityThread: Added TimaKeyStore provider
06-13 20:06:20.891 3534 4065 V BroadcastQueue: [background] Process cur broadcast BroadcastRecord{1b8c298 u0 com.oculus.home.wakeup qIdx=4}, state= (APP_RECEIVE) DELIVERED for app ProcessRecord{855af1 11514:com.oculus.home/u0a221}
06-13 20:06:20.901 3534 4075 D NetworkPolicy: isUidForegroundLocked: 10007, mScreenOn: true, uidstate: 10, mProxSensorScreenOff: false
06-13 20:06:20.991 11504 11504 W ResourcesManager: getTopLevelResources: /data/app/com.microsoft.office.word-2/base.apk / 1.0 running in com.microsoft.office.word rsrc of package com.microsoft.office.word
06-13 20:06:20.991 11514 11514 W ResourcesManager: getTopLevelResources: /data/app/com.oculus.home-2/base.apk / 1.0 running in com.oculus.home rsrc of package com.oculus.home
06-13 20:06:21.011 3534 4060 I InjectionManagerService -AppFeature: getCoreFeaturePkgList :[]
06-13 20:06:21.011 3534 4072 I InjectionManagerService -AppFeature: getCoreFeaturePkgList :[]
06-13 20:06:21.011 11504 11504 I InjectionManager: Inside getClassLibPath + mLibMap{0=, 1=}
06-13 20:06:21.011 11514 11514 I InjectionManager: Inside getClassLibPath + mLibMap{0=, 1=}
06-13 20:06:21.041 11514 11514 D ResourcesManager: For user 0 new overlays fetched Null
06-13 20:06:21.041 11504 11504 D ResourcesManager: For user 0 new overlays fetched Null
06-13 20:06:21.061 11504 11504 I InjectionManager: Inside getClassLibPath caller
06-13 20:06:21.061 11514 11514 I InjectionManager: Inside getClassLibPath caller
06-13 20:06:21.381 10218 10312 I OVR : DeviceManagerThread - event 47 (500Hz) (Tid=10312)
06-13 20:06:21.431 10218 10350 I VrApi : FPS=60,Prd=50ms,Tear=1,Early=59,Stale=0,VSnc=1,Lat=1,CPU4/GPU=2/2,800/420MHz,OC=FF,TA=F0/F0/F0/F0,SP=F/F/F/F,Mem=1264MHz,Free=174MB,PSM=0,PLS=0,Temp=29.9C/27.5C
06-13 20:06:21.511 11504 11504 I MAMComponents: Not initializing MAM classes because the MDM package is not installed.
06-13 20:06:21.531 11504 11504 I MultiDex: VM with version 2.1.0 has multidex support
06-13 20:06:21.541 11504 11504 I MultiDex: install
06-13 20:06:21.541 11504 11504 I MultiDex: VM has multidex support, MultiDex support library is disabled.
06-13 20:06:21.631 3534 3653 D PowerManagerService: [s] UserActivityState : 1 -> 4
06-13 20:06:21.641 3534 3653 I PowerManagerService: [PWL] On : 5579461 (1162831 ms ago)
06-13 20:06:21.641 3534 3653 I PowerManagerService: [PWL] mStayOn: false mWakeLockSummary & WAKE_LOCK_STAY_AWAKE: 20 mUserActivitySummary: 0x4
06-13 20:06:21.651 3534 3653 I PowerManagerService: [PWL] SCREEN_BRIGHT_WAKE_LOCK 'WindowManager' ON_AFTER_RELEASE (uid=1000, pid=3534, ws=WorkSource{10257}) (elapsedTime=29887)
06-13 20:06:21.761 11514 11514 W StaticBindingVerifier: Verify
06-13 20:06:21.791 11504 11504 I AMEnrollmentStatusCache: No MAM enrollment status found.
06-13 20:06:21.791 11504 11504 D InjectionManager: InjectionManager
06-13 20:06:21.791 11504 11504 D InjectionManager: fillFeatureStoreMap com.microsoft.office.word
06-13 20:06:21.791 11504 11504 I InjectionManager: Constructor com.microsoft.office.word, Feature store :{}
06-13 20:06:21.791 11504 11504 I InjectionManager: featureStore :{}
06-13 20:06:21.811 11504 11504 E AppHost.Android: Low memory. Level : 15. System may start killing background processes.
06-13 20:06:21.821 11504 11504 I PreInstallService: PreInstallService created
06-13 20:06:21.911 10218 10218 I Vsync : Vsync 398839: Choreographer: 1 x 15.66 ms (59.87 Hz, at 6742.569)
06-13 20:06:21.931 10218 10218 I Vsync : Vsync 398840: Choreographer: 1 x 17.69 ms (59.87 Hz, at 6742.587)
06-13 20:06:22.081 10218 10346 W TimeWarp: VSync 398849: Eye=0,late=0.0ms,over=0.0ms,CPU=0.3ms,GPU=8.2ms,Tot=8.5ms
06-13 20:06:22.141 11504 11504 I PreInstallService: com.microsoft.office.powerpoint_APPTYPE full
06-13 20:06:22.141 11504 11504 I PreInstallService: com.microsoft.skydrive_APPTYPE full
06-13 20:06:22.141 11504 11504 I PreInstallService: com.microsoft.office.word_APPTYPE full
06-13 20:06:22.141 11504 11504 I PreInstallService: com.microsoft.office.onenote_APPTYPE full
06-13 20:06:22.141 11504 11504 I PreInstallService: com.microsoft.office.powerpoint_UPGRADED Yes
06-13 20:06:22.141 11504 11504 I PreInstallService: k2appUUID 3ec3222f-1b32-3815-8d9b-0036ac34b133
06-13 20:06:22.141 11504 11504 I PreInstallService: com.microsoft.office.word_UPGRADED Yes
06-13 20:06:22.141 11504 11504 I PreInstallService: com.microsoft.office.excel_APPTYPE full
06-13 20:06:22.141 11504 11504 I PreInstallService: com.microsoft.office.excel_UPGRADED Yes
06-13 20:06:22.141 11504 11504 I PreInstallService: PreInstallService Start Quasar
06-13 20:06:22.141 11504 11504 I PreInstallService: Trying to get IsDebugApp
06-13 20:06:22.151 11514 11514 W ResourcesManager: getTopLevelResources: /data/app/com.oculus.horizon-2/base.apk / 1.0 running in com.oculus.home rsrc of package com.oculus.horizon
06-13 20:06:22.161 11504 11504 I PreInstallService: is Release app
06-13 20:06:22.191 11514 11514 D ResourcesManager: For user 0 new overlays fetched Null
06-13 20:06:22.241 11514 11514 D ACRA : ACRA init; reportURL: https://www.facebook.com/mobile/generic_android_crash_logs/1548792348668883
06-13 20:06:22.261 11514 11514 D ACRA : ACRA is enabled for com.oculus.home, intializing...
06-13 20:06:22.381 10218 10312 I OVR : DeviceManagerThread - event 47 (498Hz) (Tid=10312)
06-13 20:06:22.441 10218 10350 I VrApi : FPS=60,Prd=50ms,Tear=0,Early=60,Stale=0,VSnc=1,Lat=1,CPU4/GPU=2/2,800/420MHz,OC=FF,TA=F0/F0/F0/F0,SP=F/F/F/F,Mem=1264MHz,Free=166MB,PSM=0,PLS=0,Temp=29.9C/27.5C
06-13 20:06:22.491 3534 4085 I ActivityManager: Process com.microsoft.office.word (pid 11504)(adj 5) has died(74,95)
06-13 20:06:22.511 3534 4085 D ActivityManager: isAutoRunBlockedApp:: com.microsoft.office.word, Auto Run ON
06-13 20:06:22.511 3534 4085 W ActivityManager: Scheduling restart of crashed service com.microsoft.office.word/com.microsoft.office.preinstallservice.PreInstallService in 168065ms
06-13 20:06:22.511 11514 11535 I stetho : Listening on @stetho_com.oculus.home_devtools_remote
06-13 20:06:22.771 11514 11514 W ResourcesManager: getTopLevelResources: /data/app/com.oculus.horizon-2/base.apk / 1.0 running in com.oculus.home rsrc of package com.oculus.horizon
06-13 20:06:22.801 11514 11514 D ResourcesManager: For user 0 new overlays fetched Null
06-13 20:06:22.981 11514 11539 W ResourcesManager: getTopLevelResources: /data/app/com.oculus.home-2/base.apk / 1.0 running in com.oculus.home rsrc of package com.oculus.home
06-13 20:06:22.991 11514 11538 V DefaultAnalyticsLogger: New event {"name":"moonlight_cold_start","time":"1465855582.753","extra":{"app_locale":"pt_BR","device_locale":"en_US","build_model":"SM-N920G","build_id":"MMB29K","build_brand":"samsung","build_sdk_int":23,"build_fingerprint":"samsung\/noblelteub\/noblelte:6.0.1\/MMB29K\/N920GUBU2BPD2:user\/release-keys","device_time_zone":"America\/Noronha","external_storage":"mounted","email":"marcio@digitalkey.com.br","id":"790537834377045","endpoint_host":"https:\/\/graph.oculus.com","imei":"354472070034882","pk":"0"}}.
06-13 20:06:23.081 11514 11514 D LibraryMemoryCacheManager: Clear memory cache.
06-13 20:06:23.091 11514 11514 D InjectionManager: InjectionManager
06-13 20:06:23.091 11514 11514 D InjectionManager: fillFeatureStoreMap com.oculus.home
06-13 20:06:23.091 11514 11514 I InjectionManager: Constructor com.oculus.home, Feature store :{}
06-13 20:06:23.091 11514 11514 I InjectionManager: featureStore :{}
06-13 20:06:23.161 11544 11544 E Zygote : v2
06-13 20:06:23.161 11544 11544 I libpersona: KNOX_SDCARD checking this for 10045
06-13 20:06:23.161 11544 11544 I libpersona: KNOX_SDCARD not a persona
06-13 20:06:23.161 3534 4025 I ActivityManager: Start proc 11544:android.process.media/u0a45 for content provider com.android.providers.downloads/.DownloadProvider
06-13 20:06:23.171 11544 11544 I SELinux : Function: selinux_compare_spd_ram, index[1], SPD-policy is existed. and_ver=SEPF_SECMOBILE_6.0.1 ver=11
06-13 20:06:23.171 3534 4075 D NetworkPolicy: isUidForegroundLocked: 10045, mScreenOn: true, uidstate: -1, mProxSensorScreenOff: false
06-13 20:06:23.171 11544 11544 W SELinux : Function: selinux_compare_spd_ram, index[1], priority [1], priority version is VE=SEPF_SECMOBILE_6.0.1_0011
06-13 20:06:23.171 11544 11544 E Zygote : accessInfo : 0
06-13 20:06:23.171 11544 11544 W SELinux : SELinux: seapp_context_lookup: seinfo=media, level=s0:c512,c768, pkgname=android.process.media
06-13 20:06:23.271 3534 4087 I ActivityManager: Process com.google.android.gms.persistent (pid 30954)(adj 1) has died(76,94)
06-13 20:06:23.271 3534 4087 D ActivityManager: isAutoRunBlockedApp:: com.google.android.gms, Auto Run ON
06-13 20:06:23.271 3534 4087 W ActivityManager: Scheduling restart of crashed service com.google.android.gms/com.google.android.contextmanager.service.ContextManagerService in 177301ms
06-13 20:06:23.271 3534 4087 W ActivityManager: Scheduling restart of crashed service com.google.android.gms/com.google.android.location.geofencer.service.GeofenceProviderService in 187300ms
06-13 20:06:23.271 3534 4087 W ActivityManager: Scheduling restart of crashed service com.google.android.gms/.backup.BackupTransportService in 197300ms
06-13 20:06:23.271 3534 4087 W ActivityManager: Scheduling restart of crashed service com.google.android.gms/.gcm.GcmService in 207299ms
06-13 20:06:23.271 3534 4087 W ActivityManager: Scheduling restart of crashed service com.google.android.gms/.common.stats.GmsCoreStatsService in 217299ms
06-13 20:06:23.271 3534 4087 W ActivityManager: Scheduling restart of crashed service com.google.android.gms/com.google.android.location.network.NetworkLocationService in 227298ms
06-13 20:06:23.271 3534 4087 W ActivityManager: Scheduling restart of crashed service com.google.android.gms/com.google.android.location.fused.FusedLocationService in 237298ms
06-13 20:06:23.271 3534 4087 W ActivityManager: Scheduling restart of crashed service com.google.android.gms/com.google.android.location.internal.GoogleLocationManagerService in 247298ms
06-13 20:06:23.271 3534 4087 W ActivityManager: Scheduling restart of crashed service com.google.android.gms/com.google.android.location.internal.server.GoogleLocationService in 257298ms
06-13 20:06:23.271 3534 4072 D GpsStatusListenerHelper: Remote Listener died: android.location.IGpsStatusListener$Stub$Proxy@ca94cb0
06-13 20:06:23.271 3534 4087 W ActivityManager: Scheduling restart of crashed service com.google.android.gms/com.google.android.location.internal.server.HardwareArProviderService in 267297ms
06-13 20:06:23.271 3534 4087 W ActivityManager: Scheduling restart of crashed service com.google.android.gms/com.google.android.location.geocode.GeocodeService in 277297ms
06-13 20:06:23.271 3534 4087 W ActivityManager: Scheduling restart of crashed service com.google.android.gms/com.google.android.location.internal.PendingIntentCallbackService in 287297ms
06-13 20:06:23.281 3534 3534 V BackupManagerService: Disconnected from transport ComponentInfo{com.google.android.gms/com.google.android.gms.backup.BackupTransportService}
06-13 20:06:23.281 3534 4087 W ActivityManager: Scheduling restart of crashed service com.google.android.gms/.deviceconnection.service.DeviceConnectionServiceBroker in 287290ms
06-13 20:06:23.281 3534 3534 V BackupManagerService: Registering transport com.google.android.gms/.backup.BackupTransportService::null = null
06-13 20:06:23.311 3534 4075 D NetworkPolicy: isUidForegroundLocked: 10045, mScreenOn: true, uidstate: 16, mProxSensorScreenOff: false
06-13 20:06:23.311 11514 11543 D LibraryMemoryCacheManager: Set entries called with model size: 19.
06-13 20:06:23.311 11514 11543 D LibraryProductModelUtil: Package name 813714398719210.
