06-13 20:07:07.241 3534 3618 D CustomFrequencyManagerService: acquireDVFSLockLocked : type : DVFS_MIN_LIMIT frequency : 1800000 uid : 1000 pid : 3534 pkgName : ACTIVITY_RESUME_BOOSTER@9
06-13 20:07:07.251 3534 3647 D ViewRootImpl: #3 mView = null
06-13 20:07:07.251 12181 12181 W ResourcesManager: getTopLevelResources: /system/app/bootagent/bootagent.apk / 1.0 running in com.samsung.ucs.agent.boot rsrc of package com.samsung.ucs.agent.boot
06-13 20:07:07.251 3534 4101 I InjectionManagerService -AppFeature: getCoreFeaturePkgList :[]
06-13 20:07:07.251 3534 3647 D KnoxTimeoutHandler: notifyActivityDrawn [MsgParam] userId: 0 fullscreen is true showWhenlocked is true
06-13 20:07:07.251 12181 12181 I InjectionManager: Inside getClassLibPath + mLibMap{0=, 1=}
06-13 20:07:07.251 3534 3534 D KnoxTimeoutHandler: activityDrawn [MsgParam] userId: 0 fullscreen is true showWhenlocked is true
06-13 20:07:07.251 3534 3534 I KnoxTimeoutHandler: SD activityfalse
06-13 20:07:07.251 12137 12137 I MultiDex: VM with version 2.1.0 has multidex support
06-13 20:07:07.251 12137 12137 I MultiDex: install
06-13 20:07:07.251 12137 12137 I MultiDex: VM has multidex support, MultiDex support library is disabled.
06-13 20:07:07.251 12181 12181 D ResourcesManager: For user 0 new overlays fetched Null
06-13 20:07:07.251 3534 3647 D KnoxTimeoutHandler: notifyActivityDrawn [MsgParam] userId: 0 fullscreen is true showWhenlocked is true
06-13 20:07:07.251 3534 3534 D KnoxTimeoutHandler: activityDrawn [MsgParam] userId: 0 fullscreen is true showWhenlocked is true
06-13 20:07:07.251 3534 3534 I KnoxTimeoutHandler: SD activityfalse
06-13 20:07:07.251 12181 12181 I InjectionManager: Inside getClassLibPath caller
06-13 20:07:07.271 11918 11918 W linker : /data/app/com.google.android.gms-2/lib/arm64/libgmscore.so: unused DT entry: type 0x7ffffffd arg 0x510
06-13 20:07:07.281 12169 12169 D ResourcesManager: For user 0 new overlays fetched Null
06-13 20:07:07.281 12181 12181 W System : ClassLoader referenced unknown path: /system/app/bootagent/lib/arm64
06-13 20:07:07.281 12169 12169 I InjectionManager: Inside getClassLibPath caller
06-13 20:07:07.281 12181 12181 D InjectionManager: InjectionManager
06-13 20:07:07.281 12181 12181 D InjectionManager: fillFeatureStoreMap com.samsung.ucs.agent.boot
06-13 20:07:07.281 12181 12181 I InjectionManager: Constructor com.samsung.ucs.agent.boot, Feature store :{}
06-13 20:07:07.281 12181 12181 I InjectionManager: featureStore :{}
06-13 20:07:07.291 12169 12169 W System : ClassLoader referenced unknown path: /system/app/SamsungIMEv3_SYSTEMUID_SWIFTKEY_VO/lib/arm64
06-13 20:07:07.291 12181 12181 D BootAgentService: onCreate
06-13 20:07:07.291 11918 11918 W linker : /data/app/com.google.android.gms-2/lib/arm64/libconscrypt_gmscore_jni.so: unused DT entry: type 0x1d arg 0x8f
06-13 20:07:07.291 11918 11918 W linker : /data/app/com.google.android.gms-2/lib/arm64/libconscrypt_gmscore_jni.so: unused DT entry: type 0x7ffffffd arg 0x178
06-13 20:07:07.291 3534 3534 D UcmAgentWrapper: onServiceConnected ComponentInfo{com.samsung.ucs.agent.boot/com.samsung.ucs.agent.boot.BootAgentService}
06-13 20:07:07.301 11918 11918 V JNIHelp : Registering com/google/android/gms/org/conscrypt/NativeCrypto's 254 native methods...
06-13 20:07:07.321 12137 12137 W linker : /data/app/com.google.android.gms-2/lib/arm64/libgmscore.so: unused DT entry: type 0x7ffffffd arg 0x510
06-13 20:07:07.331 12137 12137 W linker : /data/app/com.google.android.gms-2/lib/arm64/libconscrypt_gmscore_jni.so: unused DT entry: type 0x1d arg 0x8f
06-13 20:07:07.331 12137 12137 W linker : /data/app/com.google.android.gms-2/lib/arm64/libconscrypt_gmscore_jni.so: unused DT entry: type 0x7ffffffd arg 0x178
06-13 20:07:07.341 11918 11918 I ProviderInstaller: Installed default security provider GmsCore_OpenSSL
06-13 20:07:07.341 12137 12137 V JNIHelp : Registering com/google/android/gms/org/conscrypt/NativeCrypto's 254 native methods...
06-13 20:07:07.341 3534 4060 V AlarmManager: remove PendingIntent] PendingIntent{678ae11: PendingIntentRecord{8917b76 com.google.android.talk startService}}
06-13 20:07:07.351 11918 12203 D Babel : Idle: Shutdown runnable posted in release with a delay of 5000 ms.
06-13 20:07:07.361 12137 12137 I ProviderInstaller: Installed default security provider GmsCore_OpenSSL
06-13 20:07:07.381 12137 12137 D InjectionManager: InjectionManager
06-13 20:07:07.381 12137 12137 D InjectionManager: fillFeatureStoreMap com.google.android.gms
06-13 20:07:07.381 12137 12137 I InjectionManager: Constructor com.google.android.gms, Feature store :{}
06-13 20:07:07.381 12137 12137 I InjectionManager: featureStore :{}
06-13 20:07:07.381 12137 12137 D ChimeraCfgMgr: Reading stored module config
06-13 20:07:07.391 12169 12169 I BNRClientProivder, VERSION : 1.7.8: register - started.
06-13 20:07:07.431 12137 12137 E NetworkScheduler.SIR: GcmNetworkManager unavailable.
06-13 20:07:07.431 3534 3647 D KnoxTimeoutHandler: notifyActivityDrawn [MsgParam] userId: 0 fullscreen is true showWhenlocked is true
06-13 20:07:07.431 3534 3534 D KnoxTimeoutHandler: activityDrawn [MsgParam] userId: 0 fullscreen is true showWhenlocked is true
06-13 20:07:07.431 3099 3179 I SurfaceFlinger: id=183 Removed wrsvc (3/10)
06-13 20:07:07.431 3534 3534 I KnoxTimeoutHandler: SD activityfalse
06-13 20:07:07.431 3099 4000 I SurfaceFlinger: id=183 Removed wrsvc (-2/10)
06-13 20:07:07.441 3534 3647 D KnoxTimeoutHandler: notifyActivityDrawn [MsgParam] userId: 0 fullscreen is true showWhenlocked is true
06-13 20:07:07.441 3534 3534 D KnoxTimeoutHandler: activityDrawn [MsgParam] userId: 0 fullscreen is true showWhenlocked is true
06-13 20:07:07.441 12206 12206 E Zygote : v2
06-13 20:07:07.441 12206 12206 I libpersona: KNOX_SDCARD checking this for 10146
06-13 20:07:07.441 12206 12206 I libpersona: KNOX_SDCARD not a persona
06-13 20:07:07.441 12206 12206 I SELinux : Function: selinux_compare_spd_ram, index[1], SPD-policy is existed. and_ver=SEPF_SECMOBILE_6.0.1 ver=11
06-13 20:07:07.441 3534 3534 I KnoxTimeoutHandler: SD activityfalse
06-13 20:07:07.441 12206 12206 W SELinux : Function: selinux_compare_spd_ram, index[1], priority [1], priority version is VE=SEPF_SECMOBILE_6.0.1_0011
06-13 20:07:07.441 3534 4031 I ActivityManager: Start proc 12206:com.microsoft.skydrive/u0a146 for broadcast-3 com.microsoft.skydrive/.streamcache.service.AlarmReceiverForUpdateSyncRootService
06-13 20:07:07.441 12206 12206 E Zygote : accessInfo : 0
06-13 20:07:07.441 12206 12206 W SELinux : SELinux: seapp_context_lookup: seinfo=default, level=s0:c512,c768, pkgname=com.microsoft.skydrive
06-13 20:07:07.451 3099 3099 D libEGL : eglTerminate EGLDisplay = 0x7febdd3618
06-13 20:07:07.461 12206 12206 D TimaKeyStoreProvider: TimaSignature is unavailable
06-13 20:07:07.461 12206 12206 D ActivityThread: Added TimaKeyStore provider
06-13 20:07:07.461 3534 4083 V BroadcastQueue: [background] Process cur broadcast BroadcastRecord{148834e u0 null qIdx=4}, state= (APP_RECEIVE) DELIVERED for app ProcessRecord{35dc6f 12206:com.microsoft.skydrive/u0a146}
06-13 20:07:07.471 12206 12206 W ResourcesManager: getTopLevelResources: /data/app/com.microsoft.skydrive-2/base.apk / 1.0 running in com.microsoft.skydrive rsrc of package com.microsoft.skydrive
06-13 20:07:07.471 3534 4020 I InjectionManagerService -AppFeature: getCoreFeaturePkgList :[]
06-13 20:07:07.471 12206 12206 I InjectionManager: Inside getClassLibPath + mLibMap{0=, 1=}
06-13 20:07:07.501 12206 12206 D ResourcesManager: For user 0 new overlays fetched Null
06-13 20:07:07.501 12206 12206 I InjectionManager: Inside getClassLibPath caller
06-13 20:07:07.511 12137 12204 D NativeLibraryUtils: Install completed successfully. count=18 extracted=0
06-13 20:07:07.531 12169 12169 I BNRClientProivder, VERSION : 1.7.8: register - xml6 quick_backup : IMESETTING, ghXxWAP1aK, com.sec.android.inputmethod.scloudsync.SCloudQBNRClientImpl
06-13 20:07:07.541 12169 12169 I QBNRClientHelper: init SyncClientHelper : IMESETTING
06-13 20:07:07.541 12169 12169 D InjectionManager: InjectionManager
06-13 20:07:07.541 12169 12169 D InjectionManager: fillFeatureStoreMap com.sec.android.inputmethod
06-13 20:07:07.541 12169 12169 I InjectionManager: Constructor com.sec.android.inputmethod, Feature store :{}
06-13 20:07:07.541 12169 12169 I InjectionManager: featureStore :{}
06-13 20:07:07.541 3534 3534 D CustomFrequencyManagerService: releaseDVFSLockLocked : Getting Lock type frm List : DVFS_MIN_LIMIT frequency : 1800000 uid : 1000 pid : 3534 tag : ACTIVITY_RESUME_BOOSTER@9
06-13 20:07:07.541 12206 12206 I MSMAM - MAMComponents: Not initializing MAM classes because the MDM package is not installed.
06-13 20:07:07.561 12169 12169 I SamsungKeypad: Hardware accelerated drawing: true
06-13 20:07:07.591 12206 12206 I GMPM : App measurement is starting up, version: 8487
06-13 20:07:07.591 12206 12206 I GMPM : To enable debug logging run: adb shell setprop log.tag.GMPM VERBOSE
06-13 20:07:07.591 12206 12206 W ResourcesManager: getTopLevelResources: /data/app/com.microsoft.skydrive-2/base.apk / 1.0 running in com.microsoft.skydrive rsrc of package com.microsoft.skydrive
06-13 20:07:07.611 12206 12206 E GMPM : GoogleService failed to initialize, status: 10, Missing an expected resource: 'R.string.google_app_id' for initializing Google services. Possible causes are missing google-services.json or com.google.gms.google-services gradle plugin.
06-13 20:07:07.611 12206 12206 E GMPM : Scheduler not set. Not logging error/warn.
06-13 20:07:07.611 3534 4085 V AlarmManager: remove PendingIntent] PendingIntent{74e5568: PendingIntentRecord{d03d81 com.microsoft.skydrive broadcastIntent}}
06-13 20:07:07.621 12206 12223 E GMPM : Uploading is not possible. App measurement disabled
06-13 20:07:07.621 3534 4025 V AlarmManager: remove PendingIntent] PendingIntent{e2dae26: PendingIntentRecord{d03d81 com.microsoft.skydrive broadcastIntent}}
06-13 20:07:07.651 12169 12169 E SamsungIME: DefaultKeySoundPath changed to:null
06-13 20:07:07.651 12169 12169 E SamsungIME: BackspaceKeySoundPath changed to:null
06-13 20:07:07.651 12169 12234 V MediaPlayer: decode(20, 15031424, 5026)
06-13 20:07:07.661 3120 4843 I OggExtractor: OggSource::OggSource() mExtractor ref count = 4
06-13 20:07:07.661 3120 4843 I OMXCodec: Attempting to allocate OMX node 'OMX.google.vorbis.decoder'
06-13 20:07:07.661 3120 4843 I OMXCodec: Successfully allocated OMX node 'OMX.google.vorbis.decoder'
06-13 20:07:07.661 3120 4843 I OMXCodec: >>>UHQA initOutputFormat 16
06-13 20:07:07.661 3120 4843 I OMXCodec: [OMX.google.vorbis.decoder] OMXCodec::start mState=1
06-13 20:07:07.661 3120 4843 I OMXCodec: [OMX.google.vorbis.decoder] allocating 4 buffers of size 8192 on input port
06-13 20:07:07.661 3120 4843 I OMXCodec: [OMX.google.vorbis.decoder] allocating 4 buffers of size 32768 on output port
06-13 20:07:07.661 3120 12240 I OMXCodec: [OMX.google.vorbis.decoder] Now Idle. Component sends idle done Event
06-13 20:07:07.671 3120 12240 I OMXCodec: [OMX.google.vorbis.decoder] 0onCmdComplete mState = 7
06-13 20:07:07.671 3120 12240 I OMXCodec: [OMX.google.vorbis.decoder] PORT_DISABLED(1)
06-13 20:07:07.671 3120 12240 I OMXCodec: >>>UHQA initOutputFormat 16
06-13 20:07:07.671 3120 12240 I OMXCodec: [OMX.google.vorbis.decoder] allocating 4 buffers of size 32768 on output port
06-13 20:07:07.671 3120 12240 I OMXCodec: [OMX.google.vorbis.decoder] End Of Stream
06-13 20:07:07.671 3120 4843 I SoundExtractor: extract() reached EOS
06-13 20:07:07.671 3120 4843 I OMXCodec: [OMX.google.vorbis.decoder] stop mState=4
06-13 20:07:07.671 3120 4843 I OMXCodec: [OMX.google.vorbis.decoder] stop() sendCommand(145, OMX_CommandStateSet, OMX_StateIdle)
06-13 20:07:07.671 3120 12240 I OMXCodec: [OMX.google.vorbis.decoder] Now Idle. Component sends idle done Event
06-13 20:07:07.681 3120 4843 I OMXCodec: [OMX.google.vorbis.decoder] stopOmxComponent_l() mstate = 1
06-13 20:07:07.681 3120 4843 I OggExtractor: OggSource::stop() mExtractor ref count = 1
06-13 20:07:07.681 3120 4843 I OggExtractor: OggSource::~OggSource() mExtractor !mStarted ref count = 1
06-13 20:07:07.681 3120 4843 I OggExtractor: ~OggSource --
06-13 20:07:07.681 3120 4843 I OggExtractor: ~OggExtractor ++
06-13 20:07:07.681 3120 4843 I OggExtractor: ~MyOggExtractor ++
06-13 20:07:07.681 3120 4843 I OggExtractor: ~MyOggExtractor --
06-13 20:07:07.681 3120 4843 I OggExtractor: ~OggExtractor --
06-13 20:07:07.681 12169 12234 V MediaPlayer: decode(22, 15031424, 5026)
06-13 20:07:07.681 3120 4705 I OggExtractor: OggSource::OggSource() mExtractor ref count = 4
06-13 20:07:07.681 12206 12206 I Fabric : Initializing Crashlytics 2.3.3.61
06-13 20:07:07.681 3120 4705 I OMXCodec: Attempting to allocate OMX node 'OMX.google.vorbis.decoder'
06-13 20:07:07.691 3120 4705 I OMXCodec: Successfully allocated OMX node 'OMX.google.vorbis.decoder'
06-13 20:07:07.691 3120 4705 I OMXCodec: >>>UHQA initOutputFormat 16
06-13 20:07:07.691 3120 4705 I OMXCodec: [OMX.google.vorbis.decoder] OMXCodec::start mState=1
06-13 20:07:07.691 3120 4705 I OMXCodec: [OMX.google.vorbis.decoder] allocating 4 buffers of size 8192 on input port
06-13 20:07:07.691 3120 4705 I OMXCodec: [OMX.google.vorbis.decoder] allocating 4 buffers of size 32768 on output port
06-13 20:07:07.691 12169 12169 E DecHandwriting: ---1---recgType-= eRecogType.RECOG_TEXT
06-13 20:07:07.691 3120 12247 I OMXCodec: [OMX.google.vorbis.decoder] Now Idle. Component sends idle done Event
06-13 20:07:07.701 3120 12247 I OMXCodec: [OMX.google.vorbis.decoder] 0onCmdComplete mState = 7
06-13 20:07:07.701 3120 12247 I OMXCodec: [OMX.google.vorbis.decoder] PORT_DISABLED(1)
06-13 20:07:07.701 3120 12247 I OMXCodec: >>>UHQA initOutputFormat 16
06-13 20:07:07.701 3120 12247 I OMXCodec: [OMX.google.vorbis.decoder] allocating 4 buffers of size 32768 on output port
06-13 20:07:07.701 3120 12247 I OMXCodec: [OMX.google.vorbis.decoder] End Of Stream
06-13 20:07:07.701 3120 4705 I SoundExtractor: extract() reached EOS
06-13 20:07:07.701 3120 4705 I OMXCodec: [OMX.google.vorbis.decoder] stop mState=4
06-13 20:07:07.701 3120 4705 I OMXCodec: [OMX.google.vorbis.decoder] stop() sendCommand(146, OMX_CommandStateSet, OMX_StateIdle)
06-13 20:07:07.701 3120 12247 I OMXCodec: [OMX.google.vorbis.decoder] Now Idle. Component sends idle done Event
06-13 20:07:07.701 3120 4705 I OMXCodec: [OMX.google.vorbis.decoder] stopOmxComponent_l() mstate = 1
06-13 20:07:07.701 3120 4705 I OggExtractor: OggSource::stop() mExtractor ref count = 1
06-13 20:07:07.701 3120 4705 I OggExtractor: OggSource::~OggSource() mExtractor !mStarted ref count = 1
06-13 20:07:07.701 3120 4705 I OggExtractor: ~OggSource --
06-13 20:07:07.701 3120 4705 I OggExtractor: ~OggExtractor ++
06-13 20:07:07.701 3120 4705 I OggExtractor: ~MyOggExtractor ++
06-13 20:07:07.701 3120 4705 I OggExtractor: ~MyOggExtractor --
06-13 20:07:07.701 3120 4705 I OggExtractor: ~OggExtractor --
06-13 20:07:07.701 12169 12234 V MediaPlayer: decode(23, 15026412, 4945)
06-13 20:07:07.711 3120 3781 I OggExtractor: OggSource::OggSource() mExtractor ref count = 4
06-13 20:07:07.711 3120 3781 I OMXCodec: Attempting to allocate OMX node 'OMX.google.vorbis.decoder'
06-13 20:07:07.711 3534 4085 I ActivityManager: Start proc 12249:com.google.android.gms/u0a15 for service com.google.android.gms/.ads.identifier.service.AdvertisingIdService
06-13 20:07:07.711 3120 3781 I OMXCodec: Successfully allocated OMX node 'OMX.google.vorbis.decoder'
06-13 20:07:07.711 3120 3781 I OMXCodec: >>>UHQA initOutputFormat 16
06-13 20:07:07.711 3120 3781 I OMXCodec: [OMX.google.vorbis.decoder] OMXCodec::start mState=1
06-13 20:07:07.711 3120 3781 I OMXCodec: [OMX.google.vorbis.decoder] allocating 4 buffers of size 8192 on input port
06-13 20:07:07.711 3120 3781 I OMXCodec: [OMX.google.vorbis.decoder] allocating 4 buffers of size 32768 on output port
06-13 20:07:07.711 12249 12249 E Zygote : v2
06-13 20:07:07.711 12249 12249 I libpersona: KNOX_SDCARD checking this for 10015
06-13 20:07:07.711 12249 12249 I libpersona: KNOX_SDCARD not a persona
06-13 20:07:07.711 3120 12255 I OMXCodec: [OMX.google.vorbis.decoder] Now Idle. Component sends idle done Event
06-13 20:07:07.711 12249 12249 I SELinux : Function: selinux_compare_spd_ram, index[1], SPD-policy is existed. and_ver=SEPF_SECMOBILE_6.0.1 ver=11
06-13 20:07:07.721 12249 12249 W SELinux : Function: selinux_compare_spd_ram, index[1], priority [1], priority version is VE=SEPF_SECMOBILE_6.0.1_0011
06-13 20:07:07.721 12249 12249 E Zygote : accessInfo : 0
06-13 20:07:07.721 3120 12255 I OMXCodec: [OMX.google.vorbis.decoder] 0onCmdComplete mState = 7
06-13 20:07:07.721 3120 12255 I OMXCodec: [OMX.google.vorbis.decoder] PORT_DISABLED(1)
06-13 20:07:07.721 3120 12255 I OMXCodec: >>>UHQA initOutputFormat 16
06-13 20:07:07.721 3120 12255 I OMXCodec: [OMX.google.vorbis.decoder] allocating 4 buffers of size 32768 on output port
06-13 20:07:07.721 3120 12255 I OMXCodec: [OMX.google.vorbis.decoder] End Of Stream
06-13 20:07:07.721 12249 12249 W SELinux : SELinux: seapp_context_lookup: seinfo=gmscore, level=s0:c512,c768, pkgname=com.google.android.gms
06-13 20:07:07.731 3120 3781 I SoundExtractor: extract() reached EOS
06-13 20:07:07.731 3120 3781 I OMXCodec: [OMX.google.vorbis.decoder] stop mState=4
06-13 20:07:07.731 3120 3781 I OMXCodec: [OMX.google.vorbis.decoder] stop() sendCommand(147, OMX_CommandStateSet, OMX_StateIdle)
06-13 20:07:07.731 3120 12255 I OMXCodec: [OMX.google.vorbis.decoder] Now Idle. Component sends idle done Event
06-13 20:07:07.731 3120 3781 I OMXCodec: [OMX.google.vorbis.decoder] stopOmxComponent_l() mstate = 1
06-13 20:07:07.731 3120 3781 I OggExtractor: OggSource::stop() mExtractor ref count = 1
06-13 20:07:07.731 3120 3781 I OggExtractor: OggSource::~OggSource() mExtractor !mStarted ref count = 1
06-13 20:07:07.731 3120 3781 I OggExtractor: ~OggSource --
06-13 20:07:07.731 3120 3781 I OggExtractor: ~OggExtractor ++
06-13 20:07:07.731 3120 3781 I OggExtractor: ~MyOggExtractor ++
06-13 20:07:07.731 3120 3781 I OggExtractor: ~MyOggExtractor --
06-13 20:07:07.731 3120 3781 I OggExtractor: ~OggExtractor --
06-13 20:07:07.751 12249 12249 D TimaKeyStoreProvider: TimaSignature is unavailable
06-13 20:07:07.751 12249 12249 D ActivityThread: Added TimaKeyStore provider
06-13 20:07:07.781 12169 12169 E SamsungIME: resetNeedToLoadHwrLibrary : 1
06-13 20:07:07.781 12249 12249 W ResourcesManager: getTopLevelResources: /data/app/com.google.android.gms-2/base.apk / 1.0 running in com.google.android.gms rsrc of package com.google.android.gms
06-13 20:07:07.791 3534 4020 I InjectionManagerService -AppFeature: getCoreFeaturePkgList :[]
06-13 20:07:07.791 12249 12249 I InjectionManager: Inside getClassLibPath + mLibMap{0=, 1=}
06-13 20:07:07.791 12169 12169 D SamsungIME_HWR: DynamicHwrLoadPerf, updateHwrInputModule time = 8 ms
06-13 20:07:07.791 3534 3534 V BackupManagerService: Connected to transport ComponentInfo{com.google.android.gms/com.google.android.gms.backup.BackupTransportService}
06-13 20:07:07.801 3534 3534 V BackupManagerService: Registering transport com.google.android.gms/.backup.BackupTransportService::com.google.android.gms/.backup.BackupTransportService = com.android.internal.backup.IBackupTransport$Stub$Proxy@a169061
06-13 20:07:07.801 12249 12249 D ResourcesManager: For user 0 new overlays fetched Null
06-13 20:07:07.801 12249 12249 I InjectionManager: Inside getClassLibPath caller
06-13 20:07:07.801 3534 4081 D PackageManager: setEnabledSetting : userId = 0 packageName = com.google.android.gms cmp = com.google.android.gms.gcm.gmsproc.GcmInGmsTaskService newState = 1 callingPackage = 10015
06-13 20:07:07.811 3534 4031 D PackageManager: setEnabledSetting : userId = 0 packageName = com.google.android.gms cmp = com.google.android.gms.gcm.gmsproc.ConnectivityChangeReceiver newState = 2 callingPackage = 10015
06-13 20:07:07.821 3534 3553 D PackageManager: setEnabledSetting : userId = 0 packageName = com.google.android.gms cmp = com.google.android.gms.gcm.gmsproc.GcmIntentService newState = 2 callingPackage = 10015
06-13 20:07:07.831 12137 12137 D GCM : COMPAT: Enabling multi user even though supportsMultipleUsers=false
06-13 20:07:07.831 12137 12137 D GCM : COMPAT: Multi user ser=0 current=0
06-13 20:07:07.841 12249 12249 I MultiDex: VM with version 2.1.0 has multidex support
06-13 20:07:07.841 12249 12249 I MultiDex: install
06-13 20:07:07.841 12249 12249 I MultiDex: VM has multidex support, MultiDex support library is disabled.
06-13 20:07:07.861 12249 12249 W ResourcesManager: getTopLevelResources: /data/app/com.google.android.gms-2/base.apk / 1.0 running in com.google.android.gms rsrc of package com.google.android.gms
06-13 20:07:07.871 12249 12249 W ResourcesManager: getTopLevelResources: /data/app/com.google.android.gms-2/base.apk / 1.0 running in com.google.android.gms rsrc of package com.google.android.gms
06-13 20:07:07.911 12249 12249 W linker : /data/app/com.google.android.gms-2/lib/arm64/libgmscore.so: unused DT entry: type 0x7ffffffd arg 0x510
06-13 20:07:07.931 12249 12249 W linker : /data/app/com.google.android.gms-2/lib/arm64/libconscrypt_gmscore_jni.so: unused DT entry: type 0x1d arg 0x8f
06-13 20:07:07.931 12249 12249 W linker : /data/app/com.google.android.gms-2/lib/arm64/libconscrypt_gmscore_jni.so: unused DT entry: type 0x7ffffffd arg 0x178
06-13 20:07:07.941 12249 12249 V JNIHelp : Registering com/google/android/gms/org/conscrypt/NativeCrypto's 254 native methods...
06-13 20:07:07.961 12249 12249 I ProviderInstaller: Installed default security provider GmsCore_OpenSSL
06-13 20:07:07.981 12206 12283 W System.err: mkdir failed: EEXIST (File exists) : /storage/emulated/0/Android/data/com.microsoft.skydrive/cache/instrumentationb
06-13 20:07:07.991 12249 12249 D InjectionManager: InjectionManager
06-13 20:07:07.991 12249 12249 D InjectionManager: fillFeatureStoreMap com.google.android.gms
06-13 20:07:07.991 12249 12249 I InjectionManager: Constructor com.google.android.gms, Feature store :{}
06-13 20:07:07.991 12249 12249 I InjectionManager: featureStore :{}
06-13 20:07:07.991 12249 12249 D ChimeraCfgMgr: Reading stored module config
06-13 20:07:08.051 12137 12137 W InstanceID/Rpc: Found 10015
06-13 20:07:08.071 3534 3553 E SensorService: getSensorList a sensor (HRM Ambient Light Canceling) without holding its required permission: com.samsung.permission.HRM_EXT
06-13 20:07:08.071 3534 3553 I SensorService: Skipped sensor HRM Ambient Light Canceling because it requires permission com.samsung.permission.HRM_EXT and app op -1
06-13 20:07:08.071 3534 3553 E SensorService: getSensorList a sensor (HRM Proximity detecting) without holding its required permission: com.samsung.permission.HRM_EXT
06-13 20:07:08.071 3534 3553 I SensorService: Skipped sensor HRM Proximity detecting because it requires permission com.samsung.permission.HRM_EXT and app op -1
06-13 20:07:08.071 3534 3553 W ServiceManager: Permission failure: android.permission.BODY_SENSORS from uid=10146 pid=12206
06-13 20:07:08.071 3534 3553 E SensorService: getSensorList a sensor (HRMLED IR) without holding its required permission: android.permission.BODY_SENSORS
06-13 20:07:08.071 3534 3553 I SensorService: Skipped sensor HRMLED IR because it requires permission android.permission.BODY_SENSORS and app op 56
06-13 20:07:08.071 3534 3553 W ServiceManager: Permission failure: android.permission.BODY_SENSORS from uid=10146 pid=12206
06-13 20:07:08.071 3534 3553 E SensorService: getSensorList a sensor (HRMLED RED) without holding its required permission: android.permission.BODY_SENSORS
06-13 20:07:08.071 3534 3553 I SensorService: Skipped sensor HRMLED RED because it requires permission android.permission.BODY_SENSORS and app op 56
06-13 20:07:08.071 3534 3553 E SensorService: getSensorList a sensor (MAX86900) without holding its required permission: com.samsung.permission.SSENSOR
06-13 20:07:08.071 3534 3553 I SensorService: Skipped sensor MAX86900 because it requires permission com.samsung.permission.SSENSOR and app op -1
06-13 20:07:08.071 3534 3553 E SensorService: getSensorList a sensor (HRM Sensor) without holding its required permission: com.samsung.permission.SSENSOR
06-13 20:07:08.071 3534 3553 I SensorService: Skipped sensor HRM Sensor because it requires permission com.samsung.permission.SSENSOR and app op -1
06-13 20:07:08.071 3534 3553 W ServiceManager: Permission failure: android.permission.BODY_SENSORS from uid=10146 pid=12206
06-13 20:07:08.071 3534 3553 E SensorService: getSensorList a sensor (HeartRate Sensor) without holding its required permission: android.permission.BODY_SENSORS
06-13 20:07:08.071 3534 3553 I SensorService: Skipped sensor HeartRate Sensor because it requires permission android.permission.BODY_SENSORS and app op 56
06-13 20:07:08.101 12249 12282 D NativeLibraryUtils: Install completed successfully. count=18 extracted=0
06-13 20:07:08.281 12206 12206 D SecWifiDisplayUtil: Metadata value : SecSettings2
06-13 20:07:08.301 3534 4038 D WifiDisplayAdapter: getWifiDisplayStatusLocked: result=WifiDisplayStatus{featureState=2, scanState=0, activeDisplayState=0, activeDisplay=null, displays=[], sessionInfo=WifiDisplaySessionInfo: Client/Owner: Client GroupId: Passphrase: SessionId: 0 IP Address: , connectedState=-1, networkQoS=0}
06-13 20:07:08.311 3534 4031 D WifiDisplayAdapter: getWifiDisplayStatusLocked: result=WifiDisplayStatus{featureState=2, scanState=0, activeDisplayState=0, activeDisplay=null, displays=[], sessionInfo=WifiDisplaySessionInfo: Client/Owner: Client GroupId: Passphrase: SessionId: 0 IP Address: , connectedState=-1, networkQoS=0}
06-13 20:07:08.311 3534 4065 D AudioService: getStreamVolume 3 index 40
06-13 20:07:08.321 12206 12206 I MediaRouter: Found default route: MediaRouter.RouteInfo{ uniqueId=android/.support.v7.c.bs:DEFAULT_ROUTE, name=Phone, description=null, iconUri=null, enabled=true, connecting=false, connectionState=0, canDisconnect=false, playbackType=0, playbackStream=3, deviceType=0, volumeHandling=1, volume=4, volumeMax=15, presentationDisplayId=-1, extras=null, settingsIntent=null, providerPackageName=android }
06-13 20:07:08.341 12137 12288 D GCM : GcmService start null null
06-13 20:07:08.361 3112 3755 D EnterpriseController: netId is 0
06-13 20:07:08.361 3112 3755 D Netd : getNetworkForDns: using netid 502 for uid 10015
06-13 20:07:08.371 12169 12169 D SamsungIME: [SW] CheckClearAction temp:DONE
06-13 20:07:08.371 12169 12169 D SamsungIME: loadLanguageModels force = false
06-13 20:07:08.371 12169 12169 W System.err: mkdir failed: EEXIST (File exists) : /data/user/0/com.sec.android.inputmethod/app_SwiftKey/user
06-13 20:07:08.381 12169 12169 D SamsungIME: loadVOLibrary load lib start
06-13 20:07:08.391 12206 12206 D TokenSharingManager: Library works in release mode
06-13 20:07:08.391 12206 12206 I AMEnrollmentStatusCache: No MAM enrollment status found.
06-13 20:07:08.391 12206 12206 D InjectionManager: InjectionManager
06-13 20:07:08.391 12206 12206 D InjectionManager: fillFeatureStoreMap com.microsoft.skydrive
06-13 20:07:08.391 12206 12206 I InjectionManager: Constructor com.microsoft.skydrive, Feature store :{}
06-13 20:07:08.391 12206 12206 I InjectionManager: featureStore :{}
06-13 20:07:08.421 3534 3534 V BroadcastQueue: [background] Process cur broadcast BroadcastRecord{3a800ca u0 null qIdx=4}, state= (APP_RECEIVE) DELIVERED for app ProcessRecord{2b5f1f1 11854:com.facebook.appmanager/u0a112}
06-13 20:07:08.421 12169 12169 D SamsungIME: loadVOLibrary load lib done
06-13 20:07:08.421 12169 12169 D SamsungIME_HWR: DynamicHwrLoadPerf, InitHwrLib time = 37 ms
06-13 20:07:08.421 12169 12169 E SamsungIME: VOLanguagePackManager
06-13 20:07:08.421 12169 12169 D RMHelper: SamsungIME : RMisReady() : client is null
06-13 20:07:08.421 12169 12169 D RMHelper: SamsungIME : RMisReady() : client is null
06-13 20:07:08.421 12169 12169 D RMHelper: RMHelper : initHelper()
06-13 20:07:08.431 12294 12294 E Zygote : v2
06-13 20:07:08.431 12294 12294 I libpersona: KNOX_SDCARD checking this for 10113
06-13 20:07:08.431 12294 12294 I libpersona: KNOX_SDCARD not a persona
06-13 20:07:08.431 3534 4101 I ActivityManager: Start proc 12294:com.instagram.android/u0a113 for broadcast-3 com.instagram.android/com.facebook.rti.push.service.idsharing.FbnsSharingStateReceiver
06-13 20:07:08.441 12294 12294 I SELinux : Function: selinux_compare_spd_ram, index[1], SPD-policy is existed. and_ver=SEPF_SECMOBILE_6.0.1 ver=11
06-13 20:07:08.441 12294 12294 W SELinux : Function: selinux_compare_spd_ram, index[1], priority [1], priority version is VE=SEPF_SECMOBILE_6.0.1_0011
06-13 20:07:08.441 12294 12294 E Zygote : accessInfo : 0
06-13 20:07:08.441 12294 12294 W SELinux : SELinux: seapp_context_lookup: seinfo=default, level=s0:c512,c768, pkgname=com.instagram.android
06-13 20:07:08.461 3534 4081 D WifiDisplayAdapter: getWifiDisplayStatusLocked: result=WifiDisplayStatus{featureState=2, scanState=0, activeDisplayState=0, activeDisplay=null, displays=[], sessionInfo=WifiDisplaySessionInfo: Client/Owner: Client GroupId: Passphrase: SessionId: 0 IP Address: , connectedState=-1, networkQoS=0}
06-13 20:07:08.471 12311 12311 E Zygote : v2
06-13 20:07:08.471 12311 12311 I libpersona: KNOX_SDCARD checking this for 10157
06-13 20:07:08.471 12311 12311 I SELinux : Function: selinux_compare_spd_ram, index[1], SPD-policy is existed. and_ver=SEPF_SECMOBILE_6.0.1 ver=11
06-13 20:07:08.471 12311 12311 I libpersona: KNOX_SDCARD not a persona
06-13 20:07:08.471 12311 12311 W SELinux : Function: selinux_compare_spd_ram, index[1], priority [1], priority version is VE=SEPF_SECMOBILE_6.0.1_0011
06-13 20:07:08.471 3534 4087 I ActivityManager: Start proc 12311:com.myscript.atk.rmc.service.sample/u0a157 for content provider com.myscript.atk.rmc.service.sample/com.myscript.atk.rmc.DataStorageProvider
06-13 20:07:08.471 12311 12311 E Zygote : accessInfo : 0
06-13 20:07:08.471 12311 12311 W SELinux : SELinux: seapp_context_lookup: seinfo=filtered_untrusted, level=s0:c512,c768, pkgname=com.myscript.atk.rmc.service.sample
06-13 20:07:08.491 12321 12321 E Zygote : v2
06-13 20:07:08.491 3534 3534 I ActivityManager: Start proc 12321:com.facebook.orca/u0a114 for service com.facebook.orca/com.facebook.bugreporter.scheduler.LollipopBugReportService
06-13 20:07:08.491 12321 12321 I libpersona: KNOX_SDCARD checking this for 10114
06-13 20:07:08.491 12321 12321 I libpersona: KNOX_SDCARD not a persona
06-13 20:07:08.491 3534 4075 D NetworkPolicy: isUidForegroundLocked: 10157, mScreenOn: true, uidstate: -1, mProxSensorScreenOff: false
06-13 20:07:08.491 3534 4075 D NetworkPolicy: isUidForegroundLocked: 10114, mScreenOn: true, uidstate: -1, mProxSensorScreenOff: false
06-13 20:07:08.491 12294 12294 D TimaKeyStoreProvider: TimaSignature is unavailable
06-13 20:07:08.491 12294 12294 D ActivityThread: Added TimaKeyStore provider
06-13 20:07:08.491 12321 12321 I SELinux : Function: selinux_compare_spd_ram, index[1], SPD-policy is existed. and_ver=SEPF_SECMOBILE_6.0.1 ver=11
06-13 20:07:08.491 12321 12321 W SELinux : Function: selinux_compare_spd_ram, index[1], priority [1], priority version is VE=SEPF_SECMOBILE_6.0.1_0011
06-13 20:07:08.501 12321 12321 E Zygote : accessInfo : 0
06-13 20:07:08.501 12321 12321 W SELinux : SELinux: seapp_context_lookup: seinfo=default, level=s0:c512,c768, pkgname=com.facebook.orca
06-13 20:07:08.511 3534 4081 V BroadcastQueue: [background] Process cur broadcast BroadcastRecord{9f59717 u0 com.facebook.rti.fbns.intent.SHARE_IDS qIdx=4}, state= (APP_RECEIVE) DELIVERED for app ProcessRecord{4648704 12294:com.instagram.android/u0a113}
06-13 20:07:08.511 3534 4075 D NetworkPolicy: isUidForegroundLocked: 10157, mScreenOn: true, uidstate: 16, mProxSensorScreenOff: false
06-13 20:07:08.511 3534 4075 D NetworkPolicy: isUidForegroundLocked: 10114, mScreenOn: true, uidstate: 16, mProxSensorScreenOff: false
06-13 20:07:08.531 12311 12311 D TimaKeyStoreProvider: TimaSignature is unavailable
06-13 20:07:08.531 12311 12311 D ActivityThread: Added TimaKeyStore provider
06-13 20:07:08.531 12294 12294 W ResourcesManager: getTopLevelResources: /data/app/com.instagram.android-1/base.apk / 1.0 running in com.instagram.android rsrc of package com.instagram.android
06-13 20:07:08.541 3534 4101 I InjectionManagerService -AppFeature: getCoreFeaturePkgList :[]
06-13 20:07:08.541 12294 12294 I InjectionManager: Inside getClassLibPath + mLibMap{0=, 1=}
06-13 20:07:08.541 12321 12321 D TimaKeyStoreProvider: TimaSignature is unavailable
06-13 20:07:08.541 12321 12321 D ActivityThread: Added TimaKeyStore provider
06-13 20:07:08.541 3534 4038 W ActivityManager: Permission Denial: Accessing service ComponentInfo{com.google.android.music/com.google.android.music.dial.DialMediaRouteProviderService} from pid=12206, uid=10146 that is not exported from uid 10143
06-13 20:07:08.561 12311 12311 W ResourcesManager: getTopLevelResources: /system/priv-app/ResourceManager/ResourceManager.apk / 1.0 running in com.myscript.atk.rmc.service.sample rsrc of package com.myscript.atk.rmc.service.sample
06-13 20:07:08.561 3534 3553 I InjectionManagerService -AppFeature: getCoreFeaturePkgList :[]
06-13 20:07:08.561 12311 12311 I InjectionManager: Inside getClassLibPath + mLibMap{0=, 1=}
06-13 20:07:08.571 12311 12311 D ResourcesManager: For user 0 new overlays fetched Null
06-13 20:07:08.571 12294 12294 D ResourcesManager: For user 0 new overlays fetched Null
06-13 20:07:08.571 12321 12321 W ResourcesManager: getTopLevelResources: /data/app/com.facebook.orca-2/base.apk / 1.0 running in com.facebook.orca rsrc of package com.facebook.orca
06-13 20:07:08.581 12294 12294 I InjectionManager: Inside getClassLibPath caller
06-13 20:07:08.581 12311 12311 I InjectionManager: Inside getClassLibPath caller
06-13 20:07:08.581 3534 4025 I InjectionManagerService -AppFeature: getCoreFeaturePkgList :[]
06-13 20:07:08.581 12321 12321 I InjectionManager: Inside getClassLibPath + mLibMap{0=, 1=}
06-13 20:07:08.591 12311 12311 W System : ClassLoader referenced unknown path: /system/priv-app/ResourceManager/lib/arm64
06-13 20:07:08.601 12137 12287 I qtaguid : Tagging socket 35 with tag 2000040700000000{536871943,0} uid -1, pid: 12137, getuid(): 10015
06-13 20:07:08.621 12311 12311 D InjectionManager: InjectionManager
06-13 20:07:08.621 12311 12311 D InjectionManager: fillFeatureStoreMap com.myscript.atk.rmc.service.sample
06-13 20:07:08.631 12137 12287 W ResourcesManager: getTopLevelResources: /system/priv-app/GoogleServicesFramework/GoogleServicesFramework.apk / 1.0 running in com.google.android.gms rsrc of package com.google.android.gsf
06-13 20:07:08.631 12311 12311 I InjectionManager: Constructor com.myscript.atk.rmc.service.sample, Feature store :{}
06-13 20:07:08.631 12311 12311 I InjectionManager: featureStore :{}
06-13 20:07:08.641 12137 12287 D ResourcesManager: For user 0 new overlays fetched Null
06-13 20:07:08.651 12137 12137 D GeofencerStateMachine: Creating GeofencerStateMachine
06-13 20:07:08.651 3534 4081 E SensorService: getSensorList a sensor (HRM Ambient Light Canceling) without holding its required permission: com.samsung.permission.HRM_EXT
06-13 20:07:08.651 3534 4081 I SensorService: Skipped sensor HRM Ambient Light Canceling because it requires permission com.samsung.permission.HRM_EXT and app op -1
06-13 20:07:08.651 3534 4081 E SensorService: getSensorList a sensor (HRM Proximity detecting) without holding its required permission: com.samsung.permission.HRM_EXT
06-13 20:07:08.651 3534 4081 I SensorService: Skipped sensor HRM Proximity detecting because it requires permission com.samsung.permission.HRM_EXT and app op -1
06-13 20:07:08.651 12137 12287 I GCM : GCM config loaded
06-13 20:07:08.661 12169 12169 D SamsungIME_HWR: DynamicHwrLoadPerf, setAvailableHWRLanguage time = 236 ms
06-13 20:07:08.661 3534 4081 E SensorService: getSensorList a sensor (MAX86900) without holding its required permission: com.samsung.permission.SSENSOR
06-13 20:07:08.661 12294 12294 W ResourcesManager: getTopLevelResources: /data/app/com.instagram.android-1/base.apk / 1.0 running in com.instagram.android rsrc of package com.instagram.android
06-13 20:07:08.661 3534 4081 I SensorService: Skipped sensor MAX86900 because it requires permission com.samsung.permission.SSENSOR and app op -1
06-13 20:07:08.661 3534 4081 E SensorService: getSensorList a sensor (HRM Sensor) without holding its required permission: com.samsung.permission.SSENSOR
06-13 20:07:08.661 3534 4081 I SensorService: Skipped sensor HRM Sensor because it requires permission com.samsung.permission.SSENSOR and app op -1
06-13 20:07:08.681 12311 12343 I System.out: (HTTPLog)-Static: isSBSettingEnabled false
06-13 20:07:08.681 12311 12343 I System.out: (HTTPLog)-Static: isSBSettingEnabled false
06-13 20:07:08.691 3112 3755 D EnterpriseController: netId is 0
06-13 20:07:08.691 3112 3755 D Netd : getNetworkForDns: using netid 502 for uid 10157
06-13 20:07:08.731 12169 12169 W ContextImpl: Calling a method in the system process without a qualified user: android.app.ContextImpl.sendBroadcast:830 android.content.ContextWrapper.sendBroadcast:410 com.sec.android.inputmethod.base.common.InputManagerImpl.sendInputLanguage:12978 com.sec.android.inputmethod.base.common.InputManagerImpl.initDefaultLanguage:7699 com.sec.android.inputmethod.base.common.InputManagerImpl.initSelectedLanguage:7888
06-13 20:07:08.731 12169 12169 E SamsungIME: lang.getLanguageCode():en, lang.getCountryCode():US
06-13 20:07:08.731 12169 12169 W SamsungIME: makeSelectedLanguageList:en_US;
06-13 20:07:08.741 12169 12349 E SamsungIME: sendInputLanguage() : en_US, en_US;
06-13 20:07:08.741 12169 12169 D SamsungIME: loadLanguageModels force = false
06-13 20:07:08.741 12169 12169 W System.err: mkdir failed: EEXIST (File exists) : /data/user/0/com.sec.android.inputmethod/app_SwiftKey/user
06-13 20:07:08.741 12169 12169 D SamsungIME: [loadLanguageModels] isChangePersonalizedData = false
06-13 20:07:08.741 12169 12169 D SamsungIME: [loadLanguageModels] loadLanguageforcely = false
06-13 20:07:08.741 12169 12169 D SamsungIME: mSwiftkeyNormalManager loadLanguageModel
06-13 20:07:08.741 3534 4087 D SettingsProvider: isChangeAllowed() : name = sip_input_language
06-13 20:07:08.741 12169 12169 D SamsungIME: mSwiftkeyChineseManager loadLanguageModel
06-13 20:07:08.741 12169 12169 D SamsungIME: mSwiftkeyJapaneseManager loadLanguageModel
06-13 20:07:08.741 3534 4025 D SettingsProvider: isChangeAllowed() : name = handwriting_language_list
06-13 20:07:08.751 12169 12169 D SamsungIME: [IMI] CheckClearAction temp:DONE
06-13 20:07:08.761 12169 12169 D Minikin : FontFamily bestFont == NULL, so return vacant FakedFont
06-13 20:07:08.761 12169 12169 D Minikin : FontFamily bestFont == NULL, so return vacant FakedFont
06-13 20:07:08.761 12169 12169 D Minikin : FontFamily bestFont == NULL, so return vacant FakedFont
06-13 20:07:08.771 12169 12169 D Minikin : FontFamily bestFont == NULL, so return vacant FakedFont
06-13 20:07:08.771 12169 12169 D Minikin : FontFamily bestFont == NULL, so return vacant FakedFont
06-13 20:07:08.771 12169 12169 D Minikin : FontFamily bestFont == NULL, so return vacant FakedFont
06-13 20:07:08.771 3120 3772 I audio_hw_primary: do_out_standby +
06-13 20:07:08.771 12169 12169 D Minikin : FontFamily bestFont == NULL, so return vacant FakedFont
06-13 20:07:08.771 12169 12169 D Minikin : FontFamily bestFont == NULL, so return vacant FakedFont
06-13 20:07:08.771 12169 12169 D Minikin : FontFamily bestFont == NULL, so return vacant FakedFont
06-13 20:07:08.791 12169 12169 D Minikin : FontFamily bestFont == NULL, so return vacant FakedFont
06-13 20:07:08.791 12169 12169 D Minikin : FontFamily bestFont == NULL, so return vacant FakedFont
06-13 20:07:08.791 12169 12169 D Minikin : FontFamily bestFont == NULL, so return vacant FakedFont
06-13 20:07:08.791 12169 12169 D Minikin : FontFamily bestFont == NULL, so return vacant FakedFont
06-13 20:07:08.791 12169 12169 D Minikin : FontFamily bestFont == NULL, so return vacant FakedFont
06-13 20:07:08.791 12169 12169 D Minikin : FontFamily bestFont == NULL, so return vacant FakedFont
06-13 20:07:08.791 3120 3772 D audio_hw_primary: output_devices devices:0
06-13 20:07:08.791 3120 3772 D audio_hw_primary: output_devices devices:0
06-13 20:07:08.791 3120 3772 I audio_hw_primary: is_voice_wakeup : ret = 1 , wakeup_baby_cry_enabled = 0 , wakeup_mic_enabled = 1
06-13 20:07:08.791 3120 3772 I audio_hw_primary: get_scenario : scenario_type = 36
06-13 20:07:08.791 3120 3772 I audio_hw_primary: get_input_snd_device_id device:0xc
06-13 20:07:08.791 3120 3772 V audio_hw_primary: select_devices output_scenario:-1 input_scenario:36 out_snd_device 0x0 in_snd_device:0xc
06-13 20:07:08.791 3120 3772 I audio_hw_primary: set_spk_rx_mute mute(1), rx val=0
06-13 20:07:08.791 3120 3772 I audio_route:
06-13 20:07:08.791 3120 3772 I audio_route: > audio_route_reset :
06-13 20:07:08.791 3120 3772 I audio_route:
06-13 20:07:08.791 3120 3772 I audio_route: > audio_route_apply_path : "voice_control-mic"
06-13 20:07:08.801 3120 3772 V audio_hw_primary: select_devices() input_route "voice_control-mic"
06-13 20:07:08.801 3120 3772 I audio_route:
06-13 20:07:08.801 3120 3772 I audio_route: > audio_route_apply_path : "gain-voice_control-mic"
06-13 20:07:08.801 12169 12169 D Minikin : FontFamily bestFont == NULL, so return vacant FakedFont
06-13 20:07:08.801 12169 12169 D Minikin : FontFamily bestFont == NULL, so return vacant FakedFont
06-13 20:07:08.801 12169 12169 D Minikin : FontFamily bestFont == NULL, so return vacant FakedFont
06-13 20:07:08.801 3120 3772 V audio_hw_primary: select_devices() input_gain "gain-voice_control-mic"
06-13 20:07:08.801 3120 3772 I audio_route:
06-13 20:07:08.801 3120 3772 I audio_route: > audio_route_update_mixer : +
06-13 20:07:08.811 12169 12169 D Minikin : FontFamily bestFont == NULL, so return vacant FakedFont
06-13 20:07:08.811 12169 12169 D Minikin : FontFamily bestFont == NULL, so return vacant FakedFont
06-13 20:07:08.811 12169 12169 D Minikin : FontFamily bestFont == NULL, so return vacant FakedFont
06-13 20:07:08.811 12169 12169 W ContextImpl: Calling a method in the system process without a qualified user: android.app.ContextImpl.sendBroadcast:830 android.content.ContextWrapper.sendBroadcast:410 com.sec.android.inputmethod.base.common.InputManagerImpl.sendInputLanguage:12978 com.sec.android.inputmethod.base.common.InputManagerImpl.initDefaultLanguage:7699 com.sec.android.inputmethod.base.common.InputManagerImpl.initSelectedLanguage:7888
06-13 20:07:08.811 12169 12169 E SamsungIME: lang.getLanguageCode():en, lang.getCountryCode():US
06-13 20:07:08.811 12169 12169 W SamsungIME: makeSelectedLanguageList:en_US;
06-13 20:07:08.821 12169 12357 E SamsungIME: sendInputLanguage() : en_US, en_US;
06-13 20:07:08.821 3120 3772 I audio_route: > audio_route_update_mixer : changed(4) -
06-13 20:07:08.821 3120 3772 V audio_hw_primary: select_devices : set seamless_buf_offset
06-13 20:07:08.821 3120 3772 I audio_route:
06-13 20:07:08.821 3120 3772 I audio_route: > audio_values_apply_path : "seamless_buf_offset"
06-13 20:07:08.821 3534 4020 D SettingsProvider: isChangeAllowed() : name = onehand_direction
06-13 20:07:08.821 3534 4065 D SettingsProvider: isChangeAllowed() : name = sip_input_language
06-13 20:07:08.821 3120 3772 I audio_hw_primary: select_devices -
06-13 20:07:08.821 3120 3772 I audio_hw_primary: do_out_standby -
06-13 20:07:08.821 3534 4083 D SettingsProvider: isChangeAllowed() : name = handwriting_language_list
06-13 20:07:08.831 12169 12169 D SamsungIME: checkDynamicTouchRecognizedPrefValue mIsStaticTouchAreaPrefValue = false
06-13 20:07:08.831 3534 3553 D SettingsProvider: isChangeAllowed() : name = com.sec.android.inputmethod.height
06-13 20:07:08.831 3534 3554 D SettingsProvider: isChangeAllowed() : name = com.sec.android.inputmethod.height_landscape
06-13 20:07:08.841 12321 12321 D ResourcesManager: For user 0 new overlays fetched Null
06-13 20:07:08.841 12321 12321 I InjectionManager: Inside getClassLibPath caller
06-13 20:07:08.841 12169 12169 W SamsungIME: setChineseStrokeMode() current language is not chinese
06-13 20:07:08.851 12169 12169 E SamsungIME: [InputManagerImpl-newInstance] mIsNeedToRemoveKPMEx : false
06-13 20:07:08.901 12169 12169 W Settings: Setting font_size has moved from android.provider.Settings.System to android.provider.Settings.Global, returning read-only global URI.
06-13 20:07:08.911 3534 3545 I art : Background partial concurrent mark sweep GC freed 48352(3MB) AllocSpace objects, 3(60KB) LOS objects, 28% free, 40MB/56MB, paused 2.280ms total 195.669ms
06-13 20:07:08.911 3534 3542 W JavaBinder: Binder has been finalized when calling linkToDeath() with recip=0x7f958fbef8)
06-13 20:07:08.921 12321 12364 D AppStateLogger: Attempting to open app state logging file
06-13 20:07:08.921 12321 12321 I k : Installed uncaught exception handler for app state logging
06-13 20:07:08.921 12321 12321 D ACRA : ACRA init; reportURL: https://b-www.facebook.com/mobile/orca_android_crash_logs/
06-13 20:07:08.921 12321 12321 D ACRA : ACRA is enabled for com.facebook.orca, intializing...
06-13 20:07:08.921 12321 12364 D AppStateLogger: Successfully opened app state logging file: /data/user/0/com.facebook.orca/app_state_logs/e0c1447c-bf8b-8403-8bbd-21c5964f5e02.txt
06-13 20:07:08.931 12294 12294 W System.err: remove failed: ENOENT (No such file or directory) : /data/user/0/com.instagram.android/files/quick_experiment_cache_cfc82f05-1663-43d2-b3f9-9d7040e1560a
06-13 20:07:08.951 12321 12321 V a : initializing CMIYC, flags = 0x00000002
06-13 20:07:08.951 12321 12321 I a : found 0 crashes in last 14400 seconds: need remedy level 0
06-13 20:07:08.951 12321 12321 W System.err: remove failed: ENOENT (No such file or directory) : /data/user/0/com.facebook.orca/remedy_log
06-13 20:07:08.951 12321 12321 W System.err: remove failed: ENOENT (No such file or directory) : /data/user/0/com.facebook.orca/app_libs
06-13 20:07:08.951 12321 12321 V fb-UnpackingSoSource: locked dso store /data/user/0/com.facebook.orca/lib-main
06-13 20:07:08.951 12321 12321 I fb-UnpackingSoSource: dso store is up-to-date: /data/user/0/com.facebook.orca/lib-main
06-13 20:07:08.951 12321 12321 V fb-UnpackingSoSource: releasing dso store lock for /data/user/0/com.facebook.orca/lib-main
06-13 20:07:08.951 12321 12321 V fb-UnpackingSoSource: locked dso store /data/user/0/com.facebook.orca/lib-assets
06-13 20:07:08.951 12321 12321 I fb-UnpackingSoSource: dso store is up-to-date: /data/user/0/com.facebook.orca/lib-assets
06-13 20:07:08.951 12321 12321 V fb-UnpackingSoSource: releasing dso store lock for /data/user/0/com.facebook.orca/lib-assets
06-13 20:07:08.951 12321 12321 V fb-UnpackingSoSource: locked dso store /data/user/0/com.facebook.orca/lib-xzs
06-13 20:07:08.951 12321 12321 I fb-UnpackingSoSource: dso store is up-to-date: /data/user/0/com.facebook.orca/lib-xzs
06-13 20:07:08.951 12321 12321 V fb-UnpackingSoSource: releasing dso store lock for /data/user/0/com.facebook.orca/lib-xzs
06-13 20:07:08.951 12321 12321 D ClassFailureStapler: not installing class failure stapler: ART in use
06-13 20:07:08.971 12169 12169 D InputMethodService: mBR.registerReceiver()
06-13 20:07:08.981 12169 12169 D SamsungIME: EngineType = SWIFTKEY
06-13 20:07:08.981 12294 12294 I IgDiscardableRuntime: JNI_OnLoad
06-13 20:07:08.981 12169 12169 D SamsungIME: mNetworkChangeReceiver isWLANConnected : true
06-13 20:07:08.991 12137 12365 W System.err: remove failed: ENOENT (No such file or directory) : /data/user/0/com.google.android.gms/files/cache.cell
06-13 20:07:08.991 12137 12365 W System.err: remove failed: ENOENT (No such file or directory) : /data/user/0/com.google.android.gms/files/cache.wifi
06-13 20:07:08.991 12137 12365 W System.err: remove failed: ENOENT (No such file or directory) : /data/user/0/com.google.android.gms/files/gls.platform.key
06-13 20:07:08.991 12137 12365 W System.err: remove failed: ENOENT (No such file or directory) : /data/user/0/com.google.android.gms/files/nlp_GlsPlatformKey
06-13 20:07:08.991 12169 12169 D SamsungIME: onStartInput: No inputType, No imeOption, isInputViewShown = false, isExtractViewShown = false, isShowInputRequested = false, isConfigChanged = false
06-13 20:07:09.001 12169 12169 I SamsungIME: getCurrentCandidateView
06-13 20:07:09.001 12169 12169 E SamsungIME: resetNeedToLoadHwrLibrary : 1
06-13 20:07:09.011 12321 12321 I art : Thread[1,tid=12321,Native,Thread*=0xf4ba4500,peer=0x760af240,"main"] recursive attempt to load library "/data/app/com.facebook.orca-2/lib/arm/libfbjni.so"
06-13 20:07:09.021 12321 12321 V appstatelogger: Registered App State Logger stream with Breakpad
06-13 20:07:09.021 12321 12321 V MemoryEnlargementHack: largeHeap already enabled in manifest
06-13 20:07:09.021 12321 12321 V DexLibLoader: DLL.loadAll betaBuild:false flags:0x00000004
06-13 20:07:09.021 12294 12294 D InjectionManager: InjectionManager
06-13 20:07:09.021 12294 12294 D InjectionManager: fillFeatureStoreMap com.instagram.android
06-13 20:07:09.021 12294 12294 I InjectionManager: Constructor com.instagram.android, Feature store :{}
06-13 20:07:09.021 12294 12294 I InjectionManager: featureStore :{}
06-13 20:07:09.031 3534 4085 V AlarmManager: remove PendingIntent] PendingIntent{c07bf50: PendingIntentRecord{d1b32f0 com.google.android.gms broadcastIntent}}
06-13 20:07:09.041 12169 12169 D SamsungIME: Dismiss ExpandCandiate
06-13 20:07:09.041 12169 12169 D SamsungIME: loadLanguageModels force = false
06-13 20:07:09.041 12169 12169 W System.err: mkdir failed: EEXIST (File exists) : /data/user/0/com.sec.android.inputmethod/app_SwiftKey/user
06-13 20:07:09.041 12294 12294 W ColdStartPerformanceTracer: . TOTAL THREAD
06-13 20:07:09.041 12294 12294 W ColdStartPerformanceTracer: ____0 00.000 Start ... ... ColdStartPerformanceTracer
06-13 20:07:09.041 12294 12294 W ColdStartPerformanceTracer: __253 00.253 Done __253 ms __101 ms ColdStartPerformanceTracer
