06-13 20:07:22.141 12756 12770 I MS_RegisterService: RegisterService intent:Intent { act=register_intent_action flg=0x10 cmp=com.google.android.talk/com.google.android.libraries.matchstick.net.SilentRegisterService bqHint=4 } isPeriodic:false
06-13 20:07:22.161 12756 12770 W ResourcesManager: getTopLevelResources: /data/app/com.google.android.gms-2/base.apk / 1.0 running in com.google.android.talk rsrc of package com.google.android.gms
06-13 20:07:22.171 12756 12770 D ResourcesManager: For user 0 new overlays fetched Null
06-13 20:07:22.171 12756 12770 I InjectionManager: Inside getClassLibPath caller
06-13 20:07:22.221 12756 12770 W linker : /data/app/com.google.android.gms-2/lib/arm64/libgmscore.so: unused DT entry: type 0x7ffffffd arg 0x510
06-13 20:07:22.251 12756 12770 W linker : /data/app/com.google.android.gms-2/lib/arm64/libconscrypt_gmscore_jni.so: unused DT entry: type 0x1d arg 0x8f
06-13 20:07:22.251 12756 12770 W linker : /data/app/com.google.android.gms-2/lib/arm64/libconscrypt_gmscore_jni.so: unused DT entry: type 0x7ffffffd arg 0x178
06-13 20:07:22.261 12756 12770 V JNIHelp : Registering com/google/android/gms/org/conscrypt/NativeCrypto's 254 native methods...
06-13 20:07:22.301 12756 12770 I ProviderInstaller: Installed default security provider GmsCore_OpenSSL
06-13 20:07:22.301 12756 12770 I MS_RegisterService: Not registered and not enabled. Doing nothing.
06-13 20:07:22.361 3534 3618 V BroadcastQueue: [background] Process cur broadcast BroadcastRecord{5ea92a5 u0 com.oculus.home.wakeup qIdx=4}, state= (APP_RECEIVE) DELIVERED for app ProcessRecord{ba31f25 12447:com.oculus.home/u0a221}
06-13 20:07:22.361 12447 12447 D WakeupReceiver: Forcing wakeup for logging upload
06-13 20:07:22.601 12447 12625 I OVR : DeviceManagerThread - event 62 (500Hz) (Tid=12625)
06-13 20:07:22.891 12447 12669 I VrApi : FPS=60,Prd=59ms,Tear=0,Early=60,Stale=0,VSnc=1,Lat=1,CPU4/GPU=2/1,800/350MHz,OC=FF,TA=F0/F0/F0/F0,SP=F/F/F/F,Mem=836MHz,Free=2251MB,PSM=0,PLS=0,Temp=30.2C/27.5C
06-13 20:07:22.961 3534 3618 I ActivityManager: Waited long enough for: ServiceRecord{a5c7874 u0 com.microsoft.skydrive/.updateuserinfo.UpdateUserInfoService}
06-13 20:07:23.401 3534 3618 I ActivityManager: Waited long enough for: ServiceRecord{4736435 u0 com.microsoft.skydrive/.streamcache.service.UpdateMetadataForOfflineFilesService}
06-13 20:07:23.411 12447 12664 W TimeWarp: VSync 401449: Eye=0,late=0.0ms,over=0.1ms,CPU=0.4ms,GPU=9.5ms,Tot=10.1ms
06-13 20:07:23.431 12447 12447 I Vsync : Vsync 401450: Choreographer: 1 x 16.15 ms (59.88 Hz, at 6804.081)
06-13 20:07:23.611 12447 12625 I OVR : DeviceManagerThread - event 62 (496Hz) (Tid=12625)
06-13 20:07:23.891 12447 12669 I VrApi : FPS=60,Prd=61ms,Tear=0,Early=60,Stale=0,VSnc=1,Lat=1,CPU4/GPU=2/1,800/350MHz,OC=FF,TA=F0/F0/F0/F0,SP=F/F/F/F,Mem=836MHz,Free=2250MB,PSM=0,PLS=0,Temp=30.2C/27.5C
06-13 20:07:23.891 12447 12664 W TimeWarp: VSync 401478: Eye=0,late=0.0ms,over=0.1ms,CPU=0.6ms,GPU=7.7ms,Tot=8.4ms
06-13 20:07:24.611 12447 12625 I OVR : DeviceManagerThread - event 62 (499Hz) (Tid=12625)
06-13 20:07:24.891 12447 12669 I VrApi : FPS=60,Prd=62ms,Tear=0,Early=60,Stale=0,VSnc=1,Lat=1,CPU4/GPU=2/1,800/350MHz,OC=FF,TA=F0/F0/F0/F0,SP=F/F/F/F,Mem=836MHz,Free=2250MB,PSM=0,PLS=0,Temp=30.2C/27.5C
06-13 20:07:24.901 12447 12664 W TimeWarp: VSync 401538: Eye=0,late=0.0ms,over=0.2ms,CPU=0.6ms,GPU=8.0ms,Tot=8.8ms
06-13 20:07:25.581 12447 12447 I Vsync : Choreographer doFrame callback delayed by 3.8 milliseconds
06-13 20:07:25.581 12447 12664 W TimeWarp: VSync 401578: Eye=1,late=0.0ms,over=3.1ms,CPU=0.6ms,GPU=4.2ms,Tot=7.9ms
06-13 20:07:25.601 12447 12778 V DefaultAnalyticsLogger: Storing batch ID: 9e48a25d-0978-47b2-bc97-634349f1bb1d Sequence: 0 (2 events)
06-13 20:07:25.601 12447 12778 V DefaultAnalyticsLogger: Device ID: f8122933a38adb8b FB: 0 Custom ID: 0 Version: 1.21.1 Build Number: 31436366
06-13 20:07:25.621 3534 4087 V AlarmManager: remove PendingIntent] PendingIntent{e2ce67a: PendingIntentRecord{3b37e2b com.oculus.home broadcastIntent}}
06-13 20:07:25.621 12447 12625 I OVR : DeviceManagerThread - event 62 (496Hz) (Tid=12625)
06-13 20:07:25.621 12447 12778 V AnalyticsUploader: Attempting to upload analytics
06-13 20:07:25.621 12447 12778 V AnalyticsUploader: Uploading file /data/user/0/com.oculus.home/files/analytics/9e48a25d-0978-47b2-bc97-634349f1bb1d_0.batch
06-13 20:07:25.631 12447 12778 W ActivityThread: ClassLoader.loadClass: The class loader returned by Thread.getContextClassLoader() may fail for processes that host multiple applications. You should explicitly specify a context class loader. For example: Thread.setContextClassLoader(getClass().getClassLoader());
06-13 20:07:25.631 12447 12778 I System.out: (HTTPLog)-Static: isSBSettingEnabled false
06-13 20:07:25.631 12447 12778 I System.out: (HTTPLog)-Static: isSBSettingEnabled false
06-13 20:07:25.641 3112 3755 D EnterpriseController: netId is 0
06-13 20:07:25.641 3112 3755 D Netd : getNetworkForDns: using netid 502 for uid 10221
06-13 20:07:25.891 12447 12669 I VrApi : FPS=60,Prd=61ms,Tear=2,Early=60,Stale=0,VSnc=1,Lat=1,CPU4/GPU=2/1,800/350MHz,OC=FF,TA=F0/F0/F0/F0,SP=F/F/F/F,Mem=836MHz,Free=2250MB,PSM=0,PLS=0,Temp=30.2C/27.5C
06-13 20:07:26.061 3534 6514 D SSRM:n : SIOP:: AP = 480, PST = 495 (W:18), CP = 314, CUR = 931, LCD = 18
06-13 20:07:26.081 12447 12447 I Vsync : Vsync 401609: Choreographer: 1 x 15.20 ms (59.89 Hz, at 6806.736)
06-13 20:07:26.111 12447 12447 I Vsync : Vsync 401611: Choreographer: 1 x 18.22 ms (59.93 Hz, at 6806.770)
06-13 20:07:26.621 12447 12625 I OVR : DeviceManagerThread - event 62 (500Hz) (Tid=12625)
06-13 20:07:26.891 12447 12669 I VrApi : FPS=60,Prd=60ms,Tear=1,Early=60,Stale=0,VSnc=1,Lat=1,CPU4/GPU=2/1,800/350MHz,OC=FF,TA=F0/F0/F0/F0,SP=F/F/F/F,Mem=836MHz,Free=2249MB,PSM=0,PLS=0,Temp=30.2C/27.5C
06-13 20:07:27.191 12447 12664 W TimeWarp: VSync 401675: Eye=1,late=0.0ms,over=0.1ms,CPU=0.4ms,GPU=10.3ms,Tot=10.9ms
06-13 20:07:27.211 12447 12664 W TimeWarp: VSync 401676: Eye=0,late=2.6ms,over=0.0ms,CPU=0.4ms,GPU=7.2ms,Tot=10.3ms
06-13 20:07:27.211 12780 12780 E Zygote : v2
06-13 20:07:27.211 3534 3618 I ActivityManager: Start proc 12780:org.simalliance.openmobileapi.service:remote/u0a249 for service org.simalliance.openmobileapi.service/.SmartcardService
06-13 20:07:27.211 12780 12780 I libpersona: KNOX_SDCARD checking this for 10249
06-13 20:07:27.211 12780 12780 I libpersona: KNOX_SDCARD not a persona
06-13 20:07:27.211 12780 12780 I SELinux : Function: selinux_compare_spd_ram, index[1], SPD-policy is existed. and_ver=SEPF_SECMOBILE_6.0.1 ver=11
06-13 20:07:27.211 12780 12780 W SELinux : Function: selinux_compare_spd_ram, index[1], priority [1], priority version is VE=SEPF_SECMOBILE_6.0.1_0011
06-13 20:07:27.211 12780 12780 E Zygote : accessInfo : 0
06-13 20:07:27.211 12780 12780 W SELinux : SELinux: seapp_context_lookup: seinfo=platform, level=s0:c512,c768, pkgname=org.simalliance.openmobileapi.service:remote
06-13 20:07:27.251 12780 12780 D TimaKeyStoreProvider: TimaSignature is unavailable
06-13 20:07:27.251 12780 12780 D ActivityThread: Added TimaKeyStore provider
06-13 20:07:27.281 12780 12780 W ResourcesManager: getTopLevelResources: /system/app/SmartcardService/SmartcardService.apk / 1.0 running in org.simalliance.openmobileapi.service rsrc of package org.simalliance.openmobileapi.service
06-13 20:07:27.281 3534 4081 I InjectionManagerService -AppFeature: getCoreFeaturePkgList :[]
06-13 20:07:27.281 12780 12780 I InjectionManager: Inside getClassLibPath + mLibMap{0=, 1=}
06-13 20:07:27.291 12780 12780 D ResourcesManager: For user 0 new overlays fetched Null
06-13 20:07:27.301 12780 12780 I InjectionManager: Inside getClassLibPath caller
06-13 20:07:27.321 12780 12780 W System : ClassLoader referenced unknown path: /system/app/SmartcardService/lib/arm64
06-13 20:07:27.321 12780 12780 D InjectionManager: InjectionManager
06-13 20:07:27.321 12780 12780 D InjectionManager: fillFeatureStoreMap org.simalliance.openmobileapi.service
06-13 20:07:27.321 12780 12780 I InjectionManager: Constructor org.simalliance.openmobileapi.service, Feature store :{}
06-13 20:07:27.321 12780 12780 I InjectionManager: featureStore :{}
06-13 20:07:27.391 12780 12793 W Settings: Setting airplane_mode_on has moved from android.provider.Settings.System to android.provider.Settings.Global, returning read-only value.
06-13 20:07:27.581 3534 3654 D PowerManagerService: [smart stay] handleSmartStay
06-13 20:07:27.581 3534 3654 D PowerManagerService: [smart stay] handleSmartStay : skip smart stay because of screen bright wake lock
06-13 20:07:27.621 12447 12625 I OVR : DeviceManagerThread - event 62 (500Hz) (Tid=12625)
06-13 20:07:27.891 12447 12669 I VrApi : FPS=60,Prd=61ms,Tear=0,Early=60,Stale=0,VSnc=1,Lat=1,CPU4/GPU=2/1,800/350MHz,OC=FF,TA=F0/F0/F0/F0,SP=F/F/F/F,Mem=836MHz,Free=2248MB,PSM=0,PLS=0,Temp=30.2C/27.5C
06-13 20:07:27.901 12447 12664 W TimeWarp: VSync 401718: Eye=0,late=0.0ms,over=2.6ms,CPU=0.4ms,GPU=3.7ms,Tot=6.7ms
06-13 20:07:27.901 3534 4065 V AlarmManager: remove PendingIntent] PendingIntent{79009a6: PendingIntentRecord{1d1d522 com.oculus.horizon broadcastIntent}}
06-13 20:07:27.911 11712 12794 I System.out: (HTTPLog)-Static: isSBSettingEnabled false
06-13 20:07:27.911 11712 12794 I System.out: (HTTPLog)-Static: isSBSettingEnabled false
06-13 20:07:27.911 3112 3755 D EnterpriseController: netId is 0
06-13 20:07:27.911 3112 3755 D Netd : getNetworkForDns: using netid 502 for uid 10221
06-13 20:07:28.621 12447 12625 I OVR : DeviceManagerThread - event 62 (498Hz) (Tid=12625)
06-13 20:07:28.731 3534 3618 V BroadcastQueue: [background] Process cur broadcast BroadcastRecord{7a8dfe7 u0 com.oculus.home.wakeup qIdx=4}, state= (APP_RECEIVE) DELIVERED for app ProcessRecord{ba31f25 12447:com.oculus.home/u0a221}
06-13 20:07:28.731 12447 12447 D WakeupReceiver: Forcing wakeup for logging upload
06-13 20:07:28.741 12447 12664 W TimeWarp: VSync 401768: Eye=0,late=0.0ms,over=0.1ms,CPU=0.4ms,GPU=9.1ms,Tot=9.7ms
06-13 20:07:28.891 12447 12669 I VrApi : FPS=60,Prd=60ms,Tear=2,Early=60,Stale=0,VSnc=1,Lat=1,CPU4/GPU=2/1,800/350MHz,OC=FF,TA=F0/F0/F0/F0,SP=F/F/F/F,Mem=836MHz,Free=2247MB,PSM=0,PLS=0,Temp=30.2C/27.5C
06-13 20:07:29.621 12447 12625 I OVR : DeviceManagerThread - event 62 (500Hz) (Tid=12625)
06-13 20:07:29.771 3534 3618 I ActivityManager: Waited long enough for: ServiceRecord{2edae2f u0 com.facebook.orca/com.facebook.messaging.newphoto.NewPhotoIntentService}
06-13 20:07:29.891 12447 12669 I VrApi : FPS=59,Prd=59ms,Tear=0,Early=59,Stale=0,VSnc=1,Lat=1,CPU4/GPU=2/1,800/350MHz,OC=FF,TA=F0/F0/F0/F0,SP=F/F/F/F,Mem=836MHz,Free=2247MB,PSM=0,PLS=0,Temp=30.2C/27.5C
06-13 20:07:30.531 3534 3653 D PowerManagerService: [s] UserActivityState : 1 -> 2
06-13 20:07:30.541 12447 12664 W TimeWarp: VSync 401876: Eye=0,late=0.0ms,over=3.4ms,CPU=0.7ms,GPU=4.1ms,Tot=8.2ms
06-13 20:07:30.621 12447 12625 I OVR : DeviceManagerThread - event 62 (500Hz) (Tid=12625)
06-13 20:07:30.891 12447 12669 I VrApi : FPS=60,Prd=61ms,Tear=1,Early=60,Stale=0,VSnc=1,Lat=1,CPU4/GPU=2/1,800/350MHz,OC=FF,TA=F0/F0/F0/F0,SP=F/F/F/F,Mem=836MHz,Free=2247MB,PSM=0,PLS=0,Temp=30.2C/27.5C
06-13 20:07:30.891 12447 12664 W TimeWarp: VSync 401897: Eye=1,late=0.0ms,over=1.3ms,CPU=0.4ms,GPU=2.9ms,Tot=4.6ms
06-13 20:07:31.421 12447 12447 I Vsync : Vsync 401929: Choreographer: 1 x 15.93 ms (59.86 Hz, at 6812.079)
06-13 20:07:31.631 12447 12625 I OVR : DeviceManagerThread - event 62 (498Hz) (Tid=12625)
06-13 20:07:31.891 12447 12669 I VrApi : FPS=60,Prd=61ms,Tear=0,Early=60,Stale=0,VSnc=1,Lat=1,CPU4/GPU=2/1,800/350MHz,OC=FF,TA=F0/F0/F0/F0,SP=F/F/F/F,Mem=836MHz,Free=2247MB,PSM=0,PLS=0,Temp=30.2C/27.5C
06-13 20:07:32.631 12447 12625 I OVR : DeviceManagerThread - event 62 (498Hz) (Tid=12625)
06-13 20:07:32.891 12447 12669 I VrApi : FPS=60,Prd=61ms,Tear=0,Early=60,Stale=0,VSnc=1,Lat=1,CPU4/GPU=2/1,800/350MHz,OC=FF,TA=F0/F0/F0/F0,SP=F/F/F/F,Mem=836MHz,Free=2247MB,PSM=0,PLS=0,Temp=30.2C/27.5C
06-13 20:07:32.891 12447 12664 W TimeWarp: VSync 402017: Eye=0,late=0.0ms,over=0.1ms,CPU=0.4ms,GPU=7.9ms,Tot=8.5ms
06-13 20:07:33.641 12447 12625 I OVR : DeviceManagerThread - event 62 (498Hz) (Tid=12625)
06-13 20:07:33.891 12447 12669 I VrApi : FPS=60,Prd=62ms,Tear=0,Early=60,Stale=0,VSnc=1,Lat=1,CPU4/GPU=2/1,800/350MHz,OC=FF,TA=F0/F0/F0/F0,SP=F/F/F/F,Mem=1026MHz,Free=2246MB,PSM=0,PLS=0,Temp=30.2C/27.5C
06-13 20:07:33.901 12447 12664 W TimeWarp: VSync 402077: Eye=0,late=0.0ms,over=3.7ms,CPU=0.4ms,GPU=3.9ms,Tot=8.0ms
06-13 20:07:34.601 12447 12447 I Vsync : Choreographer doFrame callback delayed by 4.2 milliseconds
06-13 20:07:34.651 12447 12625 I OVR : DeviceManagerThread - event 62 (494Hz) (Tid=12625)
06-13 20:07:34.891 12447 12669 I VrApi : FPS=60,Prd=61ms,Tear=1,Early=60,Stale=0,VSnc=1,Lat=1,CPU4/GPU=2/1,800/350MHz,OC=FF,TA=F0/F0/F0/F0,SP=F/F/F/F,Mem=836MHz,Free=2246MB,PSM=0,PLS=0,Temp=30.2C/27.5C
06-13 20:07:35.651 12447 12625 I OVR : DeviceManagerThread - event 62 (500Hz) (Tid=12625)
06-13 20:07:35.651 12447 12447 I Vsync : Choreographer doFrame callback delayed by 4.2 milliseconds
06-13 20:07:35.661 12447 12664 W TimeWarp: VSync 402182: Eye=1,late=0.0ms,over=3.9ms,CPU=0.4ms,GPU=3.4ms,Tot=7.8ms
06-13 20:07:35.891 12447 12669 I VrApi : FPS=60,Prd=61ms,Tear=0,Early=60,Stale=0,VSnc=1,Lat=1,CPU4/GPU=2/1,800/350MHz,OC=FF,TA=F0/F0/F0/F0,SP=F/F/F/F,Mem=836MHz,Free=2246MB,PSM=0,PLS=0,Temp=30.2C/27.5C
06-13 20:07:36.101 3534 6514 D SSRM:n : SIOP:: AP = 460, PST = 487 (W:22), CP = 312, CUR = 802, LCD = 18
06-13 20:07:36.141 3534 6514 D ConnectivityService: returning getNetworkInfo for network type 1 : [type: WIFI[] - WIFI, state: CONNECTED/CONNECTED, reason: (unspecified), extra: "DigitalKey_Wifi_2", roaming: false, failover: false, isAvailable: true]
06-13 20:07:36.531 3534 3653 W PowerManagerService: [smart stay] updateUserActivitySummaryLocked : don't have time to smart stay
06-13 20:07:36.531 3534 3653 D PowerManagerService: [s] UserActivityState : 2 -> 1
06-13 20:07:36.531 3534 3653 D PowerManagerService: [s] UserActivityState : 1 -> 4
06-13 20:07:36.531 3534 3653 I PowerManagerService: [PWL] On : 5579461 (1237726 ms ago)
06-13 20:07:36.531 3534 3653 I PowerManagerService: [PWL] mStayOn: false mWakeLockSummary & WAKE_LOCK_STAY_AWAKE: 20 mUserActivitySummary: 0x4
06-13 20:07:36.531 3534 3653 I PowerManagerService: [PWL] SCREEN_BRIGHT_WAKE_LOCK 'VR Service' ACQUIRE_CAUSES_WAKEUP ON_AFTER_RELEASE (uid=1000, pid=12058, ws=null) (elapsedTime=29585)
06-13 20:07:36.531 3534 3653 I PowerManagerService: [PWL] FULL_WAKE_LOCK 'Unity-ProjectRequestedWakeLock' (uid=10221, pid=12447, ws=null) (elapsedTime=24864)
06-13 20:07:36.651 12447 12625 I OVR : DeviceManagerThread - event 62 (498Hz) (Tid=12625)
06-13 20:07:36.891 12447 12669 I VrApi : FPS=60,Prd=62ms,Tear=0,Early=60,Stale=0,VSnc=1,Lat=1,CPU4/GPU=2/1,800/350MHz,OC=FF,TA=F0/F0/F0/F0,SP=F/F/F/F,Mem=836MHz,Free=2244MB,PSM=0,PLS=0,Temp=30.2C/27.5C
06-13 20:07:37.631 12447 12664 W TimeWarp: VSync 402300: Eye=0,late=0.0ms,over=0.1ms,CPU=0.6ms,GPU=9.5ms,Tot=10.3ms
06-13 20:07:37.661 12447 12625 I OVR : DeviceManagerThread - event 62 (498Hz) (Tid=12625)
06-13 20:07:37.891 12447 12669 I VrApi : FPS=60,Prd=62ms,Tear=0,Early=60,Stale=0,VSnc=1,Lat=1,CPU4/GPU=2/1,800/350MHz,OC=FF,TA=F0/F0/F0/F0,SP=F/F/F/F,Mem=836MHz,Free=2244MB,PSM=0,PLS=0,Temp=30.2C/27.5C
06-13 20:07:38.661 12447 12625 I OVR : DeviceManagerThread - event 62 (500Hz) (Tid=12625)
06-13 20:07:38.781 12447 12664 W TimeWarp: VSync 402369: Eye=1,late=0.0ms,over=0.1ms,CPU=0.4ms,GPU=8.2ms,Tot=8.8ms
06-13 20:07:38.891 12447 12669 I VrApi : FPS=59,Prd=56ms,Tear=0,Early=59,Stale=0,VSnc=1,Lat=1,CPU4/GPU=2/1,800/350MHz,OC=FF,TA=F0/F0/F0/F0,SP=F/F/F/F,Mem=836MHz,Free=2244MB,PSM=0,PLS=0,Temp=30.2C/27.5C
06-13 20:07:39.661 12447 12625 I OVR : DeviceManagerThread - event 62 (498Hz) (Tid=12625)
06-13 20:07:39.891 12447 12669 I VrApi : FPS=60,Prd=61ms,Tear=1,Early=60,Stale=0,VSnc=1,Lat=1,CPU4/GPU=2/1,800/350MHz,OC=FF,TA=F0/F0/F0/F0,SP=F/F/F/F,Mem=836MHz,Free=2244MB,PSM=0,PLS=0,Temp=30.2C/27.5C
06-13 20:07:39.901 12447 12664 W TimeWarp: VSync 402436: Eye=1,late=0.0ms,over=1.8ms,CPU=0.4ms,GPU=3.4ms,Tot=5.6ms
06-13 20:07:40.421 12447 12447 I Vsync : Vsync 402468: Choreographer: 1 x 15.70 ms (59.89 Hz, at 6821.079)
06-13 20:07:40.441 12447 12447 I Vsync : Vsync 402469: Choreographer: 1 x 17.65 ms (59.89 Hz, at 6821.097)
06-13 20:07:40.661 12447 12625 I OVR : DeviceManagerThread - event 62 (498Hz) (Tid=12625)
06-13 20:07:40.891 12447 12669 I VrApi : FPS=60,Prd=62ms,Tear=1,Early=60,Stale=0,VSnc=1,Lat=1,CPU4/GPU=2/1,800/350MHz,OC=FF,TA=F0/F0/F0/F0,SP=F/F/F/F,Mem=836MHz,Free=2244MB,PSM=0,PLS=0,Temp=30.2C/27.5C
06-13 20:07:40.891 12447 12664 W TimeWarp: VSync 402496: Eye=0,late=0.0ms,over=0.1ms,CPU=0.4ms,GPU=8.7ms,Tot=9.3ms
06-13 20:07:41.671 12447 12625 I OVR : DeviceManagerThread - event 62 (498Hz) (Tid=12625)
06-13 20:07:41.891 12447 12669 I VrApi : FPS=60,Prd=62ms,Tear=0,Early=60,Stale=0,VSnc=1,Lat=1,CPU4/GPU=2/1,800/350MHz,OC=FF,TA=F0/F0/F0/F0,SP=F/F/F/F,Mem=836MHz,Free=2245MB,PSM=0,PLS=0,Temp=30.2C/27.5C
06-13 20:07:42.671 12447 12625 I OVR : DeviceManagerThread - event 62 (498Hz) (Tid=12625)
06-13 20:07:42.891 12447 12669 I VrApi : FPS=60,Prd=62ms,Tear=1,Early=60,Stale=0,VSnc=1,Lat=1,CPU4/GPU=2/1,800/350MHz,OC=FF,TA=F0/F0/F0/F0,SP=F/F/F/F,Mem=836MHz,Free=2245MB,PSM=0,PLS=0,Temp=30.2C/27.5C
06-13 20:07:42.991 3534 6514 D SSRM:J : mCheck2ndHMTtableRunnable!
06-13 20:07:42.991 3534 6514 D SSRM:J : battery temp will be check in 60000 ms.
06-13 20:07:43.651 12447 12664 W TimeWarp: VSync 402661: Eye=0,late=0.0ms,over=2.3ms,CPU=0.4ms,GPU=4.2ms,Tot=6.9ms
06-13 20:07:43.681 12447 12625 I OVR : DeviceManagerThread - event 62 (498Hz) (Tid=12625)
06-13 20:07:43.891 12447 12669 I VrApi : FPS=60,Prd=61ms,Tear=0,Early=60,Stale=0,VSnc=1,Lat=1,CPU4/GPU=2/1,800/350MHz,OC=FF,TA=F0/F0/F0/F0,SP=F/F/F/F,Mem=836MHz,Free=2245MB,PSM=0,PLS=0,Temp=30.2C/27.5C
06-13 20:07:43.941 3534 4020 D BatteryService: !@BatteryListener : batteryPropertiesChanged!
06-13 20:07:43.941 3534 4020 D BatteryService: level:73, scale:100, status:3, health:2, present:true, voltage: 3895, temperature: 304, technology: Li-ion, AC powered:false, USB powered:false, POGO powered:false, Wireless powered:false, icon:17303431, invalid charger:0, maxChargingCurrent:0
06-13 20:07:43.941 3534 4020 D BatteryService: online:15, current avg:-697, charge type:0, power sharing:false, high voltage charger:false, capacity:280000, batterySWSelfDischarging:false, current_now:-689
06-13 20:07:43.941 3534 3534 D BatteryService: Sending ACTION_BATTERY_CHANGED.
06-13 20:07:43.941 3534 3534 I MotionRecognitionService: On Battery, 0
06-13 20:07:43.941 3534 3534 D MotionRecognitionService: cableConnection= 0
06-13 20:07:43.941 4213 4213 D KeyguardUpdateMonitor: received broadcast android.intent.action.BATTERY_CHANGED
06-13 20:07:43.941 4213 4213 D KeyguardUpdateMonitor: handleBatteryUpdate
06-13 20:07:43.951 4213 4213 D PowerUI : priorPlugType = 0 mPlugType = 0
06-13 20:07:43.961 12058 12058 D VRSVC : (BatteryEvent.java:72) onReceive [intent action=android.intent.action.BATTERY_CHANGED isInitialStickyBroadcast=false]
06-13 20:07:43.961 12058 12058 V VRSVC : (BatteryEvent.java:86) yTqX [handleIntentBattery batteryLevel=73 batteryStatus=3 batteryPlugged=0 batteryTemperature=304]
06-13 20:07:43.961 12447 12447 I Utilities: nativeBatteryEvent(3, 73, 304)
06-13 20:07:43.981 4213 4213 D BatteryMeterView: ACTION_BATTERY_CHANGED : level:73 status:3 health:2
06-13 20:07:43.981 4213 4213 D BatteryMeterView: ACTION_BATTERY_CHANGED : level:73 status:3 health:2
06-13 20:07:44.371 12321 12697 V xAnalytics: xplat/fbacore/fbacore/XAnalytics.cpp - virtual void facebook::xanalytics::XAnalytics::resumeUploadFromStorage(const string&)
06-13 20:07:44.681 12447 12625 I OVR : DeviceManagerThread - event 62 (500Hz) (Tid=12625)
06-13 20:07:44.891 12447 12669 I VrApi : FPS=60,Prd=62ms,Tear=0,Early=60,Stale=0,VSnc=1,Lat=1,CPU4/GPU=2/1,800/350MHz,OC=FF,TA=F0/F0/F0/F0,SP=F/F/F/F,Mem=836MHz,Free=2245MB,PSM=0,PLS=0,Temp=30.4C/27.5C
06-13 20:07:45.681 12447 12625 I OVR : DeviceManagerThread - event 62 (498Hz) (Tid=12625)
06-13 20:07:45.691 12447 12664 W TimeWarp: VSync 402783: Eye=1,late=0.0ms,over=1.2ms,CPU=0.4ms,GPU=2.6ms,Tot=4.3ms
06-13 20:07:45.891 12447 12669 I VrApi : FPS=60,Prd=62ms,Tear=0,Early=60,Stale=0,VSnc=1,Lat=1,CPU4/GPU=2/1,800/350MHz,OC=FF,TA=F0/F0/F0/F0,SP=F/F/F/F,Mem=836MHz,Free=2245MB,PSM=0,PLS=0,Temp=30.4C/27.5C
06-13 20:07:46.161 3534 6514 D SSRM:n : SIOP:: AP = 440, PST = 480 (W:26), CP = 310, CUR = 739, LCD = 18
06-13 20:07:46.171 12447 12664 W TimeWarp: VSync 402812: Eye=0,late=0.0ms,over=3.5ms,CPU=0.4ms,GPU=4.0ms,Tot=7.9ms
06-13 20:07:46.221 12447 12447 I Vsync : Vsync 402815: Choreographer: 1 x 16.00 ms (59.89 Hz, at 6826.873)
06-13 20:07:46.571 3534 3985 V AlarmManager: Expired Alarm result :8
06-13 20:07:46.571 12447 12447 I Vsync : Choreographer doFrame callback delayed by 3.6 milliseconds
06-13 20:07:46.571 3534 3985 V AlarmManager: AppSync scheduleAlarms: changed --- PendingIntent{1a539c7: PendingIntentRecord{b35fc77 com.whatsapp broadcastIntent}}
06-13 20:07:46.581 12447 12664 W TimeWarp: VSync 402836: Eye=1,late=0.0ms,over=3.2ms,CPU=0.5ms,GPU=4.7ms,Tot=8.4ms
06-13 20:07:46.601 12800 12800 E Zygote : v2
06-13 20:07:46.601 12800 12800 I libpersona: KNOX_SDCARD checking this for 10192
06-13 20:07:46.601 12800 12800 I libpersona: KNOX_SDCARD not a persona
06-13 20:07:46.601 3534 3618 I ActivityManager: Start proc 12800:com.whatsapp/u0a192 for broadcast-3 com.whatsapp/.AlarmBroadcastReceiver
06-13 20:07:46.601 12800 12800 I SELinux : Function: selinux_compare_spd_ram, index[1], SPD-policy is existed. and_ver=SEPF_SECMOBILE_6.0.1 ver=11
06-13 20:07:46.601 3534 4075 D NetworkPolicy: isUidForegroundLocked: 10192, mScreenOn: true, uidstate: -1, mProxSensorScreenOff: false
06-13 20:07:46.611 12800 12800 W SELinux : Function: selinux_compare_spd_ram, index[1], priority [1], priority version is VE=SEPF_SECMOBILE_6.0.1_0011
06-13 20:07:46.611 12800 12800 E Zygote : accessInfo : 0
06-13 20:07:46.611 12800 12800 W SELinux : SELinux: seapp_context_lookup: seinfo=default, level=s0:c512,c768, pkgname=com.whatsapp
06-13 20:07:46.641 12800 12800 D TimaKeyStoreProvider: TimaSignature is unavailable
06-13 20:07:46.641 12800 12800 D ActivityThread: Added TimaKeyStore provider
06-13 20:07:46.661 12447 12664 W TimeWarp: VSync 402841: Eye=0,late=0.0ms,over=0.1ms,CPU=0.5ms,GPU=10.3ms,Tot=10.9ms
06-13 20:07:46.661 3534 4087 V BroadcastQueue: [background] Process cur broadcast BroadcastRecord{cfee23d u0 com.whatsapp.action.HOURLY_CRON qIdx=4}, state= (APP_RECEIVE) DELIVERED for app ProcessRecord{9a31a32 12800:com.whatsapp/u0a192}
06-13 20:07:46.661 3534 4075 D NetworkPolicy: isUidForegroundLocked: 10192, mScreenOn: true, uidstate: 11, mProxSensorScreenOff: false
06-13 20:07:46.671 12800 12800 W ResourcesManager: getTopLevelResources: /data/app/com.whatsapp-2/base.apk / 1.0 running in com.whatsapp rsrc of package com.whatsapp
06-13 20:07:46.671 3534 3554 I InjectionManagerService -AppFeature: getCoreFeaturePkgList :[]
06-13 20:07:46.671 12800 12800 I InjectionManager: Inside getClassLibPath + mLibMap{0=, 1=}
06-13 20:07:46.691 12447 12625 I OVR : DeviceManagerThread - event 62 (495Hz) (Tid=12625)
06-13 20:07:46.701 12800 12800 D ResourcesManager: For user 0 new overlays fetched Null
06-13 20:07:46.711 12800 12800 I InjectionManager: Inside getClassLibPath caller
06-13 20:07:46.891 12447 12669 I VrApi : FPS=60,Prd=61ms,Tear=0,Early=60,Stale=0,VSnc=1,Lat=1,CPU4/GPU=2/1,1000/350MHz,OC=FF,TA=F0/F0/F0/F0,SP=F/F/F/F,Mem=836MHz,Free=2243MB,PSM=0,PLS=0,Temp=30.4C/27.5C
06-13 20:07:47.091 12447 12447 I Vsync : Vsync 402867: Choreographer: 1 x 15.06 ms (59.89 Hz, at 6827.742)
06-13 20:07:47.121 12800 12800 I art : Rejecting re-init on previously-failed class java.lang.Class
06-13 20:07:47.121 12800 12800 I art : Rejecting re-init on previously-failed class java.lang.Class
06-13 20:07:47.121 12447 12447 I Vsync : Vsync 402869: Choreographer: 1 x 18.36 ms (59.94 Hz, at 6827.776)
06-13 20:07:47.161 12800 12800 W ResourcesManager: getTopLevelResources: /data/app/com.whatsapp-2/base.apk / 1.0 running in com.whatsapp rsrc of package com.whatsapp
06-13 20:07:47.201 12800 12800 I WhatsApp: LL_I D [1:main]App.java:3066 application launched in background: false
06-13 20:07:47.211 12800 12800 I WhatsApp: LL_I D [1:main]App.java:2404 ntp update processed; device time: Mon Jun 13 20:07:47 GMT-02:00 2016 ntp time: Mon Jun 13 20:07:47 GMT-02:00 2016
06-13 20:07:47.231 12800 12800 D Event : No subscribers registered for event class com.whatsapp.dh
06-13 20:07:47.231 12800 12800 D Event : No subscribers registered for event class de.greenrobot.event.k
06-13 20:07:47.251 12447 12664 W TimeWarp: VSync 402876: Eye=1,late=0.0ms,over=0.1ms,CPU=0.4ms,GPU=8.2ms,Tot=8.8ms
06-13 20:07:47.261 12800 12800 I WhatsApp: LL_I W [1:main]r1.java:27 whatsapplocale/loadandapplyforcedlanguage/no language to load
06-13 20:07:47.301 12800 12813 I WhatsApp: LL_I W [1043:WhatsApp Worker #1]b0.java:227 updating cached dimensions from file
06-13 20:07:47.311 12800 12813 I WhatsApp: LL_I W [1043:WhatsApp Worker #1]b0.java:183 cached dimensions read; dimensionDoubleMap.size()=15; dimensionStringMap.size()=10
06-13 20:07:47.311 12800 12800 I WhatsApp: LL_I W [1:main]Runtime.java:435 20:07:47.327 os_core_unix.c !pjlib 2.2.1 for POSIX initialized
06-13 20:07:47.311 12800 12800 I WhatsApp: LL_I W [1:main]Runtime.java:435 20:07:47.330 wa_audio_dev.c !WA Audio sound library initialized
06-13 20:07:47.321 12800 12800 I WhatsApp: LL_I W [1:main]Runtime.java:435 20:07:47.331 pjlib select() I/O Queue created (0xf4b52814)
06-13 20:07:47.321 12800 12800 I WhatsApp: LL_I W [1:main]Runtime.java:435 20:07:47.331 wa_opus.c pjmedia_codec_opus_init start
06-13 20:07:47.321 12800 12800 I WhatsApp: LL_I W [1:main]Runtime.java:435 20:07:47.332 wa_opus.c pjmedia_codec_opus_init success
06-13 20:07:47.331 12800 12800 I WhatsApp: LL_I W [1:main]WhatsAppLibLoader.java:60 native library usability testing in progress
06-13 20:07:47.331 12800 12800 I WhatsApp: LL_I W [1:main]WhatsAppLibLoader.java:60 native library usability testing complete
06-13 20:07:47.331 12800 12800 I WhatsApp: LL_I W [1:main]WhatsAppLibLoader.java:36 jniVersion: 2.16.13
06-13 20:07:47.341 12800 12800 I WhatsApp: LL_I W [1:main]WhatsAppLibLoader.java:63 isLibraryUsable: True
06-13 20:07:47.381 3534 4038 D ConnectivityService: returning getNetworkInfo for network type 0 : [type: MOBILE[] - MOBILE, state: DISCONNECTED/DISCONNECTED, reason: (unspecified), extra: (none), roaming: false, failover: false, isAvailable: true]
06-13 20:07:47.381 3534 4038 D ConnectivityService: returning getNetworkInfo for network type 1 : [type: WIFI[] - WIFI, state: CONNECTED/CONNECTED, reason: (unspecified), extra: "DigitalKey_Wifi_2", roaming: false, failover: false, isAvailable: true]
06-13 20:07:47.381 3534 4038 D ConnectivityService: returning getNetworkInfo for network type 2 : [type: MOBILE_MMS[] - MOBILE_MMS, state: DISCONNECTED/DISCONNECTED, reason: (unspecified), extra: (none), roaming: false, failover: false, isAvailable: true]
06-13 20:07:47.381 3534 4038 D ConnectivityService: returning getNetworkInfo for network type 3 : [type: MOBILE_SUPL[] - MOBILE_SUPL, state: DISCONNECTED/DISCONNECTED, reason: (unspecified), extra: (none), roaming: false, failover: false, isAvailable: true]
06-13 20:07:47.381 3534 4038 D ConnectivityService: returning getNetworkInfo for network type 4 : [type: MOBILE_DUN[] - MOBILE_DUN, state: DISCONNECTED/DISCONNECTED, reason: (unspecified), extra: (none), roaming: false, failover: false, isAvailable: true]
06-13 20:07:47.381 3534 4038 D ConnectivityService: returning getNetworkInfo for network type 5 : [type: MOBILE_HIPRI[] - MOBILE_HIPRI, state: DISCONNECTED/DISCONNECTED, reason: (unspecified), extra: (none), roaming: false, failover: false, isAvailable: true]
06-13 20:07:47.381 3534 4038 D ConnectivityService: returning getNetworkInfo for network type 7 : [type: BLUETOOTH[] - BLUETOOTH, state: DISCONNECTED/DISCONNECTED, reason: (unspecified), extra: (none), roaming: false, failover: false, isAvailable: true]
06-13 20:07:47.381 3534 4038 D ConnectivityService: returning getNetworkInfo for network type 9 : [type: ETHERNET[] - ETHERNET, state: DISCONNECTED/DISCONNECTED, reason: (unspecified), extra: (none), roaming: false, failover: false, isAvailable: true]
06-13 20:07:47.381 3534 4038 D ConnectivityService: returning getNetworkInfo for network type 10 : [type: MOBILE_FOTA[] - MOBILE_FOTA, state: DISCONNECTED/DISCONNECTED, reason: (unspecified), extra: (none), roaming: false, failover: false, isAvailable: true]
06-13 20:07:47.381 3534 4038 D ConnectivityService: returning getNetworkInfo for network type 11 : [type: MOBILE_IMS[] - MOBILE_IMS, state: DISCONNECTED/DISCONNECTED, reason: (unspecified), extra: (none), roaming: false, failover: false, isAvailable: true]
06-13 20:07:47.381 3534 4038 D ConnectivityService: returning getNetworkInfo for network type 12 : [type: MOBILE_CBS[] - MOBILE_CBS, state: DISCONNECTED/DISCONNECTED, reason: (unspecified), extra: (none), roaming: false, failover: false, isAvailable: true]
06-13 20:07:47.381 3534 4038 D ConnectivityService: returning getNetworkInfo for network type 13 : [type: WIFI_P2P[] - WIFI_P2P, state: UNKNOWN/IDLE, reason: (unspecified), extra: (none), roaming: false, failover: false, isAvailable: true]
06-13 20:07:47.381 3534 4038 D ConnectivityService: returning getNetworkInfo for network type 14 : [type: MOBILE_IA[] - MOBILE_IA, state: DISCONNECTED/DISCONNECTED, reason: (unspecified), extra: (none), roaming: false, failover: false, isAvailable: true]
06-13 20:07:47.381 3534 4038 D ConnectivityService: returning getNetworkInfo for network type 15 : [type: MOBILE_EMERGENCY[] - MOBILE_EMERGENCY, state: DISCONNECTED/DISCONNECTED, reason: (unspecified), extra: (none), roaming: false, failover: false, isAvailable: true]
06-13 20:07:47.381 3534 4038 D ConnectivityService: returning getNetworkInfo for network type 17 : [type: VPN[] - VPN, state: DISCONNECTED/DISCONNECTED, reason: (unspecified), extra: (none), roaming: false, failover: false, isAvailable: true]
06-13 20:07:47.471 12447 12664 W TimeWarp: VSync 402889: Eye=1,late=0.0ms,over=0.0ms,CPU=0.4ms,GPU=10.7ms,Tot=11.2ms
06-13 20:07:47.631 12800 12839 W ResourcesManager: getTopLevelResources: /data/app/com.estrongs.android.pop-2/base.apk / 1.0 running in com.whatsapp rsrc of package com.estrongs.android.pop
06-13 20:07:47.641 12800 12839 D ResourcesManager: For user 0 new overlays fetched Null
06-13 20:07:47.671 12800 12800 D InjectionManager: InjectionManager
06-13 20:07:47.671 12800 12800 D InjectionManager: fillFeatureStoreMap com.whatsapp
06-13 20:07:47.671 12800 12800 I InjectionManager: Constructor com.whatsapp, Feature store :{}
06-13 20:07:47.671 12800 12800 I InjectionManager: featureStore :{}
06-13 20:07:47.691 12447 12625 I OVR : DeviceManagerThread - event 62 (501Hz) (Tid=12625)
06-13 20:07:47.701 3534 4065 V AlarmManager: remove PendingIntent] PendingIntent{a834278: PendingIntentRecord{3ef0620 com.whatsapp broadcastIntent}}
06-13 20:07:47.701 3534 4038 V AlarmManager: remove PendingIntent] PendingIntent{8f40d51: PendingIntentRecord{f19dd11 com.whatsapp broadcastIntent}}
06-13 20:07:47.721 12800 12813 I System.out: (HTTPLog)-Static: isSBSettingEnabled false
06-13 20:07:47.721 12800 12813 I System.out: (HTTPLog)-Static: isSBSettingEnabled false
06-13 20:07:47.731 3112 3755 D EnterpriseController: netId is 0
06-13 20:07:47.731 3112 3755 D Netd : getNetworkForDns: using netid 502 for uid 10192
06-13 20:07:47.731 3112 3755 D EnterpriseController: netId is 0
06-13 20:07:47.731 3112 3755 D Netd : getNetworkForDns: using netid 502 for uid 10192
06-13 20:07:47.891 12447 12669 I VrApi : FPS=59,Prd=62ms,Tear=0,Early=59,Stale=0,VSnc=1,Lat=1,CPU4/GPU=2/1,1000/350MHz,OC=FF,TA=F0/F0/F0/F0,SP=F/F/F/F,Mem=1264MHz,Free=2237MB,PSM=0,PLS=0,Temp=30.4C/27.5C
06-13 20:07:48.691 12447 12625 I OVR : DeviceManagerThread - event 62 (500Hz) (Tid=12625)
06-13 20:07:48.691 12447 12447 I Vsync : Choreographer doFrame callback delayed by 4.2 milliseconds
06-13 20:07:48.891 12447 12669 I VrApi : FPS=60,Prd=62ms,Tear=3,Early=60,Stale=0,VSnc=1,Lat=1,CPU4/GPU=2/1,800/350MHz,OC=FF,TA=F0/F0/F0/F0,SP=F/F/F/F,Mem=1264MHz,Free=2237MB,PSM=0,PLS=0,Temp=30.4C/27.5C
06-13 20:07:49.671 12447 12664 W TimeWarp: VSync 403021: Eye=1,late=0.0ms,over=0.1ms,CPU=0.5ms,GPU=8.4ms,Tot=9.0ms
06-13 20:07:49.691 12447 12625 I OVR : DeviceManagerThread - event 62 (500Hz) (Tid=12625)
06-13 20:07:49.891 12447 12669 I VrApi : FPS=60,Prd=62ms,Tear=1,Early=60,Stale=0,VSnc=1,Lat=1,CPU4/GPU=2/1,800/350MHz,OC=FF,TA=F0/F0/F0/F0,SP=F/F/F/F,Mem=836MHz,Free=2237MB,PSM=0,PLS=0,Temp=30.4C/27.5C
06-13 20:07:50.371 3534 4439 E Watchdog: !@Sync 227 [06-13 20:07:50.389]
06-13 20:07:50.391 12447 12664 W TimeWarp: VSync 403064: Eye=1,late=0.0ms,over=2.4ms,CPU=0.4ms,GPU=2.8ms,Tot=5.6ms
06-13 20:07:50.591 3534 3618 I ActivityManager: Start proc 12853:com.trustonic.tuiservice/1000 for service com.trustonic.tuiservice/.TuiService
06-13 20:07:50.591 12853 12853 E Zygote : v2
06-13 20:07:50.591 12853 12853 I libpersona: KNOX_SDCARD checking this for 1000
06-13 20:07:50.591 12853 12853 I libpersona: KNOX_SDCARD not a persona
06-13 20:07:50.601 12853 12853 I SELinux : Function: selinux_compare_spd_ram, index[1], SPD-policy is existed. and_ver=SEPF_SECMOBILE_6.0.1 ver=11
06-13 20:07:50.601 12853 12853 W SELinux : Function: selinux_compare_spd_ram, index[1], priority [1], priority version is VE=SEPF_SECMOBILE_6.0.1_0011
06-13 20:07:50.601 12853 12853 E Zygote : accessInfo : 0
06-13 20:07:50.641 12853 12853 D TimaKeyStoreProvider: TimaSignature is unavailable
06-13 20:07:50.641 12853 12853 D ActivityThread: Added TimaKeyStore provider
06-13 20:07:50.661 12853 12853 W ResourcesManager: getTopLevelResources: /system/app/TuiService/TuiService.apk / 1.0 running in com.trustonic.tuiservice rsrc of package com.trustonic.tuiservice
06-13 20:07:50.671 3534 4031 I InjectionManagerService -AppFeature: getCoreFeaturePkgList :[]
06-13 20:07:50.671 12853 12853 I InjectionManager: Inside getClassLibPath + mLibMap{0=, 1=}
06-13 20:07:50.681 12853 12853 D ResourcesManager: For user 0 new overlays fetched Null
06-13 20:07:50.681 12853 12853 I InjectionManager: Inside getClassLibPath caller
06-13 20:07:50.691 12853 12853 D InjectionManager: InjectionManager
06-13 20:07:50.691 12853 12853 D InjectionManager: fillFeatureStoreMap com.trustonic.tuiservice
06-13 20:07:50.691 12853 12853 I InjectionManager: Constructor com.trustonic.tuiservice, Feature store :{}
06-13 20:07:50.691 12853 12853 I InjectionManager: featureStore :{}
06-13 20:07:50.691 12447 12625 I OVR : DeviceManagerThread - event 62 (498Hz) (Tid=12625)
06-13 20:07:50.701 12853 12853 I TlcTuiJni: JNI_OnLoad;256
06-13 20:07:50.701 12853 12853 I TlcTuiJni: JNI_OnLoad: TuiTlcWrapperClass = 100025;270
06-13 20:07:50.701 12853 12853 I TlcTuiJni: JNI_OnLoad: gVm = 967F4500 vm = 967F4500;283
06-13 20:07:50.711 12853 12853 I TlcTuiJni: calling tlcLaunch();228
06-13 20:07:50.711 12853 12865 I TlcTui : mainThread: TlcTui start!;76
06-13 20:07:50.891 12447 12669 I VrApi : FPS=60,Prd=62ms,Tear=0,Early=60,Stale=0,VSnc=1,Lat=1,CPU4/GPU=2/1,800/350MHz,OC=FF,TA=F0/F0/F0/F0,SP=F/F/F/F,Mem=836MHz,Free=2234MB,PSM=0,PLS=0,Temp=30.4C/27.5C
06-13 20:07:50.891 12447 12447 I Vsync : Vsync 403095: Choreographer: 1 x 15.53 ms (59.90 Hz, at 6831.550)
06-13 20:07:50.931 12447 12447 I Vsync : Vsync 403097: Choreographer: 1 x 17.89 ms (59.93 Hz, at 6831.583)
06-13 20:07:51.691 12447 12625 I OVR : DeviceManagerThread - event 62 (500Hz) (Tid=12625)
06-13 20:07:51.711 12447 12664 W TimeWarp: VSync 403143: Eye=1,late=0.0ms,over=2.3ms,CPU=0.5ms,GPU=2.7ms,Tot=5.5ms
06-13 20:07:51.891 12447 12669 I VrApi : FPS=60,Prd=61ms,Tear=1,Early=60,Stale=0,VSnc=1,Lat=1,CPU4/GPU=2/1,800/350MHz,OC=FF,TA=F0/F0/F0/F0,SP=F/F/F/F,Mem=836MHz,Free=2235MB,PSM=0,PLS=0,Temp=30.4C/27.5C
06-13 20:07:52.211 12447 12447 I Vsync : Vsync 403174: Choreographer: 1 x 15.54 ms (59.89 Hz, at 6832.869)
06-13 20:07:52.251 12447 12447 I Vsync : Vsync 403176: Choreographer: 1 x 17.89 ms (59.93 Hz, at 6832.902)
06-13 20:07:52.691 12447 12664 W TimeWarp: VSync 403202: Eye=1,late=0.0ms,over=1.2ms,CPU=0.4ms,GPU=4.0ms,Tot=5.6ms
06-13 20:07:52.701 12447 12625 I OVR : DeviceManagerThread - event 62 (498Hz) (Tid=12625)
06-13 20:07:52.891 12447 12669 I VrApi : FPS=60,Prd=61ms,Tear=0,Early=60,Stale=0,VSnc=1,Lat=1,CPU4/GPU=2/1,800/350MHz,OC=FF,TA=F0/F0/F0/F0,SP=F/F/F/F,Mem=836MHz,Free=2235MB,PSM=0,PLS=0,Temp=30.4C/27.5C
06-13 20:07:53.211 12447 12447 I Vsync : Vsync 403234: Choreographer: 1 x 16.00 ms (59.89 Hz, at 6833.870)
06-13 20:07:53.701 12447 12625 I OVR : DeviceManagerThread - event 62 (500Hz) (Tid=12625)
06-13 20:07:53.701 12447 12447 I Vsync : Choreographer doFrame callback delayed by 3.2 milliseconds
06-13 20:07:53.711 12447 12664 W TimeWarp: VSync 403263: Eye=1,late=0.0ms,over=2.8ms,CPU=0.5ms,GPU=2.8ms,Tot=6.0ms
06-13 20:07:53.891 12447 12669 I VrApi : FPS=60,Prd=61ms,Tear=0,Early=60,Stale=0,VSnc=1,Lat=1,CPU4/GPU=2/1,800/350MHz,OC=FF,TA=F0/F0/F0/F0,SP=F/F/F/F,Mem=836MHz,Free=2235MB,PSM=0,PLS=0,Temp=30.4C/27.5C
06-13 20:07:54.231 12447 12447 I Vsync : Vsync 403295: Choreographer: 1 x 15.17 ms (59.88 Hz, at 6834.887)
06-13 20:07:54.251 12447 12664 W TimeWarp: VSync 403295: Eye=1,late=0.0ms,over=3.7ms,CPU=0.5ms,GPU=3.0ms,Tot=7.1ms
06-13 20:07:54.251 12447 12447 I Vsync : Vsync 403296: Choreographer: 1 x 18.24 ms (59.88 Hz, at 6834.906)
06-13 20:07:54.701 12447 12625 I OVR : DeviceManagerThread - event 62 (498Hz) (Tid=12625)
06-13 20:07:54.711 12447 12664 W TimeWarp: VSync 403323: Eye=1,late=0.0ms,over=0.1ms,CPU=0.5ms,GPU=8.8ms,Tot=9.4ms
06-13 20:07:54.751 12447 12447 I Vsync : Vsync 403326: Choreographer: 1 x 14.89 ms (59.87 Hz, at 6835.407)
06-13 20:07:54.791 12447 12447 I Vsync : Vsync 403328: Choreographer: 1 x 18.53 ms (59.93 Hz, at 6835.440)
06-13 20:07:54.891 12447 12669 I VrApi : FPS=60,Prd=62ms,Tear=0,Early=60,Stale=0,VSnc=1,Lat=1,CPU4/GPU=2/1,800/350MHz,OC=FF,TA=F0/F0/F0/F0,SP=F/F/F/F,Mem=836MHz,Free=2235MB,PSM=0,PLS=0,Temp=30.4C/27.5C
06-13 20:07:55.711 12447 12625 I OVR : DeviceManagerThread - event 62 (498Hz) (Tid=12625)
06-13 20:07:55.891 12447 12669 I VrApi : FPS=60,Prd=62ms,Tear=0,Early=60,Stale=0,VSnc=1,Lat=1,CPU4/GPU=2/1,800/350MHz,OC=FF,TA=F0/F0/F0/F0,SP=F/F/F/F,Mem=836MHz,Free=2235MB,PSM=0,PLS=0,Temp=30.4C/27.5C
06-13 20:07:56.211 3534 6514 D SSRM:n : SIOP:: AP = 440, PST = 473 (W:26), CP = 308, CUR = 729, LCD = 18
06-13 20:07:56.221 12447 12664 W TimeWarp: VSync 403414: Eye=0,late=0.0ms,over=2.3ms,CPU=0.5ms,GPU=3.7ms,Tot=6.5ms
06-13 20:07:56.711 12447 12625 I OVR : DeviceManagerThread - event 62 (498Hz) (Tid=12625)
06-13 20:07:56.891 12447 12669 I VrApi : FPS=59,Prd=62ms,Tear=1,Early=59,Stale=0,VSnc=1,Lat=1,CPU4/GPU=2/1,800/350MHz,OC=FF,TA=F0/F0/F0/F0,SP=F/F/F/F,Mem=836MHz,Free=2234MB,PSM=0,PLS=0,Temp=30.4C/27.5C
06-13 20:07:57.711 12447 12625 I OVR : DeviceManagerThread - event 62 (498Hz) (Tid=12625)
06-13 20:07:57.721 12447 12664 W TimeWarp: VSync 403504: Eye=0,late=0.0ms,over=2.8ms,CPU=0.5ms,GPU=3.6ms,Tot=6.9ms
06-13 20:07:57.891 12447 12669 I VrApi : FPS=60,Prd=62ms,Tear=0,Early=60,Stale=0,VSnc=1,Lat=1,CPU4/GPU=2/1,800/350MHz,OC=FF,TA=F0/F0/F0/F0,SP=F/F/F/F,Mem=836MHz,Free=2234MB,PSM=0,PLS=0,Temp=30.4C/27.5C
06-13 20:07:58.261 3127 3184 D Sensorhubs: readContextData: 1, 1, 26, 1, 4, -65, -52, 8, 1, 1
06-13 20:07:58.281 3534 3988 D SensorHubManager: onGetSensorHubDataLocked: library(10) = 1, 1, 26, 1, 4, -65, -52, 8, 1, 1
06-13 20:07:58.281 3534 3987 D CAE : onGetSensorHubData(SensorHubParserProvider.java:92) - onGetSensorHubData Event [event buffer len :10], AP_WAKEUP
06-13 20:07:58.281 3534 3987 I CAE : parse(SensorHubParserProvider.java:188) - buffer size = 10
06-13 20:07:58.281 3534 3987 I CAE : parse(SensorHubParserProvider.java:199) - 1, 1, 26, 1, 4, -65, -52, 8, 1, 1,
06-13 20:07:58.281 3534 3987 D CAE : display(ContextProvider.java:375) - ================= ACTIVITY_TRACKER =================
06-13 20:07:58.281 3534 3987 I CAE : display(ContextProvider.java:391) - Accuracy=[1], OperationMode=[0], ActivityType=[1], TimeStamp=[1465855678286]
06-13 20:07:58.281 3534 3990 D SContextService: updateSContext() : event = Activity Tracker
06-13 20:07:58.281 3534 3534 D WifiService: mActivityTrackerListener: onSContextChanged(): 25
06-13 20:07:58.281 12447 12664 W TimeWarp: VSync 403537: Eye=0,late=0.0ms,over=0.5ms,CPU=0.4ms,GPU=7.6ms,Tot=8.5ms
06-13 20:07:58.281 3534 3534 D WifiService: ACTIVITY_STATUS_STATIONARY
06-13 20:07:58.711 12447 12447 I Vsync : Vsync 403563: Choreographer: 1 x 18.03 ms (59.89 Hz, at 6839.367)
06-13 20:07:58.711 12447 12664 W TimeWarp: VSync 403563: Eye=1,late=0.0ms,over=2.2ms,CPU=0.5ms,GPU=3.7ms,Tot=6.3ms
06-13 20:07:58.721 12447 12625 I OVR : DeviceManagerThread - event 62 (496Hz) (Tid=12625)
06-13 20:07:58.731 12447 12447 I Vsync : Vsync 403564: Choreographer: 1 x 15.39 ms (59.89 Hz, at 6839.381)
06-13 20:07:58.891 12447 12669 I VrApi : FPS=60,Prd=62ms,Tear=0,Early=60,Stale=0,VSnc=1,Lat=1,CPU4/GPU=2/1,800/350MHz,OC=FF,TA=F0/F0/F0/F0,SP=F/F/F/F,Mem=836MHz,Free=2234MB,PSM=0,PLS=0,Temp=30.4C/27.5C
06-13 20:07:59.241 12447 12447 I Vsync : Vsync 403595: Choreographer: 1 x 15.37 ms (59.89 Hz, at 6839.897)
06-13 20:07:59.261 12447 12664 W TimeWarp: VSync 403595: Eye=1,late=0.0ms,over=3.8ms,CPU=0.5ms,GPU=3.5ms,Tot=7.8ms
06-13 20:07:59.261 12447 12447 I Vsync : Vsync 403596: Choreographer: 1 x 17.98 ms (59.89 Hz, at 6839.915)
06-13 20:07:59.731 12447 12625 I OVR : DeviceManagerThread - event 62 (498Hz) (Tid=12625)
06-13 20:07:59.731 12447 12447 I Vsync : Choreographer doFrame callback delayed by 3.6 milliseconds
06-13 20:07:59.731 12447 12664 W TimeWarp: VSync 403624: Eye=1,late=0.0ms,over=3.1ms,CPU=0.5ms,GPU=3.4ms,Tot=6.9ms
06-13 20:07:59.891 12447 12669 I VrApi : FPS=60,Prd=61ms,Tear=1,Early=60,Stale=0,VSnc=1,Lat=1,CPU4/GPU=2/1,800/350MHz,OC=FF,TA=F0/F0/F0/F0,SP=F/F/F/F,Mem=836MHz,Free=2234MB,PSM=0,PLS=0,Temp=30.4C/27.5C
06-13 20:07:59.981 3534 3985 V AlarmManager: Expired Alarm result :8
06-13 20:07:59.991 4213 4213 D KeyguardUpdateMonitor: received broadcast android.intent.action.TIME_TICK
06-13 20:07:59.991 4213 4213 D KeyguardUpdateMonitor: handleTimeUpdate
06-13 20:08:00.001 4213 4213 D Clock : received broadcast android.intent.action.TIME_TICK
06-13 20:08:00.031 12447 12664 W TimeWarp: VSync 403642: Eye=0,late=0.0ms,over=0.0ms,CPU=0.4ms,GPU=12.4ms,Tot=12.9ms
06-13 20:08:00.051 4213 4213 D DateView: received broadcast android.intent.action.TIME_TICK
06-13 20:08:00.251 12447 12447 I Vsync : Vsync 403655: Choreographer: 1 x 15.22 ms (59.88 Hz, at 6840.900)
06-13 20:08:00.281 12447 12447 I Vsync : Vsync 403657: Choreographer: 1 x 18.20 ms (59.92 Hz, at 6840.934)
06-13 20:08:00.591 12866 12866 E Zygote : v2
06-13 20:08:00.591 12866 12866 I libpersona: KNOX_SDCARD checking this for 10069
06-13 20:08:00.591 12866 12866 I libpersona: KNOX_SDCARD not a persona
06-13 20:08:00.611 12866 12866 I SELinux : Function: selinux_compare_spd_ram, index[1], SPD-policy is existed. and_ver=SEPF_SECMOBILE_6.0.1 ver=11
06-13 20:08:00.611 3534 3618 I ActivityManager: Start proc 12866:com.samsung.android.voicewakeup/u0a69 for service com.samsung.android.voicewakeup/.alwaysmicon.AlwaysMicOnService
06-13 20:08:00.611 3534 4075 D NetworkPolicy: isUidForegroundLocked: 10069, mScreenOn: true, uidstate: -1, mProxSensorScreenOff: false
06-13 20:08:00.611 12866 12866 W SELinux : Function: selinux_compare_spd_ram, index[1], priority [1], priority version is VE=SEPF_SECMOBILE_6.0.1_0011
06-13 20:08:00.611 12866 12866 E Zygote : accessInfo : 0
06-13 20:08:00.611 12866 12866 W SELinux : SELinux: seapp_context_lookup: seinfo=samsung, level=s0:c512,c768, pkgname=com.samsung.android.voicewakeup
06-13 20:08:00.641 12866 12866 D TimaKeyStoreProvider: TimaSignature is unavailable
06-13 20:08:00.641 12866 12866 D ActivityThread: Added TimaKeyStore provider
06-13 20:08:00.661 3534 4075 D NetworkPolicy: isUidForegroundLocked: 10069, mScreenOn: true, uidstate: 10, mProxSensorScreenOff: false
06-13 20:08:00.671 12866 12866 W ResourcesManager: getTopLevelResources: /data/app/com.samsung.android.voicewakeup-1/base.apk / 1.0 running in com.samsung.android.voicewakeup rsrc of package com.samsung.android.voicewakeup
06-13 20:08:00.671 3534 4072 I InjectionManagerService -AppFeature: getCoreFeaturePkgList :[]
06-13 20:08:00.671 12866 12866 I InjectionManager: Inside getClassLibPath + mLibMap{0=, 1=}
06-13 20:08:00.691 12866 12866 D ResourcesManager: For user 0 new overlays fetched Null
06-13 20:08:00.691 12866 12866 I InjectionManager: Inside getClassLibPath caller
06-13 20:08:00.721 12866 12866 D SettingsProvider: onCreate()
06-13 20:08:00.731 12866 12866 D VoiceWakeupApp: onCreate()
06-13 20:08:00.731 12447 12625 I OVR : DeviceManagerThread - event 62 (498Hz) (Tid=12625)
06-13 20:08:00.841 12866 12866 D VoiceWakeupApp: text-dependent.ubm is copied.
06-13 20:08:00.841 12866 12866 D InjectionManager: InjectionManager
06-13 20:08:00.841 12866 12866 D InjectionManager: fillFeatureStoreMap com.samsung.android.voicewakeup
06-13 20:08:00.841 12866 12866 I InjectionManager: Constructor com.samsung.android.voicewakeup, Feature store :{}
06-13 20:08:00.841 12866 12866 I InjectionManager: featureStore :{}
06-13 20:08:00.841 12866 12866 D AlwaysMicOnService: onCreate()
06-13 20:08:00.841 12866 12866 D AlwaysMicOnService: isDSPSupported : true
06-13 20:08:00.851 12866 12866 D AlwaysMicOnService: onStartCommand()
06-13 20:08:00.851 12866 12866 D AlwaysMicOnService: intent : null flags : 0 startId : 11
06-13 20:08:00.851 12866 12866 D AlwaysMicOnService: mRecordState : 10000
06-13 20:08:00.851 12866 12866 D AlwaysMicOnUtil: restartDSPWakeUp()
06-13 20:08:00.851 12866 12866 D AlwaysMicOnUtil: setParameters start, voice_wakeup_mic=off
06-13 20:08:00.861 3120 4845 D audio_hw_primary: adev_set_parameters: enter: kvpairs: voice_wakeup_mic=off
06-13 20:08:00.861 3120 4845 I audio_hw_primary: setVoiceWakeUp_WAKEUP_OFF
06-13 20:08:00.861 3120 4845 V audio_hw_primary: select_devices output_scenario:0 input_scenario:-1 out_snd_device 0x2 in_snd_device:0x0
06-13 20:08:00.861 3120 4845 I audio_route:
06-13 20:08:00.861 3120 4845 I audio_route: > audio_route_reset :
06-13 20:08:00.861 3120 4845 I audio_route:
06-13 20:08:00.861 3120 4845 I audio_route: > audio_route_apply_path : "media-speaker"
06-13 20:08:00.861 3120 4845 V audio_hw_primary: select_devices() output_route "media-speaker"
06-13 20:08:00.861 3120 4845 I audio_route:
06-13 20:08:00.861 3120 4845 I audio_route: > audio_route_apply_path : "gain-media-speaker"
06-13 20:08:00.861 3120 4845 V audio_hw_primary: select_devices() output_gain "gain-media-speaker"
06-13 20:08:00.861 3120 4845 I audio_route:
06-13 20:08:00.861 3120 4845 I audio_route: > audio_route_update_mixer : +
06-13 20:08:00.891 12447 12669 I VrApi : FPS=60,Prd=62ms,Tear=0,Early=60,Stale=0,VSnc=1,Lat=1,CPU4/GPU=2/1,800/350MHz,OC=FF,TA=F0/F0/F0/F0,SP=F/F/F/F,Mem=836MHz,Free=2230MB,PSM=0,PLS=0,Temp=30.4C/27.5C
06-13 20:08:00.891 3120 4845 I audio_route: > audio_route_update_mixer : changed(7) -
06-13 20:08:00.891 3120 4845 I audio_hw_primary: select_devices -
06-13 20:08:00.891 12866 12866 D AlwaysMicOnUtil: setParameters stop, voice_wakeup_mic=off
06-13 20:08:00.891 12866 12866 D AlwaysMicOnUtil: setParameters start, voice_wakeup_mic=on
06-13 20:08:00.891 3120 4705 D audio_hw_primary: adev_set_parameters: enter: kvpairs: voice_wakeup_mic=on
06-13 20:08:00.891 3120 4705 I audio_hw_primary: setVoiceWakeUp_WAKEUP_MIC
06-13 20:08:00.891 3120 4705 I audio_hw_primary: is_voice_wakeup : ret = 1 , wakeup_baby_cry_enabled = 0 , wakeup_mic_enabled = 1
06-13 20:08:00.891 3120 4705 I audio_hw_primary: get_scenario : scenario_type = 36
06-13 20:08:00.891 3120 4705 I audio_hw_primary: get_input_snd_device_id device:0xc
06-13 20:08:00.891 3120 4705 V audio_hw_primary: select_devices output_scenario:0 input_scenario:36 out_snd_device 0x2 in_snd_device:0xc
06-13 20:08:00.891 3120 4705 I audio_route:
06-13 20:08:00.891 3120 4705 I audio_route: > audio_route_reset :
06-13 20:08:00.891 3120 4705 I audio_route:
06-13 20:08:00.891 3120 4705 I audio_route: > audio_route_apply_path : "voice_control-mic"
06-13 20:08:01.131 12447 12447 I Vsync : Vsync 403708: Choreographer: 1 x 16.26 ms (59.88 Hz, at 6841.785)
06-13 20:08:01.231 3120 4705 V audio_hw_primary: select_devices() input_route "voice_control-mic"
06-13 20:08:01.231 3120 4705 I audio_route:
06-13 20:08:01.231 3120 4705 I audio_route: > audio_route_apply_path : "media-speaker"
06-13 20:08:01.241 3120 4705 V audio_hw_primary: select_devices() output_route "media-speaker"
06-13 20:08:01.241 3120 4705 I audio_route:
06-13 20:08:01.241 3120 4705 I audio_route: > audio_route_apply_path : "gain-voice_control-mic"
06-13 20:08:01.241 3120 4705 V audio_hw_primary: select_devices() input_gain "gain-voice_control-mic"
06-13 20:08:01.241 3120 4705 I audio_route:
06-13 20:08:01.241 3120 4705 I audio_route: > audio_route_apply_path : "gain-media-speaker"
06-13 20:08:01.241 3120 4705 V audio_hw_primary: select_devices() output_gain "gain-media-speaker"
06-13 20:08:01.241 3120 4705 I audio_route:
06-13 20:08:01.241 3120 4705 I audio_route: > audio_route_update_mixer : +
06-13 20:08:01.241 3120 4705 I audio_route: > audio_route_update_mixer : changed(0) -
06-13 20:08:01.241 3120 4705 V audio_hw_primary: select_devices : set seamless_buf_offset
06-13 20:08:01.241 3120 4705 I audio_route:
06-13 20:08:01.241 3120 4705 I audio_route: > audio_values_apply_path : "seamless_buf_offset"
06-13 20:08:01.251 3120 4705 I audio_hw_primary: select_devices -
06-13 20:08:01.251 12866 12866 D AlwaysMicOnUtil: setParameters stop, voice_wakeup_mic=on
06-13 20:08:01.351 12447 12664 W TimeWarp: VSync 403721: Eye=1,late=0.0ms,over=2.5ms,CPU=0.5ms,GPU=2.9ms,Tot=5.8ms
06-13 20:08:01.731 12447 12625 I OVR : DeviceManagerThread - event 62 (500Hz) (Tid=12625)
