06-13 20:08:36.031 3112 3755 D Netd : getNetworkForDns: using netid 502 for uid 10221
06-13 20:08:36.301 12447 12930 D Retrofit: ---> HTTP GET https://graph.oculus.com/graphql?q=viewer%28%29+%7B++challenge_tos%2C%7D
06-13 20:08:36.301 12447 12930 D Retrofit: Accept-Language: pt-BR
06-13 20:08:36.301 12447 12930 D Retrofit: User-Agent: Dalvik/2.1.0 (Linux; U; Android 6.0.1; SM-N920G Build/MMB29K) [FBAN/OculusHome;FBAV/1.21.1;FBDV/SM-N920G;FBCR/null;FBLC/pt_BR;FBSV/6.0.1;FBBD/samsung;FBBV/31436366;FBCA/armeabi-v7a:armeabi;FBMF/samsung;FBPN/com.oculus.home;]
06-13 20:08:36.301 12447 12930 D Retrofit: X-ANDROID-ID: f8122933a38adb8b
06-13 20:08:36.301 12447 12930 D Retrofit: X-Build-Model: SM-N920G
06-13 20:08:36.301 12447 12930 D Retrofit: X-Build-Number: 31436366
06-13 20:08:36.301 12447 12930 D Retrofit: X-Oculus-Feature: 1
06-13 20:08:36.301 12447 12930 D Retrofit: oculus-request-id: 04a9f363-5a01-4219-bf00-64f322e1cbe9
06-13 20:08:36.301 12447 12930 D Retrofit: ---> END HTTP (no body)
06-13 20:08:36.361 3112 3755 D EnterpriseController: netId is 0
06-13 20:08:36.361 3112 3755 D Netd : getNetworkForDns: using netid 502 for uid 10221
06-13 20:08:36.371 3534 6514 D SSRM:n : SIOP:: AP = 430, PST = 460 (W:28), CP = 302, CUR = 755, LCD = 18
06-13 20:08:36.511 12447 12930 D Retrofit: <--- HTTP 200 https://graph.oculus.com/graphql?q=viewer%28%29+%7B++challenge_tos%2C%7D (208ms)
06-13 20:08:36.511 12447 12930 D Retrofit: OkHttp-Selected-Protocol: spdy/3.1
06-13 20:08:36.511 12447 12930 D Retrofit: access-control-allow-method: OPTIONS
06-13 20:08:36.511 12447 12930 D Retrofit: oculus-api-version: v1.0
06-13 20:08:36.511 12447 12930 D Retrofit: x-fb-rev: 2389146
06-13 20:08:36.511 12447 12930 D Retrofit: x-fb-trace-id: FoQ8XlFs1iI
06-13 20:08:36.511 12447 12930 D Retrofit: access-control-allow-credentials: true
06-13 20:08:36.511 12447 12930 D Retrofit: access-control-allow-origin: https://graph.oculus.com
06-13 20:08:36.511 12447 12930 D Retrofit: access-control-expose-headers: X-FB-Debug, X-Loader-Length
06-13 20:08:36.511 12447 12930 D Retrofit: cache-control: private, no-cache, no-store, must-revalidate
06-13 20:08:36.511 12447 12930 D Retrofit: content-length: 33
06-13 20:08:36.511 12447 12930 D Retrofit: content-type: text/html
06-13 20:08:36.511 12447 12930 D Retrofit: date: Mon, 13 Jun 2016 22:08:37 GMT
06-13 20:08:36.511 12447 12930 D Retrofit: etag: "b40358069baa489eab851f1d98979444ac8ad904"
06-13 20:08:36.511 12447 12930 D Retrofit: expires: Sat, 01 Jan 2000 00:00:00 GMT
06-13 20:08:36.511 12447 12930 D Retrofit: pragma: no-cache
06-13 20:08:36.511 12447 12930 D Retrofit: vary: Origin
06-13 20:08:36.511 12447 12930 D Retrofit: x-fb-debug: gl2B7S+mfLlHO+ljw8lDgmOeMUKzM65Nam9C7OaG0bD2SZ+woQQRNIK9szZtRqBcsuMF++6fu6qlAOQf2MzV0Q==
06-13 20:08:36.511 12447 12930 D Retrofit: OkHttp-Sent-Millis: 1465855716322
06-13 20:08:36.511 12447 12930 D Retrofit: OkHttp-Received-Millis: 1465855716528
06-13 20:08:36.511 12447 12930 D Retrofit: {"viewer":{"challenge_tos":null}}
06-13 20:08:36.511 12447 12930 D Retrofit: <--- END HTTP (33-byte body)
06-13 20:08:36.541 12447 12483 I Unity : response: {"isError":false,"metadata":"{ \"rid\" : 1 }","payload":{"viewer":{}}}
06-13 20:08:36.541 12447 12483 I Unity :
06-13 20:08:36.541 12447 12483 I Unity : (Filename: ./artifacts/AndroidManagedGenerated/UnityEngineDebug.cpp Line: 56)
06-13 20:08:36.541 12447 12483 I Unity :
06-13 20:08:36.551 12447 12483 E Unity : TOS check succeeded {"isError":false,"metadata":"{ \"rid\" : 1 }","payload":{"viewer":{}}}
06-13 20:08:36.551 12447 12483 E Unity :
06-13 20:08:36.551 12447 12483 E Unity : (Filename: ./artifacts/AndroidManagedGenerated/UnityEngineDebug.cpp Line: 56)
06-13 20:08:36.551 12447 12483 E Unity :
06-13 20:08:36.561 12447 12664 W TimeWarp: VSync 405829: Eye=1,late=0.0ms,over=0.0ms,CPU=0.5ms,GPU=7.9ms,Tot=8.5ms
06-13 20:08:36.701 4213 4450 D NetworkController.MobileSignalController(0/2147483643): onSignalStrengthsChanged signalStrength=SignalStrength: 21 99 -21 -200 -21 -200 -1 99 2147483647 2147483647 2147483647 2147483647 2147483647 0x4 gsm|lte level=4
06-13 20:08:36.701 4213 4450 D NetworkController.MobileSignalController(0/2147483643): getMobileIconGroup(): 0
06-13 20:08:36.801 12447 12625 I OVR : DeviceManagerThread - event 62 (500Hz) (Tid=12625)
06-13 20:08:36.891 12447 12669 I VrApi : FPS=60,Prd=61ms,Tear=0,Early=60,Stale=0,VSnc=1,Lat=1,CPU4/GPU=2/1,1000/350MHz,OC=FF,TA=F0/F0/F0/F0,SP=F/F/F/F,Mem=836MHz,Free=2206MB,PSM=0,PLS=0,Temp=30.6C/27.5C
06-13 20:08:37.011 12447 12961 V DefaultAnalyticsLogger: New event {"name":"moonlight_view","time":"1465855717.025","extra":{"event_value":"page_view","page_number":"0","email":"marcio@digitalkey.com.br","id":"790537834377045","endpoint_host":"https:\/\/graph.oculus.com","imei":"354472070034882","pk":"0"}}.
06-13 20:08:37.331 3112 3755 D EnterpriseController: netId is 0
06-13 20:08:37.331 3112 3755 D Netd : getNetworkForDns: using netid 502 for uid 10221
06-13 20:08:37.541 12447 12625 I OVR : PhoneSensors: detected Android mag calibration (-3.600 38.000 -7.600).
06-13 20:08:37.671 3112 3755 D EnterpriseController: netId is 0
06-13 20:08:37.671 3112 3755 D Netd : getNetworkForDns: using netid 502 for uid 10221
06-13 20:08:37.801 12447 12625 I OVR : DeviceManagerThread - event 62 (500Hz) (Tid=12625)
06-13 20:08:37.891 12447 12669 I VrApi : FPS=54,Prd=58ms,Tear=2,Early=52,Stale=7,VSnc=1,Lat=1,CPU4/GPU=2/1,800/350MHz,OC=FF,TA=F0/F0/F0/F0,SP=F/F/F/F,Mem=836MHz,Free=2205MB,PSM=0,PLS=0,Temp=30.6C/27.5C
06-13 20:08:38.001 12447 12664 W TimeWarp: VSync 405915: Eye=1,late=0.0ms,over=0.1ms,CPU=0.4ms,GPU=14.0ms,Tot=14.5ms
06-13 20:08:38.001 12447 12664 W TimeWarp: VSync 405916: Eye=0,late=6.3ms,over=0.0ms,CPU=0.6ms,GPU=4.5ms,Tot=11.5ms
06-13 20:08:38.011 3112 3755 D EnterpriseController: netId is 0
06-13 20:08:38.011 3112 3755 D Netd : getNetworkForDns: using netid 502 for uid 10221
06-13 20:08:38.011 12447 12664 W TimeWarp: VSync 405916: Eye=1,late=3.3ms,over=0.0ms,CPU=0.5ms,GPU=6.4ms,Tot=10.1ms
06-13 20:08:38.801 12447 12625 I OVR : DeviceManagerThread - event 62 (500Hz) (Tid=12625)
06-13 20:08:38.891 12447 12669 I VrApi : FPS=47,Prd=55ms,Tear=1,Early=44,Stale=14,VSnc=1,Lat=1,CPU4/GPU=2/1,800/350MHz,OC=FF,TA=F0/F0/F0/F0,SP=F/F/F/F,Mem=836MHz,Free=2204MB,PSM=0,PLS=0,Temp=30.6C/27.5C
06-13 20:08:38.931 3112 3755 D EnterpriseController: netId is 0
06-13 20:08:38.931 3112 3755 D Netd : getNetworkForDns: using netid 502 for uid 10221
06-13 20:08:39.051 12447 12447 I Vsync : Vsync 405979: Choreographer: 1 x 16.30 ms (59.90 Hz, at 6879.707)
06-13 20:08:39.231 4213 4450 D NetworkController.MobileSignalController(0/2147483643): onSignalStrengthsChanged signalStrength=SignalStrength: 19 99 -19 -200 -19 -200 -1 99 2147483647 2147483647 2147483647 2147483647 2147483647 0x4 gsm|lte level=4
06-13 20:08:39.231 4213 4450 D NetworkController.MobileSignalController(0/2147483643): getMobileIconGroup(): 0
06-13 20:08:39.381 3112 3755 D EnterpriseController: netId is 0
06-13 20:08:39.381 3112 3755 D Netd : getNetworkForDns: using netid 502 for uid 10221
06-13 20:08:39.751 12447 12447 I Vsync : Vsync 406021: Choreographer: 1 x 16.30 ms (59.89 Hz, at 6880.408)
06-13 20:08:39.781 3112 3755 D EnterpriseController: netId is 0
06-13 20:08:39.781 3112 3755 D Netd : getNetworkForDns: using netid 502 for uid 10221
06-13 20:08:39.801 12447 12625 I OVR : DeviceManagerThread - event 62 (500Hz) (Tid=12625)
06-13 20:08:39.891 12447 12669 I VrApi : FPS=59,Prd=57ms,Tear=3,Early=56,Stale=0,VSnc=1,Lat=1,CPU4/GPU=2/1,800/350MHz,OC=FF,TA=F0/F0/F0/F0,SP=F/F/F/F,Mem=836MHz,Free=2204MB,PSM=0,PLS=0,Temp=30.6C/27.5C
06-13 20:08:39.921 12447 12664 W TimeWarp: VSync 406030: Eye=1,late=0.0ms,over=0.3ms,CPU=0.5ms,GPU=12.2ms,Tot=13.0ms
06-13 20:08:39.921 12447 12664 W TimeWarp: VSync 406031: Eye=0,late=4.8ms,over=0.0ms,CPU=0.4ms,GPU=3.1ms,Tot=8.4ms
06-13 20:08:40.101 12447 12664 W TimeWarp: VSync 406042: Eye=0,late=0.0ms,over=0.2ms,CPU=0.5ms,GPU=8.9ms,Tot=9.6ms
06-13 20:08:40.141 3112 3755 D EnterpriseController: netId is 0
06-13 20:08:40.141 3112 3755 D Netd : getNetworkForDns: using netid 502 for uid 10221
06-13 20:08:40.451 3112 3755 D EnterpriseController: netId is 0
06-13 20:08:40.451 3112 3755 D Netd : getNetworkForDns: using netid 502 for uid 10221
06-13 20:08:40.801 12447 12625 I OVR : DeviceManagerThread - event 62 (500Hz) (Tid=12625)
06-13 20:08:40.841 3112 3755 D EnterpriseController: netId is 0
06-13 20:08:40.841 3112 3755 D Netd : getNetworkForDns: using netid 502 for uid 10221
06-13 20:08:40.891 12447 12669 I VrApi : FPS=60,Prd=60ms,Tear=0,Early=60,Stale=0,VSnc=1,Lat=1,CPU4/GPU=2/1,800/350MHz,OC=FF,TA=F0/F0/F0/F0,SP=F/F/F/F,Mem=836MHz,Free=2204MB,PSM=0,PLS=0,Temp=30.6C/27.5C
06-13 20:08:41.141 3112 3755 D EnterpriseController: netId is 0
06-13 20:08:41.141 3112 3755 D Netd : getNetworkForDns: using netid 502 for uid 10221
06-13 20:08:41.551 3112 3755 D EnterpriseController: netId is 0
06-13 20:08:41.551 3112 3755 D Netd : getNetworkForDns: using netid 502 for uid 10221
06-13 20:08:41.801 12447 12625 I OVR : DeviceManagerThread - event 62 (500Hz) (Tid=12625)
06-13 20:08:41.891 12447 12669 I VrApi : FPS=60,Prd=60ms,Tear=3,Early=60,Stale=0,VSnc=1,Lat=1,CPU4/GPU=2/1,800/350MHz,OC=FF,TA=F0/F0/F0/F0,SP=F/F/F/F,Mem=836MHz,Free=2204MB,PSM=0,PLS=0,Temp=30.6C/27.5C
06-13 20:08:41.981 12447 12664 W TimeWarp: VSync 406154: Eye=1,late=0.0ms,over=0.1ms,CPU=0.5ms,GPU=9.7ms,Tot=10.3ms
06-13 20:08:41.991 3112 3755 D EnterpriseController: netId is 0
06-13 20:08:41.991 3112 3755 D Netd : getNetworkForDns: using netid 502 for uid 10221
06-13 20:08:42.801 12447 12625 I OVR : DeviceManagerThread - event 62 (500Hz) (Tid=12625)
06-13 20:08:42.891 12447 12669 I VrApi : FPS=60,Prd=62ms,Tear=0,Early=60,Stale=0,VSnc=1,Lat=1,CPU4/GPU=2/1,800/350MHz,OC=FF,TA=F0/F0/F0/F0,SP=F/F/F/F,Mem=836MHz,Free=2204MB,PSM=0,PLS=0,Temp=30.6C/27.5C
06-13 20:08:43.001 3534 6514 D SSRM:J : mCheck2ndHMTtableRunnable!
06-13 20:08:43.001 3534 6514 D SSRM:J : battery temp will be check in 60000 ms.
06-13 20:08:43.801 12447 12625 I OVR : DeviceManagerThread - event 62 (498Hz) (Tid=12625)
06-13 20:08:43.891 12447 12669 I VrApi : FPS=60,Prd=62ms,Tear=1,Early=60,Stale=0,VSnc=1,Lat=1,CPU4/GPU=2/1,800/350MHz,OC=FF,TA=F0/F0/F0/F0,SP=F/F/F/F,Mem=836MHz,Free=2204MB,PSM=0,PLS=0,Temp=30.6C/27.5C
06-13 20:08:44.031 3534 4072 D BatteryService: !@BatteryListener : batteryPropertiesChanged!
06-13 20:08:44.031 3534 4072 D BatteryService: level:73, scale:100, status:3, health:2, present:true, voltage: 3894, temperature: 307, technology: Li-ion, AC powered:false, USB powered:false, POGO powered:false, Wireless powered:false, icon:17303431, invalid charger:0, maxChargingCurrent:0
06-13 20:08:44.031 3534 4072 D BatteryService: online:15, current avg:-721, charge type:0, power sharing:false, high voltage charger:false, capacity:280000, batterySWSelfDischarging:false, current_now:-719
06-13 20:08:44.031 3534 3534 D BatteryService: Sending ACTION_BATTERY_CHANGED.
06-13 20:08:44.031 3534 3534 I MotionRecognitionService: On Battery, 0
06-13 20:08:44.031 3534 3534 D MotionRecognitionService: cableConnection= 0
06-13 20:08:44.041 4213 4213 D KeyguardUpdateMonitor: received broadcast android.intent.action.BATTERY_CHANGED
06-13 20:08:44.041 4213 4213 D PowerUI : priorPlugType = 0 mPlugType = 0
06-13 20:08:44.041 4213 4213 D KeyguardUpdateMonitor: handleBatteryUpdate
06-13 20:08:44.051 12058 12058 D VRSVC : (BatteryEvent.java:72) onReceive [intent action=android.intent.action.BATTERY_CHANGED isInitialStickyBroadcast=false]
06-13 20:08:44.051 12058 12058 V VRSVC : (BatteryEvent.java:86) yTqX [handleIntentBattery batteryLevel=73 batteryStatus=3 batteryPlugged=0 batteryTemperature=307]
06-13 20:08:44.051 12447 12447 I Utilities: nativeBatteryEvent(3, 73, 307)
06-13 20:08:44.081 4213 4213 D BatteryMeterView: ACTION_BATTERY_CHANGED : level:73 status:3 health:2
06-13 20:08:44.081 4213 4213 D BatteryMeterView: ACTION_BATTERY_CHANGED : level:73 status:3 health:2
06-13 20:08:44.711 12447 12993 I System.out: (HTTPLog)-Static: isSBSettingEnabled false
06-13 20:08:44.711 12447 12993 I System.out: (HTTPLog)-Static: isSBSettingEnabled false
06-13 20:08:44.721 12447 12664 W TimeWarp: VSync 406318: Eye=1,late=0.0ms,over=2.1ms,CPU=0.5ms,GPU=3.9ms,Tot=6.5ms
06-13 20:08:44.801 12447 12625 I OVR : DeviceManagerThread - event 62 (500Hz) (Tid=12625)
06-13 20:08:44.891 12447 12669 I VrApi : FPS=60,Prd=62ms,Tear=0,Early=60,Stale=0,VSnc=1,Lat=1,CPU4/GPU=2/1,800/350MHz,OC=FF,TA=F0/F0/F0/F0,SP=F/F/F/F,Mem=836MHz,Free=2203MB,PSM=0,PLS=0,Temp=30.7C/27.5C