06-13 20:07:13.711 3534 3618 V BroadcastQueue: [background] Process cur broadcast BroadcastRecord{cb4bebd u0 com.google.android.gms.gcm.ACTION_SCHEDULE qIdx=4}, state= (APP_RECEIVE) DELIVERED for app ProcessRecord{d237fdd 12137:com.google.android.gms.persistent/u0a15}
06-13 20:07:13.711 3534 4101 V AlarmManager: remove PendingIntent] PendingIntent{e40fcb2: PendingIntentRecord{2560403 com.facebook.orca broadcastIntent}}
06-13 20:07:13.721 3534 4060 V AlarmManager: remove PendingIntent] PendingIntent{77389b9: PendingIntentRecord{5038874 com.google.android.gms broadcastIntent}}
06-13 20:07:13.751 3534 3618 W BroadcastQueue: Permission Denial: broadcasting Intent { act=android.net.conn.CONNECTIVITY_CHANGE flg=0x4000010 (has extras) } from null (pid=-1, uid=-1) requires com.facebook.permission.prod.FB_APP_COMMUNICATION due to registered receiver BroadcastFilter{42d63ac u0 ReceiverList{c2add5f 12321 com.facebook.orca/10114/u0 remote:e3e31fe}}
06-13 20:07:13.751 3534 3618 W BroadcastQueue: Permission Denial: broadcasting Intent { act=android.net.conn.INET_CONDITION_ACTION flg=0x4000010 (has extras) } from null (pid=-1, uid=-1) requires com.facebook.permission.prod.FB_APP_COMMUNICATION due to registered receiver BroadcastFilter{42d63ac u0 ReceiverList{c2add5f 12321 com.facebook.orca/10114/u0 remote:e3e31fe}}
06-13 20:07:13.881 3534 4093 D BatteryService: !@BatteryListener : batteryPropertiesChanged!
06-13 20:07:13.881 3534 4093 D BatteryService: level:73, scale:100, status:3, health:2, present:true, voltage: 3855, temperature: 302, technology: Li-ion, AC powered:false, USB powered:false, POGO powered:false, Wireless powered:false, icon:17303431, invalid charger:0, maxChargingCurrent:0
06-13 20:07:13.881 3534 4093 D BatteryService: online:15, current avg:-1168, charge type:0, power sharing:false, high voltage charger:false, capacity:280000, batterySWSelfDischarging:false, current_now:-1049
06-13 20:07:13.881 12447 12664 W TimeWarp: VSync 400878: Eye=1,late=0.0ms,over=0.0ms,CPU=4.0ms,GPU=2.1ms,Tot=6.1ms
06-13 20:07:13.881 3534 3534 D BatteryService: !@[BatteryInfo] 83 - 73 = 10
06-13 20:07:13.891 3534 3534 D BatteryService: !@[BatteryInfo] writeToFile /efs/FactoryApp/batt_discharge_level: 2460
06-13 20:07:13.891 3534 3534 D BatteryService: !@[BatteryInfo] writeToFile /sys/class/power_supply/battery/battery_cycle: 24
06-13 20:07:13.891 3534 3534 D BatteryService: Sending ACTION_BATTERY_CHANGED.
06-13 20:07:13.891 3534 3622 D BluetoothAdapter: STATE_BLE_ON
06-13 20:07:13.891 12447 12669 I VrApi : FPS=0,Prd=0ms,Tear=0,Early=0,Stale=0,VSnc=1,Lat=0,CPU4/GPU=-1/-1,1100/544MHz,OC=FF,TA=F0/F0/F0/F0,SP=F/F/F/F,Mem=1264MHz,Free=2333MB,PSM=0,PLS=0,Temp=30.0C/27.5C
06-13 20:07:13.901 3534 3545 I art : Background partial concurrent mark sweep GC freed 35183(1882KB) AllocSpace objects, 5(100KB) LOS objects, 28% free, 40MB/56MB, paused 2.776ms total 222.896ms
06-13 20:07:13.971 3534 3653 D PowerManagerService: [PSM] lowPowerModeEnabled: false (mLowPowerModeSetting: false, mIsPowered: false, mAutoLowPowerModeConfigured: false, mBatteryLevel: 73, mLowBatteryTriggerLevel: 0)
06-13 20:07:13.971 4213 4213 D KeyguardUpdateMonitor: received broadcast android.intent.action.BATTERY_CHANGED
06-13 20:07:13.971 4213 4213 D KeyguardUpdateMonitor: handleBatteryUpdate
06-13 20:07:13.971 4213 4213 D PowerUI : priorPlugType = 0 mPlugType = 0
06-13 20:07:13.981 4213 4213 D BatteryMeterView: ACTION_BATTERY_CHANGED : level:73 status:3 health:2
06-13 20:07:13.981 4213 4213 D BatteryMeterView: ACTION_BATTERY_CHANGED : level:73 status:3 health:2
06-13 20:07:13.981 12058 12058 D VRSVC : (BatteryEvent.java:72) onReceive [intent action=android.intent.action.BATTERY_CHANGED isInitialStickyBroadcast=false]
06-13 20:07:13.981 12058 12058 V VRSVC : (BatteryEvent.java:86) yTqX [handleIntentBattery batteryLevel=73 batteryStatus=3 batteryPlugged=0 batteryTemperature=302]
06-13 20:07:13.981 12447 12447 I Utilities: nativeBatteryEvent(3, 73, 302)
06-13 20:07:13.981 3534 3534 I MotionRecognitionService: On Battery, 0
06-13 20:07:13.981 3534 3534 D MotionRecognitionService: cableConnection= 0
06-13 20:07:13.991 12137 12383 W ctxmgr : [AclManager]checkPermissionTypeStatus: no inject permission for { uid=10015, packageName=com.google.android.gms }. Returned permission was: PACKAGE_NOT_WHITELISTED for context name=POWER_CONNECTION, account=account#-517948760#
06-13 20:07:13.991 12137 12383 W ctxmgr : [AclManager]checkPermissionTypeStatus: no inject permission for { uid=10015, packageName=com.google.android.gms }. Returned permission was: PACKAGE_NOT_WHITELISTED for context name=POWER_CONNECTION, account=account#-517948760#
06-13 20:07:13.991 12137 12137 E ctxmgr : [PowerConnectionProducer]Could not write powerInfo=Plug state: 1 BatteryLevel: 0.73, status=Status{statusCode=unknown status code: 7503, resolution=null}
06-13 20:07:14.001 12321 12689 I art : Thread[37,tid=12689,Native,Thread*=0xd89e7f00,peer=0x331652e0,"Bg_Shared9"] recursive attempt to load library "/data/user/0/com.facebook.orca/lib-xzs/libfb_imgproc.so"
06-13 20:07:14.011 12321 12689 I NativeImageProcessor: == read 42 bytes ==
06-13 20:07:14.011 12321 12689 I NativeImageProcessor: == read -1 bytes ==
06-13 20:07:14.011 12447 12664 D VrApi : setSchedFifoStatic tid:12483 pto:0
06-13 20:07:14.021 11871 11887 V VRManagerServer: (VRManagerService.java:357) yTqX [setThreadSchedFifo pkg=com.oculus.home pid=12447 tid=12483 prio=0]
06-13 20:07:14.021 11871 11887 V VRManagerServer: (VRManagerService.java:361) yTqX [setAffinity pid=12483 cpus=[4, 5, 6, 7]]
06-13 20:07:14.021 11871 11887 V VRManagerServer: (VRManagerService.java:371) yTqX [setAffinity pid=12483 cpus=[4, 5, 6, 7]]
06-13 20:07:14.021 3534 4101 V VRManagerService: ---- demoteProcessThread 'com.oculus.home' requestPriority(pid=12447, tid=12483, prio=0 ----
06-13 20:07:14.021 12447 12664 D VrApi : VRManager set thread priority to 0
06-13 20:07:14.021 12447 12664 I VrApi_Clocks: SetSchedFifo( tid=12483, pri=0 ) = succeeded
06-13 20:07:14.021 12447 12664 D VrApi : setSchedFifoStatic tid:12507 pto:0
06-13 20:07:14.031 11871 12670 V VRManagerServer: (VRManagerService.java:357) yTqX [setThreadSchedFifo pkg=com.oculus.home pid=12447 tid=12507 prio=0]
06-13 20:07:14.031 11871 12670 V VRManagerServer: (VRManagerService.java:361) yTqX [setAffinity pid=12507 cpus=[4, 5, 6, 7]]
06-13 20:07:14.031 11871 12670 V VRManagerServer: (VRManagerService.java:371) yTqX [setAffinity pid=12507 cpus=[4, 5, 6, 7]]
06-13 20:07:14.031 3534 4038 V VRManagerService: ---- demoteProcessThread 'com.oculus.home' requestPriority(pid=12447, tid=12507, prio=0 ----
06-13 20:07:14.031 12447 12664 D VrApi : VRManager set thread priority to 0
06-13 20:07:14.031 12447 12664 I VrApi_Clocks: SetSchedFifo( tid=12507, pri=0 ) = succeeded
06-13 20:07:14.031 12447 12664 W TimeWarp: VSync 400887: Eye=0,late=12.5ms,over=0.0ms,CPU=0.5ms,GPU=1.7ms,Tot=14.7ms
06-13 20:07:14.031 12447 12664 W TimeWarp: VSync 400887: Eye=1,late=6.5ms,over=0.0ms,CPU=0.3ms,GPU=1.6ms,Tot=8.4ms
06-13 20:07:14.031 12447 12664 D VrApi : setSchedFifoStatic tid:12483 pto:1
06-13 20:07:14.041 11871 12671 V VRManagerServer: (VRManagerService.java:357) yTqX [setThreadSchedFifo pkg=com.oculus.home pid=12447 tid=12483 prio=1]
06-13 20:07:14.041 11871 12671 V VRManagerServer: (VRManagerService.java:361) yTqX [setAffinity pid=12483 cpus=[4, 5, 6, 7]]
06-13 20:07:14.041 11871 12671 V VRManagerServer: (VRManagerService.java:371) yTqX [setAffinity pid=12483 cpus=[4, 5, 6, 7]]
06-13 20:07:14.041 3534 3553 V VRManagerService: ---- elevateProcessThread 'com.oculus.home' requestPriority(pid=12447, tid=12483, prio=1 ----
06-13 20:07:14.041 12447 12664 D VrApi : VRManager set thread priority to 1
06-13 20:07:14.041 12447 12664 I VrApi_Clocks: SetSchedFifo( tid=12483, pri=1 ) = succeeded
06-13 20:07:14.041 12447 12664 D VrApi : setSchedFifoStatic tid:12507 pto:1
06-13 20:07:14.041 11871 11889 V VRManagerServer: (VRManagerService.java:357) yTqX [setThreadSchedFifo pkg=com.oculus.home pid=12447 tid=12507 prio=1]
06-13 20:07:14.051 11871 11889 V VRManagerServer: (VRManagerService.java:361) yTqX [setAffinity pid=12507 cpus=[4, 5, 6, 7]]
06-13 20:07:14.051 11871 11889 V VRManagerServer: (VRManagerService.java:371) yTqX [setAffinity pid=12507 cpus=[4, 5, 6, 7]]
06-13 20:07:14.051 3534 4031 V VRManagerService: ---- elevateProcessThread 'com.oculus.home' requestPriority(pid=12447, tid=12507, prio=1 ----
06-13 20:07:14.051 12447 12664 D VrApi : VRManager set thread priority to 1
06-13 20:07:14.051 12447 12664 I VrApi_Clocks: SetSchedFifo( tid=12507, pri=1 ) = succeeded
06-13 20:07:14.051 12447 12664 W TimeWarp: VSync 400888: Eye=0,late=15.4ms,over=0.0ms,CPU=0.4ms,GPU=1.9ms,Tot=17.7ms
06-13 20:07:14.051 12321 12689 D CpuCapabilities: NEON supported and enabled
06-13 20:07:14.051 12447 12664 W TimeWarp: VSync 400888: Eye=1,late=9.4ms,over=0.0ms,CPU=0.3ms,GPU=1.8ms,Tot=11.6ms
06-13 20:07:14.171 12321 12689 W msgr(:):c: Called user scoped provider with no viewer. ViewerContextManager was created with no ViewerContext. Using EmptyViewerContextManager to return fake logged in instance.
06-13 20:07:14.171 12321 12689 W msgr(:):k: User no longer logged in. Original uid: 0, viewer context: null, is_logged_in: false. Returning original viewer context.
06-13 20:07:14.171 12321 12689 W msgr(:):k: User no longer logged in. Original uid: 0, viewer context: null, is_logged_in: false. Returning original viewer context.
06-13 20:07:14.171 12321 12689 W msgr(:):k: User no longer logged in. Original uid: 0, viewer context: null, is_logged_in: false. Returning original viewer context.
06-13 20:07:14.181 12321 12689 W msgr(:):k: User no longer logged in. Original uid: 0, viewer context: null, is_logged_in: false. Returning original viewer context.
06-13 20:07:14.231 12447 12447 I Vsync : Choreographer doFrame callback delayed by 3.2 milliseconds
06-13 20:07:14.291 12321 12689 I art : Thread[37,tid=12689,Native,Thread*=0xd89e7f00,peer=0x331652e0,"Bg_Shared9"] recursive attempt to load library "/data/user/0/com.facebook.orca/lib-xzs/libomnistore.so"
06-13 20:07:14.361 12321 12689 V xAnalytics: java/com/facebook/xanalytics/jni/XAnalyticsNative.cpp - jint JNI_OnLoad(JavaVM*, void*)
06-13 20:07:14.371 12321 12689 V xAnalytics: JNI_OnLoad XAnalyticsNative entered
06-13 20:07:14.371 12321 12689 V xAnalytics: JNI_OnLoad XAnalyticsNative complete
06-13 20:07:14.371 12321 12689 V xAnalytics: tigon: 0x0 - xanalytics: 0xffffffffd8a33710
06-13 20:07:14.371 12321 12689 V xAnalytics: xplat/fbacore/fbacore/FbaBeaconLogger.cpp - void facebook::xanalytics::FbaBeaconLogger::init(const string&, const string&, uint32_t) 0 0
06-13 20:07:14.371 12321 12689 V xAnalytics: xplat/fbacore/fbacore/FbaBeaconLogger.cpp - void facebook::xanalytics::FbaBeaconLogger::init(const string&, const string&, uint32_t) 0 0
06-13 20:07:14.381 12137 12543 I qtaguid : Tagging socket 60 with tag 2000040100000000{536871937,0} uid 10015, pid: 12137, getuid(): 10015
06-13 20:07:14.421 12137 12543 I qtaguid : Tagging socket 63 with tag 2000040100000000{536871937,0} uid 10015, pid: 12137, getuid(): 10015
06-13 20:07:14.431 12321 12689 W msgr(:):c: Called user scoped provider with no viewer. ViewerContextManager was created with no ViewerContext. Using EmptyViewerContextManager to return fake logged in instance.
06-13 20:07:14.431 12321 12689 W msgr(:):c: Called user scoped provider with no viewer. ViewerContextManager was created with no ViewerContext. Using EmptyViewerContextManager to return fake logged in instance.
06-13 20:07:14.431 12321 12689 E msgr(:):OmnistoreComponentManager: Legacy injection is forcing OmnistoreComponentManager to init as a side-effect
06-13 20:07:14.461 3534 3618 W BroadcastQueue: Permission Denial: broadcasting Intent { act=android.net.conn.CONNECTIVITY_CHANGE flg=0x4000010 (has extras) } from null (pid=-1, uid=-1) requires com.facebook.permission.prod.FB_APP_COMMUNICATION due to registered receiver BroadcastFilter{15916ae u0 ReceiverList{42d5329 12321 com.facebook.orca/10114/u0 remote:45118b0}}
06-13 20:07:14.491 12321 12716 W msgr(:):c: Called user scoped provider with no viewer. ViewerContextManager was created with no ViewerContext. Using EmptyViewerContextManager to return fake logged in instance.
06-13 20:07:14.511 12321 12321 W msgr(:):a: The sessioned store is not available. Are you fetching sessioned quick experiment data while the user is logged out?
06-13 20:07:14.561 12321 12689 W msgr(:):c: Called user scoped provider with no viewer. ViewerContextManager was created with no ViewerContext. Using EmptyViewerContextManager to return fake logged in instance.
06-13 20:07:14.561 12321 12689 W msgr(:):k: User no longer logged in. Original uid: 0, viewer context: null, is_logged_in: false. Returning original viewer context.
06-13 20:07:14.561 12321 12689 W msgr(:):k: User no longer logged in. Original uid: 0, viewer context: null, is_logged_in: false. Returning original viewer context.
06-13 20:07:14.561 12321 12689 W msgr(:):k: User no longer logged in. Original uid: 0, viewer context: null, is_logged_in: false. Returning original viewer context.
06-13 20:07:14.561 12321 12689 W msgr(:):k: User no longer logged in. Original uid: 0, viewer context: null, is_logged_in: false. Returning original viewer context.
06-13 20:07:14.561 12321 12689 W msgr(:):k: User no longer logged in. Original uid: 0, viewer context: null, is_logged_in: false. Returning original viewer context.
06-13 20:07:14.571 12321 12689 E msgr(:):a: could not initialize omnistore for interstitial manager
06-13 20:07:14.571 12321 12689 E msgr(:):a: java.lang.NullPointerException: Attempt to invoke virtual method 'com.facebook.omnistore.CollectionName$Builder com.facebook.omnistore.Omnistore.createCollectionNameBuilder(java.lang.String)' on a null object reference
06-13 20:07:14.571 12321 12689 E msgr(:):a: at com.facebook.interstitial.b.a(InterstitialModule.java:112)
06-13 20:07:14.571 12321 12689 E msgr(:):a: at com.facebook.interstitial.a.b(CollectionName_InterstitialConfigurationCollectionMethodAutoProvider.java:16)
06-13 20:07:14.571 12321 12689 E msgr(:):a: at com.facebook.interstitial.a.a(CollectionName_InterstitialConfigurationCollectionMethodAutoProvider.java:89)
06-13 20:07:14.571 12321 12689 E msgr(:):a: at com.facebook.inject.bh.i(BindingsTemplate.java:8044)
06-13 20:07:14.571 12321 12689 E msgr(:):a: at com.facebook.inject.bh.a(BindingsTemplate.java:36)
06-13 20:07:14.571 12321 12689 E msgr(:):a: at com.facebook.inject.be.a(FbInjectorImpl.java:405)
06-13 20:07:14.571 12321 12689 E msgr(:):a: at com.facebook.inject.bo.onGetInstance(IdBasedLazy.java:22)
06-13 20:07:14.571 12321 12689 E msgr(:):a: at com.facebook.inject.ab.get(AbstractDefaultScopeLazy.java:42)
06-13 20:07:14.571 12321 12689 E msgr(:):a: at com.facebook.interstitial.omnistore.b.b(InterstitialConfigurationOmnistoreSubscriber.java:125)
06-13 20:07:14.571 12321 12689 E msgr(:):a: at com.facebook.interstitial.omnistore.a.init(InterstitialConfigurationOmnistoreInit.java:47)
06-13 20:07:14.571 12321 12689 E msgr(:):a: at com.facebook.common.noncriticalinit.c.a(NonCriticalInitializer.java:105)
06-13 20:07:14.571 12321 12689 E msgr(:):a: at com.facebook.common.noncriticalinit.e.run(NonCriticalInitializer.java:121)
06-13 20:07:14.571 12321 12689 E msgr(:):a: at com.facebook.common.n.n.run(DefaultAppChoreographer.java:374)
06-13 20:07:14.571 12321 12689 E msgr(:):a: at java.util.concurrent.Executors$RunnableAdapter.call(Executors.java:423)
06-13 20:07:14.571 12321 12689 E msgr(:):a: at java.util.concurrent.FutureTask.run(FutureTask.java:237)
06-13 20:07:14.571 12321 12689 E msgr(:):a: at java.util.concurrent.Executors$RunnableAdapter.call(Executors.java:423)
06-13 20:07:14.571 12321 12689 E msgr(:):a: at com.facebook.common.executors.ei.run(WrappingExecutorService.java:77)
06-13 20:07:14.571 12321 12689 E msgr(:):a: at java.util.concurrent.Executors$RunnableAdapter.call(Executors.java:423)
06-13 20:07:14.571 12321 12689 E msgr(:):a: at java.util.concurrent.FutureTask.run(FutureTask.java:237)
06-13 20:07:14.571 12321 12689 E msgr(:):a: at com.facebook.common.executors.ab.run(DefaultConstrainedListeningExecutorService.java:327)
06-13 20:07:14.571 12321 12689 E msgr(:):a: at java.util.concurrent.ThreadPoolExecutor.runWorker(ThreadPoolExecutor.java:1113)
06-13 20:07:14.571 12321 12689 E msgr(:):a: at java.util.concurrent.ThreadPoolExecutor$Worker.run(ThreadPoolExecutor.java:588)
06-13 20:07:14.571 12321 12689 E msgr(:):a: at com.facebook.common.executors.dd.run(NamedThreadFactory.java:42)
06-13 20:07:14.571 12321 12689 E msgr(:):a: at java.lang.Thread.run(Thread.java:818)
06-13 20:07:14.581 3534 3554 D PackageManager: setEnabledSetting : userId = 0 packageName = com.facebook.orca cmp = com.facebook.mqttlite.MqttService newState = 1 callingPackage = 10114
06-13 20:07:14.581 12447 12625 I OVR : DeviceManagerThread - event 62 (498Hz) (Tid=12625)
06-13 20:07:14.581 3534 3553 V AlarmManager: remove PendingIntent] PendingIntent{99d6ca4: PendingIntentRecord{a09b8f8 com.facebook.orca broadcastIntent}}
06-13 20:07:14.711 12137 12543 I System.out: (HTTPLog)-Static: isSBSettingEnabled false
06-13 20:07:14.711 12137 12543 I System.out: (HTTPLog)-Static: isSBSettingEnabled false
06-13 20:07:14.711 12137 12543 I qtaguid : Tagging socket 54 with tag 2000120100000000{536875521,0} uid -1, pid: 12137, getuid(): 10015
06-13 20:07:14.711 11712 11964 D Retrofit: <--- HTTP 200 https://graph.oculus.com/user_heartbeat?current_status=ONLINE (1826ms)
06-13 20:07:14.741 12321 12689 W msgr(:):c: Called user scoped provider with no viewer. ViewerContextManager was created with no ViewerContext. Using EmptyViewerContextManager to return fake logged in instance.
06-13 20:07:14.741 12321 12689 W msgr(:):k: User no longer logged in. Original uid: 0, viewer context: null, is_logged_in: false. Returning original viewer context.
06-13 20:07:14.741 12321 12689 W msgr(:):k: User no longer logged in. Original uid: 0, viewer context: null, is_logged_in: false. Returning original viewer context.
06-13 20:07:14.741 12321 12689 W msgr(:):k: User no longer logged in. Original uid: 0, viewer context: null, is_logged_in: false. Returning original viewer context.
06-13 20:07:14.741 12447 12447 I Vsync : Vsync 400930: Choreographer: 1 x 15.27 ms (59.90 Hz, at 6795.399)
06-13 20:07:14.751 3534 4093 D PackageManager: setEnabledSetting : userId = 0 packageName = com.facebook.orca cmp = com.facebook.messaging.connectivity.ConnectivityBroadcastReceiver newState = 2 callingPackage = 10114
06-13 20:07:14.771 3534 3554 D PackageManager: setEnabledSetting : userId = 0 packageName = com.facebook.orca cmp = com.facebook.messaging.phoneintegration.callupsell.PhoneCallReceiver newState = 2 callingPackage = 10114
06-13 20:07:14.781 12447 12447 I Vsync : Vsync 400932: Choreographer: 1 x 18.08 ms (59.94 Hz, at 6795.433)
06-13 20:07:14.841 12321 12689 W msgr(:):c: Called user scoped provider with no viewer. ViewerContextManager was created with no ViewerContext. Using EmptyViewerContextManager to return fake logged in instance.
06-13 20:07:14.841 12321 12689 W msgr(:):c: Called user scoped provider with no viewer. ViewerContextManager was created with no ViewerContext. Using EmptyViewerContextManager to return fake logged in instance.
06-13 20:07:14.841 12321 12689 W msgr(:):k: User no longer logged in. Original uid: 0, viewer context: null, is_logged_in: false. Returning original viewer context.
06-13 20:07:14.841 12321 12689 W msgr(:):k: User no longer logged in. Original uid: 0, viewer context: null, is_logged_in: false. Returning original viewer context.
06-13 20:07:14.881 12447 12669 I VrApi : FPS=0,Prd=0ms,Tear=0,Early=0,Stale=0,VSnc=0,Lat=1,CPU4/GPU=3/3,1100/544MHz,OC=FF,TA=F0/F0/F0/F0,SP=F/F/F/F,Mem=1264MHz,Free=2305MB,PSM=0,PLS=0,Temp=30.2C/27.5C
06-13 20:07:15.021 12447 12483 E Unity : Oculus Home: Localization Key not found home_tutorial_name
06-13 20:07:15.021 12447 12483 E Unity :
06-13 20:07:15.021 12447 12483 E Unity : (Filename: ./artifacts/AndroidManagedGenerated/UnityEngineDebug.cpp Line: 56)
06-13 20:07:15.021 12447 12483 E Unity :
06-13 20:07:15.121 12294 12294 D ConnectivityManager: requestNetwork; getAppId(CallingUid) : 10113, CallingPid : 12294
06-13 20:07:15.121 3534 3554 D ConnectivityService: listenForNetwork for Listen from uid/pid:10113/12294 for NetworkRequest [ id=20, legacyType=-1, [ Capabilities: INTERNET&NOT_RESTRICTED&TRUSTED&NOT_VPN] ]
06-13 20:07:15.131 3534 4106 D ConnectivityService: rematching NetworkAgentInfo [WIFI () - 502]
06-13 20:07:15.131 3534 4106 D ConnectivityService: network has: NetworkAgentInfo{ ni{[type: WIFI[] - WIFI, state: CONNECTED/CONNECTED, reason: (unspecified), extra: "DigitalKey_Wifi_2", roaming: false, failover: false, isAvailable: true]} network{502} lp{{InterfaceName: wlan0 LinkAddresses: [fe80::ee1f:72ff:fec9:2210/64,fd6a:423e:c303:1:ee1f:72ff:fec9:2210/64,fd6a:423e:c303:1:f103:79f9:f332:e8bd/64,192.168.1.33/24,] Routes: [fe80::/64 -> :: wlan0,fd6a:423e:c303:1::/64 -> :: wlan0,192.168.1.0/24 -> 0.0.0.0 wlan0,0.0.0.0/0 -> 192.168.1.1 wlan0,] DnsAddresses: [192.168.1.1,] Domains: home MTU: 0 TcpBufferSizes: 524288,1048576,4525824,524288,1048576,4525824}} nc{[ Transports: WIFI Capabilities: INTERNET&NOT_RESTRICTED&TRUSTED&NOT_VPN&VALIDATED LinkUpBandwidth>=1048576Kbps LinkDnBandwidth>=1048576Kbps SignalStrength: -61]} Score{60} everValidated{true} lastValidated{true} created{true} lingering{false} explicitlySelected{false} acceptUnvalidated{false} everCaptivePortalDetected{false} lastCaptivePortalDetected{false} }
06-13 20:07:15.131 3534 4106 D ConnectivityService: checking if request is: NetworkRequest [ id=20, legacyType=-1, [ Capabilities: INTERNET&NOT_RESTRICTED&TRUSTED&NOT_VPN] ] satisfies: true nri.isRequest: false
06-13 20:07:15.131 3534 4106 D ConnectivityService: Network NetworkAgentInfo [WIFI () - 502] was already satisfying request 1. No change.
06-13 20:07:15.131 3534 4106 D ConnectivityService: checking if request is: NetworkRequest [ id=4, legacyType=-1, [ Transports: WIFI Capabilities: INTERNET&NOT_RESTRICTED&TRUSTED&NOT_VPN] ] satisfies: true nri.isRequest: false
06-13 20:07:15.131 3534 4106 D ConnectivityService: checking if request is: NetworkRequest [ id=3, legacyType=-1, [ Transports: CELLULAR Capabilities: INTERNET&NOT_RESTRICTED&TRUSTED&NOT_VPN] ] satisfies: false nri.isRequest: false
06-13 20:07:15.131 3534 4106 D ConnectivityService: checking if request is: NetworkRequest [ id=5, legacyType=-1, [] ] satisfies: true nri.isRequest: false
06-13 20:07:15.131 3534 4106 D ConnectivityService: sending notification AVAILABLE for NetworkRequest [ id=20, legacyType=-1, [ Capabilities: INTERNET&NOT_RESTRICTED&TRUSTED&NOT_VPN] ]
06-13 20:07:15.141 3534 4087 D ActivityManager: The following uid has registered to recieve broadcast for proxy related updates 10113
06-13 20:07:15.151 3534 4087 W ContextImpl: Calling a method in the system process without a qualified user: android.app.ContextImpl.sendBroadcast:845 com.android.server.am.ActivityManagerService.requestKnoxVpnToSendProxyBroadcast:29616 com.android.server.am.ActivityManagerService.registerReceiver:22487 android.app.ActivityManagerNative.onTransact:431 com.android.server.am.ActivityManagerService.onTransact:3981
06-13 20:07:15.151 3534 3534 D KnoxVpnEngineService: Vpn Receiver : send_knoxvpn_proxy_broadcast
06-13 20:07:15.151 3534 4054 I KnoxVpnEngineService: vpn handle : Message received
06-13 20:07:15.161 3112 3755 D EnterpriseController: netId is 0
06-13 20:07:15.161 3112 3755 D Netd : getNetworkForDns: using netid 502 for uid 10113
06-13 20:07:15.261 12447 12664 D VrApi : setSchedFifoStatic tid:12483 pto:0
06-13 20:07:15.271 11871 12671 V VRManagerServer: (VRManagerService.java:357) yTqX [setThreadSchedFifo pkg=com.oculus.home pid=12447 tid=12483 prio=0]
06-13 20:07:15.271 11871 12671 V VRManagerServer: (VRManagerService.java:361) yTqX [setAffinity pid=12483 cpus=[4, 5, 6, 7]]
06-13 20:07:15.271 11871 12671 V VRManagerServer: (VRManagerService.java:371) yTqX [setAffinity pid=12483 cpus=[4, 5, 6, 7]]
06-13 20:07:15.271 3534 4101 V VRManagerService: ---- demoteProcessThread 'com.oculus.home' requestPriority(pid=12447, tid=12483, prio=0 ----
06-13 20:07:15.271 12447 12664 D VrApi : VRManager set thread priority to 0
06-13 20:07:15.271 12447 12664 I VrApi_Clocks: SetSchedFifo( tid=12483, pri=0 ) = succeeded
06-13 20:07:15.271 12447 12664 D VrApi : setSchedFifoStatic tid:12507 pto:0
06-13 20:07:15.271 11871 11889 V VRManagerServer: (VRManagerService.java:357) yTqX [setThreadSchedFifo pkg=com.oculus.home pid=12447 tid=12507 prio=0]
06-13 20:07:15.271 11871 11889 V VRManagerServer: (VRManagerService.java:361) yTqX [setAffinity pid=12507 cpus=[4, 5, 6, 7]]
06-13 20:07:15.271 11871 11889 V VRManagerServer: (VRManagerService.java:371) yTqX [setAffinity pid=12507 cpus=[4, 5, 6, 7]]
06-13 20:07:15.281 3534 4083 V VRManagerService: ---- demoteProcessThread 'com.oculus.home' requestPriority(pid=12447, tid=12507, prio=0 ----
06-13 20:07:15.281 12447 12664 D VrApi : VRManager set thread priority to 0
06-13 20:07:15.281 12447 12664 I VrApi_Clocks: SetSchedFifo( tid=12507, pri=0 ) = succeeded
06-13 20:07:15.281 12447 12664 W TimeWarp: VSync 400962: Eye=0,late=7.0ms,over=0.0ms,CPU=0.4ms,GPU=2.1ms,Tot=9.4ms
06-13 20:07:15.411 3112 3755 D EnterpriseController: netId is 0
06-13 20:07:15.411 3112 3755 D Netd : getNetworkForDns: using netid 502 for uid 10113
06-13 20:07:15.421 12137 12464 D PlaceInferenceEngine: Stop called when not running
06-13 20:07:15.451 12447 12483 W Unity : Oculus Home: home_common_ok translation not found in selected locale, reverting to US English
06-13 20:07:15.451 12447 12483 W Unity :
06-13 20:07:15.451 12447 12483 W Unity : (Filename: ./artifacts/AndroidManagedGenerated/UnityEngineDebug.cpp Line: 56)
06-13 20:07:15.451 12447 12483 W Unity :
06-13 20:07:15.451 12447 12483 W Unity : Oculus Home: home_common_samsung translation not found in selected locale, reverting to US English
06-13 20:07:15.451 12447 12483 W Unity :
06-13 20:07:15.451 12447 12483 W Unity : (Filename: ./artifacts/AndroidManagedGenerated/UnityEngineDebug.cpp Line: 56)
06-13 20:07:15.451 12447 12483 W Unity :
06-13 20:07:15.451 12447 12483 W Unity : Oculus Home: home_homepage_social translation not found in selected locale, reverting to US English
06-13 20:07:15.451 12447 12483 W Unity :
06-13 20:07:15.451 12447 12483 W Unity : (Filename: ./artifacts/AndroidManagedGenerated/UnityEngineDebug.cpp Line: 56)
06-13 20:07:15.451 12447 12483 W Unity :
06-13 20:07:15.451 12447 12483 W Unity : Oculus Home: home_pdp_download_megabytes translation not found in selected locale, reverting to US English
06-13 20:07:15.451 12447 12483 W Unity :
06-13 20:07:15.451 12447 12483 W Unity : (Filename: ./artifacts/AndroidManagedGenerated/UnityEngineDebug.cpp Line: 56)
06-13 20:07:15.451 12447 12483 W Unity :
06-13 20:07:15.451 12447 12483 W Unity : Oculus Home: home_pdp_download_kilobytes translation not found in selected locale, reverting to US English
06-13 20:07:15.451 12447 12483 W Unity :
06-13 20:07:15.451 12447 12483 W Unity : (Filename: ./artifacts/AndroidManagedGenerated/UnityEngineDebug.cpp Line: 56)
06-13 20:07:15.451 12447 12483 W Unity :
06-13 20:07:15.451 12447 12483 W Unity : Oculus Home: home_pdp_download_bytes translation not found in selected locale, reverting to US English
06-13 20:07:15.451 12447 12483 W Unity :
06-13 20:07:15.451 12447 12483 W Unity : (Filename: ./artifacts/AndroidManagedGenerated/UnityEngineDebug.cpp Line: 56)
06-13 20:07:15.451 12447 12483 W Unity :
06-13 20:07:15.451 12447 12483 W Unity : Oculus Home: home_pdp_details_gamepad translation not found in selected locale, reverting to US English
06-13 20:07:15.451 12447 12483 W Unity :
06-13 20:07:15.451 12447 12483 W Unity : (Filename: ./artifacts/AndroidManagedGenerated/UnityEngineDebug.cpp Line: 56)
06-13 20:07:15.451 12447 12483 W Unity :
06-13 20:07:15.451 12447 12483 W Unity : Oculus Home: home_pdp_details_touchpad translation not found in selected locale, reverting to US English
06-13 20:07:15.451 12447 12483 W Unity :
06-13 20:07:15.451 12447 12483 W Unity : (Filename: ./artifacts/AndroidManagedGenerated/UnityEngineDebug.cpp Line: 56)
06-13 20:07:15.451 12447 12483 W Unity :
06-13 20:07:15.451 12447 12483 W Unity : Oculus Home: home_purchase_item translation not found in selected locale, reverting to US English
06-13 20:07:15.451 12447 12483 W Unity :
06-13 20:07:15.451 12447 12483 W Unity : (Filename: ./artifacts/AndroidManagedGenerated/UnityEngineDebug.cpp Line: 56)
06-13 20:07:15.451 12447 12483 W Unity :
06-13 20:07:15.451 12447 12483 W Unity : Oculus Home: home_purchase_total translation not found in selected locale, reverting to US English
06-13 20:07:15.451 12447 12483 W Unity :
06-13 20:07:15.451 12447 12483 W Unity : (Filename: ./artifacts/AndroidManagedGenerated/UnityEngineDebug.cpp Line: 56)
06-13 20:07:15.451 12447 12483 W Unity :
06-13 20:07:15.461 12447 12483 W Unity : Oculus Home: home_tutorial_name translation not found in selected locale, reverting to US English
06-13 20:07:15.461 12447 12483 W Unity :
06-13 20:07:15.461 12447 12483 W Unity : (Filename: ./artifacts/AndroidManagedGenerated/UnityEngineDebug.cpp Line: 56)
06-13 20:07:15.461 12447 12483 W Unity :
06-13 20:07:15.461 12447 12483 W Unity : Oculus Home: home_tutorial_gamepad_dpad translation not found in selected locale, reverting to US English
06-13 20:07:15.461 12447 12483 W Unity :
06-13 20:07:15.461 12447 12483 W Unity : (Filename: ./artifacts/AndroidManagedGenerated/UnityEngineDebug.cpp Line: 56)
06-13 20:07:15.461 12447 12483 W Unity :
06-13 20:07:15.461 12447 12483 I Unity : DashboardConfigureVR::ConfigureVrModeParms
06-13 20:07:15.461 12447 12483 I Unity :
06-13 20:07:15.461 12447 12483 I Unity : (Filename: ./artifacts/AndroidManagedGenerated/UnityEngineDebug.cpp Line: 56)
06-13 20:07:15.461 12447 12483 I Unity :
06-13 20:07:15.461 12447 12483 I UnityPlugin: OVR_VrModeParms_SetCpuLevel(): L 2
06-13 20:07:15.461 12447 12483 I UnityPlugin: OVR_VrModeParms_SetGpuLevel(): L 1
06-13 20:07:15.561 12447 12483 I Unity : Fade in --- Skybox InterfaceElements
06-13 20:07:15.561 12447 12483 I Unity :
06-13 20:07:15.561 12447 12483 I Unity : (Filename: ./artifacts/AndroidManagedGenerated/UnityEngineDebug.cpp Line: 56)
06-13 20:07:15.561 12447 12483 I Unity :
06-13 20:07:15.581 12447 12625 I OVR : DeviceManagerThread - event 62 (500Hz) (Tid=12625)
06-13 20:07:15.621 12447 12483 I Unity : True device model: S6_Universal samsung SM-N920G
06-13 20:07:15.621 12447 12483 I Unity :
06-13 20:07:15.621 12447 12483 I Unity : (Filename: ./artifacts/AndroidManagedGenerated/UnityEngineDebug.cpp Line: 56)
06-13 20:07:15.621 12447 12483 I Unity :
06-13 20:07:15.691 12447 12507 W VrApi : out of order frame index (prev = 10, new = 12)
06-13 20:07:15.691 12447 12663 I VrApi_Clocks: ReleaseClocks - start
06-13 20:07:15.691 12447 12663 D VrApi : releaseSystemPerformanceStatic
06-13 20:07:15.691 11871 11887 V VRManagerServer: (VRManagerService.java:754) yTqX [SIOP : 0]
06-13 20:07:15.691 11871 11887 V VRManagerServer: (VRManagerService.java:755) yTqX [PLATFORM : exynos5]
06-13 20:07:15.691 11871 11887 V VRManagerServer: (VRManagerService.java:756) yTqX [HARDWARE : samsungexynos7420]
06-13 20:07:15.691 11871 11887 V VRManagerServer: (VRManagerService.java:391) wtkw [Release GPU minLock COMPLETE: com.oculus.home]
06-13 20:07:15.691 11871 11887 V VRManagerServer: (VRManagerService.java:395) wtkw [Release GPU maxLock COMPLETE: com.oculus.home]
06-13 20:07:15.691 3534 4083 D CustomFrequencyManagerService: releaseDVFSLockLocked : Getting Lock type frm List : DVFS_MIN_LIMIT frequency : 600000 uid : 1000 pid : 3534 tag : VR_CPU_MIN@1
06-13 20:07:15.701 12447 12447 I Vsync : Choreographer doFrame callback delayed by 4.3 milliseconds
06-13 20:07:15.701 11871 11887 V VRManagerServer: (VRManagerService.java:416) yTqX [Release CPU minLock COMPLETE: com.oculus.home]
06-13 20:07:15.701 3534 4083 D CustomFrequencyManagerService: releaseDVFSLockLocked : Getting Lock type frm List : DVFS_MAX_LIMIT frequency : 1100000 uid : 1000 pid : 3534 tag : VR_CPU_MAX@2
06-13 20:07:15.701 11871 11887 V VRManagerServer: (VRManagerService.java:420) yTqX [Release CPU maxLock COMPLETE: com.oculus.home]
06-13 20:07:15.701 11871 11887 V VRManagerServer: (VRManagerService.java:831) yTqX [SetVrClocks release]
06-13 20:07:15.701 12447 12663 D VrApi : Releasing frequency lock
06-13 20:07:15.701 12447 12663 I VrApi_Clocks: ReleaseClocks - end (18.2 ms)
06-13 20:07:15.701 12447 12663 I VrApi_Clocks: LockClocks( cpu=2, gpu=1 ) - start
06-13 20:07:15.711 12447 12663 D VrApi : Available levels: {GPU MIN, GPU MAX, CPU MIN, CPU MAX}
06-13 20:07:15.711 12447 12663 D VrApi : -> / 0
06-13 20:07:15.711 12447 12663 D VrApi : -> / 3
06-13 20:07:15.711 12447 12663 D VrApi : -> / 0
06-13 20:07:15.711 12447 12663 D VrApi : -> / 3
06-13 20:07:15.711 12447 12663 I VrApi_Clocks: CPU levels [0, 3]
06-13 20:07:15.711 12447 12663 I VrApi_Clocks: GPU levels [0, 3]
06-13 20:07:15.711 12447 12663 D VrApi : setSystemPerformance cpu: 2 gpu: 1
06-13 20:07:15.711 11871 11887 V VRManagerServer: (VRManagerService.java:754) yTqX [SIOP : 0]
06-13 20:07:15.711 11871 11887 V VRManagerServer: (VRManagerService.java:755) yTqX [PLATFORM : exynos5]
06-13 20:07:15.711 11871 11887 V VRManagerServer: (VRManagerService.java:756) yTqX [HARDWARE : samsungexynos7420]
06-13 20:07:15.711 3534 4072 D CustomFrequencyManagerService: acquireDVFSLockLocked : type : DVFS_MIN_LIMIT frequency : 600000 uid : 1000 pid : 3534 pkgName : VR_CPU_MIN@1
06-13 20:07:15.711 11871 11887 V VRManagerServer: (VRManagerService.java:967) wtkw [Set CPU minLock COMPLETE: com.oculus.home 600000]
06-13 20:07:15.711 3534 4072 D CustomFrequencyManagerService: acquireDVFSLockLocked : type : DVFS_MAX_LIMIT frequency : 1000000 uid : 1000 pid : 3534 pkgName : VR_CPU_MAX@2
06-13 20:07:15.721 11871 11887 V VRManagerServer: (VRManagerService.java:982) wtkw [Set CPU maxLock COMPLETE: com.oculus.home 1000000]
06-13 20:07:15.741 3534 3553 V VRManagerService: ---- elevateProcessThread 'com.oculus.home' requestPriority(pid=12447, tid=12483, prio=1 ----
06-13 20:07:15.721 11871 11887 I VRManagerServer: (VRManagerService.java:1019) QdBd [Set GPU minLock COMPLETE: com.oculus.home 350]
06-13 20:07:15.741 3534 4085 V VRManagerService: ---- elevateProcessThread 'com.oculus.home' requestPriority(pid=12447, tid=12507, prio=1 ----
06-13 20:07:15.721 11871 11887 V VRManagerServer: (VRManagerService.java:1034) QdBd [Set GPU maxLock COMPLETE: com.oculus.home 350]
06-13 20:07:15.731 11871 11887 V VRManagerServer: (VRManagerService.java:862) yTqX [(2:1:com.oculus.home) (600000:350:1000000:350) pkg: com.oculus.home]
06-13 20:07:15.731 11871 12736 V VRManagerServer: (VRManagerService.java:681) ZzLN [---- setCustomAffinity com.oculus.home ----]
06-13 20:07:15.731 12447 12663 I VrApi_Clocks: CPU Clock = 600 MHz
06-13 20:07:15.731 12447 12663 I VrApi_Clocks: GPU Clock = 350 MHz
06-13 20:07:15.731 12447 12663 I VrApi_Clocks: LockClocks( cpu=2, gpu=1 ) - end (21.9 ms)
06-13 20:07:15.731 12447 12664 D VrApi : setSchedFifoStatic tid:12483 pto:1
06-13 20:07:15.731 11871 12671 V VRManagerServer: (VRManagerService.java:357) yTqX [setThreadSchedFifo pkg=com.oculus.home pid=12447 tid=12483 prio=1]
06-13 20:07:15.731 11871 12671 V VRManagerServer: (VRManagerService.java:361) yTqX [setAffinity pid=12483 cpus=[4, 5, 6, 7]]
06-13 20:07:15.741 11871 12671 V VRManagerServer: (VRManagerService.java:371) yTqX [setAffinity pid=12483 cpus=[4, 5, 6, 7]]
06-13 20:07:15.741 12447 12664 D VrApi : VRManager set thread priority to 1
06-13 20:07:15.741 12447 12664 I VrApi_Clocks: SetSchedFifo( tid=12483, pri=1 ) = succeeded
06-13 20:07:15.741 12447 12664 D VrApi : setSchedFifoStatic tid:12507 pto:1
06-13 20:07:15.741 11871 11889 V VRManagerServer: (VRManagerService.java:357) yTqX [setThreadSchedFifo pkg=com.oculus.home pid=12447 tid=12507 prio=1]
06-13 20:07:15.741 11871 11889 V VRManagerServer: (VRManagerService.java:361) yTqX [setAffinity pid=12507 cpus=[4, 5, 6, 7]]
06-13 20:07:15.741 11871 11889 V VRManagerServer: (VRManagerService.java:371) yTqX [setAffinity pid=12507 cpus=[4, 5, 6, 7]]
06-13 20:07:15.741 12447 12664 D VrApi : VRManager set thread priority to 1
06-13 20:07:15.741 12447 12664 I VrApi_Clocks: SetSchedFifo( tid=12507, pri=1 ) = succeeded
06-13 20:07:15.751 12447 12664 W TimeWarp: VSync 400990: Eye=0,late=7.6ms,over=0.0ms,CPU=0.6ms,GPU=2.6ms,Tot=10.8ms
06-13 20:07:15.771 11871 12736 V VRManagerServer: (VRManagerService.java:708) ZzLN [Found pkg:com.oculus.home pid=12447]
06-13 20:07:15.781 11871 12736 V VRManagerServer: (VRManagerService.java:734) yTqX [setAffinity pid=12505 cpus=[0, 1, 2, 3]]
06-13 20:07:15.781 11871 12736 V VRManagerServer: (VRManagerService.java:371) yTqX [setAffinity pid=12505 cpus=[0, 1, 2, 3]]
06-13 20:07:15.891 12447 12669 I VrApi : FPS=2,Prd=0ms,Tear=6,Early=0,Stale=57,VSnc=0,Lat=1,CPU4/GPU=3/3,800/350MHz,OC=FF,TA=F0/F0/F0/F0,SP=F/F/F/F,Mem=1264MHz,Free=2302MB,PSM=0,PLS=0,Temp=30.2C/27.5C
06-13 20:07:15.941 3534 6514 D SSRM:n : SIOP:: AP = 520, PST = 493 (W:10), CP = 314, CUR = 1179, LCD = 18
06-13 20:07:15.941 3534 6514 D N : limitCameraFps:: limit = false
06-13 20:07:15.941 3534 6514 D N : broadcastSiopChangedIntent:: FLASH = false, CAMERA = false, RECORDING = false, RECORDING_FPS = false, SMARTBONDING = false, LIVETHUMBNAIL = false
06-13 20:07:15.961 3534 6514 W ContextImpl: Calling a method in the system process without a qualified user: android.app.ContextImpl.sendStickyBroadcast:1096 com.android.server.ssrm.N.do:-1 i.t.B:-1 i.t.c:-1 i.e.hr:-1
06-13 20:07:15.961 3534 6514 D N : broadcastSiopLevelIntent:: currentSiopLevel = 1
06-13 20:07:15.961 11934 11934 D ContentApp: LEVEL : 1
06-13 20:07:16.001 3534 6514 D ConnectivityService: returning getNetworkInfo for network type 1 : [type: WIFI[] - WIFI, state: CONNECTED/CONNECTED, reason: (unspecified), extra: "DigitalKey_Wifi_2", roaming: false, failover: false, isAvailable: true]
06-13 20:07:16.061 12294 12732 W ResourcesManager: getTopLevelResources: /data/app/com.instagram.android-1/base.apk / 1.0 running in com.instagram.android rsrc of package com.instagram.android
06-13 20:07:16.151 3534 6514 D ConnectivityService: returning getNetworkInfo for network type 1 : [type: WIFI[] - WIFI, state: CONNECTED/CONNECTED, reason: (unspecified), extra: "DigitalKey_Wifi_2", roaming: false, failover: false, isAvailable: true]
06-13 20:07:16.521 12447 12664 W TimeWarp: VSync 401036: Eye=1,late=0.0ms,over=0.2ms,CPU=0.4ms,GPU=8.3ms,Tot=8.9ms
06-13 20:07:16.581 12447 12625 I OVR : DeviceManagerThread - event 62 (498Hz) (Tid=12625)
06-13 20:07:16.891 12447 12669 I VrApi : FPS=10,Prd=33ms,Tear=5,Early=6,Stale=93,VSnc=1,Lat=1,CPU4/GPU=2/1,800/350MHz,OC=FF,TA=F0/F0/F0/F0,SP=F/F/F/F,Mem=836MHz,Free=2296MB,PSM=0,PLS=0,Temp=30.2C/27.5C
06-13 20:07:17.201 3534 3618 I ActivityManager: Start proc 12741:com.samsung.ucs.ucspinpad/1000 for service com.samsung.ucs.ucspinpad/.UcsPinpadService
06-13 20:07:17.211 12741 12741 E Zygote : v2
06-13 20:07:17.211 12741 12741 I libpersona: KNOX_SDCARD checking this for 1000
06-13 20:07:17.211 12741 12741 I libpersona: KNOX_SDCARD not a persona
06-13 20:07:17.211 12741 12741 I SELinux : Function: selinux_compare_spd_ram, index[1], SPD-policy is existed. and_ver=SEPF_SECMOBILE_6.0.1 ver=11
06-13 20:07:17.221 12741 12741 W SELinux : Function: selinux_compare_spd_ram, index[1], priority [1], priority version is VE=SEPF_SECMOBILE_6.0.1_0011
06-13 20:07:17.221 12741 12741 E Zygote : accessInfo : 0
06-13 20:07:17.261 12741 12741 D TimaKeyStoreProvider: TimaSignature is unavailable
06-13 20:07:17.261 12741 12741 D ActivityThread: Added TimaKeyStore provider
06-13 20:07:17.291 12741 12741 W ResourcesManager: getTopLevelResources: /system/priv-app/UcsPinpad/UcsPinpad.apk / 1.0 running in com.samsung.ucs.ucspinpad rsrc of package com.samsung.ucs.ucspinpad
06-13 20:07:17.291 3534 4025 I InjectionManagerService -AppFeature: getCoreFeaturePkgList :[]
06-13 20:07:17.291 12741 12741 I InjectionManager: Inside getClassLibPath + mLibMap{0=, 1=}
06-13 20:07:17.301 12741 12741 D ResourcesManager: For user 0 new overlays fetched Null
06-13 20:07:17.311 12741 12741 I InjectionManager: Inside getClassLibPath caller
06-13 20:07:17.331 12741 12741 W System : ClassLoader referenced unknown path: /system/priv-app/UcsPinpad/lib/arm64
06-13 20:07:17.331 12741 12741 D InjectionManager: InjectionManager
06-13 20:07:17.331 12741 12741 D InjectionManager: fillFeatureStoreMap com.samsung.ucs.ucspinpad
06-13 20:07:17.331 12741 12741 I InjectionManager: Constructor com.samsung.ucs.ucspinpad, Feature store :{}
06-13 20:07:17.331 12741 12741 I InjectionManager: featureStore :{}
06-13 20:07:17.341 12741 12741 D UcsPinpadService: onBind
06-13 20:07:17.341 3534 3534 D UcmService: onServiceConnected
06-13 20:07:17.371 3534 6514 D ConnectivityService: returning getNetworkInfo for network type 1 : [type: WIFI[] - WIFI, state: CONNECTED/CONNECTED, reason: (unspecified), extra: "DigitalKey_Wifi_2", roaming: false, failover: false, isAvailable: true]
06-13 20:07:17.371 3534 6514 D ConnectivityService: returning getNetworkInfo for network type 0 : [type: MOBILE[] - MOBILE, state: DISCONNECTED/DISCONNECTED, reason: (unspecified), extra: (none), roaming: false, failover: false, isAvailable: true]
06-13 20:07:17.371 3534 6514 I SurveyLogManager: REASON : REASON_BY_SIOP_LEVEL_CHANGE
06-13 20:07:17.371 3534 6514 W ContextImpl: Calling a method in the system process without a qualified user: android.app.ContextImpl.sendBroadcast:830 g.g.insertLog:-1 g.g.a:-1 g.d.handleMessage:-1 android.os.Handler.dispatchMessage:102
06-13 20:07:17.371 3534 6514 D SurveyLogging: app_id = com.android.server.ssrm, feature = SIOP, extra = {"SIOP":"1", "PST_TMP":"493", "BAT_TMP":"302", "CHG_TMP":"442", "PA_TMP":"314", "BAT_LV":"73", "BAT_CUR":"1179", "RSSI":"-67", "RAD_DAT":"0", "WIFI_DAT":"7129057", "BRI":"18", "CHR_TYPE":"0", "KNOX":"false", "SCRN":"true", "RAD":"2", "CALL":"false", "CF":"-1", "GF":"-1", "CG":"70", "TOP_PROC":"com.oculus.home", "TOP_USE":"9", "FOR_PKG":"com.oculus.home"}
06-13 20:07:17.381 3534 3618 V BroadcastQueue: [background] Process cur broadcast BroadcastRecord{a740d04 u0 com.samsung.android.providers.context.log.action.USE_APP_FEATURE_SURVEY qIdx=4}, state= (APP_RECEIVE) DELIVERED for app ProcessRecord{3757c28 5211:com.samsung.android.providers.context/u0a238}
06-13 20:07:17.591 12447 12625 I OVR : DeviceManagerThread - event 62 (498Hz) (Tid=12625)
06-13 20:07:17.891 12447 12669 I VrApi : FPS=39,Prd=46ms,Tear=1,Early=35,Stale=5,VSnc=1,Lat=1,CPU4/GPU=2/1,800/350MHz,OC=FF,TA=F0/F0/F0/F0,SP=F/F/F/F,Mem=836MHz,Free=2294MB,PSM=0,PLS=0,Temp=30.2C/27.5C
06-13 20:07:18.591 12447 12625 I OVR : DeviceManagerThread - event 62 (500Hz) (Tid=12625)
06-13 20:07:18.891 12447 12669 I VrApi : FPS=60,Prd=51ms,Tear=1,Early=60,Stale=0,VSnc=1,Lat=1,CPU4/GPU=2/1,800/350MHz,OC=FF,TA=F0/F0/F0/F0,SP=F/F/F/F,Mem=836MHz,Free=2291MB,PSM=0,PLS=0,Temp=30.2C/27.5C
06-13 20:07:19.541 12447 12664 W TimeWarp: VSync 401217: Eye=1,late=0.0ms,over=2.0ms,CPU=0.5ms,GPU=5.5ms,Tot=8.0ms
06-13 20:07:19.551 3534 4075 D NetworkPolicy: isUidForegroundLocked: 10221, mScreenOn: true, uidstate: 2, mProxSensorScreenOff: false
06-13 20:07:19.551 3534 4075 D NetworkPolicy: isUidForegroundLocked: 10221, mScreenOn: true, uidstate: 2, mProxSensorScreenOff: false
06-13 20:07:19.591 12447 12625 I OVR : DeviceManagerThread - event 62 (498Hz) (Tid=12625)
06-13 20:07:19.891 12447 12669 I VrApi : FPS=60,Prd=58ms,Tear=0,Early=60,Stale=0,VSnc=1,Lat=1,CPU4/GPU=2/1,800/350MHz,OC=FF,TA=F0/F0/F0/F0,SP=F/F/F/F,Mem=836MHz,Free=2285MB,PSM=0,PLS=0,Temp=30.2C/27.5C
06-13 20:07:19.891 12447 12664 W TimeWarp: VSync 401238: Eye=1,late=0.0ms,over=0.1ms,CPU=0.5ms,GPU=8.1ms,Tot=8.7ms
06-13 20:07:20.051 12447 12447 I Vsync : Vsync 401248: Choreographer: 1 x 15.54 ms (59.87 Hz, at 6800.708)
06-13 20:07:20.091 12447 12447 I Vsync : Vsync 401250: Choreographer: 1 x 17.83 ms (59.90 Hz, at 6800.742)
06-13 20:07:20.371 3534 4439 E Watchdog: !@Sync 226 [06-13 20:07:20.388]
06-13 20:07:20.601 12447 12625 I OVR : DeviceManagerThread - event 62 (498Hz) (Tid=12625)
06-13 20:07:20.891 12447 12669 I VrApi : FPS=59,Prd=61ms,Tear=0,Early=59,Stale=0,VSnc=1,Lat=1,CPU4/GPU=2/1,800/350MHz,OC=FF,TA=F0/F0/F0/F0,SP=F/F/F/F,Mem=836MHz,Free=2284MB,PSM=0,PLS=0,Temp=30.2C/27.5C
06-13 20:07:21.401 11918 12025 W Babel : ayr TOOK TOO LONG! (15001ms > 10000ms)
06-13 20:07:21.421 11918 12027 W Babel : ayr TOOK TOO LONG! (15001ms > 10000ms)
06-13 20:07:21.421 12447 12664 W TimeWarp: VSync 401329: Eye=1,late=0.0ms,over=1.7ms,CPU=0.8ms,GPU=4.1ms,Tot=6.6ms
06-13 20:07:21.421 11918 11918 W ResourcesManager: getTopLevelResources: /system/priv-app/SecMms_Epic_Common/SecMms_Epic_Common.apk / 1.0 running in com.google.android.talk rsrc of package com.android.mms
06-13 20:07:21.421 11918 11918 D ResourcesManager: For user 0 new overlays fetched Null
06-13 20:07:21.431 11918 11918 W ResourcesManager: getTopLevelResources: /data/app/com.facebook.orca-2/base.apk / 1.0 running in com.google.android.talk rsrc of package com.facebook.orca
06-13 20:07:21.511 3534 4031 V AlarmManager: remove PendingIntent] PendingIntent{478f2ed: PendingIntentRecord{1d1d522 com.oculus.horizon broadcastIntent}}
06-13 20:07:21.521 11977 12754 I System.out: (HTTPLog)-Static: isSBSettingEnabled false
06-13 20:07:21.521 11977 12754 I System.out: (HTTPLog)-Static: isSBSettingEnabled false
06-13 20:07:21.521 3112 3755 D EnterpriseController: netId is 0
06-13 20:07:21.521 3112 3755 D Netd : getNetworkForDns: using netid 502 for uid 10221
06-13 20:07:21.601 12447 12625 I OVR : DeviceManagerThread - event 62 (496Hz) (Tid=12625)
06-13 20:07:21.781 11918 11918 D ResourcesManager: For user 0 new overlays fetched Null
06-13 20:07:21.791 3534 4020 D PackageManager: setEnabledSetting : userId = 0 packageName = com.google.android.talk cmp = com.google.android.apps.hangouts.phone.ShareIntentSmsOnlyActivity newState = 2 callingPackage = 10129
06-13 20:07:21.821 12756 12756 E Zygote : v2
06-13 20:07:21.821 12756 12756 I libpersona: KNOX_SDCARD checking this for 10129
06-13 20:07:21.821 12756 12756 I libpersona: KNOX_SDCARD not a persona
06-13 20:07:21.821 12756 12756 I SELinux : Function: selinux_compare_spd_ram, index[1], SPD-policy is existed. and_ver=SEPF_SECMOBILE_6.0.1 ver=11
06-13 20:07:21.821 3534 3618 I ActivityManager: Start proc 12756:com.google.android.talk:matchstick/u0a129 for broadcast-3 com.google.android.talk/com.google.android.libraries.matchstick.net.MatchstickInProcessReceiver
06-13 20:07:21.831 12756 12756 W SELinux : Function: selinux_compare_spd_ram, index[1], priority [1], priority version is VE=SEPF_SECMOBILE_6.0.1_0011
06-13 20:07:21.831 12756 12756 E Zygote : accessInfo : 0
06-13 20:07:21.831 12756 12756 W SELinux : SELinux: seapp_context_lookup: seinfo=untrusted, level=s0:c512,c768, pkgname=com.google.android.talk:matchstick
06-13 20:07:21.871 12756 12756 D TimaKeyStoreProvider: TimaSignature is unavailable
06-13 20:07:21.871 12756 12756 D ActivityThread: Added TimaKeyStore provider
06-13 20:07:21.881 3534 4020 V BroadcastQueue: [background] Process cur broadcast BroadcastRecord{f944bb3 u0 register_intent_action qIdx=4}, state= (APP_RECEIVE) DELIVERED for app ProcessRecord{a6f570 12756:com.google.android.talk:matchstick/u0a129}
06-13 20:07:21.881 3534 4072 I Telecom : PhoneAccountRegistrar: SimCallManager queried, returning: null
06-13 20:07:21.891 12447 12669 I VrApi : FPS=50,Prd=50ms,Tear=1,Early=47,Stale=11,VSnc=1,Lat=1,CPU4/GPU=2/1,800/350MHz,OC=FF,TA=F0/F0/F0/F0,SP=F/F/F/F,Mem=1026MHz,Free=2259MB,PSM=0,PLS=0,Temp=30.2C/27.5C
06-13 20:07:21.891 12756 12756 W ResourcesManager: getTopLevelResources: /data/app/com.google.android.talk-1/base.apk / 1.0 running in com.google.android.talk rsrc of package com.google.android.talk
06-13 20:07:21.891 3534 4093 I InjectionManagerService -AppFeature: getCoreFeaturePkgList :[]
06-13 20:07:21.891 12756 12756 I InjectionManager: Inside getClassLibPath + mLibMap{0=, 1=}
06-13 20:07:21.891 11918 11918 I Babel_telephony: TeleModule.updateConnectionManagerRegistration, registration preference changed from false to false
06-13 20:07:21.891 11918 11918 W Babel : BAM#gBA: invalid account id: -1
06-13 20:07:21.891 11918 11918 W Babel : BAM#gBA: invalid account id: -1
06-13 20:07:21.891 11918 11918 I Babel_telephony: TeleModule.updateIncomingCallRegistration, preferred account for incoming calls changed from: null to null
06-13 20:07:21.901 12756 12756 D ResourcesManager: For user 0 new overlays fetched Null
06-13 20:07:21.901 12756 12756 I InjectionManager: Inside getClassLibPath caller
06-13 20:07:21.901 3534 4031 I Telecom : PhoneAccountRegistrar: SimCallManager queried, returning: null
06-13 20:07:21.921 12447 12447 I Vsync : Vsync 401360: Choreographer: 1 x 15.81 ms (59.88 Hz, at 6802.579)
06-13 20:07:21.961 12447 12447 I Vsync : Vsync 401362: Choreographer: 1 x 17.58 ms (59.91 Hz, at 6802.612)
06-13 20:07:21.961 3534 4074 V NetworkStats: performPollLocked(flags=0x1)
06-13 20:07:21.961 3534 4074 D NtpTrustedTime: currentTimeMillis() cache hit
06-13 20:07:22.001 3534 4074 V NetworkStats: performPollLocked() took 40ms
06-13 20:07:22.001 3534 4074 D NtpTrustedTime: currentTimeMillis() cache hit
06-13 20:07:22.011 3534 4075 D NtpTrustedTime: currentTimeMillis() cache hit
06-13 20:07:22.011 3534 4075 D NtpTrustedTime: currentTimeMillis() cache hit
06-13 20:07:22.011 12756 12756 D InjectionManager: InjectionManager
06-13 20:07:22.011 12756 12756 D InjectionManager: fillFeatureStoreMap com.google.android.talk
06-13 20:07:22.011 12756 12756 I InjectionManager: Constructor com.google.android.talk, Feature store :{}
06-13 20:07:22.011 12756 12756 I InjectionManager: featureStore :{}
06-13 20:07:22.011 11918 12136 W Babel : ayr TOOK TOO LONG! (15000ms > 10000ms)
