06-13 20:07:10.461 12447 12478 D LibraryMemoryCacheManager: Skipping because it is not in memory cache.
06-13 20:07:10.461 12447 12478 D LibraryMemoryCacheManager: Skipping because it is not in memory cache.
06-13 20:07:10.461 12447 12478 D LibraryMemoryCacheManager: Skipping because it is not in memory cache.
06-13 20:07:10.461 12447 12478 D LibraryMemoryCacheManager: Setting the new list with size 7 back to category GAMES
06-13 20:07:10.461 12447 12478 D LibraryMemoryCacheManager: Adding category to categoryId list
06-13 20:07:10.461 12447 12478 D LibraryMemoryCacheManager: Creating new list, but not added back yet, for category APPS
06-13 20:07:10.461 12447 12478 D LibraryMemoryCacheManager: Skipping because it is not in memory cache.
06-13 20:07:10.461 12447 12478 D LibraryMemoryCacheManager: Skipping because it is not in memory cache.
06-13 20:07:10.461 12447 12478 D LibraryMemoryCacheManager: Skipping because it is not in memory cache.
06-13 20:07:10.461 12447 12478 D LibraryMemoryCacheManager: Skipping because it is not in memory cache.
06-13 20:07:10.461 12447 12478 D LibraryMemoryCacheManager: Skipping because it is not in memory cache.
06-13 20:07:10.461 12447 12478 D LibraryMemoryCacheManager: Skipping because it is not in memory cache.
06-13 20:07:10.461 12447 12478 D LibraryMemoryCacheManager: Skipping because it is not in memory cache.
06-13 20:07:10.461 12447 12478 D LibraryMemoryCacheManager: Setting the new list with size 7 back to category APPS
06-13 20:07:10.461 12447 12478 D LibraryMemoryCacheManager: Adding category to categoryId list
06-13 20:07:10.461 12447 12478 D LibraryMemoryCacheManager: Creating new list, but not added back yet, for category ENTERTAINMENT
06-13 20:07:10.461 12447 12478 D LibraryMemoryCacheManager: Skipping because it is not in memory cache.
06-13 20:07:10.461 12447 12478 D LibraryMemoryCacheManager: Skipping because it is not in memory cache.
06-13 20:07:10.461 12447 12478 D LibraryMemoryCacheManager: Skipping because it is not in memory cache.
06-13 20:07:10.461 12447 12478 D LibraryMemoryCacheManager: Skipping because it is not in memory cache.
06-13 20:07:10.461 12447 12478 D LibraryMemoryCacheManager: Setting the new list with size 4 back to category ENTERTAINMENT
06-13 20:07:10.461 12447 12478 D LibraryMemoryCacheManager: Adding category to categoryId list
06-13 20:07:10.461 12447 12478 D LibraryMemoryCacheManager: Creating new list, but not added back yet, for category NOT_INSTALLED_CATEGORY_PLACEHOLDER_ID
06-13 20:07:10.461 12447 12478 D LibraryMemoryCacheManager: Skipping because it is not in memory cache.
06-13 20:07:10.461 12447 12478 D LibraryMemoryCacheManager: Setting the new list with size 1 back to category NOT_INSTALLED_CATEGORY_PLACEHOLDER_ID
06-13 20:07:10.461 12447 12478 D LibraryMemoryCacheManager: Adding category to categoryId list
06-13 20:07:10.461 12447 12478 D LibraryMemoryCacheManager: on MemCache Change, packageName: com.ArtFire.CosmosWarfare, rating: 0, status: INSTALLED
06-13 20:07:10.461 12447 12478 D LibraryMemoryCacheManager: on MemCache Change, packageName: com.ccpgames.gunjack, rating: 0, status: INSTALLED
06-13 20:07:10.461 12447 12478 D LibraryMemoryCacheManager: on MemCache Change, packageName: com.climaxstudios.BanditSix, rating: 0, status: INSTALLED
06-13 20:07:10.461 12447 12478 D LibraryMemoryCacheManager: on MemCache Change, packageName: com.endspace, rating: 0, status: INSTALLED
06-13 20:07:10.461 12447 12478 D LibraryMemoryCacheManager: on MemCache Change, packageName: com.glu.deerhuntvr, rating: 0, status: INSTALLED
06-13 20:07:10.461 12447 12478 D LibraryMemoryCacheManager: on MemCache Change, packageName: com.imangi.templerunvr, rating: 0, status: INSTALLED
06-13 20:07:10.461 12447 12478 D LibraryMemoryCacheManager: on MemCache Change, packageName: com.naquatic.shootingshowdown2, rating: 0, status: INSTALLED
06-13 20:07:10.461 12447 12478 D LibraryMemoryCacheManager: on MemCache Change, packageName: com.CubicleNinjas.GMVRMobile, rating: 0, status: INSTALLED
06-13 20:07:10.461 12447 12478 D LibraryMemoryCacheManager: on MemCache Change, packageName: com.VRARLab.SpeechCenter, rating: 0, status: INSTALLED
06-13 20:07:10.461 12447 12478 D LibraryMemoryCacheManager: on MemCache Change, packageName: com.evox.relaycars, rating: 0, status: INSTALLED
06-13 20:07:10.461 12447 12478 D LibraryMemoryCacheManager: on MemCache Change, packageName: com.jauntvr.android.player.gearvr, rating: 0, status: INSTALLED
06-13 20:07:10.461 12447 12478 D LibraryMemoryCacheManager: on MemCache Change, packageName: com.netflix.ninja.vr, rating: 0, status: INSTALLED
06-13 20:07:10.461 12447 12478 D LibraryMemoryCacheManager: on MemCache Change, packageName: com.oculus.cinema, rating: 0, status: INSTALLED
06-13 20:07:10.461 12447 12478 D LibraryMemoryCacheManager: on MemCache Change, packageName: com.oculus.oculus360photos, rating: 0, status: INSTALLED
06-13 20:07:10.461 12447 12478 D LibraryMemoryCacheManager: on MemCache Change, packageName: com.felixandpaul.jurassicworld.apatosaurus, rating: 0, status: INSTALLED
06-13 20:07:10.461 12447 12478 D LibraryMemoryCacheManager: on MemCache Change, packageName: com.oculusvr.pwatson, rating: 0, status: INSTALLED
06-13 20:07:10.461 12447 12478 D LibraryMemoryCacheManager: on MemCache Change, packageName: com.samsaodev.oobe, rating: 0, status: INSTALLED
06-13 20:07:10.461 12447 12478 D LibraryMemoryCacheManager: on MemCache Change, packageName: com.samsaodev.zarkana, rating: 0, status: INSTALLED
06-13 20:07:10.461 12447 12478 D LibraryMemoryCacheManager: on MemCache Change, packageName: 813714398719210, rating: 0, status: NOT_DOWNLOADED
06-13 20:07:10.551 3534 4065 D PowerManagerService: [api] acquire WakeLock flags=0x1a tag=Unity-StartupWakeLock uid=10221 pid=12447
06-13 20:07:10.551 3534 4172 D lights : button : 1 +
06-13 20:07:10.551 3534 4172 D lights : button : 1 -
06-13 20:07:10.561 3534 4031 E SensorService: getSensorList a sensor (HRM Ambient Light Canceling) without holding its required permission: com.samsung.permission.HRM_EXT
06-13 20:07:10.561 3534 4031 I SensorService: Skipped sensor HRM Ambient Light Canceling because it requires permission com.samsung.permission.HRM_EXT and app op -1
06-13 20:07:10.561 3534 4031 E SensorService: getSensorList a sensor (HRM Proximity detecting) without holding its required permission: com.samsung.permission.HRM_EXT
06-13 20:07:10.561 3534 4031 I SensorService: Skipped sensor HRM Proximity detecting because it requires permission com.samsung.permission.HRM_EXT and app op -1
06-13 20:07:10.561 3534 4031 W ServiceManager: Permission failure: android.permission.BODY_SENSORS from uid=10221 pid=12447
06-13 20:07:10.561 3534 4031 E SensorService: getSensorList a sensor (HRMLED IR) without holding its required permission: android.permission.BODY_SENSORS
06-13 20:07:10.561 3534 4031 I SensorService: Skipped sensor HRMLED IR because it requires permission android.permission.BODY_SENSORS and app op 56
06-13 20:07:10.561 3534 4031 W ServiceManager: Permission failure: android.permission.BODY_SENSORS from uid=10221 pid=12447
06-13 20:07:10.561 3534 4031 E SensorService: getSensorList a sensor (HRMLED RED) without holding its required permission: android.permission.BODY_SENSORS
06-13 20:07:10.561 3534 4031 I SensorService: Skipped sensor HRMLED RED because it requires permission android.permission.BODY_SENSORS and app op 56
06-13 20:07:10.561 3534 4031 E SensorService: getSensorList a sensor (MAX86900) without holding its required permission: com.samsung.permission.SSENSOR
06-13 20:07:10.561 3534 4031 I SensorService: Skipped sensor MAX86900 because it requires permission com.samsung.permission.SSENSOR and app op -1
06-13 20:07:10.561 3534 4031 E SensorService: getSensorList a sensor (HRM Sensor) without holding its required permission: com.samsung.permission.SSENSOR
06-13 20:07:10.561 3534 4031 I SensorService: Skipped sensor HRM Sensor because it requires permission com.samsung.permission.SSENSOR and app op -1
06-13 20:07:10.561 3534 4031 W ServiceManager: Permission failure: android.permission.BODY_SENSORS from uid=10221 pid=12447
06-13 20:07:10.561 3534 4031 E SensorService: getSensorList a sensor (HeartRate Sensor) without holding its required permission: android.permission.BODY_SENSORS
06-13 20:07:10.561 3534 4031 I SensorService: Skipped sensor HeartRate Sensor because it requires permission android.permission.BODY_SENSORS and app op 56
06-13 20:07:10.571 12447 12447 W ResourcesManager: getTopLevelResources: /data/app/com.oculus.home-2/base.apk / 1.0 running in com.oculus.home rsrc of package com.oculus.home
06-13 20:07:10.591 12447 12447 D Activity: performCreate Call Injection manager
06-13 20:07:10.591 12447 12447 I InjectionManager: dispatchOnViewCreated > Target : com.oculus.home.HomeActivity isFragment :false
06-13 20:07:10.591 12447 12484 D Retrofit: ---> HTTP GET https://graph.oculus.com/required_mobile_versions
06-13 20:07:10.591 12447 12484 D Retrofit: Accept-Language: pt-BR
06-13 20:07:10.591 12447 12484 D Retrofit: User-Agent: Dalvik/2.1.0 (Linux; U; Android 6.0.1; SM-N920G Build/MMB29K) [FBAN/OculusHome;FBAV/1.21.1;FBDV/SM-N920G;FBCR/null;FBLC/pt_BR;FBSV/6.0.1;FBBD/samsung;FBBV/31436366;FBCA/armeabi-v7a:armeabi;FBMF/samsung;FBPN/com.oculus.home;]
06-13 20:07:10.591 12447 12484 D Retrofit: X-ANDROID-ID: f8122933a38adb8b
06-13 20:07:10.591 12447 12484 D Retrofit: X-Build-Model: SM-N920G
06-13 20:07:10.591 12447 12484 D Retrofit: X-Build-Number: 31436366
06-13 20:07:10.591 12447 12484 D Retrofit: X-Oculus-Feature: 1
06-13 20:07:10.591 12447 12484 D Retrofit: oculus-request-id: 657ea08a-a64a-426b-87cc-670f8afd2a43
06-13 20:07:10.591 12447 12484 D Retrofit: ---> END HTTP (no body)
06-13 20:07:10.601 12447 12487 V DefaultAnalyticsLogger: New event {"name":"moonlight_app_start","time":"1465855630.609","extra":{"app_package_name":"com.oculus.home","app_version_name":"1.21.1","app_version_code":"31436366","app_item_id":"0","last_app_launcher_package_name":"com.oculus.home","reason":"home_launched","email":"marcio@digitalkey.com.br","id":"790537834377045","endpoint_host":"https:\/\/graph.oculus.com","imei":"354472070034882","pk":"0"}}.
06-13 20:07:10.611 12447 12447 D SecWifiDisplayUtil: Metadata value : SecSettings2
06-13 20:07:10.611 12447 12447 D ViewRootImpl: #1 mView = com.android.internal.policy.PhoneWindow$DecorView{601433c I.E...... R.....ID 0,0-0,0}
06-13 20:07:10.611 3534 4081 D ISSUE_DEBUG: InputChannelName : 857c72a com.oculus.home/com.oculus.home.HomeActivity
06-13 20:07:10.611 3112 3755 D EnterpriseController: netId is 0
06-13 20:07:10.611 3112 3755 D Netd : getNetworkForDns: using netid 502 for uid 10221
06-13 20:07:10.611 3534 4085 D ActivityManager: post active user change for 0 fullscreen true isFloatingActivity() false isHomeActivity() false
06-13 20:07:10.621 3534 4085 D KnoxTimeoutHandler: postActiveUserChange [MsgParam] userId: 0 fullscreen is true showWhenlocked is true
06-13 20:07:10.621 3534 3534 D KnoxTimeoutHandler: handleActiveUserChange [MsgParam] userId: 0 fullscreen is true showWhenlocked is true
06-13 20:07:10.621 3534 3534 I KnoxTimeoutHandler: Shared devices show user statefalse
06-13 20:07:10.681 3099 3099 I SurfaceFlinger: id=186 createSurf (1x1),1 flag=4, IomeActivit
06-13 20:07:10.681 3534 4060 D KnoxTimeoutHandler: notifyActivityDrawn [MsgParam] userId: 0 fullscreen is true showWhenlocked is true
06-13 20:07:10.681 3534 3534 D KnoxTimeoutHandler: activityDrawn [MsgParam] userId: 0 fullscreen is true showWhenlocked is true
06-13 20:07:10.681 3534 3534 I KnoxTimeoutHandler: SD activityfalse
06-13 20:07:10.691 3534 4060 D InputDispatcher: Focus entered window: 12447
06-13 20:07:10.691 3534 4060 D KnoxTimeoutHandler: notifyActivityDrawn [MsgParam] userId: 0 fullscreen is true showWhenlocked is true
06-13 20:07:10.691 3534 3534 D KnoxTimeoutHandler: activityDrawn [MsgParam] userId: 0 fullscreen is true showWhenlocked is true
06-13 20:07:10.691 3534 3534 I KnoxTimeoutHandler: SD activityfalse
06-13 20:07:10.691 3534 3647 D PointerIcon: setMouseIconStyle1 pointerType: 1001 iconType:101 flag:0 pid:3534 uid:1000
06-13 20:07:10.691 3534 3647 D PointerIcon: setMouseCustomIcon IconType is same.101
06-13 20:07:10.691 3534 3647 D PointerIcon: setHoveringSpenIconStyle1 pointerType: 10001 iconType:1 flag:0 pid:3534 uid:1000
06-13 20:07:10.691 3534 3647 D PointerIcon: setHoveringSpenCustomIcon IconType is same.1
06-13 20:07:10.701 3099 3099 I SurfaceFlinger: id=187 createSurf (2560x1440),2 flag=404, TurfaceView
06-13 20:07:10.701 3534 4020 D KnoxTimeoutHandler: notifyActivityDrawn [MsgParam] userId: 0 fullscreen is true showWhenlocked is true
06-13 20:07:10.701 3534 3534 D KnoxTimeoutHandler: activityDrawn [MsgParam] userId: 0 fullscreen is true showWhenlocked is true
06-13 20:07:10.701 3534 3534 I KnoxTimeoutHandler: SD activityfalse
06-13 20:07:10.701 3534 4081 V WindowStateAnimator: Finishing drawing window Window{a400ab8 u0 d0 SurfaceView}: mDrawState=DRAW_PENDING
06-13 20:07:10.701 3534 3647 D KnoxTimeoutHandler: notifyActivityDrawn [MsgParam] userId: 0 fullscreen is true showWhenlocked is true
06-13 20:07:10.701 3534 3534 D KnoxTimeoutHandler: activityDrawn [MsgParam] userId: 0 fullscreen is true showWhenlocked is true
06-13 20:07:10.701 3534 3534 I KnoxTimeoutHandler: SD activityfalse
06-13 20:07:10.711 3534 4093 D KnoxTimeoutHandler: notifyActivityDrawn [MsgParam] userId: 0 fullscreen is true showWhenlocked is true
06-13 20:07:10.711 3534 3534 D KnoxTimeoutHandler: activityDrawn [MsgParam] userId: 0 fullscreen is true showWhenlocked is true
06-13 20:07:10.711 3534 3534 I KnoxTimeoutHandler: SD activityfalse
06-13 20:07:10.711 3534 4072 D KnoxTimeoutHandler: notifyActivityDrawn [MsgParam] userId: 0 fullscreen is true showWhenlocked is true
06-13 20:07:10.711 3534 3534 D KnoxTimeoutHandler: activityDrawn [MsgParam] userId: 0 fullscreen is true showWhenlocked is true
06-13 20:07:10.711 3534 3534 I KnoxTimeoutHandler: SD activityfalse
06-13 20:07:10.711 3534 4025 V WindowStateAnimator: Finishing drawing window Window{a400ab8 u0 d0 SurfaceView}: mDrawState=READY_TO_SHOW
06-13 20:07:10.741 3534 3554 V WindowStateAnimator: Finishing drawing window Window{857c72a u0 d0 com.oculus.home/com.oculus.home.HomeActivity}: mDrawState=DRAW_PENDING
06-13 20:07:10.741 12447 12447 D ViewRootImpl: MSG_RESIZED_REPORT: ci=Rect(0, 0 - 0, 0) vi=Rect(0, 0 - 0, 0) or=2
06-13 20:07:10.741 3534 4101 D InputMethodManagerService: windowGainedFocus mCurrentFocusedUserId - 0 and mSecureKeypadEnabled-false
06-13 20:07:10.741 3534 3647 D KnoxTimeoutHandler: notifyActivityDrawn [MsgParam] userId: 0 fullscreen is true showWhenlocked is true
06-13 20:07:10.741 3534 3534 D KnoxTimeoutHandler: activityDrawn [MsgParam] userId: 0 fullscreen is true showWhenlocked is true
06-13 20:07:10.741 3534 3534 I KnoxTimeoutHandler: SD activityfalse
06-13 20:07:10.751 3534 3647 D KnoxTimeoutHandler: notifyActivityDrawn [MsgParam] userId: 0 fullscreen is true showWhenlocked is true
06-13 20:07:10.751 3534 3534 D KnoxTimeoutHandler: activityDrawn [MsgParam] userId: 0 fullscreen is true showWhenlocked is true
06-13 20:07:10.751 3534 3534 I KnoxTimeoutHandler: SD activityfalse
06-13 20:07:10.751 3534 3647 D KnoxTimeoutHandler: notifyActivityDrawn [MsgParam] userId: 0 fullscreen is true showWhenlocked is true
06-13 20:07:10.751 3534 3534 D KnoxTimeoutHandler: activityDrawn [MsgParam] userId: 0 fullscreen is true showWhenlocked is true
06-13 20:07:10.751 3534 3647 I ActivityManager: Displayed com.oculus.home/.HomeActivity: +675ms
06-13 20:07:10.751 3534 3647 D CustomFrequencyManagerService: releaseDVFSLockLocked : Getting Lock type frm List : DVFS_MIN_LIMIT frequency : 1800000 uid : 1000 pid : 3534 tag : ACTIVITY_RESUME_BOOSTER@3
06-13 20:07:10.751 3534 3647 D ActivityManager: mDVFSHelper.release()
06-13 20:07:10.751 3534 3647 I Timeline: Timeline: Activity_windows_visible id: ActivityRecord{a97ccc3 u0 com.oculus.home/.HomeActivity t856} time:6791402
06-13 20:07:10.751 3534 3618 D CustomFrequencyManagerService: acquireDVFSLockLocked : type : DVFS_MIN_LIMIT frequency : 1800000 uid : 1000 pid : 3534 pkgName : ACTIVITY_RESUME_BOOSTER@9
06-13 20:07:10.751 3534 3647 D ViewRootImpl: #3 mView = null
06-13 20:07:10.751 3534 3534 I KnoxTimeoutHandler: SD activityfalse
06-13 20:07:10.751 3534 3647 D KnoxTimeoutHandler: notifyActivityDrawn [MsgParam] userId: 0 fullscreen is true showWhenlocked is true
06-13 20:07:10.751 3534 3534 D KnoxTimeoutHandler: activityDrawn [MsgParam] userId: 0 fullscreen is true showWhenlocked is true
06-13 20:07:10.751 12169 12169 D SamsungIME: IMPL finishInput
06-13 20:07:10.751 12169 12169 D SamsungIME: SwiftKeyWrapper writeDBdataToFileOnFinishInput
06-13 20:07:10.751 12169 12169 D SamsungIME: saveAndClear +
06-13 20:07:10.751 3534 3534 I KnoxTimeoutHandler: SD activityfalse
06-13 20:07:10.751 12169 12169 D SamsungIME: saveAndClear -
06-13 20:07:10.751 12169 12169 D SamsungIME: onStartInput: No inputType, No imeOption, isInputViewShown = false, isExtractViewShown = false, isShowInputRequested = false, isConfigChanged = false
06-13 20:07:10.751 3099 3099 D libEGL : eglInitialize EGLDisplay = 0x7febdd34e8
06-13 20:07:10.751 3534 4038 V WindowStateAnimator: Finishing drawing window Window{857c72a u0 d0 com.oculus.home/com.oculus.home.HomeActivity}: mDrawState=HAS_DRAWN
06-13 20:07:10.761 3534 3647 D KnoxTimeoutHandler: notifyActivityDrawn [MsgParam] userId: 0 fullscreen is true showWhenlocked is true
06-13 20:07:10.761 3534 3534 D KnoxTimeoutHandler: activityDrawn [MsgParam] userId: 0 fullscreen is true showWhenlocked is true
06-13 20:07:10.761 12447 12447 I Timeline: Timeline: Activity_idle id: android.os.BinderProxy@3ef7055 time:6791410
06-13 20:07:10.761 12058 12058 V VRSVC : (MonoActivity.java:175) onSaveInstanceState [onSaveInstanceState()]
06-13 20:07:10.761 12058 12058 V VRSVC : (MonoActivity.java:230) onStop [onStop()]
06-13 20:07:10.761 12058 12058 V ActivityThread: updateVisibility : ActivityRecord{1f3baac token=android.os.BinderProxy@7806545 {com.samsung.android.hmt.vrsvc/com.samsung.android.hmt.vrsvc.MonoActivity}} show : false
06-13 20:07:10.761 3534 3534 I KnoxTimeoutHandler: SD activityfalse
06-13 20:07:10.841 12447 12483 E Unity : Unable to find OculusInitPlugin
06-13 20:07:10.931 12447 12483 D libEGL : loaded /vendor/lib/egl/libGLES_mali.so
06-13 20:07:10.941 3534 3647 D KnoxTimeoutHandler: notifyActivityDrawn [MsgParam] userId: 0 fullscreen is true showWhenlocked is true
06-13 20:07:10.941 3534 3534 D KnoxTimeoutHandler: activityDrawn [MsgParam] userId: 0 fullscreen is true showWhenlocked is true
06-13 20:07:10.941 3099 4720 I SurfaceFlinger: id=185 Removed iome (3/11)
06-13 20:07:10.941 3099 4720 I SurfaceFlinger: id=185 Removed iome (-2/11)
06-13 20:07:10.941 3534 3534 I KnoxTimeoutHandler: SD activityfalse
06-13 20:07:10.941 3534 3647 D KnoxTimeoutHandler: notifyActivityDrawn [MsgParam] userId: 0 fullscreen is true showWhenlocked is true
06-13 20:07:10.941 3534 3534 D KnoxTimeoutHandler: activityDrawn [MsgParam] userId: 0 fullscreen is true showWhenlocked is true
06-13 20:07:10.941 3534 3534 I KnoxTimeoutHandler: SD activityfalse
06-13 20:07:10.941 12447 12483 D libEGL : eglInitialize EGLDisplay = 0xdf38b414
06-13 20:07:10.951 12447 12483 D mali_winsys: new_window_surface returns 0x3000, [2560x1440]-format:2
06-13 20:07:10.951 12447 12483 D : ro.exynos.dss isEnabled: 0
06-13 20:07:10.951 3099 3099 D libEGL : eglTerminate EGLDisplay = 0x7febdd3618
06-13 20:07:10.961 12447 12483 D Unity : GL_EXT_debug_marker GL_ARM_rgba8 GL_ARM_mali_shader_binary GL_OES_depth24 GL_OES_depth_texture GL_OES_depth_texture_cube_map GL_OES_packed_depth_stencil GL_OES_rgb8_rgba8 GL_EXT_read_format_bgra GL_OES_compressed_paletted_texture GL_OES_compressed_ETC1_RGB8_texture GL_OES_standard_derivatives GL_OES_EGL_image GL_OES_EGL_image_external GL_OES_EGL_sync GL_OES_texture_npot GL_OES_vertex_half_float GL_OES_required_internalformat GL_OES_vertex_array_object GL_OES_mapbuffer GL_EXT_texture_format_BGRA8888 GL_EXT_texture_rg GL_EXT_texture_type_2_10_10_10_REV GL_OES_fbo_render_mipmap GL_OES_element_index_uint GL_EXT_shadow_samplers GL_OES_texture_compression_astc GL_KHR_texture_compression_astc_ldr GL_KHR_texture_compression_astc_hdr GL_KHR_debug GL_EXT_occlusion_query_boolean GL_EXT_disjoint_timer_query GL_EXT_blend_minmax GL_EXT_discard_framebuffer GL_OES_get_program_binary GL_OES_texture_3D GL_EXT_texture_storage GL_EXT_multisampled_render_to_texture GL_OES_surfaceless_context GL_OES_texture_stencil8 GL_EXT_shader
06-13 20:07:10.961 12447 12483 D Unity : _pixel_local_storage GL_ARM_shader_framebuffer_fetch GL_ARM_shader_framebuffer_fetch_depth_stencil GL_ARM_mali_program_binary GL_EXT_sRGB GL_EXT_sRGB_write_control GL_EXT_texture_sRGB_decode GL_KHR_blend_equation_advanced GL_KHR_blend_equation_advanced_coherent GL_OES_texture_storage_multisample_2d_array GL_OES_shader_image_atomic GL_EXT_robustness GL_EXT_draw_buffers_indexed GL_OES_draw_buffers_indexed GL_EXT_texture_border_clamp GL_OES_texture_border_clamp GL_EXT_texture_cube_map_array GL_OES_texture_cube_map_array GL_OES_sample_variables GL_OES_sample_shading GL_OES_shader_multisample_interpolation GL_EXT_shader_io_blocks GL_OES_shader_io_blocks GL_EXT_tessellation_shader GL_OES_tessellation_shader GL_EXT_primitive_bounding_box GL_OES_primitive_bounding_box GL_EXT_geometry_shader GL_OES_geometry_shader GL_ANDROID_extension_pack_es31a GL_EXT_gpu_shader5 GL_OES_gpu_shader5 GL_EXT_texture_buffer GL_OES_texture_buffer GL_EXT_copy_image GL_OES_copy_image GL_EXT_color_buffer_half_float GL_EXT_color_buffer_float
06-13 20:07:10.961 12447 12483 D Unity : GL_OVR_multiview GL_OVR_multiview2 GL_OVR_multiview_multisampled_render_to_texture
06-13 20:07:10.961 12447 12483 D libGLESv1: DTS_GLAPI : DTS is not allowed for Package : com.oculus.home
06-13 20:07:10.971 4247 4247 I wpa_supplicant: nl80211: Received scan results (12 BSSes)
06-13 20:07:10.971 3112 3752 D Netd : Iface wlan0 link up
06-13 20:07:10.971 3534 3622 D Tethering: interfaceLinkStateChanged wlan0, true
06-13 20:07:10.971 3534 3622 D Tethering: interfaceStatusChanged wlan0, true
06-13 20:07:10.981 3534 4078 D WifiP2pService: InactiveState{ what=147461 }
06-13 20:07:10.981 3534 4078 D WifiP2pService: P2pEnabledState{ what=147461 }
06-13 20:07:10.981 3534 4078 D WifiP2pService: DefaultState{ what=147461 }
06-13 20:07:10.981 12447 12483 I Unity : Default GameObject BitMask: UI already registered
06-13 20:07:10.981 12447 12483 I Unity :
06-13 20:07:10.981 12447 12483 I Unity : (Filename: Line: 169)
06-13 20:07:10.981 12447 12483 I Unity :
06-13 20:07:10.991 12447 12483 W libc : pthread_create sched_setscheduler call failed: Operation not permitted
06-13 20:07:10.991 3534 3618 V BroadcastQueue: [background] Process cur broadcast BroadcastRecord{7a8e4cd u-1 android.net.wifi.SCAN_RESULTS qIdx=4}, state= (APP_RECEIVE) DELIVERED for app ProcessRecord{5a9825 4213:com.android.systemui/u0a62}
06-13 20:07:10.991 3534 3534 I CLocInfoService: External Intent Received android.net.wifi.SCAN_RESULTS
06-13 20:07:11.011 11954 11954 W fb4a(:):ServiceInfoParser: com.facebook.common.jobscheduler.compat.ServiceInfoParser$NoJobMetaDataFoundException: Service com.facebook.analytics2.logger.LollipopUploadService is missing meta key com.facebook.common.jobscheduler.compat.jobIds
06-13 20:07:11.011 3120 4705 W AudioPolicyIntefaceImpl: Skipped to add effects on session 121
06-13 20:07:11.011 3120 4705 I APM::AudioPolicyManager: startOutput() output 2, stream 3, session 121
06-13 20:07:11.011 3120 3770 D audio_hw_primary: out_set_parameters: enter: kvpairs: routing=2
06-13 20:07:11.011 3120 3770 D AudioFlinger: setCurDevice() 0x2
06-13 20:07:11.011 3120 4705 D AudioFlinger: [DUAL_CLOCK_V2] MixerThread::sendReconfigClock(), mOutput(-244954608), mOutput->flags(0xa), isWritingUHQA(false), currentSampleRate(48000)
06-13 20:07:11.021 3120 3770 I AudioMixer: create resampler src 24000, 2, dst 48000, 2
06-13 20:07:11.021 3120 3770 D SoundAliveResampler: [SoundAliveResampler] Init+++
06-13 20:07:11.021 3120 3770 V audio_hw_primary: start_output_stream+, out->device : 00000002 , out->type = 0
06-13 20:07:11.021 3120 3770 D audio_hw_primary: start_output_stream (0xf166c2a0) out->pcm_device:8 out->config.rate:48000 out->config.format:0 out->period_size:960
06-13 20:07:11.021 3120 3770 D audio_hw_primary: start_output_stream (0xf166c2a0) out->config.rate:48000 out->config.format:0 out->period_size:960
06-13 20:07:11.031 3120 3770 I audio_hw_primary: is_voice_wakeup : ret = 1 , wakeup_baby_cry_enabled = 0 , wakeup_mic_enabled = 1
06-13 20:07:11.031 3120 3770 I audio_hw_primary: get_scenario : scenario_type = 36
06-13 20:07:11.031 3120 3770 I audio_hw_primary: get_input_snd_device_id device:0xc
06-13 20:07:11.031 3120 3770 V audio_hw_primary: select_devices output_scenario:0 input_scenario:36 out_snd_device 0x2 in_snd_device:0xc
06-13 20:07:11.031 3120 3770 I audio_route:
06-13 20:07:11.031 3120 3770 I audio_route: > audio_route_reset :
06-13 20:07:11.031 3120 3770 I audio_route:
06-13 20:07:11.031 3120 3770 I audio_route: > audio_route_apply_path : "voice_control-mic"
06-13 20:07:11.031 3120 3770 V audio_hw_primary: select_devices() input_route "voice_control-mic"
06-13 20:07:11.031 3120 3770 I audio_route:
06-13 20:07:11.031 3120 3770 I audio_route: > audio_route_apply_path : "media-speaker"
06-13 20:07:11.041 11954 11954 W fb4a(:):ServiceInfoParser: com.facebook.common.jobscheduler.compat.ServiceInfoParser$NoJobMetaDataFoundException: Service com.facebook.bugreporter.scheduler.LollipopBugReportService is missing meta key com.facebook.common.jobscheduler.compat.jobIds
06-13 20:07:11.041 11954 11954 W fb4a(:):ServiceInfoParser: com.facebook.common.jobscheduler.compat.ServiceInfoParser$NoJobMetaDataFoundException: Service com.facebook.prefetch.feed.scheduler.NewsFeedPrefetchLollipopService is missing meta key com.facebook.common.jobscheduler.compat.jobIds
06-13 20:07:11.051 3534 3534 D CustomFrequencyManagerService: releaseDVFSLockLocked : Getting Lock type frm List : DVFS_MIN_LIMIT frequency : 1800000 uid : 1000 pid : 3534 tag : ACTIVITY_RESUME_BOOSTER@9
06-13 20:07:11.071 11954 11954 W InstanceID/Rpc: Found 10015
06-13 20:07:11.081 3534 3618 V BroadcastQueue: [background] Process cur broadcast BroadcastRecord{57f4093 u0 com.google.android.gms.gcm.ACTION_SCHEDULE qIdx=4}, state= (APP_RECEIVE) DELIVERED for app ProcessRecord{d237fdd 12137:com.google.android.gms.persistent/u0a15}
06-13 20:07:11.081 11833 11833 D Recents : onTaskStackChanged
06-13 20:07:11.091 3120 3770 V audio_hw_primary: select_devices() output_route "media-speaker"
06-13 20:07:11.091 3120 3770 I audio_route:
06-13 20:07:11.091 3120 3770 I audio_route: > audio_route_apply_path : "gain-voice_control-mic"
06-13 20:07:11.101 3120 3770 V audio_hw_primary: select_devices() input_gain "gain-voice_control-mic"
06-13 20:07:11.101 3120 3770 I audio_route:
06-13 20:07:11.101 3120 3770 I audio_route: > audio_route_apply_path : "gain-media-speaker"
06-13 20:07:11.101 3534 4025 E SensorService: getSensorList a sensor (HRM Ambient Light Canceling) without holding its required permission: com.samsung.permission.HRM_EXT
06-13 20:07:11.101 3534 4025 I SensorService: Skipped sensor HRM Ambient Light Canceling because it requires permission com.samsung.permission.HRM_EXT and app op -1
06-13 20:07:11.101 3534 4025 E SensorService: getSensorList a sensor (HRM Proximity detecting) without holding its required permission: com.samsung.permission.HRM_EXT
06-13 20:07:11.101 3534 4025 I SensorService: Skipped sensor HRM Proximity detecting because it requires permission com.samsung.permission.HRM_EXT and app op -1
06-13 20:07:11.101 3534 4025 W ServiceManager: Permission failure: android.permission.BODY_SENSORS from uid=10221 pid=12447
06-13 20:07:11.101 3120 3770 V audio_hw_primary: select_devices() output_gain "gain-media-speaker"
06-13 20:07:11.101 3120 3770 I audio_route:
06-13 20:07:11.101 3120 3770 I audio_route: > audio_route_update_mixer : +
06-13 20:07:11.101 3534 4025 E SensorService: getSensorList a sensor (HRMLED IR) without holding its required permission: android.permission.BODY_SENSORS
06-13 20:07:11.101 3534 4025 I SensorService: Skipped sensor HRMLED IR because it requires permission android.permission.BODY_SENSORS and app op 56
06-13 20:07:11.101 3534 4025 W ServiceManager: Permission failure: android.permission.BODY_SENSORS from uid=10221 pid=12447
06-13 20:07:11.101 3534 4025 E SensorService: getSensorList a sensor (HRMLED RED) without holding its required permission: android.permission.BODY_SENSORS
06-13 20:07:11.101 3534 4025 I SensorService: Skipped sensor HRMLED RED because it requires permission android.permission.BODY_SENSORS and app op 56
06-13 20:07:11.101 3534 4025 E SensorService: getSensorList a sensor (MAX86900) without holding its required permission: com.samsung.permission.SSENSOR
06-13 20:07:11.101 3534 4025 I SensorService: Skipped sensor MAX86900 because it requires permission com.samsung.permission.SSENSOR and app op -1
06-13 20:07:11.101 3534 4025 E SensorService: getSensorList a sensor (HRM Sensor) without holding its required permission: com.samsung.permission.SSENSOR
06-13 20:07:11.101 3534 4025 I SensorService: Skipped sensor HRM Sensor because it requires permission com.samsung.permission.SSENSOR and app op -1
06-13 20:07:11.101 3120 3770 I audio_route: > audio_route_update_mixer : changed(0) -
06-13 20:07:11.101 3120 3770 V audio_hw_primary: select_devices : set seamless_buf_offset
06-13 20:07:11.101 3120 3770 I audio_route:
06-13 20:07:11.101 3120 3770 I audio_route: > audio_values_apply_path : "seamless_buf_offset"
06-13 20:07:11.101 3534 4025 W ServiceManager: Permission failure: android.permission.BODY_SENSORS from uid=10221 pid=12447
06-13 20:07:11.101 3534 4025 E SensorService: getSensorList a sensor (HeartRate Sensor) without holding its required permission: android.permission.BODY_SENSORS
06-13 20:07:11.101 3534 4025 I SensorService: Skipped sensor HeartRate Sensor because it requires permission android.permission.BODY_SENSORS and app op 56
06-13 20:07:11.101 3534 4065 D SensorService: SensorEventConnection::SocketBufferSize, SystemSocketBufferSize - 102400, 2097152
06-13 20:07:11.101 3120 3770 I audio_hw_primary: select_devices -
06-13 20:07:11.101 3120 3770 V audio_hw_primary: start_output_stream-
06-13 20:07:11.101 3534 4089 I Sensors : Acc old sensor_state 0, new sensor_state : 1 en : 1
06-13 20:07:11.111 3120 3770 D AudioFlinger: mixer(0xee700000) Spend too much time to write: delta 83(effect 0)
06-13 20:07:11.121 3534 3534 I CLocInfoService: External Intent Received android.net.wifi.SCAN_RESULTS
06-13 20:07:11.131 3534 6515 W ResourcesManager: getTopLevelResources: /data/app/com.oculus.home-2/base.apk / 1.0 running in null rsrc of package com.oculus.home
06-13 20:07:11.141 3534 4060 V BroadcastQueue: [background] Process cur broadcast BroadcastRecord{18d78d0 u-1 android.net.wifi.SCAN_RESULTS qIdx=4}, state= (APP_RECEIVE) DELIVERED for app ProcessRecord{5a9825 4213:com.android.systemui/u0a62}
06-13 20:07:11.151 12447 12483 D mali_winsys: new_window_surface returns 0x3000, [2560x1440]-format:2
06-13 20:07:11.171 3099 3099 D libEGL : eglInitialize EGLDisplay = 0x7febdd34e8
06-13 20:07:11.171 11954 12537 W fb4a(:):UserScope: Called user scoped provider with no viewer. ViewerContextManager was created with no ViewerContext. Using EmptyViewerContextManager to return fake logged in instance.
06-13 20:07:11.181 3534 4085 V AlarmManager: remove PendingIntent] PendingIntent{12ae085: PendingIntentRecord{5038874 com.google.android.gms broadcastIntent}}
06-13 20:07:11.191 3120 3770 D AudioFlinger: mixer(0xee700000) throttle end: throttle time(50)
06-13 20:07:11.191 3099 3099 D libEGL : eglInitialize EGLDisplay = 0x7febdd34e8
06-13 20:07:11.211 3099 3099 D libEGL : eglInitialize EGLDisplay = 0x7febdd34e8
06-13 20:07:11.301 11954 12537 W fb4a(:):UserScope: Called user scoped provider with no viewer. ViewerContextManager was created with no ViewerContext. Using EmptyViewerContextManager to return fake logged in instance.
06-13 20:07:11.401 11954 12537 I art : Thread[36,tid=12537,Native,Thread*=0xf3622b00,peer=0x133800a0,"Bg_Shared6"] recursive attempt to load library "/data/user/0/com.facebook.katana/lib-xzs/libomnistore.so"
06-13 20:07:11.501 11954 12537 E fb4a(:):QeInternalImpl: Exposure logged while sessioned store was null
06-13 20:07:11.581 3534 3618 V BroadcastQueue: [background] Process cur broadcast BroadcastRecord{eac7ea6 u0 com.google.android.gms.gcm.ACTION_SCHEDULE qIdx=4}, state= (APP_RECEIVE) DELIVERED for app ProcessRecord{d237fdd 12137:com.google.android.gms.persistent/u0a15}
06-13 20:07:11.581 3534 4089 V AlarmManager: remove PendingIntent] PendingIntent{86cb0e7: PendingIntentRecord{dd7e494 com.facebook.katana broadcastIntent}}
06-13 20:07:11.591 3534 3554 V AlarmManager: remove PendingIntent] PendingIntent{b099b3d: PendingIntentRecord{5038874 com.google.android.gms broadcastIntent}}
06-13 20:07:11.621 12447 12483 I UnityPlugin: UnityPlugin - JNI_OnLoad
06-13 20:07:11.631 12447 12483 E Unity : Unable to find OVRPlugin
06-13 20:07:11.631 12447 12483 E Unity : Unable to find OVRPlugin
06-13 20:07:11.661 12447 12483 I Unity : Unity v4.6.9p3, Oculus Integration v0.1.3.0, OVRPlugin v0.0.0.0.
06-13 20:07:11.661 12447 12483 I Unity :
06-13 20:07:11.661 12447 12483 I Unity : (Filename: ./artifacts/AndroidManagedGenerated/UnityEngineDebug.cpp Line: 56)
06-13 20:07:11.661 12447 12483 I Unity :
06-13 20:07:11.671 12447 12483 I Unity : Unity Version: 4.6.9p3
06-13 20:07:11.671 12447 12483 I Unity :
06-13 20:07:11.671 12447 12483 I Unity : (Filename: ./artifacts/AndroidManagedGenerated/UnityEngineDebug.cpp Line: 56)
06-13 20:07:11.671 12447 12483 I Unity :
06-13 20:07:11.671 3534 3553 D PowerManagerService: [api] acquire WakeLock flags=0x1a tag=Unity-ProjectRequestedWakeLock uid=10221 pid=12447
06-13 20:07:11.681 3534 3618 W BroadcastQueue: Permission Denial: broadcasting Intent { act=android.net.conn.CONNECTIVITY_CHANGE flg=0x4000010 (has extras) } from null (pid=-1, uid=-1) requires com.facebook.permission.prod.FB_APP_COMMUNICATION due to registered receiver BroadcastFilter{daaf0fb u0 ReceiverList{b82228a 11954 com.facebook.katana/10115/u0 remote:e3df4f5}}
06-13 20:07:11.681 3534 3618 W BroadcastQueue: Permission Denial: broadcasting Intent { act=android.net.conn.INET_CONDITION_ACTION flg=0x4000010 (has extras) } from null (pid=-1, uid=-1) requires com.facebook.permission.prod.FB_APP_COMMUNICATION due to registered receiver BroadcastFilter{daaf0fb u0 ReceiverList{b82228a 11954 com.facebook.katana/10115/u0 remote:e3df4f5}}
06-13 20:07:11.711 12447 12483 I UnityPlugin: OVR_SetInitVariables()
06-13 20:07:11.711 12447 12483 I Unity : Inhibiting Entitlement Check!
06-13 20:07:11.711 12447 12483 I Unity :
06-13 20:07:11.711 12447 12483 I Unity : (Filename: ./artifacts/AndroidManagedGenerated/UnityEngineDebug.cpp Line: 56)
06-13 20:07:11.711 12447 12483 I Unity :
06-13 20:07:11.731 12137 12563 I PhenotypeConfigurator: Scheduling Phenotype for one-off execution 6970 seconds from now (1465855631745)
06-13 20:07:11.741 12447 12483 I Unity : Creating volume controller...
06-13 20:07:11.741 12447 12483 I Unity :
06-13 20:07:11.741 12447 12483 I Unity : (Filename: ./artifacts/AndroidManagedGenerated/UnityEngineDebug.cpp Line: 56)
06-13 20:07:11.741 12447 12483 I Unity :
06-13 20:07:11.741 11954 12537 W fb4a(:):UserScope: Called user scoped provider with no viewer. ViewerContextManager was created with no ViewerContext. Using EmptyViewerContextManager to return fake logged in instance.
06-13 20:07:11.751 3534 3618 V BroadcastQueue: [background] Process cur broadcast BroadcastRecord{5c08473 u0 com.google.android.gms.gcm.ACTION_SCHEDULE qIdx=4}, state= (APP_RECEIVE) DELIVERED for app ProcessRecord{d237fdd 12137:com.google.android.gms.persistent/u0a15}
06-13 20:07:11.761 11954 12537 D GcOptimizer: Configure for next cold start: disable
06-13 20:07:11.781 11954 12567 W fb4a(:):CacheReadRunner: Exception during graphql executor query
06-13 20:07:11.781 11954 12567 W fb4a(:):CacheReadRunner: com.facebook.http.protocol.AuthTokenNullException: auth token is null, user logged out?
06-13 20:07:11.781 11954 12567 W fb4a(:):CacheReadRunner: at com.facebook.http.protocol.SingleMethodRunnerImpl.a(requests_submitted:545)
06-13 20:07:11.781 11954 12567 W fb4a(:):CacheReadRunner: at com.facebook.http.protocol.SingleMethodRunnerImpl.a(requests_submitted:352)
06-13 20:07:11.781 11954 12567 W fb4a(:):CacheReadRunner: at com.facebook.http.protocol.SingleMethodRunnerImpl.b(requests_submitted:312)
06-13 20:07:11.781 11954 12567 W fb4a(:):CacheReadRunner: at com.facebook.http.protocol.AbstractSingleMethodRunner.a(requests_still_pending:43)
06-13 20:07:11.781 11954 12567 W fb4a(:):CacheReadRunner: at com.facebook.graphql.executor.RunnerHelper.a(messenger_chat_heads_android:91)
06-13 20:07:11.781 11954 12567 W fb4a(:):CacheReadRunner: at com.facebook.graphql.executor.CacheReadRunner.b(messenger_global_delete_placeholder_android:210)
06-13 20:07:11.781 11954 12567 W fb4a(:):CacheReadRunner: at com.facebook.graphql.executor.CacheReadRunner.run(messenger_global_delete_placeholder_android:388)
06-13 20:07:11.781 11954 12567 W fb4a(:):CacheReadRunner: at java.util.concurrent.Executors$RunnableAdapter.call(Executors.java:423)
06-13 20:07:11.781 11954 12567 W fb4a(:):CacheReadRunner: at com.facebook.common.executors.WrappingExecutorService$1.run(voip_audio_mode_normal_android:77)
06-13 20:07:11.781 11954 12567 W fb4a(:):CacheReadRunner: at java.util.concurrent.Executors$RunnableAdapter.call(Executors.java:423)
06-13 20:07:11.781 11954 12567 W fb4a(:):CacheReadRunner: at java.util.concurrent.FutureTask.run(FutureTask.java:237)
06-13 20:07:11.781 11954 12567 W fb4a(:):CacheReadRunner: at com.facebook.common.executors.DefaultConstrainedListeningExecutorService$Worker.run(voip_sampling_rate:327)
06-13 20:07:11.781 11954 12567 W fb4a(:):CacheReadRunner: at java.util.concurrent.ThreadPoolExecutor.runWorker(ThreadPoolExecutor.java:1113)
06-13 20:07:11.781 11954 12567 W fb4a(:):CacheReadRunner: at java.util.concurrent.ThreadPoolExecutor$Worker.run(ThreadPoolExecutor.java:588)
06-13 20:07:11.781 11954 12567 W fb4a(:):CacheReadRunner: at com.facebook.common.executors.NamedThreadFactory$1.run(vote_count:42)
06-13 20:07:11.781 11954 12567 W fb4a(:):CacheReadRunner: at java.lang.Thread.run(Thread.java:818)
06-13 20:07:11.781 3534 3618 W BroadcastQueue: Permission Denial: broadcasting Intent { act=android.net.conn.CONNECTIVITY_CHANGE flg=0x4000010 (has extras) } from null (pid=-1, uid=-1) requires com.facebook.permission.prod.FB_APP_COMMUNICATION due to registered receiver BroadcastFilter{58d412e u0 ReceiverList{64597a9 11954 com.facebook.katana/10115/u0 remote:f459f30}}
06-13 20:07:11.781 12447 12484 D Retrofit: <--- HTTP 200 https://graph.oculus.com/required_mobile_versions (1185ms)
06-13 20:07:11.781 12447 12484 D Retrofit: OkHttp-Selected-Protocol: spdy/3.1
06-13 20:07:11.781 12447 12484 D Retrofit: oculus-api-version: v1.0
06-13 20:07:11.781 12447 12484 D Retrofit: x-fb-rev: 2389146
06-13 20:07:11.781 12447 12484 D Retrofit: x-fb-trace-id: G1dZgtx55GS
06-13 20:07:11.781 12447 12484 D Retrofit: access-control-allow-origin: *
06-13 20:07:11.781 12447 12484 D Retrofit: cache-control: private, no-cache, no-store, must-revalidate
06-13 20:07:11.781 12447 12484 D Retrofit: content-type: application/json; charset=UTF-8
06-13 20:07:11.781 12447 12484 D Retrofit: date: Mon, 13 Jun 2016 22:07:12 GMT
06-13 20:07:11.781 12447 12484 D Retrofit: etag: "01e420731abeb01181d750cc2223423473cb2c8b"
06-13 20:07:11.781 12447 12484 D Retrofit: expires: Sat, 01 Jan 2000 00:00:00 GMT
06-13 20:07:11.781 12447 12484 D Retrofit: pragma: no-cache
06-13 20:07:11.781 12447 12484 D Retrofit: vary: Accept-Encoding
06-13 20:07:11.781 12447 12484 D Retrofit: x-fb-debug: bRMRKLT8R1wwynUMTrO2QyyE6BREV92MGsVzKZlyNAxXr9I+2ykAs7MMwWjmdIlrzhlRa3GYdJl/6tv8Hzil1A==
06-13 20:07:11.781 12447 12484 D Retrofit: OkHttp-Sent-Millis: 1465855631391
06-13 20:07:11.781 12447 12484 D Retrofit: OkHttp-Received-Millis: 1465855631790
06-13 20:07:11.781 12447 12484 D Retrofit: {"required_versions":[{"package_name":"com.oculus.home","minimum_version":24800320,"download_uri":"https:\/\/o.oculuscdn.com\/roadblock\/build-oculus-home.25368664.apk","display_name":"Oculus Home"},{"package_name":"com.oculus.horizon","minimum_version":24983750,"download_uri":"https:\/\/o.oculuscdn.com\/roadblock\/build-horizon-android-horizon-android.24983750.apk","display_name":"Oculus"},{"package_name":"com.facebook.appmanager","minimum_version":11413399,"download_uri":"https:\/\/o.oculuscdn.com\/roadblock\/build-appmanager-oxygen-android.23198629.apk","display_name":"AppManager"},{"package_name":"com.oculus.systemactivities","minimum_version":23994018,"download_uri":"https:\/\/o.oculuscdn.com\/roadblock\/build-oculus-systemactivities.31161642.apk","display_name":"Oculus System Activities"}]}
06-13 20:07:11.791 12447 12484 D Retrofit: <--- END HTTP (807-byte body)
06-13 20:07:11.791 12137 12582 E CommitToConfigurationOperation: Malformed snapshot token:
06-13 20:07:11.791 12137 12543 W PhenotypeFlagCommitter: Committing snapshot for com.google.android.gms.playlog.uploader failed, retrying
06-13 20:07:11.801 11954 12583 W fb4a(:):UserScope: Called user scoped provider with no viewer. ViewerContextManager was created with no ViewerContext. Using EmptyViewerContextManager to return fake logged in instance.
06-13 20:07:11.801 11954 12583 W fb4a(:):UserScope: Called user scoped provider with no viewer. ViewerContextManager was created with no ViewerContext. Using EmptyViewerContextManager to return fake logged in instance.
06-13 20:07:11.821 12137 12588 E CommitToConfigurationOperation: Malformed snapshot token:
06-13 20:07:11.821 12137 12543 W PhenotypeFlagCommitter: Committing snapshot for com.google.android.gms.playlog.uploader failed, retrying
06-13 20:07:11.851 3534 4060 D PackageManager: setEnabledSetting : userId = 0 packageName = com.facebook.katana cmp = com.facebook.mqttlite.MqttService newState = 1 callingPackage = 10115
06-13 20:07:11.851 12137 12563 E CommitToConfigurationOperation: Malformed snapshot token:
06-13 20:07:11.861 12137 12543 W PhenotypeFlagCommitter: Committing snapshot for com.google.android.gms.playlog.uploader failed, retrying
06-13 20:07:11.861 12137 12543 W PhenotypeFlagCommitter: No more attempts remaining, giving up for com.google.android.gms.playlog.uploader
06-13 20:07:11.861 12137 12543 I GoogleURLConnFactory: Using platform SSLCertificateSocketFactory
06-13 20:07:11.861 3534 3553 V AlarmManager: remove PendingIntent] PendingIntent{54fcb24: PendingIntentRecord{7db2f78 com.facebook.katana broadcastIntent}}
06-13 20:07:11.881 12594 12594 E Zygote : v2
06-13 20:07:11.881 12594 12594 I libpersona: KNOX_SDCARD checking this for 10088
06-13 20:07:11.881 12594 12594 I libpersona: KNOX_SDCARD not a persona
06-13 20:07:11.881 3534 3618 I ActivityManager: Start proc 12594:com.sec.android.provider.badge/u0a88 for broadcast-3 com.sec.android.provider.badge/.BadgeCountReceiver
06-13 20:07:11.881 12594 12594 I SELinux : Function: selinux_compare_spd_ram, index[1], SPD-policy is existed. and_ver=SEPF_SECMOBILE_6.0.1 ver=11
06-13 20:07:11.881 12594 12594 W SELinux : Function: selinux_compare_spd_ram, index[1], priority [1], priority version is VE=SEPF_SECMOBILE_6.0.1_0011
06-13 20:07:11.881 12594 12594 E Zygote : accessInfo : 0
06-13 20:07:11.881 12594 12594 W SELinux : SELinux: seapp_context_lookup: seinfo=platform, level=s0:c512,c768, pkgname=com.sec.android.provider.badge
06-13 20:07:11.901 3534 4101 W ActivityManager: Unable to start service Intent { cmp=com.facebook.katana/com.facebook.messaging.newphoto.NewPhotoIntentService (has extras) } U=0: not found
06-13 20:07:11.911 3534 3554 D PackageManager: setEnabledSetting : userId = 0 packageName = com.facebook.katana cmp = com.google.android.gms.measurement.AppMeasurementContentProvider newState = 0 callingPackage = 10115
06-13 20:07:11.921 12594 12594 D TimaKeyStoreProvider: TimaSignature is unavailable
06-13 20:07:11.921 12594 12594 D ActivityThread: Added TimaKeyStore provider
06-13 20:07:11.921 3534 4101 D PackageManager: setEnabledSetting : userId = 0 packageName = com.facebook.katana cmp = com.google.android.gms.measurement.AppMeasurementService newState = 0 callingPackage = 10115
06-13 20:07:11.921 3534 3553 D PackageManager: setEnabledSetting : userId = 0 packageName = com.facebook.katana cmp = com.google.android.gms.measurement.AppMeasurementReceiver newState = 0 callingPackage = 10115
06-13 20:07:11.931 3534 4038 V BroadcastQueue: [background] Process cur broadcast BroadcastRecord{28d06af u0 android.intent.action.BADGE_COUNT_UPDATE qIdx=4}, state= (APP_RECEIVE) DELIVERED for app ProcessRecord{86f5abc 12594:com.sec.android.provider.badge/u0a88}
06-13 20:07:11.941 12137 12543 I Scheduler: Use legacy PeriodicScheduler
06-13 20:07:11.941 12594 12594 W ResourcesManager: getTopLevelResources: /system/priv-app/BadgeProvider_M/BadgeProvider_M.apk / 1.0 running in com.sec.android.provider.badge rsrc of package com.sec.android.provider.badge
06-13 20:07:11.941 3534 4031 I InjectionManagerService -AppFeature: getCoreFeaturePkgList :[]
06-13 20:07:11.941 12594 12594 I InjectionManager: Inside getClassLibPath + mLibMap{0=, 1=}
06-13 20:07:11.941 12594 12594 D ResourcesManager: For user 0 new overlays fetched Null
06-13 20:07:11.951 12594 12594 I InjectionManager: Inside getClassLibPath caller
06-13 20:07:11.951 12137 12543 I Scheduler: Cleaning up unwanted schedulers, if there are any.
06-13 20:07:11.951 12594 12594 W System : ClassLoader referenced unknown path: /system/priv-app/BadgeProvider_M/lib/arm64
06-13 20:07:11.961 12594 12594 D BadgeProvider: onCreate
06-13 20:07:11.961 12594 12594 D BadgeProvider: DatabaseHelper
06-13 20:07:11.961 12594 12594 D InjectionManager: InjectionManager
06-13 20:07:11.961 12594 12594 D InjectionManager: fillFeatureStoreMap com.sec.android.provider.badge
06-13 20:07:11.961 12594 12594 I InjectionManager: Constructor com.sec.android.provider.badge, Feature store :{}
06-13 20:07:11.961 12594 12594 I InjectionManager: featureStore :{}
06-13 20:07:11.961 12594 12594 D Badge::BadgeCountReceiver: badge intent : Intent { act=android.intent.action.BADGE_COUNT_UPDATE flg=0x10 cmp=com.sec.android.provider.badge/.BadgeCountReceiver bqHint=4 (has extras) }
06-13 20:07:11.961 12594 12594 D Badge::BadgeCountReceiver: packageName: com.facebook.katana, className: com.facebook.katana.LoginActivity, count: 0
06-13 20:07:11.961 3534 4087 D PackageManager: setEnabledSetting : userId = 0 packageName = com.facebook.katana cmp = com.facebook.oxygen.preloads.integration.dogfooding.AuthListener$EmployeeLoggedInMarkerReceiver newState = 2 callingPackage = 10115
06-13 20:07:11.971 12594 12594 D BaseReflect: null getOwnClass TEST
06-13 20:07:11.971 12594 12594 D MethodReflector: android.content.ContentResolver getClass TEST
06-13 20:07:11.971 12594 12594 D BaseReflect: class android.content.ContentResolver isSupportClass TEST
06-13 20:07:11.971 12594 12594 D BaseReflect: class android.content.ContentResolver getOwnClass TEST
06-13 20:07:11.991 12594 12594 D MethodReflector: notifyChange is called
06-13 20:07:11.991 12594 12594 D BadgeProvider: sendNotify entered. [uri] : content://com.sec.badge/apps
06-13 20:07:11.991 12594 12594 D BadgeProvider: sendNotify, [notify] : null
06-13 20:07:11.991 12594 12594 D BadgeProvider: update, getCallingPackage() : com.sec.android.provider.badge
06-13 20:07:11.991 12594 12594 D BadgeProvider: update, [uri] : content://com.sec.badge/apps
06-13 20:07:11.991 12594 12594 D BadgeProvider: update, [uri.query] : null
06-13 20:07:11.991 12594 12594 D BadgeProvider: update, [BadgeCount] : badgecount=0
06-13 20:07:11.991 12594 12594 D BadgeProvider: update, [UpdateCount] : 1
06-13 20:07:12.021 3534 4085 V BroadcastQueue: [background] Process cur broadcast BroadcastRecord{4c8dc43 u0 com.google.android.gms.gcm.ACTION_SCHEDULE qIdx=4}, state= (APP_RECEIVE) DELIVERED for app ProcessRecord{d237fdd 12137:com.google.android.gms.persistent/u0a15}
06-13 20:07:12.041 3534 4087 D PackageManager: setEnabledSetting : userId = 0 packageName = com.facebook.katana cmp = com.facebook.saved.intentfilter.SaveIconSaveToFacebookAlias newState = 2 callingPackage = 10115
06-13 20:07:12.041 12447 12483 I Unity : DashboardConfigureVR::ConfigureVrModeParms
06-13 20:07:12.041 12447 12483 I Unity :
06-13 20:07:12.041 12447 12483 I Unity : (Filename: ./artifacts/AndroidManagedGenerated/UnityEngineDebug.cpp Line: 56)
06-13 20:07:12.041 12447 12483 I Unity :
06-13 20:07:12.051 12447 12483 I UnityPlugin: OVR_VrModeParms_SetCpuLevel(): L 3
06-13 20:07:12.051 12447 12483 I UnityPlugin: OVR_VrModeParms_SetGpuLevel(): L 3
06-13 20:07:12.051 3534 4089 D PackageManager: setEnabledSetting : userId = 0 packageName = com.facebook.katana cmp = com.facebook.saved.intentfilter.SaveIconSavePrivatelyAlias newState = 2 callingPackage = 10115
06-13 20:07:12.051 3534 4065 D PackageManager: setEnabledSetting : userId = 0 packageName = com.facebook.katana cmp = com.facebook.saved.intentfilter.FacebookIconSaveForLaterAlias newState = 2 callingPackage = 10115
06-13 20:07:12.061 3534 4093 D PackageManager: setEnabledSetting : userId = 0 packageName = com.facebook.katana cmp = com.facebook.saved.intentfilter.FacebookIconSavePrivatelyAlias newState = 2 callingPackage = 10115
06-13 20:07:12.061 3534 4031 V BroadcastQueue: [background] Process cur broadcast BroadcastRecord{92f99f u0 com.google.android.gms.gcm.ACTION_SCHEDULE qIdx=4}, state= (APP_RECEIVE) DELIVERED for app ProcessRecord{d237fdd 12137:com.google.android.gms.persistent/u0a15}
06-13 20:07:12.061 11954 12544 W fb4a(:):QeInternalImpl: The sessioned store is not available. Are you fetching sessioned quick experiment data while the user is logged out?
