06-13 20:07:06.111 3534 4087 I SensorService: Skipped sensor HRMLED RED because it requires permission android.permission.BODY_SENSORS and app op 56
06-13 20:07:06.111 3534 4087 E SensorService: getSensorList a sensor (MAX86900) without holding its required permission: com.samsung.permission.SSENSOR
06-13 20:07:06.111 3534 4087 I SensorService: Skipped sensor MAX86900 because it requires permission com.samsung.permission.SSENSOR and app op -1
06-13 20:07:06.111 3534 4087 E SensorService: getSensorList a sensor (HRM Sensor) without holding its required permission: com.samsung.permission.SSENSOR
06-13 20:07:06.111 3534 4087 I SensorService: Skipped sensor HRM Sensor because it requires permission com.samsung.permission.SSENSOR and app op -1
06-13 20:07:06.111 3534 4087 W ServiceManager: Permission failure: android.permission.BODY_SENSORS from uid=10066 pid=11779
06-13 20:07:06.111 3534 4087 E SensorService: getSensorList a sensor (HeartRate Sensor) without holding its required permission: android.permission.BODY_SENSORS
06-13 20:07:06.111 3534 4087 I SensorService: Skipped sensor HeartRate Sensor because it requires permission android.permission.BODY_SENSORS and app op 56
06-13 20:07:06.121 11934 11934 D InjectionManager: InjectionManager
06-13 20:07:06.121 11934 11934 D InjectionManager: fillFeatureStoreMap com.android.providers.downloads
06-13 20:07:06.121 11934 11934 I InjectionManager: Constructor com.android.providers.downloads, Feature store :{}
06-13 20:07:06.121 11934 11934 I InjectionManager: featureStore :{}
06-13 20:07:06.141 11954 11954 V CatchMeIfYouCan: initializing CMIYC, flags = 0x00000003
06-13 20:07:06.141 11954 11954 I CatchMeIfYouCan: found 0 crashes in last 14400 seconds: need remedy level 0
06-13 20:07:06.141 11954 11954 W System.err: remove failed: ENOENT (No such file or directory) : /data/user/0/com.facebook.katana/remedy_log
06-13 20:07:06.141 11954 12013 D AppStateLogger: Attempting to open app state logging file
06-13 20:07:06.141 11954 11954 I AppStateLoggerExceptionHandler: Installed uncaught exception handler for app state logging
06-13 20:07:06.141 11954 11954 D ACRA : ACRA init; reportURL: https://b-www.facebook.com/mobile/android_crash_logs/
06-13 20:07:06.151 11954 11954 D ACRA : ACRA is enabled for com.facebook.katana, intializing...
06-13 20:07:06.151 11954 12013 D AppStateLogger: Successfully opened app state logging file: /data/user/0/com.facebook.katana/app_state_logs/9ce66f86-6817-86d0-c337-80d6820d6c36.txt
06-13 20:07:06.151 11954 12013 D AppStateLogger: Successfully dumped app state to log file
06-13 20:07:06.171 3534 4072 D SecContentProvider2: query(), uri = 15 selection = getAppBlockDownloadState
06-13 20:07:06.171 11954 11954 I SplashScreenApplication: using nonodex init: ASSUMING DIRECT CONTROL
06-13 20:07:06.171 11954 12014 W System.err: remove failed: ENOENT (No such file or directory) : /data/user/0/com.facebook.katana/app_libs
06-13 20:07:06.181 11934 11934 D ContentApp: LEVEL : 0
06-13 20:07:06.181 11833 11833 W ResourcesManager: getTopLevelResources: /system/priv-app/SecSettings2/SecSettings2.apk / 1.0 running in com.android.systemui rsrc of package com.android.settings
06-13 20:07:06.181 11954 12014 V fb-UnpackingSoSource: locked dso store /data/user/0/com.facebook.katana/lib-main
06-13 20:07:06.181 11954 12014 I fb-UnpackingSoSource: dso store is up-to-date: /data/user/0/com.facebook.katana/lib-main
06-13 20:07:06.181 11954 12014 V fb-UnpackingSoSource: releasing dso store lock for /data/user/0/com.facebook.katana/lib-main
06-13 20:07:06.181 11954 12014 V fb-UnpackingSoSource: locked dso store /data/user/0/com.facebook.katana/lib-assets
06-13 20:07:06.191 11954 12014 I fb-UnpackingSoSource: dso store is up-to-date: /data/user/0/com.facebook.katana/lib-assets
06-13 20:07:06.191 11954 12014 V fb-UnpackingSoSource: releasing dso store lock for /data/user/0/com.facebook.katana/lib-assets
06-13 20:07:06.191 11954 12014 V fb-UnpackingSoSource: locked dso store /data/user/0/com.facebook.katana/lib-xzs
06-13 20:07:06.191 11954 12014 I fb-UnpackingSoSource: dso store is up-to-date: /data/user/0/com.facebook.katana/lib-xzs
06-13 20:07:06.191 11954 12014 V fb-UnpackingSoSource: releasing dso store lock for /data/user/0/com.facebook.katana/lib-xzs
06-13 20:07:06.271 11954 12014 I art : Thread[10,tid=12014,Native,Thread*=0xe889f900,peer=0x12d3ebe0,"EnsureDelegate"] recursive attempt to load library "/data/user/0/com.facebook.katana/lib-xzs/libfb.so"
06-13 20:07:06.281 11833 11833 D ResourcesManager: For user 0 new overlays fetched Null
06-13 20:07:06.291 3534 4025 D PackageManager: getComponentMetadataForIconTray : com.android.settings.Settings does not exist in mServices
06-13 20:07:06.291 3534 4025 D PackageManager: getComponentMetadataForIconTray : com.android.settings.Settings does not exist in mProviders
06-13 20:07:06.291 3534 4025 D PackageManager: getComponentMetadataForIconTray : com.android.settings.Settings does not exist in mReceivers
06-13 20:07:06.311 11954 12014 V dalvik-internals: Hooking function _ZN3art12FaultManager35EnsureArtActionInFrontOfSignalChainEv
06-13 20:07:06.311 11954 12014 V dalvik-internals: hooked _ZN3art12FaultManager35EnsureArtActionInFrontOfSignalChainEv using trap ()
06-13 20:07:06.311 11954 12014 V dalvik-internals: hooked signal using trap ()
06-13 20:07:06.311 11954 12014 V dalvik-internals: hooked sysv_signal using trap ()
06-13 20:07:06.311 11954 12014 V dalvik-internals: hooked bsd_signal using trap ()
06-13 20:07:06.311 11779 11779 I MemoryTrimmer: Trimming objects from memory, since app is in the background.
06-13 20:07:06.331 3534 4020 V AlarmManager: remove PendingIntent] PendingIntent{44bcb1b: PendingIntentRecord{e09e4b8 com.google.android.googlequicksearchbox startService}}
06-13 20:07:06.341 11833 11833 W ResourcesManager: getTopLevelResources: /data/app/com.estrongs.android.pop-2/base.apk / 1.0 running in com.android.systemui rsrc of package com.estrongs.android.pop
06-13 20:07:06.351 11779 11846 I GrammarCompilationSvcCt: Grammar compilation alarm set for interval 604800000
06-13 20:07:06.351 11833 11833 D ResourcesManager: For user 0 new overlays fetched Null
06-13 20:07:06.351 11954 12014 E linker : "/system/bin/app_process32": ignoring 2-entry DT_PREINIT_ARRAY in shared library!
06-13 20:07:06.351 11954 12014 V dalvik-internals: hooked sigaction using trap ()
06-13 20:07:06.361 3534 4025 D PackageManager: getComponentMetadataForIconTray : com.estrongs.android.pop.view.FileExplorerActivity does not exist in mServices
06-13 20:07:06.361 3534 4025 D PackageManager: getComponentMetadataForIconTray : com.estrongs.android.pop.view.FileExplorerActivity does not exist in mProviders
06-13 20:07:06.361 3534 4025 D PackageManager: getComponentMetadataForIconTray : com.estrongs.android.pop.view.FileExplorerActivity does not exist in mReceivers
06-13 20:07:06.361 11833 11833 I ApplicationPackageManager: load=com.estrongs.android.pop, bg=168-168, dr=168-168
06-13 20:07:06.361 11833 11833 I ApplicationPackageManager: scaled rate=0.9513253, size=168, alpha=1, hold=26, target=168
06-13 20:07:06.371 11954 12014 V appstatelogger: Registered App State Logger stream with Breakpad
06-13 20:07:06.371 11954 12014 I dalvik-internals: installed sigmux crash handler for crash log
06-13 20:07:06.371 11954 12014 D ClassFailureStapler: not installing class failure stapler: ART in use
06-13 20:07:06.371 11954 12014 V MemoryEnlargementHack: largeHeap already enabled in manifest
06-13 20:07:06.371 11954 12014 V DexLibLoader: DLL.loadAll betaBuild:false flags:0x00000004
06-13 20:07:06.371 11833 11833 W ResourcesManager: getTopLevelResources: /data/app/com.digitalkey.setin-1/base.apk / 1.0 running in com.android.systemui rsrc of package com.digitalkey.setin
06-13 20:07:06.371 11954 12014 V DexLibLoader: resolved non-canonical data directory /data/user/0/com.facebook.katana to /data/data/com.facebook.katana
06-13 20:07:06.371 11954 12014 V DexLibLoader: opening dex store /data/data/com.facebook.katana/dex
06-13 20:07:06.371 11954 12014 V DexLibLoader: Secondary program dex metadata: [.root_relative]
06-13 20:07:06.371 11833 11833 D ResourcesManager: For user 0 new overlays fetched Null
06-13 20:07:06.371 11954 12014 V DexLibLoader: Secondary program dex metadata: [.locators]
06-13 20:07:06.371 11954 12014 V DexLibLoader: Secondary program dex metadata: [classes2.dex 169aa00575ff0487945b746160f27297c4be5577 secondary.dex01.Canary]
06-13 20:07:06.371 11954 12014 V DexLibLoader: Secondary program dex metadata: [classes3.dex df0f77aeee43507f649783c33fa0dbb66eb0479b secondary.dex02.Canary]
06-13 20:07:06.371 11954 12014 V DexLibLoader: Secondary program dex metadata: [classes4.dex 30e7ae2e8ebd13e12779997d31e2e39fa00cfbbd secondary.dex03.Canary]
06-13 20:07:06.371 11954 12014 V DexLibLoader: Secondary program dex metadata: [classes5.dex dfc574980e31ab5417a26ef7478493e4937b7604 secondary.dex04.Canary]
06-13 20:07:06.371 11954 12014 V DexLibLoader: Secondary program dex metadata: [classes6.dex 4aab3e434627e4dcce8348fd103db552ce2a74c0 secondary.dex05.Canary]
06-13 20:07:06.371 11954 12014 V DexLibLoader: Secondary program dex metadata: [classes7.dex 01348424388b07122ec10957d9b913504fd2be3e secondary.dex06.Canary]
06-13 20:07:06.371 11954 12014 V DexLibLoader: Secondary program dex metadata: [classes8.dex a5751db74aa7cfc2b5c730b3dcde3df6249f954c secondary.dex07.Canary]
06-13 20:07:06.371 11954 12014 V DexLibLoader: Secondary program dex metadata: [classes9.dex 4cc5d14877fb87d7b3b1b60f46e7b54657ad8e82 secondary.dex08.Canary]
06-13 20:07:06.371 11954 12014 V DexLibLoader: Secondary program dex metadata: [classes10.dex adbe1753643ac9aaff14f917564d5f6985468db8 secondary.dex09.Canary]
06-13 20:07:06.371 11954 12014 V DexLibLoader: Secondary program dex metadata: [classes11.dex 3d88c943ce91a7138040cc4555320306fd8e7e85 secondary.dex10.Canary]
06-13 20:07:06.381 11779 11779 I MemoryTrimmer: Trimming objects from memory, since app is in the background.
06-13 20:07:06.381 11833 11833 I ApplicationPackageManager: load=com.digitalkey.setin, bg=168-168, dr=168-168
06-13 20:07:06.381 11833 11833 I ApplicationPackageManager: scaled rate=0.94, size=168, alpha=0, hold=26, target=168
06-13 20:07:06.411 11918 11918 I Babel_telephony: TeleModule.onApplicationCreate
06-13 20:07:06.441 11918 12032 I Babel_SMS: MmsConfig: mnc/mcc: 0/0
06-13 20:07:06.441 11918 12032 I Babel_SMS: MmsConfig.loadMmsSettings
06-13 20:07:06.451 3534 3997 W InputDispatcher: channel ~ Consumer closed input channel or an error occurred. events=0x9
06-13 20:07:06.451 3534 3997 E InputDispatcher: channel ~ Channel is unrecoverably broken and will be disposed!
06-13 20:07:06.451 11954 12014 V DexLibLoader: read status:9 check:faceb007faceb00e
06-13 20:07:06.451 11918 12032 I Babel_SMS: MmsConfig.loadDeviceMmsSettings from API: mUserAgent=SAMSUNG-ANDROID-MMS/uaprof, mUaProfUrl=http://wap.samsungmobile.com/uaprof/uaprof.rdf
06-13 20:07:06.451 11918 12032 I Babel_SMS: MmsConfig.loadFromDatabase
06-13 20:07:06.451 3534 4093 I Sensors : Acc old sensor_state 5, new sensor_state : 4 en : 0
06-13 20:07:06.451 11954 12014 V DexLibLoader: read saved dep file /data/data/com.facebook.katana/dex/deps (184 bytes)
06-13 20:07:06.451 11954 12014 I DexLibLoader: current scheme: com.facebook.common.dextricks.OdexSchemeNoop next step: LA_LOAD_EXISTING
06-13 20:07:06.451 11954 12014 V MultiDexClassLoader: installing MultiDexClassLoader before application classloader
06-13 20:07:06.451 11954 12014 D MultiDexClassLoader: primary dex name: /data/app/com.facebook.katana-1/base.apk
06-13 20:07:06.451 11954 12014 D MultiDexClassLoader: Found system/other dex /system/framework/com.google.android.maps.jar
06-13 20:07:06.451 3534 4093 E Sensors : Mag old sensor_state 4, new sensor_state : 0 en : 0
06-13 20:07:06.451 11954 12014 D MultiDexClassLoader: Found primary dex /data/app/com.facebook.katana-1/base.apk
06-13 20:07:06.451 11954 12014 D MultiDexClassLoader: Setup multi dex took 0 ms.
06-13 20:07:06.461 3534 4060 I WindowState: WIN DEATH: Window{77cfb06 u0 d0 SurfaceView}
06-13 20:07:06.461 3534 4065 W MediaFocusControl: AudioFocus audio focus client died
06-13 20:07:06.461 3534 4065 I MediaFocusControl: AudioFocus removeFocusStackEntry(): removing entry for android.os.BinderProxy@9d49464
06-13 20:07:06.461 11954 12014 V DexLibLoader: optimization needed: no
06-13 20:07:06.461 3534 4038 I ActivityManager: Process com.digitalkey.setin (pid 10218)(adj 0) has died(2334,408)
06-13 20:07:06.461 3099 4652 D libEGL : eglTerminate EGLDisplay = 0x7f8f2d8f88
06-13 20:07:06.461 3099 3179 I SurfaceFlinger: id=181 Removed TurfaceView (9/10)
06-13 20:07:06.461 11954 12014 W MemoryReductionHack: Couldn't update the Loader
06-13 20:07:06.461 3534 3545 I art : Background partial concurrent mark sweep GC freed 33660(2MB) AllocSpace objects, 17(340KB) LOS objects, 28% free, 40MB/56MB, paused 2.785ms total 285.479ms
06-13 20:07:06.471 3099 3176 I SurfaceFlinger: id=181 Removed TurfaceView (-2/10)
06-13 20:07:06.471 3534 4038 D ActivityManager: isAutoRunBlockedApp:: com.digitalkey.setin, Auto Run ON
06-13 20:07:06.471 3534 4038 W ActivityManager: Force removing ActivityRecord{bcf6cdf u0 com.digitalkey.setin/com.unity3d.player.UnityPlayerActivity t855}: app died, no saved state
06-13 20:07:06.481 3099 3099 D libEGL : eglTerminate EGLDisplay = 0x7febdd3618
06-13 20:07:06.491 11977 12039 W ResourcesManager: getTopLevelResources: /data/app/com.oculus.home-2/base.apk / 1.0 running in com.oculus.horizon rsrc of package com.oculus.home
06-13 20:07:06.491 11977 12039 D ResourcesManager: For user 0 new overlays fetched Null
06-13 20:07:06.501 3534 4060 D KnoxTimeoutHandler: notifyActivityDrawn [MsgParam] userId: 0 fullscreen is true showWhenlocked is true
06-13 20:07:06.501 3534 3534 D KnoxTimeoutHandler: activityDrawn [MsgParam] userId: 0 fullscreen is true showWhenlocked is true
06-13 20:07:06.501 3534 3534 I KnoxTimeoutHandler: SD activityfalse
06-13 20:07:06.511 11977 12044 W ActivityThread: ClassLoader.loadClass: The class loader returned by Thread.getContextClassLoader() may fail for processes that host multiple applications. You should explicitly specify a context class loader. For example: Thread.setContextClassLoader(getClass().getClassLoader());
06-13 20:07:06.511 11977 12044 I System.out: (HTTPLog)-Static: isSBSettingEnabled false
06-13 20:07:06.511 11977 12044 I System.out: (HTTPLog)-Static: isSBSettingEnabled false
06-13 20:07:06.521 3534 4025 W InputDispatcher: Attempted to unregister already unregistered input channel
06-13 20:07:06.521 3534 4025 I WindowState: WIN DEATH: Window{1c4df48 u0 d0 com.digitalkey.setin/com.unity3d.player.UnityPlayerActivity}
06-13 20:07:06.521 3112 3755 D EnterpriseController: netId is 0
06-13 20:07:06.521 3112 3755 D Netd : getNetworkForDns: using netid 502 for uid 10221
06-13 20:07:06.521 3099 3176 I SurfaceFlinger: id=180 Removed VnityPlayer (9/9)
06-13 20:07:06.521 3099 4720 I SurfaceFlinger: id=180 Removed VnityPlayer (-2/9)
06-13 20:07:06.531 3534 4025 D InputDispatcher: Focus left window: 10218
06-13 20:07:06.531 3534 4025 D PowerManagerService: [api] [s] userActivity : event: 0 flags: 0 (uid: 1000 pid: 3534) eventTime = 6787180
06-13 20:07:06.531 3099 3099 D libEGL : eglTerminate EGLDisplay = 0x7febdd3618
06-13 20:07:06.531 3534 4025 D PowerManagerService: [s] UserActivityState : 4 -> 1
06-13 20:07:06.531 3534 4025 D PowerManagerService: [api] release WakeLock flags=0x2000000a tag=WindowManager uid=1000 pid=3534 (0x0)
06-13 20:07:06.531 3534 4025 D PowerManagerService: [api] applyWakeLockFlagsOnReleaseLocked : userActivityNoUpdateLocked is called : SCREEN_BRIGHT_WAKE_LOCK 'WindowManager' ON_AFTER_RELEASE (uid=1000, pid=3534, ws=WorkSource{10257}) (elapsedTime=74774)
06-13 20:07:06.551 3534 4038 D InputDispatcher: Focused application set to: xxxx
06-13 20:07:06.551 3534 4038 D CustomFrequencyManagerService: acquireDVFSLockLocked : type : DVFS_MIN_LIMIT frequency : 1800000 uid : 1000 pid : 3534 pkgName : ACTIVITY_RESUME_BOOSTER@3
06-13 20:07:06.561 3534 4038 D ActivityManager: mDVFSHelper.acquire()
06-13 20:07:06.571 12058 12058 E Zygote : v2
06-13 20:07:06.571 12058 12058 I libpersona: KNOX_SDCARD checking this for 1000
06-13 20:07:06.571 12058 12058 I libpersona: KNOX_SDCARD not a persona
06-13 20:07:06.571 12058 12058 I SELinux : Function: selinux_compare_spd_ram, index[1], SPD-policy is existed. and_ver=SEPF_SECMOBILE_6.0.1 ver=11
06-13 20:07:06.571 12058 12058 W SELinux : Function: selinux_compare_spd_ram, index[1], priority [1], priority version is VE=SEPF_SECMOBILE_6.0.1_0011
06-13 20:07:06.571 12058 12058 E Zygote : accessInfo : 0
06-13 20:07:06.571 3534 4038 I ActivityManager: Start proc 12058:com.samsung.android.hmt.vrsvc/1000 for activity com.samsung.android.hmt.vrsvc/.MonoActivity
06-13 20:07:06.591 12058 12058 D TimaKeyStoreProvider: TimaSignature is unavailable
06-13 20:07:06.591 12058 12058 D ActivityThread: Added TimaKeyStore provider
06-13 20:07:06.591 3534 4075 D NetworkPolicy: isUidForegroundLocked: 10257, mScreenOn: true, uidstate: 16, mProxSensorScreenOff: false
06-13 20:07:06.591 3534 4075 D NetworkPolicy: isUidForegroundLocked: 10221, mScreenOn: true, uidstate: 10, mProxSensorScreenOff: false
06-13 20:07:06.591 3534 4075 D NetworkPolicy: isUidForegroundLocked: 10115, mScreenOn: true, uidstate: 10, mProxSensorScreenOff: false
06-13 20:07:06.591 11954 11954 W ResourcesManager: getTopLevelResources: /data/app/com.facebook.katana-1/base.apk / 1.0 running in com.facebook.katana rsrc of package com.facebook.katana
06-13 20:07:06.591 11977 11977 D InjectionManager: InjectionManager
06-13 20:07:06.591 11977 11977 D InjectionManager: fillFeatureStoreMap com.oculus.horizon
06-13 20:07:06.601 11977 11977 I InjectionManager: Constructor com.oculus.horizon, Feature store :{}
06-13 20:07:06.601 11977 11977 I InjectionManager: featureStore :{}
06-13 20:07:06.601 3534 3647 D SecWifiDisplayUtil: Metadata value : SecSettings2
06-13 20:07:06.611 3534 3534 D GameManagerService: NotifyRunnable. pkg: com.samsung.android.hmt.vrsvc, type: 4, isMinimized: false, isTunableApp: false
06-13 20:07:06.611 3534 3618 V MARsPolicyManager: updatePackagesScore PackageInfo name -- com.samsung.android.hmt.vrsvc
06-13 20:07:06.611 3534 3647 D ViewRootImpl: #1 mView = com.android.internal.policy.PhoneWindow$DecorView{90a98da V.E...... R.....ID 0,0-0,0}
06-13 20:07:06.611 11918 12032 E Babel_SMS: canonicalizeMccMnc: invalid mccmnc
06-13 20:07:06.611 11918 12032 I Babel_SMS: MmsConfig.loadFromResources
06-13 20:07:06.611 3534 3647 D ISSUE_DEBUG: InputChannelName : 71bebe8 Starting com.samsung.android.hmt.vrsvc
06-13 20:07:06.611 11918 12032 E Babel_SMS: canonicalizeMccMnc: invalid mccmnc nullnull
06-13 20:07:06.611 11918 12032 I Babel_SMS: MmsConfig.loadMmsSettings: mUserAgent=SAMSUNG-ANDROID-MMS/uaprof, mUaProfUrl=http://wap.samsungmobile.com/uaprof/uaprof.rdf
06-13 20:07:06.621 3534 4093 V AlarmManager: remove PendingIntent] PendingIntent{6345201: PendingIntentRecord{30968a6 com.facebook.katana broadcastIntent}}
06-13 20:07:06.621 3534 3647 D PointerIcon: setMouseIconStyle1 pointerType: 1001 iconType:101 flag:0 pid:3534 uid:1000
06-13 20:07:06.621 3534 3647 D PointerIcon: setMouseCustomIcon IconType is same.101
06-13 20:07:06.621 3534 3647 D PointerIcon: setHoveringSpenIconStyle1 pointerType: 10001 iconType:1 flag:0 pid:3534 uid:1000
06-13 20:07:06.621 3534 3647 D PointerIcon: setHoveringSpenCustomIcon IconType is same.1
06-13 20:07:06.621 12058 12058 W ResourcesManager: getTopLevelResources: /data/app/com.samsung.android.hmt.vrsvc-2/base.apk / 1.0 running in com.samsung.android.hmt.vrsvc rsrc of package com.samsung.android.hmt.vrsvc
06-13 20:07:06.621 11954 12074 I GMPM : App measurement is starting up
06-13 20:07:06.621 3534 3553 I InjectionManagerService -AppFeature: getCoreFeaturePkgList :[]
06-13 20:07:06.621 12058 12058 I InjectionManager: Inside getClassLibPath + mLibMap{0=, 1=}
06-13 20:07:06.631 12058 12058 D ResourcesManager: For user 0 new overlays fetched Null
06-13 20:07:06.631 11954 12074 E GMPM : getGoogleAppId failed with status: 10
06-13 20:07:06.631 12058 12058 I InjectionManager: Inside getClassLibPath caller
06-13 20:07:06.631 11954 12074 E GMPM : Uploading is not possible. App measurement disabled
06-13 20:07:06.631 3534 4038 V AlarmManager: remove PendingIntent] PendingIntent{f4852e7: PendingIntentRecord{30968a6 com.facebook.katana broadcastIntent}}
06-13 20:07:06.641 11977 11977 W ResourcesManager: getTopLevelResources: /data/app/com.oculus.horizon-2/base.apk / 1.0 running in com.oculus.horizon rsrc of package com.oculus.horizon
06-13 20:07:06.641 3534 3620 W ContextImpl: Calling a method in the system process without a qualified user: android.app.ContextImpl.sendBroadcast:830 com.android.server.policy.PhoneWindowManager.notifyToSSRM:8566 com.android.server.policy.PhoneWindowManager.access$1500:304 com.android.server.policy.PhoneWindowManager$PolicyHandler.handleMessage:1201 android.os.Handler.dispatchMessage:102
06-13 20:07:06.641 3099 3099 I SurfaceFlinger: id=183 createSurf (1x1),1 flag=404, wrsvc
06-13 20:07:06.641 12058 12058 V VRSVC : (VRServiceApplication.java:13) onCreate [onCreate()]
06-13 20:07:06.641 12058 12058 D InjectionManager: InjectionManager
06-13 20:07:06.641 12058 12058 D InjectionManager: fillFeatureStoreMap com.samsung.android.hmt.vrsvc
06-13 20:07:06.641 12058 12058 I InjectionManager: Constructor com.samsung.android.hmt.vrsvc, Feature store :{}
06-13 20:07:06.641 12058 12058 I InjectionManager: featureStore :{}
06-13 20:07:06.651 3534 6514 D N : limitCPUFreq:: freq = 1800000
06-13 20:07:06.651 3534 6514 D CustomFrequencyManagerService: acquireDVFSLockLocked : type : DVFS_MAX_LIMIT frequency : 1800000 uid : 1000 pid : 3534 pkgName : SIOP_ARM_MAX@18
06-13 20:07:06.651 3534 6514 D N : limitGPUFreq:: freq = 420
06-13 20:07:06.651 11918 11918 W ResourcesManager: getTopLevelResources: /system/priv-app/SecMms_Epic_Common/SecMms_Epic_Common.apk / 1.0 running in com.google.android.talk rsrc of package com.android.mms
06-13 20:07:06.651 12058 12058 W ResourcesManager: getTopLevelResources: /data/app/com.samsung.android.hmt.vrsvc-2/base.apk / 1.0 running in com.samsung.android.hmt.vrsvc rsrc of package com.samsung.android.hmt.vrsvc
06-13 20:07:06.651 3534 3647 D ViewRootImpl: MSG_RESIZED_REPORT: ci=Rect(0, 0 - 0, 0) vi=Rect(0, 0 - 0, 0) or=2
06-13 20:07:06.651 12058 12058 W ResourcesManager: getTopLevelResources: /data/app/com.samsung.android.hmt.vrsvc-2/base.apk / 1.0 running in com.samsung.android.hmt.vrsvc rsrc of package com.samsung.android.hmt.vrsvc
06-13 20:07:06.671 12058 12058 V VRSVC : (MonoActivity.java:130) onCreate [onCreate()]
06-13 20:07:06.671 11977 11977 I art : Rejecting re-init on previously-failed class java.lang.Class
06-13 20:07:06.671 11977 11977 I art : Rejecting re-init on previously-failed class java.lang.Class
06-13 20:07:06.691 3534 3647 V WindowStateAnimator: Finishing drawing window Window{71bebe8 u0 d0 Starting com.samsung.android.hmt.vrsvc}: mDrawState=DRAW_PENDING
06-13 20:07:06.701 3099 3099 D libEGL : eglInitialize EGLDisplay = 0x7febdd34e8
06-13 20:07:06.701 3534 3620 D StatusBarManagerService: manageDisableList userId=0 what=0x0 pkg=Window{71bebe8 u0 d0 Starting com.samsung.android.hmt.vrsvc}
06-13 20:07:06.701 4213 4213 D PhoneStatusBar: setSystemUiVisibility vis=8000 mask=ffffffff oldVal=9706 newVal=8000 diff=1706
06-13 20:07:06.701 3534 3620 D RestrictionPolicy: isStatusBarExpansionAllowedAsUser : true, userId = 0
06-13 20:07:06.701 3534 3620 D RestrictionPolicy: isStatusBarExpansionAllowedAsUser : true, userId = 0
06-13 20:07:06.711 3534 3620 W ContextImpl: Calling a method in the system process without a qualified user: android.app.ContextImpl.sendBroadcast:830 com.android.server.policy.PhoneWindowManager.notifyToSSRM:8566 com.android.server.policy.PhoneWindowManager.access$1500:304 com.android.server.policy.PhoneWindowManager$PolicyHandler.handleMessage:1201 android.os.Handler.dispatchMessage:102
06-13 20:07:06.711 12058 12058 V VRSVC : (MonoActivity.java:158) onCreate [pendingIntent=PendingIntent{34dbc54: android.os.BinderProxy@472f7fd} intent=Intent { act=android.intent.action.MAIN cat=[android.intent.category.LAUNCHER] flg=0x10200000 cmp=com.digitalkey.setin/com.unity3d.player.UnityPlayerActivity bnds=[862,856][1125,1203] (has extras) }]
06-13 20:07:06.711 12058 12058 V VRSVC : (MonoActivity.java:163) onCreate [top_activity=ComponentInfo{com.sec.android.app.launcher/com.sec.android.app.launcher.activities.LauncherActivity}]
06-13 20:07:06.711 12058 12058 D Activity: performCreate Call Injection manager
06-13 20:07:06.711 12058 12058 V VRSVC : (MonoActivity.java:200) onStart [onStart()]
06-13 20:07:06.721 12058 12058 V VRSVC : (MonoActivity.java:184) onRestoreInstanceState [onRestoreInstanceState()]
06-13 20:07:06.721 12058 12058 V VRSVC : (MonoActivity.java:187) onRestoreInstanceState [restored! pendingIntent =PendingIntent{730dcf2: android.os.BinderProxy@472f7fd} intent=Intent { act=android.intent.action.MAIN cat=[android.intent.category.LAUNCHER] flg=0x10200000 cmp=com.digitalkey.setin/com.unity3d.player.UnityPlayerActivity bnds=[862,856][1125,1203] (has extras) }]
06-13 20:07:06.721 12058 12058 V VRSVC : (MonoActivity.java:192) onRestoreInstanceState [restored! topActivity=ComponentInfo{com.sec.android.app.launcher/com.sec.android.app.launcher.activities.LauncherActivity}]
06-13 20:07:06.721 12058 12058 I InjectionManager: dispatchOnViewCreated > Target : com.samsung.android.hmt.vrsvc.MonoActivity isFragment :false
06-13 20:07:06.721 12058 12058 V VRSVC : (MonoActivity.java:206) onResume [onResume()]
06-13 20:07:06.731 11918 11918 D ResourcesManager: For user 0 new overlays fetched Null
06-13 20:07:06.741 3534 6514 D ConnectivityService: returning getNetworkInfo for network type 1 : [type: WIFI[] - WIFI, state: CONNECTED/CONNECTED, reason: (unspecified), extra: "DigitalKey_Wifi_2", roaming: false, failover: false, isAvailable: true]
06-13 20:07:06.741 11954 12078 W StaticBindingVerifier: Verify
06-13 20:07:06.741 3112 3755 D EnterpriseController: netId is 0
06-13 20:07:06.741 3112 3755 D Netd : getNetworkForDns: using netid 502 for uid 10221
06-13 20:07:06.741 12058 12058 D SecWifiDisplayUtil: Metadata value : SecSettings2
06-13 20:07:06.751 11918 11918 W ResourcesManager: getTopLevelResources: /data/app/com.google.android.talk-1/base.apk / 1.0 running in com.google.android.talk rsrc of package com.google.android.talk
06-13 20:07:06.751 12058 12058 D ViewRootImpl: #1 mView = com.android.internal.policy.PhoneWindow$DecorView{7ebd63e I.E...... R.....ID 0,0-0,0}
06-13 20:07:06.751 3534 6514 D N : limitCPUFreq:: freq = -1
06-13 20:07:06.751 3534 6514 D CustomFrequencyManagerService: releaseDVFSLockLocked : Getting Lock type frm List : DVFS_MAX_LIMIT frequency : 1800000 uid : 1000 pid : 3534 tag : SIOP_ARM_MAX@18
06-13 20:07:06.751 3534 6514 D N : limitGPUFreq:: freq = -1
06-13 20:07:06.751 11918 11918 W ResourcesManager: getTopLevelResources: /data/app/com.facebook.orca-2/base.apk / 1.0 running in com.google.android.talk rsrc of package com.facebook.orca
06-13 20:07:06.751 12058 12103 D OpenGLRenderer: Use EGL_SWAP_BEHAVIOR_PRESERVED: true
06-13 20:07:06.751 3534 6514 D ConnectivityService: returning getNetworkInfo for network type 1 : [type: WIFI[] - WIFI, state: CONNECTED/CONNECTED, reason: (unspecified), extra: "DigitalKey_Wifi_2", roaming: false, failover: false, isAvailable: true]
06-13 20:07:06.761 3534 4087 D ISSUE_DEBUG: InputChannelName : 6503263 com.samsung.android.hmt.vrsvc/com.samsung.android.hmt.vrsvc.MonoActivity
06-13 20:07:06.761 3534 3553 D ActivityManager: post active user change for 0 fullscreen true isFloatingActivity() false isHomeActivity() false
06-13 20:07:06.761 3534 3553 D KnoxTimeoutHandler: postActiveUserChange [MsgParam] userId: 0 fullscreen is true showWhenlocked is false
06-13 20:07:06.761 3534 3534 D KnoxTimeoutHandler: handleActiveUserChange [MsgParam] userId: 0 fullscreen is true showWhenlocked is false
06-13 20:07:06.761 3534 3534 I KnoxTimeoutHandler: Shared devices show user statefalse
06-13 20:07:06.771 12058 12058 V VRSVC : (NotificationListener.java:17) onCreate [onCreate()]
06-13 20:07:06.781 12058 12058 V VRSVC : (VRMode.java:36) wtkw [isDemoModePackageExists=false isLiveDemoUnitBinary=false isDemoIgnore=false]
06-13 20:07:06.781 12058 12058 V VRSVC : (HmtInfo.java:109) [setupWizardComplete=1 LAST_SDK_INT=23]
06-13 20:07:06.791 12058 12058 V VRSVC : (HmtInfo.java:110) [developerMode=false factoryMode=false demoMode=false]
06-13 20:07:06.791 3534 4087 D PackageManager: setEnabledSetting : userId = 0 packageName = com.oculus.horizon cmp = com.facebook.rti.push.service.FbnsService newState = 1 callingPackage = 10221
06-13 20:07:06.801 12058 12058 V VRSVC : (StereoView.java:128) wtkw [screenWidth=12.622246 screenHeight=7.0312495 mDefaultInterpupillaryDistance=6.311123]
06-13 20:07:06.801 12058 12058 V VRSVC : (StereoView.java:361) setInterpupillaryDistance [setInterpupillaryDistance mInterpupillaryDistancePixel=56]
06-13 20:07:06.871 12058 12058 V VRSVC : (VRMode.java:36) wtkw [isDemoModePackageExists=false isLiveDemoUnitBinary=false isDemoIgnore=false]
06-13 20:07:06.871 12058 12058 V VRSVC : (DockEventFactory.java:106) wtkw [OnDeviceEventListener set UserDockEvent]
06-13 20:07:06.891 12058 12058 E BluetoothHeadset: BTStateChangeCB is registed
06-13 20:07:06.891 12058 12058 V VRSVC : (DockEventFactory.java:256) vqCz [OnDeviceEventListener set LogEvent]
06-13 20:07:06.901 3534 4065 D ConnectivityService: returning getNetworkInfo for network type 1 : [type: WIFI[] - WIFI, state: CONNECTED/CONNECTED, reason: (unspecified), extra: "DigitalKey_Wifi_2", roaming: false, failover: false, isAvailable: true]
06-13 20:07:06.911 12058 12058 D VRSVC : (LogEvent.java:28) yTqX [OnDeviceEvent onCreate topActivity=com.samsung.android.hmt.vrsvc/.MonoActivity hmtConnected=true versionCode=242900000 versionName=2.4.29 hashCode=240323951 VRAPI=9 currentUser=0]
06-13 20:07:06.931 11954 12113 W fb4a(:):QeInternalImpl: The sessioned store is not available. Are you fetching sessioned quick experiment data while the user is logged out?
06-13 20:07:06.941 12058 12128 V MediaPlayer: decode(25, 1673112, 17007)
06-13 20:07:06.951 12058 12130 V MediaPlayer: decode(27, 1690168, 14070)
06-13 20:07:06.951 12058 12058 V VRSVC : (WakeLockControlEvent.java:26) bcjL [acquire vr service wakelock]
06-13 20:07:06.951 12058 12058 D VRSVC : (PhoneStateEvent.java:62) bcjL [registerPhoneListener]
06-13 20:07:06.951 3534 4087 D PowerManagerService: [api] acquire WakeLock flags=0x3000000a tag=VR Service uid=1000 pid=12058
06-13 20:07:06.961 12058 12058 V VRSVC : (BoostEvent.java:21) yTqX [setThreadSchedFifo fifo=com.samsung.android.hmt.vrsvc pid=12058 tid=12058 prio=3]
06-13 20:07:06.961 3120 3120 I OggExtractor: OggSource::OggSource() mExtractor ref count = 4
06-13 20:07:06.961 3120 4841 I OggExtractor: OggSource::OggSource() mExtractor ref count = 4
06-13 20:07:06.961 11954 11954 V SplashScreenApplication: ceding control to main thread
06-13 20:07:06.961 11954 11954 D InjectionManager: InjectionManager
06-13 20:07:06.961 11954 11954 D InjectionManager: fillFeatureStoreMap com.facebook.katana
06-13 20:07:06.971 11871 11887 V VRManagerServer: (VRManagerService.java:357) yTqX [setThreadSchedFifo pkg=com.samsung.android.hmt.vrsvc pid=12058 tid=12058 prio=3]
06-13 20:07:06.971 11871 11887 V VRManagerServer: (VRManagerService.java:361) yTqX [setAffinity pid=12058 cpus=[4, 5, 6, 7]]
06-13 20:07:06.971 11954 11954 I InjectionManager: Constructor com.facebook.katana, Feature store :{}
06-13 20:07:06.971 11954 11954 I InjectionManager: featureStore :{}
06-13 20:07:06.971 3120 4841 I OMXCodec: Attempting to allocate OMX node 'OMX.google.vorbis.decoder'
06-13 20:07:06.971 3120 3120 I OMXCodec: Attempting to allocate OMX node 'OMX.google.vorbis.decoder'
06-13 20:07:06.971 11871 11887 V VRManagerServer: (VRManagerService.java:371) yTqX [setAffinity pid=12058 cpus=[4, 5, 6, 7]]
06-13 20:07:06.971 3534 4020 V VRManagerService: ---- elevateProcessThread 'com.samsung.android.hmt.vrsvc' requestPriority(pid=12058, tid=12058, prio=3 ----
06-13 20:07:06.971 12058 12058 V VRSVC : (KeyguardControlEvent.java:87) yTqX [isSecureKeyGuardLocked isKeyguardSecure=false isKeyguardLocked=false]
06-13 20:07:06.981 12058 12058 V VRSVC : (KeyguardControlEvent.java:88) wtkw [isNormalKeyGuardLocked isKeyguardSecure=false isKeyguardLocked=false]
06-13 20:07:06.981 12058 12058 V VRSVC : (KeyguardControlEvent.java:90) yTqX [isSecureKeyguardLocked=false isNormalKeyguardLocked=false]
06-13 20:07:06.981 11918 11918 D ResourcesManager: For user 0 new overlays fetched Null
06-13 20:07:06.981 11918 11918 I Babel_Crash: Startup - clean
06-13 20:07:06.991 12058 12058 V VRSVC : (SSRMDisableControlEvent.java:39) yTqX [ssrmStatus=0]
06-13 20:07:06.991 3534 3554 D PackageManager: setEnabledSetting : userId = 0 packageName = com.google.android.talk cmp = com.google.android.apps.hangouts.sms.SmsReceiver newState = 2 callingPackage = 10129
06-13 20:07:06.991 3534 4085 D PackageManager: setEnabledSetting : userId = 0 packageName = com.google.android.talk cmp = com.google.android.apps.hangouts.sms.MmsWapPushReceiver newState = 2 callingPackage = 10129
06-13 20:07:06.991 3534 4038 D PackageManager: setEnabledSetting : userId = 0 packageName = com.google.android.talk cmp = com.google.android.apps.hangouts.sms.AbortSmsReceiver newState = 2 callingPackage = 10129
06-13 20:07:07.001 3534 4089 D PackageManager: setEnabledSetting : userId = 0 packageName = com.google.android.talk cmp = com.google.android.apps.hangouts.sms.AbortMmsWapPushReceiver newState = 2 callingPackage = 10129
06-13 20:07:07.001 3534 3553 D PackageManager: setEnabledSetting : userId = 0 packageName = com.google.android.talk cmp = com.google.android.apps.hangouts.service.NoConfirmationSmsSendService newState = 1 callingPackage = 10129
06-13 20:07:07.011 12058 12058 V VRSVC : (HmtService.java:95) yTqX [OnDeviceEvent onCreate finished. elapsedTime=98]
06-13 20:07:07.011 12058 12058 V VRSVC : (HmtService.java:109) onStartCommand [onStartCommand() flags=0 startId=5]
06-13 20:07:07.011 12058 12058 V VRSVC : (HmtService.java:129) onStartCommand [onStartCommand() isHmtConnected=true]
06-13 20:07:07.011 12058 12058 D VRSVC : (LogEvent.java:40) wtkw [OnDeviceEvent onRestart topActivity=com.samsung.android.hmt.vrsvc/.MonoActivity hmtConnected=true]
06-13 20:07:07.011 12058 12058 V VRSVC : (VRModeEvent.java:49) wtkw [setVRMode enable=true]
06-13 20:07:07.011 11871 11889 V VRManagerServer: (VRManagerService.java:1573) wtkw [setVRMode enable=true]
06-13 20:07:07.011 11871 11871 V VRManagerServer: (VRManagerService.java:308) handleMessage [handleMessage() what=1]
06-13 20:07:07.011 11871 11871 V VRManagerServer: (VRManagerService.java:1579) snDW [handleVRMode enable=true]
06-13 20:07:07.011 12058 12058 V VRSVC : (HmtService.java:132) wtkw [OnDeviceEvent onRestart finished. elapsedTime=3]
06-13 20:07:07.011 12058 12058 D VRSVC : (MonoActivity.java:73) onReceive [action=com.samsung.intent.action.DOCK_EVENT sticky=true]
06-13 20:07:07.011 12058 12058 V VRSVC : (MonoActivity.java:76) onReceive [dockState=1]
06-13 20:07:07.011 12058 12058 D VRSVC : (MonoActivity.java:87) onReceive [action=com.samsung.intent.action.MOUNT_EVENT sticky=true]
06-13 20:07:07.011 12058 12058 V VRSVC : (MonoActivity.java:90) onReceive [mountState=1]
06-13 20:07:07.011 11918 11918 D InjectionManager: InjectionManager
06-13 20:07:07.011 11918 11918 D InjectionManager: fillFeatureStoreMap com.google.android.talk
06-13 20:07:07.011 11871 11871 V VRManagerServer: (VRManagerService.java:1714) IOpR [updateComfortableView enable=false]
06-13 20:07:07.011 11918 11918 I InjectionManager: Constructor com.google.android.talk, Feature store :{}
06-13 20:07:07.011 11918 11918 I InjectionManager: featureStore :{}
06-13 20:07:07.011 12058 12058 V VRSVC : (MonoActivity.java:98) onReceive [taskAffinity2dActivity=com.sec.android.app.launcher taskAffinityVRActivity=com.digitalkey.setin]
06-13 20:07:07.011 12058 12058 I VRSVC : (MonoActivity.java:105) onReceive [mPendingIntent send! intent=Intent { act=android.intent.action.MAIN cat=[android.intent.category.LAUNCHER] flg=0x10200000 cmp=com.digitalkey.setin/com.unity3d.player.UnityPlayerActivity bnds=[862,856][1125,1203] (has extras) }]
06-13 20:07:07.011 11871 11871 V VRManagerServer: (VRManagerService.java:1665) IOpR [updateColorTemperature value=4]
06-13 20:07:07.011 12058 12058 I VRSVC : (MonoActivity.java:108) onReceive [mPendingIntent was canceled. ignored.]
06-13 20:07:07.011 12058 12058 I VRSVC : (MonoActivity.java:109) onReceive [launch home message sent!]
06-13 20:07:07.011 11871 11871 V VRManagerServer: (VRManagerService.java:1747) BRMq [updateLowPersistence enable=true]
06-13 20:07:07.011 11871 11871 W VRManagerServer: (VRManagerService.java:1757) BRMq [/sys/class/lcd/panel/hmt_low_persistence doesn't exist. updateLowPersistence ignored]
06-13 20:07:07.021 11871 11871 V VRManagerServer: (VRManagerService.java:1631) ZzLN [updateBright value=255]
06-13 20:07:07.021 3099 3099 I SurfaceFlinger: id=184 createSurf (2560x1440),1 flag=404, NonoActivit
06-13 20:07:07.021 3534 4101 D InputDispatcher: Focus entered window: 12058
06-13 20:07:07.021 3534 3647 D PointerIcon: setMouseIconStyle1 pointerType: 1001 iconType:101 flag:0 pid:3534 uid:1000
06-13 20:07:07.021 3534 3647 D PointerIcon: setMouseCustomIcon IconType is same.101
06-13 20:07:07.021 3534 3647 D PointerIcon: setHoveringSpenIconStyle1 pointerType: 10001 iconType:1 flag:0 pid:3534 uid:1000
06-13 20:07:07.021 3534 3647 D PointerIcon: setHoveringSpenCustomIcon IconType is same.1
06-13 20:07:07.021 12137 12137 E Zygote : v2
06-13 20:07:07.021 12137 12137 I libpersona: KNOX_SDCARD checking this for 10015
06-13 20:07:07.021 12137 12137 I libpersona: KNOX_SDCARD not a persona
06-13 20:07:07.021 12137 12137 I SELinux : Function: selinux_compare_spd_ram, index[1], SPD-policy is existed. and_ver=SEPF_SECMOBILE_6.0.1 ver=11
06-13 20:07:07.031 3534 3553 I ActivityManager: Start proc 12137:com.google.android.gms.persistent/u0a15 for broadcast-3 com.google.android.gms/.gcm.nts.SchedulerInternalReceiver
06-13 20:07:07.031 12137 12137 W SELinux : Function: selinux_compare_spd_ram, index[1], priority [1], priority version is VE=SEPF_SECMOBILE_6.0.1_0011
06-13 20:07:07.031 12137 12137 E Zygote : accessInfo : 0
06-13 20:07:07.031 12137 12137 W SELinux : SELinux: seapp_context_lookup: seinfo=gmscore, level=s0:c512,c768, pkgname=com.google.android.gms.persistent
06-13 20:07:07.051 12137 12137 D TimaKeyStoreProvider: TimaSignature is unavailable
06-13 20:07:07.051 12137 12137 D ActivityThread: Added TimaKeyStore provider
06-13 20:07:07.061 3534 4025 V BroadcastQueue: [background] Process cur broadcast BroadcastRecord{e8df7b4 u0 com.google.android.gms.gcm.ACTION_CHECK_QUEUE qIdx=4}, state= (APP_RECEIVE) DELIVERED for app ProcessRecord{d237fdd 12137:com.google.android.gms.persistent/u0a15}
06-13 20:07:07.061 12137 12137 W ResourcesManager: getTopLevelResources: /data/app/com.google.android.gms-2/base.apk / 1.0 running in com.google.android.gms rsrc of package com.google.android.gms
06-13 20:07:07.061 3534 4031 I InjectionManagerService -AppFeature: getCoreFeaturePkgList :[]
06-13 20:07:07.061 12137 12137 I InjectionManager: Inside getClassLibPath + mLibMap{0=, 1=}
06-13 20:07:07.081 11918 11918 D Babel : onCreate: Shutdown runnable posted in onCreate with a delay of 5000 ms.
06-13 20:07:07.091 11779 11779 I MemoryTrimmer: Trimming objects from memory, since app is in the background.
06-13 20:07:07.101 11918 11918 W ResourcesManager: getTopLevelResources: /data/app/com.google.android.gms-2/base.apk / 1.0 running in com.google.android.talk rsrc of package com.google.android.gms
06-13 20:07:07.121 3534 3985 V AlarmManager: Expired Alarm result :4
06-13 20:07:07.131 12058 12103 D libEGL : loaded /vendor/lib64/egl/libGLES_mali.so
06-13 20:07:07.141 12137 12137 D ResourcesManager: For user 0 new overlays fetched Null
06-13 20:07:07.141 11918 11918 D ResourcesManager: For user 0 new overlays fetched Null
06-13 20:07:07.141 11918 11918 I InjectionManager: Inside getClassLibPath caller
06-13 20:07:07.141 12058 12103 D libEGL : eglInitialize EGLDisplay = 0x7f94e7a178
06-13 20:07:07.141 12058 12103 I OpenGLRenderer: Initialized EGL, version 1.4
06-13 20:07:07.141 12058 12103 D : ro.exynos.dss isEnabled: 0
06-13 20:07:07.141 12137 12137 I InjectionManager: Inside getClassLibPath caller
06-13 20:07:07.151 12058 12103 D mali_winsys: new_window_surface returns 0x3000, [2560x1440]-format:1
06-13 20:07:07.161 12058 12058 V VRSVC : (PhoneStateEvent.java:85) onCallStateChanged [onCallStateChanged stat=0]
06-13 20:07:07.161 12058 12058 D VRSVC : (PhoneStateEvent.java:89) onCallStateChanged [CALL_STATE_IDLE]
06-13 20:07:07.161 12058 12058 W VRSVC : (StereoPopup.java:184) yTqX [close() already closed! animate=true @Call]
06-13 20:07:07.161 12058 12058 D VRSVC : (BatteryEvent.java:72) onReceive [intent action=android.intent.action.BATTERY_CHANGED isInitialStickyBroadcast=true]
06-13 20:07:07.161 12058 12058 V VRSVC : (BatteryEvent.java:86) yTqX [handleIntentBattery batteryLevel=74 batteryStatus=3 batteryPlugged=0 batteryTemperature=300]
06-13 20:07:07.171 12058 12058 D VRSVC : (WifiEvent.java:73) onReceive [intent action=android.net.wifi.STATE_CHANGE]
06-13 20:07:07.171 12058 12058 D ViewRootImpl: MSG_RESIZED_REPORT: ci=Rect(0, 0 - 0, 0) vi=Rect(0, 0 - 0, 0) or=2
06-13 20:07:07.171 3534 4083 D InputMethodManagerService: windowGainedFocus mCurrentFocusedUserId - 0 and mSecureKeypadEnabled-false
06-13 20:07:07.171 3534 4083 W InputMethodManagerService: Got RemoteException sending setActive(false) notification to pid 10218 uid 10257
06-13 20:07:07.181 3120 4841 I OMXCodec: Successfully allocated OMX node 'OMX.google.vorbis.decoder'
06-13 20:07:07.181 3120 3120 I OMXCodec: Successfully allocated OMX node 'OMX.google.vorbis.decoder'
06-13 20:07:07.181 12169 12169 E Zygote : v2
06-13 20:07:07.181 12169 12169 I libpersona: KNOX_SDCARD checking this for 1000
06-13 20:07:07.181 3120 4841 I OMXCodec: >>>UHQA initOutputFormat 16
06-13 20:07:07.181 12169 12169 I libpersona: KNOX_SDCARD not a persona
06-13 20:07:07.181 3120 3120 I OMXCodec: >>>UHQA initOutputFormat 16
06-13 20:07:07.181 3120 4841 I OMXCodec: [OMX.google.vorbis.decoder] OMXCodec::start mState=1
06-13 20:07:07.181 3120 3120 I OMXCodec: [OMX.google.vorbis.decoder] OMXCodec::start mState=1
06-13 20:07:07.181 3120 4841 I OMXCodec: [OMX.google.vorbis.decoder] allocating 4 buffers of size 8192 on input port
06-13 20:07:07.181 3120 3120 I OMXCodec: [OMX.google.vorbis.decoder] allocating 4 buffers of size 8192 on input port
06-13 20:07:07.181 12169 12169 I SELinux : Function: selinux_compare_spd_ram, index[1], SPD-policy is existed. and_ver=SEPF_SECMOBILE_6.0.1 ver=11
06-13 20:07:07.181 3120 4841 I OMXCodec: [OMX.google.vorbis.decoder] allocating 4 buffers of size 32768 on output port
06-13 20:07:07.181 3120 3120 I OMXCodec: [OMX.google.vorbis.decoder] allocating 4 buffers of size 32768 on output port
06-13 20:07:07.181 3120 12175 I OMXCodec: [OMX.google.vorbis.decoder] Now Idle. Component sends idle done Event
06-13 20:07:07.181 12169 12169 W SELinux : Function: selinux_compare_spd_ram, index[1], priority [1], priority version is VE=SEPF_SECMOBILE_6.0.1_0011
06-13 20:07:07.181 12169 12169 E Zygote : accessInfo : 0
06-13 20:07:07.181 3534 4083 I ActivityManager: Start proc 12169:com.sec.android.inputmethod/1000 for service com.sec.android.inputmethod/.SamsungKeypad
06-13 20:07:07.181 3534 4083 V InputMethodManagerService: Adding window token: android.os.Binder@a94894c
06-13 20:07:07.191 12058 12058 W DisplayListCanvas: DisplayListCanvas is started on unbinded RenderNode (without mOwningView)
06-13 20:07:07.191 12058 12103 D libGLESv1: DTS_GLAPI : DTS is not allowed for Package : com.samsung.android.hmt.vrsvc
06-13 20:07:07.191 3120 12170 I OMXCodec: [OMX.google.vorbis.decoder] Now Idle. Component sends idle done Event
06-13 20:07:07.191 3120 12175 I OMXCodec: [OMX.google.vorbis.decoder] 0onCmdComplete mState = 7
06-13 20:07:07.191 3120 12175 I OMXCodec: [OMX.google.vorbis.decoder] PORT_DISABLED(1)
06-13 20:07:07.191 3120 12175 I OMXCodec: >>>UHQA initOutputFormat 16
06-13 20:07:07.191 3120 12175 I OMXCodec: [OMX.google.vorbis.decoder] allocating 4 buffers of size 32768 on output port
06-13 20:07:07.191 3120 12170 I OMXCodec: [OMX.google.vorbis.decoder] 0onCmdComplete mState = 7
06-13 20:07:07.191 3120 12170 I OMXCodec: [OMX.google.vorbis.decoder] PORT_DISABLED(1)
06-13 20:07:07.191 3120 12170 I OMXCodec: >>>UHQA initOutputFormat 16
06-13 20:07:07.191 3120 12170 I OMXCodec: [OMX.google.vorbis.decoder] allocating 4 buffers of size 32768 on output port
06-13 20:07:07.201 12181 12181 E Zygote : v2
06-13 20:07:07.201 12181 12181 I libpersona: KNOX_SDCARD checking this for 1000
06-13 20:07:07.201 12181 12181 I libpersona: KNOX_SDCARD not a persona
06-13 20:07:07.201 12181 12181 I SELinux : Function: selinux_compare_spd_ram, index[1], SPD-policy is existed. and_ver=SEPF_SECMOBILE_6.0.1 ver=11
06-13 20:07:07.201 3534 3618 I ActivityManager: Start proc 12181:com.samsung.ucs.agent.boot/1000 for service com.samsung.ucs.agent.boot/.BootAgentService
06-13 20:07:07.201 12181 12181 W SELinux : Function: selinux_compare_spd_ram, index[1], priority [1], priority version is VE=SEPF_SECMOBILE_6.0.1_0011
06-13 20:07:07.201 12181 12181 E Zygote : accessInfo : 0
06-13 20:07:07.211 3120 12175 I OMXCodec: [OMX.google.vorbis.decoder] End Of Stream
06-13 20:07:07.211 3120 3120 I SoundExtractor: extract() reached EOS
06-13 20:07:07.211 3120 3120 I OMXCodec: [OMX.google.vorbis.decoder] stop mState=4
06-13 20:07:07.211 3120 3120 I OMXCodec: [OMX.google.vorbis.decoder] stop() sendCommand(144, OMX_CommandStateSet, OMX_StateIdle)
06-13 20:07:07.211 3120 12175 I OMXCodec: [OMX.google.vorbis.decoder] Now Idle. Component sends idle done Event
06-13 20:07:07.211 3120 3120 I OMXCodec: [OMX.google.vorbis.decoder] stopOmxComponent_l() mstate = 1
06-13 20:07:07.211 3120 3120 I OggExtractor: OggSource::stop() mExtractor ref count = 1
06-13 20:07:07.211 3120 3120 I OggExtractor: OggSource::~OggSource() mExtractor !mStarted ref count = 1
06-13 20:07:07.211 3120 3120 I OggExtractor: ~OggSource --
06-13 20:07:07.211 3120 3120 I OggExtractor: ~OggExtractor ++
06-13 20:07:07.211 3120 3120 I OggExtractor: ~MyOggExtractor ++
06-13 20:07:07.211 3120 3120 I OggExtractor: ~MyOggExtractor --
06-13 20:07:07.211 3120 3120 I OggExtractor: ~OggExtractor --
06-13 20:07:07.211 3099 3099 D libEGL : eglInitialize EGLDisplay = 0x7febdd34e8
06-13 20:07:07.221 12169 12169 D TimaKeyStoreProvider: TimaSignature is unavailable
06-13 20:07:07.221 12169 12169 D ActivityThread: Added TimaKeyStore provider
06-13 20:07:07.221 3120 12170 I OMXCodec: [OMX.google.vorbis.decoder] End Of Stream
06-13 20:07:07.221 3120 4841 I SoundExtractor: extract() reached EOS
06-13 20:07:07.221 3120 4841 I OMXCodec: [OMX.google.vorbis.decoder] stop mState=4
06-13 20:07:07.221 3120 4841 I OMXCodec: [OMX.google.vorbis.decoder] stop() sendCommand(143, OMX_CommandStateSet, OMX_StateIdle)
06-13 20:07:07.221 3120 12170 I OMXCodec: [OMX.google.vorbis.decoder] Now Idle. Component sends idle done Event
06-13 20:07:07.221 3120 4841 I OMXCodec: [OMX.google.vorbis.decoder] stopOmxComponent_l() mstate = 1
06-13 20:07:07.221 3120 4841 I OggExtractor: OggSource::stop() mExtractor ref count = 1
06-13 20:07:07.221 3120 4841 I OggExtractor: OggSource::~OggSource() mExtractor !mStarted ref count = 1
06-13 20:07:07.221 3120 4841 I OggExtractor: ~OggSource --
06-13 20:07:07.221 3120 4841 I OggExtractor: ~OggExtractor ++
06-13 20:07:07.221 3120 4841 I OggExtractor: ~MyOggExtractor ++
06-13 20:07:07.221 3120 4841 I OggExtractor: ~MyOggExtractor --
06-13 20:07:07.221 3120 4841 I OggExtractor: ~OggExtractor --
06-13 20:07:07.231 3534 4101 V WindowStateAnimator: Finishing drawing window Window{6503263 u0 d0 com.samsung.android.hmt.vrsvc/com.samsung.android.hmt.vrsvc.MonoActivity}: mDrawState=DRAW_PENDING
06-13 20:07:07.231 12181 12181 D TimaKeyStoreProvider: TimaSignature is unavailable
06-13 20:07:07.231 12181 12181 D ActivityThread: Added TimaKeyStore provider
06-13 20:07:07.231 12058 12058 V VRSVC : (SoundUtil.java:77) onLoadComplete [onLoadComplete sampleId=1 status=0]
06-13 20:07:07.231 12169 12169 W ResourcesManager: getTopLevelResources: /system/app/SamsungIMEv3_SYSTEMUID_SWIFTKEY_VO/SamsungIMEv3_SYSTEMUID_SWIFTKEY_VO.apk / 1.0 running in com.sec.android.inputmethod rsrc of package com.sec.android.inputmethod
06-13 20:07:07.231 12058 12058 V VRSVC : (SoundUtil.java:77) onLoadComplete [onLoadComplete sampleId=1 status=0]
06-13 20:07:07.231 12058 12058 I Timeline: Timeline: Activity_idle id: android.os.BinderProxy@7806545 time:6787886
06-13 20:07:07.231 3534 3553 I InjectionManagerService -AppFeature: getCoreFeaturePkgList :[]
06-13 20:07:07.231 12169 12169 I InjectionManager: Inside getClassLibPath + mLibMap{0=, 1=}
06-13 20:07:07.241 3534 3647 D KnoxTimeoutHandler: notifyActivityDrawn [MsgParam] userId: 0 fullscreen is true showWhenlocked is false
06-13 20:07:07.241 3534 3534 D KnoxTimeoutHandler: activityDrawn [MsgParam] userId: 0 fullscreen is true showWhenlocked is false
06-13 20:07:07.241 3534 3647 I ActivityManager: Displayed com.samsung.android.hmt.vrsvc/.MonoActivity: +684ms
06-13 20:07:07.241 3534 3647 D CustomFrequencyManagerService: releaseDVFSLockLocked : Getting Lock type frm List : DVFS_MIN_LIMIT frequency : 1800000 uid : 1000 pid : 3534 tag : ACTIVITY_RESUME_BOOSTER@3
06-13 20:07:07.241 3534 3534 I KnoxTimeoutHandler: SD activityfalse
06-13 20:07:07.241 3534 3647 D ActivityManager: mDVFSHelper.release()
06-13 20:07:07.241 3534 3647 I Timeline: Timeline: Activity_windows_visible id: ActivityRecord{a9e5335 u0 com.samsung.android.hmt.vrsvc/.MonoActivity t854} time:6787898
