06-13 20:06:50.831 3534 4085 I InjectionManagerService -AppFeature: getCoreFeaturePkgList :[]
06-13 20:06:50.831 11779 11779 I InjectionManager: Inside getClassLibPath + mLibMap{0=, 1=}
06-13 20:06:50.851 10218 10346 W TimeWarp: VSync 400572: Eye=0,late=0.0ms,over=0.0ms,CPU=0.3ms,GPU=9.1ms,Tot=9.5ms
06-13 20:06:50.901 11779 11779 D ResourcesManager: For user 0 new overlays fetched Null
06-13 20:06:50.901 11779 11779 I InjectionManager: Inside getClassLibPath caller
06-13 20:06:50.981 11739 11739 D Recents : Font changed OLD: scale=0.0, flipfont=0, NEW: scale=1.0, flipfont=0
06-13 20:06:51.421 10218 10312 I OVR : DeviceManagerThread - event 47 (500Hz) (Tid=10312)
06-13 20:06:51.491 3534 3534 D UcmAgentWrapper: unbind
06-13 20:06:51.501 3534 3534 D UcmAgentWrapper: MSG_RESTART_TIMEOUT
06-13 20:06:51.501 3534 3534 D UcmService: deletAndRefreshAgents()
06-13 20:06:51.501 3534 3534 D UcmService: deletAndRefreshAgents() remove com.samsung.ucm.ucmservice.UcmAgentWrapper@8f83467d
06-13 20:06:51.501 3534 3534 D UcmService: *****refreshAgentList userId-0 is called***
06-13 20:06:51.501 3534 3534 D UcmService: resolveAllowedAgents for user 0
06-13 20:06:51.501 3534 3534 D UcmService: found com.sec.smartcard.manager
06-13 20:06:51.511 3534 3534 D UcmService: found com.samsung.ucs.agent.boot
06-13 20:06:51.511 3534 3534 D UcmService: mPersistentServices size is 2
06-13 20:06:51.511 3534 3534 D UcmService: -------Processing started for agentPackageName----- -com.sec.smartcard.manager
06-13 20:06:51.511 3534 3534 D UcmService: agentPackageName -com.sec.smartcard.manager is an active plugin
06-13 20:06:51.511 3534 3534 D UcmService: Check if caller has UCS Plugin permission...
06-13 20:06:51.511 3534 3534 D UcmService: Agent has UCS PLUGIN permission. Processing further...
06-13 20:06:51.511 3534 3534 D UcmAgentWrapper: initialize ComponentInfo{com.sec.smartcard.manager/com.sec.enterprise.mdm.sc.bai.BaiMobileAgentService} user: UserHandle{0}
06-13 20:06:51.511 3534 3534 W ResourcesManager: getTopLevelResources: /system/priv-app/SmartcardManager/SmartcardManager.apk / 1.0 running in null rsrc of package com.sec.smartcard.manager
06-13 20:06:51.531 3534 3534 D ResourcesManager: For user 0 new overlays fetched Null
06-13 20:06:51.541 3534 3534 W ResourcesManager: getTopLevelResources: /system/priv-app/SmartcardManager/SmartcardManager.apk / 1.0 running in null rsrc of package com.sec.smartcard.manager
06-13 20:06:51.541 3534 3534 D UcmAgentWrapper: DETAILED agentInfo information : isDetachable = true requireUserVerification = true isHardwareBacked = true isReadOnly = true packageName = com.sec.smartcard.manager
06-13 20:06:51.541 3534 3534 D UcmAgentWrapper: enabledWrap in xml is null
06-13 20:06:51.541 3534 3534 D UcmAgentWrapper: system unique id:com.sec.smartcard.manager:com.samsung.ucs.agent.baiMobile, agentId:com.samsung.ucs.agent.baiMobile, summary:BaiMobile Credential Storage, title:BaiMobile, vendorId:Samsung Electronics, inc, isDetachable:true, reqUserVerification:true, iconResId:0, isHardwareBacked:true, pinMinLength:4, pinMaxLength:6, authMaxCnt:5, authMode:1, isGeneratePasswordAvailable:false, isODESupport:false, storageType:null, enabledSCP:null, enabledWrap:0, AID: null, isManageable:true, enforceManagement:false, configuratorList:null, serviceUid:10183, packageName:com.sec.smartcard.manager
06-13 20:06:51.541 3534 3534 D UcmAgentWrapper: AID in xml is null
06-13 20:06:51.541 3534 3534 D UcmAgentWrapper: agentInfo: system unique id:com.sec.smartcard.manager:com.samsung.ucs.agent.baiMobile, agentId:com.samsung.ucs.agent.baiMobile, summary:BaiMobile Credential Storage, title:BaiMobile, vendorId:Samsung Electronics, inc, isDetachable:true, reqUserVerification:true, iconResId:0, isHardwareBacked:true, pinMinLength:4, pinMaxLength:6, authMaxCnt:5, authMode:1, isGeneratePasswordAvailable:false, isODESupport:false, storageType:null, enabledSCP:null, enabledWrap:0, AID: null, isManageable:true, enforceManagement:false, configuratorList:null, serviceUid:10183, packageName:com.sec.smartcard.manager
06-13 20:06:51.541 3534 3534 D UcmAgentWrapper: scheduleRestart
06-13 20:06:51.611 11792 11792 E Zygote : v2
06-13 20:06:51.611 11792 11792 I libpersona: KNOX_SDCARD checking this for 10183
06-13 20:06:51.611 11792 11792 I libpersona: KNOX_SDCARD not a persona
06-13 20:06:51.621 3534 3534 I ActivityManager: Start proc 11792:com.sec.smartcard.manager/u0a183 for service com.sec.smartcard.manager/com.sec.enterprise.mdm.sc.bai.BaiMobileAgentService
06-13 20:06:51.621 3534 3534 D UcmService: Agent uniqueId-com.sec.smartcard.manager:com.samsung.ucs.agent.baiMobile and serviceUid-10183
06-13 20:06:51.621 3534 3534 D UcmService: Matched found in mPersistentServices map
06-13 20:06:51.621 3534 3534 D UcmService: Adding new agent -com.sec.smartcard.manager:com.samsung.ucs.agent.baiMobile
06-13 20:06:51.621 3534 3534 D UcmService: -------Processing started for agentPackageName----- -com.samsung.ucs.agent.boot
06-13 20:06:51.621 3534 3534 D UcmService: agentPackageName -com.samsung.ucs.agent.boot is an active plugin
06-13 20:06:51.621 3534 3534 D UcmService: Check if caller has UCS Plugin permission...
06-13 20:06:51.621 3534 3534 D UcmService: Agent has UCS PLUGIN permission. Processing further...
06-13 20:06:51.621 3534 3534 D UcmService: agentPackageName com.samsung.ucs.agent.boot is system storage. Checking system signature
06-13 20:06:51.621 3534 3534 D UcmService: Signature match
06-13 20:06:51.621 3534 3534 D UcmService: Valid system storage found is com.samsung.ucs.agent.boot
06-13 20:06:51.631 11792 11792 I SELinux : Function: selinux_compare_spd_ram, index[1], SPD-policy is existed. and_ver=SEPF_SECMOBILE_6.0.1 ver=11
06-13 20:06:51.651 11792 11792 W SELinux : Function: selinux_compare_spd_ram, index[1], priority [1], priority version is VE=SEPF_SECMOBILE_6.0.1_0011
06-13 20:06:51.651 11792 11792 E Zygote : accessInfo : 0
06-13 20:06:51.651 11792 11792 W SELinux : SELinux: seapp_context_lookup: seinfo=platform, level=s0:c512,c768, pkgname=com.sec.smartcard.manager
06-13 20:06:51.711 3534 3534 D UcmService: readPersistentServicesLocked is called...
06-13 20:06:51.711 3534 3534 D UcmService: PersistentServices key-com.sec.smartcard.manager:com.samsung.ucs.agent.baiMobile
06-13 20:06:51.711 3534 3534 D UcmService: PersistentServices value-10183
06-13 20:06:51.711 3534 3534 D UcmService: PersistentServices key-com.samsung.ucs.agent.boot:com.samsung.ucs.agent.boot
06-13 20:06:51.711 3534 3534 D UcmService: PersistentServices value-1000
06-13 20:06:51.781 11779 11779 D InjectionManager: InjectionManager
06-13 20:06:51.781 11779 11779 D InjectionManager: fillFeatureStoreMap com.google.android.googlequicksearchbox
06-13 20:06:51.781 11779 11779 I InjectionManager: Constructor com.google.android.googlequicksearchbox, Feature store :{}
06-13 20:06:51.781 11779 11779 I InjectionManager: featureStore :{}
06-13 20:06:51.811 10218 10350 I VrApi : FPS=57,Prd=50ms,Tear=0,Early=51,Stale=5,VSnc=1,Lat=1,CPU4/GPU=2/2,900/266MHz,OC=FF,TA=F0/F0/F0/F0,SP=F/F/F/F,Mem=1264MHz,Free=178MB,PSM=0,PLS=0,Temp=30.0C/27.5C
06-13 20:06:52.021 11792 11792 D TimaKeyStoreProvider: TimaSignature is unavailable
06-13 20:06:52.021 11792 11792 D ActivityThread: Added TimaKeyStore provider
06-13 20:06:52.231 11792 11792 W ResourcesManager: getTopLevelResources: /system/priv-app/SmartcardManager/SmartcardManager.apk / 1.0 running in com.sec.smartcard.manager rsrc of package com.sec.smartcard.manager
06-13 20:06:52.291 3534 4087 I InjectionManagerService -AppFeature: getCoreFeaturePkgList :[]
06-13 20:06:52.301 11792 11792 I InjectionManager: Inside getClassLibPath + mLibMap{0=, 1=}
06-13 20:06:52.321 11792 11792 D ResourcesManager: For user 0 new overlays fetched Null
06-13 20:06:52.361 11792 11792 I InjectionManager: Inside getClassLibPath caller
06-13 20:06:52.411 11792 11792 W System : ClassLoader referenced unknown path: /system/priv-app/SmartcardManager/lib/arm64
06-13 20:06:52.431 10218 10312 I OVR : DeviceManagerThread - event 47 (498Hz) (Tid=10312)
06-13 20:06:52.491 11792 11792 E ucsBai_SmartCardContentProvider: onCreate
06-13 20:06:52.541 11792 11792 D InjectionManager: InjectionManager
06-13 20:06:52.541 11792 11792 D InjectionManager: fillFeatureStoreMap com.sec.smartcard.manager
06-13 20:06:52.541 11792 11792 I InjectionManager: Constructor com.sec.smartcard.manager, Feature store :{}
06-13 20:06:52.541 11792 11792 I InjectionManager: featureStore :{}
06-13 20:06:52.551 11739 11739 W ResourcesManager: getTopLevelResources: /data/app/com.samsung.voiceserviceplatform-1/base.apk / 1.0 running in com.android.systemui rsrc of package com.samsung.voiceserviceplatform
06-13 20:06:52.601 11739 11739 D ResourcesManager: For user 0 new overlays fetched Null
06-13 20:06:52.681 11792 11792 D ucsBai_agentService: onCreate
06-13 20:06:52.681 11792 11792 D ucsBai_agentService: initializeProvider
06-13 20:06:52.791 11792 11792 I ucsBai_ConnectionManager: init()
06-13 20:06:52.791 11739 11739 W ResourcesManager: getTopLevelResources: /data/app/com.skyworxx.gearvrnote4deviceidgrabber-1/base.apk / 1.0 running in com.android.systemui rsrc of package com.skyworxx.gearvrnote4deviceidgrabber
06-13 20:06:52.801 11739 11739 D ResourcesManager: For user 0 new overlays fetched Null
06-13 20:06:52.811 11739 11739 W ResourcesManager: getTopLevelResources: /data/app/com.reelfx.legendary_vr-1/base.apk / 1.0 running in com.android.systemui rsrc of package com.reelfx.legendary_vr
06-13 20:06:52.831 11739 11739 D ResourcesManager: For user 0 new overlays fetched Null
06-13 20:06:52.831 10218 10350 I VrApi : FPS=56,Prd=51ms,Tear=1,Early=52,Stale=3,VSnc=1,Lat=1,CPU4/GPU=2/2,1100/350MHz,OC=FF,TA=F0/F0/F0/F0,SP=F/F/F/F,Mem=1264MHz,Free=171MB,PSM=0,PLS=0,Temp=30.0C/27.5C
06-13 20:06:52.841 11739 11739 W ResourcesManager: getTopLevelResources: /system/priv-app/SmartManager_v3/SmartManager_v3.apk / 1.0 running in com.android.systemui rsrc of package com.samsung.android.sm
06-13 20:06:52.891 11739 11739 D ResourcesManager: For user 0 new overlays fetched Null
06-13 20:06:52.911 11739 11739 W ResourcesManager: getTopLevelResources: /data/app/com.oculus.Integration-1/base.apk / 1.0 running in com.android.systemui rsrc of package com.oculus.Integration
06-13 20:06:52.931 11739 11739 D ResourcesManager: For user 0 new overlays fetched Null
06-13 20:06:52.941 11739 11739 W ResourcesManager: getTopLevelResources: /system/priv-app/SamsungCamera4/SamsungCamera4.apk / 1.0 running in com.android.systemui rsrc of package com.sec.android.app.camera
06-13 20:06:52.981 11739 11739 D ResourcesManager: For user 0 new overlays fetched Null
06-13 20:06:52.991 11739 11739 W ResourcesManager: getTopLevelResources: /system/priv-app/SecSettings2/SecSettings2.apk / 1.0 running in com.android.systemui rsrc of package com.android.settings
06-13 20:06:53.211 11739 11739 D ResourcesManager: For user 0 new overlays fetched Null
06-13 20:06:53.241 11739 11739 W ResourcesManager: getTopLevelResources: /data/app/com.estrongs.android.pop-2/base.apk / 1.0 running in com.android.systemui rsrc of package com.estrongs.android.pop
06-13 20:06:53.281 11739 11739 D ResourcesManager: For user 0 new overlays fetched Null
06-13 20:06:53.291 11739 11739 W ResourcesManager: getTopLevelResources: /data/app/com.digitalkey.setin-1/base.apk / 1.0 running in com.android.systemui rsrc of package com.digitalkey.setin
06-13 20:06:53.291 3534 4085 I ActivityManager: Process com.google.android.googlequicksearchbox:interactor (pid 11727)(adj 1) has died(76,93)
06-13 20:06:53.301 3534 4085 D ActivityManager: isAutoRunBlockedApp:: com.google.android.googlequicksearchbox, Auto Run ON
06-13 20:06:53.301 3534 4085 W ActivityManager: Scheduling restart of crashed service com.google.android.googlequicksearchbox/com.google.android.voiceinteraction.GsaVoiceInteractionService in 1000ms
06-13 20:06:53.311 11739 11739 D ResourcesManager: For user 0 new overlays fetched Null
06-13 20:06:53.431 10218 10312 I OVR : DeviceManagerThread - event 47 (500Hz) (Tid=10312)
06-13 20:06:53.461 3534 4087 W ActivityManager: Unable to start service Intent { act=com.baimobile.android.pcsclite.service.ipc.action.BIND_PCSC pkg=com.baimobile.android.credential.service (has extras) } U=0: not found
06-13 20:06:53.471 11792 11792 I baiMobile: JniPcscLite::bindPcscService "baiMobile Credential Service" not available. Checking for older baiMobile "Android PC/SC-Lite Service", instead.
06-13 20:06:53.471 3534 4065 W ActivityManager: Unable to start service Intent { act=com.baimobile.android.pcsclite.service.ipc.action.BIND_PCSC pkg=com.baimobile.android.pcsclite.service (has extras) } U=0: not found
06-13 20:06:53.481 11792 11792 W baiMobile: JniPcscLite::bindPcscService WARNING: No source of baiMobile PC/SC service was found (not running or not installed).
06-13 20:06:53.481 11792 11792 E ucsBai_ConnectionManager: PCSCLite service may not be installed yet
06-13 20:06:53.481 11792 11792 D ucsBai_ConnectionManager: reset
06-13 20:06:53.481 11792 11792 I ucsBai_ConnectionManager: unbind pcsc
06-13 20:06:53.551 3534 3534 D UcmAgentWrapper: onServiceConnected ComponentInfo{com.sec.smartcard.manager/com.sec.enterprise.mdm.sc.bai.BaiMobileAgentService}
06-13 20:06:53.611 11739 11739 W ResourcesManager: getTopLevelResources: /data/app/com.samsung.voiceserviceplatform-1/base.apk / 1.0 running in com.android.systemui rsrc of package com.samsung.voiceserviceplatform
06-13 20:06:53.691 3534 4101 D PackageManager: getComponentMetadataForIconTray : com.samsung.voiceserviceplatform.ui.PermissionUsageActivity does not exist in mServices
06-13 20:06:53.691 3534 4101 D PackageManager: getComponentMetadataForIconTray : com.samsung.voiceserviceplatform.ui.PermissionUsageActivity does not exist in mProviders
06-13 20:06:53.691 3534 4101 D PackageManager: getComponentMetadataForIconTray : com.samsung.voiceserviceplatform.ui.PermissionUsageActivity does not exist in mReceivers
06-13 20:06:53.801 10218 10350 I VrApi : FPS=58,Prd=51ms,Tear=0,Early=51,Stale=6,VSnc=1,Lat=1,CPU4/GPU=2/2,900/266MHz,OC=FF,TA=F0/F0/F0/F0,SP=F/F/F/F,Mem=1264MHz,Free=169MB,PSM=0,PLS=0,Temp=30.0C/27.5C
06-13 20:06:53.821 11739 11739 W ResourcesManager: getTopLevelResources: /data/app/com.skyworxx.gearvrnote4deviceidgrabber-1/base.apk / 1.0 running in com.android.systemui rsrc of package com.skyworxx.gearvrnote4deviceidgrabber
06-13 20:06:53.831 3534 4025 D PackageManager: getComponentMetadataForIconTray : com.skyworxx.gearvrnote4deviceidgrabber.DeviceID does not exist in mServices
06-13 20:06:53.831 3534 4025 D PackageManager: getComponentMetadataForIconTray : com.skyworxx.gearvrnote4deviceidgrabber.DeviceID does not exist in mProviders
06-13 20:06:53.831 3534 4025 D PackageManager: getComponentMetadataForIconTray : com.skyworxx.gearvrnote4deviceidgrabber.DeviceID does not exist in mReceivers
06-13 20:06:53.871 11739 11739 I ApplicationPackageManager: load=com.skyworxx.gearvrnote4deviceidgrabber, bg=168-168, dr=168-168
06-13 20:06:53.901 11739 11739 I ApplicationPackageManager: scaled rate=1.1785074, size=168, alpha=17, hold=26, target=168
06-13 20:06:53.911 11739 11748 I art : Background sticky concurrent mark sweep GC freed 6256(565KB) AllocSpace objects, 0(0B) LOS objects, 16% free, 4MB/5MB, paused 2.057ms total 160.101ms
06-13 20:06:53.961 11739 11739 W ResourcesManager: getTopLevelResources: /data/app/com.reelfx.legendary_vr-1/base.apk / 1.0 running in com.android.systemui rsrc of package com.reelfx.legendary_vr
06-13 20:06:53.971 11739 11739 D ResourcesManager: For user 0 new overlays fetched Null
06-13 20:06:53.981 11739 11739 I ApplicationPackageManager: load=com.reelfx.legendary_vr, bg=168-168, dr=168-168
06-13 20:06:53.991 11739 11739 I ApplicationPackageManager: scaled rate=0.88, size=168, alpha=0, hold=26, target=168
06-13 20:06:54.041 11739 11739 W ResourcesManager: getTopLevelResources: /system/priv-app/SmartManager_v3/SmartManager_v3.apk / 1.0 running in com.android.systemui rsrc of package com.samsung.android.sm
06-13 20:06:54.071 11739 11739 D ResourcesManager: For user 0 new overlays fetched Null
06-13 20:06:54.081 3534 4020 D PackageManager: getComponentMetadataForIconTray : com.samsung.android.sm.ui.dashboard.SmartManagerDashBoardActivity does not exist in mServices
06-13 20:06:54.081 3534 4020 D PackageManager: getComponentMetadataForIconTray : com.samsung.android.sm.ui.dashboard.SmartManagerDashBoardActivity does not exist in mProviders
06-13 20:06:54.081 3534 4020 D PackageManager: getComponentMetadataForIconTray : com.samsung.android.sm.ui.dashboard.SmartManagerDashBoardActivity does not exist in mReceivers
06-13 20:06:54.131 11739 11739 W ResourcesManager: getTopLevelResources: /data/app/com.oculus.Integration-1/base.apk / 1.0 running in com.android.systemui rsrc of package com.oculus.Integration
06-13 20:06:54.131 3534 4060 D PackageManager: setEnabledSetting : userId = 0 packageName = com.google.android.googlequicksearchbox cmp = com.google.android.apps.gsa.soundsearchwidget.IntentWidgetProvider newState = 1 callingPackage = 10066
06-13 20:06:54.131 11739 11739 D ResourcesManager: For user 0 new overlays fetched Null
06-13 20:06:54.181 3534 4093 I ActivityManager: Process com.sec.smartcard.manager (pid 11792)(adj 1) has died(76,90)
06-13 20:06:54.181 3534 3534 D UcmAgentWrapper: onServiceDisconnected ComponentInfo{com.sec.smartcard.manager/com.sec.enterprise.mdm.sc.bai.BaiMobileAgentService}
06-13 20:06:54.181 3534 4093 D ActivityManager: isAutoRunBlockedApp:: com.sec.smartcard.manager, Auto Run ON
06-13 20:06:54.181 3534 4093 W ActivityManager: Scheduling restart of crashed service com.sec.smartcard.manager/com.sec.enterprise.mdm.sc.bai.BaiMobileAgentService in 296392ms
06-13 20:06:54.191 3534 3534 D UcmAgentWrapper: scheduleRestart
06-13 20:06:54.241 11739 11748 I art : Background sticky concurrent mark sweep GC freed 99(5KB) AllocSpace objects, 0(0B) LOS objects, 0% free, 10MB/10MB, paused 5.985ms total 94.232ms
06-13 20:06:54.251 11739 11739 I ApplicationPackageManager: load=com.oculus.Integration, bg=168-168, dr=336-336
06-13 20:06:54.311 11739 11739 I ApplicationPackageManager: DR-icon scaling ori=336,336 - scaled=168,168
06-13 20:06:54.311 11739 11739 I ApplicationPackageManager: scaled rate=0.94, size=168, alpha=0, hold=26, target=168
06-13 20:06:54.311 10218 10218 I Vsync : Choreographer doFrame callback delayed by 3.2 milliseconds
06-13 20:06:54.341 3534 3534 V VRManagerService: onServiceDisconnected()
06-13 20:06:54.341 3534 4085 V VRManagerService: binderDied()
06-13 20:06:54.341 3534 3534 D VRManagerService: VRConnection timeout for VRService!
06-13 20:06:54.341 3534 3534 V VRManagerService: stopVR() mBound=true mConnected=true iVRManagerService=null
06-13 20:06:54.341 3534 3534 V VRManagerService: mDeviceEventHandler=null ignored.
06-13 20:06:54.341 3534 3534 V VRManagerService: mDeviceEventLooper=null ignored.
06-13 20:06:54.411 3534 3618 I ActivityManager: Start proc 11808:com.google.android.googlequicksearchbox:interactor/u0a66 for service com.google.android.googlequicksearchbox/com.google.android.voiceinteraction.GsaVoiceInteractionService
06-13 20:06:54.411 11808 11808 E Zygote : v2
06-13 20:06:54.421 11808 11808 I libpersona: KNOX_SDCARD checking this for 10066
06-13 20:06:54.421 11808 11808 I libpersona: KNOX_SDCARD not a persona
06-13 20:06:54.431 11808 11808 I SELinux : Function: selinux_compare_spd_ram, index[1], SPD-policy is existed. and_ver=SEPF_SECMOBILE_6.0.1 ver=11
06-13 20:06:54.431 11739 11739 W ResourcesManager: getTopLevelResources: /system/priv-app/SamsungCamera4/SamsungCamera4.apk / 1.0 running in com.android.systemui rsrc of package com.sec.android.app.camera
06-13 20:06:54.431 10218 10312 I OVR : DeviceManagerThread - event 47 (500Hz) (Tid=10312)
06-13 20:06:54.431 3534 4038 I ActivityManager: Process com.samsung.android.hmt.vrsvc:system (pid 11753)(adj 1) has died(74,91)
06-13 20:06:54.431 3534 4038 D ActivityManager: isAutoRunBlockedApp:: com.samsung.android.hmt.vrsvc, Auto Run ON
06-13 20:06:54.431 3534 4038 W ActivityManager: Scheduling restart of crashed service com.samsung.android.hmt.vrsvc/.system.VRSystemService in 1000ms
06-13 20:06:54.441 3534 3534 D VRManagerService: VRConnection timeout for VRService!
06-13 20:06:54.441 3534 3534 V VRManagerService: stopVR() already stopped.
06-13 20:06:54.451 11808 11808 W SELinux : Function: selinux_compare_spd_ram, index[1], priority [1], priority version is VE=SEPF_SECMOBILE_6.0.1_0011
06-13 20:06:54.451 11808 11808 E Zygote : accessInfo : 0
06-13 20:06:54.451 11808 11808 W SELinux : SELinux: seapp_context_lookup: seinfo=untrusted, level=s0:c512,c768, pkgname=com.google.android.googlequicksearchbox:interactor
06-13 20:06:54.471 11739 11739 D ResourcesManager: For user 0 new overlays fetched Null
06-13 20:06:54.561 11739 11739 W ResourcesManager: getTopLevelResources: /system/priv-app/SecSettings2/SecSettings2.apk / 1.0 running in com.android.systemui rsrc of package com.android.settings
06-13 20:06:54.821 11739 11739 D ResourcesManager: For user 0 new overlays fetched Null
06-13 20:06:54.861 3534 4038 D PackageManager: getComponentMetadataForIconTray : com.android.settings.Settings does not exist in mServices
06-13 20:06:54.861 3534 4038 D PackageManager: getComponentMetadataForIconTray : com.android.settings.Settings does not exist in mProviders
06-13 20:06:54.861 3534 4038 D PackageManager: getComponentMetadataForIconTray : com.android.settings.Settings does not exist in mReceivers
06-13 20:06:54.871 3534 4060 V VRManagerService: startVR()
06-13 20:06:54.911 11739 11739 W ResourcesManager: getTopLevelResources: /data/app/com.estrongs.android.pop-2/base.apk / 1.0 running in com.android.systemui rsrc of package com.estrongs.android.pop
06-13 20:06:54.931 11808 11808 D TimaKeyStoreProvider: TimaSignature is unavailable
06-13 20:06:54.951 11739 11739 D ResourcesManager: For user 0 new overlays fetched Null
06-13 20:06:54.951 11808 11808 D ActivityThread: Added TimaKeyStore provider
06-13 20:06:54.961 3534 3554 D PackageManager: getComponentMetadataForIconTray : com.estrongs.android.pop.view.FileExplorerActivity does not exist in mServices
06-13 20:06:54.961 3534 3554 D PackageManager: getComponentMetadataForIconTray : com.estrongs.android.pop.view.FileExplorerActivity does not exist in mProviders
06-13 20:06:54.961 3534 3554 D PackageManager: getComponentMetadataForIconTray : com.estrongs.android.pop.view.FileExplorerActivity does not exist in mReceivers
06-13 20:06:54.971 11739 11739 I ApplicationPackageManager: load=com.estrongs.android.pop, bg=168-168, dr=168-168
06-13 20:06:54.971 11739 11739 I ApplicationPackageManager: scaled rate=0.9513253, size=168, alpha=1, hold=26, target=168
06-13 20:06:55.001 11821 11821 E Zygote : v2
06-13 20:06:55.001 11821 11821 I libpersona: KNOX_SDCARD checking this for 1000
06-13 20:06:55.001 11821 11821 I libpersona: KNOX_SDCARD not a persona
06-13 20:06:55.001 3534 4060 I ActivityManager: Start proc 11821:com.samsung.android.hmt.vrsvc:system/1000 for service com.samsung.android.hmt.vrsvc/.system.VRSystemService
06-13 20:06:55.011 3534 4060 V VRManagerService: startVR() Take iVRManagerService... start
06-13 20:06:55.011 11739 11739 W ResourcesManager: getTopLevelResources: /data/app/com.digitalkey.setin-1/base.apk / 1.0 running in com.android.systemui rsrc of package com.digitalkey.setin
06-13 20:06:55.021 11821 11821 I SELinux : Function: selinux_compare_spd_ram, index[1], SPD-policy is existed. and_ver=SEPF_SECMOBILE_6.0.1 ver=11
06-13 20:06:55.021 11739 11739 D ResourcesManager: For user 0 new overlays fetched Null
06-13 20:06:55.031 11821 11821 W SELinux : Function: selinux_compare_spd_ram, index[1], priority [1], priority version is VE=SEPF_SECMOBILE_6.0.1_0011
06-13 20:06:55.031 11821 11821 E Zygote : accessInfo : 0
06-13 20:06:55.051 11739 11739 I ApplicationPackageManager: load=com.digitalkey.setin, bg=168-168, dr=168-168
06-13 20:06:55.051 11739 11739 I ApplicationPackageManager: scaled rate=0.94, size=168, alpha=0, hold=26, target=168
06-13 20:06:55.111 11712 11712 W StaticBindingVerifier: Verify
06-13 20:06:55.191 10218 10346 W TimeWarp: VSync 400832: Eye=0,late=0.0ms,over=0.1ms,CPU=0.4ms,GPU=8.5ms,Tot=9.0ms
06-13 20:06:55.271 10218 10346 W TimeWarp: VSync 400836: Eye=1,late=0.0ms,over=0.0ms,CPU=0.4ms,GPU=8.8ms,Tot=9.2ms
06-13 20:06:55.291 3534 4025 I ActivityManager: Process com.android.systemui.recents (pid 11739)(adj 1) has died(87,88)
06-13 20:06:55.301 3534 4025 D ActivityManager: isAutoRunBlockedApp:: com.android.systemui, Auto Run ON
06-13 20:06:55.301 3534 4025 W ActivityManager: Scheduling restart of crashed service com.android.systemui/.recents.RecentsService in 0ms
06-13 20:06:55.341 10218 10346 W TimeWarp: VSync 400841: Eye=0,late=0.0ms,over=0.0ms,CPU=0.4ms,GPU=8.0ms,Tot=8.4ms
06-13 20:06:55.341 11833 11833 E Zygote : v2
06-13 20:06:55.341 11833 11833 I libpersona: KNOX_SDCARD checking this for 10062
06-13 20:06:55.341 11833 11833 I libpersona: KNOX_SDCARD not a persona
06-13 20:06:55.351 11833 11833 I SELinux : Function: selinux_compare_spd_ram, index[1], SPD-policy is existed. and_ver=SEPF_SECMOBILE_6.0.1 ver=11
06-13 20:06:55.351 3534 3618 I ActivityManager: Start proc 11833:com.android.systemui.recents/u0a62 for service com.android.systemui/.recents.RecentsService
06-13 20:06:55.351 11833 11833 W SELinux : Function: selinux_compare_spd_ram, index[1], priority [1], priority version is VE=SEPF_SECMOBILE_6.0.1_0011
06-13 20:06:55.351 11833 11833 E Zygote : accessInfo : 0
06-13 20:06:55.351 11833 11833 W SELinux : SELinux: seapp_context_lookup: seinfo=platform, level=s0:c512,c768, pkgname=com.android.systemui.recents
06-13 20:06:55.401 11808 11808 W ResourcesManager: getTopLevelResources: /data/app/com.google.android.googlequicksearchbox-2/base.apk / 1.0 running in com.google.android.googlequicksearchbox rsrc of package com.google.android.googlequicksearchbox
06-13 20:06:55.431 10218 10312 I OVR : DeviceManagerThread - event 47 (500Hz) (Tid=10312)
06-13 20:06:55.441 11821 11821 D TimaKeyStoreProvider: TimaSignature is unavailable
06-13 20:06:55.441 11821 11821 D ActivityThread: Added TimaKeyStore provider
06-13 20:06:55.441 11833 11833 D TimaKeyStoreProvider: TimaSignature is unavailable
06-13 20:06:55.441 11833 11833 D ActivityThread: Added TimaKeyStore provider
06-13 20:06:55.451 3534 3554 I InjectionManagerService -AppFeature: getCoreFeaturePkgList :[]
06-13 20:06:55.461 11808 11808 I InjectionManager: Inside getClassLibPath + mLibMap{0=, 1=}
06-13 20:06:55.491 11821 11821 W ResourcesManager: getTopLevelResources: /data/app/com.samsung.android.hmt.vrsvc-2/base.apk / 1.0 running in com.samsung.android.hmt.vrsvc rsrc of package com.samsung.android.hmt.vrsvc
06-13 20:06:55.491 11833 11833 W ResourcesManager: getTopLevelResources: /system/priv-app/SystemUI/SystemUI.apk / 1.0 running in com.android.systemui rsrc of package com.android.systemui
06-13 20:06:55.501 10218 10218 I Vsync : Choreographer doFrame callback delayed by 3.9 milliseconds
06-13 20:06:55.501 3534 4087 I InjectionManagerService -AppFeature: getCoreFeaturePkgList :[]
06-13 20:06:55.501 11821 11821 I InjectionManager: Inside getClassLibPath + mLibMap{0=, 1=}
06-13 20:06:55.501 3534 4101 I InjectionManagerService -AppFeature: getCoreFeaturePkgList :[]
06-13 20:06:55.501 11833 11833 I InjectionManager: Inside getClassLibPath + mLibMap{0=, 1=}
06-13 20:06:55.511 11821 11821 D ResourcesManager: For user 0 new overlays fetched Null
06-13 20:06:55.531 10218 10346 W TimeWarp: VSync 400852: Eye=1,late=0.0ms,over=0.1ms,CPU=0.4ms,GPU=8.0ms,Tot=8.5ms
06-13 20:06:55.571 11808 11808 D ResourcesManager: For user 0 new overlays fetched Null
06-13 20:06:55.591 11808 11808 I InjectionManager: Inside getClassLibPath caller
06-13 20:06:55.591 11821 11821 I InjectionManager: Inside getClassLibPath caller
06-13 20:06:55.621 11833 11833 D ResourcesManager: For user 0 new overlays fetched Null
06-13 20:06:55.621 11833 11833 I InjectionManager: Inside getClassLibPath caller
06-13 20:06:55.831 3534 6514 D SSRM:n : SIOP:: AP = 520, PST = 483 (W:10), CP = 309, CUR = 1165, LCD = 18
06-13 20:06:55.841 10218 10346 W TimeWarp: VSync 400871: Eye=0,late=0.0ms,over=1.0ms,CPU=0.3ms,GPU=4.0ms,Tot=5.3ms
06-13 20:06:56.041 11779 11788 W art : Suspending all threads took: 7.846ms
06-13 20:06:56.101 11779 11806 W ModelDownloadController: Cannot find any speech config location.
06-13 20:06:56.131 11833 11833 W System : ClassLoader referenced unknown path: /system/priv-app/SystemUI/lib/arm64
06-13 20:06:56.351 11833 11833 D InjectionManager: InjectionManager
06-13 20:06:56.361 11833 11833 D InjectionManager: fillFeatureStoreMap com.android.systemui
06-13 20:06:56.361 11833 11833 I InjectionManager: Constructor com.android.systemui, Feature store :{}
06-13 20:06:56.361 11833 11833 I InjectionManager: featureStore :{}
06-13 20:06:56.431 10218 10312 I OVR : DeviceManagerThread - event 47 (498Hz) (Tid=10312)
06-13 20:06:56.471 11821 11821 V VRSVC : (VRServiceApplication.java:13) onCreate [onCreate()]
06-13 20:06:56.471 11821 11821 D InjectionManager: InjectionManager
06-13 20:06:56.471 11821 11821 D InjectionManager: fillFeatureStoreMap com.samsung.android.hmt.vrsvc
06-13 20:06:56.471 11821 11821 I InjectionManager: Constructor com.samsung.android.hmt.vrsvc, Feature store :{}
06-13 20:06:56.471 11821 11821 I InjectionManager: featureStore :{}
06-13 20:06:56.491 11821 11821 V VRManagerServer: (VRSystemService.java:24) onCreate [onCreate]
06-13 20:06:56.581 11821 11821 V VRManagerServer: (VRManagerService.java:280) [VRManagerService created]
06-13 20:06:56.681 11821 11821 W ResourcesManager: getTopLevelResources: /data/app/com.samsung.android.hmt.vrsvc-2/base.apk / 1.0 running in com.samsung.android.hmt.vrsvc rsrc of package com.samsung.android.hmt.vrsvc
06-13 20:06:56.811 11808 11808 D InjectionManager: InjectionManager
06-13 20:06:56.811 11808 11808 D InjectionManager: fillFeatureStoreMap com.google.android.googlequicksearchbox
06-13 20:06:56.811 11808 11808 I InjectionManager: Constructor com.google.android.googlequicksearchbox, Feature store :{}
06-13 20:06:56.811 11808 11808 I InjectionManager: featureStore :{}
06-13 20:06:57.071 3534 4020 I ActivityManager: Process com.google.android.googlequicksearchbox:interactor (pid 11808)(adj 1) has died(76,91)
06-13 20:06:57.081 3534 4020 D ActivityManager: isAutoRunBlockedApp:: com.google.android.googlequicksearchbox, Auto Run ON
06-13 20:06:57.081 3534 4020 W ActivityManager: Scheduling restart of crashed service com.google.android.googlequicksearchbox/com.google.android.voiceinteraction.GsaVoiceInteractionService in 303496ms
06-13 20:06:57.131 11833 11833 D Recents : handleProxyCall type=1
06-13 20:06:57.431 11821 11821 V VRManagerServer: (VRMode.java:36) wtkw [isDemoModePackageExists=false isLiveDemoUnitBinary=false isDemoIgnore=false]
06-13 20:06:57.431 10218 10218 I Vsync : Choreographer doFrame callback delayed by 4.4 milliseconds
06-13 20:06:57.441 10218 10312 I OVR : DeviceManagerThread - event 47 (498Hz) (Tid=10312)
06-13 20:06:57.591 11821 11821 V VRManagerServer: (VRManagerService.java:324) BRMq [VRManagerService systemReady VR_API_VERSION=9]
06-13 20:06:57.641 11821 11821 V VRManagerServer: (VRManagerService.java:329) BRMq [prevDockState=105 storedBright=255]
06-13 20:06:57.641 11821 11821 V VRManagerServer: (VRSystemService.java:37) onBind [onBind]
06-13 20:06:57.651 3534 3534 V VRManagerService: onServiceConnected() mBound=true mConnected=false mConnection=com.android.server.VRManagerService$VRRecord@4e287e2 service=android.os.BinderProxy@2f11b60
06-13 20:06:57.661 3534 4060 V VRManagerService: startVR() Take iVRManagerService... ok!
06-13 20:06:57.661 3534 3985 V AlarmManager: Expired Alarm result :4
06-13 20:06:57.861 3534 4089 V VRManagerService: binderDied()
06-13 20:06:57.861 3534 4025 I ActivityManager: Process com.samsung.android.hmt.vrsvc:system (pid 11821)(adj 1) has died(76,91)
06-13 20:06:57.861 3534 4025 D ActivityManager: isAutoRunBlockedApp:: com.samsung.android.hmt.vrsvc, Auto Run ON
06-13 20:06:57.861 3534 4025 W ActivityManager: Scheduling restart of crashed service com.samsung.android.hmt.vrsvc/.system.VRSystemService in 312713ms
06-13 20:06:57.861 3534 3534 V VRManagerService: onServiceDisconnected()
06-13 20:06:57.861 3534 3534 D VRManagerService: VRConnection timeout for VRService!
06-13 20:06:57.861 3534 3534 V VRManagerService: stopVR() mBound=true mConnected=true iVRManagerService=null
06-13 20:06:57.861 3534 3534 V VRManagerService: mDeviceEventHandler=null ignored.
06-13 20:06:57.861 3534 3534 V VRManagerService: mDeviceEventLooper=null ignored.
06-13 20:06:58.011 3534 4038 I ActivityManager: Exiting empty application process android.process.media (null)
06-13 20:06:58.011 10218 10346 W TimeWarp: VSync 401000: Eye=1,late=0.0ms,over=0.0ms,CPU=0.4ms,GPU=10.3ms,Tot=10.8ms
06-13 20:06:58.071 3534 4038 D ActivityManager: isAutoRunBlockedApp:: com.android.providers.downloads, Auto Run ON
06-13 20:06:58.141 3534 4060 E JavaBinder: *** Uncaught remote exception! (Exceptions are not yet supported across processes.)
06-13 20:06:58.141 3534 4060 E JavaBinder: java.lang.RuntimeException: android.os.DeadObjectException
06-13 20:06:58.141 3534 4060 E JavaBinder: at com.android.server.VRManagerService.enforceCallingPermission(VRManagerService.java:1007)
06-13 20:06:58.141 3534 4060 E JavaBinder: at com.android.server.VRManagerService.enforceCallingSelfPermission(VRManagerService.java:997)
06-13 20:06:58.141 3534 4060 E JavaBinder: at com.android.server.VRManagerService.GetPowerLevelState(VRManagerService.java:507)
06-13 20:06:58.141 3534 4060 E JavaBinder: at com.android.internal.app.IVRManagerService$Stub.onTransact(IVRManagerService.java:149)
06-13 20:06:58.141 3534 4060 E JavaBinder: at android.os.Binder.execTransact(Binder.java:453)
06-13 20:06:58.141 3534 4060 E JavaBinder: Caused by: android.os.DeadObjectException
06-13 20:06:58.141 3534 4060 E JavaBinder: at android.os.BinderProxy.transactNative(Native Method)
06-13 20:06:58.141 3534 4060 E JavaBinder: at android.os.BinderProxy.transact(Binder.java:503)
06-13 20:06:58.141 3534 4060 E JavaBinder: at com.android.internal.app.IVRManagerService$Stub$Proxy.enforceCallingPermission(IVRManagerService.java:865)
06-13 20:06:58.141 3534 4060 E JavaBinder: at com.android.server.VRManagerService.enforceCallingPermission(VRManagerService.java:1004)
06-13 20:06:58.141 3534 4060 E JavaBinder: ... 4 more
06-13 20:06:58.171 10218 10350 I VrApi : FPS=57,Prd=51ms,Tear=1,Early=51,Stale=6,VSnc=1,Lat=1,CPU4/GPU=2/2,800/350MHz,OC=FF,TA=F0/F0/F0/F0,SP=F/F/F/F,Mem=1264MHz,Free=169MB,PSM=0,PLS=0,Temp=30.0C/27.5C
06-13 20:06:58.301 3534 4087 V AlarmManager: remove PendingIntent] PendingIntent{93c8d8c: PendingIntentRecord{97702bf com.android.bluetooth broadcastIntent}}
06-13 20:06:58.311 3534 4089 V AlarmManager: remove PendingIntent] PendingIntent{8311cd5: PendingIntentRecord{97702bf com.android.bluetooth broadcastIntent}}
06-13 20:06:58.311 3534 4093 V AlarmManager: remove PendingIntent] PendingIntent{5705cea: PendingIntentRecord{97702bf com.android.bluetooth broadcastIntent}}
06-13 20:06:58.321 3534 4020 V AlarmManager: remove PendingIntent] PendingIntent{4230bdb: PendingIntentRecord{97702bf com.android.bluetooth broadcastIntent}}
06-13 20:06:58.321 3534 4085 V AlarmManager: remove PendingIntent] PendingIntent{6eaf678: PendingIntentRecord{97702bf com.android.bluetooth broadcastIntent}}
06-13 20:06:58.331 3534 4101 V AlarmManager: remove PendingIntent] PendingIntent{1f3b151: PendingIntentRecord{97702bf com.android.bluetooth broadcastIntent}}
06-13 20:06:58.341 3534 4065 V AlarmManager: remove PendingIntent] PendingIntent{a6f5db6: PendingIntentRecord{97702bf com.android.bluetooth broadcastIntent}}
06-13 20:06:58.341 3534 4038 V AlarmManager: remove PendingIntent] PendingIntent{bc8ab7: PendingIntentRecord{97702bf com.android.bluetooth broadcastIntent}}
06-13 20:06:58.351 3534 4081 V AlarmManager: remove PendingIntent] PendingIntent{3150224: PendingIntentRecord{97702bf com.android.bluetooth broadcastIntent}}
06-13 20:06:58.361 3534 3553 V AlarmManager: remove PendingIntent] PendingIntent{271118d: PendingIntentRecord{97702bf com.android.bluetooth broadcastIntent}}
06-13 20:06:58.361 3534 4101 V AlarmManager: remove PendingIntent] PendingIntent{d8b9f42: PendingIntentRecord{97702bf com.android.bluetooth broadcastIntent}}
06-13 20:06:58.361 3534 4031 V AlarmManager: remove PendingIntent] PendingIntent{e051b53: PendingIntentRecord{97702bf com.android.bluetooth broadcastIntent}}
06-13 20:06:58.371 3534 4025 V AlarmManager: remove PendingIntent] PendingIntent{bb21c90: PendingIntentRecord{97702bf com.android.bluetooth broadcastIntent}}
06-13 20:06:58.371 3534 4060 V AlarmManager: remove PendingIntent] PendingIntent{6ea3989: PendingIntentRecord{97702bf com.android.bluetooth broadcastIntent}}
06-13 20:06:58.381 3534 3554 V AlarmManager: remove PendingIntent] PendingIntent{8386d8e: PendingIntentRecord{97702bf com.android.bluetooth broadcastIntent}}
06-13 20:06:58.381 3534 4083 V AlarmManager: remove PendingIntent] PendingIntent{b3c19af: PendingIntentRecord{97702bf com.android.bluetooth broadcastIntent}}
06-13 20:06:58.391 3534 4087 V AlarmManager: remove PendingIntent] PendingIntent{4c471bc: PendingIntentRecord{97702bf com.android.bluetooth broadcastIntent}}
06-13 20:06:58.391 3534 4089 V AlarmManager: remove PendingIntent] PendingIntent{5b3e545: PendingIntentRecord{97702bf com.android.bluetooth broadcastIntent}}
06-13 20:06:58.401 3534 4093 V AlarmManager: remove PendingIntent] PendingIntent{5d1d49a: PendingIntentRecord{97702bf com.android.bluetooth broadcastIntent}}
06-13 20:06:58.411 3534 3554 V AlarmManager: remove PendingIntent] PendingIntent{23aa1cb: PendingIntentRecord{97702bf com.android.bluetooth broadcastIntent}}
06-13 20:06:58.411 3534 4083 V AlarmManager: remove PendingIntent] PendingIntent{e44eda8: PendingIntentRecord{97702bf com.android.bluetooth broadcastIntent}}
06-13 20:06:58.411 3534 4087 V AlarmManager: remove PendingIntent] PendingIntent{bb290c1: PendingIntentRecord{97702bf com.android.bluetooth broadcastIntent}}
06-13 20:06:58.421 3534 4089 V AlarmManager: remove PendingIntent] PendingIntent{968a066: PendingIntentRecord{97702bf com.android.bluetooth broadcastIntent}}
06-13 20:06:58.421 3534 4093 V AlarmManager: remove PendingIntent] PendingIntent{74f8fa7: PendingIntentRecord{97702bf com.android.bluetooth broadcastIntent}}
06-13 20:06:58.431 3534 3554 V AlarmManager: remove PendingIntent] PendingIntent{ccf3c54: PendingIntentRecord{97702bf com.android.bluetooth broadcastIntent}}
06-13 20:06:58.441 10218 10312 I OVR : DeviceManagerThread - event 47 (500Hz) (Tid=10312)
06-13 20:06:58.441 3534 4085 V AlarmManager: remove PendingIntent] PendingIntent{59677fd: PendingIntentRecord{97702bf com.android.bluetooth broadcastIntent}}
06-13 20:06:58.441 3534 4072 V AlarmManager: remove PendingIntent] PendingIntent{44e5cf2: PendingIntentRecord{97702bf com.android.bluetooth broadcastIntent}}
06-13 20:06:58.451 3534 4065 V AlarmManager: remove PendingIntent] PendingIntent{adb7f43: PendingIntentRecord{97702bf com.android.bluetooth broadcastIntent}}
06-13 20:06:58.451 3534 4038 V AlarmManager: remove PendingIntent] PendingIntent{10dc9c0: PendingIntentRecord{97702bf com.android.bluetooth broadcastIntent}}
06-13 20:06:58.461 3534 4081 V AlarmManager: remove PendingIntent] PendingIntent{d796f9: PendingIntentRecord{97702bf com.android.bluetooth broadcastIntent}}
06-13 20:06:58.461 3534 3553 V AlarmManager: remove PendingIntent] PendingIntent{961563e: PendingIntentRecord{97702bf com.android.bluetooth broadcastIntent}}
06-13 20:06:58.471 3534 4101 V AlarmManager: remove PendingIntent] PendingIntent{8accc9f: PendingIntentRecord{97702bf com.android.bluetooth broadcastIntent}}
06-13 20:06:58.471 3534 4031 V AlarmManager: remove PendingIntent] PendingIntent{9e5c1ec: PendingIntentRecord{97702bf com.android.bluetooth broadcastIntent}}
06-13 20:06:58.471 3534 4025 V AlarmManager: remove PendingIntent] PendingIntent{71a9b5: PendingIntentRecord{97702bf com.android.bluetooth broadcastIntent}}
06-13 20:06:58.481 3534 4060 V AlarmManager: remove PendingIntent] PendingIntent{918984a: PendingIntentRecord{97702bf com.android.bluetooth broadcastIntent}}
06-13 20:06:58.481 3534 3553 V AlarmManager: remove PendingIntent] PendingIntent{11b93bb: PendingIntentRecord{97702bf com.android.bluetooth broadcastIntent}}
06-13 20:06:58.701 11854 11854 E Zygote : v2
06-13 20:06:58.701 11854 11854 I libpersona: KNOX_SDCARD checking this for 10112
06-13 20:06:58.701 11854 11854 I libpersona: KNOX_SDCARD not a persona
06-13 20:06:58.721 11854 11854 I SELinux : Function: selinux_compare_spd_ram, index[1], SPD-policy is existed. and_ver=SEPF_SECMOBILE_6.0.1 ver=11
06-13 20:06:58.731 3534 3618 I ActivityManager: Start proc 11854:com.facebook.appmanager/u0a112 for broadcast-3 com.facebook.appmanager/com.facebook.oxygen.appmanager.scheduler.BootstrapReceiver
06-13 20:06:58.731 3534 3553 V AlarmManager: remove PendingIntent] PendingIntent{d6310d8: PendingIntentRecord{97702bf com.android.bluetooth broadcastIntent}}
06-13 20:06:58.731 3534 4075 D NetworkPolicy: isUidForegroundLocked: 10112, mScreenOn: true, uidstate: -1, mProxSensorScreenOff: false
06-13 20:06:58.741 3534 4087 V AlarmManager: remove PendingIntent] PendingIntent{1602c31: PendingIntentRecord{97702bf com.android.bluetooth broadcastIntent}}
06-13 20:06:58.741 3534 4065 V AlarmManager: remove PendingIntent] PendingIntent{24fef16: PendingIntentRecord{97702bf com.android.bluetooth broadcastIntent}}
06-13 20:06:58.751 11854 11854 W SELinux : Function: selinux_compare_spd_ram, index[1], priority [1], priority version is VE=SEPF_SECMOBILE_6.0.1_0011
06-13 20:06:58.751 3534 4038 V AlarmManager: remove PendingIntent] PendingIntent{7e5b097: PendingIntentRecord{97702bf com.android.bluetooth broadcastIntent}}
06-13 20:06:58.751 11854 11854 E Zygote : accessInfo : 0
06-13 20:06:58.751 3534 4081 V AlarmManager: remove PendingIntent] PendingIntent{4646284: PendingIntentRecord{97702bf com.android.bluetooth broadcastIntent}}
06-13 20:06:58.761 11854 11854 W SELinux : SELinux: seapp_context_lookup: seinfo=default, level=s0:c512,c768, pkgname=com.facebook.appmanager
06-13 20:06:58.761 3534 4072 V AlarmManager: remove PendingIntent] PendingIntent{ada5a6d: PendingIntentRecord{97702bf com.android.bluetooth broadcastIntent}}
06-13 20:06:58.761 10218 10346 W TimeWarp: VSync 401045: Eye=1,late=0.0ms,over=0.0ms,CPU=0.3ms,GPU=9.4ms,Tot=9.7ms
06-13 20:06:58.761 3534 4101 V AlarmManager: remove PendingIntent] PendingIntent{3d3e6a2: PendingIntentRecord{97702bf com.android.bluetooth broadcastIntent}}
06-13 20:06:58.761 3534 4083 V AlarmManager: remove PendingIntent] PendingIntent{4cabf33: PendingIntentRecord{97702bf com.android.bluetooth broadcastIntent}}
06-13 20:06:58.771 3534 4025 V AlarmManager: remove PendingIntent] PendingIntent{50722f0: PendingIntentRecord{97702bf com.android.bluetooth broadcastIntent}}
06-13 20:06:58.771 3534 4060 V AlarmManager: remove PendingIntent] PendingIntent{64f3069: PendingIntentRecord{97702bf com.android.bluetooth broadcastIntent}}
06-13 20:06:58.781 3534 4072 V AlarmManager: remove PendingIntent] PendingIntent{aadcaee: PendingIntentRecord{97702bf com.android.bluetooth broadcastIntent}}
06-13 20:06:58.781 3534 4101 V AlarmManager: remove PendingIntent] PendingIntent{1e81b8f: PendingIntentRecord{97702bf com.android.bluetooth broadcastIntent}}
06-13 20:06:58.791 3534 4025 V AlarmManager: remove PendingIntent] PendingIntent{7d37e1c: PendingIntentRecord{97702bf com.android.bluetooth broadcastIntent}}
06-13 20:06:58.791 11712 11712 D ACRA : ACRA init; reportURL: https://www.facebook.com/mobile/generic_android_crash_logs/1437758943160428
06-13 20:06:58.791 3534 4060 V AlarmManager: remove PendingIntent] PendingIntent{b216a25: PendingIntentRecord{97702bf com.android.bluetooth broadcastIntent}}
06-13 20:06:58.801 3534 4072 V AlarmManager: remove PendingIntent] PendingIntent{92fa7fa: PendingIntentRecord{97702bf com.android.bluetooth broadcastIntent}}
06-13 20:06:58.801 3534 4020 V AlarmManager: remove PendingIntent] PendingIntent{3d4e1ab: PendingIntentRecord{97702bf com.android.bluetooth broadcastIntent}}
06-13 20:06:58.801 3534 4087 V AlarmManager: remove PendingIntent] PendingIntent{3a86008: PendingIntentRecord{97702bf com.android.bluetooth broadcastIntent}}
06-13 20:06:58.811 3534 4065 V AlarmManager: remove PendingIntent] PendingIntent{a2383a1: PendingIntentRecord{97702bf com.android.bluetooth broadcastIntent}}
06-13 20:06:58.811 3534 4093 V AlarmManager: remove PendingIntent] PendingIntent{2c049c6: PendingIntentRecord{97702bf com.android.bluetooth broadcastIntent}}
06-13 20:06:58.821 3534 4081 V AlarmManager: remove PendingIntent] PendingIntent{77ded87: PendingIntentRecord{97702bf com.android.bluetooth broadcastIntent}}
06-13 20:06:58.821 3534 4085 V AlarmManager: remove PendingIntent] PendingIntent{c6774b4: PendingIntentRecord{97702bf com.android.bluetooth broadcastIntent}}
06-13 20:06:58.831 3534 4031 V AlarmManager: remove PendingIntent] PendingIntent{4d3b8dd: PendingIntentRecord{97702bf com.android.bluetooth broadcastIntent}}
06-13 20:06:58.831 3534 4083 V AlarmManager: remove PendingIntent] PendingIntent{8673c52: PendingIntentRecord{97702bf com.android.bluetooth broadcastIntent}}
06-13 20:06:58.841 3534 4038 V AlarmManager: remove PendingIntent] PendingIntent{1c1db23: PendingIntentRecord{97702bf com.android.bluetooth broadcastIntent}}
06-13 20:06:58.841 3534 3554 V AlarmManager: remove PendingIntent] PendingIntent{612820: PendingIntentRecord{97702bf com.android.bluetooth broadcastIntent}}
06-13 20:06:58.841 3534 3553 V AlarmManager: remove PendingIntent] PendingIntent{c5805d9: PendingIntentRecord{97702bf com.android.bluetooth broadcastIntent}}
06-13 20:06:58.851 3534 4101 V AlarmManager: remove PendingIntent] PendingIntent{218cb9e: PendingIntentRecord{97702bf com.android.bluetooth broadcastIntent}}
06-13 20:06:58.861 3534 4089 V AlarmManager: remove PendingIntent] PendingIntent{ccd067f: PendingIntentRecord{97702bf com.android.bluetooth broadcastIntent}}
06-13 20:06:58.861 3534 4025 V AlarmManager: remove PendingIntent] PendingIntent{80a64c: PendingIntentRecord{97702bf com.android.bluetooth broadcastIntent}}
06-13 20:06:58.861 3534 4060 V AlarmManager: remove PendingIntent] PendingIntent{43a2695: PendingIntentRecord{97702bf com.android.bluetooth broadcastIntent}}
06-13 20:06:58.871 3534 4072 V AlarmManager: remove PendingIntent] PendingIntent{c203aa: PendingIntentRecord{97702bf com.android.bluetooth broadcastIntent}}
06-13 20:06:58.871 3534 4020 V AlarmManager: remove PendingIntent] PendingIntent{f358b9b: PendingIntentRecord{97702bf com.android.bluetooth broadcastIntent}}
06-13 20:06:58.881 3534 4087 V AlarmManager: remove PendingIntent] PendingIntent{f37db38: PendingIntentRecord{97702bf com.android.bluetooth broadcastIntent}}
06-13 20:06:58.881 3534 4065 V AlarmManager: remove PendingIntent] PendingIntent{4e39711: PendingIntentRecord{97702bf com.android.bluetooth broadcastIntent}}
06-13 20:06:58.891 3534 4093 V AlarmManager: remove PendingIntent] PendingIntent{514b076: PendingIntentRecord{97702bf com.android.bluetooth broadcastIntent}}
06-13 20:06:58.891 3534 4081 V AlarmManager: remove PendingIntent] PendingIntent{8d74677: PendingIntentRecord{97702bf com.android.bluetooth broadcastIntent}}
06-13 20:06:58.891 3534 4085 V AlarmManager: remove PendingIntent] PendingIntent{22b72e4: PendingIntentRecord{97702bf com.android.bluetooth broadcastIntent}}
06-13 20:06:58.901 3534 4031 V AlarmManager: remove PendingIntent] PendingIntent{9d9934d: PendingIntentRecord{97702bf com.android.bluetooth broadcastIntent}}
06-13 20:06:58.901 3534 4083 V AlarmManager: remove PendingIntent] PendingIntent{7135e02: PendingIntentRecord{97702bf com.android.bluetooth broadcastIntent}}
06-13 20:06:58.911 3534 4038 V AlarmManager: remove PendingIntent] PendingIntent{16fd313: PendingIntentRecord{97702bf com.android.bluetooth broadcastIntent}}
06-13 20:06:58.911 3534 3554 V AlarmManager: remove PendingIntent] PendingIntent{29ed950: PendingIntentRecord{97702bf com.android.bluetooth broadcastIntent}}
06-13 20:06:58.921 3534 3553 V AlarmManager: remove PendingIntent] PendingIntent{7b91749: PendingIntentRecord{97702bf com.android.bluetooth broadcastIntent}}
06-13 20:06:58.921 3534 4101 V AlarmManager: remove PendingIntent] PendingIntent{a5d584e: PendingIntentRecord{97702bf com.android.bluetooth broadcastIntent}}
06-13 20:06:58.931 3534 4089 V AlarmManager: remove PendingIntent] PendingIntent{4fa8d6f: PendingIntentRecord{97702bf com.android.bluetooth broadcastIntent}}
06-13 20:06:58.931 3534 4025 V AlarmManager: remove PendingIntent] PendingIntent{8a03a7c: PendingIntentRecord{97702bf com.android.bluetooth broadcastIntent}}
06-13 20:06:58.931 3534 4060 V AlarmManager: remove PendingIntent] PendingIntent{5f2df05: PendingIntentRecord{97702bf com.android.bluetooth broadcastIntent}}
06-13 20:06:58.941 3534 4072 V AlarmManager: remove PendingIntent] PendingIntent{b3aab5a: PendingIntentRecord{97702bf com.android.bluetooth broadcastIntent}}
06-13 20:06:58.941 3534 4020 V AlarmManager: remove PendingIntent] PendingIntent{9cc918b: PendingIntentRecord{97702bf com.android.bluetooth broadcastIntent}}
06-13 20:06:58.951 3534 4087 V AlarmManager: remove PendingIntent] PendingIntent{cf48268: PendingIntentRecord{97702bf com.android.bluetooth broadcastIntent}}
06-13 20:06:58.951 3534 4065 V AlarmManager: remove PendingIntent] PendingIntent{8476681: PendingIntentRecord{97702bf com.android.bluetooth broadcastIntent}}
06-13 20:06:59.211 3534 3534 D UcmAgentWrapper: unbind
06-13 20:06:59.231 5184 5195 I art : Background sticky concurrent mark sweep GC freed 35190(2MB) AllocSpace objects, 52(1040KB) LOS objects, 67% free, 1941KB/5MB, paused 7.201ms total 266.353ms
06-13 20:06:59.231 3534 3534 D UcmAgentWrapper: MSG_RESTART_TIMEOUT
06-13 20:06:59.231 3534 3534 D UcmService: deletAndRefreshAgents()
