06-13 20:08:01.861 12447 12447 I Vsync : Vsync 403752: Choreographer: 1 x 15.44 ms (59.88 Hz, at 6842.520)
06-13 20:08:01.891 12447 12669 I VrApi : FPS=60,Prd=61ms,Tear=1,Early=60,Stale=0,VSnc=1,Lat=1,CPU4/GPU=2/1,800/350MHz,OC=FF,TA=F0/F0/F0/F0,SP=F/F/F/F,Mem=836MHz,Free=2230MB,PSM=0,PLS=0,Temp=30.4C/27.5C
06-13 20:08:01.901 12447 12447 I Vsync : Vsync 403754: Choreographer: 1 x 18.03 ms (59.92 Hz, at 6842.554)
06-13 20:08:02.731 12447 12625 I OVR : DeviceManagerThread - event 62 (500Hz) (Tid=12625)
06-13 20:08:02.741 12447 12664 W TimeWarp: VSync 403804: Eye=1,late=0.0ms,over=1.7ms,CPU=0.4ms,GPU=3.8ms,Tot=6.0ms
06-13 20:08:02.891 12447 12669 I VrApi : FPS=60,Prd=61ms,Tear=0,Early=60,Stale=0,VSnc=1,Lat=1,CPU4/GPU=2/1,800/350MHz,OC=FF,TA=F0/F0/F0/F0,SP=F/F/F/F,Mem=836MHz,Free=2230MB,PSM=0,PLS=0,Temp=30.4C/27.5C
06-13 20:08:03.271 12447 12447 I Vsync : Vsync 403836: Choreographer: 1 x 15.75 ms (59.89 Hz, at 6843.922)
06-13 20:08:03.281 12447 12447 I Vsync : Vsync 403837: Choreographer: 1 x 17.60 ms (59.89 Hz, at 6843.939)
06-13 20:08:03.731 12447 12625 I OVR : DeviceManagerThread - event 62 (498Hz) (Tid=12625)
06-13 20:08:03.751 12447 12447 I Vsync : Choreographer doFrame callback delayed by 3.8 milliseconds
06-13 20:08:03.751 12447 12664 W TimeWarp: VSync 403864: Eye=1,late=0.0ms,over=3.3ms,CPU=0.5ms,GPU=3.6ms,Tot=7.3ms
06-13 20:08:03.891 12447 12669 I VrApi : FPS=60,Prd=62ms,Tear=0,Early=60,Stale=0,VSnc=1,Lat=1,CPU4/GPU=2/1,800/350MHz,OC=FF,TA=F0/F0/F0/F0,SP=F/F/F/F,Mem=836MHz,Free=2230MB,PSM=0,PLS=0,Temp=30.4C/27.5C
06-13 20:08:04.251 12447 12447 I Vsync : Vsync 403895: Choreographer: 1 x 15.06 ms (59.89 Hz, at 6844.908)
06-13 20:08:04.291 12447 12447 I Vsync : Vsync 403897: Choreographer: 1 x 18.37 ms (59.94 Hz, at 6844.941)
06-13 20:08:04.731 11712 11964 D Retrofit: ---> HTTP POST https://graph.oculus.com/user_heartbeat?current_status=ONLINE
06-13 20:08:04.741 12447 12625 I OVR : DeviceManagerThread - event 62 (499Hz) (Tid=12625)
06-13 20:08:04.741 12447 12664 W TimeWarp: VSync 403924: Eye=0,late=0.0ms,over=0.1ms,CPU=0.4ms,GPU=10.0ms,Tot=10.6ms
06-13 20:08:04.891 12447 12669 I VrApi : FPS=60,Prd=62ms,Tear=0,Early=60,Stale=0,VSnc=1,Lat=1,CPU4/GPU=2/1,800/350MHz,OC=FF,TA=F0/F0/F0/F0,SP=F/F/F/F,Mem=836MHz,Free=2230MB,PSM=0,PLS=0,Temp=30.4C/27.5C
06-13 20:08:05.091 12447 12664 W TimeWarp: VSync 403944: Eye=1,late=0.0ms,over=0.1ms,CPU=0.4ms,GPU=15.3ms,Tot=15.9ms
06-13 20:08:05.091 12447 12664 W TimeWarp: VSync 403945: Eye=0,late=7.7ms,over=0.0ms,CPU=0.4ms,GPU=4.7ms,Tot=12.8ms
06-13 20:08:05.101 11712 11964 D Retrofit: <--- HTTP 200 https://graph.oculus.com/user_heartbeat?current_status=ONLINE (371ms)
06-13 20:08:05.731 12447 12625 I OVR : DeviceManagerThread - event 62 (501Hz) (Tid=12625)
06-13 20:08:05.891 12447 12669 I VrApi : FPS=59,Prd=62ms,Tear=0,Early=59,Stale=0,VSnc=1,Lat=1,CPU4/GPU=2/1,800/350MHz,OC=FF,TA=F0/F0/F0/F0,SP=F/F/F/F,Mem=836MHz,Free=2230MB,PSM=0,PLS=0,Temp=30.4C/27.5C
06-13 20:08:06.251 3534 6514 D SSRM:n : SIOP:: AP = 440, PST = 471 (W:26), CP = 308, CUR = 722, LCD = 18
06-13 20:08:06.731 12447 12625 I OVR : DeviceManagerThread - event 62 (500Hz) (Tid=12625)
06-13 20:08:06.831 3112 3755 D EnterpriseController: netId is 0
06-13 20:08:06.831 3112 3755 D Netd : getNetworkForDns: using netid 502 for uid 10221
06-13 20:08:06.891 12447 12669 I VrApi : FPS=60,Prd=60ms,Tear=3,Early=60,Stale=0,VSnc=1,Lat=1,CPU4/GPU=2/1,800/350MHz,OC=FF,TA=F0/F0/F0/F0,SP=F/F/F/F,Mem=836MHz,Free=2229MB,PSM=0,PLS=0,Temp=30.4C/27.5C
06-13 20:08:07.111 11977 12889 I qtaguid : Tagging socket 28 with tag 22b800000000{8888,0} uid -1, pid: 11977, getuid(): 10221
06-13 20:08:07.121 11977 12889 I qtaguid : Tagging socket 34 with tag 22b800000000{8888,0} uid -1, pid: 11977, getuid(): 10221
06-13 20:08:07.571 3534 4085 V AlarmManager: remove PendingIntent] PendingIntent{a1a1589: PendingIntentRecord{9950c7 com.oculus.horizon broadcastIntent}}
06-13 20:08:07.601 3534 3618 V BroadcastQueue: [background] Process cur broadcast BroadcastRecord{a1198e u0 com.facebook.rti.fbns.intent.RECEIVE qIdx=4}, state= (APP_RECEIVE) DELIVERED for app ProcessRecord{e11d6cd 11712:com.oculus.horizon/u0a221}
06-13 20:08:07.641 3534 3618 V BroadcastQueue: [background] Process cur broadcast BroadcastRecord{72afdbc u0 action_notification qIdx=4}, state= (APP_RECEIVE) DELIVERED for app ProcessRecord{e11d6cd 11712:com.oculus.horizon/u0a221}
06-13 20:08:07.671 11712 11712 W Settings: Setting airplane_mode_on has moved from android.provider.Settings.System to android.provider.Settings.Global, returning read-only value.
06-13 20:08:07.731 12447 12625 I OVR : DeviceManagerThread - event 62 (500Hz) (Tid=12625)
06-13 20:08:07.891 12447 12669 I VrApi : FPS=60,Prd=60ms,Tear=0,Early=60,Stale=0,VSnc=1,Lat=1,CPU4/GPU=2/1,800/350MHz,OC=FF,TA=F0/F0/F0/F0,SP=F/F/F/F,Mem=836MHz,Free=2229MB,PSM=0,PLS=0,Temp=30.4C/27.5C
06-13 20:08:08.571 3534 3985 V AlarmManager: Expired Alarm result :4
06-13 20:08:08.581 3534 4075 D NetworkPolicy: isUidForegroundLocked: 10221, mScreenOn: true, uidstate: 2, mProxSensorScreenOff: false
06-13 20:08:08.581 3534 4075 D NetworkPolicy: isUidForegroundLocked: 10221, mScreenOn: true, uidstate: 2, mProxSensorScreenOff: false
06-13 20:08:08.601 12447 12664 W TimeWarp: VSync 404155: Eye=1,late=0.0ms,over=0.1ms,CPU=0.4ms,GPU=9.5ms,Tot=10.1ms
06-13 20:08:08.611 12447 12664 W TimeWarp: VSync 404156: Eye=0,late=1.9ms,over=0.0ms,CPU=0.4ms,GPU=6.0ms,Tot=8.4ms
06-13 20:08:08.731 12447 12625 I OVR : DeviceManagerThread - event 62 (500Hz) (Tid=12625)
06-13 20:08:08.831 3534 4060 V AlarmManager: remove PendingIntent] PendingIntent{8bacc66: PendingIntentRecord{181ecc1 com.oculus.horizon broadcastIntent}}
06-13 20:08:08.891 12447 12669 I VrApi : FPS=60,Prd=62ms,Tear=0,Early=60,Stale=0,VSnc=1,Lat=1,CPU4/GPU=2/1,800/350MHz,OC=FF,TA=F0/F0/F0/F0,SP=F/F/F/F,Mem=836MHz,Free=2228MB,PSM=0,PLS=0,Temp=30.4C/27.5C
06-13 20:08:09.651 3534 3985 V AlarmManager: Expired Alarm result :4
06-13 20:08:09.651 12447 12664 W TimeWarp: VSync 404218: Eye=1,late=0.0ms,over=0.2ms,CPU=0.4ms,GPU=7.8ms,Tot=8.4ms
06-13 20:08:09.661 12447 12664 W TimeWarp: VSync 404219: Eye=0,late=0.2ms,over=0.0ms,CPU=0.6ms,GPU=8.4ms,Tot=9.2ms
06-13 20:08:09.701 3534 3554 V BroadcastQueue: [background] Process cur broadcast BroadcastRecord{eff93fd u0 com.whatsapp.action.UPDATE_NTP qIdx=4}, state= (APP_RECEIVE) DELIVERED for app ProcessRecord{9a31a32 12800:com.whatsapp/u0a192}
06-13 20:08:09.741 12447 12625 I OVR : DeviceManagerThread - event 62 (499Hz) (Tid=12625)
06-13 20:08:09.861 12447 12664 W TimeWarp: VSync 404230: Eye=1,late=0.0ms,over=0.1ms,CPU=0.5ms,GPU=8.8ms,Tot=9.4ms
06-13 20:08:09.891 12447 12669 I VrApi : FPS=60,Prd=62ms,Tear=0,Early=60,Stale=0,VSnc=1,Lat=1,CPU4/GPU=2/1,800/350MHz,OC=FF,TA=F0/F0/F0/F0,SP=F/F/F/F,Mem=836MHz,Free=2228MB,PSM=0,PLS=0,Temp=30.4C/27.5C
06-13 20:08:09.891 12447 12664 W TimeWarp: VSync 404232: Eye=1,late=0.0ms,over=0.1ms,CPU=0.4ms,GPU=8.1ms,Tot=8.7ms
06-13 20:08:10.151 12137 12137 I Auth : [AuthDelegateWrapper] Service intent: Intent { cmp=com.google.android.gms/.auth.account.authenticator.DefaultAuthDelegateService }.
06-13 20:08:10.161 12137 12137 I Auth : [AuthDelegateWrapper] Service intent: Intent { cmp=com.google.android.gms/.auth.account.authenticator.DefaultAuthDelegateService }.
06-13 20:08:10.211 12137 12383 E Auth : [GoogleAccountDataServiceImpl] getToken() -> BAD_AUTHENTICATION. Account: , App: com.google.android.gms, Service: oauth2:https://www.googleapis.com/auth/contextcontroller
06-13 20:08:10.211 12137 12383 E Auth : elc: Long live credential not available.
06-13 20:08:10.211 12137 12383 E Auth : at eld.a(SourceFile:3099)
06-13 20:08:10.211 12137 12383 E Auth : at ejq.a(SourceFile:397)
06-13 20:08:10.211 12137 12383 E Auth : at ejp.a(SourceFile:31369)
06-13 20:08:10.211 12137 12383 E Auth : at ejp.a(SourceFile:313)
06-13 20:08:10.211 12137 12383 E Auth : at fla.a(SourceFile:1201)
06-13 20:08:10.211 12137 12383 E Auth : at fkz.a(SourceFile:530)
06-13 20:08:10.211 12137 12383 E Auth : at fkz.a(SourceFile:196)
06-13 20:08:10.211 12137 12383 E Auth : at egp.a(SourceFile:284)
06-13 20:08:10.211 12137 12383 E Auth : at egp.a(SourceFile:204)
06-13 20:08:10.211 12137 12383 E Auth : at egu.a(SourceFile:1510)
06-13 20:08:10.211 12137 12383 E Auth : at egt.a(SourceFile:920)
06-13 20:08:10.211 12137 12383 E Auth : at egt.e(SourceFile:534)
06-13 20:08:10.211 12137 12383 E Auth : at egt.d(SourceFile:454)
06-13 20:08:10.211 12137 12383 E Auth : at egr.b(SourceFile:568)
06-13 20:08:10.211 12137 12383 E Auth : at jtq.a(SourceFile:82)
06-13 20:08:10.211 12137 12383 E Auth : at jsg.a(SourceFile:57)
06-13 20:08:10.211 12137 12383 E Auth : at bnq.a(SourceFile:6096)
06-13 20:08:10.211 12137 12383 E Auth : at bjz.run(SourceFile:52)
06-13 20:08:10.211 12137 12383 E Auth : at bjx.a(SourceFile:258)
06-13 20:08:10.211 12137 12383 E Auth : at bjx.handleMessage(SourceFile:251)
06-13 20:08:10.211 12137 12383 E Auth : at jxi.run(SourceFile:141)
06-13 20:08:10.211 12137 12383 E Auth : at jxq.run(SourceFile:438)
06-13 20:08:10.211 12137 12383 E Auth : at java.util.concurrent.ThreadPoolExecutor.runWorker(ThreadPoolExecutor.java:1113)
06-13 20:08:10.211 12137 12383 E Auth : at java.util.concurrent.ThreadPoolExecutor$Worker.run(ThreadPoolExecutor.java:588)
06-13 20:08:10.211 12137 12383 E Auth : at kca.run(SourceFile:17)
06-13 20:08:10.211 12137 12383 E Auth : at java.lang.Thread.run(Thread.java:818)
06-13 20:08:10.251 12137 12383 W AuthSessionAuthenticato: Auth related exception is being ignored: BadAuthentication
06-13 20:08:10.371 12137 12383 I GoogleURLConnFactory: Using platform SSLCertificateSocketFactory
06-13 20:08:10.381 12137 12383 E BaseAppContext: Tried to stop global GMSCore RequestQueue. This is likely unintended, so ignoring.
06-13 20:08:10.391 12137 12383 V BaseAppContext: GmsRequestQueue started.
06-13 20:08:10.411 12137 12904 I System.out: (HTTPLog)-Static: isSBSettingEnabled false
06-13 20:08:10.411 12137 12904 I System.out: (HTTPLog)-Static: isSBSettingEnabled false
06-13 20:08:10.411 3112 3755 D EnterpriseController: netId is 0
06-13 20:08:10.411 3112 3755 D Netd : getNetworkForDns: using netid 502 for uid 10015
06-13 20:08:10.431 12137 12383 W ctxmgr : [DeviceRegistrationSync]Failed device registration sync (statusCode=UNKNOWN). Giving up.
06-13 20:08:10.431 12137 12905 I System.out: (HTTPLog)-Static: isSBSettingEnabled false
06-13 20:08:10.431 12137 12905 I System.out: (HTTPLog)-Static: isSBSettingEnabled false
06-13 20:08:10.431 3112 3755 D EnterpriseController: netId is 0
06-13 20:08:10.431 3112 3755 D Netd : getNetworkForDns: using netid 502 for uid 10015
06-13 20:08:10.491 12137 12904 I qtaguid : Tagging socket 31 with tag 2000310200000000{536883458,0} uid 10015, pid: 12137, getuid(): 10015
06-13 20:08:10.501 12137 12905 I qtaguid : Tagging socket 49 with tag 2000310500000000{536883461,0} uid 10015, pid: 12137, getuid(): 10015
06-13 20:08:10.561 12137 12905 I qtaguid : Tagging socket 51 with tag 2000310500000000{536883461,0} uid 10015, pid: 12137, getuid(): 10015
06-13 20:08:10.571 12137 12904 I qtaguid : Tagging socket 55 with tag 2000310200000000{536883458,0} uid 10015, pid: 12137, getuid(): 10015
06-13 20:08:10.591 12447 12664 W TimeWarp: VSync 404274: Eye=0,late=0.0ms,over=0.1ms,CPU=0.6ms,GPU=12.4ms,Tot=13.1ms
06-13 20:08:10.591 12447 12664 W TimeWarp: VSync 404274: Eye=1,late=4.9ms,over=0.0ms,CPU=0.5ms,GPU=3.4ms,Tot=8.8ms
06-13 20:08:10.591 12910 12910 E Zygote : v2
06-13 20:08:10.591 12910 12910 I libpersona: KNOX_SDCARD checking this for 5006
06-13 20:08:10.591 12910 12910 I libpersona: KNOX_SDCARD not a persona
06-13 20:08:10.591 12910 12910 I SELinux : Function: selinux_compare_spd_ram, index[1], SPD-policy is existed. and_ver=SEPF_SECMOBILE_6.0.1 ver=11
06-13 20:08:10.601 3534 3618 I ActivityManager: Start proc 12910:com.samsung.android.beaconmanager/5006 for service com.samsung.android.beaconmanager/.BeaconService
06-13 20:08:10.601 12910 12910 W SELinux : Function: selinux_compare_spd_ram, index[1], priority [1], priority version is VE=SEPF_SECMOBILE_6.0.1_0011
06-13 20:08:10.601 12910 12910 E Zygote : accessInfo : 0
06-13 20:08:10.601 12910 12910 W SELinux : SELinux: seapp_context_lookup: seinfo=platform, level=s0:c512,c768, pkgname=com.samsung.android.beaconmanager
06-13 20:08:10.641 12910 12910 D TimaKeyStoreProvider: TimaSignature is unavailable
06-13 20:08:10.641 12910 12910 D ActivityThread: Added TimaKeyStore provider
06-13 20:08:10.671 12910 12910 W ResourcesManager: getTopLevelResources: /data/app/com.samsung.android.beaconmanager-1/base.apk / 1.0 running in com.samsung.android.beaconmanager rsrc of package com.samsung.android.beaconmanager
06-13 20:08:10.671 3534 4101 I InjectionManagerService -AppFeature: getCoreFeaturePkgList :[]
06-13 20:08:10.671 12910 12910 I InjectionManager: Inside getClassLibPath + mLibMap{0=, 1=}
06-13 20:08:10.681 12910 12910 D ResourcesManager: For user 0 new overlays fetched Null
06-13 20:08:10.691 12910 12910 I InjectionManager: Inside getClassLibPath caller
06-13 20:08:10.701 12910 12910 D InjectionManager: InjectionManager
06-13 20:08:10.701 12910 12910 D InjectionManager: fillFeatureStoreMap com.samsung.android.beaconmanager
06-13 20:08:10.701 12910 12910 I InjectionManager: Constructor com.samsung.android.beaconmanager, Feature store :{}
06-13 20:08:10.701 12910 12910 I InjectionManager: featureStore :{}
06-13 20:08:10.721 12910 12910 V BeaconManager: BeaconService.onCreate -
06-13 20:08:10.731 12910 12910 I BeaconManager: BeaconService.CreateBeaconManager - create new Beacon Manager.
06-13 20:08:10.731 12910 12910 V BeaconManager: BeaconManager.create - --
06-13 20:08:10.731 12910 12910 E BeaconManager: BeaconManager. mBeaconManagerWorkHandler - make beacon manager...
06-13 20:08:10.741 12447 12625 I OVR : DeviceManagerThread - event 62 (498Hz) (Tid=12625)
06-13 20:08:10.741 12910 12910 V BeaconManager: BleScanHelper.BleHelper - Constructor
06-13 20:08:10.751 12910 12910 V BeaconManager: AudioHelper.AudioHelper -
06-13 20:08:10.781 12910 12910 I BeaconManager: TvControlManager.TvControlManager - mMyID is -21
06-13 20:08:10.781 12910 12910 V BeaconManager: BeaconManager.register observer - --
06-13 20:08:10.781 12910 12910 I BeaconManager: BeaconManager.getInstance - make new instance com.samsung.android.beaconmanager.a@81499af
06-13 20:08:10.791 12910 12910 I BeaconManager: BeaconService.setProcessForeground - isForeground:true
06-13 20:08:10.791 12910 12910 E BeaconManager: BeaconManager. init - -- init --
06-13 20:08:10.811 12910 12910 I BeaconManager: AppControlManager.getAccountHash - 0832a0058c24
06-13 20:08:10.811 12910 12910 I BeaconManager: AppControlManager.init - init mCheckAppList.size() =1
06-13 20:08:10.821 12910 12910 V BeaconManager: AppControlManager.checkDiscoveryOption - filter Set to WEARABLE
06-13 20:08:10.821 12910 12910 V BeaconManager: AppControlManager.registerBeaconListener - -- data --
06-13 20:08:10.821 12910 12910 I BeaconManager: BeaconManager.registernUpdateBeaconCallback - Type:2
06-13 20:08:10.821 12910 12910 D BeaconManager: BeaconManager.registernUpdateBeaconCallback - size is 0 or blocked:true
06-13 20:08:10.821 12910 12910 D BeaconManager: AppControlManager.checkAppInstallScanCondition - : false
06-13 20:08:10.821 12910 12910 D BeaconManager: AppControlManager.checkSpecificAppInstallScanCondition - : false
06-13 20:08:10.821 12910 12910 D BeaconManager: AppControlManager.checkDiscoveryOption - stop scan for App Install
06-13 20:08:10.821 12910 12910 D BeaconManager: BeaconManager.unregisterBeaconCallback - no info of managerType:1
06-13 20:08:10.821 12910 12910 V BeaconManager: TvControlManager.initalize - --
06-13 20:08:10.821 12910 12910 D BeaconManager: EasySetupManager.init -
06-13 20:08:10.831 12910 12910 V BeaconManager: BeaconService.onStartCommand - null intent!!
06-13 20:08:10.891 12447 12669 I VrApi : FPS=60,Prd=61ms,Tear=2,Early=60,Stale=0,VSnc=1,Lat=1,CPU4/GPU=2/1,800/350MHz,OC=FF,TA=F0/F0/F0/F0,SP=F/F/F/F,Mem=1026MHz,Free=2223MB,PSM=0,PLS=0,Temp=30.4C/27.5C
06-13 20:08:10.931 12910 12910 I BeaconManager: BeaconManager.registernUpdateBeaconCallback - Type:3
06-13 20:08:10.931 12910 12910 D BeaconManager: BeaconManager.registernUpdateBeaconCallback - size is 0 or blocked:true
06-13 20:08:11.001 12137 12905 I qtaguid : Untagging socket 49
06-13 20:08:11.001 12137 12383 W ctxmgr : [AclUpdateManager]Failed Acl fetch for account account#168732788# with status: UNKNOWN). Giving up.
06-13 20:08:11.091 12137 12904 I qtaguid : Untagging socket 31
06-13 20:08:11.101 3534 3545 I art : Background partial concurrent mark sweep GC freed 77125(4MB) AllocSpace objects, 46(936KB) LOS objects, 28% free, 40MB/56MB, paused 2.886ms total 272.595ms
06-13 20:08:11.331 12910 12910 D BeaconManager: TvControlManager.ControlTvHandler - handleMessage :2
06-13 20:08:11.331 12910 12910 I BeaconManager: TvControlManager.MSG_TV_DISCOVERY_CHECK -
06-13 20:08:11.331 12910 12910 W BeaconManager: TvControlManager.changeScanOption - need not. 0
06-13 20:08:11.331 12910 12910 V BeaconManager: TvControlManager.changeScanOption - old: 0 >> new :1
06-13 20:08:11.331 12910 12910 V BeaconManager: TvControlManager.changeScanOption - filter Set to OOBE_SCAN
06-13 20:08:11.331 12910 12910 V BeaconManager: TvControlManager.registerBeaconListener - -- data --
06-13 20:08:11.331 12910 12910 I BeaconManager: BeaconManager.registernUpdateBeaconCallback - Type:4
06-13 20:08:11.331 12910 12910 D BeaconManager: BeaconManager.registernUpdateBeaconCallback - size is 0 or blocked:true
06-13 20:08:11.341 12910 12922 V BeaconManager: BeaconManager.handleMessage - MSG_UPDATE_SCAN_OPTION
06-13 20:08:11.341 12910 12922 I BeaconManager: BeaconManager.checkBeaconScanMode - mScanInfo is{4=Manager Type = 4, Interval type = 2, working state = 3, 3=Manager Type = 3, Interval type = 2, working state = 3, 2=Manager Type = 2, Interval type = 2, working state = 1}
06-13 20:08:11.341 12910 12922 I BeaconManager: BeaconManager.checkBeaconScanMode - Start BLE Scan
06-13 20:08:11.341 12910 12922 D BeaconManager: BleScanHelper.updateScanFilter - Manager Type = 2, Interval type = 2, working state = 1
06-13 20:08:11.341 12910 12922 D BeaconManager: BleScanHelper.updateScanFilter - Manager Type = 3, Interval type = 2, working state = 3
06-13 20:08:11.341 12910 12922 D BeaconManager: BleScanHelper.updateScanFilter - Manager Type = 4, Interval type = 2, working state = 3
06-13 20:08:11.341 12910 12922 D BeaconManager: BleScanHelper.updateScanFilter - ($)
06-13 20:08:11.341 12910 12922 V BeaconManager: BleScanHelper.startBleScan - startBleScan
06-13 20:08:11.341 12910 12922 D BluetoothAdapter: STATE_BLE_ON
06-13 20:08:11.341 12910 12922 V BeaconManager: BleScanHelper.startBleScan - mLeRadioState is NONE
06-13 20:08:11.341 12910 12922 D BluetoothAdapter: StandAloneBleMode=true
06-13 20:08:11.351 12910 12922 D BluetoothAdapter: setting StandAloneBleMode=true
06-13 20:08:11.351 12910 12922 D BluetoothAdapter: STATE_BLE_ON
06-13 20:08:11.351 12910 12922 D BluetoothAdapter: enableRadio(): BT is already enabled..!
06-13 20:08:11.351 3534 4020 D BluetoothManagerService: updateBleAppCount #UP | mBleAppCount: 1, mSappCount1, Using SS: true
06-13 20:08:11.371 5184 18053 E BluetoothServiceJni: setRPAGenerationNative
06-13 20:08:11.381 5184 18053 I bt_bluedroid: set_rpa_generation
06-13 20:08:11.391 12910 12923 D BeaconManager: BleScanHelper.MSG_CALL_START_LESCAN - ($)
06-13 20:08:11.401 12910 12923 D BluetoothAdapter: STATE_BLE_ON
06-13 20:08:11.401 12910 12923 D BluetoothAdapter: STATE_BLE_ON
06-13 20:08:11.401 12910 12923 D BluetoothAdapter: appoCount is = 0
06-13 20:08:11.401 3534 4101 V AlarmManager: remove PendingIntent] PendingIntent{7f0a987: PendingIntentRecord{97702bf com.android.bluetooth broadcastIntent}}
06-13 20:08:11.411 12910 12923 D BluetoothAdapter: STATE_BLE_ON
06-13 20:08:11.411 12910 12923 D BluetoothAdapter: STATE_BLE_ON
06-13 20:08:11.411 12910 12923 D BluetoothAdapter: appoCount is = 0
06-13 20:08:11.411 3534 3553 V AlarmManager: remove PendingIntent] PendingIntent{a8980b4: PendingIntentRecord{97702bf com.android.bluetooth broadcastIntent}}
06-13 20:08:11.421 12910 12923 I BeaconManager: FeatureUtil.isBleScanFilterSupported - isOffloadedFilteringSupported() : enabled
06-13 20:08:11.421 12910 12923 I BeaconManager: BleScanHelper.directStopLeScan - call BleScanner.stopScan()
06-13 20:08:11.421 12910 12923 D BluetoothAdapter: STATE_BLE_ON
06-13 20:08:11.421 12910 12923 D BluetoothAdapter: appoCount is = 0
06-13 20:08:11.421 3534 3554 V AlarmManager: remove PendingIntent] PendingIntent{fad4dd: PendingIntentRecord{97702bf com.android.bluetooth broadcastIntent}}
06-13 20:08:11.431 3127 3184 D Sensorhubs: readContextData: 1, 1, 7, 1
06-13 20:08:11.431 12910 12923 D BluetoothAdapter: STATE_BLE_ON
06-13 20:08:11.431 3534 4087 V AlarmManager: remove PendingIntent] PendingIntent{7962852: PendingIntentRecord{97702bf com.android.bluetooth broadcastIntent}}
06-13 20:08:11.431 3534 3988 D SensorHubManager: onGetSensorHubDataLocked: library(4) = 1, 1, 7, 1
06-13 20:08:11.431 12910 12923 D BluetoothLeScanner: could not find callback wrapper
06-13 20:08:11.431 12910 12923 I BeaconManager: BleScanHelper.startBleScan - Start filter Scan(SCREEN_ON)
06-13 20:08:11.431 3534 3987 D CAE : onGetSensorHubData(SensorHubParserProvider.java:92) - onGetSensorHubData Event [event buffer len :4], AP_WAKEUP
06-13 20:08:11.431 3534 3987 I CAE : parse(SensorHubParserProvider.java:188) - buffer size = 4
06-13 20:08:11.431 3534 3987 I CAE : parse(SensorHubParserProvider.java:199) - 1, 1, 7, 1,
06-13 20:08:11.431 3534 3987 D CAE : display(ContextProvider.java:375) - ================= AUTO_ROTATION =================
06-13 20:08:11.431 3534 3987 I CAE : display(ContextProvider.java:391) - Angle=[1]
06-13 20:08:11.431 3534 3990 D SContextService: updateSContext() : event = Auto Rotation
06-13 20:08:11.431 3534 3534 V WindowOrientationListener: OrientationSensorJudge.onSContextChanged, Rotation: 1
06-13 20:08:11.431 3534 3620 V WindowOrientationListener: OrientationSensorJudge.getProposedRotation, Rotation: 1
06-13 20:08:11.431 3534 3620 V WindowManager: rotationForOrientationLw(orient=0, last=1); user=1 sensorRotation=1 mLidState=-1 mDockMode=0 mHdmiPlugged=false mMobileKeyboardEnabled=false displayId=0
06-13 20:08:11.431 3534 3620 V WindowOrientationListener: OrientationSensorJudge.getProposedRotation, Rotation: 1
06-13 20:08:11.431 12447 12664 W TimeWarp: VSync 404325: Eye=0,late=0.0ms,over=0.2ms,CPU=0.4ms,GPU=9.3ms,Tot=9.9ms
06-13 20:08:11.431 3534 4081 V AlarmManager: remove PendingIntent] PendingIntent{ca45723: PendingIntentRecord{97702bf com.android.bluetooth broadcastIntent}}
06-13 20:08:11.441 3534 4025 V AlarmManager: remove PendingIntent] PendingIntent{c97f420: PendingIntentRecord{97702bf com.android.bluetooth broadcastIntent}}
06-13 20:08:11.441 12910 12923 D BluetoothLeScanner: Start Scan
06-13 20:08:11.441 3534 3620 D KnoxTimeoutHandler: notifyActivityDrawn [MsgParam] userId: 0 fullscreen is true showWhenlocked is true
06-13 20:08:11.441 3534 3534 D KnoxTimeoutHandler: activityDrawn [MsgParam] userId: 0 fullscreen is true showWhenlocked is true
06-13 20:08:11.451 3534 3554 V AlarmManager: remove PendingIntent] PendingIntent{9d4e1d9: PendingIntentRecord{97702bf com.android.bluetooth broadcastIntent}}
06-13 20:08:11.451 3534 3534 I KnoxTimeoutHandler: SD activityfalse
06-13 20:08:11.451 12910 12923 D BluetoothAdapter: STATE_BLE_ON
06-13 20:08:11.451 12910 12923 D BluetoothAdapter: appoCount is = 0
06-13 20:08:11.451 3534 4072 V AlarmManager: remove PendingIntent] PendingIntent{34a779e: PendingIntentRecord{97702bf com.android.bluetooth broadcastIntent}}
06-13 20:08:11.461 12910 12923 D BluetoothAdapter: STATE_BLE_ON
06-13 20:08:11.461 3534 4085 V AlarmManager: remove PendingIntent] PendingIntent{95b427f: PendingIntentRecord{97702bf com.android.bluetooth broadcastIntent}}
06-13 20:08:11.461 12910 12923 D BluetoothAdapter: STATE_BLE_ON
06-13 20:08:11.461 12910 12923 D BluetoothAdapter: STATE_BLE_ON
06-13 20:08:11.461 12910 12923 D BluetoothAdapter: appoCount is = 0
06-13 20:08:11.461 3534 4031 V AlarmManager: remove PendingIntent] PendingIntent{758324c: PendingIntentRecord{97702bf com.android.bluetooth broadcastIntent}}
06-13 20:08:11.471 5184 5197 D BtGatt.GattService: registerClient() - UUID=916761cb-dbf2-432b-9487-81dabc0332df
06-13 20:08:11.471 3534 4060 V AlarmManager: remove PendingIntent] PendingIntent{2a8c295: PendingIntentRecord{97702bf com.android.bluetooth broadcastIntent}}
06-13 20:08:11.471 3534 4065 V AlarmManager: remove PendingIntent] PendingIntent{1626faa: PendingIntentRecord{97702bf com.android.bluetooth broadcastIntent}}
06-13 20:08:11.481 3534 4087 V AlarmManager: remove PendingIntent] PendingIntent{c6b879b: PendingIntentRecord{97702bf com.android.bluetooth broadcastIntent}}
06-13 20:08:11.481 3534 4093 V AlarmManager: remove PendingIntent] PendingIntent{9fc2738: PendingIntentRecord{97702bf com.android.bluetooth broadcastIntent}}
06-13 20:08:11.491 3534 4060 V AlarmManager: remove PendingIntent] PendingIntent{19ff311: PendingIntentRecord{97702bf com.android.bluetooth broadcastIntent}}
06-13 20:08:11.491 3534 4065 V AlarmManager: remove PendingIntent] PendingIntent{d4fdc76: PendingIntentRecord{97702bf com.android.bluetooth broadcastIntent}}
06-13 20:08:11.491 3534 4101 V AlarmManager: remove PendingIntent] PendingIntent{9710277: PendingIntentRecord{97702bf com.android.bluetooth broadcastIntent}}
06-13 20:08:11.501 3534 4031 V AlarmManager: remove PendingIntent] PendingIntent{2e87ee4: PendingIntentRecord{97702bf com.android.bluetooth broadcastIntent}}
06-13 20:08:11.501 3534 4072 V AlarmManager: remove PendingIntent] PendingIntent{bffaf4d: PendingIntentRecord{97702bf com.android.bluetooth broadcastIntent}}
06-13 20:08:11.511 3534 4038 V AlarmManager: remove PendingIntent] PendingIntent{5d54a02: PendingIntentRecord{97702bf com.android.bluetooth broadcastIntent}}
06-13 20:08:11.511 3534 4101 V AlarmManager: remove PendingIntent] PendingIntent{7e94f13: PendingIntentRecord{97702bf com.android.bluetooth broadcastIntent}}
06-13 20:08:11.511 5184 5281 D BtGatt.GattService: onClientRegistered() - UUID=916761cb-dbf2-432b-9487-81dabc0332df, clientIf=5
06-13 20:08:11.511 12910 12920 D BluetoothLeScanner: onClientRegistered() - status=0 clientIf=5
06-13 20:08:11.521 5184 18053 D BtGatt.GattService: start scan with filters
06-13 20:08:11.521 3534 4072 V AlarmManager: remove PendingIntent] PendingIntent{20a550: PendingIntentRecord{97702bf com.android.bluetooth broadcastIntent}}
06-13 20:08:11.521 5184 18053 D BluetoothAdapter: STATE_BLE_ON
06-13 20:08:11.521 5184 18053 D BluetoothAdapter: appoCount is = 0
06-13 20:08:11.521 5184 18053 D BluetoothAdapter: STATE_BLE_ON
06-13 20:08:11.521 5184 18053 D BtGatt.GattService: getScanSettings
06-13 20:08:11.521 5184 18053 D BtGatt.GattService: Is it foreground application = false
06-13 20:08:11.521 5184 18053 D BtGatt.GattService: Its a background application running with Low Power scan mode
06-13 20:08:11.521 3534 4087 V AlarmManager: remove PendingIntent] PendingIntent{c24f349: PendingIntentRecord{97702bf com.android.bluetooth broadcastIntent}}
06-13 20:08:11.531 5184 18053 D BtGatt.GattService: [GSIM LOG]: getActualScanMode (100/5 vs -2147483648/0)
06-13 20:08:11.531 3534 4065 V AlarmManager: remove PendingIntent] PendingIntent{152044e: PendingIntentRecord{97702bf com.android.bluetooth broadcastIntent}}
06-13 20:08:11.531 5184 18053 D BtGatt.GattService: [GSIM LOG]: getCallingProcessName: com.samsung.android.beaconmanager
06-13 20:08:11.531 5184 18053 D BtGatt.GattService: [GSIM LOG]: getCallingProcessName: com.samsung.android.beaconmanager
06-13 20:08:11.531 5184 5308 E BtGatt.GattService: [GSIM LOG]: gsimLogHandler: com.samsung.android.beaconmanager, msg: MESSAGE_START_SCAN
06-13 20:08:11.531 5184 5308 D BtGatt.GattService: [GSIM LOG]: gsimLogHandler: prevDate: 13, currDate: 13
06-13 20:08:11.531 3534 4101 V AlarmManager: remove PendingIntent] PendingIntent{f8fc96f: PendingIntentRecord{97702bf com.android.bluetooth broadcastIntent}}
06-13 20:08:11.541 3534 4020 V AlarmManager: remove PendingIntent] PendingIntent{a72c67c: PendingIntentRecord{97702bf com.android.bluetooth broadcastIntent}}
06-13 20:08:11.541 5184 5297 D BtGatt.ScanManager: handling starting scan
06-13 20:08:11.541 5184 5297 D BluetoothAdapter: STATE_BLE_ON
06-13 20:08:11.541 5184 5297 D BluetoothAdapter: STATE_BLE_ON
06-13 20:08:11.541 5184 5297 D BluetoothAdapter: appoCount is = 0
06-13 20:08:11.551 3534 4025 V AlarmManager: remove PendingIntent] PendingIntent{b407b05: PendingIntentRecord{97702bf com.android.bluetooth broadcastIntent}}
06-13 20:08:11.551 5184 5297 D BluetoothAdapter: STATE_BLE_ON
06-13 20:08:11.551 5184 5297 D BluetoothAdapter: STATE_BLE_ON
06-13 20:08:11.551 5184 5297 D BluetoothAdapter: appoCount is = 0
06-13 20:08:11.551 5184 5308 D BtGatt.GattService: [GSIM LOG]: increaseScanCount : com.samsung.android.beaconmanager : 62
06-13 20:08:11.551 5184 5308 D BtGatt.GattService: [GSIM LOG]: increaseScanCount : com.samsung.android.beaconmanager, com.samsung.android.beaconmanager
06-13 20:08:11.551 5184 5297 D BluetoothAdapter: STATE_BLE_ON
06-13 20:08:11.551 5184 5297 D BluetoothAdapter: STATE_BLE_ON
06-13 20:08:11.551 3534 4081 V AlarmManager: remove PendingIntent] PendingIntent{ace175a: PendingIntentRecord{97702bf com.android.bluetooth broadcastIntent}}
06-13 20:08:11.551 5184 5297 D BluetoothAdapter: appoCount is = 0
06-13 20:08:11.561 5184 5281 D BtGatt.GattService: onScanFilterEnableDisabled() - clientIf=5, status=0, action=1
06-13 20:08:11.561 5184 5281 D BtGatt.ScanManager: callback done for clientIf - 5 status - 0
06-13 20:08:11.561 5184 5297 D BtGatt.ScanManager: set filter index= 30 for clientIf= 5
06-13 20:08:11.561 5184 5297 D BtGatt.ScanManager: addFilterToController: 5
06-13 20:08:11.561 5184 5281 D BtGatt.GattService: onScanFilterConfig() - clientIf=5, action = 0 status = 0, filterType=5, availableSpace=47
06-13 20:08:11.561 3534 4025 V AlarmManager: remove PendingIntent] PendingIntent{e798d8b: PendingIntentRecord{97702bf com.android.bluetooth broadcastIntent}}
06-13 20:08:11.561 5184 5281 D BtGatt.ScanManager: callback done for clientIf - 5 status - 0
06-13 20:08:11.561 5184 5297 D BtGatt.ScanManager: High Rssi Filter value is = -128
06-13 20:08:11.561 5184 5297 D BtGatt.ScanManager: Low Rssi Filter value is = -128
06-13 20:08:11.561 5184 5297 D BtGatt.ScanManager: configureFilterParamter 500 10000 1 0highRssiThreshold = -128lowRssiThreshold = -128matchmode is =1
06-13 20:08:11.561 5184 5281 D BtGatt.GattService: onScanFilterParamsConfigured() - clientIf=5, status=0, action=0, availableSpace=31
06-13 20:08:11.561 5184 5281 D BtGatt.ScanManager: callback done for clientIf - 5 status - 0
06-13 20:08:11.561 5184 5297 D BtGatt.ScanManager: set filter index= 31 for clientIf= 5
06-13 20:08:11.561 5184 5297 D BtGatt.ScanManager: addFilterToController: 5
06-13 20:08:11.561 5184 5281 D BtGatt.GattService: onScanFilterConfig() - clientIf=5, action = 0 status = 0, filterType=5, availableSpace=46
06-13 20:08:11.561 5184 5281 D BtGatt.ScanManager: callback done for clientIf - 5 status - 0
06-13 20:08:11.561 5184 5297 D BtGatt.ScanManager: High Rssi Filter value is = -128
06-13 20:08:11.561 5184 5297 D BtGatt.ScanManager: Low Rssi Filter value is = -128
06-13 20:08:11.561 5184 5297 D BtGatt.ScanManager: configureFilterParamter 500 10000 1 0highRssiThreshold = -128lowRssiThreshold = -128matchmode is =1
06-13 20:08:11.561 5184 5308 D BtGatt.GattService: [GSIM LOG]: increaseScanCount 4 Battery : com.samsung.android.beaconmanager : 329
06-13 20:08:11.561 5184 5281 D BtGatt.GattService: onScanFilterParamsConfigured() - clientIf=5, status=0, action=0, availableSpace=30
06-13 20:08:11.561 5184 5281 D BtGatt.ScanManager: callback done for clientIf - 5 status - 0
06-13 20:08:11.561 5184 5297 D BtGatt.ScanManager: set filter index= 3 for clientIf= 5
06-13 20:08:11.561 5184 5297 D BtGatt.ScanManager: addFilterToController: 5
06-13 20:08:11.571 3534 3553 V AlarmManager: remove PendingIntent] PendingIntent{763ce68: PendingIntentRecord{97702bf com.android.bluetooth broadcastIntent}}
06-13 20:08:11.571 5184 5281 D BtGatt.GattService: onScanFilterConfig() - clientIf=5, action = 0 status = 0, filterType=5, availableSpace=45
06-13 20:08:11.571 5184 5281 D BtGatt.ScanManager: callback done for clientIf - 5 status - 0
06-13 20:08:11.571 5184 5297 D BtGatt.ScanManager: High Rssi Filter value is = -128
06-13 20:08:11.571 5184 5297 D BtGatt.ScanManager: Low Rssi Filter value is = -128
06-13 20:08:11.571 5184 5297 D BtGatt.ScanManager: configureFilterParamter 500 10000 1 0highRssiThreshold = -128lowRssiThreshold = -128matchmode is =1
06-13 20:08:11.571 5184 5281 D BtGatt.GattService: onScanFilterParamsConfigured() - clientIf=5, status=0, action=0, availableSpace=29
06-13 20:08:11.571 5184 5281 D BtGatt.ScanManager: callback done for clientIf - 5 status - 0
06-13 20:08:11.571 5184 5297 D BtGatt.ScanManager: set filter index= 4 for clientIf= 5
06-13 20:08:11.571 5184 5297 D BtGatt.ScanManager: addFilterToController: 5
06-13 20:08:11.571 3534 4083 V AlarmManager: remove PendingIntent] PendingIntent{ad2c281: PendingIntentRecord{97702bf com.android.bluetooth broadcastIntent}}
06-13 20:08:11.571 5184 5281 D BtGatt.GattService: onScanFilterConfig() - clientIf=5, action = 0 status = 0, filterType=5, availableSpace=44
06-13 20:08:11.571 5184 5281 D BtGatt.ScanManager: callback done for clientIf - 5 status - 0
06-13 20:08:11.571 5184 5297 D BtGatt.ScanManager: High Rssi Filter value is = -128
06-13 20:08:11.571 5184 5297 D BtGatt.ScanManager: Low Rssi Filter value is = -128
06-13 20:08:11.571 5184 5297 D BtGatt.ScanManager: configureFilterParamter 500 10000 1 0highRssiThreshold = -128lowRssiThreshold = -128matchmode is =1
06-13 20:08:11.571 5184 5281 D BtGatt.GattService: onScanFilterParamsConfigured() - clientIf=5, status=0, action=0, availableSpace=28
06-13 20:08:11.571 5184 5281 D BtGatt.ScanManager: callback done for clientIf - 5 status - 0
06-13 20:08:11.571 5184 5297 D BtGatt.ScanManager: configureRegularScanParams() - queue=1
06-13 20:08:11.581 3534 3554 V AlarmManager: remove PendingIntent] PendingIntent{3c64f26: PendingIntentRecord{97702bf com.android.bluetooth broadcastIntent}}
06-13 20:08:11.571 5184 5297 I BtGatt.ScanManager: custom scan scanMode = 100
06-13 20:08:11.571 5184 5297 I BtGatt.ScanManager: New scan mode custom scan scanInterval = 3120scanWindow = 160
06-13 20:08:11.571 5184 5297 E BtGatt.ScanManager: default value of curScanSetting 0 is choosen
06-13 20:08:11.571 5184 5297 I BtGatt.ScanManager: newScanMode = 5newcurScanSetting = 0
06-13 20:08:11.571 5184 5297 I BtGatt.ScanManager: comparing = 5 with = 0
06-13 20:08:11.571 5184 5297 D BtGatt.ScanManager: configureRegularScanParams() - ScanSetting Scan mode=100 mLastConfiguredScanSetting=-2147483648
06-13 20:08:11.571 5184 5297 D BtGatt.ScanManager: configureRegularScanParams - scanInterval = 4992configureRegularScanParams - scanWindow = 256
06-13 20:08:11.581 3534 4020 V AlarmManager: remove PendingIntent] PendingIntent{4f17767: PendingIntentRecord{97702bf com.android.bluetooth broadcastIntent}}
06-13 20:08:11.581 5184 5281 D BtGatt.GattService: onScanParamSetupCompleted() status=0, clientIf=5
06-13 20:08:11.581 5184 5308 D BtGatt.GattService: [GSIM LOG]: setScanTime : com.samsung.android.beaconmanager : 24430928
06-13 20:08:11.581 5184 5281 D BtGatt.GattService: onScanParamSetupCompleted : 0
06-13 20:08:11.581 5184 5308 D BtGatt.GattService: [GSIM LOG]: setRequestedScanType : com.samsung.android.beaconmanager : 100
06-13 20:08:11.581 5184 5308 D BtGatt.GattService: [GSIM LOG]: setActualScanType : com.samsung.android.beaconmanager : 100
06-13 20:08:11.581 5184 5308 D BtGatt.GattService: [GSIM LOG]: updateScanTime: 0
06-13 20:08:11.581 5184 5308 D BtGatt.GattService: [GSIM LOG]: com.samsung.android.beaconmanager@Custom, R time : 177 => 177
06-13 20:08:11.581 5184 5308 D BtGatt.GattService: [GSIM LOG]: com.samsung.android.beaconmanager@Custom, A time : 177 => 177
06-13 20:08:11.581 5184 5308 D BtGatt.GattService: [GSIM LOG]: updateScanTime: 0
06-13 20:08:11.581 5184 5308 D BtGatt.GattService: [GSIM LOG]: com.samsung.android.beaconmanager@Custom, R time : 177 => 177
06-13 20:08:11.581 5184 5308 D BtGatt.GattService: [GSIM LOG]: com.samsung.android.beaconmanager@Custom, A time : 177 => 177
06-13 20:08:11.581 5184 5308 D BtGatt.GattService: [GSIM LOG]: setActualScanType : com.samsung.android.beaconmanager : 100
06-13 20:08:11.581 5184 5308 D BtGatt.GattService: [GSIM LOG]: updateScanTime: 0
06-13 20:08:11.581 5184 5308 D BtGatt.GattService: [GSIM LOG]: com.samsung.android.beaconmanager@Custom, R time : 177 => 177
06-13 20:08:11.581 5184 5308 D BtGatt.GattService: [GSIM LOG]: com.samsung.android.beaconmanager@Custom, A time : 177 => 177
06-13 20:08:11.581 5184 5308 D BtGatt.GattService: [GSIM LOG]: setScanTime : com.samsung.android.beaconmanager : 24430928
06-13 20:08:11.591 3534 4060 V AlarmManager: remove PendingIntent] PendingIntent{ddb6914: PendingIntentRecord{97702bf com.android.bluetooth broadcastIntent}}
06-13 20:08:11.591 3534 4065 V AlarmManager: remove PendingIntent] PendingIntent{9e805bd: PendingIntentRecord{97702bf com.android.bluetooth broadcastIntent}}
06-13 20:08:11.591 3534 3554 V AlarmManager: remove PendingIntent] PendingIntent{6b837b2: PendingIntentRecord{97702bf com.android.bluetooth broadcastIntent}}
06-13 20:08:11.601 3534 4031 V AlarmManager: remove PendingIntent] PendingIntent{3142303: PendingIntentRecord{97702bf com.android.bluetooth broadcastIntent}}
06-13 20:08:11.601 3534 4087 V AlarmManager: remove PendingIntent] PendingIntent{9900280: PendingIntentRecord{97702bf com.android.bluetooth broadcastIntent}}
06-13 20:08:11.611 3534 4089 V AlarmManager: remove PendingIntent] PendingIntent{21440b9: PendingIntentRecord{97702bf com.android.bluetooth broadcastIntent}}
06-13 20:08:11.611 3534 4101 V AlarmManager: remove PendingIntent] PendingIntent{66e1cfe: PendingIntentRecord{97702bf com.android.bluetooth broadcastIntent}}
06-13 20:08:11.621 3534 4031 V AlarmManager: remove PendingIntent] PendingIntent{42bec5f: PendingIntentRecord{97702bf com.android.bluetooth broadcastIntent}}
06-13 20:08:11.621 3534 4087 V AlarmManager: remove PendingIntent] PendingIntent{932c6ac: PendingIntentRecord{97702bf com.android.bluetooth broadcastIntent}}
06-13 20:08:11.621 3534 4089 V AlarmManager: remove PendingIntent] PendingIntent{82f2f75: PendingIntentRecord{97702bf com.android.bluetooth broadcastIntent}}
06-13 20:08:11.631 3534 4072 V AlarmManager: remove PendingIntent] PendingIntent{60b0b0a: PendingIntentRecord{97702bf com.android.bluetooth broadcastIntent}}
06-13 20:08:11.641 3534 4038 V AlarmManager: remove PendingIntent] PendingIntent{3ccef7b: PendingIntentRecord{97702bf com.android.bluetooth broadcastIntent}}
06-13 20:08:11.641 3534 4020 V AlarmManager: remove PendingIntent] PendingIntent{35ba198: PendingIntentRecord{97702bf com.android.bluetooth broadcastIntent}}
06-13 20:08:11.641 3534 4060 V AlarmManager: remove PendingIntent] PendingIntent{cd04df1: PendingIntentRecord{97702bf com.android.bluetooth broadcastIntent}}
06-13 20:08:11.651 3534 4081 V AlarmManager: remove PendingIntent] PendingIntent{5d6cdd6: PendingIntentRecord{97702bf com.android.bluetooth broadcastIntent}}
06-13 20:08:11.651 3534 4031 V AlarmManager: remove PendingIntent] PendingIntent{8b10857: PendingIntentRecord{97702bf com.android.bluetooth broadcastIntent}}
06-13 20:08:11.661 3534 4087 V AlarmManager: remove PendingIntent] PendingIntent{e353f44: PendingIntentRecord{97702bf com.android.bluetooth broadcastIntent}}
06-13 20:08:11.671 3534 4089 V AlarmManager: remove PendingIntent] PendingIntent{88ad82d: PendingIntentRecord{97702bf com.android.bluetooth broadcastIntent}}
06-13 20:08:11.671 3534 4093 V AlarmManager: remove PendingIntent] PendingIntent{c9f162: PendingIntentRecord{97702bf com.android.bluetooth broadcastIntent}}
06-13 20:08:11.681 3534 4081 V AlarmManager: remove PendingIntent] PendingIntent{153d2f3: PendingIntentRecord{97702bf com.android.bluetooth broadcastIntent}}
06-13 20:08:11.681 3534 4020 V AlarmManager: remove PendingIntent] PendingIntent{5e90bb0: PendingIntentRecord{97702bf com.android.bluetooth broadcastIntent}}
06-13 20:08:11.691 3534 4060 V AlarmManager: remove PendingIntent] PendingIntent{fe9ca29: PendingIntentRecord{97702bf com.android.bluetooth broadcastIntent}}
06-13 20:08:11.691 3534 4083 V AlarmManager: remove PendingIntent] PendingIntent{6d9c1ae: PendingIntentRecord{97702bf com.android.bluetooth broadcastIntent}}
06-13 20:08:11.701 3534 3554 V AlarmManager: remove PendingIntent] PendingIntent{e4eab4f: PendingIntentRecord{97702bf com.android.bluetooth broadcastIntent}}
06-13 20:08:11.711 3534 4031 V AlarmManager: remove PendingIntent] PendingIntent{dcb32dc: PendingIntentRecord{97702bf com.android.bluetooth broadcastIntent}}
06-13 20:08:11.711 3534 4089 V AlarmManager: remove PendingIntent] PendingIntent{b2bdfe5: PendingIntentRecord{97702bf com.android.bluetooth broadcastIntent}}
06-13 20:08:11.721 3534 4083 V AlarmManager: remove PendingIntent] PendingIntent{44aba: PendingIntentRecord{97702bf com.android.bluetooth broadcastIntent}}
06-13 20:08:11.721 3534 3554 V AlarmManager: remove PendingIntent] PendingIntent{674ad6b: PendingIntentRecord{97702bf com.android.bluetooth broadcastIntent}}
06-13 20:08:11.731 3534 4031 V AlarmManager: remove PendingIntent] PendingIntent{846a0c8: PendingIntentRecord{97702bf com.android.bluetooth broadcastIntent}}
06-13 20:08:11.731 3534 4101 V AlarmManager: remove PendingIntent] PendingIntent{dbf9561: PendingIntentRecord{97702bf com.android.bluetooth broadcastIntent}}
06-13 20:08:11.741 12447 12625 I OVR : DeviceManagerThread - event 62 (500Hz) (Tid=12625)
06-13 20:08:11.741 3534 4083 V AlarmManager: remove PendingIntent] PendingIntent{41c5886: PendingIntentRecord{97702bf com.android.bluetooth broadcastIntent}}
06-13 20:08:11.741 3534 4081 V AlarmManager: remove PendingIntent] PendingIntent{aeb547: PendingIntentRecord{97702bf com.android.bluetooth broadcastIntent}}
06-13 20:08:11.751 3534 3553 V AlarmManager: remove PendingIntent] PendingIntent{1890174: PendingIntentRecord{97702bf com.android.bluetooth broadcastIntent}}
06-13 20:08:11.751 3534 4089 V AlarmManager: remove PendingIntent] PendingIntent{97f269d: PendingIntentRecord{97702bf com.android.bluetooth broadcastIntent}}
06-13 20:08:11.761 3534 4093 V AlarmManager: remove PendingIntent] PendingIntent{3557712: PendingIntentRecord{97702bf com.android.bluetooth broadcastIntent}}
06-13 20:08:11.771 3534 4085 V AlarmManager: remove PendingIntent] PendingIntent{f975ee3: PendingIntentRecord{97702bf com.android.bluetooth broadcastIntent}}
06-13 20:08:11.771 3534 4038 V AlarmManager: remove PendingIntent] PendingIntent{8eec0e0: PendingIntentRecord{97702bf com.android.bluetooth broadcastIntent}}
06-13 20:08:11.781 3534 4031 V AlarmManager: remove PendingIntent] PendingIntent{9ac8f99: PendingIntentRecord{97702bf com.android.bluetooth broadcastIntent}}
06-13 20:08:11.781 3534 4083 V AlarmManager: remove PendingIntent] PendingIntent{b8ff25e: PendingIntentRecord{97702bf com.android.bluetooth broadcastIntent}}
06-13 20:08:11.791 3534 3554 V AlarmManager: remove PendingIntent] PendingIntent{ad7063f: PendingIntentRecord{97702bf com.android.bluetooth broadcastIntent}}
06-13 20:08:11.791 3534 4060 V AlarmManager: remove PendingIntent] PendingIntent{52f0b0c: PendingIntentRecord{97702bf com.android.bluetooth broadcastIntent}}
06-13 20:08:11.801 3534 4065 V AlarmManager: remove PendingIntent] PendingIntent{1ad8c55: PendingIntentRecord{97702bf com.android.bluetooth broadcastIntent}}
06-13 20:08:11.801 3534 4089 V AlarmManager: remove PendingIntent] PendingIntent{664d66a: PendingIntentRecord{97702bf com.android.bluetooth broadcastIntent}}
06-13 20:08:11.811 3534 4085 V AlarmManager: remove PendingIntent] PendingIntent{23fc75b: PendingIntentRecord{97702bf com.android.bluetooth broadcastIntent}}
06-13 20:08:11.821 3534 3553 V AlarmManager: remove PendingIntent] PendingIntent{f47cbf8: PendingIntentRecord{97702bf com.android.bluetooth broadcastIntent}}
06-13 20:08:11.821 3534 4065 V AlarmManager: remove PendingIntent] PendingIntent{b8798d1: PendingIntentRecord{97702bf com.android.bluetooth broadcastIntent}}
06-13 20:08:11.821 3534 4089 V AlarmManager: remove PendingIntent] PendingIntent{bf1ef36: PendingIntentRecord{97702bf com.android.bluetooth broadcastIntent}}
06-13 20:08:11.831 3534 4020 V AlarmManager: remove PendingIntent] PendingIntent{6a97e37: PendingIntentRecord{97702bf com.android.bluetooth broadcastIntent}}
06-13 20:08:11.841 3534 4038 V AlarmManager: remove PendingIntent] PendingIntent{29afa4: PendingIntentRecord{97702bf com.android.bluetooth broadcastIntent}}
06-13 20:08:11.841 3534 4087 V AlarmManager: remove PendingIntent] PendingIntent{21bf10d: PendingIntentRecord{97702bf com.android.bluetooth broadcastIntent}}
06-13 20:08:11.851 12447 12664 W TimeWarp: VSync 404350: Eye=0,late=0.0ms,over=0.3ms,CPU=0.4ms,GPU=8.1ms,Tot=8.8ms
06-13 20:08:11.851 3534 3554 V AlarmManager: remove PendingIntent] PendingIntent{665c8c2: PendingIntentRecord{97702bf com.android.bluetooth broadcastIntent}}
06-13 20:08:11.861 3534 4081 V AlarmManager: remove PendingIntent] PendingIntent{48dc6d3: PendingIntentRecord{97702bf com.android.bluetooth broadcastIntent}}
06-13 20:08:11.861 3534 4025 V AlarmManager: remove PendingIntent] PendingIntent{d242210: PendingIntentRecord{97702bf com.android.bluetooth broadcastIntent}}
06-13 20:08:11.861 3534 4031 V AlarmManager: remove PendingIntent] PendingIntent{3239109: PendingIntentRecord{97702bf com.android.bluetooth broadcastIntent}}
06-13 20:08:11.871 3534 4093 V AlarmManager: remove PendingIntent] PendingIntent{24baf0e: PendingIntentRecord{97702bf com.android.bluetooth broadcastIntent}}
06-13 20:08:11.871 3534 4101 V AlarmManager: remove PendingIntent] PendingIntent{c63fd2f: PendingIntentRecord{97702bf com.android.bluetooth broadcastIntent}}
06-13 20:08:11.881 3534 4081 V AlarmManager: remove PendingIntent] PendingIntent{f114f3c: PendingIntentRecord{97702bf com.android.bluetooth broadcastIntent}}
06-13 20:08:11.881 3534 4087 V AlarmManager: remove PendingIntent] PendingIntent{4eb34c5: PendingIntentRecord{97702bf com.android.bluetooth broadcastIntent}}
06-13 20:08:11.891 12447 12669 I VrApi : FPS=60,Prd=62ms,Tear=4,Early=60,Stale=0,VSnc=1,Lat=1,CPU4/GPU=2/1,800/350MHz,OC=FF,TA=F0/F0/F0/F0,SP=F/F/F/F,Mem=1026MHz,Free=2224MB,PSM=0,PLS=0,Temp=30.4C/27.5C
06-13 20:08:11.891 3534 4083 V AlarmManager: remove PendingIntent] PendingIntent{797ae1a: PendingIntentRecord{97702bf com.android.bluetooth broadcastIntent}}
06-13 20:08:11.961 3127 3184 D Sensorhubs: readContextData: 1, 1, 7, -1
06-13 20:08:11.961 3534 3988 D SensorHubManager: onGetSensorHubDataLocked: library(4) = 1, 1, 7, -1
06-13 20:08:11.961 3534 3987 D CAE : onGetSensorHubData(SensorHubParserProvider.java:92) - onGetSensorHubData Event [event buffer len :4], AP_WAKEUP
06-13 20:08:11.961 3534 3987 I CAE : parse(SensorHubParserProvider.java:188) - buffer size = 4
06-13 20:08:11.971 3534 3987 I CAE : parse(SensorHubParserProvider.java:199) - 1, 1, 7, -1,
06-13 20:08:11.971 3534 3987 D CAE : display(ContextProvider.java:375) - ================= AUTO_ROTATION =================
06-13 20:08:11.971 3534 3987 I CAE : display(ContextProvider.java:391) - Angle=[-1]
06-13 20:08:11.971 3534 3990 D SContextService: updateSContext() : event = Auto Rotation
06-13 20:08:11.971 3534 3534 V WindowOrientationListener: OrientationSensorJudge.onSContextChanged, Rotation: -1
06-13 20:08:12.741 12447 12625 I OVR : DeviceManagerThread - event 62 (500Hz) (Tid=12625)
06-13 20:08:12.891 12447 12669 I VrApi : FPS=60,Prd=61ms,Tear=2,Early=60,Stale=0,VSnc=1,Lat=1,CPU4/GPU=2/1,800/350MHz,OC=FF,TA=F0/F0/F0/F0,SP=F/F/F/F,Mem=836MHz,Free=2223MB,PSM=0,PLS=0,Temp=30.4C/27.5C
06-13 20:08:13.741 12447 12625 I OVR : DeviceManagerThread - event 62 (498Hz) (Tid=12625)
06-13 20:08:13.891 12447 12669 I VrApi : FPS=59,Prd=60ms,Tear=2,Early=59,Stale=0,VSnc=1,Lat=1,CPU4/GPU=2/1,800/350MHz,OC=FF,TA=F0/F0/F0/F0,SP=F/F/F/F,Mem=836MHz,Free=2223MB,PSM=0,PLS=0,Temp=30.4C/27.5C
06-13 20:08:13.981 3534 4087 D BatteryService: !@BatteryListener : batteryPropertiesChanged!
06-13 20:08:13.981 3534 4087 D BatteryService: level:73, scale:100, status:3, health:2, present:true, voltage: 3905, temperature: 306, technology: Li-ion, AC powered:false, USB powered:false, POGO powered:false, Wireless powered:false, icon:17303431, invalid charger:0, maxChargingCurrent:0
06-13 20:08:13.981 3534 4087 D BatteryService: online:15, current avg:-681, charge type:0, power sharing:false, high voltage charger:false, capacity:280000, batterySWSelfDischarging:false, current_now:-716
06-13 20:08:13.991 3534 3534 D BatteryService: Sending ACTION_BATTERY_CHANGED.
06-13 20:08:13.991 3534 3534 I MotionRecognitionService: On Battery, 0
06-13 20:08:13.991 3534 3534 D MotionRecognitionService: cableConnection= 0
06-13 20:08:13.991 4213 4213 D KeyguardUpdateMonitor: received broadcast android.intent.action.BATTERY_CHANGED
06-13 20:08:13.991 4213 4213 D KeyguardUpdateMonitor: handleBatteryUpdate
06-13 20:08:13.991 4213 4213 D PowerUI : priorPlugType = 0 mPlugType = 0
06-13 20:08:14.001 12058 12058 D VRSVC : (BatteryEvent.java:72) onReceive [intent action=android.intent.action.BATTERY_CHANGED isInitialStickyBroadcast=false]
06-13 20:08:14.001 12058 12058 V VRSVC : (BatteryEvent.java:86) yTqX [handleIntentBattery batteryLevel=73 batteryStatus=3 batteryPlugged=0 batteryTemperature=306]
06-13 20:08:14.011 12447 12447 I Utilities: nativeBatteryEvent(3, 73, 306)
06-13 20:08:14.031 4213 4213 D BatteryMeterView: ACTION_BATTERY_CHANGED : level:73 status:3 health:2
06-13 20:08:14.031 4213 4213 D BatteryMeterView: ACTION_BATTERY_CHANGED : level:73 status:3 health:2
06-13 20:08:14.031 12447 12664 W TimeWarp: VSync 404480: Eye=1,late=0.0ms,over=0.1ms,CPU=0.5ms,GPU=7.8ms,Tot=8.5ms
