06-13 20:07:12.061 3534 4038 V AlarmManager: remove PendingIntent] PendingIntent{69ceaec: PendingIntentRecord{5038874 com.google.android.gms broadcastIntent}}
06-13 20:07:12.091 3534 3553 D PackageManager: setEnabledSetting : userId = 0 packageName = com.facebook.katana cmp = com.facebook.timeline.profilevideo.ProfileVideoShareActivityAlias newState = 2 callingPackage = 10115
06-13 20:07:12.101 3534 4065 D PowerManagerService: [api] release WakeLock flags=0x1a tag=Unity-StartupWakeLock uid=10221 pid=12447 (0x0)
06-13 20:07:12.101 3534 4038 D PackageManager: setEnabledSetting : userId = 0 packageName = com.facebook.katana cmp = com.facebook.timeline.stagingground.ProfilePictureShareActivity newState = 2 callingPackage = 10115
06-13 20:07:12.111 12447 12483 I Unity : OnApplicationFocus() True
06-13 20:07:12.111 12447 12483 I Unity :
06-13 20:07:12.111 12447 12483 I Unity : (Filename: ./artifacts/AndroidManagedGenerated/UnityEngineDebug.cpp Line: 56)
06-13 20:07:12.111 12447 12483 I Unity :
06-13 20:07:12.111 3534 4060 W SensorService: sensor 00000000 already enabled in connection 0x7f7c760ba0 (ignoring)
06-13 20:07:12.111 12447 12483 I Unity : DashboardConfigureVR::ConfigureVrModeParms
06-13 20:07:12.111 12447 12483 I Unity :
06-13 20:07:12.111 12447 12483 I Unity : (Filename: ./artifacts/AndroidManagedGenerated/UnityEngineDebug.cpp Line: 56)
06-13 20:07:12.111 12447 12483 I Unity :
06-13 20:07:12.121 12447 12483 I UnityPlugin: OVR_VrModeParms_SetCpuLevel(): L 3
06-13 20:07:12.121 12447 12483 I UnityPlugin: OVR_VrModeParms_SetGpuLevel(): L 3
06-13 20:07:12.121 12447 12483 I UnityPlugin: OVR_SetEyeParms() w=1024 h=1024
06-13 20:07:12.131 12447 12483 E Unity : Unable to find OVRPlugin
06-13 20:07:12.161 3534 4085 V AlarmManager: remove PendingIntent] PendingIntent{6c47d97: PendingIntentRecord{5038874 com.google.android.gms broadcastIntent}}
06-13 20:07:12.171 11954 12556 W fb4a(:):UserScope: Called user scoped provider with no viewer. ViewerContextManager was created with no ViewerContext. Using EmptyViewerContextManager to return fake logged in instance.
06-13 20:07:12.181 11954 12556 W fb4a(:):UserScope: Called user scoped provider with no viewer. ViewerContextManager was created with no ViewerContext. Using EmptyViewerContextManager to return fake logged in instance.
06-13 20:07:12.221 12447 12483 I Utilities: OVR_GetTimeSinceLastVolumeChange() : Unity Utilities not initialized
06-13 20:07:12.221 12447 12507 I UnityPlugin: OVR_InitRenderThread()
06-13 20:07:12.231 12447 12507 I SystemActivities: Loading SystemActivitiesReceiver class
06-13 20:07:12.231 12447 12507 I SystemActivities: Loading SystemActivities class
06-13 20:07:12.231 12447 12507 D ProximityReceiver: Registering Oculus System Activity receiver
06-13 20:07:12.231 12447 12507 I VrApiLoader: Loading com.oculus.systemactivities version 1.0.3.1-31161642 code 31161642
06-13 20:07:12.231 12447 12507 W ResourcesManager: getTopLevelResources: /data/app/com.oculus.systemactivities-2/base.apk / 1.0 running in com.oculus.home rsrc of package com.oculus.systemactivities
06-13 20:07:12.241 12447 12483 I Unity : Home Gained Focus, LoadedLevel = Preloader
06-13 20:07:12.241 12447 12483 I Unity :
06-13 20:07:12.241 12447 12483 I Unity : (Filename: ./artifacts/AndroidManagedGenerated/UnityEngineDebug.cpp Line: 56)
06-13 20:07:12.241 12447 12483 I Unity :
06-13 20:07:12.241 12447 12483 I Unity : Loading into level SplashScreen
06-13 20:07:12.241 12447 12483 I Unity :
06-13 20:07:12.241 12447 12483 I Unity : (Filename: ./artifacts/AndroidManagedGenerated/UnityEngineDebug.cpp Line: 56)
06-13 20:07:12.241 12447 12483 I Unity :
06-13 20:07:12.241 12447 12507 D ResourcesManager: For user 0 new overlays fetched Null
06-13 20:07:12.251 12447 12483 I Utilities: OVR_GetTimeSinceLastVolumeChange() : Unity Utilities not initialized
06-13 20:07:12.251 12447 12507 I InjectionManager: Inside getClassLibPath caller
06-13 20:07:12.261 3534 4031 D KnoxTimeoutHandler: notifyActivityDrawn [MsgParam] userId: 0 fullscreen is true showWhenlocked is true
06-13 20:07:12.261 3534 3534 D KnoxTimeoutHandler: activityDrawn [MsgParam] userId: 0 fullscreen is true showWhenlocked is true
06-13 20:07:12.261 3534 3620 D StatusBarManagerService: manageDisableList userId=0 what=0x0 pkg=Window{857c72a u0 d0 com.oculus.home/com.oculus.home.HomeActivity}
06-13 20:07:12.261 3534 3620 D RestrictionPolicy: isStatusBarExpansionAllowedAsUser : true, userId = 0
06-13 20:07:12.261 3534 3534 I KnoxTimeoutHandler: SD activityfalse
06-13 20:07:12.261 4213 4213 D PhoneStatusBar: setSystemUiVisibility vis=8001 mask=ffffffff oldVal=8000 newVal=8001 diff=1
06-13 20:07:12.271 3534 3620 D RestrictionPolicy: isStatusBarExpansionAllowedAsUser : true, userId = 0
06-13 20:07:12.271 4213 4213 D PhoneStatusBar: animateCollapsePanels, state: 0, QSexpanded: false, QSdetailsShowing: false
06-13 20:07:12.271 4213 4213 D PhoneStatusBar: animateCollapse(): mExpandedVisible=false flags=0
06-13 20:07:12.271 4213 4213 D StatusBar-Window: fnf=true sanc=false, kni=false, sbf=false
06-13 20:07:12.271 4213 4213 D CoverUI : applyFocusableFlag() : Remove SAMSUNG_FLAG_SVIEW_COVER
06-13 20:07:12.271 4213 4213 D StatusBarWindowManager: forceCollapsed : false isKeyguardShowingAndNotOccluded() : false panelVisible : false keyguardFadingAway : false bouncerShowing : false headsUpShowing : false
06-13 20:07:12.271 4213 4213 D CoverUI : applyHeight h = 84, oc = false, fa = false, ac = false, sc = false
06-13 20:07:12.281 12447 12507 I JniUtils: Using caller's JNIEnv
06-13 20:07:12.281 12447 12507 I VrApi : ----------- vrapi_Initialize ----------
06-13 20:07:12.281 12447 12507 D libEGL : eglInitialize EGLDisplay = 0xda97f364
06-13 20:07:12.291 12447 12507 I JniUtils: Using caller's JNIEnv
06-13 20:07:12.291 4213 4213 D PanelView: updateQsState
06-13 20:07:12.291 12447 12507 D VrApi : onInitialize
06-13 20:07:12.291 12447 12507 D ScreenCaptureReceiver: startReceiver
06-13 20:07:12.291 4213 4213 D KeyguardSwipeHelper: reset()
06-13 20:07:12.291 4213 4213 D KeyguardUnlockEventHandler: reset()
06-13 20:07:12.291 4213 4213 D KeyguardSwipeHelper: resetChildViewVI()
06-13 20:07:12.291 12447 12507 D LoggingService: Binding to logging service
06-13 20:07:12.291 12447 12507 D LoggingService: Horizon version: 1.21.4
06-13 20:07:12.291 4213 4213 D PhoneStatusBar: setAreThereNotifications: N=1 any=true clearable=false
06-13 20:07:12.311 4213 4213 D Recents : handleProxyCall type=3
06-13 20:07:12.321 12447 12507 I LocalPreferences: ovr_InitLocalPreferences devmode=false
06-13 20:07:12.321 12447 12507 D VrApi : hasVrPermissions
06-13 20:07:12.321 12447 12447 D LoggingService: Connected to logging service: ComponentInfo{com.oculus.horizon/com.oculus.horizon.service.SDKLoggingService}
06-13 20:07:12.321 11833 11833 D Recents : handleProxyCall type=3
06-13 20:07:12.321 11871 11887 W ResourcesManager: getTopLevelResources: /data/app/com.oculus.home-2/base.apk / 1.0 running in com.samsung.android.hmt.vrsvc rsrc of package com.oculus.home
06-13 20:07:12.331 11871 11887 D ResourcesManager: For user 0 new overlays fetched Null
06-13 20:07:12.351 11918 11918 D Babel : RefCountedService(com.google.android.apps.hangouts.requestwriter.RequestWriter) onDestroy (count=0, startId=1 stopped=true)
06-13 20:07:12.411 12447 12507 D VrApi : getDeviceProperty: device_model
06-13 20:07:12.411 12447 12507 D VrApi : getDeviceProperty: replace_samsung
06-13 20:07:12.411 12137 12543 I System.out: (HTTPLog)-Static: isSBSettingEnabled false
06-13 20:07:12.411 12137 12543 I System.out: (HTTPLog)-Static: isSBSettingEnabled false
06-13 20:07:12.411 3112 3755 D EnterpriseController: netId is 0
06-13 20:07:12.411 3112 3755 D Netd : getNetworkForDns: using netid 502 for uid 10015
06-13 20:07:12.421 12447 12507 D VrApi : getDeviceProperty: device_gpu
06-13 20:07:12.421 12447 12507 D VrApi : getDeviceProperty: device_support_sdcard_path
06-13 20:07:12.421 11871 11889 V VRManagerServer: (VRManagerService.java:1489) AmLH [subSystemfuse path=/storage/emulated/0 state=mounted]
06-13 20:07:12.431 11871 11889 V VRManagerServer: (VRManagerService.java:1489) AmLH [subSystemprivate path=/storage/Private state=unmounted]
06-13 20:07:12.431 12447 12507 D VrApi : Property Type device_support_sdcard_path is not supported.
06-13 20:07:12.441 12447 12507 I OVR_GlUtils: GL_EXTENSIONS:
06-13 20:07:12.441 12447 12507 I OVR_GlUtils: GL_EXT_debug_marker
06-13 20:07:12.441 12447 12507 I OVR_GlUtils: GL_ARM_rgba8
06-13 20:07:12.441 12447 12507 I OVR_GlUtils: GL_ARM_mali_shader_binary
06-13 20:07:12.441 12447 12507 I OVR_GlUtils: GL_OES_depth24
06-13 20:07:12.441 12447 12507 I OVR_GlUtils: GL_OES_depth_texture
06-13 20:07:12.441 12447 12507 I OVR_GlUtils: GL_OES_depth_texture_cube_map
06-13 20:07:12.441 12447 12507 I OVR_GlUtils: GL_OES_packed_depth_stencil
06-13 20:07:12.441 12447 12507 I OVR_GlUtils: GL_OES_rgb8_rgba8
06-13 20:07:12.441 12447 12507 I OVR_GlUtils: GL_EXT_read_format_bgra
06-13 20:07:12.441 12447 12507 I OVR_GlUtils: GL_OES_compressed_paletted_texture
06-13 20:07:12.441 12447 12507 I OVR_GlUtils: GL_OES_compressed_ETC1_RGB8_texture
06-13 20:07:12.441 12447 12507 I OVR_GlUtils: GL_OES_standard_derivatives
06-13 20:07:12.441 12447 12507 I OVR_GlUtils: GL_OES_EGL_image
06-13 20:07:12.441 12447 12507 I OVR_GlUtils: GL_OES_EGL_image_external
06-13 20:07:12.441 12447 12507 I OVR_GlUtils: GL_OES_EGL_sync
06-13 20:07:12.441 12447 12507 I OVR_GlUtils: GL_OES_texture_npot
06-13 20:07:12.441 12447 12507 I OVR_GlUtils: GL_OES_vertex_half_float
06-13 20:07:12.441 12447 12507 I OVR_GlUtils: GL_OES_required_internalformat
06-13 20:07:12.441 12447 12507 I OVR_GlUtils: GL_OES_vertex_array_object
06-13 20:07:12.441 12447 12507 I OVR_GlUtils: GL_OES_mapbuffer
06-13 20:07:12.441 12447 12507 I OVR_GlUtils: GL_EXT_texture_format_BGRA8888
06-13 20:07:12.441 12447 12507 I OVR_GlUtils: GL_EXT_texture_rg
06-13 20:07:12.441 12447 12507 I OVR_GlUtils: GL_EXT_texture_type_2_10_10_10_REV
06-13 20:07:12.441 12447 12507 I OVR_GlUtils: GL_OES_fbo_render_mipmap
06-13 20:07:12.441 12447 12507 I OVR_GlUtils: GL_OES_element_index_uint
06-13 20:07:12.441 12447 12507 I OVR_GlUtils: GL_EXT_shadow_samplers
06-13 20:07:12.441 12447 12507 I OVR_GlUtils: GL_OES_texture_compression_astc
06-13 20:07:12.441 12447 12507 I OVR_GlUtils: GL_KHR_texture_compression_astc_ldr
06-13 20:07:12.441 12447 12507 I OVR_GlUtils: GL_KHR_texture_compression_astc_hdr
06-13 20:07:12.441 12447 12507 I OVR_GlUtils: GL_KHR_debug
06-13 20:07:12.441 12447 12507 I OVR_GlUtils: GL_EXT_occlusion_query_boolean
06-13 20:07:12.441 12447 12507 I OVR_GlUtils: GL_EXT_disjoint_timer_query
06-13 20:07:12.441 12447 12507 I OVR_GlUtils: GL_EXT_blend_minmax
06-13 20:07:12.441 12447 12507 I OVR_GlUtils: GL_EXT_discard_framebuffer
06-13 20:07:12.441 12447 12507 I OVR_GlUtils: GL_OES_get_program_binary
06-13 20:07:12.441 12447 12507 I OVR_GlUtils: GL_OES_texture_3D
06-13 20:07:12.441 12447 12507 I OVR_GlUtils: GL_EXT_texture_storage
06-13 20:07:12.441 12447 12507 I OVR_GlUtils: GL_EXT_multisampled_render_to_texture
06-13 20:07:12.441 12447 12507 I OVR_GlUtils: GL_OES_surfaceless_context
06-13 20:07:12.441 12447 12507 I OVR_GlUtils: GL_OES_texture_stencil8
06-13 20:07:12.441 12447 12507 I OVR_GlUtils: GL_EXT_shader_pixel_local_storage
06-13 20:07:12.441 12447 12507 I OVR_GlUtils: GL_ARM_shader_framebuffer_fetch
06-13 20:07:12.441 12447 12507 I OVR_GlUtils: GL_ARM_shader_framebuffer_fetch_depth_stencil
06-13 20:07:12.441 12447 12507 I OVR_GlUtils: GL_ARM_mali_program_binary
06-13 20:07:12.441 12447 12507 I OVR_GlUtils: GL_EXT_sRGB
06-13 20:07:12.441 12447 12507 I OVR_GlUtils: GL_EXT_sRGB_write_control
06-13 20:07:12.441 12447 12507 I OVR_GlUtils: GL_EXT_texture_sRGB_decode
06-13 20:07:12.441 12447 12507 I OVR_GlUtils: GL_KHR_blend_equation_advanced
06-13 20:07:12.441 12447 12507 I OVR_GlUtils: GL_KHR_blend_equation_advanced_coherent
06-13 20:07:12.441 12447 12507 I OVR_GlUtils: GL_OES_texture_storage_multisample_2d_array
06-13 20:07:12.441 12447 12507 I OVR_GlUtils: GL_OES_shader_image_atomic
06-13 20:07:12.441 12447 12507 I OVR_GlUtils: GL_EXT_robustness
06-13 20:07:12.441 12447 12507 I OVR_GlUtils: GL_EXT_draw_buffers_indexed
06-13 20:07:12.441 12447 12507 I OVR_GlUtils: GL_OES_draw_buffers_indexed
06-13 20:07:12.441 12447 12507 I OVR_GlUtils: GL_EXT_texture_border_clamp
06-13 20:07:12.441 12447 12507 I OVR_GlUtils: GL_OES_texture_border_clamp
06-13 20:07:12.441 12447 12507 I OVR_GlUtils: GL_EXT_texture_cube_map_array
06-13 20:07:12.441 12447 12507 I OVR_GlUtils: GL_OES_texture_cube_map_array
06-13 20:07:12.441 12447 12507 I OVR_GlUtils: GL_OES_sample_variables
06-13 20:07:12.441 12447 12507 I OVR_GlUtils: GL_OES_sample_shading
06-13 20:07:12.441 12447 12507 I OVR_GlUtils: GL_OES_shader_multisample_interpolation
06-13 20:07:12.441 12447 12507 I OVR_GlUtils: GL_EXT_shader_io_blocks
06-13 20:07:12.441 12447 12507 I OVR_GlUtils: GL_OES_shader_io_blocks
06-13 20:07:12.441 12447 12507 I OVR_GlUtils: GL_EXT_tessellation_shader
06-13 20:07:12.441 12447 12507 I OVR_GlUtils: GL_OES_tessellation_shader
06-13 20:07:12.441 12447 12507 I OVR_GlUtils: GL_EXT_primitive_bounding_box
06-13 20:07:12.441 12447 12507 I OVR_GlUtils: GL_OES_primitive_bounding_box
06-13 20:07:12.441 12447 12507 I OVR_GlUtils: GL_EXT_geometry_shader
06-13 20:07:12.441 12447 12507 I OVR_GlUtils: GL_OES_geometry_shader
06-13 20:07:12.441 12447 12507 I OVR_GlUtils: GL_ANDROID_extension_pack_es31a
06-13 20:07:12.441 12447 12507 I OVR_GlUtils: GL_EXT_gpu_shader5
06-13 20:07:12.441 12447 12507 I OVR_GlUtils: GL_OES_gpu_shader5
06-13 20:07:12.441 12447 12507 I OVR_GlUtils: GL_EXT_texture_buffer
06-13 20:07:12.441 12447 12507 I OVR_GlUtils: GL_OES_texture_buffer
06-13 20:07:12.441 12447 12507 I OVR_GlUtils: GL_EXT_copy_image
06-13 20:07:12.441 12447 12507 I OVR_GlUtils: GL_OES_copy_image
06-13 20:07:12.441 12447 12507 I OVR_GlUtils: GL_EXT_color_buffer_half_float
06-13 20:07:12.441 12447 12507 I OVR_GlUtils: GL_EXT_color_buffer_float
06-13 20:07:12.441 12447 12507 I OVR_GlUtils: GL_OVR_multiview
06-13 20:07:12.441 12447 12507 I OVR_GlUtils: GL_OVR_multiview2
06-13 20:07:12.441 12447 12507 I OVR_GlUtils: GL_OVR_multiview_multisampled_render_to_texture
06-13 20:07:12.441 12447 12507 I OVR_GlUtils: es3 = TRUE
06-13 20:07:12.441 12447 12507 I OVR_GlUtils: Found: GL_EXT_discard_framebuffer
06-13 20:07:12.441 12447 12507 I OVR_GlUtils: Found: GL_EXT_multisampled_render_to_texture
06-13 20:07:12.441 12447 12507 I OVR_GlUtils: Found: GL_OES_vertex_array_object
06-13 20:07:12.441 12447 12507 I OVR_GlUtils: Not found: GL_QCOM_tiled_rendering
06-13 20:07:12.441 12447 12507 I OVR_GlUtils: Found: GL_EXT_disjoint_timer_query
06-13 20:07:12.441 12447 12507 I OVR_GlUtils: Found: GL_EXT_texture_sRGB_decode
06-13 20:07:12.441 12447 12507 I OVR_GlUtils: Not found: GL_EXT_texture_filter_anisotropic
06-13 20:07:12.441 12447 12507 I OVR_GlUtils: GL_MAX_TEXTURE_SIZE = 8192
06-13 20:07:12.441 12447 12507 I OVR_GlUtils: GL_MAX_VERTEX_UNIFORM_VECTORS = 1024
06-13 20:07:12.441 12447 12507 I OVR_GlUtils: GL_MAX_FRAGMENT_UNIFORM_VECTORS = 1024
06-13 20:07:12.441 12447 12507 I Utilities: Init_Utilities
06-13 20:07:12.441 12447 12507 I UnityPlugin: Mode Parms CpuLevel 3 GpuLevel 3
06-13 20:07:12.441 12447 12507 I UnityPlugin: OVR_Resume()
06-13 20:07:12.441 12447 12507 I VrApi : ---------- vrapi_EnterVrMode [start] ----------
06-13 20:07:12.441 12447 12507 I OVR : DeviceManagerThread::AddSelectFd 58 (Tid=0)
06-13 20:07:12.441 12447 12625 I OVR : DeviceManagerThread - running (Tid=0).
06-13 20:07:12.441 12447 12507 I OVR : OVR::DeviceManager - initialized.
06-13 20:07:12.451 12137 12543 I qtaguid : Tagging socket 54 with tag 2000120100000000{536875521,0} uid -1, pid: 12137, getuid(): 10015
06-13 20:07:12.501 12137 12543 I qtaguid : Tagging socket 59 with tag 2000120100000000{536875521,0} uid -1, pid: 12137, getuid(): 10015
06-13 20:07:12.511 12447 12625 I HmdSensors: HmdSensors::OnMessage: added Device_Sensor (tid=12625, cnt=1)
06-13 20:07:12.571 12447 12625 I HmdSensors: HmdSensors::OnMessage: added Device_Sensor (tid=12625, cnt=2)
06-13 20:07:12.571 12447 12625 I OVR : PhoneSensors::PhoneSensors()
06-13 20:07:12.591 12447 12625 I OVR : OVR::Android::HIDDevice - Opened /dev/ovr0
06-13 20:07:12.591 12447 12625 I OVR : DeviceManagerThread::AddSelectFd 62 (Tid=12625)
06-13 20:07:12.651 12447 12625 I OVR : OVR::Android::HIDDevice - Opened:'vid=04e8:pid=a500:ser=R322XXU0AOJ1' Manufacturer:'sec_hmt' Product:'Gear VR' Serial#:'R322XXU0AOJ1' Version:'0000'
06-13 20:07:12.651 12447 12625 I OVR : OVR::SensorDeviceImpl::openDevice - with serial code '5A3230303530433048414430'.
06-13 20:07:12.651 12447 12625 I OVR : OVR::SensorDevice initialized.
06-13 20:07:12.651 12447 12625 I OVR : PhoneSensors::GetLatestUncalibratedMagAndBiasValue: initializing queue
06-13 20:07:12.651 3534 4083 D SensorService: SensorEventConnection::SocketBufferSize, SystemSocketBufferSize - 102400, 2097152
06-13 20:07:12.651 3534 4020 E Sensors : Mag old sensor_state 1, new sensor_state : 5 en : 1
06-13 20:07:12.661 12447 12507 I HmdSensors: HmdSensors::StartSensor: created sensor.
06-13 20:07:12.661 12447 12507 D VrApi : targetSDKVersion 19
06-13 20:07:12.661 12447 12507 I VrApi : DEVICE MODEL NUMBER = SM-N920G
06-13 20:07:12.661 12447 12507 I VrApi : DEVICE HARDWARE = samsungexynos7420
06-13 20:07:12.661 12447 12507 I VrApi : DEVICE BUILD NAME = MMB29K.N920GUBU2BPD2
06-13 20:07:12.661 12447 12507 I VrApi : DEVICE BUILD TYPE = user
06-13 20:07:12.661 12447 12507 I VrApi : DEVICE OS VERSION = 6.0.1
06-13 20:07:12.661 12447 12507 I VrApi : VRAPI VERSION = 1.0.3.1-231026-31161642 Jun 2 2016 15:12:10 Development RELEASE
06-13 20:07:12.661 12447 12507 I VrApi : VRAPI LOADER VERSION = 1.0.0.0
06-13 20:07:12.661 12447 12507 I VrApi : APP NAME = Oculus Home
06-13 20:07:12.661 12447 12507 I VrApi : APP VERSION = 1.21.1 versionCode 31436366 internalVersionName 0.0.0.229420 2016_06_07_08_38
06-13 20:07:12.661 12447 12507 I VrApi : APP VR TYPE = vr_only
06-13 20:07:12.661 12447 12507 I VrApi : APP PACKAGE NAME = com.oculus.home
06-13 20:07:12.661 12447 12507 I VrApi : APP ACTIVITY CLASS = com.oculus.home.HomeActivity
06-13 20:07:12.661 12447 12507 I VrApi : ovrModeParms::VRAPI_MODE_FLAG_ALLOW_POWER_SAVE = 1
06-13 20:07:12.661 12447 12507 I VrApi : ovrModeParms::VRAPI_MODE_FLAG_RESET_WINDOW_FULLSCREEN = 1
06-13 20:07:12.661 12447 12507 I VrApi : ovrModeParms::VRAPI_MODE_FLAG_NATIVE_WINDOW = 0
06-13 20:07:12.661 12447 12507 I VrApi : ovrModeParms::VRAPI_MODE_FLAG_FRONT_BUFFER_PROTECTED = 0
06-13 20:07:12.661 12447 12507 I VrApi : ovrModeParms::VRAPI_MODE_FLAG_FRONT_BUFFER_565 = 0
06-13 20:07:12.661 12447 12507 I VrApi : ovrModeParms::VRAPI_MODE_FLAG_FRONT_BUFFER_SRGB = 0
06-13 20:07:12.661 12447 12507 I OVR_LogUtils: SetAllowGpuTimerQueries( 0 )
06-13 20:07:12.731 12447 12507 I HmdSensors: HmdSensors::GetPredictedSensorState: created sensor (tid=12507)
06-13 20:07:12.731 12447 12507 I VrApi : HMD sensor attached.
06-13 20:07:12.731 12447 12507 V NativeWindow: egl_surface_t::surface = 0xdb544eb0
06-13 20:07:12.731 12447 12507 V NativeWindow: egl_surface_t::config = 0xdb544638
06-13 20:07:12.731 12447 12507 V NativeWindow: egl_surface_t::win = 0xecb52808
06-13 20:07:12.731 12447 12507 V NativeWindow: egl_surface_t::cnx = 0x0
06-13 20:07:12.731 12447 12507 I VrApi : hmdInfo.lensSeparation = 0.063000
06-13 20:07:12.731 12447 12507 I VrApi : hmdInfo.displayWidthMeters = 0.125000
06-13 20:07:12.731 12447 12507 I VrApi : hmdInfo.displayHeightMeters = 0.070700
06-13 20:07:12.731 12447 12507 I VrApi : hmdInfo.displayWidthPixels = 2560
06-13 20:07:12.731 12447 12507 I VrApi : hmdInfo.displayHeightPixels = 1440
06-13 20:07:12.731 12447 12507 I VrApi : hmdInfo.eyeTextureResolution[0] = 1024
06-13 20:07:12.731 12447 12507 I VrApi : hmdInfo.eyeTextureResolution[1] = 1024
06-13 20:07:12.731 12447 12507 I VrApi : hmdInfo.eyeTextureFov[0] = 90.000000
06-13 20:07:12.731 12447 12507 I VrApi : hmdInfo.eyeTextureFov[1] = 90.000000
06-13 20:07:12.731 12447 12507 I Vsync : Android reported display refresh rate = 59.00 Hz
06-13 20:07:12.731 12447 12507 I Vsync : Failed to open /sys/class/graphics/fb0/vsync_event (No such file or directory)
06-13 20:07:12.731 12447 12507 I Vsync : Started Choreographer doFrame() callback.
06-13 20:07:12.731 12447 12507 I VrApi : ovr_RegisterStatsReceivers
06-13 20:07:12.731 12447 12507 D BatteryReceiver: Registering battery receiver
06-13 20:07:12.741 12447 12507 D HeadsetReceiver: startHeadsetReceiver: 0
06-13 20:07:12.741 12447 12507 I VrApi : nativeHeadsetEvent(0)
06-13 20:07:12.741 12447 12507 I VrApi : nativeGamepadListener(0)
06-13 20:07:12.741 12447 12507 I OutsideIn: OIT::Enter()
06-13 20:07:12.741 12447 12507 I OutsideIn: Set the dev_oitCamera localpref to enable
06-13 20:07:12.741 12447 12507 I VrApi : OVR::Clocks thread started
06-13 20:07:12.741 12447 12507 I TimeWarp: -------------------- TimeWarpLocal() --------------------
06-13 20:07:12.741 12447 12507 I TimeWarp: dev_asyncTimewarp = 1
06-13 20:07:12.741 12447 12507 I TimeWarp: dev_frontbuffer = 1
06-13 20:07:12.741 12447 12507 I TimeWarp: dev_drawCalibrationLines = 0
06-13 20:07:12.741 12447 12507 I TimeWarp: dev_singleTriangle = 0
06-13 20:07:12.741 12447 12507 I TimeWarp: dev_singleTile = 0
06-13 20:07:12.741 12447 12507 I TimeWarp: TimeWarpAllocatedFrontBuffer = 0
06-13 20:07:12.741 12447 12507 I TimeWarp: Application context EGL_CONTEXT_CLIENT_VERSION = 2
06-13 20:07:12.741 12447 12507 I TimeWarp: Share context eglConfig has 24 depth bits -- should be 0
06-13 20:07:12.741 12447 12507 I TimeWarp: Share context eglConfig has 8 red / 0 alpha bits -- KitKat Adreno compatibility problems!
06-13 20:07:12.741 12447 12507 I TimeWarp: eglFrontBufferSurface = 0xdd89a4c0
06-13 20:07:12.741 12447 12507 I TimeWarp: frontBufferWidth = 2560
06-13 20:07:12.741 12447 12507 I TimeWarp: frontBufferHeight = 1440
06-13 20:07:12.741 12447 12507 I TimeWarp: frontBufferIsProtected = 0
06-13 20:07:12.741 12447 12507 I TimeWarp: frontBufferIs565 = 0
06-13 20:07:12.741 12447 12507 I TimeWarp: warpMeshClipMode = 1
06-13 20:07:12.741 12447 12507 I TimeWarp: forceChromaticAberrationCorrection = -
06-13 20:07:12.741 12447 12507 I TimeWarp: Requesting EGL_CONTEXT_PRIORITY_HIGH_IMG
06-13 20:07:12.741 12447 12664 I TimeWarp: WarpThreadInit()
06-13 20:07:12.741 12447 12664 D : ro.exynos.dss isEnabled: 0
06-13 20:07:12.741 12447 12663 D VrApi : getDeviceProperty: device_gpu
06-13 20:07:12.751 12447 12664 I TimeWarp: eglWarpContext: 0xecb4e280
06-13 20:07:12.751 12447 12664 I TimeWarp: Context is EGL_CONTEXT_PRIORITY_HIGH_IMG
06-13 20:07:12.751 12447 12664 I TimeWarp: eglMakeCurrent on 0xdd89a4c0
06-13 20:07:12.751 12447 12664 I OVR_GlUtils: GL_EXTENSIONS:
06-13 20:07:12.751 12447 12664 I OVR_GlUtils: GL_EXT_debug_marker
06-13 20:07:12.751 12447 12664 I OVR_GlUtils: GL_ARM_rgba8
06-13 20:07:12.751 12447 12664 I OVR_GlUtils: GL_ARM_mali_shader_binary
06-13 20:07:12.751 12447 12664 I OVR_GlUtils: GL_OES_depth24
06-13 20:07:12.751 12447 12664 I OVR_GlUtils: GL_OES_depth_texture
06-13 20:07:12.751 12447 12664 I OVR_GlUtils: GL_OES_depth_texture_cube_map
06-13 20:07:12.751 12447 12664 I OVR_GlUtils: GL_OES_packed_depth_stencil
06-13 20:07:12.751 12447 12664 I OVR_GlUtils: GL_OES_rgb8_rgba8
06-13 20:07:12.751 12447 12664 I OVR_GlUtils: GL_EXT_read_format_bgra
06-13 20:07:12.751 12447 12664 I OVR_GlUtils: GL_OES_compressed_paletted_texture
06-13 20:07:12.751 12447 12664 I OVR_GlUtils: GL_OES_compressed_ETC1_RGB8_texture
06-13 20:07:12.751 12447 12664 I OVR_GlUtils: GL_OES_standard_derivatives
06-13 20:07:12.751 12447 12664 I OVR_GlUtils: GL_OES_EGL_image
06-13 20:07:12.751 12447 12664 I OVR_GlUtils: GL_OES_EGL_image_external
06-13 20:07:12.751 12447 12664 I OVR_GlUtils: GL_OES_EGL_sync
06-13 20:07:12.751 12447 12664 I OVR_GlUtils: GL_OES_texture_npot
06-13 20:07:12.751 12447 12664 I OVR_GlUtils: GL_OES_vertex_half_float
06-13 20:07:12.751 12447 12664 I OVR_GlUtils: GL_OES_required_internalformat
06-13 20:07:12.751 12447 12664 I OVR_GlUtils: GL_OES_vertex_array_object
06-13 20:07:12.751 12447 12664 I OVR_GlUtils: GL_OES_mapbuffer
06-13 20:07:12.751 12447 12664 I OVR_GlUtils: GL_EXT_texture_format_BGRA8888
06-13 20:07:12.751 12447 12664 I OVR_GlUtils: GL_EXT_texture_rg
06-13 20:07:12.751 12447 12664 I OVR_GlUtils: GL_EXT_texture_type_2_10_10_10_REV
06-13 20:07:12.751 12447 12664 I OVR_GlUtils: GL_OES_fbo_render_mipmap
06-13 20:07:12.751 12447 12664 I OVR_GlUtils: GL_OES_element_index_uint
06-13 20:07:12.751 12447 12664 I OVR_GlUtils: GL_EXT_shadow_samplers
06-13 20:07:12.751 12447 12664 I OVR_GlUtils: GL_OES_texture_compression_astc
06-13 20:07:12.751 12447 12664 I OVR_GlUtils: GL_KHR_texture_compression_astc_ldr
06-13 20:07:12.751 12447 12664 I OVR_GlUtils: GL_KHR_texture_compression_astc_hdr
06-13 20:07:12.751 12447 12664 I OVR_GlUtils: GL_KHR_debug
06-13 20:07:12.751 12447 12664 I OVR_GlUtils: GL_EXT_occlusion_query_boolean
06-13 20:07:12.751 12447 12664 I OVR_GlUtils: GL_EXT_disjoint_timer_query
06-13 20:07:12.751 12447 12664 I OVR_GlUtils: GL_EXT_blend_minmax
06-13 20:07:12.751 3534 4087 V AlarmManager: remove PendingIntent] PendingIntent{7891438: PendingIntentRecord{5038874 com.google.android.gms broadcastIntent}}
06-13 20:07:12.751 12447 12664 I OVR_GlUtils: GL_EXT_discard_framebuffer
06-13 20:07:12.751 12447 12664 I OVR_GlUtils: GL_OES_get_program_binary
06-13 20:07:12.751 12447 12664 I OVR_GlUtils: GL_OES_texture_3D
06-13 20:07:12.751 12447 12664 I OVR_GlUtils: GL_EXT_texture_storage
06-13 20:07:12.751 12447 12664 I OVR_GlUtils: GL_EXT_multisampled_render_to_texture
06-13 20:07:12.751 12447 12664 I OVR_GlUtils: GL_OES_surfaceless_context
06-13 20:07:12.751 12447 12664 I OVR_GlUtils: GL_OES_texture_stencil8
06-13 20:07:12.751 12447 12664 I OVR_GlUtils: GL_EXT_shader_pixel_local_storage
06-13 20:07:12.751 12447 12664 I OVR_GlUtils: GL_ARM_shader_framebuffer_fetch
06-13 20:07:12.751 12447 12664 I OVR_GlUtils: GL_ARM_shader_framebuffer_fetch_depth_stencil
06-13 20:07:12.751 12447 12664 I OVR_GlUtils: GL_ARM_mali_program_binary
06-13 20:07:12.751 12447 12664 I OVR_GlUtils: GL_EXT_sRGB
06-13 20:07:12.751 12447 12664 I OVR_GlUtils: GL_EXT_sRGB_write_control
06-13 20:07:12.751 12447 12664 I OVR_GlUtils: GL_EXT_texture_sRGB_decode
06-13 20:07:12.751 12447 12664 I OVR_GlUtils: GL_KHR_blend_equation_advanced
06-13 20:07:12.751 12447 12664 I OVR_GlUtils: GL_KHR_blend_equation_advanced_coherent
06-13 20:07:12.751 12447 12664 I OVR_GlUtils: GL_OES_texture_storage_multisample_2d_array
06-13 20:07:12.751 12447 12664 I OVR_GlUtils: GL_OES_shader_image_atomic
06-13 20:07:12.751 12447 12664 I OVR_GlUtils: GL_EXT_robustness
06-13 20:07:12.761 12447 12664 W VRSurfaceManager: VRSurfaceManager : setFrontBuffer
06-13 20:07:12.751 12447 12664 I OVR_GlUtils: GL_EXT_draw_buffers_indexed
06-13 20:07:12.751 12447 12664 I OVR_GlUtils: GL_OES_draw_buffers_indexed
06-13 20:07:12.751 12447 12664 I OVR_GlUtils: GL_EXT_texture_border_clamp
06-13 20:07:12.751 12447 12664 I OVR_GlUtils: GL_OES_texture_border_clamp
06-13 20:07:12.751 12447 12664 I OVR_GlUtils: GL_EXT_texture_cube_map_array
06-13 20:07:12.751 12447 12664 I OVR_GlUtils: GL_OES_texture_cube_map_array
06-13 20:07:12.751 12447 12664 I OVR_GlUtils: GL_OES_sample_variables
06-13 20:07:12.751 12447 12664 I OVR_GlUtils: GL_OES_sample_shading
06-13 20:07:12.751 12447 12664 I OVR_GlUtils: GL_OES_shader_multisample_interpolation
06-13 20:07:12.751 12447 12664 I OVR_GlUtils: GL_EXT_shader_io_blocks
06-13 20:07:12.751 12447 12664 I OVR_GlUtils: GL_OES_shader_io_blocks
06-13 20:07:12.751 12447 12664 I OVR_GlUtils: GL_EXT_tessellation_shader
06-13 20:07:12.751 12447 12664 I OVR_GlUtils: GL_OES_tessellation_shader
06-13 20:07:12.751 12447 12664 I OVR_GlUtils: GL_EXT_primitive_bounding_box
06-13 20:07:12.751 12447 12664 I OVR_GlUtils: GL_OES_primitive_bounding_box
06-13 20:07:12.751 12447 12664 I OVR_GlUtils: GL_EXT_geometry_shader
06-13 20:07:12.751 12447 12664 I OVR_GlUtils: GL_OES_geometry_shader
06-13 20:07:12.751 12447 12664 I OVR_GlUtils: GL_ANDROID_extension_pack_es31a
06-13 20:07:12.751 12447 12664 I OVR_GlUtils: GL_EXT_gpu_shader5
06-13 20:07:12.751 12447 12664 I OVR_GlUtils: GL_OES_gpu_shader5
06-13 20:07:12.751 12447 12664 I OVR_GlUtils: GL_EXT_texture_buffer
06-13 20:07:12.751 12447 12664 I OVR_GlUtils: GL_OES_texture_buffer
06-13 20:07:12.751 12447 12664 I OVR_GlUtils: GL_EXT_copy_image
06-13 20:07:12.751 12447 12664 I OVR_GlUtils: GL_OES_copy_image
06-13 20:07:12.751 12447 12664 I OVR_GlUtils: GL_EXT_color_buffer_half_float
06-13 20:07:12.751 12447 12664 I OVR_GlUtils: GL_EXT_color_buffer_float
06-13 20:07:12.751 12447 12664 I OVR_GlUtils: GL_OVR_multiview
06-13 20:07:12.751 12447 12664 I OVR_GlUtils: GL_OVR_multiview2
06-13 20:07:12.751 12447 12664 I OVR_GlUtils: GL_OVR_multiview_multisampled_render_to_texture
06-13 20:07:12.751 12447 12664 I OVR_GlUtils: es3 = TRUE
06-13 20:07:12.751 12447 12664 I OVR_GlUtils: Found: GL_EXT_discard_framebuffer
06-13 20:07:12.751 12447 12664 I OVR_GlUtils: Found: GL_EXT_multisampled_render_to_texture
06-13 20:07:12.751 12447 12664 I OVR_GlUtils: Found: GL_OES_vertex_array_object
06-13 20:07:12.751 12447 12664 I OVR_GlUtils: Not found: GL_QCOM_tiled_rendering
06-13 20:07:12.751 12447 12664 I OVR_GlUtils: Found: GL_EXT_disjoint_timer_query
06-13 20:07:12.751 12447 12664 I OVR_GlUtils: Found: GL_EXT_texture_sRGB_decode
06-13 20:07:12.751 12447 12664 I OVR_GlUtils: Not found: GL_EXT_texture_filter_anisotropic
06-13 20:07:12.751 12447 12664 I OVR_GlUtils: GL_MAX_TEXTURE_SIZE = 8192
06-13 20:07:12.751 12447 12664 I OVR_GlUtils: GL_MAX_VERTEX_UNIFORM_VECTORS = 1024
06-13 20:07:12.751 12447 12664 I OVR_GlUtils: GL_MAX_FRAGMENT_UNIFORM_VECTORS = 1024
06-13 20:07:12.751 12447 12664 I TimeWarp: frontBufferIsSrgb = 0
06-13 20:07:12.751 12447 12664 I OVR_GlUtils: Found: GL_EXT_sRGB_write_control
06-13 20:07:12.751 12447 12664 I DirectRender: 0xd2418288 DirectRender::Init(true, false, 23)
06-13 20:07:12.751 12447 12664 D VrApi : getDeviceProperty: device_gpu
06-13 20:07:12.751 12447 12664 I DirectRender: Performing an initial swapbuffers.
06-13 20:07:12.761 12447 12664 I DirectRender: surface size: 2560 x 1440
06-13 20:07:12.761 12447 12664 I DirectRender: Found VrSurfaceManager API: 0x1006c2
06-13 20:07:12.761 12447 12664 I DirectRender: Calling java method
06-13 20:07:12.771 12447 12664 D libSEC_EGL: EGL : EGL_SEC_frontbuffer_set mode PASSED ...
06-13 20:07:12.771 12447 12664 I DirectRender: gvrFrontbufferExtension = TRUE
06-13 20:07:12.771 12447 12664 I DirectRender: Mali GPU
06-13 20:07:12.771 12447 12664 D libGLESv2: DTS_GLAPI : DTS is not allowed for Package : com.oculus.home
06-13 20:07:12.781 12058 12068 D VRSVC : (DistortionFileProvider.java:58) openAssetFile [Uri=content://com.samsung.android.hmt.vrsvc.distortion mode=r model=SM-R322]
06-13 20:07:12.781 12058 12068 V VRSVC : (DistortionFileManager.java:104) yTqX [Copy distortion file for N920, R322]
06-13 20:07:12.781 12058 12068 V VRSVC : (DistortionFileManager.java:66) yTqX [fileName=distortion/distortion_R322_N920.bin]
06-13 20:07:12.781 12058 12068 V VRSVC : (DistortionFileManager.java:136) yTqX [copyAssetToFile.. assetPath=distortion/distortion_R322_N920.bin file=/data/user/0/com.samsung.android.hmt.vrsvc/cache/distortion/distortion_R322_N920.bin overWrite=true]
06-13 20:07:12.781 12058 12068 V VRSVC : (DistortionFileManager.java:141) yTqX [delete /data/user/0/com.samsung.android.hmt.vrsvc/cache/distortion/distortion_R322_N920.bin]
06-13 20:07:12.801 12447 12664 I TimeWarp: distortion mesh clipping saved 25.50 percent fill rate
06-13 20:07:12.821 12447 12447 I Vsync : Choreographer doFrame callback delayed by 9.0 milliseconds
06-13 20:07:12.821 12447 12447 I Vsync : Vsync 400814: Choreographer: 1 x 16.02 ms (59.29 Hz, at 6793.472)
06-13 20:07:12.831 12447 12664 I TimeWarp: WarpThreadInit() - End
06-13 20:07:12.831 12447 12664 I TimeWarp: WarpThreadLoop()
06-13 20:07:12.831 12447 12507 I TimeWarp: ----------------- TimeWarpLocal() End -----------------
06-13 20:07:12.831 12447 12507 I VrApi : OVR::Stats thread started
06-13 20:07:12.831 12447 12663 I VrApi_Clocks: LockClocks( cpu=2, gpu=2 ) - start
06-13 20:07:12.831 12447 12669 D VrApi : getDeviceProperty: device_gpu
06-13 20:07:12.841 12447 12663 D VrApi : Available levels: {GPU MIN, GPU MAX, CPU MIN, CPU MAX}
06-13 20:07:12.841 12447 12663 D VrApi : -> / 0
06-13 20:07:12.841 12447 12663 D VrApi : -> / 3
06-13 20:07:12.841 12447 12663 D VrApi : -> / 0
06-13 20:07:12.841 12447 12663 D VrApi : -> / 3
06-13 20:07:12.841 12447 12663 I VrApi_Clocks: CPU levels [0, 3]
06-13 20:07:12.841 12447 12663 I VrApi_Clocks: GPU levels [0, 3]
06-13 20:07:12.841 12447 12663 D VrApi : setSystemPerformance cpu: 2 gpu: 2
06-13 20:07:12.841 11871 12671 V VRManagerServer: (VRManagerService.java:754) yTqX [SIOP : 0]
06-13 20:07:12.851 11871 12671 V VRManagerServer: (VRManagerService.java:755) yTqX [PLATFORM : exynos5]
06-13 20:07:12.851 11871 12671 V VRManagerServer: (VRManagerService.java:756) yTqX [HARDWARE : samsungexynos7420]
06-13 20:07:12.851 3534 4038 D ConnectivityService: returning getNetworkInfo for network type 1 : [type: WIFI[] - WIFI, state: CONNECTED/CONNECTED, reason: (unspecified), extra: "DigitalKey_Wifi_2", roaming: false, failover: false, isAvailable: true]
06-13 20:07:12.861 12447 12669 D VrApi : targetSDKVersion 19
06-13 20:07:12.861 12137 12543 I System.out: (HTTPLog)-Static: isSBSettingEnabled false
06-13 20:07:12.861 12137 12543 I System.out: (HTTPLog)-Static: isSBSettingEnabled false
06-13 20:07:12.861 12137 12543 I qtaguid : Tagging socket 54 with tag 2000120100000000{536875521,0} uid -1, pid: 12137, getuid(): 10015
06-13 20:07:12.861 12447 12669 I Metrics : device name = samsung SM-N920G
06-13 20:07:12.871 3534 4081 D CustomFrequencyManagerService: acquireDVFSLockLocked : type : DVFS_MIN_LIMIT frequency : 600000 uid : 1000 pid : 3534 pkgName : VR_CPU_MIN@1
06-13 20:07:12.871 11871 12671 V VRManagerServer: (VRManagerService.java:967) wtkw [Set CPU minLock COMPLETE: com.oculus.home 600000]
06-13 20:07:12.881 3534 4081 D CustomFrequencyManagerService: acquireDVFSLockLocked : type : DVFS_MAX_LIMIT frequency : 1000000 uid : 1000 pid : 3534 pkgName : VR_CPU_MAX@2
06-13 20:07:12.891 11871 12671 V VRManagerServer: (VRManagerService.java:982) wtkw [Set CPU maxLock COMPLETE: com.oculus.home 1000000]
06-13 20:07:12.891 11712 11964 D Retrofit: ---> HTTP POST https://graph.oculus.com/user_heartbeat?current_status=ONLINE
06-13 20:07:12.891 11871 12671 I VRManagerServer: (VRManagerService.java:1019) QdBd [Set GPU minLock COMPLETE: com.oculus.home 420]
06-13 20:07:12.901 3112 3755 D EnterpriseController: netId is 0
06-13 20:07:12.901 3112 3755 D Netd : getNetworkForDns: using netid 502 for uid 10221
06-13 20:07:12.901 11871 12671 V VRManagerServer: (VRManagerService.java:1034) QdBd [Set GPU maxLock COMPLETE: com.oculus.home 420]
06-13 20:07:12.911 11871 12671 V VRManagerServer: (VRManagerService.java:862) yTqX [(2:2:com.oculus.home) (600000:420:1000000:420) pkg: com.oculus.home]
06-13 20:07:12.911 11871 12675 V VRManagerServer: (VRManagerService.java:681) ZzLN [---- setCustomAffinity com.oculus.home ----]
06-13 20:07:12.911 12447 12663 I VrApi_Clocks: CPU Clock = 600 MHz
06-13 20:07:12.911 12447 12663 I VrApi_Clocks: GPU Clock = 420 MHz
06-13 20:07:12.911 12447 12663 I VrApi_Clocks: LockClocks( cpu=2, gpu=2 ) - end (77.4 ms)
06-13 20:07:12.911 12447 12507 D VrApi : setSchedFifoStatic tid:12625 pto:2
06-13 20:07:12.911 11871 11889 V VRManagerServer: (VRManagerService.java:357) yTqX [setThreadSchedFifo pkg=com.oculus.home pid=12447 tid=12625 prio=2]
06-13 20:07:12.911 11871 11889 V VRManagerServer: (VRManagerService.java:361) yTqX [setAffinity pid=12625 cpus=[4, 5, 6, 7]]
06-13 20:07:12.921 11871 11889 V VRManagerServer: (VRManagerService.java:371) yTqX [setAffinity pid=12625 cpus=[4, 5, 6, 7]]
06-13 20:07:12.921 3534 4025 V VRManagerService: ---- elevateProcessThread 'com.oculus.home' requestPriority(pid=12447, tid=12625, prio=2 ----
06-13 20:07:12.921 12447 12507 D VrApi : VRManager set thread priority to 2
06-13 20:07:12.921 12447 12507 I VrApi_Clocks: SetSchedFifo( tid=12625, pri=2 ) = succeeded
06-13 20:07:12.921 12447 12507 D VrApi : setSchedFifoStatic tid:12664 pto:3
06-13 20:07:12.921 11871 11887 V VRManagerServer: (VRManagerService.java:357) yTqX [setThreadSchedFifo pkg=com.oculus.home pid=12447 tid=12664 prio=3]
06-13 20:07:12.921 11871 11887 V VRManagerServer: (VRManagerService.java:361) yTqX [setAffinity pid=12664 cpus=[4, 5, 6, 7]]
06-13 20:07:12.931 11871 11887 V VRManagerServer: (VRManagerService.java:371) yTqX [setAffinity pid=12664 cpus=[4, 5, 6, 7]]
06-13 20:07:12.931 3534 4020 V VRManagerService: ---- elevateProcessThread 'com.oculus.home' requestPriority(pid=12447, tid=12664, prio=3 ----
06-13 20:07:12.931 12447 12507 D VrApi : VRManager set thread priority to 3
06-13 20:07:12.931 12447 12507 I VrApi_Clocks: SetSchedFifo( tid=12664, pri=3 ) = succeeded
06-13 20:07:12.931 12447 12663 I VrApi_Clocks: ReleaseClocks - start
06-13 20:07:12.931 12447 12507 D VrApi : getSystemBrightness
06-13 20:07:12.931 12447 12663 D VrApi : releaseSystemPerformanceStatic
06-13 20:07:12.931 11871 11889 V VRManagerServer: (VRManagerService.java:1528) AmLH [getSystemOption option=bright result=255]
06-13 20:07:12.941 12447 12507 I VrApi : System brightness = 255
06-13 20:07:12.941 12447 12507 D VrApi : setSystemBrightness 255
06-13 20:07:12.941 11871 12671 V VRManagerServer: (VRManagerService.java:754) yTqX [SIOP : 0]
06-13 20:07:12.941 11871 12671 V VRManagerServer: (VRManagerService.java:755) yTqX [PLATFORM : exynos5]
06-13 20:07:12.941 11871 12671 V VRManagerServer: (VRManagerService.java:756) yTqX [HARDWARE : samsungexynos7420]
06-13 20:07:12.941 11871 11889 V VRManagerServer: (VRManagerService.java:1330) wtkw [setSystemOption option=bright value=255]
06-13 20:07:12.941 11871 11889 V VRManagerServer: (VRManagerService.java:1631) ZzLN [updateBright value=255]
06-13 20:07:12.941 11871 12671 V VRManagerServer: (VRManagerService.java:391) wtkw [Release GPU minLock COMPLETE: com.oculus.home]
06-13 20:07:12.941 11871 12671 V VRManagerServer: (VRManagerService.java:395) wtkw [Release GPU maxLock COMPLETE: com.oculus.home]
06-13 20:07:12.941 3534 4081 D CustomFrequencyManagerService: releaseDVFSLockLocked : Getting Lock type frm List : DVFS_MIN_LIMIT frequency : 600000 uid : 1000 pid : 3534 tag : VR_CPU_MIN@1
06-13 20:07:12.941 12447 12507 I VrApi : Set brightness to 255
06-13 20:07:12.941 12447 12507 D VrApi : getDoNotDisturbMode
06-13 20:07:12.941 11871 12671 V VRManagerServer: (VRManagerService.java:416) yTqX [Release CPU minLock COMPLETE: com.oculus.home]
06-13 20:07:12.941 3534 4081 D CustomFrequencyManagerService: releaseDVFSLockLocked : Getting Lock type frm List : DVFS_MAX_LIMIT frequency : 1000000 uid : 1000 pid : 3534 tag : VR_CPU_MAX@2
06-13 20:07:12.951 11871 12671 V VRManagerServer: (VRManagerService.java:420) yTqX [Release CPU maxLock COMPLETE: com.oculus.home]
06-13 20:07:12.951 11871 12671 V VRManagerServer: (VRManagerService.java:831) yTqX [SetVrClocks release]
06-13 20:07:12.951 12447 12663 D VrApi : Releasing frequency lock
06-13 20:07:12.951 12447 12663 I VrApi_Clocks: ReleaseClocks - end (15.9 ms)
06-13 20:07:12.951 11871 12670 D VRManagerServer: (VRManagerService.java:1774) fFHb [getNotDisturbMode : 1]
06-13 20:07:12.951 11871 12670 V VRManagerServer: (VRManagerService.java:1528) AmLH [getSystemOption option=do_not_disturb_mode result=1]
06-13 20:07:12.951 12447 12507 I VrApi : Set DND mode to true
06-13 20:07:12.951 12447 12507 D VrApi : setDoNotDisturbMode true
06-13 20:07:12.951 11871 11887 V VRManagerServer: (VRManagerService.java:1330) wtkw [setSystemOption option=do_not_disturb_mode value=1]
06-13 20:07:12.951 11871 11887 D VRManagerServer: (VRManagerService.java:1766) BRMq [setDisturbMode : 1]
06-13 20:07:12.951 3534 4038 D SettingsProvider: isChangeAllowed() : name = vr_not_disturb_mode
06-13 20:07:12.961 11871 12670 D VRManagerServer: (VRManagerService.java:1774) fFHb [getNotDisturbMode : 1]
06-13 20:07:12.961 11871 12670 V VRManagerServer: (VRManagerService.java:1528) AmLH [getSystemOption option=do_not_disturb_mode result=1]
06-13 20:07:12.961 12447 12507 D VrApi : result after set = 1
06-13 20:07:12.961 12447 12507 I VrApi : System DND mode = true
06-13 20:07:12.961 12447 12507 I VrApi : ---------- vrapi_EnterVrMode [end] ----------
06-13 20:07:12.961 12447 12507 I Utilities: Register_Utilities
06-13 20:07:12.961 12447 12507 D HeadsetReceiver: Registering headset receiver
06-13 20:07:12.961 12447 12447 D VrApi : getWindow().addFlags( WindowManager.LayoutParams.FLAG_FULLSCREEN )
06-13 20:07:12.961 12447 12507 D HeadsetReceiver: startHeadsetReceiver: 0
06-13 20:07:12.961 12447 12507 I Utilities: nativeHeadsetEvent(0)
06-13 20:07:12.961 12447 12507 D UnityVolumeReceiver: Registering volume receiver
06-13 20:07:12.971 3534 3554 D AudioService: getStreamVolume 3 index 40
06-13 20:07:12.971 12447 12507 D UnityVolumeReceiver: startVolumeReceiver: 4
06-13 20:07:12.971 3534 4101 V AlarmManager: remove PendingIntent] PendingIntent{abe3250: PendingIntentRecord{5038874 com.google.android.gms broadcastIntent}}
06-13 20:07:12.971 12447 12507 D UnityBatteryReceiver: Registering battery receiver
06-13 20:07:12.971 12447 12507 I UnityPlugin: OVR_InitRenderThread() - Finished
06-13 20:07:12.981 3534 4089 D KnoxTimeoutHandler: notifyActivityDrawn [MsgParam] userId: 0 fullscreen is true showWhenlocked is true
06-13 20:07:12.981 3534 3534 D KnoxTimeoutHandler: activityDrawn [MsgParam] userId: 0 fullscreen is true showWhenlocked is true
06-13 20:07:12.981 3534 3534 I KnoxTimeoutHandler: SD activityfalse
06-13 20:07:12.981 11871 12675 V VRManagerServer: (VRManagerService.java:708) ZzLN [Found pkg:com.oculus.home pid=12447]
06-13 20:07:12.991 12447 12507 I UnityPlugin: Just mounted
06-13 20:07:12.991 12447 12507 I SystemActivities: OVR_SystemActivities_PostUpdate: Acting on System Activity reorient event.
06-13 20:07:12.991 12447 12507 W VrApi : Time to first swap: 0.710 seconds
06-13 20:07:12.991 12447 12507 W VrApi : out of order frame index (prev = 0, new = 0)
06-13 20:07:12.991 12447 12663 I VrApi_Clocks: LockClocks( cpu=3, gpu=3 ) - start
06-13 20:07:12.991 11871 12675 V VRManagerServer: (VRManagerService.java:734) yTqX [setAffinity pid=12505 cpus=[0, 1, 2, 3]]
06-13 20:07:12.991 11871 12675 V VRManagerServer: (VRManagerService.java:371) yTqX [setAffinity pid=12505 cpus=[0, 1, 2, 3]]
06-13 20:07:12.991 12447 12447 I Utilities: nativeBatteryEvent(3, 74, 300)
06-13 20:07:12.991 12447 12663 D VrApi : Available levels: {GPU MIN, GPU MAX, CPU MIN, CPU MAX}
06-13 20:07:12.991 12447 12663 D VrApi : -> / 0
06-13 20:07:12.991 12447 12663 D VrApi : -> / 3
06-13 20:07:12.991 12447 12663 D VrApi : -> / 0
06-13 20:07:12.991 12447 12663 D VrApi : -> / 3
06-13 20:07:12.991 12447 12663 I VrApi_Clocks: CPU levels [0, 3]
06-13 20:07:12.991 12447 12663 I VrApi_Clocks: GPU levels [0, 3]
06-13 20:07:12.991 12447 12663 D VrApi : setSystemPerformance cpu: 3 gpu: 3
06-13 20:07:13.001 11871 12670 V VRManagerServer: (VRManagerService.java:754) yTqX [SIOP : 0]
06-13 20:07:13.001 12447 12664 I TimeWarp: Waited 0.163 seconds for first call to warp swap.
06-13 20:07:13.001 12447 12664 I TimeWarp: Waited 0.000 seconds for first choreographer callback.
06-13 20:07:13.001 12447 12664 I TimeWarp: Adjusting 400825.25 > 0 to 400825
06-13 20:07:13.001 11871 12670 V VRManagerServer: (VRManagerService.java:755) yTqX [PLATFORM : exynos5]
06-13 20:07:13.001 11871 12670 V VRManagerServer: (VRManagerService.java:756) yTqX [HARDWARE : samsungexynos7420]
06-13 20:07:13.001 3534 4072 D CustomFrequencyManagerService: acquireDVFSLockLocked : type : DVFS_MIN_LIMIT frequency : 600000 uid : 1000 pid : 3534 pkgName : VR_CPU_MIN@1
06-13 20:07:13.001 11871 12670 V VRManagerServer: (VRManagerService.java:967) wtkw [Set CPU minLock COMPLETE: com.oculus.home 600000]
06-13 20:07:13.001 3534 4072 D CustomFrequencyManagerService: acquireDVFSLockLocked : type : DVFS_MAX_LIMIT frequency : 1100000 uid : 1000 pid : 3534 pkgName : VR_CPU_MAX@2
06-13 20:07:13.011 12447 12507 W VrApi : out of order frame index (prev = 0, new = 0)
06-13 20:07:13.011 11871 12670 V VRManagerServer: (VRManagerService.java:982) wtkw [Set CPU maxLock COMPLETE: com.oculus.home 1100000]
06-13 20:07:13.011 11871 12670 I VRManagerServer: (VRManagerService.java:1019) QdBd [Set GPU minLock COMPLETE: com.oculus.home 544]
06-13 20:07:13.021 11871 12670 V VRManagerServer: (VRManagerService.java:1034) QdBd [Set GPU maxLock COMPLETE: com.oculus.home 544]
06-13 20:07:13.031 12447 12664 W TimeWarp: VSync 400826: Eye=0,late=0.0ms,over=0.0ms,CPU=23.2ms,GPU=3.2ms,Tot=26.4ms
06-13 20:07:13.031 3099 3099 D libEGL : eglTerminate EGLDisplay = 0x7febdd3588
06-13 20:07:13.031 3099 3099 D libEGL : eglInitialize EGLDisplay = 0x7febdd34e8
06-13 20:07:13.031 11871 12677 V VRManagerServer: (VRManagerService.java:681) ZzLN [---- setCustomAffinity com.oculus.home ----]
06-13 20:07:13.031 11871 12670 V VRManagerServer: (VRManagerService.java:862) yTqX [(3:3:com.oculus.home) (600000:544:1100000:544) pkg: com.oculus.home]
06-13 20:07:13.031 12447 12663 I VrApi_Clocks: CPU Clock = 600 MHz
06-13 20:07:13.031 12447 12663 I VrApi_Clocks: GPU Clock = 544 MHz
06-13 20:07:13.031 12447 12663 I VrApi_Clocks: LockClocks( cpu=3, gpu=3 ) - end (42.6 ms)
06-13 20:07:13.031 12447 12664 W TimeWarp: VSync 400826: Eye=1,late=18.2ms,over=0.0ms,CPU=1.2ms,GPU=6.0ms,Tot=25.3ms
06-13 20:07:13.031 12447 12664 I TimeWarp: Adjusting 400827.52 > 400826 to 400828
06-13 20:07:13.031 12447 12664 D VrApi : setSchedFifoStatic tid:12483 pto:1
06-13 20:07:13.041 11871 11887 V VRManagerServer: (VRManagerService.java:357) yTqX [setThreadSchedFifo pkg=com.oculus.home pid=12447 tid=12483 prio=1]
06-13 20:07:13.041 11871 11887 V VRManagerServer: (VRManagerService.java:361) yTqX [setAffinity pid=12483 cpus=[4, 5, 6, 7]]
06-13 20:07:13.041 11871 11887 V VRManagerServer: (VRManagerService.java:371) yTqX [setAffinity pid=12483 cpus=[4, 5, 6, 7]]
06-13 20:07:13.051 3534 3554 V VRManagerService: ---- elevateProcessThread 'com.oculus.home' requestPriority(pid=12447, tid=12483, prio=1 ----
06-13 20:07:13.051 12447 12664 D VrApi : VRManager set thread priority to 1
06-13 20:07:13.051 12447 12664 I VrApi_Clocks: SetSchedFifo( tid=12483, pri=1 ) = succeeded
06-13 20:07:13.051 12447 12664 D VrApi : setSchedFifoStatic tid:12507 pto:1
06-13 20:07:13.051 11871 11889 V VRManagerServer: (VRManagerService.java:357) yTqX [setThreadSchedFifo pkg=com.oculus.home pid=12447 tid=12507 prio=1]
06-13 20:07:13.051 11871 11889 V VRManagerServer: (VRManagerService.java:361) yTqX [setAffinity pid=12507 cpus=[4, 5, 6, 7]]
06-13 20:07:13.061 11871 12677 V VRManagerServer: (VRManagerService.java:708) ZzLN [Found pkg:com.oculus.home pid=12447]
06-13 20:07:13.061 11871 11889 V VRManagerServer: (VRManagerService.java:371) yTqX [setAffinity pid=12507 cpus=[4, 5, 6, 7]]
06-13 20:07:13.061 12137 12543 I System.out: (HTTPLog)-Static: isSBSettingEnabled false
06-13 20:07:13.061 12137 12543 I System.out: (HTTPLog)-Static: isSBSettingEnabled false
06-13 20:07:13.061 12137 12543 I qtaguid : Tagging socket 54 with tag 2000120100000000{536875521,0} uid -1, pid: 12137, getuid(): 10015
06-13 20:07:13.061 11871 12677 V VRManagerServer: (VRManagerService.java:734) yTqX [setAffinity pid=12505 cpus=[0, 1, 2, 3]]
06-13 20:07:13.061 11871 12677 V VRManagerServer: (VRManagerService.java:371) yTqX [setAffinity pid=12505 cpus=[0, 1, 2, 3]]
06-13 20:07:13.061 3534 4083 V VRManagerService: ---- elevateProcessThread 'com.oculus.home' requestPriority(pid=12447, tid=12507, prio=1 ----
06-13 20:07:13.061 12447 12664 D VrApi : VRManager set thread priority to 1
06-13 20:07:13.061 12447 12664 I VrApi_Clocks: SetSchedFifo( tid=12507, pri=1 ) = succeeded
06-13 20:07:13.061 12447 12664 W TimeWarp: VSync 400829: Eye=0,late=11.6ms,over=0.0ms,CPU=1.1ms,GPU=2.3ms,Tot=15.1ms
06-13 20:07:13.071 12447 12664 W TimeWarp: VSync 400829: Eye=1,late=6.8ms,over=0.0ms,CPU=0.4ms,GPU=2.5ms,Tot=9.7ms
06-13 20:07:13.181 12447 12664 W TimeWarp: VSync 400836: Eye=1,late=0.0ms,over=0.1ms,CPU=3.8ms,GPU=2.1ms,Tot=5.9ms
06-13 20:07:13.201 12137 12543 I System.out: (HTTPLog)-Static: isSBSettingEnabled false
06-13 20:07:13.201 12137 12543 I System.out: (HTTPLog)-Static: isSBSettingEnabled false
06-13 20:07:13.201 12137 12543 I qtaguid : Tagging socket 54 with tag 2000120100000000{536875521,0} uid -1, pid: 12137, getuid(): 10015
06-13 20:07:13.361 12137 12137 I Auth : [AuthDelegateWrapper] Service intent: Intent { cmp=com.google.android.gms/.auth.account.authenticator.DefaultAuthDelegateService }.
06-13 20:07:13.371 12137 12137 I Auth : [AuthDelegateWrapper] Service intent: Intent { cmp=com.google.android.gms/.auth.account.authenticator.DefaultAuthDelegateService }.
06-13 20:07:13.421 12137 12137 I Auth : [AuthDelegateWrapper] Service intent: Intent { cmp=com.google.android.gms/.auth.account.authenticator.DefaultAuthDelegateService }.
06-13 20:07:13.481 12447 12664 W TimeWarp: VSync 400853: Eye=1,late=0.0ms,over=0.1ms,CPU=24.4ms,GPU=1.6ms,Tot=26.1ms
06-13 20:07:13.481 12447 12664 I TimeWarp: Adjusting 400854.57 > 400853 to 400855
06-13 20:07:13.581 12447 12625 I OVR : DeviceManagerThread - event 62 (0Hz) (Tid=12625)
06-13 20:07:13.591 12447 12664 W TimeWarp: VSync 400861: Eye=0,late=0.0ms,over=0.1ms,CPU=7.0ms,GPU=1.9ms,Tot=9.1ms
06-13 20:07:13.611 12137 12543 I System.out: (HTTPLog)-Static: isSBSettingEnabled false
06-13 20:07:13.611 12137 12543 I System.out: (HTTPLog)-Static: isSBSettingEnabled false
06-13 20:07:13.611 3112 3755 D EnterpriseController: netId is 0
06-13 20:07:13.611 3112 3755 D Netd : getNetworkForDns: using netid 502 for uid 10015
06-13 20:07:13.681 12321 12321 V ClassMarkerLoader: Class com.facebook.common.classmarkers.IsNotColdStartRun was loaded
06-13 20:07:13.701 12321 12321 W InstanceID/Rpc: Found 10015
