06-13 20:06:59.231 3534 3534 D UcmService: deletAndRefreshAgents() remove com.samsung.ucm.ucmservice.UcmAgentWrapper@8f83467d
06-13 20:06:59.231 3534 3534 D UcmService: *****refreshAgentList userId-0 is called***
06-13 20:06:59.231 3534 3534 D UcmService: resolveAllowedAgents for user 0
06-13 20:06:59.241 11712 11712 D ACRA : ACRA is enabled for com.oculus.horizon, intializing...
06-13 20:06:59.261 3534 3534 D UcmService: found com.sec.smartcard.manager
06-13 20:06:59.261 3534 3534 D UcmService: found com.samsung.ucs.agent.boot
06-13 20:06:59.261 3534 3534 D UcmService: mPersistentServices size is 2
06-13 20:06:59.271 3534 3534 D UcmService: -------Processing started for agentPackageName----- -com.sec.smartcard.manager
06-13 20:06:59.271 3534 3534 D UcmService: agentPackageName -com.sec.smartcard.manager is an active plugin
06-13 20:06:59.271 3534 3534 D UcmService: Check if caller has UCS Plugin permission...
06-13 20:06:59.271 3534 3534 D UcmService: Agent has UCS PLUGIN permission. Processing further...
06-13 20:06:59.271 3534 3534 D UcmAgentWrapper: initialize ComponentInfo{com.sec.smartcard.manager/com.sec.enterprise.mdm.sc.bai.BaiMobileAgentService} user: UserHandle{0}
06-13 20:06:59.301 3534 3534 W ResourcesManager: getTopLevelResources: /system/priv-app/SmartcardManager/SmartcardManager.apk / 1.0 running in null rsrc of package com.sec.smartcard.manager
06-13 20:06:59.331 3534 3534 W ResourcesManager: getTopLevelResources: /system/priv-app/SmartcardManager/SmartcardManager.apk / 1.0 running in null rsrc of package com.sec.smartcard.manager
06-13 20:06:59.341 3534 3534 D UcmAgentWrapper: DETAILED agentInfo information : isDetachable = true requireUserVerification = true isHardwareBacked = true isReadOnly = true packageName = com.sec.smartcard.manager
06-13 20:06:59.341 3534 3534 D UcmAgentWrapper: enabledWrap in xml is null
06-13 20:06:59.341 3534 3534 D UcmAgentWrapper: system unique id:com.sec.smartcard.manager:com.samsung.ucs.agent.baiMobile, agentId:com.samsung.ucs.agent.baiMobile, summary:BaiMobile Credential Storage, title:BaiMobile, vendorId:Samsung Electronics, inc, isDetachable:true, reqUserVerification:true, iconResId:0, isHardwareBacked:true, pinMinLength:4, pinMaxLength:6, authMaxCnt:5, authMode:1, isGeneratePasswordAvailable:false, isODESupport:false, storageType:null, enabledSCP:null, enabledWrap:0, AID: null, isManageable:true, enforceManagement:false, configuratorList:null, serviceUid:10183, packageName:com.sec.smartcard.manager
06-13 20:06:59.341 3534 3534 D UcmAgentWrapper: AID in xml is null
06-13 20:06:59.341 3534 3534 D UcmAgentWrapper: agentInfo: system unique id:com.sec.smartcard.manager:com.samsung.ucs.agent.baiMobile, agentId:com.samsung.ucs.agent.baiMobile, summary:BaiMobile Credential Storage, title:BaiMobile, vendorId:Samsung Electronics, inc, isDetachable:true, reqUserVerification:true, iconResId:0, isHardwareBacked:true, pinMinLength:4, pinMaxLength:6, authMaxCnt:5, authMode:1, isGeneratePasswordAvailable:false, isODESupport:false, storageType:null, enabledSCP:null, enabledWrap:0, AID: null, isManageable:true, enforceManagement:false, configuratorList:null, serviceUid:10183, packageName:com.sec.smartcard.manager
06-13 20:06:59.341 3534 3534 D UcmAgentWrapper: scheduleRestart
06-13 20:06:59.381 11833 11833 D Recents : Font changed OLD: scale=0.0, flipfont=0, NEW: scale=1.0, flipfont=0
06-13 20:06:59.441 10218 10312 I OVR : DeviceManagerThread - event 47 (500Hz) (Tid=10312)
06-13 20:06:59.461 3534 3554 V VRManagerService: startVR()
06-13 20:06:59.621 11779 11788 W art : Suspending all threads took: 49.320ms
06-13 20:06:59.661 3534 3534 I ActivityManager: Start proc 11866:com.sec.smartcard.manager/u0a183 for service com.sec.smartcard.manager/com.sec.enterprise.mdm.sc.bai.BaiMobileAgentService
06-13 20:06:59.661 3534 3534 D UcmService: Agent uniqueId-com.sec.smartcard.manager:com.samsung.ucs.agent.baiMobile and serviceUid-10183
06-13 20:06:59.661 3534 3534 D UcmService: Matched found in mPersistentServices map
06-13 20:06:59.661 3534 3534 D UcmService: Adding new agent -com.sec.smartcard.manager:com.samsung.ucs.agent.baiMobile
06-13 20:06:59.661 3534 3534 D UcmService: -------Processing started for agentPackageName----- -com.samsung.ucs.agent.boot
06-13 20:06:59.661 3534 3534 D UcmService: agentPackageName -com.samsung.ucs.agent.boot is an active plugin
06-13 20:06:59.661 3534 3534 D UcmService: Check if caller has UCS Plugin permission...
06-13 20:06:59.661 3534 3534 D UcmService: Agent has UCS PLUGIN permission. Processing further...
06-13 20:06:59.661 3534 3534 D UcmService: agentPackageName com.samsung.ucs.agent.boot is system storage. Checking system signature
06-13 20:06:59.671 11866 11866 E Zygote : v2
06-13 20:06:59.681 11866 11866 I libpersona: KNOX_SDCARD checking this for 10183
06-13 20:06:59.681 11866 11866 I libpersona: KNOX_SDCARD not a persona
06-13 20:06:59.691 11866 11866 I SELinux : Function: selinux_compare_spd_ram, index[1], SPD-policy is existed. and_ver=SEPF_SECMOBILE_6.0.1 ver=11
06-13 20:06:59.701 3534 3534 D UcmService: Signature match
06-13 20:06:59.701 3534 3534 D UcmService: Valid system storage found is com.samsung.ucs.agent.boot
06-13 20:06:59.701 11866 11866 W SELinux : Function: selinux_compare_spd_ram, index[1], priority [1], priority version is VE=SEPF_SECMOBILE_6.0.1_0011
06-13 20:06:59.701 11866 11866 E Zygote : accessInfo : 0
06-13 20:06:59.701 11866 11866 W SELinux : SELinux: seapp_context_lookup: seinfo=platform, level=s0:c512,c768, pkgname=com.sec.smartcard.manager
06-13 20:06:59.711 3534 3554 I ActivityManager: Start proc 11871:com.samsung.android.hmt.vrsvc:system/1000 for service com.samsung.android.hmt.vrsvc/.system.VRSystemService
06-13 20:06:59.711 3534 3554 V VRManagerService: startVR() Take iVRManagerService... start
06-13 20:06:59.721 11871 11871 E Zygote : v2
06-13 20:06:59.721 11871 11871 I libpersona: KNOX_SDCARD checking this for 1000
06-13 20:06:59.721 11871 11871 I libpersona: KNOX_SDCARD not a persona
06-13 20:06:59.721 11871 11871 I SELinux : Function: selinux_compare_spd_ram, index[1], SPD-policy is existed. and_ver=SEPF_SECMOBILE_6.0.1 ver=11
06-13 20:06:59.721 11871 11871 W SELinux : Function: selinux_compare_spd_ram, index[1], priority [1], priority version is VE=SEPF_SECMOBILE_6.0.1_0011
06-13 20:06:59.721 11871 11871 E Zygote : accessInfo : 0
06-13 20:06:59.981 3534 3985 V AlarmManager: Expired Alarm result :8
06-13 20:07:00.001 10218 10346 W TimeWarp: VSync 401119: Eye=1,late=0.0ms,over=0.0ms,CPU=0.4ms,GPU=8.6ms,Tot=9.0ms
06-13 20:07:00.031 3534 3534 D UcmService: readPersistentServicesLocked is called...
06-13 20:07:00.121 3534 3534 D UcmService: PersistentServices key-com.sec.smartcard.manager:com.samsung.ucs.agent.baiMobile
06-13 20:07:00.121 3534 3534 D UcmService: PersistentServices value-10183
06-13 20:07:00.121 3534 3534 D UcmService: PersistentServices key-com.samsung.ucs.agent.boot:com.samsung.ucs.agent.boot
06-13 20:07:00.121 3534 3534 D UcmService: PersistentServices value-1000
06-13 20:07:00.151 3534 4075 D NetworkPolicy: isUidForegroundLocked: 10112, mScreenOn: true, uidstate: 16, mProxSensorScreenOff: false
06-13 20:07:00.181 4213 4213 D KeyguardUpdateMonitor: received broadcast android.intent.action.TIME_TICK
06-13 20:07:00.191 4213 4213 D KeyguardUpdateMonitor: handleTimeUpdate
06-13 20:07:00.221 4213 4213 D Clock : received broadcast android.intent.action.TIME_TICK
06-13 20:07:00.441 10218 10312 I OVR : DeviceManagerThread - event 47 (498Hz) (Tid=10312)
06-13 20:07:00.461 10218 10255 I TimeWarp: WarpSwap: usleep( 735 )
06-13 20:07:00.541 11854 11854 D TimaKeyStoreProvider: TimaSignature is unavailable
06-13 20:07:00.561 11854 11854 D ActivityThread: Added TimaKeyStore provider
06-13 20:07:00.861 3534 3985 V AlarmManager: Expired Alarm result :4
06-13 20:07:00.871 11866 11866 D TimaKeyStoreProvider: TimaSignature is unavailable
06-13 20:07:00.871 11871 11871 D TimaKeyStoreProvider: TimaSignature is unavailable
06-13 20:07:00.871 10218 10346 W TimeWarp: VSync 401172: Eye=0,late=0.0ms,over=0.0ms,CPU=0.3ms,GPU=8.1ms,Tot=8.4ms
06-13 20:07:00.881 11871 11871 D ActivityThread: Added TimaKeyStore provider
06-13 20:07:00.881 11866 11866 D ActivityThread: Added TimaKeyStore provider
06-13 20:07:01.441 10218 10312 I OVR : DeviceManagerThread - event 47 (500Hz) (Tid=10312)
06-13 20:07:01.451 10218 10346 W TimeWarp: VSync 401206: Eye=1,late=0.0ms,over=0.1ms,CPU=0.4ms,GPU=10.0ms,Tot=10.5ms
06-13 20:07:01.531 4213 4213 D DateView: received broadcast android.intent.action.TIME_TICK
06-13 20:07:01.591 3534 4089 V BroadcastQueue: [background] Process cur broadcast BroadcastRecord{8815598 u0 null qIdx=4}, state= (APP_RECEIVE) DELIVERED for app ProcessRecord{2b5f1f1 11854:com.facebook.appmanager/u0a112}
06-13 20:07:01.961 10218 10346 W TimeWarp: VSync 401237: Eye=0,late=0.0ms,over=0.1ms,CPU=0.4ms,GPU=10.0ms,Tot=10.6ms
06-13 20:07:02.281 11866 11866 W ResourcesManager: getTopLevelResources: /system/priv-app/SmartcardManager/SmartcardManager.apk / 1.0 running in com.sec.smartcard.manager rsrc of package com.sec.smartcard.manager
06-13 20:07:02.281 11871 11871 W ResourcesManager: getTopLevelResources: /data/app/com.samsung.android.hmt.vrsvc-2/base.apk / 1.0 running in com.samsung.android.hmt.vrsvc rsrc of package com.samsung.android.hmt.vrsvc
06-13 20:07:02.421 3534 4072 I InjectionManagerService -AppFeature: getCoreFeaturePkgList :[]
06-13 20:07:02.421 3534 3553 I InjectionManagerService -AppFeature: getCoreFeaturePkgList :[]
06-13 20:07:02.431 11866 11866 I InjectionManager: Inside getClassLibPath + mLibMap{0=, 1=}
06-13 20:07:02.431 11871 11871 I InjectionManager: Inside getClassLibPath + mLibMap{0=, 1=}
06-13 20:07:02.451 10218 10312 I OVR : DeviceManagerThread - event 47 (498Hz) (Tid=10312)
06-13 20:07:02.501 11871 11871 D ResourcesManager: For user 0 new overlays fetched Null
06-13 20:07:02.501 11866 11866 D ResourcesManager: For user 0 new overlays fetched Null
06-13 20:07:02.751 11871 11871 I InjectionManager: Inside getClassLibPath caller
06-13 20:07:02.751 11866 11866 I InjectionManager: Inside getClassLibPath caller
06-13 20:07:02.771 10218 10218 I Vsync : Choreographer doFrame callback delayed by 4.2 milliseconds
06-13 20:07:02.811 10218 10218 I Vsync : Vsync 401288: Choreographer: 1 x 16.09 ms (59.86 Hz, at 6783.461)
06-13 20:07:02.901 11854 11854 W ResourcesManager: getTopLevelResources: /data/app/com.facebook.appmanager-2/base.apk / 1.0 running in com.facebook.appmanager rsrc of package com.facebook.appmanager
06-13 20:07:03.261 3534 4101 I InjectionManagerService -AppFeature: getCoreFeaturePkgList :[]
06-13 20:07:03.271 10218 10218 I Vsync : Vsync 401316: Choreographer: 1 x 14.71 ms (59.89 Hz, at 6783.928)
06-13 20:07:03.281 11854 11854 I InjectionManager: Inside getClassLibPath + mLibMap{0=, 1=}
06-13 20:07:03.311 10218 10218 I Vsync : Vsync 401318: Choreographer: 1 x 18.78 ms (59.95 Hz, at 6783.961)
06-13 20:07:03.411 11854 11854 D ResourcesManager: For user 0 new overlays fetched Null
06-13 20:07:03.451 10218 10312 I OVR : DeviceManagerThread - event 47 (496Hz) (Tid=10312)
06-13 20:07:03.621 10218 10346 W TimeWarp: VSync 401337: Eye=0,late=0.0ms,over=0.0ms,CPU=0.4ms,GPU=9.7ms,Tot=10.2ms
06-13 20:07:03.731 11854 11854 I InjectionManager: Inside getClassLibPath caller
06-13 20:07:03.771 11866 11866 W System : ClassLoader referenced unknown path: /system/priv-app/SmartcardManager/lib/arm64
06-13 20:07:04.091 10218 10218 I Vsync : Choreographer doFrame callback delayed by 3.8 milliseconds
06-13 20:07:04.351 3534 3534 D UcmAgentWrapper: unbind
06-13 20:07:04.411 11866 11866 E ucsBai_SmartCardContentProvider: onCreate
06-13 20:07:04.421 3534 3534 D UcmAgentWrapper: MSG_RESTART_TIMEOUT
06-13 20:07:04.421 3534 3534 D UcmService: deletAndRefreshAgents()
06-13 20:07:04.421 3534 3534 D UcmService: deletAndRefreshAgents() remove com.samsung.ucm.ucmservice.UcmAgentWrapper@8f83467d
06-13 20:07:04.421 3534 3534 D UcmService: *****refreshAgentList userId-0 is called***
06-13 20:07:04.421 3534 3534 D UcmService: resolveAllowedAgents for user 0
06-13 20:07:04.461 3534 3534 D UcmService: found com.sec.smartcard.manager
06-13 20:07:04.461 3534 3534 D UcmService: found com.samsung.ucs.agent.boot
06-13 20:07:04.461 3534 3534 D UcmService: mPersistentServices size is 2
06-13 20:07:04.461 3534 3534 D UcmService: -------Processing started for agentPackageName----- -com.sec.smartcard.manager
06-13 20:07:04.461 3534 3534 D UcmService: agentPackageName -com.sec.smartcard.manager is an active plugin
06-13 20:07:04.461 3534 3534 D UcmService: Check if caller has UCS Plugin permission...
06-13 20:07:04.461 3534 3534 D UcmService: Agent has UCS PLUGIN permission. Processing further...
06-13 20:07:04.461 10218 10312 I OVR : DeviceManagerThread - event 47 (496Hz) (Tid=10312)
06-13 20:07:04.471 3534 3534 D UcmAgentWrapper: initialize ComponentInfo{com.sec.smartcard.manager/com.sec.enterprise.mdm.sc.bai.BaiMobileAgentService} user: UserHandle{0}
06-13 20:07:04.471 3534 3534 W ResourcesManager: getTopLevelResources: /system/priv-app/SmartcardManager/SmartcardManager.apk / 1.0 running in null rsrc of package com.sec.smartcard.manager
06-13 20:07:04.481 3534 3534 W ResourcesManager: getTopLevelResources: /system/priv-app/SmartcardManager/SmartcardManager.apk / 1.0 running in null rsrc of package com.sec.smartcard.manager
06-13 20:07:04.511 3534 3534 D UcmAgentWrapper: DETAILED agentInfo information : isDetachable = true requireUserVerification = true isHardwareBacked = true isReadOnly = true packageName = com.sec.smartcard.manager
06-13 20:07:04.511 3534 3534 D UcmAgentWrapper: enabledWrap in xml is null
06-13 20:07:04.511 3534 3534 D UcmAgentWrapper: system unique id:com.sec.smartcard.manager:com.samsung.ucs.agent.baiMobile, agentId:com.samsung.ucs.agent.baiMobile, summary:BaiMobile Credential Storage, title:BaiMobile, vendorId:Samsung Electronics, inc, isDetachable:true, reqUserVerification:true, iconResId:0, isHardwareBacked:true, pinMinLength:4, pinMaxLength:6, authMaxCnt:5, authMode:1, isGeneratePasswordAvailable:false, isODESupport:false, storageType:null, enabledSCP:null, enabledWrap:0, AID: null, isManageable:true, enforceManagement:false, configuratorList:null, serviceUid:10183, packageName:com.sec.smartcard.manager
06-13 20:07:04.511 3534 3534 D UcmAgentWrapper: AID in xml is null
06-13 20:07:04.511 3534 3534 D UcmAgentWrapper: agentInfo: system unique id:com.sec.smartcard.manager:com.samsung.ucs.agent.baiMobile, agentId:com.samsung.ucs.agent.baiMobile, summary:BaiMobile Credential Storage, title:BaiMobile, vendorId:Samsung Electronics, inc, isDetachable:true, reqUserVerification:true, iconResId:0, isHardwareBacked:true, pinMinLength:4, pinMaxLength:6, authMaxCnt:5, authMode:1, isGeneratePasswordAvailable:false, isODESupport:false, storageType:null, enabledSCP:null, enabledWrap:0, AID: null, isManageable:true, enforceManagement:false, configuratorList:null, serviceUid:10183, packageName:com.sec.smartcard.manager
06-13 20:07:04.511 3534 3534 D UcmAgentWrapper: scheduleRestart
06-13 20:07:04.551 10218 10255 I TimeWarp: WarpSwap: usleep( 413 )
06-13 20:07:04.611 10218 10218 I Vsync : Vsync 401396: Choreographer: 1 x 14.87 ms (59.89 Hz, at 6785.264)
06-13 20:07:04.641 10218 10218 I Vsync : Vsync 401398: Choreographer: 1 x 18.55 ms (59.94 Hz, at 6785.297)
06-13 20:07:04.731 10218 10346 W TimeWarp: VSync 401403: Eye=0,late=0.0ms,over=0.1ms,CPU=0.4ms,GPU=8.8ms,Tot=9.3ms
06-13 20:07:04.741 10218 10346 W TimeWarp: VSync 401403: Eye=1,late=1.1ms,over=0.0ms,CPU=0.4ms,GPU=8.7ms,Tot=10.2ms
06-13 20:07:04.741 3534 3534 D UcmService: Agent uniqueId-com.sec.smartcard.manager:com.samsung.ucs.agent.baiMobile and serviceUid-10183
06-13 20:07:04.741 3534 3534 D UcmService: Matched found in mPersistentServices map
06-13 20:07:04.741 3534 3534 D UcmService: Adding new agent -com.sec.smartcard.manager:com.samsung.ucs.agent.baiMobile
06-13 20:07:04.741 3534 3534 D UcmService: -------Processing started for agentPackageName----- -com.samsung.ucs.agent.boot
06-13 20:07:04.741 3534 3534 D UcmService: agentPackageName -com.samsung.ucs.agent.boot is an active plugin
06-13 20:07:04.741 3534 3534 D UcmService: Check if caller has UCS Plugin permission...
06-13 20:07:04.751 3534 3534 D UcmService: Agent has UCS PLUGIN permission. Processing further...
06-13 20:07:04.751 3534 3534 D UcmService: agentPackageName com.samsung.ucs.agent.boot is system storage. Checking system signature
06-13 20:07:04.751 11712 11721 W art : Suspending all threads took: 31.000ms
06-13 20:07:04.761 3534 3534 D UcmService: Signature match
06-13 20:07:04.761 3534 3534 D UcmService: Valid system storage found is com.samsung.ucs.agent.boot
06-13 20:07:04.821 11712 11721 I art : Background partial concurrent mark sweep GC freed 16352(1059KB) AllocSpace objects, 2(40KB) LOS objects, 54% free, 3MB/7MB, paused 96.075ms total 968.164ms
06-13 20:07:04.901 11866 11866 D InjectionManager: InjectionManager
06-13 20:07:04.911 11866 11866 D InjectionManager: fillFeatureStoreMap com.sec.smartcard.manager
06-13 20:07:04.911 11866 11866 I InjectionManager: Constructor com.sec.smartcard.manager, Feature store :{}
06-13 20:07:04.911 11866 11866 I InjectionManager: featureStore :{}
06-13 20:07:05.031 11871 11871 V VRSVC : (VRServiceApplication.java:13) onCreate [onCreate()]
06-13 20:07:05.031 11871 11871 D InjectionManager: InjectionManager
06-13 20:07:05.031 11871 11871 D InjectionManager: fillFeatureStoreMap com.samsung.android.hmt.vrsvc
06-13 20:07:05.031 11871 11871 I InjectionManager: Constructor com.samsung.android.hmt.vrsvc, Feature store :{}
06-13 20:07:05.031 11871 11871 I InjectionManager: featureStore :{}
06-13 20:07:05.061 11871 11871 V VRManagerServer: (VRSystemService.java:24) onCreate [onCreate]
06-13 20:07:05.081 11866 11866 D ucsBai_agentService: onCreate
06-13 20:07:05.081 11866 11866 D ucsBai_agentService: initializeProvider
06-13 20:07:05.081 11871 11871 V VRManagerServer: (VRManagerService.java:280) [VRManagerService created]
06-13 20:07:05.091 11866 11866 I ucsBai_ConnectionManager: init()
06-13 20:07:05.141 11871 11871 W ResourcesManager: getTopLevelResources: /data/app/com.samsung.android.hmt.vrsvc-2/base.apk / 1.0 running in com.samsung.android.hmt.vrsvc rsrc of package com.samsung.android.hmt.vrsvc
06-13 20:07:05.391 11871 11871 V VRManagerServer: (VRMode.java:36) wtkw [isDemoModePackageExists=false isLiveDemoUnitBinary=false isDemoIgnore=false]
06-13 20:07:05.401 11833 11833 W ResourcesManager: getTopLevelResources: /data/app/com.samsung.voiceserviceplatform-1/base.apk / 1.0 running in com.android.systemui rsrc of package com.samsung.voiceserviceplatform
06-13 20:07:05.401 11871 11871 V VRManagerServer: (VRManagerService.java:324) BRMq [VRManagerService systemReady VR_API_VERSION=9]
06-13 20:07:05.431 11893 11893 E Zygote : v2
06-13 20:07:05.431 11893 11893 I libpersona: KNOX_SDCARD checking this for 10015
06-13 20:07:05.431 11893 11893 I libpersona: KNOX_SDCARD not a persona
06-13 20:07:05.431 3534 4031 I ActivityManager: Start proc 11893:com.google.process.gapps/u0a15 for content provider com.google.android.gsf/.gservices.GservicesProvider
06-13 20:07:05.431 11854 11854 D ACRA : ACRA init; reportURL: https://www.facebook.com/mobile/generic_android_crash_logs/659091980805095
06-13 20:07:05.431 3534 4075 D NetworkPolicy: isUidForegroundLocked: 10015, mScreenOn: true, uidstate: -1, mProxSensorScreenOff: false
06-13 20:07:05.441 11893 11893 I SELinux : Function: selinux_compare_spd_ram, index[1], SPD-policy is existed. and_ver=SEPF_SECMOBILE_6.0.1 ver=11
06-13 20:07:05.441 11833 11833 D ResourcesManager: For user 0 new overlays fetched Null
06-13 20:07:05.441 11854 11854 D ACRA : ACRA is enabled for com.facebook.appmanager, intializing...
06-13 20:07:05.441 11893 11893 W SELinux : Function: selinux_compare_spd_ram, index[1], priority [1], priority version is VE=SEPF_SECMOBILE_6.0.1_0011
06-13 20:07:05.441 11871 11871 V VRManagerServer: (VRManagerService.java:329) BRMq [prevDockState=105 storedBright=255]
06-13 20:07:05.441 11871 11871 V VRManagerServer: (VRSystemService.java:37) onBind [onBind]
06-13 20:07:05.451 11893 11893 E Zygote : accessInfo : 0
06-13 20:07:05.451 11893 11893 W SELinux : SELinux: seapp_context_lookup: seinfo=untrusted, level=s0:c512,c768, pkgname=com.google.process.gapps
06-13 20:07:05.471 3534 4020 W ActivityManager: Unable to start service Intent { act=com.baimobile.android.pcsclite.service.ipc.action.BIND_PCSC pkg=com.baimobile.android.credential.service (has extras) } U=0: not found
06-13 20:07:05.471 11866 11866 I baiMobile: JniPcscLite::bindPcscService "baiMobile Credential Service" not available. Checking for older baiMobile "Android PC/SC-Lite Service", instead.
06-13 20:07:05.471 3534 4038 W ActivityManager: Unable to start service Intent { act=com.baimobile.android.pcsclite.service.ipc.action.BIND_PCSC pkg=com.baimobile.android.pcsclite.service (has extras) } U=0: not found
06-13 20:07:05.471 11866 11866 W baiMobile: JniPcscLite::bindPcscService WARNING: No source of baiMobile PC/SC service was found (not running or not installed).
06-13 20:07:05.471 11866 11866 E ucsBai_ConnectionManager: PCSCLite service may not be installed yet
06-13 20:07:05.471 11866 11866 D ucsBai_ConnectionManager: reset
06-13 20:07:05.471 11866 11866 I ucsBai_ConnectionManager: unbind pcsc
06-13 20:07:05.481 11866 11866 D ucsBai_agentService: onUnbind
06-13 20:07:05.481 11866 11866 D ucsBai_agentService: onDestroy
06-13 20:07:05.481 11866 11866 D ucsBai_ConnectionManager: reset
06-13 20:07:05.481 11866 11866 D ucsBai_agentService: onCreate
06-13 20:07:05.481 11866 11866 D ucsBai_agentService: initializeProvider
06-13 20:07:05.481 11866 11866 I ucsBai_ConnectionManager: init()
06-13 20:07:05.481 11866 11866 I baiMobile: JniPcscLite::bindPcscService "baiMobile Credential Service" not available. Checking for older baiMobile "Android PC/SC-Lite Service", instead.
06-13 20:07:05.481 3534 3553 W ActivityManager: Unable to start service Intent { act=com.baimobile.android.pcsclite.service.ipc.action.BIND_PCSC pkg=com.baimobile.android.credential.service (has extras) } U=0: not found
06-13 20:07:05.481 3534 4072 W ActivityManager: Unable to start service Intent { act=com.baimobile.android.pcsclite.service.ipc.action.BIND_PCSC pkg=com.baimobile.android.pcsclite.service (has extras) } U=0: not found
06-13 20:07:05.481 11866 11866 W baiMobile: JniPcscLite::bindPcscService WARNING: No source of baiMobile PC/SC service was found (not running or not installed).
06-13 20:07:05.481 11866 11866 E ucsBai_ConnectionManager: PCSCLite service may not be installed yet
06-13 20:07:05.481 11866 11866 D ucsBai_ConnectionManager: reset
06-13 20:07:05.481 11866 11866 I ucsBai_ConnectionManager: unbind pcsc
06-13 20:07:05.491 11833 11833 W ResourcesManager: getTopLevelResources: /data/app/com.skyworxx.gearvrnote4deviceidgrabber-1/base.apk / 1.0 running in com.android.systemui rsrc of package com.skyworxx.gearvrnote4deviceidgrabber
06-13 20:07:05.491 11833 11833 D ResourcesManager: For user 0 new overlays fetched Null
06-13 20:07:05.501 11833 11833 W ResourcesManager: getTopLevelResources: /data/app/com.reelfx.legendary_vr-1/base.apk / 1.0 running in com.android.systemui rsrc of package com.reelfx.legendary_vr
06-13 20:07:05.501 11893 11893 D TimaKeyStoreProvider: TimaSignature is unavailable
06-13 20:07:05.501 11893 11893 D ActivityThread: Added TimaKeyStore provider
06-13 20:07:05.511 11833 11833 D ResourcesManager: For user 0 new overlays fetched Null
06-13 20:07:05.511 11833 11833 W ResourcesManager: getTopLevelResources: /system/priv-app/SmartManager_v3/SmartManager_v3.apk / 1.0 running in com.android.systemui rsrc of package com.samsung.android.sm
06-13 20:07:05.521 3534 3534 D UcmService: readPersistentServicesLocked is called...
06-13 20:07:05.521 3534 3534 D UcmService: PersistentServices key-com.sec.smartcard.manager:com.samsung.ucs.agent.baiMobile
06-13 20:07:05.521 3534 3534 D UcmService: PersistentServices value-10183
06-13 20:07:05.521 3534 3534 D UcmService: PersistentServices key-com.samsung.ucs.agent.boot:com.samsung.ucs.agent.boot
06-13 20:07:05.521 3534 3534 D UcmService: PersistentServices value-1000
06-13 20:07:05.521 3534 4075 D NetworkPolicy: isUidForegroundLocked: 10015, mScreenOn: true, uidstate: 10, mProxSensorScreenOff: false
06-13 20:07:05.521 11854 11854 V fb-UnpackingSoSource: locked dso store /data/user/0/com.facebook.appmanager/lib-main
06-13 20:07:05.521 3534 3534 V VRManagerService: onServiceConnected() mBound=true mConnected=false mConnection=com.android.server.VRManagerService$VRRecord@402e9bd service=android.os.BinderProxy@7acca3f
06-13 20:07:05.531 11854 11854 I fb-UnpackingSoSource: dso store is up-to-date: /data/user/0/com.facebook.appmanager/lib-main
06-13 20:07:05.531 11854 11854 V fb-UnpackingSoSource: releasing dso store lock for /data/user/0/com.facebook.appmanager/lib-main
06-13 20:07:05.531 3534 3534 D UcmAgentWrapper: onServiceConnected ComponentInfo{com.sec.smartcard.manager/com.sec.enterprise.mdm.sc.bai.BaiMobileAgentService}
06-13 20:07:05.531 3534 3554 V VRManagerService: startVR() Take iVRManagerService... ok!
06-13 20:07:05.541 11871 11889 W ResourcesManager: getTopLevelResources: /data/app/com.digitalkey.setin-1/base.apk / 1.0 running in com.samsung.android.hmt.vrsvc rsrc of package com.digitalkey.setin
06-13 20:07:05.541 11893 11893 W ResourcesManager: getTopLevelResources: /system/priv-app/GoogleServicesFramework/GoogleServicesFramework.apk / 1.0 running in com.google.android.gsf rsrc of package com.google.android.gsf
06-13 20:07:05.541 3534 4020 I InjectionManagerService -AppFeature: getCoreFeaturePkgList :[]
06-13 20:07:05.541 11893 11893 I InjectionManager: Inside getClassLibPath + mLibMap{0=, 1=}
06-13 20:07:05.541 11833 11833 D ResourcesManager: For user 0 new overlays fetched Null
06-13 20:07:05.551 11871 11889 D ResourcesManager: For user 0 new overlays fetched Null
06-13 20:07:05.561 11833 11833 W ResourcesManager: getTopLevelResources: /data/app/com.oculus.Integration-1/base.apk / 1.0 running in com.android.systemui rsrc of package com.oculus.Integration
06-13 20:07:05.561 11893 11893 D ResourcesManager: For user 0 new overlays fetched Null
06-13 20:07:05.561 11833 11833 D ResourcesManager: For user 0 new overlays fetched Null
06-13 20:07:05.561 11893 11893 I InjectionManager: Inside getClassLibPath caller
06-13 20:07:05.571 11893 11893 W System : ClassLoader referenced unknown path: /system/priv-app/GoogleServicesFramework/lib/arm64
06-13 20:07:05.571 11833 11833 W ResourcesManager: getTopLevelResources: /system/priv-app/SamsungCamera4/SamsungCamera4.apk / 1.0 running in com.android.systemui rsrc of package com.sec.android.app.camera
06-13 20:07:05.591 11893 11893 I GservicesProvider: Gservices pushing to system: true; secure/global: true
06-13 20:07:05.591 11833 11833 D ResourcesManager: For user 0 new overlays fetched Null
06-13 20:07:05.601 11833 11833 W ResourcesManager: getTopLevelResources: /system/priv-app/SecSettings2/SecSettings2.apk / 1.0 running in com.android.systemui rsrc of package com.android.settings
06-13 20:07:05.611 11854 11854 W com.facebook.appmanager:cn: Verify
06-13 20:07:05.621 11854 11854 D InjectionManager: InjectionManager
06-13 20:07:05.621 11854 11854 D InjectionManager: fillFeatureStoreMap com.facebook.appmanager
06-13 20:07:05.621 11854 11854 I InjectionManager: Constructor com.facebook.appmanager, Feature store :{}
06-13 20:07:05.621 11854 11854 I InjectionManager: featureStore :{}
06-13 20:07:05.641 11712 11914 W ResourcesManager: getTopLevelResources: /data/app/com.oculus.home-2/base.apk / 1.0 running in com.oculus.horizon rsrc of package com.oculus.home
06-13 20:07:05.651 11712 11914 D ResourcesManager: For user 0 new overlays fetched Null
06-13 20:07:05.661 3534 3553 I ActivityManager: Start proc 11918:com.google.android.talk/u0a129 for broadcast-3 com.google.android.talk/com.google.android.apps.hangouts.realtimechat.RealTimeChatService$AlarmReceiver
06-13 20:07:05.661 11918 11918 E Zygote : v2
06-13 20:07:05.661 11918 11918 I libpersona: KNOX_SDCARD checking this for 10129
06-13 20:07:05.661 11918 11918 I libpersona: KNOX_SDCARD not a persona
06-13 20:07:05.661 11918 11918 I SELinux : Function: selinux_compare_spd_ram, index[1], SPD-policy is existed. and_ver=SEPF_SECMOBILE_6.0.1 ver=11
06-13 20:07:05.661 11918 11918 W SELinux : Function: selinux_compare_spd_ram, index[1], priority [1], priority version is VE=SEPF_SECMOBILE_6.0.1_0011
06-13 20:07:05.671 11918 11918 E Zygote : accessInfo : 0
06-13 20:07:05.671 11918 11918 W SELinux : SELinux: seapp_context_lookup: seinfo=untrusted, level=s0:c512,c768, pkgname=com.google.android.talk
06-13 20:07:05.681 11893 11893 I GoogleHttpClient: GMS http client unavailable, use old client
06-13 20:07:05.691 11918 11918 D TimaKeyStoreProvider: TimaSignature is unavailable
06-13 20:07:05.691 11918 11918 D ActivityThread: Added TimaKeyStore provider
06-13 20:07:05.691 11934 11934 E Zygote : v2
06-13 20:07:05.691 3534 3554 I ActivityManager: Start proc 11934:android.process.media/u0a45 for content provider com.android.providers.downloads/.DownloadProvider
06-13 20:07:05.691 11934 11934 I libpersona: KNOX_SDCARD checking this for 10045
06-13 20:07:05.691 11934 11934 I libpersona: KNOX_SDCARD not a persona
06-13 20:07:05.691 11934 11934 I SELinux : Function: selinux_compare_spd_ram, index[1], SPD-policy is existed. and_ver=SEPF_SECMOBILE_6.0.1 ver=11
06-13 20:07:05.691 3534 4075 D NetworkPolicy: isUidForegroundLocked: 10045, mScreenOn: true, uidstate: -1, mProxSensorScreenOff: false
06-13 20:07:05.701 11934 11934 W SELinux : Function: selinux_compare_spd_ram, index[1], priority [1], priority version is VE=SEPF_SECMOBILE_6.0.1_0011
06-13 20:07:05.701 11934 11934 E Zygote : accessInfo : 0
06-13 20:07:05.701 11934 11934 W SELinux : SELinux: seapp_context_lookup: seinfo=media, level=s0:c512,c768, pkgname=android.process.media
06-13 20:07:05.701 3534 4083 V BroadcastQueue: [background] Process cur broadcast BroadcastRecord{5eb7f0c u0 com.google.android.apps.hangouts.CLEANUP_DB qIdx=4}, state= (APP_RECEIVE) DELIVERED for app ProcessRecord{542f055 11918:com.google.android.talk/u0a129}
06-13 20:07:05.701 3534 4075 D NetworkPolicy: isUidForegroundLocked: 10045, mScreenOn: true, uidstate: 16, mProxSensorScreenOff: false
06-13 20:07:05.711 11918 11918 W ResourcesManager: getTopLevelResources: /data/app/com.google.android.talk-1/base.apk / 1.0 running in com.google.android.talk rsrc of package com.google.android.talk
06-13 20:07:05.711 11712 11939 W ActivityThread: ClassLoader.loadClass: The class loader returned by Thread.getContextClassLoader() may fail for processes that host multiple applications. You should explicitly specify a context class loader. For example: Thread.setContextClassLoader(getClass().getClassLoader());
06-13 20:07:05.721 3534 4038 I InjectionManagerService -AppFeature: getCoreFeaturePkgList :[]
06-13 20:07:05.721 11918 11918 I InjectionManager: Inside getClassLibPath + mLibMap{0=, 1=}
06-13 20:07:05.731 11934 11934 D TimaKeyStoreProvider: TimaSignature is unavailable
06-13 20:07:05.731 11934 11934 D ActivityThread: Added TimaKeyStore provider
06-13 20:07:05.731 11712 11939 I System.out: (HTTPLog)-Static: isSBSettingEnabled false
06-13 20:07:05.731 11712 11939 I System.out: (HTTPLog)-Static: isSBSettingEnabled false
06-13 20:07:05.731 11833 11833 D ResourcesManager: For user 0 new overlays fetched Null
06-13 20:07:05.741 3534 4081 I ActivityManager: Start proc 11954:com.facebook.katana/u0a115 for content provider com.facebook.katana/com.facebook.platform.common.provider.PlatformProviderBase
06-13 20:07:05.741 3534 4075 D NetworkPolicy: isUidForegroundLocked: 10115, mScreenOn: true, uidstate: -1, mProxSensorScreenOff: false
06-13 20:07:05.741 11954 11954 E Zygote : v2
06-13 20:07:05.741 11954 11954 I libpersona: KNOX_SDCARD checking this for 10115
06-13 20:07:05.741 11954 11954 I libpersona: KNOX_SDCARD not a persona
06-13 20:07:05.741 11954 11954 I SELinux : Function: selinux_compare_spd_ram, index[1], SPD-policy is existed. and_ver=SEPF_SECMOBILE_6.0.1 ver=11
06-13 20:07:05.741 11833 11833 W ResourcesManager: getTopLevelResources: /data/app/com.estrongs.android.pop-2/base.apk / 1.0 running in com.android.systemui rsrc of package com.estrongs.android.pop
06-13 20:07:05.751 11893 11893 D InjectionManager: InjectionManager
06-13 20:07:05.751 11893 11893 D InjectionManager: fillFeatureStoreMap com.google.android.gsf
06-13 20:07:05.751 11893 11893 I InjectionManager: Constructor com.google.android.gsf, Feature store :{}
06-13 20:07:05.751 11893 11893 I InjectionManager: featureStore :{}
06-13 20:07:05.751 11934 11934 W ResourcesManager: getTopLevelResources: /system/priv-app/SecDownloadProvider/SecDownloadProvider.apk / 1.0 running in com.android.providers.downloads rsrc of package com.android.providers.downloads
06-13 20:07:05.751 11954 11954 W SELinux : Function: selinux_compare_spd_ram, index[1], priority [1], priority version is VE=SEPF_SECMOBILE_6.0.1_0011
06-13 20:07:05.751 11954 11954 E Zygote : accessInfo : 0
06-13 20:07:05.751 11954 11954 W SELinux : SELinux: seapp_context_lookup: seinfo=default, level=s0:c512,c768, pkgname=com.facebook.katana
06-13 20:07:05.751 3534 3553 I InjectionManagerService -AppFeature: getCoreFeaturePkgList :[]
06-13 20:07:05.751 11934 11934 I InjectionManager: Inside getClassLibPath + mLibMap{0=, 1=}
06-13 20:07:05.761 3534 4075 D NetworkPolicy: isUidForegroundLocked: 10115, mScreenOn: true, uidstate: 16, mProxSensorScreenOff: false
06-13 20:07:05.761 11934 11934 D ResourcesManager: For user 0 new overlays fetched Null
06-13 20:07:05.771 11833 11833 D ResourcesManager: For user 0 new overlays fetched Null
06-13 20:07:05.771 11712 11712 D InjectionManager: InjectionManager
06-13 20:07:05.771 11712 11712 D InjectionManager: fillFeatureStoreMap com.oculus.horizon
06-13 20:07:05.771 11712 11712 I InjectionManager: Constructor com.oculus.horizon, Feature store :{}
06-13 20:07:05.771 11712 11712 I InjectionManager: featureStore :{}
06-13 20:07:05.771 11934 11934 I InjectionManager: Inside getClassLibPath caller
06-13 20:07:05.781 11833 11833 W ResourcesManager: getTopLevelResources: /data/app/com.digitalkey.setin-1/base.apk / 1.0 running in com.android.systemui rsrc of package com.digitalkey.setin
06-13 20:07:05.781 11833 11833 D ResourcesManager: For user 0 new overlays fetched Null
06-13 20:07:05.781 3534 4083 D PackageManager: setEnabledSetting : userId = 0 packageName = com.oculus.horizon cmp = com.facebook.rti.push.service.FbnsService newState = 1 callingPackage = 10221
06-13 20:07:05.791 11934 11934 W System : ClassLoader referenced unknown path: /system/priv-app/SecDownloadProvider/lib/arm64
06-13 20:07:05.791 11934 11934 W ResourcesManager: getTopLevelResources: /system/priv-app/SecMediaProvider/SecMediaProvider.apk / 1.0 running in com.android.providers.downloads rsrc of package com.android.providers.media
06-13 20:07:05.801 11934 11934 D ResourcesManager: For user 0 new overlays fetched Null
06-13 20:07:05.801 11934 11934 I InjectionManager: Inside getClassLibPath caller
06-13 20:07:05.801 3120 3599 I APM::AudioPolicyManager: stopOutput() output 4, stream 3, session 120
06-13 20:07:05.811 3534 4031 D PackageManager: setEnabledSetting : userId = 0 packageName = com.facebook.appmanager cmp = com.facebook.oxygen.appmanager.crashmanager.CrashManagerActivity newState = 2 callingPackage = 10112
06-13 20:07:05.821 11918 11918 D ResourcesManager: For user 0 new overlays fetched Null
06-13 20:07:05.821 3112 3755 D EnterpriseController: netId is 0
06-13 20:07:05.821 11934 11934 W System : ClassLoader referenced unknown path: /system/priv-app/SecMediaProvider/lib/arm64
06-13 20:07:05.821 3112 3755 D Netd : getNetworkForDns: using netid 502 for uid 10221
06-13 20:07:05.821 11977 11977 E Zygote : v2
06-13 20:07:05.821 3534 4020 I ActivityManager: Start proc 11977:com.oculus.horizon:fbns/u0a221 for service com.oculus.horizon/com.facebook.rti.push.service.FbnsService
06-13 20:07:05.821 11977 11977 I libpersona: KNOX_SDCARD checking this for 10221
06-13 20:07:05.821 11977 11977 I libpersona: KNOX_SDCARD not a persona
06-13 20:07:05.821 11977 11977 I SELinux : Function: selinux_compare_spd_ram, index[1], SPD-policy is existed. and_ver=SEPF_SECMOBILE_6.0.1 ver=11
06-13 20:07:05.821 11977 11977 W SELinux : Function: selinux_compare_spd_ram, index[1], priority [1], priority version is VE=SEPF_SECMOBILE_6.0.1_0011
06-13 20:07:05.821 11833 11833 W ResourcesManager: getTopLevelResources: /data/app/com.samsung.voiceserviceplatform-1/base.apk / 1.0 running in com.android.systemui rsrc of package com.samsung.voiceserviceplatform
06-13 20:07:05.821 11977 11977 E Zygote : accessInfo : 0
06-13 20:07:05.821 11977 11977 W SELinux : SELinux: seapp_context_lookup: seinfo=default, level=s0:c512,c768, pkgname=com.oculus.horizon:fbns
06-13 20:07:05.841 3534 4085 D PackageManager: getComponentMetadataForIconTray : com.samsung.voiceserviceplatform.ui.PermissionUsageActivity does not exist in mServices
06-13 20:07:05.841 3534 4085 D PackageManager: getComponentMetadataForIconTray : com.samsung.voiceserviceplatform.ui.PermissionUsageActivity does not exist in mProviders
06-13 20:07:05.841 3534 4085 D PackageManager: getComponentMetadataForIconTray : com.samsung.voiceserviceplatform.ui.PermissionUsageActivity does not exist in mReceivers
06-13 20:07:05.841 11918 11918 I InjectionManager: Inside getClassLibPath caller
06-13 20:07:05.851 11977 11977 D TimaKeyStoreProvider: TimaSignature is unavailable
06-13 20:07:05.851 11977 11977 D ActivityThread: Added TimaKeyStore provider
06-13 20:07:05.851 11954 11954 D TimaKeyStoreProvider: TimaSignature is unavailable
06-13 20:07:05.851 11954 11954 D ActivityThread: Added TimaKeyStore provider
06-13 20:07:05.851 3534 4075 D NetworkPolicy: isUidForegroundLocked: 10221, mScreenOn: true, uidstate: 2, mProxSensorScreenOff: false
06-13 20:07:05.871 11833 11833 W ResourcesManager: getTopLevelResources: /data/app/com.skyworxx.gearvrnote4deviceidgrabber-1/base.apk / 1.0 running in com.android.systemui rsrc of package com.skyworxx.gearvrnote4deviceidgrabber
06-13 20:07:05.881 3534 4089 D PackageManager: getComponentMetadataForIconTray : com.skyworxx.gearvrnote4deviceidgrabber.DeviceID does not exist in mServices
06-13 20:07:05.881 3534 4089 D PackageManager: getComponentMetadataForIconTray : com.skyworxx.gearvrnote4deviceidgrabber.DeviceID does not exist in mProviders
06-13 20:07:05.881 3534 4089 D PackageManager: getComponentMetadataForIconTray : com.skyworxx.gearvrnote4deviceidgrabber.DeviceID does not exist in mReceivers
06-13 20:07:05.891 3534 4075 D NetworkPolicy: isUidForegroundLocked: 10115, mScreenOn: true, uidstate: 2, mProxSensorScreenOff: false
06-13 20:07:05.901 11833 11833 I ApplicationPackageManager: load=com.skyworxx.gearvrnote4deviceidgrabber, bg=168-168, dr=168-168
06-13 20:07:05.901 11833 11833 I ApplicationPackageManager: scaled rate=1.1785074, size=168, alpha=17, hold=26, target=168
06-13 20:07:05.901 11977 11977 W ResourcesManager: getTopLevelResources: /data/app/com.oculus.horizon-2/base.apk / 1.0 running in com.oculus.horizon rsrc of package com.oculus.horizon
06-13 20:07:05.901 3534 6514 D SSRM:n : SIOP:: AP = 530, PST = 488 (W:10), CP = 312, CUR = 1211, LCD = 18
06-13 20:07:05.901 11954 11954 W ResourcesManager: getTopLevelResources: /data/app/com.facebook.katana-1/base.apk / 1.0 running in com.facebook.katana rsrc of package com.facebook.katana
06-13 20:07:05.911 3534 4031 I InjectionManagerService -AppFeature: getCoreFeaturePkgList :[]
06-13 20:07:05.911 3534 4065 I InjectionManagerService -AppFeature: getCoreFeaturePkgList :[]
06-13 20:07:05.911 11954 11954 I InjectionManager: Inside getClassLibPath + mLibMap{0=, 1=}
06-13 20:07:05.911 11977 11977 I InjectionManager: Inside getClassLibPath + mLibMap{0=, 1=}
06-13 20:07:05.911 11992 11992 E Zygote : v2
06-13 20:07:05.911 11992 11992 I libpersona: KNOX_SDCARD checking this for 10018
06-13 20:07:05.911 11992 11992 I libpersona: KNOX_SDCARD not a persona
06-13 20:07:05.911 11992 11992 I SELinux : Function: selinux_compare_spd_ram, index[1], SPD-policy is existed. and_ver=SEPF_SECMOBILE_6.0.1 ver=11
06-13 20:07:05.911 11992 11992 W SELinux : Function: selinux_compare_spd_ram, index[1], priority [1], priority version is VE=SEPF_SECMOBILE_6.0.1_0011
06-13 20:07:05.911 11992 11992 E Zygote : accessInfo : 0
06-13 20:07:05.911 3534 3553 I ActivityManager: Start proc 11992:com.google.android.partnersetup/u0a18 for content provider com.google.android.partnersetup/.RlzAppProvider
06-13 20:07:05.911 11992 11992 W SELinux : SELinux: seapp_context_lookup: seinfo=untrusted, level=s0:c512,c768, pkgname=com.google.android.partnersetup
06-13 20:07:05.911 3534 4075 D NetworkPolicy: isUidForegroundLocked: 10018, mScreenOn: true, uidstate: -1, mProxSensorScreenOff: false
06-13 20:07:05.921 11934 11934 D MediaProvider: Attached volume: internal
06-13 20:07:05.921 11934 11934 D ContentApp: ContentApp()
06-13 20:07:05.941 3534 4075 D NetworkPolicy: isUidForegroundLocked: 10018, mScreenOn: true, uidstate: 16, mProxSensorScreenOff: false
06-13 20:07:05.941 11934 11934 D ContentApp: create cache if media mounted.. media : mounted
06-13 20:07:05.941 11977 11977 D ResourcesManager: For user 0 new overlays fetched Null
06-13 20:07:05.941 11992 11992 D TimaKeyStoreProvider: TimaSignature is unavailable
06-13 20:07:05.941 11992 11992 D ActivityThread: Added TimaKeyStore provider
06-13 20:07:05.951 11934 11934 W System.err: java.lang.UnsatisfiedLinkError: dalvik.system.PathClassLoader[DexPathList[[zip file "/system/priv-app/SecMediaProvider/SecMediaProvider.apk"],nativeLibraryDirectories=[/system/priv-app/SecMediaProvider/lib/arm64, /vendor/lib64, /system/lib64]]] couldn't find "libfacerecognition.so"
06-13 20:07:05.951 11977 11977 I InjectionManager: Inside getClassLibPath caller
06-13 20:07:05.951 11833 11833 W ResourcesManager: getTopLevelResources: /data/app/com.reelfx.legendary_vr-1/base.apk / 1.0 running in com.android.systemui rsrc of package com.reelfx.legendary_vr
06-13 20:07:05.951 11934 11934 W System.err: at java.lang.Runtime.loadLibrary(Runtime.java:367)
06-13 20:07:05.951 11934 11934 W System.err: at java.lang.System.loadLibrary(System.java:1076)
06-13 20:07:05.951 11934 11934 W System.err: at com.android.providers.media.ContentApp.setFaceCache(ContentApp.java:113)
06-13 20:07:05.951 11934 11934 W System.err: at com.android.providers.media.ContentApp.createCacheIfMediaMounted(ContentApp.java:100)
06-13 20:07:05.951 11934 11934 W System.err: at com.android.providers.media.ContentApp.(ContentApp.java:94)
06-13 20:07:05.951 11934 11934 W System.err: at com.android.providers.media.MediaProvider.onCreate(MediaProvider.java:1729)
06-13 20:07:05.951 11934 11934 W System.err: at android.content.ContentProvider.attachInfo(ContentProvider.java:1789)
06-13 20:07:05.951 11934 11934 W System.err: at android.content.ContentProvider.attachInfo(ContentProvider.java:1764)
06-13 20:07:05.951 11934 11934 W System.err: at android.app.ActivityThread.installProvider(ActivityThread.java:6767)
06-13 20:07:05.951 11934 11934 W System.err: at android.app.ActivityThread.installContentProviders(ActivityThread.java:6362)
06-13 20:07:05.951 11934 11934 W System.err: at android.app.ActivityThread.handleBindApplication(ActivityThread.java:6302)
06-13 20:07:05.951 11934 11934 W System.err: at android.app.ActivityThread.access$1800(ActivityThread.java:222)
06-13 20:07:05.951 11934 11934 W System.err: at android.app.ActivityThread$H.handleMessage(ActivityThread.java:1861)
06-13 20:07:05.951 11934 11934 W System.err: at android.os.Handler.dispatchMessage(Handler.java:102)
06-13 20:07:05.951 11934 11934 W System.err: at android.os.Looper.loop(Looper.java:158)
06-13 20:07:05.951 11934 11934 W System.err: at android.app.ActivityThread.main(ActivityThread.java:7229)
06-13 20:07:05.951 11934 11934 W System.err: at java.lang.reflect.Method.invoke(Native Method)
06-13 20:07:05.951 11934 11934 W System.err: at com.android.internal.os.ZygoteInit$MethodAndArgsCaller.run(ZygoteInit.java:1230)
06-13 20:07:05.951 11934 11934 W System.err: at com.android.internal.os.ZygoteInit.main(ZygoteInit.java:1120)
06-13 20:07:05.961 11934 11934 D MediaProvider: new PersonDataBaseHelper()
06-13 20:07:05.961 11833 11833 D ResourcesManager: For user 0 new overlays fetched Null
06-13 20:07:05.971 11992 11992 W ResourcesManager: getTopLevelResources: /system/priv-app/GooglePartnerSetup/GooglePartnerSetup.apk / 1.0 running in com.google.android.partnersetup rsrc of package com.google.android.partnersetup
06-13 20:07:05.981 11833 11833 I ApplicationPackageManager: load=com.reelfx.legendary_vr, bg=168-168, dr=168-168
06-13 20:07:05.981 3534 4089 I InjectionManagerService -AppFeature: getCoreFeaturePkgList :[]
06-13 20:07:05.981 11992 11992 I InjectionManager: Inside getClassLibPath + mLibMap{0=, 1=}
06-13 20:07:05.981 11833 11833 I ApplicationPackageManager: scaled rate=0.88, size=168, alpha=0, hold=26, target=168
06-13 20:07:05.981 11954 11954 D ResourcesManager: For user 0 new overlays fetched Null
06-13 20:07:05.981 11992 11992 D ResourcesManager: For user 0 new overlays fetched Null
06-13 20:07:05.981 11934 11934 D MediaScanner: Scanner initMutex res = 0
06-13 20:07:06.001 11954 11954 I InjectionManager: Inside getClassLibPath caller
06-13 20:07:06.001 11992 11992 I InjectionManager: Inside getClassLibPath caller
06-13 20:07:06.011 11934 11934 D VolumeInfo: VolumeInfo from Parcel: id private ,type 1 ,disk null
06-13 20:07:06.011 11934 11934 D VolumeInfo: VolumeInfo from Parcel: id emulated ,type 2 ,disk null
06-13 20:07:06.011 11934 11934 D VolumeInfo: VolumeInfo from Parcel: id privatemode ,type 0 ,disk null
06-13 20:07:06.011 11992 11992 W System : ClassLoader referenced unknown path: /system/priv-app/GooglePartnerSetup/lib/arm64
06-13 20:07:06.021 11833 11833 W ResourcesManager: getTopLevelResources: /system/priv-app/SmartManager_v3/SmartManager_v3.apk / 1.0 running in com.android.systemui rsrc of package com.samsung.android.sm
06-13 20:07:06.021 11833 11833 D ResourcesManager: For user 0 new overlays fetched Null
06-13 20:07:06.031 3534 4093 D PackageManager: getComponentMetadataForIconTray : com.samsung.android.sm.ui.dashboard.SmartManagerDashBoardActivity does not exist in mServices
06-13 20:07:06.031 3534 4093 D PackageManager: getComponentMetadataForIconTray : com.samsung.android.sm.ui.dashboard.SmartManagerDashBoardActivity does not exist in mProviders
06-13 20:07:06.031 3534 4093 D PackageManager: getComponentMetadataForIconTray : com.samsung.android.sm.ui.dashboard.SmartManagerDashBoardActivity does not exist in mReceivers
06-13 20:07:06.041 11992 11992 D InjectionManager: InjectionManager
06-13 20:07:06.041 11992 11992 D InjectionManager: fillFeatureStoreMap com.google.android.partnersetup
06-13 20:07:06.041 11992 11992 I InjectionManager: Constructor com.google.android.partnersetup, Feature store :{}
06-13 20:07:06.041 11992 11992 I InjectionManager: featureStore :{}
06-13 20:07:06.051 11833 11833 W ResourcesManager: getTopLevelResources: /data/app/com.oculus.Integration-1/base.apk / 1.0 running in com.android.systemui rsrc of package com.oculus.Integration
06-13 20:07:06.061 11833 11833 D ResourcesManager: For user 0 new overlays fetched Null
06-13 20:07:06.061 11977 11977 W StaticBindingVerifier: Verify
06-13 20:07:06.081 11833 11833 I ApplicationPackageManager: load=com.oculus.Integration, bg=168-168, dr=336-336
06-13 20:07:06.081 11833 11833 I ApplicationPackageManager: DR-icon scaling ori=336,336 - scaled=168,168
06-13 20:07:06.081 11833 11833 I ApplicationPackageManager: scaled rate=0.94, size=168, alpha=0, hold=26, target=168
06-13 20:07:06.091 11918 11918 W ResourcesManager: getTopLevelResources: /data/app/com.google.android.talk-1/base.apk / 1.0 running in com.google.android.talk rsrc of package com.google.android.talk
06-13 20:07:06.101 11934 11934 D MediaProvider: Attached volume: external
06-13 20:07:06.101 11833 11833 W ResourcesManager: getTopLevelResources: /system/priv-app/SamsungCamera4/SamsungCamera4.apk / 1.0 running in com.android.systemui rsrc of package com.sec.android.app.camera
06-13 20:07:06.101 11977 11977 D ACRA : ACRA init; reportURL: https://www.facebook.com/mobile/generic_android_crash_logs/1437758943160428
06-13 20:07:06.111 11977 11977 D ACRA : ACRA is enabled for com.oculus.horizon, intializing...
06-13 20:07:06.111 11833 11833 D ResourcesManager: For user 0 new overlays fetched Null
06-13 20:07:06.111 3534 4087 E SensorService: getSensorList a sensor (HRM Ambient Light Canceling) without holding its required permission: com.samsung.permission.HRM_EXT
06-13 20:07:06.111 3534 4087 I SensorService: Skipped sensor HRM Ambient Light Canceling because it requires permission com.samsung.permission.HRM_EXT and app op -1
06-13 20:07:06.111 3534 4087 E SensorService: getSensorList a sensor (HRM Proximity detecting) without holding its required permission: com.samsung.permission.HRM_EXT
06-13 20:07:06.111 3534 4087 I SensorService: Skipped sensor HRM Proximity detecting because it requires permission com.samsung.permission.HRM_EXT and app op -1
06-13 20:07:06.111 3534 4087 W ServiceManager: Permission failure: android.permission.BODY_SENSORS from uid=10066 pid=11779
06-13 20:07:06.111 3534 4087 E SensorService: getSensorList a sensor (HRMLED IR) without holding its required permission: android.permission.BODY_SENSORS
06-13 20:07:06.111 3534 4087 I SensorService: Skipped sensor HRMLED IR because it requires permission android.permission.BODY_SENSORS and app op 56
06-13 20:07:06.111 3534 4087 W ServiceManager: Permission failure: android.permission.BODY_SENSORS from uid=10066 pid=11779
06-13 20:07:06.111 3534 4087 E SensorService: getSensorList a sensor (HRMLED RED) without holding its required permission: android.permission.BODY_SENSORS
