10-24 21:48:30.941 3126 19918 I ExynosCameraParameters: [CAM_ID(1)][ParametersFront]-INFO(getPreviewFpsRange[1144]):minFpsRange=15, maxFpsRange=30
10-24 21:48:30.941 3126 19918 I ExynosCameraParameters: [CAM_ID(1)][ParametersFront]-INFO(setDefaultParameter):supportedFpsList=(15000,15000),(24000,24000),(15000,30000),(30000,30000)
10-24 21:48:30.941 3126 19918 D ExynosCameraParameters: [CAM_ID(1)][ParametersFront]-DEBUG(setParameters):intelligent_mode : -1
10-24 21:48:30.941 3126 19918 D ExynosCameraParameters: [CAM_ID(1)][ParametersFront]-DEBUG(setParameters):intelligent_mode(-1) getVisionMode(0)
10-24 21:48:30.941 3126 19918 I ExynosCameraParameters: INFO(checkPreviewFpsRange):Original FpsRange[Min=15000, Max=30000]
10-24 21:48:30.941 3126 19918 I ExynosCameraParameters: [CAM_ID(1)][ParametersFront]-INFO(checkPreviewFpsRange):curFpsRange[Min=15, Max=30], newFpsRange[Min=15, Max=30], [curFrameRate=30]
10-24 21:48:30.941 3126 19918 I ExynosCameraActivityControl: INFO(setFpsValue[889]): m_fpsValue(15)
10-24 21:48:30.941 3126 19918 I ExynosCameraParameters: [CAM_ID(1)][ParametersFront]-INFO(setParameters):newVideo Size (1920x1080), ratioId(0)
10-24 21:48:30.941 3126 19918 D ExynosCameraParameters: [CAM_ID(1)][ParametersFront]-DEBUG(setParameters):newVTMode -1
10-24 21:48:30.941 3126 19918 D ExynosCameraParameters: [CAM_ID(1)][ParametersFront]-DEBUG(setParameters):newHwVdis 0
10-24 21:48:30.941 3126 19918 D ExynosCameraParameters: [CAM_ID(1)][ParametersFront]-DEBUG(setParameters):new3dnrMode true
10-24 21:48:30.941 3126 19918 D ExynosCameraParameters: [CAM_ID(1)][ParametersFront]-DEBUG(setParameters):newDrcMode false
10-24 21:48:30.941 3126 19918 D ExynosCameraParameters: [CAM_ID(1)][ParametersFront]-DEBUG(setParameters):newOdcMode false
10-24 21:48:30.941 3126 19918 D ExynosCameraParameters: DEBUG(setParameters):highResolutionMode:off
10-24 21:48:30.941 3126 19918 I ExynosCameraParameters: INFO(setParameters):Cur Preview size(1920x1080)
10-24 21:48:30.941 3126 19918 I ExynosCameraParameters: INFO(setParameters):Cur HwPreview size(2560x1920)
10-24 21:48:30.941 3126 19918 I ExynosCameraParameters: INFO(setParameters):param.preview size(1920x1080)
10-24 21:48:30.941 3126 19918 I ExynosCameraParameters: INFO(setParameters):Adjust Preview size(1920x1080), ratioId(0)
10-24 21:48:30.941 3126 19918 I ExynosCameraParameters: INFO(setParameters):Calibrated HwPreview size(1920x1080)
10-24 21:48:30.941 3126 19918 D ExynosCameraParameters: DEBUG(checkPreviewSize):setRestartPreviewChecked true
10-24 21:48:30.941 3126 19918 D ExynosCameraParameters: [CAM_ID(1)][ParametersFront]-DEBUG(m_setRestartPreviewChecked):setRestartPreviewChecked(during SetParameters) true
10-24 21:48:30.941 3126 19918 D ExynosCameraParameters: [CAM_ID(1)][ParametersFront]-DEBUG(setParameters):newPreviewFormat: yuv420sp
10-24 21:48:30.941 3126 19918 I ExynosCameraParameters: [CAM_ID(1)][ParametersFront]-INFO(Parameters[3716]): preview format changed cur(yuv420sp) -> new(yuv420sp)
10-24 21:48:30.941 3126 19918 I ExynosCameraParameters: [CAM_ID(1)][ParametersFront]-INFO(setParameters):newPicture Size (2592x1458), ratioId(0)
10-24 21:48:30.941 3126 19918 D ExynosCameraParameters: [CAM_ID(1)][ParametersFront]-DEBUG(setParameters):newPictureFormat jpeg
10-24 21:48:30.941 3126 19918 I ExynosCameraParameters: [CAM_ID(1)][ParametersFront]-INFO(Parameters[4462]): Picture format changed, cur(jpeg) -> new(jpeg)
10-24 21:48:30.941 3126 19918 D ExynosCameraParameters: [CAM_ID(1)][ParametersFront]-DEBUG(setParameters):newJpegQuality 96
10-24 21:48:30.941 3126 19918 D ExynosCameraParameters: [CAM_ID(1)][ParametersFront]-DEBUG(setParameters):newJpegThumbnailW X newJpegThumbnailH: 512 X 384
10-24 21:48:30.941 3126 19918 D ExynosCameraParameters: [CAM_ID(1)][ParametersFront]-DEBUG(setParameters):newJpegThumbnailQuality 100
10-24 21:48:30.941 3126 19918 D ExynosCameraParameters: [CAM_ID(1)][ParametersFront]-DEBUG(setParameters):newZoom 0
10-24 21:48:30.941 3126 19918 D ExynosCameraParameters: [CAM_ID(1)][ParametersFront]-DEBUG(setParameters):set orientation:0
10-24 21:48:30.941 3126 19918 D ExynosCameraParameters: [CAM_ID(1)][ParametersFront]-DEBUG(setParameters):newExposureCompensation 0
10-24 21:48:30.941 3126 19918 D ExynosCameraParameters: [CAM_ID(1)][ParametersFront]-DEBUG(setParameters):newExposureTime : -1
10-24 21:48:30.941 3126 19918 D ExynosCameraParameters: DEBUG(setParameters):strNewMeteringMode center
10-24 21:48:30.941 3126 19918 I ExynosCameraParameters: INFO(checkMeteringMode): Metering Area is changed (0 -> 2)
10-24 21:48:30.941 3126 19918 D ExynosCameraParameters: [CAM_ID(1)][ParametersFront]-DEBUG(setParameters):m_antiBanding 60hz
10-24 21:48:30.941 3126 19918 D ExynosCameraParameters: [CAM_ID(1)][ParametersFront]-DEBUG(setParameters):strNewAntibanding 60hz
10-24 21:48:30.941 3126 19918 D ExynosCameraParameters: [CAM_ID(1)][ParametersFront]-DEBUG(setParameters):strNewSceneMode auto
10-24 21:48:30.941 3126 19918 D ExynosCameraParameters: [CAM_ID(1)][ParametersFront]-DEBUG(setParameters):strNewFocusMode fixed
10-24 21:48:30.941 3126 19918 D ExynosCameraParameters: [CAM_ID(1)][ParametersFront]-DEBUG(setParameters):strNewFlashMode off
10-24 21:48:30.941 3126 19918 D ExynosCameraParameters: [CAM_ID(1)][ParametersFront]-DEBUG(setParameters):newWhiteBalance auto
10-24 21:48:30.941 3126 19918 D ExynosCameraParameters: [CAM_ID(1)][ParametersFront]-DEBUG(setParameters):strNewEffectMode none
10-24 21:48:30.941 3126 19918 D ExynosCameraParameters: [CAM_ID(1)][ParametersFront]-DEBUG(setParameters):newBrightness 0
10-24 21:48:30.951 3126 19918 D ExynosCameraParameters: [CAM_ID(1)][ParametersFront]-DEBUG(setParameters):newSaturation 0
10-24 21:48:30.951 3126 19918 D ExynosCameraParameters: [CAM_ID(1)][ParametersFront]-DEBUG(setParameters):newSharpness 0
10-24 21:48:30.951 3126 19918 D ExynosCameraParameters: [CAM_ID(1)][ParametersFront]-DEBUG(setParameters):newHue 0
10-24 21:48:30.951 3126 19918 D ExynosCameraParameters: [CAM_ID(1)][ParametersFront]-DEBUG(setParameters):strNewRTDrc off
10-24 21:48:30.951 3126 19918 D ExynosCameraParameters: [CAM_ID(1)][ParametersFront]-DEBUG(setParameters):strNewPaf off
10-24 21:48:30.951 3126 19918 D ExynosCameraParameters: [CAM_ID(1)][ParametersFront]-DEBUG(setParameters):strNewRTWdr off
10-24 21:48:30.951 3126 19918 D ExynosCameraParameters: [CAM_ID(1)][ParametersFront]-DEBUG(setParameters):strNewISO auto
10-24 21:48:30.951 3126 19918 D ExynosCameraParameters: [CAM_ID(1)][ParametersFront]-DEBUG(setParameters):strNewContrast auto
10-24 21:48:30.951 3126 19918 D ExynosCameraParameters: [CAM_ID(1)][ParametersFront]-DEBUG(setParameters):newHDR 0
10-24 21:48:30.951 3126 28058 I ExynosCamera: [CAM_ID(1)][]-INFO(m_companionThreadFunc[11646]):
10-24 21:48:30.951 3126 19918 D ExynosCameraParameters: [CAM_ID(1)][ParametersFront]-DEBUG(setParameters):newWDR 0
10-24 21:48:30.951 3126 19918 D ExynosCameraParameters: [CAM_ID(1)][ParametersFront]-DEBUG(setParameters):newVRMode -1
10-24 21:48:30.951 3126 19918 D ExynosCameraParameters: DEBUG(setParameters): checkImageUniqueId : romReadThreadDone(0)
10-24 21:48:30.951 3126 19918 D ExynosCameraParameters: [CAM_ID(1)][ParametersFront]-DEBUG(setParameters): seriesShotFilePath NULL
10-24 21:48:30.951 3126 19918 D ExynosCameraParameters: [CAM_ID(1)][ParametersFront]-DEBUG(setParameters): dngFilePath NULL
10-24 21:48:30.951 3126 19918 D ExynosCameraParameters: DEBUG(setParameters):strNewOIS still
10-24 21:48:30.951 3126 19918 D ExynosCameraParameters: checkOIS set OIS, new OIS Mode = 100
10-24 21:48:30.951 3126 19918 D ExynosCameraParameters: (setOISMode[8597])set OIS Mode = 100
10-24 21:48:30.951 3126 19918 D ExynosCameraParameters: [CAM_ID(1)][ParametersFront]-DEBUG(setParameters[590]):Need restart preview
10-24 21:48:30.951 3126 19918 D ExynosCameraParameters: [CAM_ID(1)][ParametersFront]-DEBUG(m_setRestartPreview):setRestartPreview true
10-24 21:48:30.951 3126 19918 D ExynosCameraParameters: (void android::ExynosCameraParameters::m_getSetfileYuvRange(bool, int*, int*))[11717] : CurrentState (0x 0), currentSetfile(0)
10-24 21:48:30.951 3126 19918 D ExynosCameraParameters: (void android::ExynosCameraParameters::m_getSetfileYuvRange(bool, int*, int*))[11717] : CurrentState (0x 1), currentSetfile(5)
10-24 21:48:30.951 3126 19918 D ExynosCameraParameters: [CAM_ID(1)][ParametersFront]-DEBUG(checkSetfileYuvRange[11282]):m_cameraId(1) : general[setfile(0) YUV range(0)] : reprocesing[setfile(5) YUV range(0)]
10-24 21:48:30.951 3126 19918 D ExynosCameraParameters: [CAM_ID(1)][ParametersFront]-DEBUG(setParameters):newQshot 0
10-24 21:48:30.951 3126 19918 D ExynosCamera: [CAM_ID(1)][]-DEBUG(ExynosCamera):Parameters(CameraId=1 / m_cameraSensorId=21) created
10-24 21:48:30.951 3126 19918 I ExynosCamera: [CAM_ID(1)][]-INFO(m_createIonAllocator[15448]):try(1) to create IonAllocator
10-24 21:48:30.951 3126 28058 D ExynosCameraNode: [CAM_ID(1)][companion]-DEBUG(open[251]): Node(109)(/dev/video109) opened. m_fd(53)
10-24 21:48:30.951 3126 28058 D ExynosCamera: [CAM_ID(1)][]-DEBUG(m_companionThreadFunc):Companion Node(109) opened running)
10-24 21:48:30.951 3126 19918 D ExynosCamera: [CAM_ID(1)][]-DEBUG(m_createIonAllocator[15454]):m_createIonAllocator success (allocator=0xed38c618)
10-24 21:48:30.951 3126 19918 D ExynosCamera: [CAM_ID(1)][]-DEBUG(m_createBufferManager[15484]):m_createIonAllocator success
10-24 21:48:30.951 3126 19918 D UniPlugin: uni_plugin_load is called!
10-24 21:48:30.951 3126 19918 D UniPlugin: __uni_plugin_load is called!
10-24 21:48:30.951 3126 19918 D UniPlugin: get_plugin_handle is called!
10-24 21:48:30.951 3126 28059 I OggExtractor: OggSource::OggSource() mExtractor ref count = 4
10-24 21:48:30.951 3126 28059 I AnotherPacketSource: setFormat() audio
10-24 21:48:30.951 3126 28059 V GenericSource: setDefault
10-24 21:48:30.951 3126 28059 I GenericSource: ORmode enable : mUnsupportedAudio = 0 mUnsupportedVideo = 0 mHaveAudio = 1 mHaveVideo = 0
10-24 21:48:30.951 3126 28059 V GenericSource: onPrepareAsyncEvent() done
10-24 21:48:30.951 3126 28057 V NuPlayer: prepare posted successfully.
10-24 21:48:30.951 3126 28057 V NuPlayer: mUnsupportedAudio = 0, mUnsupportedVideo = 0, mHaveAudioTrack = 1, mHaveVideoTrack = 0
10-24 21:48:30.951 3126 28057 V NuPlayer: msg : 200, ext1 : 10973, ext2 : 0
10-24 21:48:30.951 3126 28057 D NuPlayerDriver: notifyListener_l(0xf178d3e0), (200, 10973, 0)
10-24 21:48:30.951 3126 28057 V MediaPlayerService: [50] notify (0xed625280, 200, 10973, 0)
10-24 21:48:30.951 3126 28057 V MediaPlayer: message received msg=200, ext1=10973, ext2=0
10-24 21:48:30.951 3126 28057 W MediaPlayer: info/warning (10973, 0)
10-24 21:48:30.951 3126 28057 V NuPlayer: extractMetadata Tracks : 1
10-24 21:48:30.951 3126 28057 V NuPlayer: enableInbandTextFromExtr
10-24 21:48:30.951 3126 28057 D NuPlayerDriver: notifyListener_l(0xf178d3e0), (1, 0, 0)
10-24 21:48:30.951 3126 28057 V MediaPlayerService: [50] notify (0xed625280, 1, 0, 0)
10-24 21:48:30.951 3126 28057 V MediaPlayer: message received msg=1, ext1=0, ext2=0
10-24 21:48:30.951 3126 19918 D UniPlugin: UniPlugin is called!
10-24 21:48:30.951 3126 19918 D UniPlugin: uni_plugin_load is called!
10-24 21:48:30.951 3126 19918 D UniPlugin: __uni_plugin_load is called!
10-24 21:48:30.951 3126 19918 D UniPlugin: get_plugin_handle is called!
10-24 21:48:30.951 3126 28057 V MediaPlayer: prepared
10-24 21:48:30.951 3126 28057 V MediaPlayer: signal application thread
10-24 21:48:30.951 3126 28054 V MediaPlayer: prepare complete - status=0
10-24 21:48:30.951 3126 28054 V MediaPlayer: constructor
10-24 21:48:30.961 3126 19918 D UniPlugin: UniPlugin is called!
10-24 21:48:30.961 3126 19918 D UniPlugin: uni_plugin_load is called!
10-24 21:48:30.961 3126 19918 D UniPlugin: __uni_plugin_load is called!
10-24 21:48:30.961 3126 19918 D UniPlugin: get_plugin_handle is called!
10-24 21:48:30.961 3126 28054 E Parcel : Reading a NULL string not supported here.
10-24 21:48:30.961 3126 28054 V MediaPlayerService: Create new client(51) from pid 3126, uid 1013,
10-24 21:48:30.961 3126 28054 I MediaPlayerService: Setting player type to NuPlayer
10-24 21:48:30.961 3126 28054 V MediaPlayerService: player type = 4
10-24 21:48:30.961 3126 28054 V NuPlayerDriver: NuPlayerDriver(0xf178de80)
10-24 21:48:30.961 3126 28054 V AudioSink: AudioOutput(176)
10-24 21:48:30.961 3126 28054 V NuPlayerDriver: setDataSource(0xf178de80) url()
10-24 21:48:30.961 3126 28054 V GenericSource: setDefault
10-24 21:48:30.961 3126 28054 V NuPlayer: url=/system/media/audio/ui/Cam_Stop.ogg
10-24 21:48:30.961 3126 28060 V NuPlayer: kWhatSetAudioSink
10-24 21:48:30.961 3126 28060 V NuPlayer: kWhatSetDataSource
10-24 21:48:30.961 3126 28054 V MediaPlayerService: [51] getParameter(31700)
10-24 21:48:30.961 3126 28054 V MediaPlayer: MediaPlayer::setAudioStreamType
10-24 21:48:30.961 3126 28054 V MediaPlayer: prepare
10-24 21:48:30.961 3126 28054 V MediaPlayerService: [51] setAudioStreamType(1)
10-24 21:48:30.961 3126 28054 V MediaPlayerService: [51] prepareAsync
10-24 21:48:30.961 3126 28054 V NuPlayerDriver: prepareAsync(0xf178de80)
10-24 21:48:30.961 3126 28060 V GenericSource: [Flag] set 0x8 -> mFlags = 0x8
10-24 21:48:30.961 3126 19918 D UniPlugin: UniPlugin is called!
10-24 21:48:30.961 3126 19918 D UniPlugin: uni_plugin_load is called!
10-24 21:48:30.961 3126 19918 D UniPlugin: __uni_plugin_load is called!
10-24 21:48:30.961 3126 19918 D UniPlugin: get_plugin_handle is called!
10-24 21:48:30.961 3126 28061 V GenericSource: onPrepareAsync
10-24 21:48:30.961 3126 28061 I OggExtractor: OggSource::OggSource() mExtractor ref count = 4
10-24 21:48:30.961 3126 28061 I AnotherPacketSource: setFormat() audio
10-24 21:48:30.961 3126 19918 D UniPlugin: UniPlugin is called!
10-24 21:48:30.971 3126 28061 V GenericSource: setDefault
10-24 21:48:30.971 3126 19918 D ExynosCameraActivitySpecialCapture: DEBUG(resetOISCaptureFcount[625]):
10-24 21:48:30.971 3126 19918 D ExynosCameraFrameManager: DEBUG(ExynosCameraFrameManager): FrameManager CREATE(name(FRAME MANAGER) cameraid(1) mode(2)
10-24 21:48:30.971 3126 19918 D ExynosCameraFrameManager: [CAM_ID(1)][CREATE FRAME WORKER]-DEBUG(CreateWorker): Worker CREATE(name(CREATE FRAME WORKER) cameraid(1) mode(2) margin(200)
10-24 21:48:30.971 3126 28061 I GenericSource: ORmode enable : mUnsupportedAudio = 0 mUnsupportedVideo = 0 mHaveAudio = 1 mHaveVideo = 0
10-24 21:48:30.971 3126 19918 D ExynosCameraFrameManager: [CAM_ID(1)][DELETE FRAME WORKER]-DEBUG(DeleteWorker): Worker CREATE(name(DELETE FRAME WORKER) cameraid(1) mode(2)
10-24 21:48:30.971 3126 28061 V GenericSource: onPrepareAsyncEvent() done
10-24 21:48:30.971 3126 19918 D ExynosCameraParameters: [CAM_ID(1)][ParametersFront]-DEBUG(setDeviceOrientation[11241]):orientation(0), hwRotation(90), fdOrientation(90)
10-24 21:48:30.971 3126 19918 I ExynosCamera: [CAM_ID(1)][]-INFO(m_initFrameFactory[881]): -IN-
10-24 21:48:30.971 3126 28060 V NuPlayer: prepare posted successfully.
10-24 21:48:30.971 3126 28060 V NuPlayer: mUnsupportedAudio = 0, mUnsupportedVideo = 0, mHaveAudioTrack = 1, mHaveVideoTrack = 0
10-24 21:48:30.971 3126 28060 V NuPlayer: msg : 200, ext1 : 10973, ext2 : 0
10-24 21:48:30.971 3126 19918 D ExynosCameraFrameFactory: [CAM_ID(0)][]-DEBUG(m_setCreate[104]) setCreate old(false) new(false)
10-24 21:48:30.971 3126 19918 D ExynosCameraFrameFactory3aaIspTpu: [CAM_ID(0)][]-DEBUG(m_init[1138]):
10-24 21:48:30.971 3126 28060 D NuPlayerDriver: notifyListener_l(0xf178de80), (200, 10973, 0)
10-24 21:48:30.971 3126 28060 V MediaPlayerService: [51] notify (0xec9170c0, 200, 10973, 0)
10-24 21:48:30.971 3126 28060 V MediaPlayer: message received msg=200, ext1=10973, ext2=0
10-24 21:48:30.971 3126 19918 D ExynosCameraFrameFactory: [CAM_ID(0)][]-DEBUG(m_setCreate[104]) setCreate old(false) new(false)
10-24 21:48:30.971 3126 19918 D ExynosCameraFrameFactory: [CAM_ID(0)][]-DEBUG(m_setCreate[104]) setCreate old(false) new(false)
10-24 21:48:30.971 3126 19918 D ExynosCameraFrameFactory: [CAM_ID(0)][]-DEBUG(m_setCreate[104]) setCreate old(false) new(false)
10-24 21:48:30.971 3126 19918 D ExynosCameraFrameFactory: [CAM_ID(0)][]-DEBUG(m_setCreate[104]) setCreate old(false) new(false)
10-24 21:48:30.971 3126 19918 I ExynosCamera: [CAM_ID(1)][]-INFO(m_initFrameFactory[929]): -OUT-
10-24 21:48:30.971 3126 19918 D ExynosCameraPipeJpeg: DEBUG:duration time( 1 msec):(m_initFrameFactory)
10-24 21:48:30.971 3126 19918 D SecCameraPreviewFrameScheduler: (SecCameraPreviewFrameScheduler[36])
10-24 21:48:30.971 3126 19918 D SecCameraPreviewFrameScheduler: (m_reset[52] targetFps=30.000000, m_videoSyncPeriod=33333333)
10-24 21:48:30.971 3126 19918 I ExynosCamera3Interface: INFO(HAL_camera_device_open[668]):camera(1) out from new g_cam_device[1]->priv()
10-24 21:48:30.971 3126 19918 I ExynosCamera3Interface: INFO(HAL_camera_device_open[671]):camera(1) unlocked..
10-24 21:48:30.971 3126 19918 I CameraService: onTorchStatusChangedLocked: Torch status changed for cameraId=1, newStatus=0
10-24 21:48:30.971 3126 19918 E CameraService: onTorchStatusChangedLocked: cannot get torch status of camera 1: No such file or directory (-2)
10-24 21:48:30.971 3126 28060 W MediaPlayer: info/warning (10973, 0)
10-24 21:48:30.971 3126 19918 I ExynosCamera3Interface: INFO(HAL_camera_device_open[713]):camera(1) out
10-24 21:48:30.971 3126 28060 V NuPlayer: extractMetadata Tracks : 1
10-24 21:48:30.971 3126 19918 D ExynosCamera3Interface: DEBUG:duration time( 26 msec):(HAL_camera_device_open)
10-24 21:48:30.971 3126 28060 V NuPlayer: enableInbandTextFromExtr
10-24 21:48:30.971 3126 19918 D ExynosCamera3Interface: DEBUG:duration time( 26 msec):(HAL_open_legacy)
10-24 21:48:30.971 3126 19918 E SecCameraCoreManager: initialize2
10-24 21:48:30.971 3126 28060 D NuPlayerDriver: notifyListener_l(0xf178de80), (1, 0, 0)
10-24 21:48:30.971 3126 28060 V MediaPlayerService: [51] notify (0xec9170c0, 1, 0, 0)
10-24 21:48:30.971 3126 28060 V MediaPlayer: message received msg=1, ext1=0, ext2=0
10-24 21:48:30.971 3126 19918 I ShotCommon: ShotCommon created: pid=3126
10-24 21:48:30.971 3126 19918 I ExynosCamera: [CAM_ID(1)][]-INFO(getParameters[4152])
10-24 21:48:30.971 3126 19918 I ExynosCameraParameters: [CAM_ID(1)][ParametersFront]-INFO(getParameters[609])
10-24 21:48:30.971 3126 19918 D ExynosCamera3Interface: DEBUG:duration time( 0 msec):(HAL_camera_device_get_parameters)
10-24 21:48:30.971 3126 19918 D ExynosCamera3Interface: DEBUG:duration time( 0 msec):(HAL_camera_device_put_parameters)
10-24 21:48:30.971 3126 19918 I ShotCommon: Preview width(1920), height(1080)
10-24 21:48:30.971 3126 19918 I ShotCommon: Preview color format [yuv420sp]
10-24 21:48:30.971 3126 19918 I ShotCommon: Picture width(2592), height(1458)
10-24 21:48:30.971 3126 19918 I ShotCommon: Picture color format [jpeg]
10-24 21:48:30.971 3126 28060 V MediaPlayer: prepared
10-24 21:48:30.971 3126 28060 V MediaPlayer: signal application thread
10-24 21:48:30.971 3126 19918 I ShotCommon: enableMsgType : msg(In:0xc0d, Out:0xc0d)
10-24 21:48:30.971 3126 28054 V MediaPlayer: prepare complete - status=0
10-24 21:48:30.971 3126 19918 I ShotSingle: ShotSingle created E : pid=3126
10-24 21:48:30.971 3126 19918 I ShotCommon: enableMsgType : msg(In:0xc0d, Out:0xc0d)
10-24 21:48:30.971 3126 19918 I ShotSingle: ShotSingle created X
10-24 21:48:30.971 3126 19918 V ShotSingle: setCallbacks(1)
10-24 21:48:30.971 3126 19918 I ExynosCamera: [CAM_ID(1)][]-INFO(setCallbacks[1585]): -IN-
10-24 21:48:30.971 3126 19918 D ExynosCamera3Interface: DEBUG:duration time( 0 msec):(HAL_camera_device_set_callbacks)
10-24 21:48:30.971 3126 19918 I ShotCommon: enableMsgType : msg(In:0xc0d, Out:0xc0d)
10-24 21:48:30.971 3126 19918 I ExynosCamera: [CAM_ID(1)][]-INFO(getParameters[4152])
10-24 21:48:30.971 3126 19918 I ExynosCameraParameters: [CAM_ID(1)][ParametersFront]-INFO(getParameters[609])
10-24 21:48:30.971 3126 19918 D ExynosCamera3Interface: DEBUG:duration time( 0 msec):(HAL_camera_device_get_parameters)
10-24 21:48:30.971 3126 19918 D ExynosCamera3Interface: DEBUG:duration time( 0 msec):(HAL_camera_device_put_parameters)
10-24 21:48:30.981 3126 3802 I ExynosCamera: [CAM_ID(1)][]-INFO(getParameters[4152])
10-24 21:48:30.981 3126 3802 I ExynosCameraParameters: [CAM_ID(1)][ParametersFront]-INFO(getParameters[609])
10-24 21:48:30.981 3126 3802 D ExynosCamera3Interface: DEBUG:duration time( 0 msec):(HAL_camera_device_get_parameters)
10-24 21:48:30.981 3126 3802 D ExynosCamera3Interface: DEBUG:duration time( 0 msec):(HAL_camera_device_put_parameters)
10-24 21:48:30.981 3126 28058 D ExynosCamera: [CAM_ID(1)][]-DEBUG(m_companionThreadFunc):Companion Node(109) s_input)
10-24 21:48:30.981 3126 28058 D ExynosCamera: [CAM_ID(1)][]-DEBUG(m_companionThreadFunc):duration time( 35 msec)
10-24 21:48:30.981 3126 4062 V ShotSingle: setParameters(1)
10-24 21:48:30.981 3126 4062 I ExynosCamera: [CAM_ID(1)][]-INFO(setParameters[4109])
10-24 21:48:30.981 3126 4062 D ExynosCameraParameters: [CAM_ID(1)][ParametersFront]-DEBUG(setParameters):intelligent_mode : 1
10-24 21:48:30.981 3126 4062 D ExynosCameraParameters: [CAM_ID(1)][ParametersFront]-DEBUG(setParameters):intelligent_mode(1) getVisionMode(0)
10-24 21:48:30.981 3126 4062 I ExynosCameraParameters: INFO(checkPreviewFpsRange):Original FpsRange[Min=15000, Max=30000]
10-24 21:48:30.981 3126 4062 I ExynosCameraParameters: [CAM_ID(1)][ParametersFront]-INFO(checkPreviewFpsRange):curFpsRange[Min=15, Max=30], newFpsRange[Min=15, Max=30], [curFrameRate=30]
10-24 21:48:30.981 3126 4062 I ExynosCameraActivityControl: INFO(setFpsValue[889]): m_fpsValue(15)
10-24 21:48:30.981 3126 4062 I ExynosCameraParameters: [CAM_ID(1)][ParametersFront]-INFO(setParameters):newVideo Size (1920x1080), ratioId(0)
10-24 21:48:30.981 3126 4062 D ExynosCameraParameters: [CAM_ID(1)][ParametersFront]-DEBUG(setParameters):newVTMode 3
10-24 21:48:30.981 3126 4062 D ExynosCameraParameters: [CAM_ID(1)][ParametersFront]-DEBUG(setParameters):newHwVdis 0
10-24 21:48:30.981 3126 4062 D ExynosCameraParameters: [CAM_ID(1)][ParametersFront]-DEBUG(setParameters):new3dnrMode true
10-24 21:48:30.981 3126 4062 D ExynosCameraParameters: [CAM_ID(1)][ParametersFront]-DEBUG(setParameters):newDrcMode false
10-24 21:48:30.981 3126 4062 D ExynosCameraParameters: [CAM_ID(1)][ParametersFront]-DEBUG(setParameters):newOdcMode false
10-24 21:48:30.981 3126 4062 D ExynosCameraParameters: DEBUG(setParameters):highResolutionMode:off
10-24 21:48:30.981 3126 4062 I ExynosCameraParameters: INFO(setParameters):Cur Preview size(1920x1080)
10-24 21:48:30.981 3126 4062 I ExynosCameraParameters: INFO(setParameters):Cur HwPreview size(1920x1080)
10-24 21:48:30.981 3126 4062 I ExynosCameraParameters: INFO(setParameters):param.preview size(480x270)
10-24 21:48:30.981 3126 4062 I ExynosCameraParameters: INFO(setParameters):Adjust Preview size(480x270), ratioId(0)
10-24 21:48:30.981 3126 4062 I ExynosCameraParameters: INFO(setParameters):Calibrated HwPreview size(480x270)
10-24 21:48:30.981 3126 4062 D ExynosCameraParameters: DEBUG(checkPreviewSize):setRestartPreviewChecked true
10-24 21:48:30.981 3126 4062 D ExynosCameraParameters: [CAM_ID(1)][ParametersFront]-DEBUG(m_setRestartPreviewChecked):setRestartPreviewChecked(during SetParameters) true
10-24 21:48:30.981 3126 4062 D ExynosCameraParameters: [CAM_ID(1)][ParametersFront]-DEBUG(setParameters):newPreviewFormat: yuv420sp
10-24 21:48:30.981 3126 4062 I ExynosCameraParameters: [CAM_ID(1)][ParametersFront]-INFO(setParameters):newPicture Size (2592x1458), ratioId(0)
10-24 21:48:30.981 3126 4062 D ExynosCameraParameters: [CAM_ID(1)][ParametersFront]-DEBUG(setParameters):newPictureFormat jpeg
10-24 21:48:30.981 3126 4062 D ExynosCameraParameters: [CAM_ID(1)][ParametersFront]-DEBUG(setParameters):newJpegQuality 96
10-24 21:48:30.981 3126 4062 D ExynosCameraParameters: [CAM_ID(1)][ParametersFront]-DEBUG(setParameters):newJpegThumbnailW X newJpegThumbnailH: 512 X 384
10-24 21:48:30.981 3126 4062 D ExynosCameraParameters: [CAM_ID(1)][ParametersFront]-DEBUG(setParameters):newJpegThumbnailQuality 100
10-24 21:48:30.981 3126 4062 D ExynosCameraParameters: [CAM_ID(1)][ParametersFront]-DEBUG(setParameters):newZoom 0
10-24 21:48:30.981 3126 4062 D ExynosCameraParameters: [CAM_ID(1)][ParametersFront]-DEBUG(setParameters):set orientation:0
10-24 21:48:30.981 3126 4062 D ExynosCameraParameters: [CAM_ID(1)][ParametersFront]-DEBUG(setParameters):newExposureCompensation 0
10-24 21:48:30.981 3126 4062 D ExynosCameraParameters: [CAM_ID(1)][ParametersFront]-DEBUG(setParameters):newExposureTime : -1
10-24 21:48:30.981 3126 4062 D ExynosCameraParameters: DEBUG(setParameters):strNewMeteringMode center
10-24 21:48:30.981 3126 4062 D ExynosCameraParameters: [CAM_ID(1)][ParametersFront]-DEBUG(setParameters):m_antiBanding 60hz
10-24 21:48:30.981 3126 4062 D ExynosCameraParameters: [CAM_ID(1)][ParametersFront]-DEBUG(setParameters):strNewAntibanding 60hz
10-24 21:48:30.981 3126 4062 D ExynosCameraParameters: [CAM_ID(1)][ParametersFront]-DEBUG(setParameters):strNewSceneMode auto
10-24 21:48:30.981 3126 4062 D ExynosCameraParameters: [CAM_ID(1)][ParametersFront]-DEBUG(setParameters):strNewFocusMode fixed
10-24 21:48:30.981 3126 4062 D ExynosCameraParameters: [CAM_ID(1)][ParametersFront]-DEBUG(setParameters):strNewFlashMode off
10-24 21:48:30.981 3126 4062 D ExynosCameraParameters: [CAM_ID(1)][ParametersFront]-DEBUG(setParameters):newWhiteBalance auto
10-24 21:48:30.981 3126 4062 D ExynosCameraParameters: [CAM_ID(1)][ParametersFront]-DEBUG(setParameters):strNewEffectMode none
10-24 21:48:30.981 3126 4062 D ExynosCameraParameters: [CAM_ID(1)][ParametersFront]-DEBUG(setParameters):newBrightness 0
10-24 21:48:30.981 3126 4062 D ExynosCameraParameters: [CAM_ID(1)][ParametersFront]-DEBUG(setParameters):newSaturation 0
10-24 21:48:30.981 3126 4062 D ExynosCameraParameters: [CAM_ID(1)][ParametersFront]-DEBUG(setParameters):newSharpness 0
10-24 21:48:30.981 3126 4062 D ExynosCameraParameters: [CAM_ID(1)][ParametersFront]-DEBUG(setParameters):newHue 0
10-24 21:48:30.981 3126 4062 D ExynosCameraParameters: [CAM_ID(1)][ParametersFront]-DEBUG(setParameters):strNewRTDrc off
10-24 21:48:30.981 3126 4062 D ExynosCameraParameters: [CAM_ID(1)][ParametersFront]-DEBUG(setParameters):strNewPaf off
10-24 21:48:30.981 3126 4062 D ExynosCameraParameters: [CAM_ID(1)][ParametersFront]-DEBUG(setParameters):strNewRTWdr off
10-24 21:48:30.981 3126 4062 D ExynosCameraParameters: [CAM_ID(1)][ParametersFront]-DEBUG(setParameters):strNewISO auto
10-24 21:48:30.981 3126 4062 D ExynosCameraParameters: [CAM_ID(1)][ParametersFront]-DEBUG(setParameters):strNewContrast auto
10-24 21:48:30.981 3126 4062 D ExynosCameraParameters: [CAM_ID(1)][ParametersFront]-DEBUG(setParameters):newHDR 0
10-24 21:48:30.981 3126 4062 D ExynosCameraParameters: [CAM_ID(1)][ParametersFront]-DEBUG(setParameters):newWDR 0
10-24 21:48:30.981 3126 4062 D ExynosCameraParameters: [CAM_ID(1)][ParametersFront]-DEBUG(setParameters):newVRMode -1
10-24 21:48:30.981 3126 4062 D ExynosCameraParameters: DEBUG(setParameters): checkImageUniqueId : romReadThreadDone(0)
10-24 21:48:30.981 3126 4062 D ExynosCameraParameters: [CAM_ID(1)][ParametersFront]-DEBUG(setParameters): seriesShotFilePath NULL
10-24 21:48:30.981 3126 4062 D ExynosCameraParameters: [CAM_ID(1)][ParametersFront]-DEBUG(setParameters): dngFilePath NULL
10-24 21:48:30.981 3126 4062 D ExynosCameraParameters: DEBUG(setParameters):strNewOIS still
10-24 21:48:30.981 3126 4062 D ExynosCameraParameters: [CAM_ID(1)][ParametersFront]-DEBUG(setParameters[590]):Need restart preview
10-24 21:48:30.981 3126 4062 D ExynosCameraParameters: [CAM_ID(1)][ParametersFront]-DEBUG(m_setRestartPreview):setRestartPreview true
10-24 21:48:30.981 3126 4062 D ExynosCameraParameters: (void android::ExynosCameraParameters::m_getSetfileYuvRange(bool, int*, int*))[11717] : CurrentState (0x 0), currentSetfile(33)
10-24 21:48:30.981 3126 4062 D ExynosCameraParameters: (void android::ExynosCameraParameters::m_getSetfileYuvRange(bool, int*, int*))[11717] : CurrentState (0x 1), currentSetfile(33)
10-24 21:48:30.981 3126 4062 D ExynosCameraParameters: [CAM_ID(1)][ParametersFront]-DEBUG(checkSetfileYuvRange[11282]):m_cameraId(1) : general[setfile(33) YUV range(0)] : reprocesing[setfile(33) YUV range(0)]
10-24 21:48:30.981 3126 4062 D ExynosCameraParameters: [CAM_ID(1)][ParametersFront]-DEBUG(setParameters):newQshot 0
10-24 21:48:30.991 3126 4062 D ExynosCamera3Interface: DEBUG:duration time( 4 msec):(HAL_camera_device_set_parameters)
10-24 21:48:30.991 3126 4063 I ShotCommon: enableMsgType : msg(In:0x10, Out:0xc1d)
10-24 21:48:30.991 3126 4063 I ShotCommon: setAppUsePreviewFrame(1)
10-24 21:48:30.991 3126 4063 I ShotCommon: enablePreviewMsgBy : msg(In:0x2, Out:0x2)
10-24 21:48:30.991 3126 5084 I ExynosCamera: [CAM_ID(1)][]-INFO(previewEnabled[2824]):m_previewEnabled=0
10-24 21:48:30.991 3126 5084 D ExynosCamera3Interface: DEBUG:duration time( 0 msec):(HAL_camera_device_preview_enabled)
10-24 21:48:30.991 3126 5084 I ExynosCamera3Interface: INFO(HAL_camera_device_set_preview_window[773]):camera(1) in
10-24 21:48:30.991 3126 5084 I ExynosCamera: [CAM_ID(1)][]-INFO(setPreviewWindow[1491])
10-24 21:48:30.991 3126 5084 I ExynosCamera: [CAM_ID(1)][]-INFO(previewEnabled[2824]):m_previewEnabled=0
10-24 21:48:30.991 3126 5084 W ExynosCamera: [CAM_ID(1)][]-WARN(setPreviewWindow[1530]):window NULL, create internal buffer for preview
10-24 21:48:30.991 3126 5084 I ExynosCamera3Interface: INFO(HAL_camera_device_set_preview_window[775]):camera(1) out
10-24 21:48:30.991 3126 5084 D ExynosCamera3Interface: DEBUG:duration time( 0 msec):(HAL_camera_device_set_preview_window)
10-24 21:48:30.991 3520 4089 D lights : button : 0 +
10-24 21:48:30.991 3520 4533 I EDMNativeHelperService: isCameraEnabled
10-24 21:48:30.991 3126 5084 D SecCameraCoreManager: virtual android::status_t android::SecCameraCoreManager::startPreview():start IT Policy checking thread
10-24 21:48:30.991 3126 5084 D ShotSingle: startPreview
10-24 21:48:30.991 3126 5084 I ExynosCamera: [CAM_ID(1)][]-INFO(getParameters[4152])
10-24 21:48:30.991 3126 5084 I ExynosCameraParameters: [CAM_ID(1)][ParametersFront]-INFO(getParameters[609])
10-24 21:48:30.991 3126 5084 D ExynosCamera3Interface: DEBUG:duration time( 1 msec):(HAL_camera_device_get_parameters)
10-24 21:48:30.991 3126 5084 D ExynosCamera3Interface: DEBUG:duration time( 0 msec):(HAL_camera_device_put_parameters)
10-24 21:48:30.991 3126 5084 V ShotSingle: startPreview(1)
10-24 21:48:30.991 3126 5084 I ExynosCamera3Interface: INFO(HAL_camera_device_start_preview[826]):camera(1) in
10-24 21:48:30.991 3126 5084 D ExynosCamera3Interface: DEBUG(check_camera_state):camera(1) state(4) checking...
10-24 21:48:30.991 3126 5084 D ExynosCamera3Interface: DEBUG(check_camera_state):camera(1) state(1:OPENED->4:PREVIEW_RUNNING) is valid
10-24 21:48:30.991 3126 5084 I ExynosCamera: [CAM_ID(1)][]-INFO(startPreview[1636])
10-24 21:48:30.991 3126 5084 D ExynosCamera: [CAM_ID(1)][]-DEBUG(startPreview[1666]):m_firstPreviewTimer start
10-24 21:48:30.991 3126 28063 I ExynosCamera: [CAM_ID(1)][]-INFO(m_sensorListenerThreadFunc[18766]):
10-24 21:48:30.991 3126 28063 D ExynosCamera: [CAM_ID(1)][]-DEBUG(m_sensorListenerThreadFunc):duration time( 0 msec)
10-24 21:48:30.991 3520 4287 I EDMNativeHelperService: isCameraEnabled
10-24 21:48:30.991 3126 5084 D ExynosCameraParameters: [CAM_ID(1)][ParametersFront]-updateTpuParameters(2747) video stabilization old(0) new(0) flagHWVdisOn(0)
10-24 21:48:30.991 3126 5084 D ExynosCameraParameters: [CAM_ID(1)][ParametersFront]-DEBUG(updateTpuParameters[2755]):set flag3dnrOn = false (by isIspTpuOtf() == true)
10-24 21:48:30.991 3126 5084 D ExynosCameraParameters: [CAM_ID(1)][ParametersFront]-updateTpuParameters(2769) 3DNR old(0) new(0)
10-24 21:48:30.991 3126 5084 I ExynosCamera: [CAM_ID(1)][]-INFO(m_setupFrameFactory[770]): -IN-
10-24 21:48:30.991 3126 5084 D ExynosCamera: [CAM_ID(1)][]-DEBUG(m_setupFrameFactory[839]):setupFrameFactory pushProcessQ(0)
10-24 21:48:30.991 3126 5084 I ExynosCamera: [CAM_ID(1)][]-INFO(m_setupFrameFactory[874]): -OUT-
10-24 21:48:30.991 3126 5084 D ExynosCameraPipeJpeg: DEBUG:duration time( 0 msec):(m_setupFrameFactory)
10-24 21:48:30.991 3126 5084 I ExynosCamera: [CAM_ID(1)][]-INFO(startPreview[1760]): getVisionMode(0)
10-24 21:48:30.991 3126 5084 D ExynosCameraParameters: [CAM_ID(1)][ParametersFront]-DEBUG(setSeriesShotMode[9873]: set shotmode(0), shotCount(0)
10-24 21:48:30.991 3126 5084 I ExynosCamera: [CAM_ID(1)][]-INFO(setPreviewWindow[1491])
10-24 21:48:30.991 3126 5084 I ExynosCamera: [CAM_ID(1)][]-INFO(previewEnabled[2824]):m_previewEnabled=0
10-24 21:48:30.991 3126 5084 D ExynosCamera: [CAM_ID(1)][]-DEBUG(setPreviewWindow[1521]): scp buffer manager need recreate
10-24 21:48:30.991 3126 5084 D ExynosCameraBufferManager: [CAM_ID(1)][SCP_BUF]-DEBUG(deinit[116]):IN..
10-24 21:48:30.991 3126 5084 I ExynosCameraBufferManager: [CAM_ID(1)][SCP_BUF]-INFO(deinit[119]:OUT.. Buffer is not allocated
10-24 21:48:30.991 3126 5084 D ExynosCameraBufferManager: [CAM_ID(1)][SCP_BUF]-DEBUG(deinit[116]):IN..
10-24 21:48:30.991 3126 5084 I ExynosCameraBufferManager: [CAM_ID(1)][SCP_BUF]-INFO(deinit[119]:OUT.. Buffer is not allocated
10-24 21:48:30.991 3126 5084 D ExynosCameraBufferManager: [CAM_ID(1)][SCP_BUF]-DEBUG(deinit[116]):IN..
10-24 21:48:30.991 3126 5084 I ExynosCameraBufferManager: [CAM_ID(1)][SCP_BUF]-INFO(deinit[119]:OUT.. Buffer is not allocated
10-24 21:48:30.991 3126 5084 W ExynosCamera: [CAM_ID(1)][]-WARN(setPreviewWindow[1530]):window NULL, create internal buffer for preview
10-24 21:48:30.991 3126 5084 I ExynosCamera: [CAM_ID(1)][]-INFO(startPreview[1846]):setBuffersThread is run
10-24 21:48:30.991 3126 5084 D ExynosCameraActivitySpecialCapture: DEBUG(resetOISCaptureFcount[625]):
10-24 21:48:30.991 3126 5084 I ExynosCameraFrameFactoryPreview: [CAM_ID(1)][ExynosCameraFrameFactory3aaIspTpu]-INFO(precreate[264])
10-24 21:48:30.991 3126 5084 I ExynosCameraFrameFactoryPreview: [CAM_ID(1)][ExynosCameraFrameFactory3aaIspTpu]-INFO(m_setupConfig[1411])
10-24 21:48:30.991 3126 5084 I ExynosCameraFrameFactory3aaIspTpu: [CAM_ID(1)][ExynosCameraFrameFactory3aaIspTpu]-INFO(m_setDeviceInfo[137])
10-24 21:48:30.991 3126 28066 I ExynosCamera: [CAM_ID(1)][]-INFO(m_setBuffers[15560]):alloc buffer - camera ID: 1
10-24 21:48:30.991 3126 28066 D ExynosCamera: [CAM_ID(1)][]-DEBUG(m_releasebuffersForRealloc[15499]):m_setBuffers free all buffers
10-24 21:48:30.991 3126 28066 D ExynosCameraBufferManager: [CAM_ID(1)][BAYER_BUF]-DEBUG(deinit[116]):IN..
10-24 21:48:30.991 3126 28066 I ExynosCameraBufferManager: [CAM_ID(1)][BAYER_BUF]-INFO(deinit[119]:OUT.. Buffer is not allocated
10-24 21:48:30.991 3126 5084 D ExynosCameraMCPipe: [CAM_ID(1)][]-DEBUG(setPipeId[961]):nodeType(0), id(1)
10-24 21:48:30.991 3126 28066 D ExynosCameraBufferManager: [CAM_ID(1)][FLITE_BUF]-DEBUG(deinit[116]):IN..
10-24 21:48:30.991 3126 5084 D ExynosCameraMCPipe: [CAM_ID(1)][]-DEBUG(setPipeName[984])
10-24 21:48:30.991 3126 28066 I ExynosCameraBufferManager: [CAM_ID(1)][FLITE_BUF]-INFO(deinit[119]:OUT.. Buffer is not allocated
10-24 21:48:30.991 3126 28066 D ExynosCameraBufferManager: [CAM_ID(1)][3A1_BUF]-DEBUG(deinit[116]):IN..
10-24 21:48:30.991 3126 28066 I ExynosCameraBufferManager: [CAM_ID(1)][3A1_BUF]-INFO(deinit[119]:OUT.. Buffer is not allocated
10-24 21:48:30.991 3126 28066 D ExynosCameraBufferManager: [CAM_ID(1)][ISP_BUF]-DEBUG(deinit[116]):IN..
10-24 21:48:30.991 3126 28066 I ExynosCameraBufferManager: [CAM_ID(1)][ISP_BUF]-INFO(deinit[119]:OUT.. Buffer is not allocated
10-24 21:48:30.991 3126 28066 D ExynosCameraBufferManager: [CAM_ID(1)][HW_DIS_BUF]-DEBUG(deinit[116]):IN..
10-24 21:48:30.991 3126 28066 I ExynosCameraBufferManager: [CAM_ID(1)][HW_DIS_BUF]-INFO(deinit[119]:OUT.. Buffer is not allocated
10-24 21:48:30.991 3126 28066 D ExynosCameraBufferManager: [CAM_ID(1)][SCP_BUF]-DEBUG(deinit[116]):IN..
10-24 21:48:30.991 3126 5084 D ExynosCameraMCPipe: [CAM_ID(1)][]-DEBUG(setPipeId[961]):nodeType(0), id(4)
10-24 21:48:30.991 3126 28066 I ExynosCameraBufferManager: [CAM_ID(1)][SCP_BUF]-INFO(deinit[119]:OUT.. Buffer is not allocated
10-24 21:48:30.991 3126 5084 D ExynosCameraMCPipe: [CAM_ID(1)][]-DEBUG(setPipeName[984])
10-24 21:48:30.991 3126 28066 D ExynosCameraBufferManager: [CAM_ID(1)][SCP_BUF]-DEBUG(setBufferCount[1253]):
10-24 21:48:30.991 3126 28066 D ExynosCameraBufferManager: [CAM_ID(1)][SCC_BUF]-DEBUG(deinit[116]):IN..
10-24 21:48:30.991 3126 28066 I ExynosCameraBufferManager: [CAM_ID(1)][SCC_BUF]-INFO(deinit[119]:OUT.. Buffer is not allocated
10-24 21:48:30.991 3126 5084 D ExynosCameraMCPipe: [CAM_ID(1)][]-DEBUG(setPipeId[961]):nodeType(0), id(10)
10-24 21:48:30.991 3126 28066 D ExynosCameraBufferManager: [CAM_ID(1)][PREVIEW_CB_BUF]-DEBUG(deinit[116]):IN..
10-24 21:48:30.991 3126 5084 D ExynosCameraMCPipe: [CAM_ID(1)][]-DEBUG(setPipeName[984])
10-24 21:48:30.991 3126 28066 I ExynosCameraBufferManager: [CAM_ID(1)][PREVIEW_CB_BUF]-INFO(deinit[119]:OUT.. Buffer is not allocated
10-24 21:48:30.991 3126 28066 D ExynosCameraBufferManager: [CAM_ID(1)][HIGH_RESOLUTION_CB_BUF]-DEBUG(deinit[116]):IN..
10-24 21:48:30.991 3126 28066 I ExynosCameraBufferManager: [CAM_ID(1)][HIGH_RESOLUTION_CB_BUF]-INFO(deinit[119]:OUT.. Buffer is not allocated
10-24 21:48:30.991 3126 5084 D ExynosCameraPipeFlite: [CAM_ID(1)][PIPE_FLITE]-DEBUG(create[38])
10-24 21:48:30.991 3126 28066 I ExynosCamera: [CAM_ID(1)][]-INFO(setPreviewWindow[1491])
10-24 21:48:30.991 3126 5084 D ExynosCameraPipeFlite: [CAM_ID(1)]-DEBUG(m_createNode[92]): new g_node[1]
10-24 21:48:30.991 3126 28066 I ExynosCamera: [CAM_ID(1)][]-INFO(previewEnabled[2824]):m_previewEnabled=0
10-24 21:48:30.991 3126 28066 D ExynosCamera: [CAM_ID(1)][]-DEBUG(setPreviewWindow[1521]): scp buffer manager need recreate
10-24 21:48:30.991 3126 28066 D ExynosCameraBufferManager: [CAM_ID(1)][SCP_BUF]-DEBUG(deinit[116]):IN..
10-24 21:48:30.991 3126 28066 I ExynosCameraBufferManager: [CAM_ID(1)][SCP_BUF]-INFO(deinit[119]:OUT.. Buffer is not allocated
10-24 21:48:30.991 3126 28066 D ExynosCameraBufferManager: [CAM_ID(1)][SCP_BUF]-DEBUG(deinit[116]):IN..
10-24 21:48:30.991 3126 28066 I ExynosCameraBufferManager: [CAM_ID(1)][SCP_BUF]-INFO(deinit[119]:OUT.. Buffer is not allocated
10-24 21:48:30.991 3126 28066 D ExynosCameraBufferManager: [CAM_ID(1)][SCP_BUF]-DEBUG(deinit[116]):IN..
10-24 21:48:30.991 3126 28066 I ExynosCameraBufferManager: [CAM_ID(1)][SCP_BUF]-INFO(deinit[119]:OUT.. Buffer is not allocated
10-24 21:48:30.991 3126 28066 W ExynosCamera: [CAM_ID(1)][]-WARN(setPreviewWindow[1530]):window NULL, create internal buffer for preview
10-24 21:48:30.991 3126 28066 I ExynosCamera: [CAM_ID(1)][]-(m_setBuffers):HW Preview width x height = 480x270
10-24 21:48:31.001 3126 28066 I ExynosCamera: [CAM_ID(1)][]-(m_setBuffers):HW Picture width x height = 2592x1950
10-24 21:48:31.001 3126 28066 I ExynosCamera: [CAM_ID(1)][]-(m_setBuffers):Picture MAX width x height = 2592x1950
10-24 21:48:31.001 3126 28066 I ExynosCamera: [CAM_ID(1)][]-(m_setBuffers):Sensor MAX width x height = 2608x1960
10-24 21:48:31.001 3126 28066 I ExynosCamera: [CAM_ID(1)][]-(m_setBuffers):Preview MAX width x height = 2560x1920
10-24 21:48:31.001 3126 28066 I ExynosCameraBufferManager: INFO(setContigBufCount[304]):reservedMemoryCount(8)
10-24 21:48:31.001 3126 28066 I ExynosCamera: [CAM_ID(1)][]-INFO(m_allocBuffers[16465]):setInfo(planeCount=2, minBufCount=6, maxBufCount=6, type=2, allocMode=1)
10-24 21:48:31.001 3126 28066 I ExynosCameraBufferManager: [CAM_ID(1)][BAYER_BUF]-INFO(m_defaultAlloc[881]):bufIndex(0) < reservedMaxCount(8) , m_reservedMemoryCount(8), non-cached
10-24 21:48:31.001 3126 28066 D ExynosCameraBufferManager: [CAM_ID(1)][BAYER_BUF]-DEBUG(m_defaultAlloc[957]):duration time( 0 msec):(type=2, bufIndex=0, size=8184960)
10-24 21:48:31.001 3126 28066 I ExynosCameraBufferManager: [CAM_ID(1)][BAYER_BUF]-INFO(m_defaultAlloc[881]):bufIndex(1) < reservedMaxCount(8) , m_reservedMemoryCount(8), non-cached
10-24 21:48:31.001 3126 28066 D ExynosCameraBufferManager: [CAM_ID(1)][BAYER_BUF]-DEBUG(m_defaultAlloc[957]):duration time( 0 msec):(type=2, bufIndex=1, size=8184960)
10-24 21:48:31.001 3126 28066 I ExynosCameraBufferManager: [CAM_ID(1)][BAYER_BUF]-INFO(m_defaultAlloc[881]):bufIndex(2) < reservedMaxCount(8) , m_reservedMemoryCount(8), non-cached
10-24 21:48:31.001 3126 28066 D ExynosCameraBufferManager: [CAM_ID(1)][BAYER_BUF]-DEBUG(m_defaultAlloc[957]):duration time( 0 msec):(type=2, bufIndex=2, size=8184960)
10-24 21:48:31.001 3126 28066 I ExynosCameraBufferManager: [CAM_ID(1)][BAYER_BUF]-INFO(m_defaultAlloc[881]):bufIndex(3) < reservedMaxCount(8) , m_reservedMemoryCount(8), non-cached
10-24 21:48:31.001 3126 28066 D ExynosCameraBufferManager: [CAM_ID(1)][BAYER_BUF]-DEBUG(m_defaultAlloc[957]):duration time( 0 msec):(type=2, bufIndex=3, size=8184960)
10-24 21:48:31.001 3126 28066 I ExynosCameraBufferManager: [CAM_ID(1)][BAYER_BUF]-INFO(m_defaultAlloc[881]):bufIndex(4) < reservedMaxCount(8) , m_reservedMemoryCount(8), non-cached
10-24 21:48:31.001 3126 28066 D ExynosCameraBufferManager: [CAM_ID(1)][BAYER_BUF]-DEBUG(m_defaultAlloc[957]):duration time( 0 msec):(type=2, bufIndex=4, size=8184960)
10-24 21:48:31.001 3126 28066 I ExynosCameraBufferManager: [CAM_ID(1)][BAYER_BUF]-INFO(m_defaultAlloc[881]):bufIndex(5) < reservedMaxCount(8) , m_reservedMemoryCount(8), non-cached
10-24 21:48:31.001 3126 28066 D ExynosCameraBufferManager: [CAM_ID(1)][BAYER_BUF]-DEBUG(m_defaultAlloc[957]):duration time( 0 msec):(type=2, bufIndex=5, size=8184960)
10-24 21:48:31.001 3126 28066 D ExynosCameraBufferManager: [CAM_ID(1)][BAYER_BUF]-DEBUG(m_defaultAlloc[977]):Duration time of buffer allocation( 0 msec)
10-24 21:48:31.001 3126 5084 D ExynosCameraNode: [CAM_ID(1)][FLITE]-DEBUG(open[251]): Node(101)(/dev/video101) opened. m_fd(59)
10-24 21:48:31.001 3126 5084 D ExynosCameraPipeFlite: [CAM_ID(1)]-DEBUG(m_createNode[113]):Node(101) opened
10-24 21:48:31.001 3126 5084 D ExynosCameraPipe: [CAM_ID(1)][PIPE_FLITE]-DEBUG(m_setInput[1390]): setInput(sensorIds : 21)
10-24 21:48:31.001 3126 28066 D ExynosCameraBufferManager: [CAM_ID(1)][BAYER_BUF]-DEBUG(m_defaultAlloc[977]):Duration time of buffer allocation( 0 msec)
10-24 21:48:31.001 3126 28066 D ExynosCameraBufferManager: [CAM_ID(1)][BAYER_BUF]-DEBUG(alloc[225]):Allocate the buffer succeeded (m_allocatedBufCount=6, m_reqBufCount=6, m_allowedMaxBufCount=6) --- dumpBufferInfo ---
10-24 21:48:31.001 3126 28066 I ExynosCameraBufferManager: [CAM_ID(1)][BAYER_BUF]-INFO(dumpBufferInfo[1244]):[m_buffer[0].fd[0]=60] .addr=0x0 .size=8184960 .position=0 .permission=1]
10-24 21:48:31.001 3126 28066 I ExynosCameraBufferManager: [CAM_ID(1)][BAYER_BUF]-INFO(dumpBufferInfo[1244]):[m_buffer[0].fd[1]=66] .addr=0xed004000 .size=32768 .position=0 .permission=1]
10-24 21:48:31.001 3126 28066 I ExynosCameraBufferManager: [CAM_ID(1)][BAYER_BUF]-INFO(dumpBufferInfo[1244]):[m_buffer[1].fd[0]=61] .addr=0x0 .size=8184960 .position=0 .permission=1]
10-24 21:48:31.001 3126 5084 I ExynosCameraPipeFlite: [CAM_ID(1)][PIPE_FLITE]-INFO(create[87]):create() is succeed (0) prepare (3)
10-24 21:48:31.001 3126 28066 I ExynosCameraBufferManager: [CAM_ID(1)][BAYER_BUF]-INFO(dumpBufferInfo[1244]):[m_buffer[1].fd[1]=67] .addr=0xecf9e000 .size=32768 .position=0 .permission=1]
10-24 21:48:31.001 3126 5084 D ExynosCameraFrameFactoryPreview: [CAM_ID(1)][ExynosCameraFrameFactory3aaIspTpu]-DEBUG(precreate):Pipe(0) created
10-24 21:48:31.001 3126 28066 I ExynosCameraBufferManager: [CAM_ID(1)][BAYER_BUF]-INFO(dumpBufferInfo[1244]):[m_buffer[2].fd[0]=62] .addr=0x0 .size=8184960 .position=0 .permission=1]
10-24 21:48:31.001 3126 5084 D ExynosCameraMCPipe: [CAM_ID(1)][PIPE_ISP]-DEBUG(precreate[54])
10-24 21:48:31.001 3126 5084 D ExynosCameraMCPipe: [CAM_ID(1)][PIPE_ISP]-DEBUG(m_preCreate[1209])
10-24 21:48:31.001 3126 28066 I ExynosCameraBufferManager: [CAM_ID(1)][BAYER_BUF]-INFO(dumpBufferInfo[1244]):[m_buffer[2].fd[1]=68] .addr=0xecf43000 .size=32768 .position=0 .permission=1]
10-24 21:48:31.001 3126 28066 I ExynosCameraBufferManager: [CAM_ID(1)][BAYER_BUF]-INFO(dumpBufferInfo[1244]):[m_buffer[3].fd[0]=63] .addr=0x0 .size=8184960 .position=0 .permission=1]
10-24 21:48:31.001 3126 28066 I ExynosCameraBufferManager: [CAM_ID(1)][BAYER_BUF]-INFO(dumpBufferInfo[1244]):[m_buffer[3].fd[1]=69] .addr=0xebd3a000 .size=32768 .position=0 .permission=1]
10-24 21:48:31.001 3126 28066 I ExynosCameraBufferManager: [CAM_ID(1)][BAYER_BUF]-INFO(dumpBufferInfo[1244]):[m_buffer[4].fd[0]=64] .addr=0x0 .size=8184960 .position=0 .permission=1]
10-24 21:48:31.001 3126 28066 I ExynosCameraBufferManager: [CAM_ID(1)][BAYER_BUF]-INFO(dumpBufferInfo[1244]):[m_buffer[4].fd[1]=70] .addr=0xebd32000 .size=32768 .position=0 .permission=1]
10-24 21:48:31.001 3126 28066 I ExynosCameraBufferManager: [CAM_ID(1)][BAYER_BUF]-INFO(dumpBufferInfo[1244]):[m_buffer[5].fd[0]=65] .addr=0x0 .size=8184960 .position=0 .permission=1]
10-24 21:48:31.001 3126 28066 I ExynosCameraBufferManager: [CAM_ID(1)][BAYER_BUF]-INFO(dumpBufferInfo[1244]):[m_buffer[5].fd[1]=71] .addr=0xebd2a000 .size=32768 .position=0 .permission=1]
10-24 21:48:31.001 3126 28066 D ExynosCameraBufferManager: [CAM_ID(1)][BAYER_BUF]-DEBUG(alloc[228]):------------------------------------------------------------------
10-24 21:48:31.001 3126 28066 D ExynosCameraPipeJpeg: DEBUG:duration time( 2 msec):(alloc)
10-24 21:48:31.001 3126 28066 I ExynosCamera: [CAM_ID(1)][]-INFO(m_allocBuffers[16465]):setInfo(planeCount=2, minBufCount=6, maxBufCount=6, type=0, allocMode=0)
10-24 21:48:31.001 3126 28066 D ExynosCameraBufferManager: [CAM_ID(1)][3A1_BUF]-DEBUG(m_defaultAlloc[957]):duration time( 0 msec):(type=0, bufIndex=0, size=4096)
10-24 21:48:31.001 3126 28066 D ExynosCameraBufferManager: [CAM_ID(1)][3A1_BUF]-DEBUG(m_defaultAlloc[957]):duration time( 1 msec):(type=0, bufIndex=1, size=4096)
10-24 21:48:31.001 3126 28066 D ExynosCameraBufferManager: [CAM_ID(1)][3A1_BUF]-DEBUG(m_defaultAlloc[957]):duration time( 0 msec):(type=0, bufIndex=2, size=4096)
10-24 21:48:31.001 3126 28066 D ExynosCameraBufferManager: [CAM_ID(1)][3A1_BUF]-DEBUG(m_defaultAlloc[957]):duration time( 0 msec):(type=0, bufIndex=3, size=4096)
10-24 21:48:31.001 3126 28066 D ExynosCameraBufferManager: [CAM_ID(1)][3A1_BUF]-DEBUG(m_defaultAlloc[957]):duration time( 0 msec):(type=0, bufIndex=4, size=4096)
10-24 21:48:31.001 3126 28066 D ExynosCameraBufferManager: [CAM_ID(1)][3A1_BUF]-DEBUG(m_defaultAlloc[957]):duration time( 0 msec):(type=0, bufIndex=5, size=4096)
10-24 21:48:31.001 3126 28066 D ExynosCameraBufferManager: [CAM_ID(1)][3A1_BUF]-DEBUG(m_defaultAlloc[977]):Duration time of buffer allocation( 1 msec)
10-24 21:48:31.001 3126 28066 D ExynosCameraBufferManager: [CAM_ID(1)][3A1_BUF]-DEBUG(m_defaultAlloc[977]):Duration time of buffer allocation( 0 msec)
10-24 21:48:31.001 3126 5084 D ExynosCameraNode: [CAM_ID(1)][ISP_OUTPUT]-DEBUG(open[251]): Node(130)(/dev/video130) opened. m_fd(72)
10-24 21:48:31.001 3126 28066 D ExynosCameraBufferManager: [CAM_ID(1)][3A1_BUF]-DEBUG(alloc[225]):Allocate the buffer succeeded (m_allocatedBufCount=6, m_reqBufCount=6, m_allowedMaxBufCount=6) --- dumpBufferInfo ---
10-24 21:48:31.001 3126 28066 I ExynosCameraBufferManager: [CAM_ID(1)][3A1_BUF]-INFO(dumpBufferInfo[1244]):[m_buffer[0].fd[0]=73] .addr=0x0 .size=4096 .position=0 .permission=1]
10-24 21:48:31.001 3126 28066 I ExynosCameraBufferManager: [CAM_ID(1)][3A1_BUF]-INFO(dumpBufferInfo[1244]):[m_buffer[0].fd[1]=79] .addr=0xebd22000 .size=32768 .position=0 .permission=1]
10-24 21:48:31.001 3126 28066 I ExynosCameraBufferManager: [CAM_ID(1)][3A1_BUF]-INFO(dumpBufferInfo[1244]):[m_buffer[1].fd[0]=74] .addr=0x0 .size=4096 .position=0 .permission=1]
10-24 21:48:31.001 3126 28066 I ExynosCameraBufferManager: [CAM_ID(1)][3A1_BUF]-INFO(dumpBufferInfo[1244]):[m_buffer[1].fd[1]=80] .addr=0xebd1a000 .size=32768 .position=0 .permission=1]
10-24 21:48:31.001 3126 5084 D ExynosCameraNode: [CAM_ID(1)][SCP_PREVIEW]-DEBUG(open[251]): Node(152)(/dev/video152) opened. m_fd(85)
10-24 21:48:31.001 3126 28066 I ExynosCameraBufferManager: [CAM_ID(1)][3A1_BUF]-INFO(dumpBufferInfo[1244]):[m_buffer[2].fd[0]=75] .addr=0x0 .size=4096 .position=0 .permission=1]
10-24 21:48:31.001 3126 28066 I ExynosCameraBufferManager: [CAM_ID(1)][3A1_BUF]-INFO(dumpBufferInfo[1244]):[m_buffer[2].fd[1]=81] .addr=0xebd12000 .size=32768 .position=0 .permission=1]
10-24 21:48:31.001 3126 5084 D ExynosCameraNode: [CAM_ID(1)][ISP_PREVIEW]-DEBUG(open[251]): Node(132)(/dev/video132) opened. m_fd(86)
10-24 21:48:31.001 3126 5084 D ExynosCameraMCPipe: [CAM_ID(1)][PIPE_ISP]-DEBUG(m_preCreate[1275]):Node(ISP_PREVIEW) opened
10-24 21:48:31.001 3126 28066 I ExynosCameraBufferManager: [CAM_ID(1)][3A1_BUF]-INFO(dumpBufferInfo[1244]):[m_buffer[3].fd[0]=76] .addr=0x0 .size=4096 .position=0 .permission=1]
10-24 21:48:31.001 3126 28066 I ExynosCameraBufferManager: [CAM_ID(1)][3A1_BUF]-INFO(dumpBufferInfo[1244]):[m_buffer[3].fd[1]=82] .addr=0xebd0a000 .size=32768 .position=0 .permission=1]
10-24 21:48:31.001 3126 5084 I ExynosCameraMCPipe: [CAM_ID(1)][PIPE_ISP]-INFO(m_preCreate[1295]):m_preCreate() is succeed, Pipe(4), prepare(0)
10-24 21:48:31.001 3126 5084 D ExynosCameraFrameFactoryPreview: [CAM_ID(1)][ExynosCameraFrameFactory3aaIspTpu]-DEBUG(precreate):Pipe(4) created
10-24 21:48:31.001 3126 28066 I ExynosCameraBufferManager: [CAM_ID(1)][3A1_BUF]-INFO(dumpBufferInfo[1244]):[m_buffer[4].fd[0]=77] .addr=0x0 .size=4096 .position=0 .permission=1]
10-24 21:48:31.001 3126 5084 D ExynosCameraMCPipe: [CAM_ID(1)][PIPE_3AA]-DEBUG(precreate[54])
10-24 21:48:31.001 3126 5084 D ExynosCameraMCPipe: [CAM_ID(1)][PIPE_3AA]-DEBUG(m_preCreate[1209])
10-24 21:48:31.001 3126 28066 I ExynosCameraBufferManager: [CAM_ID(1)][3A1_BUF]-INFO(dumpBufferInfo[1244]):[m_buffer[4].fd[1]=83] .addr=0xebd02000 .size=32768 .position=0 .permission=1]
