10-24 22:02:15.311 4521 21036 D ViewSystem: updateTemporaryMetaData() has done.
10-24 22:02:15.311 4521 4521 V LauncherAppWidgetHostView: calculateWidgetSize: (target widgetsize) using w/h 1359 712 span 5 2 (widgetid 3) [current Gridsize : GRID_5x5]
10-24 22:02:15.311 4521 4521 D LauncherAppWidgetHostView: calculateWidgetSize() widget = T-Mobile TV(widget id = 3) result hostview size = 1771 x 927
10-24 22:02:15.311 4521 4521 D LauncherAppWidgetHostView: setResizeScaleResult() 1771/ 927 scaleToResize = 0.7673631(widget id = 3)
10-24 22:02:15.331 4521 4521 V LauncherAppWidgetHostView: calculateWidgetSize: (target widgetsize) using w/h 1359 712 span 5 2 (widgetid 3) [current Gridsize : GRID_5x5]
10-24 22:02:15.331 4521 4521 D LauncherAppWidgetHostView: calculateWidgetSize() widget = T-Mobile TV(widget id = 3) result hostview size = 1771 x 927
10-24 22:02:15.331 4521 4521 D LauncherAppWidgetHostView: setResizeScaleResult() 1771/ 927 scaleToResize = 0.7673631(widget id = 3)
10-24 22:02:15.341 4521 21036 D ViewSystem: updateRemoteViews(5) has done.
10-24 22:02:15.361 4521 4521 V LauncherAppWidgetHostView: calculateWidgetSize: (target widgetsize) using w/h 1359 712 span 5 2 (widgetid 3) [current Gridsize : GRID_5x5]
10-24 22:02:15.361 4521 4521 D LauncherAppWidgetHostView: calculateWidgetSize() widget = T-Mobile TV(widget id = 3) result hostview size = 1771 x 927
10-24 22:02:15.361 4521 4521 D LauncherAppWidgetHostView: setResizeScaleResult() 1771/ 927 scaleToResize = 0.7673631(widget id = 3)
10-24 22:02:20.871 3520 3520 I Tethering: BATTERY_CHANGED, level = 99lowBatteryThreshold = 15
10-24 22:02:20.881 4130 4130 D KeyguardUpdateMonitor: received broadcast android.intent.action.BATTERY_CHANGED
10-24 22:02:20.881 4130 4130 D KeyguardUpdateMonitor: handleBatteryUpdate
10-24 22:02:20.901 4590 4590 D BatteryMonitor: new battery level: 99
10-24 22:02:21.271 4521 4521 V LauncherAppWidgetHostView: calculateWidgetSize: (target widgetsize) using w/h 1359 712 span 5 2 (widgetid 3) [current Gridsize : GRID_5x5]
10-24 22:02:21.271 4521 4521 D LauncherAppWidgetHostView: calculateWidgetSize() widget = T-Mobile TV(widget id = 3) result hostview size = 1771 x 927
10-24 22:02:21.271 4521 4521 D LauncherAppWidgetHostView: setResizeScaleResult() 1771/ 927 scaleToResize = 0.7673631(widget id = 3)
10-24 22:02:21.291 4521 21036 D ViewSystem: updateTemporaryMetaData() has done.
10-24 22:02:21.291 4521 4521 V LauncherAppWidgetHostView: calculateWidgetSize: (target widgetsize) using w/h 1359 712 span 5 2 (widgetid 3) [current Gridsize : GRID_5x5]
10-24 22:02:21.291 4521 4521 D LauncherAppWidgetHostView: calculateWidgetSize() widget = T-Mobile TV(widget id = 3) result hostview size = 1771 x 927
10-24 22:02:21.291 4521 4521 D LauncherAppWidgetHostView: setResizeScaleResult() 1771/ 927 scaleToResize = 0.7673631(widget id = 3)
10-24 22:02:21.311 4521 4521 V LauncherAppWidgetHostView: calculateWidgetSize: (target widgetsize) using w/h 1359 712 span 5 2 (widgetid 3) [current Gridsize : GRID_5x5]
10-24 22:02:21.311 4521 4521 D LauncherAppWidgetHostView: calculateWidgetSize() widget = T-Mobile TV(widget id = 3) result hostview size = 1771 x 927
10-24 22:02:21.311 4521 4521 D LauncherAppWidgetHostView: setResizeScaleResult() 1771/ 927 scaleToResize = 0.7673631(widget id = 3)
10-24 22:02:21.321 4521 21036 D ViewSystem: updateRemoteViews(0) has done.
10-24 22:02:21.341 4521 4521 V LauncherAppWidgetHostView: calculateWidgetSize: (target widgetsize) using w/h 1359 712 span 5 2 (widgetid 3) [current Gridsize : GRID_5x5]
10-24 22:02:21.341 4521 4521 D LauncherAppWidgetHostView: calculateWidgetSize() widget = T-Mobile TV(widget id = 3) result hostview size = 1771 x 927
10-24 22:02:21.341 4521 4521 D LauncherAppWidgetHostView: setResizeScaleResult() 1771/ 927 scaleToResize = 0.7673631(widget id = 3)
10-24 22:02:27.291 4521 4521 V LauncherAppWidgetHostView: calculateWidgetSize: (target widgetsize) using w/h 1359 712 span 5 2 (widgetid 3) [current Gridsize : GRID_5x5]
10-24 22:02:27.291 4521 4521 D LauncherAppWidgetHostView: calculateWidgetSize() widget = T-Mobile TV(widget id = 3) result hostview size = 1771 x 927
10-24 22:02:27.291 4521 4521 D LauncherAppWidgetHostView: setResizeScaleResult() 1771/ 927 scaleToResize = 0.7673631(widget id = 3)
10-24 22:02:27.311 4521 21036 D ViewSystem: updateTemporaryMetaData() has done.
10-24 22:02:27.321 4521 4521 V LauncherAppWidgetHostView: calculateWidgetSize: (target widgetsize) using w/h 1359 712 span 5 2 (widgetid 3) [current Gridsize : GRID_5x5]
10-24 22:02:27.321 4521 4521 D LauncherAppWidgetHostView: calculateWidgetSize() widget = T-Mobile TV(widget id = 3) result hostview size = 1771 x 927
10-24 22:02:27.321 4521 4521 D LauncherAppWidgetHostView: setResizeScaleResult() 1771/ 927 scaleToResize = 0.7673631(widget id = 3)
10-24 22:02:27.331 4521 4521 V LauncherAppWidgetHostView: calculateWidgetSize: (target widgetsize) using w/h 1359 712 span 5 2 (widgetid 3) [current Gridsize : GRID_5x5]
10-24 22:02:27.331 4521 4521 D LauncherAppWidgetHostView: calculateWidgetSize() widget = T-Mobile TV(widget id = 3) result hostview size = 1771 x 927
10-24 22:02:27.331 4521 4521 D LauncherAppWidgetHostView: setResizeScaleResult() 1771/ 927 scaleToResize = 0.7673631(widget id = 3)
10-24 22:02:27.351 4521 21036 D ViewSystem: updateRemoteViews(1) has done.
10-24 22:02:27.361 4521 4521 V LauncherAppWidgetHostView: calculateWidgetSize: (target widgetsize) using w/h 1359 712 span 5 2 (widgetid 3) [current Gridsize : GRID_5x5]
10-24 22:02:27.361 4521 4521 D LauncherAppWidgetHostView: calculateWidgetSize() widget = T-Mobile TV(widget id = 3) result hostview size = 1771 x 927
10-24 22:02:27.361 4521 4521 D LauncherAppWidgetHostView: setResizeScaleResult() 1771/ 927 scaleToResize = 0.7673631(widget id = 3)
10-24 22:02:30.941 3520 3520 I Tethering: BATTERY_CHANGED, level = 99lowBatteryThreshold = 15
10-24 22:02:30.951 4130 4130 D KeyguardUpdateMonitor: received broadcast android.intent.action.BATTERY_CHANGED
10-24 22:02:30.951 4130 4130 D KeyguardUpdateMonitor: handleBatteryUpdate
10-24 22:02:30.971 4590 4590 D BatteryMonitor: new battery level: 99
10-24 22:02:33.271 4521 4521 V LauncherAppWidgetHostView: calculateWidgetSize: (target widgetsize) using w/h 1359 712 span 5 2 (widgetid 3) [current Gridsize : GRID_5x5]
10-24 22:02:33.271 4521 4521 D LauncherAppWidgetHostView: calculateWidgetSize() widget = T-Mobile TV(widget id = 3) result hostview size = 1771 x 927
10-24 22:02:33.271 4521 4521 D LauncherAppWidgetHostView: setResizeScaleResult() 1771/ 927 scaleToResize = 0.7673631(widget id = 3)
10-24 22:02:33.291 4521 21036 D ViewSystem: updateTemporaryMetaData() has done.
10-24 22:02:33.301 4521 4521 V LauncherAppWidgetHostView: calculateWidgetSize: (target widgetsize) using w/h 1359 712 span 5 2 (widgetid 3) [current Gridsize : GRID_5x5]
10-24 22:02:33.301 4521 4521 D LauncherAppWidgetHostView: calculateWidgetSize() widget = T-Mobile TV(widget id = 3) result hostview size = 1771 x 927
10-24 22:02:33.301 4521 4521 D LauncherAppWidgetHostView: setResizeScaleResult() 1771/ 927 scaleToResize = 0.7673631(widget id = 3)
10-24 22:02:33.321 4521 4521 V LauncherAppWidgetHostView: calculateWidgetSize: (target widgetsize) using w/h 1359 712 span 5 2 (widgetid 3) [current Gridsize : GRID_5x5]
10-24 22:02:33.321 4521 4521 D LauncherAppWidgetHostView: calculateWidgetSize() widget = T-Mobile TV(widget id = 3) result hostview size = 1771 x 927
10-24 22:02:33.321 4521 4521 D LauncherAppWidgetHostView: setResizeScaleResult() 1771/ 927 scaleToResize = 0.7673631(widget id = 3)
10-24 22:02:33.331 4521 21036 D ViewSystem: updateRemoteViews(2) has done.
10-24 22:02:33.341 4521 4521 V LauncherAppWidgetHostView: calculateWidgetSize: (target widgetsize) using w/h 1359 712 span 5 2 (widgetid 3) [current Gridsize : GRID_5x5]
10-24 22:02:33.341 4521 4521 D LauncherAppWidgetHostView: calculateWidgetSize() widget = T-Mobile TV(widget id = 3) result hostview size = 1771 x 927
10-24 22:02:33.341 4521 4521 D LauncherAppWidgetHostView: setResizeScaleResult() 1771/ 927 scaleToResize = 0.7673631(widget id = 3)
10-24 22:02:39.281 4521 4521 V LauncherAppWidgetHostView: calculateWidgetSize: (target widgetsize) using w/h 1359 712 span 5 2 (widgetid 3) [current Gridsize : GRID_5x5]
10-24 22:02:39.291 4521 4521 D LauncherAppWidgetHostView: calculateWidgetSize() widget = T-Mobile TV(widget id = 3) result hostview size = 1771 x 927
10-24 22:02:39.291 4521 4521 D LauncherAppWidgetHostView: setResizeScaleResult() 1771/ 927 scaleToResize = 0.7673631(widget id = 3)
10-24 22:02:39.561 4574 4612 D ContactsProvider_EventLog: contents_sample_state: [ contacts(4) data(27) accounts({com.google (2)=4}) accounts deleted({}) calls([]) ]
10-24 22:02:39.561 4574 4612 D ContactsProvider_EventLog: contents_sample_state: [ agr({[2]=4}) ]
10-24 22:02:39.801 4574 4612 E ContactsProvider_EventLog: Flush buffer to file cnt : 9 size : 2Kb duration : 236ms lastUpdatedAfter : 180573ms
10-24 22:02:41.001 3520 3520 I Tethering: BATTERY_CHANGED, level = 99lowBatteryThreshold = 15
10-24 22:02:41.001 4130 4130 D KeyguardUpdateMonitor: received broadcast android.intent.action.BATTERY_CHANGED
10-24 22:02:41.011 4130 4130 D KeyguardUpdateMonitor: handleBatteryUpdate
10-24 22:02:41.021 4590 4590 D BatteryMonitor: new battery level: 99
10-24 22:02:45.291 4521 4521 V LauncherAppWidgetHostView: calculateWidgetSize: (target widgetsize) using w/h 1359 712 span 5 2 (widgetid 3) [current Gridsize : GRID_5x5]
10-24 22:02:45.291 4521 4521 D LauncherAppWidgetHostView: calculateWidgetSize() widget = T-Mobile TV(widget id = 3) result hostview size = 1771 x 927
10-24 22:02:45.291 4521 4521 D LauncherAppWidgetHostView: setResizeScaleResult() 1771/ 927 scaleToResize = 0.7673631(widget id = 3)
10-24 22:02:45.311 4521 21036 D ViewSystem: updateTemporaryMetaData() has done.
10-24 22:02:45.321 4521 4521 V LauncherAppWidgetHostView: calculateWidgetSize: (target widgetsize) using w/h 1359 712 span 5 2 (widgetid 3) [current Gridsize : GRID_5x5]
10-24 22:02:45.321 4521 4521 D LauncherAppWidgetHostView: calculateWidgetSize() widget = T-Mobile TV(widget id = 3) result hostview size = 1771 x 927
10-24 22:02:45.321 4521 4521 D LauncherAppWidgetHostView: setResizeScaleResult() 1771/ 927 scaleToResize = 0.7673631(widget id = 3)
10-24 22:02:45.341 4521 4521 V LauncherAppWidgetHostView: calculateWidgetSize: (target widgetsize) using w/h 1359 712 span 5 2 (widgetid 3) [current Gridsize : GRID_5x5]
10-24 22:02:45.341 4521 4521 D LauncherAppWidgetHostView: calculateWidgetSize() widget = T-Mobile TV(widget id = 3) result hostview size = 1771 x 927
10-24 22:02:45.341 4521 4521 D LauncherAppWidgetHostView: setResizeScaleResult() 1771/ 927 scaleToResize = 0.7673631(widget id = 3)
10-24 22:02:45.351 4521 21036 D ViewSystem: updateRemoteViews(4) has done.
10-24 22:02:45.361 4521 4521 V LauncherAppWidgetHostView: calculateWidgetSize: (target widgetsize) using w/h 1359 712 span 5 2 (widgetid 3) [current Gridsize : GRID_5x5]
10-24 22:02:45.361 4521 4521 D LauncherAppWidgetHostView: calculateWidgetSize() widget = T-Mobile TV(widget id = 3) result hostview size = 1771 x 927
10-24 22:02:45.371 4521 4521 D LauncherAppWidgetHostView: setResizeScaleResult() 1771/ 927 scaleToResize = 0.7673631(widget id = 3)
10-24 22:02:51.071 3520 3520 I Tethering: BATTERY_CHANGED, level = 99lowBatteryThreshold = 15
10-24 22:02:51.081 4130 4130 D KeyguardUpdateMonitor: received broadcast android.intent.action.BATTERY_CHANGED
10-24 22:02:51.081 4130 4130 D KeyguardUpdateMonitor: handleBatteryUpdate
10-24 22:02:51.101 4590 4590 D BatteryMonitor: new battery level: 99
10-24 22:02:51.301 4521 4521 V LauncherAppWidgetHostView: calculateWidgetSize: (target widgetsize) using w/h 1359 712 span 5 2 (widgetid 3) [current Gridsize : GRID_5x5]
10-24 22:02:51.301 4521 4521 D LauncherAppWidgetHostView: calculateWidgetSize() widget = T-Mobile TV(widget id = 3) result hostview size = 1771 x 927
10-24 22:02:51.301 4521 4521 D LauncherAppWidgetHostView: setResizeScaleResult() 1771/ 927 scaleToResize = 0.7673631(widget id = 3)
10-24 22:02:51.321 4521 21036 D ViewSystem: updateTemporaryMetaData() has done.
10-24 22:02:51.331 4521 4521 V LauncherAppWidgetHostView: calculateWidgetSize: (target widgetsize) using w/h 1359 712 span 5 2 (widgetid 3) [current Gridsize : GRID_5x5]
10-24 22:02:51.331 4521 4521 D LauncherAppWidgetHostView: calculateWidgetSize() widget = T-Mobile TV(widget id = 3) result hostview size = 1771 x 927
10-24 22:02:51.331 4521 4521 D LauncherAppWidgetHostView: setResizeScaleResult() 1771/ 927 scaleToResize = 0.7673631(widget id = 3)
10-24 22:02:51.351 4521 4521 V LauncherAppWidgetHostView: calculateWidgetSize: (target widgetsize) using w/h 1359 712 span 5 2 (widgetid 3) [current Gridsize : GRID_5x5]
10-24 22:02:51.351 4521 4521 D LauncherAppWidgetHostView: calculateWidgetSize() widget = T-Mobile TV(widget id = 3) result hostview size = 1771 x 927
10-24 22:02:51.351 4521 4521 D LauncherAppWidgetHostView: setResizeScaleResult() 1771/ 927 scaleToResize = 0.7673631(widget id = 3)
10-24 22:02:51.361 4521 21036 D ViewSystem: updateRemoteViews(5) has done.
10-24 22:02:51.391 4521 4521 V LauncherAppWidgetHostView: calculateWidgetSize: (target widgetsize) using w/h 1359 712 span 5 2 (widgetid 3) [current Gridsize : GRID_5x5]
10-24 22:02:51.391 4521 4521 D LauncherAppWidgetHostView: calculateWidgetSize() widget = T-Mobile TV(widget id = 3) result hostview size = 1771 x 927
10-24 22:02:51.391 4521 4521 D LauncherAppWidgetHostView: setResizeScaleResult() 1771/ 927 scaleToResize = 0.7673631(widget id = 3)
10-24 22:02:57.301 4521 4521 V LauncherAppWidgetHostView: calculateWidgetSize: (target widgetsize) using w/h 1359 712 span 5 2 (widgetid 3) [current Gridsize : GRID_5x5]
10-24 22:02:57.301 4521 4521 D LauncherAppWidgetHostView: calculateWidgetSize() widget = T-Mobile TV(widget id = 3) result hostview size = 1771 x 927
10-24 22:02:57.301 4521 4521 D LauncherAppWidgetHostView: setResizeScaleResult() 1771/ 927 scaleToResize = 0.7673631(widget id = 3)
10-24 22:02:57.321 4521 21036 D ViewSystem: updateTemporaryMetaData() has done.
10-24 22:02:57.321 4521 4521 V LauncherAppWidgetHostView: calculateWidgetSize: (target widgetsize) using w/h 1359 712 span 5 2 (widgetid 3) [current Gridsize : GRID_5x5]
10-24 22:02:57.321 4521 4521 D LauncherAppWidgetHostView: calculateWidgetSize() widget = T-Mobile TV(widget id = 3) result hostview size = 1771 x 927
10-24 22:02:57.321 4521 4521 D LauncherAppWidgetHostView: setResizeScaleResult() 1771/ 927 scaleToResize = 0.7673631(widget id = 3)
10-24 22:02:57.341 4521 4521 V LauncherAppWidgetHostView: calculateWidgetSize: (target widgetsize) using w/h 1359 712 span 5 2 (widgetid 3) [current Gridsize : GRID_5x5]
10-24 22:02:57.341 4521 4521 D LauncherAppWidgetHostView: calculateWidgetSize() widget = T-Mobile TV(widget id = 3) result hostview size = 1771 x 927
10-24 22:02:57.341 4521 4521 D LauncherAppWidgetHostView: setResizeScaleResult() 1771/ 927 scaleToResize = 0.7673631(widget id = 3)
10-24 22:02:57.351 4521 21036 D ViewSystem: updateRemoteViews(0) has done.
10-24 22:02:57.371 4521 4521 V LauncherAppWidgetHostView: calculateWidgetSize: (target widgetsize) using w/h 1359 712 span 5 2 (widgetid 3) [current Gridsize : GRID_5x5]
10-24 22:02:57.371 4521 4521 D LauncherAppWidgetHostView: calculateWidgetSize() widget = T-Mobile TV(widget id = 3) result hostview size = 1771 x 927
10-24 22:02:57.371 4521 4521 D LauncherAppWidgetHostView: setResizeScaleResult() 1771/ 927 scaleToResize = 0.7673631(widget id = 3)
10-24 22:03:00.011 4130 4130 D KeyguardUpdateMonitor: received broadcast android.intent.action.TIME_TICK
10-24 22:03:00.011 4130 4130 D KeyguardUpdateMonitor: handleTimeUpdate
10-24 22:03:00.031 4130 4130 D Clock : received broadcast android.intent.action.TIME_TICK
10-24 22:03:00.081 4130 4130 D DateView: received broadcast android.intent.action.TIME_TICK
10-24 22:03:00.141 4521 4521 V LauncherAppWidgetHostView: calculateWidgetSize: (target widgetsize) using w/h 1359 347 span 5 1 (widgetid 6) [current Gridsize : GRID_5x5]
10-24 22:03:00.141 4521 4521 D LauncherAppWidgetHostView: calculateWidgetSize() widget = Weather and Clock(widget id = 6) result hostview size = 1771 x 452
10-24 22:03:00.141 4521 4521 D LauncherAppWidgetHostView: setResizeScaleResult() 1771/ 452 scaleToResize = 0.7673631(widget id = 6)
10-24 22:03:00.141 4521 4521 V LauncherAppWidgetHostView: calculateWidgetSize: (target widgetsize) using w/h 1359 347 span 5 1 (widgetid 2) [current Gridsize : GRID_5x5]
10-24 22:03:00.141 4521 4521 D LauncherAppWidgetHostView: calculateWidgetSize() widget = Google App(widget id = 2) result hostview size = 1771 x 452
10-24 22:03:00.141 4521 4521 D LauncherAppWidgetHostView: setResizeScaleResult() 1771/ 452 scaleToResize = 0.7673631(widget id = 2)
10-24 22:03:00.161 4521 4521 V LauncherAppWidgetHostView: calculateWidgetSize: (target widgetsize) using w/h 1359 347 span 5 1 (widgetid 6) [current Gridsize : GRID_5x5]
10-24 22:03:00.161 4521 4521 D LauncherAppWidgetHostView: calculateWidgetSize() widget = Weather and Clock(widget id = 6) result hostview size = 1771 x 452
10-24 22:03:00.161 4521 4521 D LauncherAppWidgetHostView: setResizeScaleResult() 1771/ 452 scaleToResize = 0.7673631(widget id = 6)
10-24 22:03:00.161 4521 4521 V LauncherAppWidgetHostView: calculateWidgetSize: (target widgetsize) using w/h 1359 347 span 5 1 (widgetid 2) [current Gridsize : GRID_5x5]
10-24 22:03:00.161 4521 4521 D LauncherAppWidgetHostView: calculateWidgetSize() widget = Google App(widget id = 2) result hostview size = 1771 x 452
10-24 22:03:00.161 4521 4521 D LauncherAppWidgetHostView: setResizeScaleResult() 1771/ 452 scaleToResize = 0.7673631(widget id = 2)
10-24 22:03:00.191 26846 26846 D [WeatherWidget(1177)] WeatherService: {[EC3334F14841398C8B464A72D0E61AB7CD7E766A36D06043166FAD39187431A3E5A9A2F81BDF9068B74904E1B1CB541044E6D58E921E578E1E6FAAF047CA8AFC]}
10-24 22:03:00.191 26846 26846 D [WeatherWidget(1177)] : {[3AE6950019B083611567B0F9442DB03E59646CBA355B4C260B75423E37A3701A]}
10-24 22:03:00.201 26846 26846 D [WeatherWidget(1177)] : {[3AE6950019B083611567B0F9442DB03E0F7D6DF8FAB8AEDDA9C52FD622CBE93BD3B3C821E02768ECE7D54B13E96560EDB802D29C56DFCCD38F937DDED36C9453E14ACC693F7BDF399FD0A06BF2D59F2E62F0159FCF8ED080A2244B7BC466DBEB]}
10-24 22:03:00.201 26846 26846 D [WeatherWidget(1177)] : {[DF00664B5BF2DD508EC3D0ADB8B43C9FB429631765284D8658CE62A4AFFAA963]}
10-24 22:03:01.131 3520 3520 I Tethering: BATTERY_CHANGED, level = 99lowBatteryThreshold = 15
10-24 22:03:01.141 4130 4130 D KeyguardUpdateMonitor: received broadcast android.intent.action.BATTERY_CHANGED
10-24 22:03:01.141 4130 4130 D KeyguardUpdateMonitor: handleBatteryUpdate
10-24 22:03:01.161 4590 4590 D BatteryMonitor: new battery level: 99
10-24 22:03:03.311 4521 4521 V LauncherAppWidgetHostView: calculateWidgetSize: (target widgetsize) using w/h 1359 712 span 5 2 (widgetid 3) [current Gridsize : GRID_5x5]
10-24 22:03:03.311 4521 4521 D LauncherAppWidgetHostView: calculateWidgetSize() widget = T-Mobile TV(widget id = 3) result hostview size = 1771 x 927
10-24 22:03:03.311 4521 4521 D LauncherAppWidgetHostView: setResizeScaleResult() 1771/ 927 scaleToResize = 0.7673631(widget id = 3)
10-24 22:03:03.331 4521 21036 D ViewSystem: updateTemporaryMetaData() has done.
10-24 22:03:03.341 4521 4521 V LauncherAppWidgetHostView: calculateWidgetSize: (target widgetsize) using w/h 1359 712 span 5 2 (widgetid 3) [current Gridsize : GRID_5x5]
10-24 22:03:03.341 4521 4521 D LauncherAppWidgetHostView: calculateWidgetSize() widget = T-Mobile TV(widget id = 3) result hostview size = 1771 x 927
10-24 22:03:03.341 4521 4521 D LauncherAppWidgetHostView: setResizeScaleResult() 1771/ 927 scaleToResize = 0.7673631(widget id = 3)
10-24 22:03:03.361 4521 4521 V LauncherAppWidgetHostView: calculateWidgetSize: (target widgetsize) using w/h 1359 712 span 5 2 (widgetid 3) [current Gridsize : GRID_5x5]
10-24 22:03:03.361 4521 4521 D LauncherAppWidgetHostView: calculateWidgetSize() widget = T-Mobile TV(widget id = 3) result hostview size = 1771 x 927
10-24 22:03:03.361 4521 4521 D LauncherAppWidgetHostView: setResizeScaleResult() 1771/ 927 scaleToResize = 0.7673631(widget id = 3)
10-24 22:03:03.371 4521 21036 D ViewSystem: updateRemoteViews(1) has done.
10-24 22:03:03.391 4521 4521 V LauncherAppWidgetHostView: calculateWidgetSize: (target widgetsize) using w/h 1359 712 span 5 2 (widgetid 3) [current Gridsize : GRID_5x5]
10-24 22:03:03.391 4521 4521 D LauncherAppWidgetHostView: calculateWidgetSize() widget = T-Mobile TV(widget id = 3) result hostview size = 1771 x 927
10-24 22:03:03.391 4521 4521 D LauncherAppWidgetHostView: setResizeScaleResult() 1771/ 927 scaleToResize = 0.7673631(widget id = 3)
10-24 22:03:07.591 27575 27600 I Quasar : start to send events
10-24 22:03:09.311 4521 4521 V LauncherAppWidgetHostView: calculateWidgetSize: (target widgetsize) using w/h 1359 712 span 5 2 (widgetid 3) [current Gridsize : GRID_5x5]
10-24 22:03:09.311 4521 4521 D LauncherAppWidgetHostView: calculateWidgetSize() widget = T-Mobile TV(widget id = 3) result hostview size = 1771 x 927
10-24 22:03:09.311 4521 4521 D LauncherAppWidgetHostView: setResizeScaleResult() 1771/ 927 scaleToResize = 0.7673631(widget id = 3)
10-24 22:03:09.331 4521 21036 D ViewSystem: updateTemporaryMetaData() has done.
10-24 22:03:09.341 4521 4521 V LauncherAppWidgetHostView: calculateWidgetSize: (target widgetsize) using w/h 1359 712 span 5 2 (widgetid 3) [current Gridsize : GRID_5x5]
10-24 22:03:09.341 4521 4521 D LauncherAppWidgetHostView: calculateWidgetSize() widget = T-Mobile TV(widget id = 3) result hostview size = 1771 x 927
10-24 22:03:09.341 4521 4521 D LauncherAppWidgetHostView: setResizeScaleResult() 1771/ 927 scaleToResize = 0.7673631(widget id = 3)
10-24 22:03:09.351 4521 4521 V LauncherAppWidgetHostView: calculateWidgetSize: (target widgetsize) using w/h 1359 712 span 5 2 (widgetid 3) [current Gridsize : GRID_5x5]
10-24 22:03:09.351 4521 4521 D LauncherAppWidgetHostView: calculateWidgetSize() widget = T-Mobile TV(widget id = 3) result hostview size = 1771 x 927
10-24 22:03:09.351 4521 4521 D LauncherAppWidgetHostView: setResizeScaleResult() 1771/ 927 scaleToResize = 0.7673631(widget id = 3)
10-24 22:03:09.361 4521 21036 D ViewSystem: updateRemoteViews(2) has done.
10-24 22:03:09.371 4521 4521 V LauncherAppWidgetHostView: calculateWidgetSize: (target widgetsize) using w/h 1359 712 span 5 2 (widgetid 3) [current Gridsize : GRID_5x5]
10-24 22:03:09.371 4521 4521 D LauncherAppWidgetHostView: calculateWidgetSize() widget = T-Mobile TV(widget id = 3) result hostview size = 1771 x 927
10-24 22:03:09.371 4521 4521 D LauncherAppWidgetHostView: setResizeScaleResult() 1771/ 927 scaleToResize = 0.7673631(widget id = 3)
10-24 22:03:11.201 3520 3520 I Tethering: BATTERY_CHANGED, level = 99lowBatteryThreshold = 15
10-24 22:03:11.201 4130 4130 D KeyguardUpdateMonitor: received broadcast android.intent.action.BATTERY_CHANGED
10-24 22:03:11.211 4130 4130 D KeyguardUpdateMonitor: handleBatteryUpdate
10-24 22:03:11.231 4590 4590 D BatteryMonitor: new battery level: 99
10-24 22:03:15.291 4521 4521 V LauncherAppWidgetHostView: calculateWidgetSize: (target widgetsize) using w/h 1359 712 span 5 2 (widgetid 3) [current Gridsize : GRID_5x5]
10-24 22:03:15.291 4521 4521 D LauncherAppWidgetHostView: calculateWidgetSize() widget = T-Mobile TV(widget id = 3) result hostview size = 1771 x 927
10-24 22:03:15.291 4521 4521 D LauncherAppWidgetHostView: setResizeScaleResult() 1771/ 927 scaleToResize = 0.7673631(widget id = 3)
10-24 22:03:21.271 3520 3520 I Tethering: BATTERY_CHANGED, level = 99lowBatteryThreshold = 15
10-24 22:03:21.281 4130 4130 D KeyguardUpdateMonitor: received broadcast android.intent.action.BATTERY_CHANGED
10-24 22:03:21.281 4130 4130 D KeyguardUpdateMonitor: handleBatteryUpdate
10-24 22:03:21.291 4590 4590 D BatteryMonitor: new battery level: 99
10-24 22:03:21.321 4521 4521 V LauncherAppWidgetHostView: calculateWidgetSize: (target widgetsize) using w/h 1359 712 span 5 2 (widgetid 3) [current Gridsize : GRID_5x5]
10-24 22:03:21.321 4521 4521 D LauncherAppWidgetHostView: calculateWidgetSize() widget = T-Mobile TV(widget id = 3) result hostview size = 1771 x 927
10-24 22:03:21.321 4521 4521 D LauncherAppWidgetHostView: setResizeScaleResult() 1771/ 927 scaleToResize = 0.7673631(widget id = 3)
10-24 22:03:21.341 4521 21036 D ViewSystem: updateTemporaryMetaData() has done.
10-24 22:03:21.351 4521 4521 V LauncherAppWidgetHostView: calculateWidgetSize: (target widgetsize) using w/h 1359 712 span 5 2 (widgetid 3) [current Gridsize : GRID_5x5]
10-24 22:03:21.351 4521 4521 D LauncherAppWidgetHostView: calculateWidgetSize() widget = T-Mobile TV(widget id = 3) result hostview size = 1771 x 927
10-24 22:03:21.351 4521 4521 D LauncherAppWidgetHostView: setResizeScaleResult() 1771/ 927 scaleToResize = 0.7673631(widget id = 3)
10-24 22:03:21.371 4521 4521 V LauncherAppWidgetHostView: calculateWidgetSize: (target widgetsize) using w/h 1359 712 span 5 2 (widgetid 3) [current Gridsize : GRID_5x5]
10-24 22:03:21.371 4521 4521 D LauncherAppWidgetHostView: calculateWidgetSize() widget = T-Mobile TV(widget id = 3) result hostview size = 1771 x 927
10-24 22:03:21.371 4521 4521 D LauncherAppWidgetHostView: setResizeScaleResult() 1771/ 927 scaleToResize = 0.7673631(widget id = 3)
10-24 22:03:21.381 4521 21036 D ViewSystem: updateRemoteViews(4) has done.
10-24 22:03:21.401 4521 4521 V LauncherAppWidgetHostView: calculateWidgetSize: (target widgetsize) using w/h 1359 712 span 5 2 (widgetid 3) [current Gridsize : GRID_5x5]
10-24 22:03:21.401 4521 4521 D LauncherAppWidgetHostView: calculateWidgetSize() widget = T-Mobile TV(widget id = 3) result hostview size = 1771 x 927
10-24 22:03:21.401 4521 4521 D LauncherAppWidgetHostView: setResizeScaleResult() 1771/ 927 scaleToResize = 0.7673631(widget id = 3)
10-24 22:03:27.031 24116 28803 I ContextCompilationHandl: Compiling grammar for: en-US, type=CONTACT_DIALING
10-24 22:03:27.041 21569 28806 I AmazonVideo.util: ConfigManager.updateFromServerIfNecessary: Requesting update for 0 millis from now
10-24 22:03:27.041 21569 28806 I AmazonVideo.util: ConfigTaskScheduler.schedule: Scheduling refresh after 0 millis
10-24 22:03:27.041 21569 28806 I AmazonVideo.syncservice: SyncDispatcher.sync: Skipping sync component: EventManager
10-24 22:03:27.041 21569 21666 I AmazonVideo.util: ConfigManager.updateConfigFromServer: Told to update server config when no customer is logged in; ignoring request
10-24 22:03:27.101 3520 4167 E RUNTIMEAASA: uid:10040 pm:android.permission.BATTERY_STATS accept!!!
10-24 22:03:27.101 3520 4167 D BluetoothAdapter: STATE_BLE_ON
10-24 22:03:27.121 24116 28803 I ContextCompilationHandl: Recognition context unchanged for CONTACT_DIALING en-US
10-24 22:03:27.121 24116 28803 I ContextCompilationHandl: Compiling grammar for: en-US, type=HANDS_FREE_COMMANDS
10-24 22:03:27.131 24116 28803 I ContextCompilationHandl: Recognition context unchanged for HANDS_FREE_COMMANDS en-US
10-24 22:03:27.131 24116 28803 I ContextCompilationHandl: Compiling grammar for: en-US, type=CONTACT_NAMES
10-24 22:03:27.171 24116 28803 I ContextCompilationHandl: Recognition context unchanged for CONTACT_NAMES en-US
10-24 22:03:27.171 24116 28803 I ContextCompilationHandl: Compiling grammar for: en-US, type=APP_NAMES
10-24 22:03:27.221 3520 4850 D PackageManager: setEnabledSetting : userId = 0 packageName = com.google.android.gms cmp = com.google.android.gms.icing.proxy.SmsMonitor newState = 1 callingPackage = 10021
10-24 22:03:27.291 4521 4521 V LauncherAppWidgetHostView: calculateWidgetSize: (target widgetsize) using w/h 1359 712 span 5 2 (widgetid 3) [current Gridsize : GRID_5x5]
10-24 22:03:27.291 4521 4521 D LauncherAppWidgetHostView: calculateWidgetSize() widget = T-Mobile TV(widget id = 3) result hostview size = 1771 x 927
10-24 22:03:27.291 4521 4521 D LauncherAppWidgetHostView: setResizeScaleResult() 1771/ 927 scaleToResize = 0.7673631(widget id = 3)
10-24 22:03:27.311 4521 21036 D ViewSystem: updateTemporaryMetaData() has done.
10-24 22:03:27.311 4521 4521 V LauncherAppWidgetHostView: calculateWidgetSize: (target widgetsize) using w/h 1359 712 span 5 2 (widgetid 3) [current Gridsize : GRID_5x5]
10-24 22:03:27.311 4521 4521 D LauncherAppWidgetHostView: calculateWidgetSize() widget = T-Mobile TV(widget id = 3) result hostview size = 1771 x 927
10-24 22:03:27.311 4521 4521 D LauncherAppWidgetHostView: setResizeScaleResult() 1771/ 927 scaleToResize = 0.7673631(widget id = 3)
10-24 22:03:27.331 4521 4521 V LauncherAppWidgetHostView: calculateWidgetSize: (target widgetsize) using w/h 1359 712 span 5 2 (widgetid 3) [current Gridsize : GRID_5x5]
10-24 22:03:27.331 4521 4521 D LauncherAppWidgetHostView: calculateWidgetSize() widget = T-Mobile TV(widget id = 3) result hostview size = 1771 x 927
10-24 22:03:27.331 4521 4521 D LauncherAppWidgetHostView: setResizeScaleResult() 1771/ 927 scaleToResize = 0.7673631(widget id = 3)
10-24 22:03:27.341 4521 21036 D ViewSystem: updateRemoteViews(5) has done.
10-24 22:03:27.351 4521 4521 V LauncherAppWidgetHostView: calculateWidgetSize: (target widgetsize) using w/h 1359 712 span 5 2 (widgetid 3) [current Gridsize : GRID_5x5]
10-24 22:03:27.351 4521 4521 D LauncherAppWidgetHostView: calculateWidgetSize() widget = T-Mobile TV(widget id = 3) result hostview size = 1771 x 927
10-24 22:03:27.351 4521 4521 D LauncherAppWidgetHostView: setResizeScaleResult() 1771/ 927 scaleToResize = 0.7673631(widget id = 3)
10-24 22:03:27.361 5110 28811 W IcingInternalCorpora: getNumBytesRead when not calculated.
10-24 22:03:27.371 5110 6725 I Icing : Usage reports 0 indexed 0 rejected 0 imm upload true
10-24 22:03:27.391 5110 6725 I Icing : Usage reports 0 indexed 0 rejected 0 imm upload true
10-24 22:03:27.391 5110 9272 I Icing : Query from com.google.android.googlequicksearchbox package restrict com.google.android.googlequicksearchbox start 0 num 1000
10-24 22:03:27.581 3520 4750 E RUNTIMEAASA: uid:10040 pm:android.permission.BATTERY_STATS accept!!!
10-24 22:03:27.581 3520 4750 D BluetoothAdapter: STATE_BLE_ON
10-24 22:03:27.761 24116 28803 E native : :0 Cannot transform: lighting01
10-24 22:03:27.761 24116 28803 W native : :0 Cannot transform: lighting01
10-24 22:03:27.761 24116 28803 E native : :0 Cannot transform: test_demo01
10-24 22:03:27.761 24116 28803 W native : :0 Cannot transform: test_demo01
10-24 22:03:27.781 24116 28803 W native : :0 Phrase not compiled:
10-24 22:03:27.781 24116 28803 W native : written_phrase {
10-24 22:03:27.781 24116 28803 W native : weight: 1
10-24 22:03:27.781 24116 28803 W native : written_word: "lighting01"
10-24 22:03:27.781 24116 28803 W native : original_phrase: "lighting01"
10-24 22:03:27.781 24116 28803 W native : }
10-24 22:03:27.781 24116 28803 W native : spoken_phrase {
10-24 22:03:27.781 24116 28803 W native : spoken_forms {
10-24 22:03:27.781 24116 28803 W native : variant: "lighting01"
10-24 22:03:27.781 24116 28803 W native : }
10-24 22:03:27.781 24116 28803 W native : }
10-24 22:03:27.781 24116 28803 W native :
10-24 22:03:27.781 24116 28803 W native : Unknown grapheme: '0'
10-24 22:03:27.801 24116 28803 W native : :0 Phrase not compiled:
10-24 22:03:27.801 24116 28803 W native : written_phrase {
10-24 22:03:27.801 24116 28803 W native : weight: 1
10-24 22:03:27.801 24116 28803 W native : written_word: "test_demo01"
10-24 22:03:27.801 24116 28803 W native : original_phrase: "test_demo01"
10-24 22:03:27.801 24116 28803 W native : }
10-24 22:03:27.801 24116 28803 W native : spoken_phrase {
10-24 22:03:27.801 24116 28803 W native : spoken_forms {
10-24 22:03:27.801 24116 28803 W native : variant: "testdemo01"
10-24 22:03:27.801 24116 28803 W native : }
10-24 22:03:27.801 24116 28803 W native : }
10-24 22:03:27.801 24116 28803 W native :
10-24 22:03:27.801 24116 28803 W native : Unknown grapheme: '0'
10-24 22:03:27.871 24116 28803 I ContextCompilationHandl: Compiling grammar for: en-US, type=MUSIC_NAMES
10-24 22:03:27.931 5110 8294 I Icing : Query from com.google.android.googlequicksearchbox package restrict com.google.android.music start 0 num 500
10-24 22:03:27.941 5110 9748 I Icing : Usage reports 0 indexed 0 rejected 0 imm upload true
10-24 22:03:27.951 5110 9748 I Icing : Usage reports 0 indexed 0 rejected 0 imm upload true
10-24 22:03:28.011 5110 10709 I Icing : Query from com.google.android.googlequicksearchbox package restrict com.google.android.music start 0 num 100
10-24 22:03:28.021 5110 9748 I Icing : Usage reports 0 indexed 0 rejected 0 imm upload true
10-24 22:03:28.031 5110 9748 I Icing : Usage reports 0 indexed 0 rejected 0 imm upload true
10-24 22:03:28.101 5110 10709 I Icing : Query from com.google.android.googlequicksearchbox package restrict com.google.android.music start 0 num 100
10-24 22:03:28.111 5110 6725 I Icing : Usage reports 0 indexed 0 rejected 0 imm upload true
10-24 22:03:28.121 5110 6725 I Icing : Usage reports 0 indexed 0 rejected 0 imm upload true
10-24 22:03:28.171 5110 9272 I Icing : Query from com.google.android.googlequicksearchbox package restrict com.google.android.music start 0 num 100
10-24 22:03:28.181 5110 6725 I Icing : Usage reports 0 indexed 0 rejected 0 imm upload true
10-24 22:03:28.191 5110 6725 I Icing : Usage reports 0 indexed 0 rejected 0 imm upload true
10-24 22:03:28.211 24116 28803 I ContextCompilationHandl: Recognition context unchanged for MUSIC_NAMES en-US
10-24 22:03:31.321 3520 3520 I Tethering: BATTERY_CHANGED, level = 99lowBatteryThreshold = 15
10-24 22:03:31.331 4130 4130 D KeyguardUpdateMonitor: received broadcast android.intent.action.BATTERY_CHANGED
10-24 22:03:31.331 4130 4130 D KeyguardUpdateMonitor: handleBatteryUpdate
10-24 22:03:31.351 4590 4590 D BatteryMonitor: new battery level: 99
10-24 22:03:33.321 4521 4521 V LauncherAppWidgetHostView: calculateWidgetSize: (target widgetsize) using w/h 1359 712 span 5 2 (widgetid 3) [current Gridsize : GRID_5x5]
10-24 22:03:33.321 4521 4521 D LauncherAppWidgetHostView: calculateWidgetSize() widget = T-Mobile TV(widget id = 3) result hostview size = 1771 x 927
10-24 22:03:33.321 4521 4521 D LauncherAppWidgetHostView: setResizeScaleResult() 1771/ 927 scaleToResize = 0.7673631(widget id = 3)
10-24 22:03:33.341 4521 21036 D ViewSystem: updateTemporaryMetaData() has done.
10-24 22:03:33.351 4521 4521 V LauncherAppWidgetHostView: calculateWidgetSize: (target widgetsize) using w/h 1359 712 span 5 2 (widgetid 3) [current Gridsize : GRID_5x5]
10-24 22:03:33.351 4521 4521 D LauncherAppWidgetHostView: calculateWidgetSize() widget = T-Mobile TV(widget id = 3) result hostview size = 1771 x 927
10-24 22:03:33.351 4521 4521 D LauncherAppWidgetHostView: setResizeScaleResult() 1771/ 927 scaleToResize = 0.7673631(widget id = 3)
10-24 22:03:33.371 4521 4521 V LauncherAppWidgetHostView: calculateWidgetSize: (target widgetsize) using w/h 1359 712 span 5 2 (widgetid 3) [current Gridsize : GRID_5x5]
10-24 22:03:33.371 4521 4521 D LauncherAppWidgetHostView: calculateWidgetSize() widget = T-Mobile TV(widget id = 3) result hostview size = 1771 x 927
10-24 22:03:33.371 4521 4521 D LauncherAppWidgetHostView: setResizeScaleResult() 1771/ 927 scaleToResize = 0.7673631(widget id = 3)
10-24 22:03:33.381 4521 21036 D ViewSystem: updateRemoteViews(0) has done.
10-24 22:03:33.401 4521 4521 V LauncherAppWidgetHostView: calculateWidgetSize: (target widgetsize) using w/h 1359 712 span 5 2 (widgetid 3) [current Gridsize : GRID_5x5]
10-24 22:03:33.401 4521 4521 D LauncherAppWidgetHostView: calculateWidgetSize() widget = T-Mobile TV(widget id = 3) result hostview size = 1771 x 927
10-24 22:03:33.401 4521 4521 D LauncherAppWidgetHostView: setResizeScaleResult() 1771/ 927 scaleToResize = 0.7673631(widget id = 3)
10-24 22:03:39.311 4521 4521 V LauncherAppWidgetHostView: calculateWidgetSize: (target widgetsize) using w/h 1359 712 span 5 2 (widgetid 3) [current Gridsize : GRID_5x5]
10-24 22:03:39.311 4521 4521 D LauncherAppWidgetHostView: calculateWidgetSize() widget = T-Mobile TV(widget id = 3) result hostview size = 1771 x 927
10-24 22:03:39.311 4521 4521 D LauncherAppWidgetHostView: setResizeScaleResult() 1771/ 927 scaleToResize = 0.7673631(widget id = 3)
10-24 22:03:39.331 4521 21036 D ViewSystem: updateTemporaryMetaData() has done.
10-24 22:03:39.351 4521 4521 V LauncherAppWidgetHostView: calculateWidgetSize: (target widgetsize) using w/h 1359 712 span 5 2 (widgetid 3) [current Gridsize : GRID_5x5]
10-24 22:03:39.351 4521 4521 D LauncherAppWidgetHostView: calculateWidgetSize() widget = T-Mobile TV(widget id = 3) result hostview size = 1771 x 927
10-24 22:03:39.351 4521 4521 D LauncherAppWidgetHostView: setResizeScaleResult() 1771/ 927 scaleToResize = 0.7673631(widget id = 3)
10-24 22:03:39.361 4521 4521 V LauncherAppWidgetHostView: calculateWidgetSize: (target widgetsize) using w/h 1359 712 span 5 2 (widgetid 3) [current Gridsize : GRID_5x5]
10-24 22:03:39.361 4521 4521 D LauncherAppWidgetHostView: calculateWidgetSize() widget = T-Mobile TV(widget id = 3) result hostview size = 1771 x 927
10-24 22:03:39.361 4521 4521 D LauncherAppWidgetHostView: setResizeScaleResult() 1771/ 927 scaleToResize = 0.7673631(widget id = 3)
10-24 22:03:39.381 4521 21036 D ViewSystem: updateRemoteViews(1) has done.
10-24 22:03:39.391 4521 4521 V LauncherAppWidgetHostView: calculateWidgetSize: (target widgetsize) using w/h 1359 712 span 5 2 (widgetid 3) [current Gridsize : GRID_5x5]
10-24 22:03:39.391 4521 4521 D LauncherAppWidgetHostView: calculateWidgetSize() widget = T-Mobile TV(widget id = 3) result hostview size = 1771 x 927
10-24 22:03:39.391 4521 4521 D LauncherAppWidgetHostView: setResizeScaleResult() 1771/ 927 scaleToResize = 0.7673631(widget id = 3)
10-24 22:03:39.911 4574 4612 D ContactsProvider_EventLog: contents_sample_state: [ contacts(4) data(27) accounts({com.google (2)=4}) accounts deleted({}) calls([]) ]
10-24 22:03:39.911 4574 4612 D ContactsProvider_EventLog: contents_sample_state: [ agr({[2]=4}) ]
10-24 22:03:41.361 3520 3520 I Tethering: BATTERY_CHANGED, level = 99lowBatteryThreshold = 15
10-24 22:03:41.361 4130 4130 D KeyguardUpdateMonitor: received broadcast android.intent.action.BATTERY_CHANGED
10-24 22:03:41.361 4130 4130 D KeyguardUpdateMonitor: handleBatteryUpdate
10-24 22:03:41.371 4590 4590 D BatteryMonitor: new battery level: 99
10-24 22:03:45.311 4521 4521 V LauncherAppWidgetHostView: calculateWidgetSize: (target widgetsize) using w/h 1359 712 span 5 2 (widgetid 3) [current Gridsize : GRID_5x5]
10-24 22:03:45.311 4521 4521 D LauncherAppWidgetHostView: calculateWidgetSize() widget = T-Mobile TV(widget id = 3) result hostview size = 1771 x 927
10-24 22:03:45.311 4521 4521 D LauncherAppWidgetHostView: setResizeScaleResult() 1771/ 927 scaleToResize = 0.7673631(widget id = 3)
10-24 22:03:45.331 4521 21036 D ViewSystem: updateTemporaryMetaData() has done.
10-24 22:03:45.341 4521 4521 V LauncherAppWidgetHostView: calculateWidgetSize: (target widgetsize) using w/h 1359 712 span 5 2 (widgetid 3) [current Gridsize : GRID_5x5]
10-24 22:03:45.341 4521 4521 D LauncherAppWidgetHostView: calculateWidgetSize() widget = T-Mobile TV(widget id = 3) result hostview size = 1771 x 927
10-24 22:03:45.341 4521 4521 D LauncherAppWidgetHostView: setResizeScaleResult() 1771/ 927 scaleToResize = 0.7673631(widget id = 3)
10-24 22:03:45.351 4521 21036 D ViewSystem: updateRemoteViews(2) has done.
10-24 22:03:45.361 4521 4521 V LauncherAppWidgetHostView: calculateWidgetSize: (target widgetsize) using w/h 1359 712 span 5 2 (widgetid 3) [current Gridsize : GRID_5x5]
10-24 22:03:45.361 4521 4521 D LauncherAppWidgetHostView: calculateWidgetSize() widget = T-Mobile TV(widget id = 3) result hostview size = 1771 x 927
10-24 22:03:45.361 4521 4521 D LauncherAppWidgetHostView: setResizeScaleResult() 1771/ 927 scaleToResize = 0.7673631(widget id = 3)
10-24 22:03:45.371 4521 21036 D ViewSystem: updateRemoteViews(2) has done.
10-24 22:03:45.381 4521 4521 V LauncherAppWidgetHostView: calculateWidgetSize: (target widgetsize) using w/h 1359 712 span 5 2 (widgetid 3) [current Gridsize : GRID_5x5]
10-24 22:03:45.381 4521 4521 D LauncherAppWidgetHostView: calculateWidgetSize() widget = T-Mobile TV(widget id = 3) result hostview size = 1771 x 927
10-24 22:03:45.381 4521 4521 D LauncherAppWidgetHostView: setResizeScaleResult() 1771/ 927 scaleToResize = 0.7673631(widget id = 3)
10-24 22:03:51.301 4521 4521 V LauncherAppWidgetHostView: calculateWidgetSize: (target widgetsize) using w/h 1359 712 span 5 2 (widgetid 3) [current Gridsize : GRID_5x5]
10-24 22:03:51.301 4521 4521 D LauncherAppWidgetHostView: calculateWidgetSize() widget = T-Mobile TV(widget id = 3) result hostview size = 1771 x 927
10-24 22:03:51.301 4521 4521 D LauncherAppWidgetHostView: setResizeScaleResult() 1771/ 927 scaleToResize = 0.7673631(widget id = 3)
10-24 22:03:51.421 3520 3520 I Tethering: BATTERY_CHANGED, level = 99lowBatteryThreshold = 15
10-24 22:03:51.421 4130 4130 D KeyguardUpdateMonitor: received broadcast android.intent.action.BATTERY_CHANGED
10-24 22:03:51.421 4130 4130 D KeyguardUpdateMonitor: handleBatteryUpdate
10-24 22:03:51.431 4590 4590 D BatteryMonitor: new battery level: 99
10-24 22:03:57.321 4521 4521 V LauncherAppWidgetHostView: calculateWidgetSize: (target widgetsize) using w/h 1359 712 span 5 2 (widgetid 3) [current Gridsize : GRID_5x5]
10-24 22:03:57.321 4521 4521 D LauncherAppWidgetHostView: calculateWidgetSize() widget = T-Mobile TV(widget id = 3) result hostview size = 1771 x 927
10-24 22:03:57.321 4521 4521 D LauncherAppWidgetHostView: setResizeScaleResult() 1771/ 927 scaleToResize = 0.7673631(widget id = 3)
10-24 22:03:57.341 4521 21036 D ViewSystem: updateTemporaryMetaData() has done.
10-24 22:03:57.351 4521 4521 V LauncherAppWidgetHostView: calculateWidgetSize: (target widgetsize) using w/h 1359 712 span 5 2 (widgetid 3) [current Gridsize : GRID_5x5]
10-24 22:03:57.351 4521 4521 D LauncherAppWidgetHostView: calculateWidgetSize() widget = T-Mobile TV(widget id = 3) result hostview size = 1771 x 927
10-24 22:03:57.351 4521 4521 D LauncherAppWidgetHostView: setResizeScaleResult() 1771/ 927 scaleToResize = 0.7673631(widget id = 3)
10-24 22:03:57.371 4521 4521 V LauncherAppWidgetHostView: calculateWidgetSize: (target widgetsize) using w/h 1359 712 span 5 2 (widgetid 3) [current Gridsize : GRID_5x5]
10-24 22:03:57.371 4521 4521 D LauncherAppWidgetHostView: calculateWidgetSize() widget = T-Mobile TV(widget id = 3) result hostview size = 1771 x 927
10-24 22:03:57.371 4521 4521 D LauncherAppWidgetHostView: setResizeScaleResult() 1771/ 927 scaleToResize = 0.7673631(widget id = 3)
10-24 22:03:57.381 4521 21036 D ViewSystem: updateRemoteViews(4) has done.
10-24 22:03:57.391 4521 4521 V LauncherAppWidgetHostView: calculateWidgetSize: (target widgetsize) using w/h 1359 712 span 5 2 (widgetid 3) [current Gridsize : GRID_5x5]
10-24 22:03:57.391 4521 4521 D LauncherAppWidgetHostView: calculateWidgetSize() widget = T-Mobile TV(widget id = 3) result hostview size = 1771 x 927
10-24 22:03:57.391 4521 4521 D LauncherAppWidgetHostView: setResizeScaleResult() 1771/ 927 scaleToResize = 0.7673631(widget id = 3)
10-24 22:04:00.011 4130 4130 D KeyguardUpdateMonitor: received broadcast android.intent.action.TIME_TICK
10-24 22:04:00.011 4130 4130 D KeyguardUpdateMonitor: handleTimeUpdate
10-24 22:04:00.031 4130 4130 D Clock : received broadcast android.intent.action.TIME_TICK
10-24 22:04:00.081 4130 4130 D DateView: received broadcast android.intent.action.TIME_TICK
10-24 22:04:00.121 4521 4521 V LauncherAppWidgetHostView: calculateWidgetSize: (target widgetsize) using w/h 1359 347 span 5 1 (widgetid 6) [current Gridsize : GRID_5x5]
10-24 22:04:00.121 4521 4521 D LauncherAppWidgetHostView: calculateWidgetSize() widget = Weather and Clock(widget id = 6) result hostview size = 1771 x 452
10-24 22:04:00.121 4521 4521 D LauncherAppWidgetHostView: setResizeScaleResult() 1771/ 452 scaleToResize = 0.7673631(widget id = 6)
10-24 22:04:00.121 4521 4521 V LauncherAppWidgetHostView: calculateWidgetSize: (target widgetsize) using w/h 1359 347 span 5 1 (widgetid 2) [current Gridsize : GRID_5x5]
10-24 22:04:00.121 4521 4521 D LauncherAppWidgetHostView: calculateWidgetSize() widget = Google App(widget id = 2) result hostview size = 1771 x 452
10-24 22:04:00.121 4521 4521 D LauncherAppWidgetHostView: setResizeScaleResult() 1771/ 452 scaleToResize = 0.7673631(widget id = 2)
10-24 22:04:00.161 4521 4521 V LauncherAppWidgetHostView: calculateWidgetSize: (target widgetsize) using w/h 1359 347 span 5 1 (widgetid 6) [current Gridsize : GRID_5x5]
10-24 22:04:00.161 4521 4521 D LauncherAppWidgetHostView: calculateWidgetSize() widget = Weather and Clock(widget id = 6) result hostview size = 1771 x 452
10-24 22:04:00.161 4521 4521 D LauncherAppWidgetHostView: setResizeScaleResult() 1771/ 452 scaleToResize = 0.7673631(widget id = 6)
10-24 22:04:00.161 4521 4521 V LauncherAppWidgetHostView: calculateWidgetSize: (target widgetsize) using w/h 1359 347 span 5 1 (widgetid 2) [current Gridsize : GRID_5x5]
10-24 22:04:00.161 4521 4521 D LauncherAppWidgetHostView: calculateWidgetSize() widget = Google App(widget id = 2) result hostview size = 1771 x 452
10-24 22:04:00.161 4521 4521 D LauncherAppWidgetHostView: setResizeScaleResult() 1771/ 452 scaleToResize = 0.7673631(widget id = 2)
10-24 22:04:00.181 26846 26846 D [WeatherWidget(1177)] WeatherService: {[EC3334F14841398C8B464A72D0E61AB7CD7E766A36D06043166FAD39187431A3E5A9A2F81BDF9068B74904E1B1CB541044E6D58E921E578E1E6FAAF047CA8AFC]}
10-24 22:04:00.181 26846 26846 D [WeatherWidget(1177)] : {[3AE6950019B083611567B0F9442DB03E59646CBA355B4C260B75423E37A3701A]}
10-24 22:04:00.191 26846 26846 D [WeatherWidget(1177)] : {[3AE6950019B083611567B0F9442DB03E0F7D6DF8FAB8AEDDA9C52FD622CBE93BD3B3C821E02768ECE7D54B13E96560EDB802D29C56DFCCD38F937DDED36C9453E14ACC693F7BDF399FD0A06BF2D59F2E62F0159FCF8ED080A2244B7BC466DBEB]}
10-24 22:04:00.191 26846 26846 D [WeatherWidget(1177)] : {[DF00664B5BF2DD508EC3D0ADB8B43C9FB429631765284D8658CE62A4AFFAA963]}
10-24 22:04:01.501 3520 3520 I Tethering: BATTERY_CHANGED, level = 99lowBatteryThreshold = 15
10-24 22:04:01.521 4590 4590 D BatteryMonitor: new battery level: 99
10-24 22:04:01.521 4130 4130 D KeyguardUpdateMonitor: received broadcast android.intent.action.BATTERY_CHANGED
10-24 22:04:01.521 4130 4130 D KeyguardUpdateMonitor: handleBatteryUpdate
10-24 22:04:03.311 4521 4521 V LauncherAppWidgetHostView: calculateWidgetSize: (target widgetsize) using w/h 1359 712 span 5 2 (widgetid 3) [current Gridsize : GRID_5x5]
10-24 22:04:03.311 4521 4521 D LauncherAppWidgetHostView: calculateWidgetSize() widget = T-Mobile TV(widget id = 3) result hostview size = 1771 x 927
10-24 22:04:03.311 4521 4521 D LauncherAppWidgetHostView: setResizeScaleResult() 1771/ 927 scaleToResize = 0.7673631(widget id = 3)
10-24 22:04:03.331 4521 21036 D ViewSystem: updateTemporaryMetaData() has done.
10-24 22:04:03.341 4521 4521 V LauncherAppWidgetHostView: calculateWidgetSize: (target widgetsize) using w/h 1359 712 span 5 2 (widgetid 3) [current Gridsize : GRID_5x5]
10-24 22:04:03.341 4521 4521 D LauncherAppWidgetHostView: calculateWidgetSize() widget = T-Mobile TV(widget id = 3) result hostview size = 1771 x 927
10-24 22:04:03.341 4521 4521 D LauncherAppWidgetHostView: setResizeScaleResult() 1771/ 927 scaleToResize = 0.7673631(widget id = 3)
10-24 22:04:03.371 4521 4521 V LauncherAppWidgetHostView: calculateWidgetSize: (target widgetsize) using w/h 1359 712 span 5 2 (widgetid 3) [current Gridsize : GRID_5x5]
10-24 22:04:03.371 4521 4521 D LauncherAppWidgetHostView: calculateWidgetSize() widget = T-Mobile TV(widget id = 3) result hostview size = 1771 x 927
10-24 22:04:03.371 4521 4521 D LauncherAppWidgetHostView: setResizeScaleResult() 1771/ 927 scaleToResize = 0.7673631(widget id = 3)
10-24 22:04:03.381 4521 21036 D ViewSystem: updateRemoteViews(5) has done.
10-24 22:04:03.391 4521 4521 V LauncherAppWidgetHostView: calculateWidgetSize: (target widgetsize) using w/h 1359 712 span 5 2 (widgetid 3) [current Gridsize : GRID_5x5]
10-24 22:04:03.391 4521 4521 D LauncherAppWidgetHostView: calculateWidgetSize() widget = T-Mobile TV(widget id = 3) result hostview size = 1771 x 927
10-24 22:04:03.391 4521 4521 D LauncherAppWidgetHostView: setResizeScaleResult() 1771/ 927 scaleToResize = 0.7673631(widget id = 3)
10-24 22:04:07.591 27575 27600 I Quasar : start to send events
10-24 22:04:09.121 24116 28371 I DeviceStateChecker: screenOn: true, isCharging: true
10-24 22:04:09.321 4521 4521 V LauncherAppWidgetHostView: calculateWidgetSize: (target widgetsize) using w/h 1359 712 span 5 2 (widgetid 3) [current Gridsize : GRID_5x5]
10-24 22:04:09.321 4521 4521 D LauncherAppWidgetHostView: calculateWidgetSize() widget = T-Mobile TV(widget id = 3) result hostview size = 1771 x 927
10-24 22:04:09.321 4521 4521 D LauncherAppWidgetHostView: setResizeScaleResult() 1771/ 927 scaleToResize = 0.7673631(widget id = 3)
10-24 22:04:09.341 4521 21036 D ViewSystem: updateTemporaryMetaData() has done.
10-24 22:04:09.351 4521 4521 V LauncherAppWidgetHostView: calculateWidgetSize: (target widgetsize) using w/h 1359 712 span 5 2 (widgetid 3) [current Gridsize : GRID_5x5]
10-24 22:04:09.351 4521 4521 D LauncherAppWidgetHostView: calculateWidgetSize() widget = T-Mobile TV(widget id = 3) result hostview size = 1771 x 927
10-24 22:04:09.351 4521 4521 D LauncherAppWidgetHostView: setResizeScaleResult() 1771/ 927 scaleToResize = 0.7673631(widget id = 3)
10-24 22:04:09.371 4521 4521 V LauncherAppWidgetHostView: calculateWidgetSize: (target widgetsize) using w/h 1359 712 span 5 2 (widgetid 3) [current Gridsize : GRID_5x5]
10-24 22:04:09.371 4521 4521 D LauncherAppWidgetHostView: calculateWidgetSize() widget = T-Mobile TV(widget id = 3) result hostview size = 1771 x 927
10-24 22:04:09.371 4521 4521 D LauncherAppWidgetHostView: setResizeScaleResult() 1771/ 927 scaleToResize = 0.7673631(widget id = 3)
10-24 22:04:09.381 4521 21036 D ViewSystem: updateRemoteViews(0) has done.
