10-24 22:08:00.151 4521 4521 D LauncherAppWidgetHostView: calculateWidgetSize() widget = Weather and Clock(widget id = 6) result hostview size = 1771 x 452
10-24 22:08:00.151 4521 4521 D LauncherAppWidgetHostView: setResizeScaleResult() 1771/ 452 scaleToResize = 0.7673631(widget id = 6)
10-24 22:08:00.151 4521 4521 V LauncherAppWidgetHostView: calculateWidgetSize: (target widgetsize) using w/h 1359 347 span 5 1 (widgetid 2) [current Gridsize : GRID_5x5]
10-24 22:08:00.151 4521 4521 D LauncherAppWidgetHostView: calculateWidgetSize() widget = Google App(widget id = 2) result hostview size = 1771 x 452
10-24 22:08:00.151 4521 4521 D LauncherAppWidgetHostView: setResizeScaleResult() 1771/ 452 scaleToResize = 0.7673631(widget id = 2)
10-24 22:08:00.181 4521 4521 V LauncherAppWidgetHostView: calculateWidgetSize: (target widgetsize) using w/h 1359 347 span 5 1 (widgetid 6) [current Gridsize : GRID_5x5]
10-24 22:08:00.181 4521 4521 D LauncherAppWidgetHostView: calculateWidgetSize() widget = Weather and Clock(widget id = 6) result hostview size = 1771 x 452
10-24 22:08:00.181 4521 4521 D LauncherAppWidgetHostView: setResizeScaleResult() 1771/ 452 scaleToResize = 0.7673631(widget id = 6)
10-24 22:08:00.181 4521 4521 V LauncherAppWidgetHostView: calculateWidgetSize: (target widgetsize) using w/h 1359 347 span 5 1 (widgetid 2) [current Gridsize : GRID_5x5]
10-24 22:08:00.181 4521 4521 D LauncherAppWidgetHostView: calculateWidgetSize() widget = Google App(widget id = 2) result hostview size = 1771 x 452
10-24 22:08:00.181 4521 4521 D LauncherAppWidgetHostView: setResizeScaleResult() 1771/ 452 scaleToResize = 0.7673631(widget id = 2)
10-24 22:08:00.201 26846 26846 D [WeatherWidget(1177)] WeatherService: {[EC3334F14841398C8B464A72D0E61AB7CD7E766A36D06043166FAD39187431A3E5A9A2F81BDF9068B74904E1B1CB541044E6D58E921E578E1E6FAAF047CA8AFC]}
10-24 22:08:00.201 26846 26846 D [WeatherWidget(1177)] : {[3AE6950019B083611567B0F9442DB03E59646CBA355B4C260B75423E37A3701A]}
10-24 22:08:00.211 26846 26846 D [WeatherWidget(1177)] : {[3AE6950019B083611567B0F9442DB03E0F7D6DF8FAB8AEDDA9C52FD622CBE93BD3B3C821E02768ECE7D54B13E96560EDB802D29C56DFCCD38F937DDED36C9453E14ACC693F7BDF399FD0A06BF2D59F2E62F0159FCF8ED080A2244B7BC466DBEB]}
10-24 22:08:00.211 26846 26846 D [WeatherWidget(1177)] : {[DF00664B5BF2DD508EC3D0ADB8B43C9FB429631765284D8658CE62A4AFFAA963]}
10-24 22:08:01.651 3110 3777 E NetlinkEvent: NetlinkEvent::FindParam(): Parameter 'LABEL' not found
10-24 22:08:01.651 3110 3777 E NetlinkEvent: NetlinkEvent::FindParam(): Parameter 'UID' not found
10-24 22:08:03.001 3520 8428 D SSRM:n : SIOP:: AP = 260, PST = 260 (W:30), CP = 231, CUR = 152, LCD = 19
10-24 22:08:03.011 3520 4287 D BatteryService: !@BatteryListener : batteryPropertiesChanged!
10-24 22:08:03.021 3520 3520 I Tethering: BATTERY_CHANGED, level = 98lowBatteryThreshold = 15
10-24 22:08:03.021 3520 4287 D BatteryService: level:98, scale:100, status:2, health:2, present:true, voltage: 4225, temperature: 253, technology: Li-ion, AC powered:false, USB powered:true, POGO powered:false, Wireless powered:false, icon:17303413, invalid charger:0, maxChargingCurrent:0
10-24 22:08:03.021 3520 4287 D BatteryService: online:4, current avg:-152, charge type:1, power sharing:false, high voltage charger:false, capacity:280000, batterySWSelfDischarging:false, current_now:-140
10-24 22:08:03.021 3520 3520 D BatteryService: Sending ACTION_BATTERY_CHANGED.
10-24 22:08:03.021 3520 3520 I MotionRecognitionService: Plugged
10-24 22:08:03.021 3520 3520 D MotionRecognitionService: cableConnection= 1
10-24 22:08:03.021 3520 3520 D MotionRecognitionService: setPowerConnected | current backoffstate = 1024 , state =1024
10-24 22:08:03.021 3520 3520 D MotionRecognitionService: skip setTransmitPower.
10-24 22:08:03.031 4130 4130 D KeyguardUpdateMonitor: received broadcast android.intent.action.BATTERY_CHANGED
10-24 22:08:03.031 4130 4130 D KeyguardUpdateMonitor: handleBatteryUpdate
10-24 22:08:03.031 4130 4130 D PowerUI : priorPlugType = 2 mPlugType = 2
10-24 22:08:03.031 4130 4130 D PowerUI.Notification: showChargingNotice oldChargingType : 1 currentChargingType : 1 oldChargingTime : 120000 mChargingTime : 120000
10-24 22:08:03.031 4130 4130 D PowerUI.Notification: There is no change about charging status, so return!
10-24 22:08:03.041 4590 4590 D BatteryMonitor: new battery level: 98
10-24 22:08:03.071 4130 4130 D BatteryMeterView: ACTION_BATTERY_CHANGED : level:98 status:2 health:2
10-24 22:08:03.071 4130 4130 D BatteryMeterView: ACTION_BATTERY_CHANGED : level:98 status:2 health:2
10-24 22:08:03.371 4521 4521 V LauncherAppWidgetHostView: calculateWidgetSize: (target widgetsize) using w/h 1359 712 span 5 2 (widgetid 3) [current Gridsize : GRID_5x5]
10-24 22:08:03.371 4521 4521 D LauncherAppWidgetHostView: calculateWidgetSize() widget = T-Mobile TV(widget id = 3) result hostview size = 1771 x 927
10-24 22:08:03.371 4521 4521 D LauncherAppWidgetHostView: setResizeScaleResult() 1771/ 927 scaleToResize = 0.7673631(widget id = 3)
10-24 22:08:07.601 27575 27600 I Quasar : start to send events
10-24 22:08:09.401 4521 4521 V LauncherAppWidgetHostView: calculateWidgetSize: (target widgetsize) using w/h 1359 712 span 5 2 (widgetid 3) [current Gridsize : GRID_5x5]
10-24 22:08:09.401 4521 4521 D LauncherAppWidgetHostView: calculateWidgetSize() widget = T-Mobile TV(widget id = 3) result hostview size = 1771 x 927
10-24 22:08:09.401 4521 4521 D LauncherAppWidgetHostView: setResizeScaleResult() 1771/ 927 scaleToResize = 0.7673631(widget id = 3)
10-24 22:08:09.411 4521 21036 D ViewSystem: updateTemporaryMetaData() has done.
10-24 22:08:09.421 4521 4521 V LauncherAppWidgetHostView: calculateWidgetSize: (target widgetsize) using w/h 1359 712 span 5 2 (widgetid 3) [current Gridsize : GRID_5x5]
10-24 22:08:09.421 4521 4521 D LauncherAppWidgetHostView: calculateWidgetSize() widget = T-Mobile TV(widget id = 3) result hostview size = 1771 x 927
10-24 22:08:09.421 4521 4521 D LauncherAppWidgetHostView: setResizeScaleResult() 1771/ 927 scaleToResize = 0.7673631(widget id = 3)
10-24 22:08:09.441 4521 4521 V LauncherAppWidgetHostView: calculateWidgetSize: (target widgetsize) using w/h 1359 712 span 5 2 (widgetid 3) [current Gridsize : GRID_5x5]
10-24 22:08:09.441 4521 4521 D LauncherAppWidgetHostView: calculateWidgetSize() widget = T-Mobile TV(widget id = 3) result hostview size = 1771 x 927
10-24 22:08:09.441 4521 4521 D LauncherAppWidgetHostView: setResizeScaleResult() 1771/ 927 scaleToResize = 0.7673631(widget id = 3)
10-24 22:08:09.451 4521 21036 D ViewSystem: updateRemoteViews(4) has done.
10-24 22:08:09.461 4521 4521 V LauncherAppWidgetHostView: calculateWidgetSize: (target widgetsize) using w/h 1359 712 span 5 2 (widgetid 3) [current Gridsize : GRID_5x5]
10-24 22:08:09.461 4521 4521 D LauncherAppWidgetHostView: calculateWidgetSize() widget = T-Mobile TV(widget id = 3) result hostview size = 1771 x 927
10-24 22:08:09.461 4521 4521 D LauncherAppWidgetHostView: setResizeScaleResult() 1771/ 927 scaleToResize = 0.7673631(widget id = 3)
10-24 22:08:13.061 3520 8428 D SSRM:n : SIOP:: AP = 260, PST = 260 (W:30), CP = 231, CUR = 149, LCD = 19
10-24 22:08:13.071 3520 3542 D BatteryService: !@BatteryListener : batteryPropertiesChanged!
10-24 22:08:13.071 3520 3542 D BatteryService: level:98, scale:100, status:2, health:2, present:true, voltage: 4227, temperature: 253, technology: Li-ion, AC powered:false, USB powered:true, POGO powered:false, Wireless powered:false, icon:17303413, invalid charger:0, maxChargingCurrent:0
10-24 22:08:13.071 3520 3542 D BatteryService: online:4, current avg:-149, charge type:1, power sharing:false, high voltage charger:false, capacity:280000, batterySWSelfDischarging:false, current_now:-163
10-24 22:08:13.071 3520 3520 D BatteryService: Sending ACTION_BATTERY_CHANGED.
10-24 22:08:13.081 3520 3520 I Tethering: BATTERY_CHANGED, level = 98lowBatteryThreshold = 15
10-24 22:08:13.081 4130 4130 D KeyguardUpdateMonitor: received broadcast android.intent.action.BATTERY_CHANGED
10-24 22:08:13.081 4130 4130 D KeyguardUpdateMonitor: handleBatteryUpdate
10-24 22:08:13.081 3520 3520 I MotionRecognitionService: Plugged
10-24 22:08:13.081 3520 3520 D MotionRecognitionService: cableConnection= 1
10-24 22:08:13.081 3520 3520 D MotionRecognitionService: setPowerConnected | current backoffstate = 1024 , state =1024
10-24 22:08:13.081 3520 3520 D MotionRecognitionService: skip setTransmitPower.
10-24 22:08:13.081 4130 4130 D PowerUI : priorPlugType = 2 mPlugType = 2
10-24 22:08:13.081 4130 4130 D PowerUI.Notification: showChargingNotice oldChargingType : 1 currentChargingType : 1 oldChargingTime : 120000 mChargingTime : 120000
10-24 22:08:13.081 4130 4130 D PowerUI.Notification: There is no change about charging status, so return!
10-24 22:08:13.091 4590 4590 D BatteryMonitor: new battery level: 98
10-24 22:08:13.121 4130 4130 D BatteryMeterView: ACTION_BATTERY_CHANGED : level:98 status:2 health:2
10-24 22:08:13.121 4130 4130 D BatteryMeterView: ACTION_BATTERY_CHANGED : level:98 status:2 health:2
10-24 22:08:15.391 4521 4521 V LauncherAppWidgetHostView: calculateWidgetSize: (target widgetsize) using w/h 1359 712 span 5 2 (widgetid 3) [current Gridsize : GRID_5x5]
10-24 22:08:15.391 4521 4521 D LauncherAppWidgetHostView: calculateWidgetSize() widget = T-Mobile TV(widget id = 3) result hostview size = 1771 x 927
10-24 22:08:15.391 4521 4521 D LauncherAppWidgetHostView: setResizeScaleResult() 1771/ 927 scaleToResize = 0.7673631(widget id = 3)
10-24 22:08:15.411 4521 21036 D ViewSystem: updateTemporaryMetaData() has done.
10-24 22:08:15.411 4521 4521 V LauncherAppWidgetHostView: calculateWidgetSize: (target widgetsize) using w/h 1359 712 span 5 2 (widgetid 3) [current Gridsize : GRID_5x5]
10-24 22:08:15.411 4521 4521 D LauncherAppWidgetHostView: calculateWidgetSize() widget = T-Mobile TV(widget id = 3) result hostview size = 1771 x 927
10-24 22:08:15.411 4521 4521 D LauncherAppWidgetHostView: setResizeScaleResult() 1771/ 927 scaleToResize = 0.7673631(widget id = 3)
10-24 22:08:15.431 4521 4521 V LauncherAppWidgetHostView: calculateWidgetSize: (target widgetsize) using w/h 1359 712 span 5 2 (widgetid 3) [current Gridsize : GRID_5x5]
10-24 22:08:15.431 4521 4521 D LauncherAppWidgetHostView: calculateWidgetSize() widget = T-Mobile TV(widget id = 3) result hostview size = 1771 x 927
10-24 22:08:15.431 4521 4521 D LauncherAppWidgetHostView: setResizeScaleResult() 1771/ 927 scaleToResize = 0.7673631(widget id = 3)
10-24 22:08:15.441 4521 21036 D ViewSystem: updateRemoteViews(5) has done.
10-24 22:08:15.461 4521 4521 V LauncherAppWidgetHostView: calculateWidgetSize: (target widgetsize) using w/h 1359 712 span 5 2 (widgetid 3) [current Gridsize : GRID_5x5]
10-24 22:08:15.461 4521 4521 D LauncherAppWidgetHostView: calculateWidgetSize() widget = T-Mobile TV(widget id = 3) result hostview size = 1771 x 927
10-24 22:08:15.461 4521 4521 D LauncherAppWidgetHostView: setResizeScaleResult() 1771/ 927 scaleToResize = 0.7673631(widget id = 3)
10-24 22:08:16.191 3520 4345 E Watchdog: !@Sync 314 [10-24 22:08:16.199]
10-24 22:08:16.671 3110 3777 E NetlinkEvent: NetlinkEvent::FindParam(): Parameter 'LABEL' not found
10-24 22:08:16.671 3110 3777 E NetlinkEvent: NetlinkEvent::FindParam(): Parameter 'UID' not found
10-24 22:08:21.391 4521 4521 V LauncherAppWidgetHostView: calculateWidgetSize: (target widgetsize) using w/h 1359 712 span 5 2 (widgetid 3) [current Gridsize : GRID_5x5]
10-24 22:08:21.391 4521 4521 D LauncherAppWidgetHostView: calculateWidgetSize() widget = T-Mobile TV(widget id = 3) result hostview size = 1771 x 927
10-24 22:08:21.391 4521 4521 D LauncherAppWidgetHostView: setResizeScaleResult() 1771/ 927 scaleToResize = 0.7673631(widget id = 3)
10-24 22:08:21.411 4521 21036 D ViewSystem: updateTemporaryMetaData() has done.
10-24 22:08:21.421 4521 4521 V LauncherAppWidgetHostView: calculateWidgetSize: (target widgetsize) using w/h 1359 712 span 5 2 (widgetid 3) [current Gridsize : GRID_5x5]
10-24 22:08:21.421 4521 4521 D LauncherAppWidgetHostView: calculateWidgetSize() widget = T-Mobile TV(widget id = 3) result hostview size = 1771 x 927
10-24 22:08:21.421 4521 4521 D LauncherAppWidgetHostView: setResizeScaleResult() 1771/ 927 scaleToResize = 0.7673631(widget id = 3)
10-24 22:08:21.431 4521 4521 V LauncherAppWidgetHostView: calculateWidgetSize: (target widgetsize) using w/h 1359 712 span 5 2 (widgetid 3) [current Gridsize : GRID_5x5]
10-24 22:08:21.431 4521 4521 D LauncherAppWidgetHostView: calculateWidgetSize() widget = T-Mobile TV(widget id = 3) result hostview size = 1771 x 927
10-24 22:08:21.431 4521 4521 D LauncherAppWidgetHostView: setResizeScaleResult() 1771/ 927 scaleToResize = 0.7673631(widget id = 3)
10-24 22:08:21.451 4521 21036 D ViewSystem: updateRemoteViews(0) has done.
10-24 22:08:21.461 4521 4521 V LauncherAppWidgetHostView: calculateWidgetSize: (target widgetsize) using w/h 1359 712 span 5 2 (widgetid 3) [current Gridsize : GRID_5x5]
10-24 22:08:21.461 4521 4521 D LauncherAppWidgetHostView: calculateWidgetSize() widget = T-Mobile TV(widget id = 3) result hostview size = 1771 x 927
10-24 22:08:21.461 4521 4521 D LauncherAppWidgetHostView: setResizeScaleResult() 1771/ 927 scaleToResize = 0.7673631(widget id = 3)
10-24 22:08:21.681 3110 3777 E NetlinkEvent: NetlinkEvent::FindParam(): Parameter 'LABEL' not found
10-24 22:08:21.681 3110 3777 E NetlinkEvent: NetlinkEvent::FindParam(): Parameter 'UID' not found
10-24 22:08:23.141 3520 4287 D BatteryService: !@BatteryListener : batteryPropertiesChanged!
10-24 22:08:23.141 3520 4287 D BatteryService: level:98, scale:100, status:2, health:2, present:true, voltage: 4228, temperature: 253, technology: Li-ion, AC powered:false, USB powered:true, POGO powered:false, Wireless powered:false, icon:17303413, invalid charger:0, maxChargingCurrent:0
10-24 22:08:23.141 3520 4287 D BatteryService: online:4, current avg:-149, charge type:1, power sharing:false, high voltage charger:false, capacity:280000, batterySWSelfDischarging:false, current_now:-136
10-24 22:08:23.141 3520 3520 D BatteryService: Sending ACTION_BATTERY_CHANGED.
10-24 22:08:23.151 3520 3520 I Tethering: BATTERY_CHANGED, level = 98lowBatteryThreshold = 15
10-24 22:08:23.151 3520 3520 I MotionRecognitionService: Plugged
10-24 22:08:23.151 3520 3520 D MotionRecognitionService: cableConnection= 1
10-24 22:08:23.151 3520 3520 D MotionRecognitionService: setPowerConnected | current backoffstate = 1024 , state =1024
10-24 22:08:23.151 3520 3520 D MotionRecognitionService: skip setTransmitPower.
10-24 22:08:23.151 3520 8428 D SSRM:n : SIOP:: AP = 260, PST = 260 (W:30), CP = 231, CUR = 149, LCD = 19
10-24 22:08:23.161 4130 4130 D KeyguardUpdateMonitor: received broadcast android.intent.action.BATTERY_CHANGED
10-24 22:08:23.171 4130 4130 D KeyguardUpdateMonitor: handleBatteryUpdate
10-24 22:08:23.171 4130 4130 D PowerUI : priorPlugType = 2 mPlugType = 2
10-24 22:08:23.171 4130 4130 D PowerUI.Notification: showChargingNotice oldChargingType : 1 currentChargingType : 1 oldChargingTime : 120000 mChargingTime : 120000
10-24 22:08:23.171 4130 4130 D PowerUI.Notification: There is no change about charging status, so return!
10-24 22:08:23.181 4590 4590 D BatteryMonitor: new battery level: 98
10-24 22:08:23.211 4130 4130 D BatteryMeterView: ACTION_BATTERY_CHANGED : level:98 status:2 health:2
10-24 22:08:23.211 4130 4130 D BatteryMeterView: ACTION_BATTERY_CHANGED : level:98 status:2 health:2
10-24 22:08:27.391 4521 4521 V LauncherAppWidgetHostView: calculateWidgetSize: (target widgetsize) using w/h 1359 712 span 5 2 (widgetid 3) [current Gridsize : GRID_5x5]
10-24 22:08:27.391 4521 4521 D LauncherAppWidgetHostView: calculateWidgetSize() widget = T-Mobile TV(widget id = 3) result hostview size = 1771 x 927
10-24 22:08:27.391 4521 4521 D LauncherAppWidgetHostView: setResizeScaleResult() 1771/ 927 scaleToResize = 0.7673631(widget id = 3)
10-24 22:08:27.411 4521 21036 D ViewSystem: updateTemporaryMetaData() has done.
10-24 22:08:27.421 4521 4521 V LauncherAppWidgetHostView: calculateWidgetSize: (target widgetsize) using w/h 1359 712 span 5 2 (widgetid 3) [current Gridsize : GRID_5x5]
10-24 22:08:27.421 4521 4521 D LauncherAppWidgetHostView: calculateWidgetSize() widget = T-Mobile TV(widget id = 3) result hostview size = 1771 x 927
10-24 22:08:27.421 4521 4521 D LauncherAppWidgetHostView: setResizeScaleResult() 1771/ 927 scaleToResize = 0.7673631(widget id = 3)
10-24 22:08:27.441 4521 4521 V LauncherAppWidgetHostView: calculateWidgetSize: (target widgetsize) using w/h 1359 712 span 5 2 (widgetid 3) [current Gridsize : GRID_5x5]
10-24 22:08:27.441 4521 4521 D LauncherAppWidgetHostView: calculateWidgetSize() widget = T-Mobile TV(widget id = 3) result hostview size = 1771 x 927
10-24 22:08:27.441 4521 4521 D LauncherAppWidgetHostView: setResizeScaleResult() 1771/ 927 scaleToResize = 0.7673631(widget id = 3)
10-24 22:08:27.451 4521 21036 D ViewSystem: updateRemoteViews(1) has done.
10-24 22:08:27.471 4521 4521 V LauncherAppWidgetHostView: calculateWidgetSize: (target widgetsize) using w/h 1359 712 span 5 2 (widgetid 3) [current Gridsize : GRID_5x5]
10-24 22:08:27.471 4521 4521 D LauncherAppWidgetHostView: calculateWidgetSize() widget = T-Mobile TV(widget id = 3) result hostview size = 1771 x 927
10-24 22:08:27.471 4521 4521 D LauncherAppWidgetHostView: setResizeScaleResult() 1771/ 927 scaleToResize = 0.7673631(widget id = 3)
10-24 22:08:33.201 3520 4925 D BatteryService: !@BatteryListener : batteryPropertiesChanged!
10-24 22:08:33.201 3520 4925 D BatteryService: level:98, scale:100, status:2, health:2, present:true, voltage: 4228, temperature: 254, technology: Li-ion, AC powered:false, USB powered:true, POGO powered:false, Wireless powered:false, icon:17303413, invalid charger:0, maxChargingCurrent:0
10-24 22:08:33.201 3520 4925 D BatteryService: online:4, current avg:-146, charge type:1, power sharing:false, high voltage charger:false, capacity:280000, batterySWSelfDischarging:false, current_now:-136
10-24 22:08:33.201 3520 3520 D BatteryService: Sending ACTION_BATTERY_CHANGED.
10-24 22:08:33.211 3520 3520 I Tethering: BATTERY_CHANGED, level = 98lowBatteryThreshold = 15
10-24 22:08:33.211 3520 3520 I MotionRecognitionService: Plugged
10-24 22:08:33.211 3520 3520 D MotionRecognitionService: cableConnection= 1
10-24 22:08:33.211 3520 3520 D MotionRecognitionService: setPowerConnected | current backoffstate = 1024 , state =1024
10-24 22:08:33.211 3520 3520 D MotionRecognitionService: skip setTransmitPower.
10-24 22:08:33.221 4130 4130 D KeyguardUpdateMonitor: received broadcast android.intent.action.BATTERY_CHANGED
10-24 22:08:33.221 4130 4130 D KeyguardUpdateMonitor: handleBatteryUpdate
10-24 22:08:33.221 4130 4130 D PowerUI : priorPlugType = 2 mPlugType = 2
10-24 22:08:33.221 4130 4130 D PowerUI.Notification: showChargingNotice oldChargingType : 1 currentChargingType : 1 oldChargingTime : 120000 mChargingTime : 120000
10-24 22:08:33.221 4130 4130 D PowerUI.Notification: There is no change about charging status, so return!
10-24 22:08:33.231 3520 8428 D SSRM:n : SIOP:: AP = 260, PST = 260 (W:30), CP = 231, CUR = 147, LCD = 19
10-24 22:08:33.241 4590 4590 D BatteryMonitor: new battery level: 98
10-24 22:08:33.251 4130 4130 D BatteryMeterView: ACTION_BATTERY_CHANGED : level:98 status:2 health:2
10-24 22:08:33.251 4130 4130 D BatteryMeterView: ACTION_BATTERY_CHANGED : level:98 status:2 health:2
10-24 22:08:33.371 4521 4521 V LauncherAppWidgetHostView: calculateWidgetSize: (target widgetsize) using w/h 1359 712 span 5 2 (widgetid 3) [current Gridsize : GRID_5x5]
10-24 22:08:33.371 4521 4521 D LauncherAppWidgetHostView: calculateWidgetSize() widget = T-Mobile TV(widget id = 3) result hostview size = 1771 x 927
10-24 22:08:33.371 4521 4521 D LauncherAppWidgetHostView: setResizeScaleResult() 1771/ 927 scaleToResize = 0.7673631(widget id = 3)
10-24 22:08:33.391 4521 21036 D ViewSystem: updateTemporaryMetaData() has done.
10-24 22:08:33.401 4521 4521 V LauncherAppWidgetHostView: calculateWidgetSize: (target widgetsize) using w/h 1359 712 span 5 2 (widgetid 3) [current Gridsize : GRID_5x5]
10-24 22:08:33.401 4521 4521 D LauncherAppWidgetHostView: calculateWidgetSize() widget = T-Mobile TV(widget id = 3) result hostview size = 1771 x 927
10-24 22:08:33.401 4521 4521 D LauncherAppWidgetHostView: setResizeScaleResult() 1771/ 927 scaleToResize = 0.7673631(widget id = 3)
10-24 22:08:33.411 4521 4521 V LauncherAppWidgetHostView: calculateWidgetSize: (target widgetsize) using w/h 1359 712 span 5 2 (widgetid 3) [current Gridsize : GRID_5x5]
10-24 22:08:33.411 4521 4521 D LauncherAppWidgetHostView: calculateWidgetSize() widget = T-Mobile TV(widget id = 3) result hostview size = 1771 x 927
10-24 22:08:33.411 4521 4521 D LauncherAppWidgetHostView: setResizeScaleResult() 1771/ 927 scaleToResize = 0.7673631(widget id = 3)
10-24 22:08:33.421 4521 21036 D ViewSystem: updateRemoteViews(2) has done.
10-24 22:08:33.441 4521 4521 V LauncherAppWidgetHostView: calculateWidgetSize: (target widgetsize) using w/h 1359 712 span 5 2 (widgetid 3) [current Gridsize : GRID_5x5]
10-24 22:08:33.441 4521 4521 D LauncherAppWidgetHostView: calculateWidgetSize() widget = T-Mobile TV(widget id = 3) result hostview size = 1771 x 927
10-24 22:08:33.441 4521 4521 D LauncherAppWidgetHostView: setResizeScaleResult() 1771/ 927 scaleToResize = 0.7673631(widget id = 3)
10-24 22:08:36.711 3110 3777 E NetlinkEvent: NetlinkEvent::FindParam(): Parameter 'LABEL' not found
10-24 22:08:36.711 3110 3777 E NetlinkEvent: NetlinkEvent::FindParam(): Parameter 'UID' not found
10-24 22:08:39.381 4521 4521 V LauncherAppWidgetHostView: calculateWidgetSize: (target widgetsize) using w/h 1359 712 span 5 2 (widgetid 3) [current Gridsize : GRID_5x5]
10-24 22:08:39.391 4521 4521 D LauncherAppWidgetHostView: calculateWidgetSize() widget = T-Mobile TV(widget id = 3) result hostview size = 1771 x 927
10-24 22:08:39.391 4521 4521 D LauncherAppWidgetHostView: setResizeScaleResult() 1771/ 927 scaleToResize = 0.7673631(widget id = 3)
10-24 22:08:40.691 4574 4612 D ContactsProvider_EventLog: contents_sample_state: [ contacts(4) data(27) accounts({com.google (2)=4}) accounts deleted({}) calls([]) ]
10-24 22:08:40.691 4574 4612 D ContactsProvider_EventLog: contents_sample_state: [ agr({[2]=4}) ]
10-24 22:08:40.871 4574 4612 E ContactsProvider_EventLog: Flush buffer to file cnt : 9 size : 2Kb duration : 176ms lastUpdatedAfter : 180519ms
10-24 22:08:41.711 3110 3777 E NetlinkEvent: NetlinkEvent::FindParam(): Parameter 'LABEL' not found
10-24 22:08:41.711 3110 3777 E NetlinkEvent: NetlinkEvent::FindParam(): Parameter 'UID' not found
10-24 22:08:43.271 3520 8428 D SSRM:n : SIOP:: AP = 260, PST = 260 (W:30), CP = 231, CUR = 155, LCD = 19
10-24 22:08:43.271 3520 4167 D BatteryService: !@BatteryListener : batteryPropertiesChanged!
10-24 22:08:43.271 3520 4167 D BatteryService: level:98, scale:100, status:2, health:2, present:true, voltage: 4227, temperature: 254, technology: Li-ion, AC powered:false, USB powered:true, POGO powered:false, Wireless powered:false, icon:17303413, invalid charger:0, maxChargingCurrent:0
10-24 22:08:43.271 3520 4167 D BatteryService: online:4, current avg:-155, charge type:1, power sharing:false, high voltage charger:false, capacity:280000, batterySWSelfDischarging:false, current_now:-137
10-24 22:08:43.271 3520 3520 D BatteryService: Sending ACTION_BATTERY_CHANGED.
10-24 22:08:43.281 3520 3520 I Tethering: BATTERY_CHANGED, level = 98lowBatteryThreshold = 15
10-24 22:08:43.281 4130 4130 D KeyguardUpdateMonitor: received broadcast android.intent.action.BATTERY_CHANGED
10-24 22:08:43.281 4130 4130 D KeyguardUpdateMonitor: handleBatteryUpdate
10-24 22:08:43.281 3520 3520 I MotionRecognitionService: Plugged
10-24 22:08:43.281 3520 3520 D MotionRecognitionService: cableConnection= 1
10-24 22:08:43.281 3520 3520 D MotionRecognitionService: setPowerConnected | current backoffstate = 1024 , state =1024
10-24 22:08:43.281 3520 3520 D MotionRecognitionService: skip setTransmitPower.
10-24 22:08:43.281 4130 4130 D PowerUI : priorPlugType = 2 mPlugType = 2
10-24 22:08:43.281 4130 4130 D PowerUI.Notification: showChargingNotice oldChargingType : 1 currentChargingType : 1 oldChargingTime : 120000 mChargingTime : 120000
10-24 22:08:43.281 4130 4130 D PowerUI.Notification: There is no change about charging status, so return!
10-24 22:08:43.291 4590 4590 D BatteryMonitor: new battery level: 98
10-24 22:08:43.291 4130 4130 D BatteryMeterView: ACTION_BATTERY_CHANGED : level:98 status:2 health:2
10-24 22:08:43.321 4130 4130 D BatteryMeterView: ACTION_BATTERY_CHANGED : level:98 status:2 health:2
10-24 22:08:45.411 4521 4521 V LauncherAppWidgetHostView: calculateWidgetSize: (target widgetsize) using w/h 1359 712 span 5 2 (widgetid 3) [current Gridsize : GRID_5x5]
10-24 22:08:45.411 4521 4521 D LauncherAppWidgetHostView: calculateWidgetSize() widget = T-Mobile TV(widget id = 3) result hostview size = 1771 x 927
10-24 22:08:45.411 4521 4521 D LauncherAppWidgetHostView: setResizeScaleResult() 1771/ 927 scaleToResize = 0.7673631(widget id = 3)
10-24 22:08:45.431 4521 21036 D ViewSystem: updateTemporaryMetaData() has done.
10-24 22:08:45.431 4521 4521 V LauncherAppWidgetHostView: calculateWidgetSize: (target widgetsize) using w/h 1359 712 span 5 2 (widgetid 3) [current Gridsize : GRID_5x5]
10-24 22:08:45.431 4521 4521 D LauncherAppWidgetHostView: calculateWidgetSize() widget = T-Mobile TV(widget id = 3) result hostview size = 1771 x 927
10-24 22:08:45.431 4521 4521 D LauncherAppWidgetHostView: setResizeScaleResult() 1771/ 927 scaleToResize = 0.7673631(widget id = 3)
10-24 22:08:45.441 4521 4521 V LauncherAppWidgetHostView: calculateWidgetSize: (target widgetsize) using w/h 1359 712 span 5 2 (widgetid 3) [current Gridsize : GRID_5x5]
10-24 22:08:45.441 4521 4521 D LauncherAppWidgetHostView: calculateWidgetSize() widget = T-Mobile TV(widget id = 3) result hostview size = 1771 x 927
10-24 22:08:45.441 4521 4521 D LauncherAppWidgetHostView: setResizeScaleResult() 1771/ 927 scaleToResize = 0.7673631(widget id = 3)
10-24 22:08:45.451 4521 21036 D ViewSystem: updateRemoteViews(4) has done.
10-24 22:08:45.471 4521 4521 V LauncherAppWidgetHostView: calculateWidgetSize: (target widgetsize) using w/h 1359 712 span 5 2 (widgetid 3) [current Gridsize : GRID_5x5]
10-24 22:08:45.471 4521 4521 D LauncherAppWidgetHostView: calculateWidgetSize() widget = T-Mobile TV(widget id = 3) result hostview size = 1771 x 927
10-24 22:08:45.471 4521 4521 D LauncherAppWidgetHostView: setResizeScaleResult() 1771/ 927 scaleToResize = 0.7673631(widget id = 3)
10-24 22:08:46.201 3520 4345 E Watchdog: !@Sync 315 [10-24 22:08:46.201]
10-24 22:08:48.581 3520 3601 I PowerManagerService: [PWL] On : 8255505 (1212965 ms ago)
10-24 22:08:48.581 3520 3601 I PowerManagerService: [PWL] mStayOn: true mWakeLockSummary & WAKE_LOCK_STAY_AWAKE: 0 mUserActivitySummary: 0x4
10-24 22:08:51.411 4521 4521 V LauncherAppWidgetHostView: calculateWidgetSize: (target widgetsize) using w/h 1359 712 span 5 2 (widgetid 3) [current Gridsize : GRID_5x5]
10-24 22:08:51.411 4521 4521 D LauncherAppWidgetHostView: calculateWidgetSize() widget = T-Mobile TV(widget id = 3) result hostview size = 1771 x 927
10-24 22:08:51.411 4521 4521 D LauncherAppWidgetHostView: setResizeScaleResult() 1771/ 927 scaleToResize = 0.7673631(widget id = 3)
10-24 22:08:51.431 4521 21036 D ViewSystem: updateTemporaryMetaData() has done.
10-24 22:08:51.431 4521 4521 V LauncherAppWidgetHostView: calculateWidgetSize: (target widgetsize) using w/h 1359 712 span 5 2 (widgetid 3) [current Gridsize : GRID_5x5]
10-24 22:08:51.431 4521 4521 D LauncherAppWidgetHostView: calculateWidgetSize() widget = T-Mobile TV(widget id = 3) result hostview size = 1771 x 927
10-24 22:08:51.431 4521 4521 D LauncherAppWidgetHostView: setResizeScaleResult() 1771/ 927 scaleToResize = 0.7673631(widget id = 3)
10-24 22:08:51.451 4521 4521 V LauncherAppWidgetHostView: calculateWidgetSize: (target widgetsize) using w/h 1359 712 span 5 2 (widgetid 3) [current Gridsize : GRID_5x5]
10-24 22:08:51.451 4521 4521 D LauncherAppWidgetHostView: calculateWidgetSize() widget = T-Mobile TV(widget id = 3) result hostview size = 1771 x 927
10-24 22:08:51.451 4521 4521 D LauncherAppWidgetHostView: setResizeScaleResult() 1771/ 927 scaleToResize = 0.7673631(widget id = 3)
10-24 22:08:51.461 4521 21036 D ViewSystem: updateRemoteViews(5) has done.
10-24 22:08:51.481 4521 4521 V LauncherAppWidgetHostView: calculateWidgetSize: (target widgetsize) using w/h 1359 712 span 5 2 (widgetid 3) [current Gridsize : GRID_5x5]
10-24 22:08:51.481 4521 4521 D LauncherAppWidgetHostView: calculateWidgetSize() widget = T-Mobile TV(widget id = 3) result hostview size = 1771 x 927
10-24 22:08:51.481 4521 4521 D LauncherAppWidgetHostView: setResizeScaleResult() 1771/ 927 scaleToResize = 0.7673631(widget id = 3)
10-24 22:08:53.331 3520 4925 D BatteryService: !@BatteryListener : batteryPropertiesChanged!
10-24 22:08:53.331 3520 4925 D BatteryService: level:98, scale:100, status:2, health:2, present:true, voltage: 4227, temperature: 254, technology: Li-ion, AC powered:false, USB powered:true, POGO powered:false, Wireless powered:false, icon:17303413, invalid charger:0, maxChargingCurrent:0
10-24 22:08:53.331 3520 4925 D BatteryService: online:4, current avg:-152, charge type:1, power sharing:false, high voltage charger:false, capacity:280000, batterySWSelfDischarging:false, current_now:-142
10-24 22:08:53.331 3520 3520 D BatteryService: Sending ACTION_BATTERY_CHANGED.
10-24 22:08:53.341 3520 3520 I Tethering: BATTERY_CHANGED, level = 98lowBatteryThreshold = 15
10-24 22:08:53.341 4130 4130 D KeyguardUpdateMonitor: received broadcast android.intent.action.BATTERY_CHANGED
10-24 22:08:53.341 4130 4130 D KeyguardUpdateMonitor: handleBatteryUpdate
10-24 22:08:53.341 3520 3520 I MotionRecognitionService: Plugged
10-24 22:08:53.341 3520 8428 D SSRM:n : SIOP:: AP = 260, PST = 260 (W:30), CP = 231, CUR = 153, LCD = 19
10-24 22:08:53.341 3520 3520 D MotionRecognitionService: cableConnection= 1
10-24 22:08:53.341 3520 3520 D MotionRecognitionService: setPowerConnected | current backoffstate = 1024 , state =1024
10-24 22:08:53.341 3520 3520 D MotionRecognitionService: skip setTransmitPower.
10-24 22:08:53.341 4130 4130 D PowerUI : priorPlugType = 2 mPlugType = 2
10-24 22:08:53.341 4130 4130 D PowerUI.Notification: showChargingNotice oldChargingType : 1 currentChargingType : 1 oldChargingTime : 120000 mChargingTime : 120000
10-24 22:08:53.341 4130 4130 D PowerUI.Notification: There is no change about charging status, so return!
10-24 22:08:53.351 4590 4590 D BatteryMonitor: new battery level: 98
10-24 22:08:53.381 4130 4130 D BatteryMeterView: ACTION_BATTERY_CHANGED : level:98 status:2 health:2
10-24 22:08:53.381 4130 4130 D BatteryMeterView: ACTION_BATTERY_CHANGED : level:98 status:2 health:2
10-24 22:08:57.411 4521 4521 V LauncherAppWidgetHostView: calculateWidgetSize: (target widgetsize) using w/h 1359 712 span 5 2 (widgetid 3) [current Gridsize : GRID_5x5]
10-24 22:08:57.411 4521 4521 D LauncherAppWidgetHostView: calculateWidgetSize() widget = T-Mobile TV(widget id = 3) result hostview size = 1771 x 927
10-24 22:08:57.411 4521 4521 D LauncherAppWidgetHostView: setResizeScaleResult() 1771/ 927 scaleToResize = 0.7673631(widget id = 3)
10-24 22:08:57.431 4521 21036 D ViewSystem: updateTemporaryMetaData() has done.
10-24 22:08:57.441 4521 4521 V LauncherAppWidgetHostView: calculateWidgetSize: (target widgetsize) using w/h 1359 712 span 5 2 (widgetid 3) [current Gridsize : GRID_5x5]
10-24 22:08:57.441 4521 4521 D LauncherAppWidgetHostView: calculateWidgetSize() widget = T-Mobile TV(widget id = 3) result hostview size = 1771 x 927
10-24 22:08:57.441 4521 4521 D LauncherAppWidgetHostView: setResizeScaleResult() 1771/ 927 scaleToResize = 0.7673631(widget id = 3)
10-24 22:08:57.461 4521 4521 V LauncherAppWidgetHostView: calculateWidgetSize: (target widgetsize) using w/h 1359 712 span 5 2 (widgetid 3) [current Gridsize : GRID_5x5]
10-24 22:08:57.461 4521 4521 D LauncherAppWidgetHostView: calculateWidgetSize() widget = T-Mobile TV(widget id = 3) result hostview size = 1771 x 927
10-24 22:08:57.461 4521 4521 D LauncherAppWidgetHostView: setResizeScaleResult() 1771/ 927 scaleToResize = 0.7673631(widget id = 3)
10-24 22:08:57.471 4521 21036 D ViewSystem: updateRemoteViews(0) has done.
10-24 22:08:57.491 4521 4521 V LauncherAppWidgetHostView: calculateWidgetSize: (target widgetsize) using w/h 1359 712 span 5 2 (widgetid 3) [current Gridsize : GRID_5x5]
10-24 22:08:57.491 4521 4521 D LauncherAppWidgetHostView: calculateWidgetSize() widget = T-Mobile TV(widget id = 3) result hostview size = 1771 x 927
10-24 22:08:57.491 4521 4521 D LauncherAppWidgetHostView: setResizeScaleResult() 1771/ 927 scaleToResize = 0.7673631(widget id = 3)
10-24 22:08:59.991 3520 4005 V AlarmManager: Expired Alarm result :8
10-24 22:09:00.011 4130 4130 D KeyguardUpdateMonitor: received broadcast android.intent.action.TIME_TICK
10-24 22:09:00.011 4130 4130 D KeyguardUpdateMonitor: handleTimeUpdate
10-24 22:09:00.031 4130 4130 D Clock : received broadcast android.intent.action.TIME_TICK
10-24 22:09:00.101 4130 4130 D DateView: received broadcast android.intent.action.TIME_TICK
10-24 22:09:00.141 4521 4521 V LauncherAppWidgetHostView: calculateWidgetSize: (target widgetsize) using w/h 1359 347 span 5 1 (widgetid 6) [current Gridsize : GRID_5x5]
10-24 22:09:00.141 4521 4521 D LauncherAppWidgetHostView: calculateWidgetSize() widget = Weather and Clock(widget id = 6) result hostview size = 1771 x 452
10-24 22:09:00.141 4521 4521 D LauncherAppWidgetHostView: setResizeScaleResult() 1771/ 452 scaleToResize = 0.7673631(widget id = 6)
10-24 22:09:00.151 4521 4521 V LauncherAppWidgetHostView: calculateWidgetSize: (target widgetsize) using w/h 1359 347 span 5 1 (widgetid 2) [current Gridsize : GRID_5x5]
10-24 22:09:00.151 4521 4521 D LauncherAppWidgetHostView: calculateWidgetSize() widget = Google App(widget id = 2) result hostview size = 1771 x 452
10-24 22:09:00.151 4521 4521 D LauncherAppWidgetHostView: setResizeScaleResult() 1771/ 452 scaleToResize = 0.7673631(widget id = 2)
10-24 22:09:00.181 4521 4521 V LauncherAppWidgetHostView: calculateWidgetSize: (target widgetsize) using w/h 1359 347 span 5 1 (widgetid 6) [current Gridsize : GRID_5x5]
10-24 22:09:00.181 4521 4521 D LauncherAppWidgetHostView: calculateWidgetSize() widget = Weather and Clock(widget id = 6) result hostview size = 1771 x 452
10-24 22:09:00.181 4521 4521 D LauncherAppWidgetHostView: setResizeScaleResult() 1771/ 452 scaleToResize = 0.7673631(widget id = 6)
10-24 22:09:00.181 4521 4521 V LauncherAppWidgetHostView: calculateWidgetSize: (target widgetsize) using w/h 1359 347 span 5 1 (widgetid 2) [current Gridsize : GRID_5x5]
10-24 22:09:00.181 4521 4521 D LauncherAppWidgetHostView: calculateWidgetSize() widget = Google App(widget id = 2) result hostview size = 1771 x 452
10-24 22:09:00.181 4521 4521 D LauncherAppWidgetHostView: setResizeScaleResult() 1771/ 452 scaleToResize = 0.7673631(widget id = 2)
10-24 22:09:00.201 26846 26846 D [WeatherWidget(1177)] WeatherService: {[EC3334F14841398C8B464A72D0E61AB7CD7E766A36D06043166FAD39187431A3E5A9A2F81BDF9068B74904E1B1CB541044E6D58E921E578E1E6FAAF047CA8AFC]}
10-24 22:09:00.201 26846 26846 D [WeatherWidget(1177)] : {[3AE6950019B083611567B0F9442DB03E59646CBA355B4C260B75423E37A3701A]}
10-24 22:09:00.211 26846 26846 D [WeatherWidget(1177)] : {[3AE6950019B083611567B0F9442DB03E0F7D6DF8FAB8AEDDA9C52FD622CBE93BD3B3C821E02768ECE7D54B13E96560EDB802D29C56DFCCD38F937DDED36C9453E14ACC693F7BDF399FD0A06BF2D59F2E62F0159FCF8ED080A2244B7BC466DBEB]}
10-24 22:09:00.211 26846 26846 D [WeatherWidget(1177)] : {[DF00664B5BF2DD508EC3D0ADB8B43C9FB429631765284D8658CE62A4AFFAA963]}
10-24 22:09:03.391 3520 4850 D BatteryService: !@BatteryListener : batteryPropertiesChanged!
10-24 22:09:03.391 3520 4850 D BatteryService: level:98, scale:100, status:2, health:2, present:true, voltage: 4225, temperature: 254, technology: Li-ion, AC powered:false, USB powered:true, POGO powered:false, Wireless powered:false, icon:17303413, invalid charger:0, maxChargingCurrent:0
10-24 22:09:03.391 3520 4850 D BatteryService: online:4, current avg:-154, charge type:1, power sharing:false, high voltage charger:false, capacity:280000, batterySWSelfDischarging:false, current_now:-158
10-24 22:09:03.391 3520 3520 D BatteryService: Sending ACTION_BATTERY_CHANGED.
10-24 22:09:03.401 4521 4521 V LauncherAppWidgetHostView: calculateWidgetSize: (target widgetsize) using w/h 1359 712 span 5 2 (widgetid 3) [current Gridsize : GRID_5x5]
10-24 22:09:03.401 4521 4521 D LauncherAppWidgetHostView: calculateWidgetSize() widget = T-Mobile TV(widget id = 3) result hostview size = 1771 x 927
10-24 22:09:03.401 4521 4521 D LauncherAppWidgetHostView: setResizeScaleResult() 1771/ 927 scaleToResize = 0.7673631(widget id = 3)
10-24 22:09:03.401 3520 8428 D SSRM:n : SIOP:: AP = 260, PST = 260 (W:30), CP = 231, CUR = 155, LCD = 19
10-24 22:09:03.401 3520 3520 I MotionRecognitionService: Plugged
10-24 22:09:03.401 3520 3520 D MotionRecognitionService: cableConnection= 1
10-24 22:09:03.401 3520 3520 D MotionRecognitionService: setPowerConnected | current backoffstate = 1024 , state =1024
10-24 22:09:03.401 3520 3520 D MotionRecognitionService: skip setTransmitPower.
10-24 22:09:03.411 3520 3520 I Tethering: BATTERY_CHANGED, level = 98lowBatteryThreshold = 15
10-24 22:09:03.411 4130 4130 D KeyguardUpdateMonitor: received broadcast android.intent.action.BATTERY_CHANGED
10-24 22:09:03.411 4130 4130 D KeyguardUpdateMonitor: handleBatteryUpdate
10-24 22:09:03.411 4130 4130 D PowerUI : priorPlugType = 2 mPlugType = 2
10-24 22:09:03.411 4130 4130 D PowerUI.Notification: showChargingNotice oldChargingType : 1 currentChargingType : 1 oldChargingTime : 120000 mChargingTime : 120000
10-24 22:09:03.411 4130 4130 D PowerUI.Notification: There is no change about charging status, so return!
10-24 22:09:03.421 4590 4590 D BatteryMonitor: new battery level: 98
10-24 22:09:03.451 4130 4130 D BatteryMeterView: ACTION_BATTERY_CHANGED : level:98 status:2 health:2
10-24 22:09:03.451 4130 4130 D BatteryMeterView: ACTION_BATTERY_CHANGED : level:98 status:2 health:2
10-24 22:09:03.461 4521 21036 D ViewSystem: updateTemporaryMetaData() has done.
10-24 22:09:03.471 4521 4521 V LauncherAppWidgetHostView: calculateWidgetSize: (target widgetsize) using w/h 1359 712 span 5 2 (widgetid 3) [current Gridsize : GRID_5x5]
10-24 22:09:03.471 4521 4521 D LauncherAppWidgetHostView: calculateWidgetSize() widget = T-Mobile TV(widget id = 3) result hostview size = 1771 x 927
10-24 22:09:03.471 4521 4521 D LauncherAppWidgetHostView: setResizeScaleResult() 1771/ 927 scaleToResize = 0.7673631(widget id = 3)
10-24 22:09:03.481 4521 4521 V LauncherAppWidgetHostView: calculateWidgetSize: (target widgetsize) using w/h 1359 712 span 5 2 (widgetid 3) [current Gridsize : GRID_5x5]
10-24 22:09:03.481 4521 4521 D LauncherAppWidgetHostView: calculateWidgetSize() widget = T-Mobile TV(widget id = 3) result hostview size = 1771 x 927
10-24 22:09:03.481 4521 4521 D LauncherAppWidgetHostView: setResizeScaleResult() 1771/ 927 scaleToResize = 0.7673631(widget id = 3)
10-24 22:09:03.491 4521 21036 D ViewSystem: updateRemoteViews(1) has done.
10-24 22:09:03.501 4521 4521 V LauncherAppWidgetHostView: calculateWidgetSize: (target widgetsize) using w/h 1359 712 span 5 2 (widgetid 3) [current Gridsize : GRID_5x5]
10-24 22:09:03.501 4521 4521 D LauncherAppWidgetHostView: calculateWidgetSize() widget = T-Mobile TV(widget id = 3) result hostview size = 1771 x 927
10-24 22:09:03.501 4521 4521 D LauncherAppWidgetHostView: setResizeScaleResult() 1771/ 927 scaleToResize = 0.7673631(widget id = 3)
10-24 22:09:07.601 27575 27600 I Quasar : start to send events
10-24 22:09:09.421 4521 4521 V LauncherAppWidgetHostView: calculateWidgetSize: (target widgetsize) using w/h 1359 712 span 5 2 (widgetid 3) [current Gridsize : GRID_5x5]
10-24 22:09:09.421 4521 4521 D LauncherAppWidgetHostView: calculateWidgetSize() widget = T-Mobile TV(widget id = 3) result hostview size = 1771 x 927
10-24 22:09:09.421 4521 4521 D LauncherAppWidgetHostView: setResizeScaleResult() 1771/ 927 scaleToResize = 0.7673631(widget id = 3)
10-24 22:09:09.431 4521 21036 D ViewSystem: updateTemporaryMetaData() has done.
10-24 22:09:09.441 4521 4521 V LauncherAppWidgetHostView: calculateWidgetSize: (target widgetsize) using w/h 1359 712 span 5 2 (widgetid 3) [current Gridsize : GRID_5x5]
10-24 22:09:09.441 4521 4521 D LauncherAppWidgetHostView: calculateWidgetSize() widget = T-Mobile TV(widget id = 3) result hostview size = 1771 x 927
10-24 22:09:09.441 4521 4521 D LauncherAppWidgetHostView: setResizeScaleResult() 1771/ 927 scaleToResize = 0.7673631(widget id = 3)
10-24 22:09:09.461 4521 4521 V LauncherAppWidgetHostView: calculateWidgetSize: (target widgetsize) using w/h 1359 712 span 5 2 (widgetid 3) [current Gridsize : GRID_5x5]
10-24 22:09:09.461 4521 4521 D LauncherAppWidgetHostView: calculateWidgetSize() widget = T-Mobile TV(widget id = 3) result hostview size = 1771 x 927
10-24 22:09:09.461 4521 4521 D LauncherAppWidgetHostView: setResizeScaleResult() 1771/ 927 scaleToResize = 0.7673631(widget id = 3)
10-24 22:09:09.471 4521 21036 D ViewSystem: updateRemoteViews(2) has done.
10-24 22:09:09.491 4521 4521 V LauncherAppWidgetHostView: calculateWidgetSize: (target widgetsize) using w/h 1359 712 span 5 2 (widgetid 3) [current Gridsize : GRID_5x5]
10-24 22:09:09.491 4521 4521 D LauncherAppWidgetHostView: calculateWidgetSize() widget = T-Mobile TV(widget id = 3) result hostview size = 1771 x 927
10-24 22:09:09.491 4521 4521 D LauncherAppWidgetHostView: setResizeScaleResult() 1771/ 927 scaleToResize = 0.7673631(widget id = 3)
10-24 22:09:13.441 3520 8428 D SSRM:n : SIOP:: AP = 260, PST = 260 (W:30), CP = 231, CUR = 150, LCD = 19
10-24 22:09:13.461 3520 4387 D BatteryService: !@BatteryListener : batteryPropertiesChanged!
10-24 22:09:13.461 3520 4387 D BatteryService: level:98, scale:100, status:2, health:2, present:true, voltage: 4227, temperature: 253, technology: Li-ion, AC powered:false, USB powered:true, POGO powered:false, Wireless powered:false, icon:17303413, invalid charger:0, maxChargingCurrent:0
10-24 22:09:13.461 3520 4387 D BatteryService: online:4, current avg:-150, charge type:1, power sharing:false, high voltage charger:false, capacity:280000, batterySWSelfDischarging:false, current_now:-139
10-24 22:09:13.461 3520 3520 D BatteryService: Sending ACTION_BATTERY_CHANGED.
10-24 22:09:13.471 3520 3520 I Tethering: BATTERY_CHANGED, level = 98lowBatteryThreshold = 15
10-24 22:09:13.471 3520 3520 I MotionRecognitionService: Plugged
10-24 22:09:13.471 3520 3520 D MotionRecognitionService: cableConnection= 1
10-24 22:09:13.471 3520 3520 D MotionRecognitionService: setPowerConnected | current backoffstate = 1024 , state =1024
10-24 22:09:13.471 3520 3520 D MotionRecognitionService: skip setTransmitPower.
10-24 22:09:13.481 4130 4130 D KeyguardUpdateMonitor: received broadcast android.intent.action.BATTERY_CHANGED
10-24 22:09:13.481 4130 4130 D KeyguardUpdateMonitor: handleBatteryUpdate
10-24 22:09:13.481 4130 4130 D PowerUI : priorPlugType = 2 mPlugType = 2
10-24 22:09:13.481 4130 4130 D PowerUI.Notification: showChargingNotice oldChargingType : 1 currentChargingType : 1 oldChargingTime : 120000 mChargingTime : 120000
10-24 22:09:13.481 4130 4130 D PowerUI.Notification: There is no change about charging status, so return!
10-24 22:09:13.501 4590 4590 D BatteryMonitor: new battery level: 98
10-24 22:09:13.531 4130 4130 D BatteryMeterView: ACTION_BATTERY_CHANGED : level:98 status:2 health:2
10-24 22:09:13.531 4130 4130 D BatteryMeterView: ACTION_BATTERY_CHANGED : level:98 status:2 health:2
10-24 22:09:15.391 4521 4521 V LauncherAppWidgetHostView: calculateWidgetSize: (target widgetsize) using w/h 1359 712 span 5 2 (widgetid 3) [current Gridsize : GRID_5x5]
10-24 22:09:15.391 4521 4521 D LauncherAppWidgetHostView: calculateWidgetSize() widget = T-Mobile TV(widget id = 3) result hostview size = 1771 x 927
10-24 22:09:15.391 4521 4521 D LauncherAppWidgetHostView: setResizeScaleResult() 1771/ 927 scaleToResize = 0.7673631(widget id = 3)
10-24 22:09:16.201 3520 4345 E Watchdog: !@Sync 316 [10-24 22:09:16.204]
10-24 22:09:16.801 3110 3777 E NetlinkEvent: NetlinkEvent::FindParam(): Parameter 'LABEL' not found
10-24 22:09:16.801 3110 3777 E NetlinkEvent: NetlinkEvent::FindParam(): Parameter 'UID' not found
10-24 22:09:21.411 4521 4521 V LauncherAppWidgetHostView: calculateWidgetSize: (target widgetsize) using w/h 1359 712 span 5 2 (widgetid 3) [current Gridsize : GRID_5x5]
10-24 22:09:21.411 4521 4521 D LauncherAppWidgetHostView: calculateWidgetSize() widget = T-Mobile TV(widget id = 3) result hostview size = 1771 x 927
10-24 22:09:21.411 4521 4521 D LauncherAppWidgetHostView: setResizeScaleResult() 1771/ 927 scaleToResize = 0.7673631(widget id = 3)
10-24 22:09:21.431 4521 21036 D ViewSystem: updateTemporaryMetaData() has done.
10-24 22:09:21.441 4521 4521 V LauncherAppWidgetHostView: calculateWidgetSize: (target widgetsize) using w/h 1359 712 span 5 2 (widgetid 3) [current Gridsize : GRID_5x5]
10-24 22:09:21.441 4521 4521 D LauncherAppWidgetHostView: calculateWidgetSize() widget = T-Mobile TV(widget id = 3) result hostview size = 1771 x 927
10-24 22:09:21.441 4521 4521 D LauncherAppWidgetHostView: setResizeScaleResult() 1771/ 927 scaleToResize = 0.7673631(widget id = 3)
10-24 22:09:21.461 4521 4521 V LauncherAppWidgetHostView: calculateWidgetSize: (target widgetsize) using w/h 1359 712 span 5 2 (widgetid 3) [current Gridsize : GRID_5x5]
10-24 22:09:21.461 4521 4521 D LauncherAppWidgetHostView: calculateWidgetSize() widget = T-Mobile TV(widget id = 3) result hostview size = 1771 x 927
10-24 22:09:21.461 4521 4521 D LauncherAppWidgetHostView: setResizeScaleResult() 1771/ 927 scaleToResize = 0.7673631(widget id = 3)
10-24 22:09:21.471 4521 21036 D ViewSystem: updateRemoteViews(4) has done.
10-24 22:09:21.481 4521 4521 V LauncherAppWidgetHostView: calculateWidgetSize: (target widgetsize) using w/h 1359 712 span 5 2 (widgetid 3) [current Gridsize : GRID_5x5]
10-24 22:09:21.481 4521 4521 D LauncherAppWidgetHostView: calculateWidgetSize() widget = T-Mobile TV(widget id = 3) result hostview size = 1771 x 927
10-24 22:09:21.481 4521 4521 D LauncherAppWidgetHostView: setResizeScaleResult() 1771/ 927 scaleToResize = 0.7673631(widget id = 3)
10-24 22:09:21.781 3110 3777 E NetlinkEvent: NetlinkEvent::FindParam(): Parameter 'LABEL' not found
10-24 22:09:21.781 3110 3777 E NetlinkEvent: NetlinkEvent::FindParam(): Parameter 'UID' not found
10-24 22:09:23.511 3520 8428 D SSRM:n : SIOP:: AP = 260, PST = 260 (W:30), CP = 231, CUR = 151, LCD = 19
10-24 22:09:23.531 3520 4533 D BatteryService: !@BatteryListener : batteryPropertiesChanged!
10-24 22:09:23.531 3520 4533 D BatteryService: level:98, scale:100, status:2, health:2, present:true, voltage: 4227, temperature: 253, technology: Li-ion, AC powered:false, USB powered:true, POGO powered:false, Wireless powered:false, icon:17303413, invalid charger:0, maxChargingCurrent:0
10-24 22:09:23.531 3520 4533 D BatteryService: online:4, current avg:-151, charge type:1, power sharing:false, high voltage charger:false, capacity:280000, batterySWSelfDischarging:false, current_now:-135
10-24 22:09:23.531 3520 3520 D BatteryService: Sending ACTION_BATTERY_CHANGED.
10-24 22:09:23.531 3520 3520 I MotionRecognitionService: Plugged
10-24 22:09:23.531 3520 3520 D MotionRecognitionService: cableConnection= 1
10-24 22:09:23.531 3520 3520 D MotionRecognitionService: setPowerConnected | current backoffstate = 1024 , state =1024
10-24 22:09:23.531 3520 3520 D MotionRecognitionService: skip setTransmitPower.
10-24 22:09:23.541 3520 3520 I Tethering: BATTERY_CHANGED, level = 98lowBatteryThreshold = 15
10-24 22:09:23.541 4130 4130 D KeyguardUpdateMonitor: received broadcast android.intent.action.BATTERY_CHANGED
10-24 22:09:23.541 4130 4130 D PowerUI : priorPlugType = 2 mPlugType = 2
10-24 22:09:23.551 4130 4130 D KeyguardUpdateMonitor: handleBatteryUpdate
10-24 22:09:23.551 4130 4130 D PowerUI.Notification: showChargingNotice oldChargingType : 1 currentChargingType : 1 oldChargingTime : 120000 mChargingTime : 120000
10-24 22:09:23.551 4130 4130 D PowerUI.Notification: There is no change about charging status, so return!
10-24 22:09:23.561 4590 4590 D BatteryMonitor: new battery level: 98
10-24 22:09:23.591 4130 4130 D BatteryMeterView: ACTION_BATTERY_CHANGED : level:98 status:2 health:2
10-24 22:09:23.591 4130 4130 D BatteryMeterView: ACTION_BATTERY_CHANGED : level:98 status:2 health:2
10-24 22:09:27.411 4521 4521 V LauncherAppWidgetHostView: calculateWidgetSize: (target widgetsize) using w/h 1359 712 span 5 2 (widgetid 3) [current Gridsize : GRID_5x5]
10-24 22:09:27.411 4521 4521 D LauncherAppWidgetHostView: calculateWidgetSize() widget = T-Mobile TV(widget id = 3) result hostview size = 1771 x 927
10-24 22:09:27.411 4521 4521 D LauncherAppWidgetHostView: setResizeScaleResult() 1771/ 927 scaleToResize = 0.7673631(widget id = 3)
10-24 22:09:27.431 4521 21036 D ViewSystem: updateTemporaryMetaData() has done.
10-24 22:09:27.441 4521 4521 V LauncherAppWidgetHostView: calculateWidgetSize: (target widgetsize) using w/h 1359 712 span 5 2 (widgetid 3) [current Gridsize : GRID_5x5]
10-24 22:09:27.441 4521 4521 D LauncherAppWidgetHostView: calculateWidgetSize() widget = T-Mobile TV(widget id = 3) result hostview size = 1771 x 927
10-24 22:09:27.441 4521 4521 D LauncherAppWidgetHostView: setResizeScaleResult() 1771/ 927 scaleToResize = 0.7673631(widget id = 3)
10-24 22:09:27.451 4521 4521 V LauncherAppWidgetHostView: calculateWidgetSize: (target widgetsize) using w/h 1359 712 span 5 2 (widgetid 3) [current Gridsize : GRID_5x5]
10-24 22:09:27.451 4521 4521 D LauncherAppWidgetHostView: calculateWidgetSize() widget = T-Mobile TV(widget id = 3) result hostview size = 1771 x 927
