10-24 21:48:31.001 3126 28066 I ExynosCameraBufferManager: [CAM_ID(1)][3A1_BUF]-INFO(dumpBufferInfo[1244]):[m_buffer[5].fd[0]=78] .addr=0x0 .size=4096 .position=0 .permission=1]
10-24 21:48:31.001 3126 28066 I ExynosCameraBufferManager: [CAM_ID(1)][3A1_BUF]-INFO(dumpBufferInfo[1244]):[m_buffer[5].fd[1]=84] .addr=0xeb9f9000 .size=32768 .position=0 .permission=1]
10-24 21:48:31.001 3126 28066 D ExynosCameraBufferManager: [CAM_ID(1)][3A1_BUF]-DEBUG(alloc[228]):------------------------------------------------------------------
10-24 21:48:31.001 3126 28066 D ExynosCameraPipeJpeg: DEBUG:duration time( 2 msec):(alloc)
10-24 21:48:31.001 3126 28066 I ExynosCameraBufferManager: INFO(setContigBufCount[304]):reservedMemoryCount(8)
10-24 21:48:31.001 3126 28066 I ExynosCamera: [CAM_ID(1)][]-INFO(m_allocBuffers[16465]):setInfo(planeCount=2, minBufCount=6, maxBufCount=6, type=2, allocMode=1)
10-24 21:48:31.001 3126 28066 I ExynosCameraBufferManager: [CAM_ID(1)][ISP_BUF]-INFO(m_defaultAlloc[881]):bufIndex(0) < reservedMaxCount(8) , m_reservedMemoryCount(8), non-cached
10-24 21:48:31.001 3126 28066 D ExynosCameraBufferManager: [CAM_ID(1)][ISP_BUF]-DEBUG(m_defaultAlloc[957]):duration time( 0 msec):(type=2, bufIndex=0, size=3110400)
10-24 21:48:31.001 3126 28066 I ExynosCameraBufferManager: [CAM_ID(1)][ISP_BUF]-INFO(m_defaultAlloc[881]):bufIndex(1) < reservedMaxCount(8) , m_reservedMemoryCount(8), non-cached
10-24 21:48:31.001 3126 5084 D ExynosCameraNode: [CAM_ID(1)][3AA_OUTPUT]-DEBUG(open[251]): Node(110)(/dev/video110) opened. m_fd(87)
10-24 21:48:31.001 3126 28066 D ExynosCameraBufferManager: [CAM_ID(1)][ISP_BUF]-DEBUG(m_defaultAlloc[957]):duration time( 0 msec):(type=2, bufIndex=1, size=3110400)
10-24 21:48:31.001 3126 28066 I ExynosCameraBufferManager: [CAM_ID(1)][ISP_BUF]-INFO(m_defaultAlloc[881]):bufIndex(2) < reservedMaxCount(8) , m_reservedMemoryCount(8), non-cached
10-24 21:48:31.001 3126 28066 D ExynosCameraBufferManager: [CAM_ID(1)][ISP_BUF]-DEBUG(m_defaultAlloc[957]):duration time( 0 msec):(type=2, bufIndex=2, size=3110400)
10-24 21:48:31.001 3126 28066 I ExynosCameraBufferManager: [CAM_ID(1)][ISP_BUF]-INFO(m_defaultAlloc[881]):bufIndex(3) < reservedMaxCount(8) , m_reservedMemoryCount(8), non-cached
10-24 21:48:31.001 3126 5084 D ExynosCameraNode: [CAM_ID(1)][3AA_CAPTURE]-DEBUG(open[251]): Node(111)(/dev/video111) opened. m_fd(90)
10-24 21:48:31.001 3126 28066 D ExynosCameraBufferManager: [CAM_ID(1)][ISP_BUF]-DEBUG(m_defaultAlloc[957]):duration time( 0 msec):(type=2, bufIndex=3, size=3110400)
10-24 21:48:31.001 3126 28066 I ExynosCameraBufferManager: [CAM_ID(1)][ISP_BUF]-INFO(m_defaultAlloc[881]):bufIndex(4) < reservedMaxCount(8) , m_reservedMemoryCount(8), non-cached
10-24 21:48:31.001 3126 28066 D ExynosCameraBufferManager: [CAM_ID(1)][ISP_BUF]-DEBUG(m_defaultAlloc[957]):duration time( 0 msec):(type=2, bufIndex=4, size=3110400)
10-24 21:48:31.001 3126 5084 D ExynosCameraNode: [CAM_ID(1)][3AA_PREVIEW]-DEBUG(open[251]): Node(112)(/dev/video112) opened. m_fd(93)
10-24 21:48:31.001 3126 28066 I ExynosCameraBufferManager: [CAM_ID(1)][ISP_BUF]-INFO(m_defaultAlloc[881]):bufIndex(5) < reservedMaxCount(8) , m_reservedMemoryCount(8), non-cached
10-24 21:48:31.001 3126 5084 I ExynosCameraMCPipe: [CAM_ID(1)][PIPE_3AA]-INFO(m_preCreate[1295]):m_preCreate() is succeed, Pipe(1), prepare(0)
10-24 21:48:31.001 3126 5084 D ExynosCameraFrameFactoryPreview: [CAM_ID(1)][ExynosCameraFrameFactory3aaIspTpu]-DEBUG(precreate):Pipe(1) created
10-24 21:48:31.001 3126 28066 D ExynosCameraBufferManager: [CAM_ID(1)][ISP_BUF]-DEBUG(m_defaultAlloc[957]):duration time( 0 msec):(type=2, bufIndex=5, size=3110400)
10-24 21:48:31.001 3126 5084 D ExynosCameraMCPipe: [CAM_ID(1)][PIPE_DIS]-DEBUG(precreate[54])
10-24 21:48:31.001 3126 28066 D ExynosCameraBufferManager: [CAM_ID(1)][ISP_BUF]-DEBUG(m_defaultAlloc[977]):Duration time of buffer allocation( 0 msec)
10-24 21:48:31.001 3126 5084 D ExynosCameraMCPipe: [CAM_ID(1)][PIPE_DIS]-DEBUG(m_preCreate[1209])
10-24 21:48:31.001 3126 5084 D ExynosCameraNode: [CAM_ID(1)][DIS_OUTPUT]-DEBUG(open[251]): Node(150)(/dev/video150) opened. m_fd(97)
10-24 21:48:31.001 3126 5084 D ExynosCameraMCPipe: [CAM_ID(1)][PIPE_DIS]-DEBUG(m_preCreate[1275]):Node(DIS_OUTPUT) opened
10-24 21:48:31.001 3126 5084 I ExynosCameraMCPipe: [CAM_ID(1)][PIPE_DIS]-INFO(m_preCreate[1295]):m_preCreate() is succeed, Pipe(10), prepare(0)
10-24 21:48:31.001 3126 5084 D ExynosCameraFrameFactoryPreview: [CAM_ID(1)][ExynosCameraFrameFactory3aaIspTpu]-DEBUG(precreate):Pipe(10) created
10-24 21:48:31.001 3126 5084 D ExynosCameraFrameFactory3aaIspTpu: [CAM_ID(1)][ExynosCameraFrameFactory3aaIspTpu]-DEBUG(m_initNodeInfo[1001]):
10-24 21:48:31.001 3126 5084 D ExynosCameraMCPipe: [CAM_ID(1)][PIPE_3AA]-DEBUG(getNodeInfos[1091]):getNodeInfos
10-24 21:48:31.001 3126 5084 D ExynosCameraFrameFactory3aaIspTpu: [CAM_ID(1)][ExynosCameraFrameFactory3aaIspTpu]-DEBUG(m_dumpNodeInfo[1153]): m_initNodeInfo PIPE_3AA mainNode[0] = 110 0xebcfc800
10-24 21:48:31.001 3126 5084 D ExynosCameraFrameFactory3aaIspTpu: [CAM_ID(1)][ExynosCameraFrameFactory3aaIspTpu]-DEBUG(m_dumpNodeInfo[1153]): m_initNodeInfo PIPE_3AA mainNode[1] = 111 0xebcfdc00
10-24 21:48:31.001 3126 5084 D ExynosCameraFrameFactory3aaIspTpu: [CAM_ID(1)][ExynosCameraFrameFactory3aaIspTpu]-DEBUG(m_dumpNodeInfo[1153]): m_initNodeInfo PIPE_3AA mainNode[2] = 112 0xec98d000
10-24 21:48:31.001 3126 5084 D ExynosCameraMCPipe: [CAM_ID(1)][PIPE_ISP]-DEBUG(getNodeInfos[1091]):getNodeInfos
10-24 21:48:31.001 3126 5084 D ExynosCameraFrameFactory3aaIspTpu: [CAM_ID(1)][ExynosCameraFrameFactory3aaIspTpu]-DEBUG(m_dumpNodeInfo[1153]): m_initNodeInfo PIPE_ISP mainNode[0] = 130 0xed3d7800
10-24 21:48:31.001 3126 5084 D ExynosCameraFrameFactory3aaIspTpu: [CAM_ID(1)][ExynosCameraFrameFactory3aaIspTpu]-DEBUG(m_dumpNodeInfo[1157]): m_initNodeInfo PIPE_ISP secondaryNode[3] = 132 0xebcfb400
10-24 21:48:31.001 3126 5084 D ExynosCameraFrameFactory3aaIspTpu: [CAM_ID(1)][ExynosCameraFrameFactory3aaIspTpu]-DEBUG(m_dumpNodeInfo[1153]): m_initNodeInfo PIPE_ISP mainNode[5] = 152 0xebcfa000
10-24 21:48:31.001 3126 5084 D ExynosCameraMCPipe: [CAM_ID(1)][PIPE_DIS]-DEBUG(getNodeInfos[1091]):getNodeInfos
10-24 21:48:31.001 3126 5084 D ExynosCameraFrameFactory3aaIspTpu: [CAM_ID(1)][ExynosCameraFrameFactory3aaIspTpu]-DEBUG(m_dumpNodeInfo[1157]): m_initNodeInfo PIPE_DIS secondaryNode[11] = 150 0xec98e400
10-24 21:48:31.001 3126 5084 D ExynosCamera: [CAM_ID(1)][]-DEBUG(m_waitCompanionThreadEnd[18756]):companion waiting time : duration time( 0 msec)
10-24 21:48:31.001 3126 5084 D ExynosCamera: [CAM_ID(1)][]-DEBUG(m_waitCompanionThreadEnd[18758]):companionThread join
10-24 21:48:31.001 3126 5084 I ExynosCameraFrameFactoryPreview: [CAM_ID(1)][ExynosCameraFrameFactory3aaIspTpu]-INFO(postcreate[444])
10-24 21:48:31.001 3126 5084 D ExynosCameraMCPipe: [CAM_ID(1)][PIPE_3AA]-DEBUG(postcreate[68])
10-24 21:48:31.001 3126 5084 D ExynosCameraMCPipe: [CAM_ID(1)][PIPE_3AA]-DEBUG(m_postCreate[1302])
10-24 21:48:31.001 3126 5084 I ExynosCameraMCPipe: [CAM_ID(1)][PIPE_3AA]-INFO(m_postCreate[1326]):m_postCreate() is succeed, Pipe(1)
10-24 21:48:31.001 3126 5084 I ExynosCameraMCPipe: [CAM_ID(1)][PIPE_3AA]-INFO(postcreate[77]):postcreate() is succeed, Pipe(1)
10-24 21:48:31.001 3126 5084 D ExynosCameraFrameFactoryPreview: [CAM_ID(1)][ExynosCameraFrameFactory3aaIspTpu]-DEBUG(postcreate):Pipe(8) postcreated
10-24 21:48:31.001 3126 5084 D ExynosCameraMCPipe: [CAM_ID(1)][PIPE_ISP]-DEBUG(postcreate[68])
10-24 21:48:31.001 3126 5084 D ExynosCameraMCPipe: [CAM_ID(1)][PIPE_ISP]-DEBUG(m_postCreate[1302])
10-24 21:48:31.001 3126 5084 I ExynosCameraMCPipe: [CAM_ID(1)][PIPE_ISP]-INFO(m_postCreate[1326]):m_postCreate() is succeed, Pipe(4)
10-24 21:48:31.001 3126 5084 I ExynosCameraMCPipe: [CAM_ID(1)][PIPE_ISP]-INFO(postcreate[77]):postcreate() is succeed, Pipe(4)
10-24 21:48:31.001 3126 5084 D ExynosCameraFrameFactoryPreview: [CAM_ID(1)][ExynosCameraFrameFactory3aaIspTpu]-DEBUG(postcreate):Pipe(4) created
10-24 21:48:31.001 3126 5084 D ExynosCameraMCPipe: [CAM_ID(1)][PIPE_DIS]-DEBUG(postcreate[68])
10-24 21:48:31.001 3126 5084 D ExynosCameraMCPipe: [CAM_ID(1)][PIPE_DIS]-DEBUG(m_postCreate[1302])
10-24 21:48:31.001 3126 5084 I ExynosCameraMCPipe: [CAM_ID(1)][PIPE_DIS]-INFO(m_postCreate[1326]):m_postCreate() is succeed, Pipe(10)
10-24 21:48:31.001 3126 5084 I ExynosCameraMCPipe: [CAM_ID(1)][PIPE_DIS]-INFO(postcreate[77]):postcreate() is succeed, Pipe(10)
10-24 21:48:31.001 3126 5084 D ExynosCameraFrameFactoryPreview: [CAM_ID(1)][ExynosCameraFrameFactory3aaIspTpu]-DEBUG(postcreate):Pipe(10) postcreated
10-24 21:48:31.001 3126 5084 I ExynosCameraPipeGSC: [CAM_ID(1)][PIPE_GSC]-INFO(create[47]):create() is succeed (12)
10-24 21:48:31.001 3126 5084 D ExynosCameraFrameFactoryPreview: [CAM_ID(1)][ExynosCameraFrameFactory3aaIspTpu]-DEBUG(postcreate):Pipe(12) created
10-24 21:48:31.001 3126 5084 I ExynosCameraPipeGSC: [CAM_ID(1)][PIPE_GSC_VIDEO]-INFO(create[47]):create() is succeed (13)
10-24 21:48:31.001 3126 5084 D ExynosCameraFrameFactoryPreview: [CAM_ID(1)][ExynosCameraFrameFactory3aaIspTpu]-DEBUG(postcreate):Pipe(13) created
10-24 21:48:31.001 3126 5084 D ExynosCameraFrameFactoryPreview: INFO(postcreate):getDualMode(0), getQuickShot(0)
10-24 21:48:31.001 3126 5084 D ExynosCameraMCPipe: [CAM_ID(1)][PIPE_3AA]-DEBUG(setControl[430])
10-24 21:48:31.001 3126 5084 I ExynosCameraMCPipe: [CAM_ID(1)][PIPE_3AA]-INFO(setControl[441]):setControl() is succeed, Pipe(1)
10-24 21:48:31.001 3126 5084 D ExynosCameraMCPipe: [CAM_ID(1)][PIPE_3AA]-DEBUG(setControl[430])
10-24 21:48:31.001 3126 28066 D ExynosCameraBufferManager: [CAM_ID(1)][ISP_BUF]-DEBUG(m_defaultAlloc[977]):Duration time of buffer allocation( 0 msec)
10-24 21:48:31.001 3126 28066 D ExynosCameraBufferManager: [CAM_ID(1)][ISP_BUF]-DEBUG(alloc[225]):Allocate the buffer succeeded (m_allocatedBufCount=6, m_reqBufCount=6, m_allowedMaxBufCount=6) --- dumpBufferInfo ---
10-24 21:48:31.001 3126 28066 I ExynosCameraBufferManager: [CAM_ID(1)][ISP_BUF]-INFO(dumpBufferInfo[1244]):[m_buffer[0].fd[0]=88] .addr=0x0 .size=3110400 .position=0 .permission=1]
10-24 21:48:31.001 3126 28066 I ExynosCameraBufferManager: [CAM_ID(1)][ISP_BUF]-INFO(dumpBufferInfo[1244]):[m_buffer[0].fd[1]=96] .addr=0xeb9f1000 .size=32768 .position=0 .permission=1]
10-24 21:48:31.001 3126 28066 I ExynosCameraBufferManager: [CAM_ID(1)][ISP_BUF]-INFO(dumpBufferInfo[1244]):[m_buffer[1].fd[0]=89] .addr=0x0 .size=3110400 .position=0 .permission=1]
10-24 21:48:31.001 3126 28066 I ExynosCameraBufferManager: [CAM_ID(1)][ISP_BUF]-INFO(dumpBufferInfo[1244]):[m_buffer[1].fd[1]=98] .addr=0xeb9e9000 .size=32768 .position=0 .permission=1]
10-24 21:48:31.001 3126 28066 I ExynosCameraBufferManager: [CAM_ID(1)][ISP_BUF]-INFO(dumpBufferInfo[1244]):[m_buffer[2].fd[0]=91] .addr=0x0 .size=3110400 .position=0 .permission=1]
10-24 21:48:31.001 3126 28066 I ExynosCameraBufferManager: [CAM_ID(1)][ISP_BUF]-INFO(dumpBufferInfo[1244]):[m_buffer[2].fd[1]=99] .addr=0xeb9e1000 .size=32768 .position=0 .permission=1]
10-24 21:48:31.001 3126 28066 I ExynosCameraBufferManager: [CAM_ID(1)][ISP_BUF]-INFO(dumpBufferInfo[1244]):[m_buffer[3].fd[0]=92] .addr=0x0 .size=3110400 .position=0 .permission=1]
10-24 21:48:31.001 3126 28066 I ExynosCameraBufferManager: [CAM_ID(1)][ISP_BUF]-INFO(dumpBufferInfo[1244]):[m_buffer[3].fd[1]=100] .addr=0xeb9d9000 .size=32768 .position=0 .permission=1]
10-24 21:48:31.001 3126 28066 I ExynosCameraBufferManager: [CAM_ID(1)][ISP_BUF]-INFO(dumpBufferInfo[1244]):[m_buffer[4].fd[0]=94] .addr=0x0 .size=3110400 .position=0 .permission=1]
10-24 21:48:31.001 3126 28066 I ExynosCameraBufferManager: [CAM_ID(1)][ISP_BUF]-INFO(dumpBufferInfo[1244]):[m_buffer[4].fd[1]=101] .addr=0xeb9d1000 .size=32768 .position=0 .permission=1]
10-24 21:48:31.001 3126 28066 I ExynosCameraBufferManager: [CAM_ID(1)][ISP_BUF]-INFO(dumpBufferInfo[1244]):[m_buffer[5].fd[0]=95] .addr=0x0 .size=3110400 .position=0 .permission=1]
10-24 21:48:31.001 3126 28066 I ExynosCameraBufferManager: [CAM_ID(1)][ISP_BUF]-INFO(dumpBufferInfo[1244]):[m_buffer[5].fd[1]=102] .addr=0xeb9c9000 .size=32768 .position=0 .permission=1]
10-24 21:48:31.001 3126 28066 D ExynosCameraBufferManager: [CAM_ID(1)][ISP_BUF]-DEBUG(alloc[228]):------------------------------------------------------------------
10-24 21:48:31.001 3126 28066 D ExynosCameraPipeJpeg: DEBUG:duration time( 5 msec):(alloc)
10-24 21:48:31.001 3126 28066 I ExynosCamera: [CAM_ID(1)][]-INFO(m_allocBuffers[16465]):setInfo(planeCount=3, minBufCount=9, maxBufCount=9, type=0, allocMode=0)
10-24 21:48:31.001 3126 28066 D ExynosCameraBufferManager: [CAM_ID(1)][SCP_BUF]-DEBUG(m_defaultAlloc[957]):duration time( 1 msec):(type=0, bufIndex=0, size=194400)
10-24 21:48:31.001 3126 28066 D ExynosCameraBufferManager: [CAM_ID(1)][SCP_BUF]-DEBUG(m_defaultAlloc[957]):duration time( 0 msec):(type=0, bufIndex=1, size=194400)
10-24 21:48:31.011 3126 28066 D ExynosCameraBufferManager: [CAM_ID(1)][SCP_BUF]-DEBUG(m_defaultAlloc[957]):duration time( 0 msec):(type=0, bufIndex=2, size=194400)
10-24 21:48:31.011 3126 28066 D ExynosCameraBufferManager: [CAM_ID(1)][SCP_BUF]-DEBUG(m_defaultAlloc[957]):duration time( 0 msec):(type=0, bufIndex=3, size=194400)
10-24 21:48:31.011 3126 28066 D ExynosCameraBufferManager: [CAM_ID(1)][SCP_BUF]-DEBUG(m_defaultAlloc[957]):duration time( 1 msec):(type=0, bufIndex=4, size=194400)
10-24 21:48:31.011 3126 28066 D ExynosCameraBufferManager: [CAM_ID(1)][SCP_BUF]-DEBUG(m_defaultAlloc[957]):duration time( 0 msec):(type=0, bufIndex=5, size=194400)
10-24 21:48:31.011 3126 28066 D ExynosCameraBufferManager: [CAM_ID(1)][SCP_BUF]-DEBUG(m_defaultAlloc[957]):duration time( 0 msec):(type=0, bufIndex=6, size=194400)
10-24 21:48:31.011 3126 28066 D ExynosCameraBufferManager: [CAM_ID(1)][SCP_BUF]-DEBUG(m_defaultAlloc[957]):duration time( 0 msec):(type=0, bufIndex=7, size=194400)
10-24 21:48:31.011 3126 28066 D ExynosCameraBufferManager: [CAM_ID(1)][SCP_BUF]-DEBUG(m_defaultAlloc[957]):duration time( 1 msec):(type=0, bufIndex=8, size=194400)
10-24 21:48:31.011 3126 28066 D ExynosCameraBufferManager: [CAM_ID(1)][SCP_BUF]-DEBUG(m_defaultAlloc[977]):Duration time of buffer allocation( 3 msec)
10-24 21:48:31.011 3126 28066 D ExynosCameraBufferManager: [CAM_ID(1)][SCP_BUF]-DEBUG(m_defaultAlloc[977]):Duration time of buffer allocation( 0 msec)
10-24 21:48:31.011 3126 28066 D ExynosCameraBufferManager: [CAM_ID(1)][SCP_BUF]-DEBUG(alloc[225]):Allocate the buffer succeeded (m_allocatedBufCount=9, m_reqBufCount=9, m_allowedMaxBufCount=9) --- dumpBufferInfo ---
10-24 21:48:31.011 3126 28066 I ExynosCameraBufferManager: [CAM_ID(1)][SCP_BUF]-INFO(dumpBufferInfo[1244]):[m_buffer[0].fd[0]=103] .addr=0xeb461000 .size=129600 .position=0 .permission=1]
10-24 21:48:31.011 3126 28066 I ExynosCameraBufferManager: [CAM_ID(1)][SCP_BUF]-INFO(dumpBufferInfo[1244]):[m_buffer[0].fd[1]=104] .addr=0xeb451000 .size=64800 .position=0 .permission=1]
10-24 21:48:31.011 3126 28066 I ExynosCameraBufferManager: [CAM_ID(1)][SCP_BUF]-INFO(dumpBufferInfo[1244]):[m_buffer[0].fd[2]=121] .addr=0xeb9c1000 .size=32768 .position=0 .permission=1]
10-24 21:48:31.011 3126 28066 I ExynosCameraBufferManager: [CAM_ID(1)][SCP_BUF]-INFO(dumpBufferInfo[1244]):[m_buffer[1].fd[0]=105] .addr=0xeb3e0000 .size=129600 .position=0 .permission=1]
10-24 21:48:31.011 3126 28066 I ExynosCameraBufferManager: [CAM_ID(1)][SCP_BUF]-INFO(dumpBufferInfo[1244]):[m_buffer[1].fd[1]=106] .addr=0xeb441000 .size=64800 .position=0 .permission=1]
10-24 21:48:31.011 3126 28066 I ExynosCameraBufferManager: [CAM_ID(1)][SCP_BUF]-INFO(dumpBufferInfo[1244]):[m_buffer[1].fd[2]=122] .addr=0xe9ec8000 .size=32768 .position=0 .permission=1]
10-24 21:48:31.011 3126 28066 I ExynosCameraBufferManager: [CAM_ID(1)][SCP_BUF]-INFO(dumpBufferInfo[1244]):[m_buffer[2].fd[0]=107] .addr=0xeb3c0000 .size=129600 .position=0 .permission=1]
10-24 21:48:31.011 3126 28066 I ExynosCameraBufferManager: [CAM_ID(1)][SCP_BUF]-INFO(dumpBufferInfo[1244]):[m_buffer[2].fd[1]=108] .addr=0xea7f2000 .size=64800 .position=0 .permission=1]
10-24 21:48:31.011 3126 28066 I ExynosCameraBufferManager: [CAM_ID(1)][SCP_BUF]-INFO(dumpBufferInfo[1244]):[m_buffer[2].fd[2]=123] .addr=0xe9ec0000 .size=32768 .position=0 .permission=1]
10-24 21:48:31.011 3126 28066 I ExynosCameraBufferManager: [CAM_ID(1)][SCP_BUF]-INFO(dumpBufferInfo[1244]):[m_buffer[3].fd[0]=109] .addr=0xea7d2000 .size=129600 .position=0 .permission=1]
10-24 21:48:31.011 3126 28066 I ExynosCameraBufferManager: [CAM_ID(1)][SCP_BUF]-INFO(dumpBufferInfo[1244]):[m_buffer[3].fd[1]=110] .addr=0xea7c2000 .size=64800 .position=0 .permission=1]
10-24 21:48:31.011 3126 28066 I ExynosCameraBufferManager: [CAM_ID(1)][SCP_BUF]-INFO(dumpBufferInfo[1244]):[m_buffer[3].fd[2]=124] .addr=0xe9738000 .size=32768 .position=0 .permission=1]
10-24 21:48:31.011 3126 28066 I ExynosCameraBufferManager: [CAM_ID(1)][SCP_BUF]-INFO(dumpBufferInfo[1244]):[m_buffer[4].fd[0]=111] .addr=0xea3e2000 .size=129600 .position=0 .permission=1]
10-24 21:48:31.011 3126 28066 I ExynosCameraBufferManager: [CAM_ID(1)][SCP_BUF]-INFO(dumpBufferInfo[1244]):[m_buffer[4].fd[1]=112] .addr=0xea3d2000 .size=64800 .position=0 .permission=1]
10-24 21:48:31.011 3126 28066 I ExynosCameraBufferManager: [CAM_ID(1)][SCP_BUF]-INFO(dumpBufferInfo[1244]):[m_buffer[4].fd[2]=125] .addr=0xe9730000 .size=32768 .position=0 .permission=1]
10-24 21:48:31.011 3126 28066 I ExynosCameraBufferManager: [CAM_ID(1)][SCP_BUF]-INFO(dumpBufferInfo[1244]):[m_buffer[5].fd[0]=113] .addr=0xe9fa0000 .size=129600 .position=0 .permission=1]
10-24 21:48:31.011 3126 28066 I ExynosCameraBufferManager: [CAM_ID(1)][SCP_BUF]-INFO(dumpBufferInfo[1244]):[m_buffer[5].fd[1]=114] .addr=0xea3c2000 .size=64800 .position=0 .permission=1]
10-24 21:48:31.011 3126 28066 I ExynosCameraBufferManager: [CAM_ID(1)][SCP_BUF]-INFO(dumpBufferInfo[1244]):[m_buffer[5].fd[2]=126] .addr=0xe9728000 .size=32768 .position=0 .permission=1]
10-24 21:48:31.011 3126 28066 I ExynosCameraBufferManager: [CAM_ID(1)][SCP_BUF]-INFO(dumpBufferInfo[1244]):[m_buffer[6].fd[0]=115] .addr=0xe9f80000 .size=129600 .position=0 .permission=1]
10-24 21:48:31.011 3126 28066 I ExynosCameraBufferManager: [CAM_ID(1)][SCP_BUF]-INFO(dumpBufferInfo[1244]):[m_buffer[6].fd[1]=116] .addr=0xe9f30000 .size=64800 .position=0 .permission=1]
10-24 21:48:31.011 3126 28066 I ExynosCameraBufferManager: [CAM_ID(1)][SCP_BUF]-INFO(dumpBufferInfo[1244]):[m_buffer[6].fd[2]=127] .addr=0xe9720000 .size=32768 .position=0 .permission=1]
10-24 21:48:31.011 3126 28066 I ExynosCameraBufferManager: [CAM_ID(1)][SCP_BUF]-INFO(dumpBufferInfo[1244]):[m_buffer[7].fd[0]=117] .addr=0xe9f10000 .size=129600 .position=0 .permission=1]
10-24 21:48:31.011 3126 28066 I ExynosCameraBufferManager: [CAM_ID(1)][SCP_BUF]-INFO(dumpBufferInfo[1244]):[m_buffer[7].fd[1]=118] .addr=0xe9f00000 .size=64800 .position=0 .permission=1]
10-24 21:48:31.011 3126 28066 I ExynosCameraBufferManager: [CAM_ID(1)][SCP_BUF]-INFO(dumpBufferInfo[1244]):[m_buffer[7].fd[2]=128] .addr=0xe9718000 .size=32768 .position=0 .permission=1]
10-24 21:48:31.011 3126 28066 I ExynosCameraBufferManager: [CAM_ID(1)][SCP_BUF]-INFO(dumpBufferInfo[1244]):[m_buffer[8].fd[0]=119] .addr=0xe9ee0000 .size=129600 .position=0 .permission=1]
10-24 21:48:31.011 3126 28066 I ExynosCameraBufferManager: [CAM_ID(1)][SCP_BUF]-INFO(dumpBufferInfo[1244]):[m_buffer[8].fd[1]=120] .addr=0xe9ed0000 .size=64800 .position=0 .permission=1]
10-24 21:48:31.011 3126 28066 I ExynosCameraBufferManager: [CAM_ID(1)][SCP_BUF]-INFO(dumpBufferInfo[1244]):[m_buffer[8].fd[2]=129] .addr=0xe9710000 .size=32768 .position=0 .permission=1]
10-24 21:48:31.011 3126 28066 D ExynosCameraBufferManager: [CAM_ID(1)][SCP_BUF]-DEBUG(alloc[228]):------------------------------------------------------------------
10-24 21:48:31.011 3126 28066 D ExynosCameraPipeJpeg: DEBUG:duration time( 4 msec):(alloc)
10-24 21:48:31.011 3126 28066 I ExynosCamera: [CAM_ID(1)][]-INFO(m_setBuffers[15920]):hwPreviewW(480), stride(0)
10-24 21:48:31.011 3126 28066 W ExynosCamera: [CAM_ID(1)][]-WARN(m_setBuffers[15927]):HACK: Invalid stride(0). It will be replaced as hwPreviewW(480) value.
10-24 21:48:31.011 3126 28066 I ExynosCamera: [CAM_ID(1)][]-INFO(m_setBuffers[15965]):alloc buffer done - camera ID: 1
10-24 21:48:31.011 3126 28066 D ExynosCameraPipeJpeg: DEBUG:duration time( 14 msec):(m_setBuffers)
10-24 21:48:31.011 3126 5084 I ExynosCameraMCPipe: [CAM_ID(1)][PIPE_3AA]-INFO(setControl[441]):setControl() is succeed, Pipe(1)
10-24 21:48:31.011 3126 5084 D ExynosCameraFrameFactory: [CAM_ID(1)][ExynosCameraFrameFactory3aaIspTpu]-DEBUG(m_setCreate[104]) setCreate old(false) new(true)
10-24 21:48:31.011 3126 5084 D ExynosCamera: [CAM_ID(1)][]-DEBUG(startPreview):FrameFactory(previewFrameFactory) created
10-24 21:48:31.011 3126 5084 D ExynosCameraMCPipe: [CAM_ID(1)][PIPE_3AA]-DEBUG(setControl[430])
10-24 21:48:31.011 3126 5084 I ExynosCameraMCPipe: [CAM_ID(1)][PIPE_3AA]-INFO(setControl[441]):setControl() is succeed, Pipe(1)
10-24 21:48:31.011 3126 5084 I ExynosCamera: [CAM_ID(1)][]-INFO(m_allocBuffers[16465]):setInfo(planeCount=2, minBufCount=6, maxBufCount=6, type=0, allocMode=0)
10-24 21:48:31.011 3126 5084 D ExynosCameraBufferManager: [CAM_ID(1)][SKIP_BUF]-DEBUG(m_defaultAlloc[957]):duration time( 0 msec):(type=0, bufIndex=0, size=4096)
10-24 21:48:31.011 3126 5084 D ExynosCameraBufferManager: [CAM_ID(1)][SKIP_BUF]-DEBUG(m_defaultAlloc[957]):duration time( 1 msec):(type=0, bufIndex=1, size=4096)
10-24 21:48:31.011 3126 5084 D ExynosCameraBufferManager: [CAM_ID(1)][SKIP_BUF]-DEBUG(m_defaultAlloc[957]):duration time( 0 msec):(type=0, bufIndex=2, size=4096)
10-24 21:48:31.011 3126 5084 D ExynosCameraBufferManager: [CAM_ID(1)][SKIP_BUF]-DEBUG(m_defaultAlloc[957]):duration time( 0 msec):(type=0, bufIndex=3, size=4096)
10-24 21:48:31.011 3126 5084 D ExynosCameraBufferManager: [CAM_ID(1)][SKIP_BUF]-DEBUG(m_defaultAlloc[957]):duration time( 0 msec):(type=0, bufIndex=4, size=4096)
10-24 21:48:31.011 3126 5084 D ExynosCameraBufferManager: [CAM_ID(1)][SKIP_BUF]-DEBUG(m_defaultAlloc[957]):duration time( 0 msec):(type=0, bufIndex=5, size=4096)
10-24 21:48:31.011 3126 5084 D ExynosCameraBufferManager: [CAM_ID(1)][SKIP_BUF]-DEBUG(m_defaultAlloc[977]):Duration time of buffer allocation( 1 msec)
10-24 21:48:31.011 3126 5084 D ExynosCameraBufferManager: [CAM_ID(1)][SKIP_BUF]-DEBUG(m_defaultAlloc[977]):Duration time of buffer allocation( 0 msec)
10-24 21:48:31.011 3126 5084 D ExynosCameraBufferManager: [CAM_ID(1)][SKIP_BUF]-DEBUG(alloc[225]):Allocate the buffer succeeded (m_allocatedBufCount=6, m_reqBufCount=6, m_allowedMaxBufCount=6) --- dumpBufferInfo ---
10-24 21:48:31.011 3126 5084 I ExynosCameraBufferManager: [CAM_ID(1)][SKIP_BUF]-INFO(dumpBufferInfo[1244]):[m_buffer[0].fd[0]=130] .addr=0x0 .size=4096 .position=0 .permission=1]
10-24 21:48:31.011 3126 5084 I ExynosCameraBufferManager: [CAM_ID(1)][SKIP_BUF]-INFO(dumpBufferInfo[1244]):[m_buffer[0].fd[1]=136] .addr=0xe9708000 .size=32768 .position=0 .permission=1]
10-24 21:48:31.011 3126 5084 I ExynosCameraBufferManager: [CAM_ID(1)][SKIP_BUF]-INFO(dumpBufferInfo[1244]):[m_buffer[1].fd[0]=131] .addr=0x0 .size=4096 .position=0 .permission=1]
10-24 21:48:31.011 3126 5084 I ExynosCameraBufferManager: [CAM_ID(1)][SKIP_BUF]-INFO(dumpBufferInfo[1244]):[m_buffer[1].fd[1]=137] .addr=0xe9700000 .size=32768 .position=0 .permission=1]
10-24 21:48:31.011 3126 5084 I ExynosCameraBufferManager: [CAM_ID(1)][SKIP_BUF]-INFO(dumpBufferInfo[1244]):[m_buffer[2].fd[0]=132] .addr=0x0 .size=4096 .position=0 .permission=1]
10-24 21:48:31.011 3126 5084 I ExynosCameraBufferManager: [CAM_ID(1)][SKIP_BUF]-INFO(dumpBufferInfo[1244]):[m_buffer[2].fd[1]=138] .addr=0xe94ba000 .size=32768 .position=0 .permission=1]
10-24 21:48:31.011 3126 5084 I ExynosCameraBufferManager: [CAM_ID(1)][SKIP_BUF]-INFO(dumpBufferInfo[1244]):[m_buffer[3].fd[0]=133] .addr=0x0 .size=4096 .position=0 .permission=1]
10-24 21:48:31.011 3126 5084 I ExynosCameraBufferManager: [CAM_ID(1)][SKIP_BUF]-INFO(dumpBufferInfo[1244]):[m_buffer[3].fd[1]=139] .addr=0xe94b2000 .size=32768 .position=0 .permission=1]
10-24 21:48:31.011 3126 5084 I ExynosCameraBufferManager: [CAM_ID(1)][SKIP_BUF]-INFO(dumpBufferInfo[1244]):[m_buffer[4].fd[0]=134] .addr=0x0 .size=4096 .position=0 .permission=1]
10-24 21:48:31.011 3126 5084 I ExynosCameraBufferManager: [CAM_ID(1)][SKIP_BUF]-INFO(dumpBufferInfo[1244]):[m_buffer[4].fd[1]=140] .addr=0xe94aa000 .size=32768 .position=0 .permission=1]
10-24 21:48:31.011 3126 5084 I ExynosCameraBufferManager: [CAM_ID(1)][SKIP_BUF]-INFO(dumpBufferInfo[1244]):[m_buffer[5].fd[0]=135] .addr=0x0 .size=4096 .position=0 .permission=1]
10-24 21:48:31.011 3126 5084 I ExynosCameraBufferManager: [CAM_ID(1)][SKIP_BUF]-INFO(dumpBufferInfo[1244]):[m_buffer[5].fd[1]=141] .addr=0xe94a2000 .size=32768 .position=0 .permission=1]
10-24 21:48:31.011 3126 5084 D ExynosCameraBufferManager: [CAM_ID(1)][SKIP_BUF]-DEBUG(alloc[228]):------------------------------------------------------------------
10-24 21:48:31.011 3126 5084 D ExynosCameraPipeJpeg: DEBUG:duration time( 1 msec):(alloc)
10-24 21:48:31.011 3126 5084 I ExynosCameraFrameFactoryPreview: [CAM_ID(1)][ExynosCameraFrameFactory3aaIspTpu]-INFO(fastenAeStable[567]): Start
10-24 21:48:31.011 3126 5084 D ExynosCameraFrameFactory3aaIspTpu: [CAM_ID(1)][ExynosCameraFrameFactory3aaIspTpu]-DEBUG(m_updateNodeInfo[1026]):
10-24 21:48:31.011 3126 5084 D ExynosCameraFrameFactory3aaIspTpu: [CAM_ID(1)][ExynosCameraFrameFactory3aaIspTpu]-DEBUG(m_updateNodeInfo[1055]): group migration is already done, use preset
10-24 21:48:31.011 3126 5084 D ExynosCameraMCPipe: [CAM_ID(1)][PIPE_3AA]-DEBUG(setNodeInfos[1067]):setNodeInfos flagReset(false)
10-24 21:48:31.011 3126 5084 D ExynosCameraFrameFactory3aaIspTpu: [CAM_ID(1)][ExynosCameraFrameFactory3aaIspTpu]-DEBUG(m_dumpNodeInfo[1153]): m_updateVideoNode PIPE_3AA mainNode[0] = 110 0xebcfc800
10-24 21:48:31.011 3126 5084 D ExynosCameraFrameFactory3aaIspTpu: [CAM_ID(1)][ExynosCameraFrameFactory3aaIspTpu]-DEBUG(m_dumpNodeInfo[1153]): m_updateVideoNode PIPE_3AA mainNode[1] = 111 0xebcfdc00
10-24 21:48:31.011 3126 5084 D ExynosCameraFrameFactory3aaIspTpu: [CAM_ID(1)][ExynosCameraFrameFactory3aaIspTpu]-DEBUG(m_dumpNodeInfo[1153]): m_updateVideoNode PIPE_3AA mainNode[2] = 112 0xec98d000
10-24 21:48:31.011 3126 5084 D ExynosCameraMCPipe: [CAM_ID(1)][PIPE_ISP]-DEBUG(setNodeInfos[1067]):setNodeInfos flagReset(false)
10-24 21:48:31.011 3126 5084 D ExynosCameraFrameFactory3aaIspTpu: [CAM_ID(1)][ExynosCameraFrameFactory3aaIspTpu]-DEBUG(m_dumpNodeInfo[1153]): m_updateVideoNode PIPE_ISP mainNode[0] = 130 0xed3d7800
10-24 21:48:31.011 3126 5084 D ExynosCameraFrameFactory3aaIspTpu: [CAM_ID(1)][ExynosCameraFrameFactory3aaIspTpu]-DEBUG(m_dumpNodeInfo[1157]): m_updateVideoNode PIPE_ISP secondaryNode[3] = 132 0xebcfb400
10-24 21:48:31.011 3126 5084 D ExynosCameraFrameFactory3aaIspTpu: [CAM_ID(1)][ExynosCameraFrameFactory3aaIspTpu]-DEBUG(m_dumpNodeInfo[1153]): m_updateVideoNode PIPE_ISP mainNode[5] = 152 0xebcfa000
10-24 21:48:31.011 3126 5084 D ExynosCameraMCPipe: [CAM_ID(1)][PIPE_DIS]-DEBUG(setNodeInfos[1067]):setNodeInfos flagReset(false)
10-24 21:48:31.011 3126 5084 D ExynosCameraFrameFactory3aaIspTpu: [CAM_ID(1)][ExynosCameraFrameFactory3aaIspTpu]-DEBUG(m_dumpNodeInfo[1157]): m_updateVideoNode PIPE_DIS secondaryNode[11] = 150 0xec98e400
10-24 21:48:31.011 3126 5084 I ExynosCameraFrameFactoryPreview: [CAM_ID(1)][ExynosCameraFrameFactory3aaIspTpu]-INFO(fastenAeStable[627]): hwSensorSize(652x488)
10-24 21:48:31.011 3126 5084 I ExynosCameraFrameFactoryPreview: [CAM_ID(1)][ExynosCameraFrameFactory3aaIspTpu]-INFO(fastenAeStable[639]:set framerate (denominator=112)
10-24 21:48:31.011 3126 5084 D ExynosCameraPipe: [CAM_ID(1)][PIPE_FLITE]-DEBUG(setParam[506])
10-24 21:48:31.011 3126 5084 D ExynosCameraPipeFlite: [CAM_ID(1)][PIPE_FLITE]-DEBUG(setupPipe[218])
10-24 21:48:31.011 3126 5084 D ExynosCameraPipeFlite: [CAM_ID(1)][PIPE_FLITE]-DEBUG(setupPipe[227]):set new sensorIds
10-24 21:48:31.011 3126 5084 D ExynosCameraPipeFlite: [CAM_ID(1)][PIPE_FLITE]-DEBUG(m_setPipeInfo[192])
10-24 21:48:31.011 3126 5084 D ExynosCameraPipe: [CAM_ID(1)][PIPE_FLITE]-DEBUG(m_setNodeInfo[1435])
10-24 21:48:31.011 3126 5084 D ExynosCameraPipe: [CAM_ID(1)][PIPE_FLITE]-DEBUG(m_setNodeInfo[1513]): set pipeInfos on FLITE : setFormat(652, 488) and reqBuffers(6).
10-24 21:48:31.011 3126 5084 D ExynosCameraNode: [CAM_ID(1)][FLITE]-DEBUG(setSize[372]):w (652) h (488)
10-24 21:48:31.011 3126 5084 D ExynosCameraNode: [CAM_ID(1)][FLITE]-DEBUG(m_setFmt[1043]):type 9, 652 x 488, format 842090306, yuvRange 7
10-24 21:48:31.011 3126 5084 I ExynosCameraPipeFlite: [CAM_ID(1)][PIPE_FLITE]-INFO(setupPipe[253]):setupPipe() is succeed (0) setupPipe (3)
10-24 21:48:31.011 3126 5084 D ExynosCameraPipe: [CAM_ID(1)][PIPE_FLITE]-DEBUG(setControl[470])
10-24 21:48:31.011 3126 5084 I ExynosCameraFrameFactory3aaIspTpu: [CAM_ID(1)][ExynosCameraFrameFactory3aaIspTpu]-INFO(m_setDeviceInfo[137])
10-24 21:48:31.011 3126 5084 D ExynosCameraMCPipe: [CAM_ID(1)][PIPE_3AA]-DEBUG(setPipeId[961]):nodeType(0), id(1)
10-24 21:48:31.011 3126 5084 D ExynosCameraMCPipe: [CAM_ID(1)][PIPE_3AA]-DEBUG(setPipeId[961]):nodeType(1), id(2)
10-24 21:48:31.011 3126 5084 D ExynosCameraMCPipe: [CAM_ID(1)][PIPE_3AA]-DEBUG(setPipeId[961]):nodeType(2), id(3)
10-24 21:48:31.011 3126 5084 D ExynosCameraMCPipe: [CAM_ID(1)][PIPE_3AA]-DEBUG(setPipeId[961]):nodeType(3), id(-1)
10-24 21:48:31.011 3126 5084 D ExynosCameraMCPipe: [CAM_ID(1)][PIPE_3AA]-DEBUG(setPipeId[961]):nodeType(4), id(-1)
10-24 21:48:31.011 3126 5084 D ExynosCameraMCPipe: [CAM_ID(1)][PIPE_3AA]-DEBUG(setPipeId[961]):nodeType(5), id(-1)
10-24 21:48:31.011 3126 5084 D ExynosCameraMCPipe: [CAM_ID(1)][PIPE_3AA]-DEBUG(setPipeId[961]):nodeType(6), id(-1)
10-24 21:48:31.011 3126 5084 D ExynosCameraMCPipe: [CAM_ID(1)][PIPE_3AA]-DEBUG(setPipeId[961]):nodeType(7), id(-1)
10-24 21:48:31.011 3126 5084 D ExynosCameraMCPipe: [CAM_ID(1)][PIPE_3AA]-DEBUG(setPipeId[961]):nodeType(8), id(-1)
10-24 21:48:31.011 3126 5084 D ExynosCameraMCPipe: [CAM_ID(1)][PIPE_3AA]-DEBUG(setPipeId[961]):nodeType(9), id(-1)
10-24 21:48:31.011 3126 5084 D ExynosCameraMCPipe: [CAM_ID(1)][PIPE_3AA]-DEBUG(setPipeId[961]):nodeType(10), id(-1)
10-24 21:48:31.011 3126 5084 D ExynosCameraMCPipe: [CAM_ID(1)][PIPE_3AA]-DEBUG(setPipeId[961]):nodeType(11), id(-1)
10-24 21:48:31.011 3126 5084 D ExynosCameraMCPipe: [CAM_ID(1)][PIPE_3AA]-DEBUG(setPipeId[961]):nodeType(12), id(-1)
10-24 21:48:31.011 3126 5084 D ExynosCameraMCPipe: [CAM_ID(1)][PIPE_3AA]-DEBUG(setPipeId[961]):nodeType(13), id(-1)
10-24 21:48:31.011 3126 5084 D ExynosCameraMCPipe: [CAM_ID(1)][PIPE_3AA]-DEBUG(setPipeId[961]):nodeType(14), id(-1)
10-24 21:48:31.011 3126 5084 D ExynosCameraMCPipe: [CAM_ID(1)][PIPE_3AA]-DEBUG(setPipeId[961]):nodeType(15), id(-1)
10-24 21:48:31.011 3126 5084 D ExynosCameraMCPipe: [CAM_ID(1)][PIPE_3AA]-DEBUG(setupPipe[153])
10-24 21:48:31.011 3126 5084 D ExynosCameraMCPipe: [CAM_ID(1)][PIPE_3AA]-DEBUG(setupPipe[163]):set new sensorIds
10-24 21:48:31.011 3126 5084 D ExynosCameraMCPipe: [CAM_ID(1)][PIPE_3AA]-DEBUG(m_setInput[2375]): setInput(sensorIds : 1376529) [src nodeNum : 101][nodeNums : 110][otf : 1][leader : 1][reprocessing : 0][unique sensorId : 21]
10-24 21:48:31.011 3126 5084 D ExynosCameraMCPipe: [CAM_ID(1)][PIPE_3AA]-DEBUG(m_setInput[2375]): setInput(sensorIds : 1378816) [src nodeNum : 110][nodeNums : 111][otf : 0][leader : 0][reprocessing : 0][unique sensorId : 21]
10-24 21:48:31.011 3126 5084 D ExynosCameraMCPipe: [CAM_ID(1)][PIPE_3AA]-DEBUG(m_setInput[2375]): setInput(sensorIds : 1378816) [src nodeNum : 110][nodeNums : 112][otf : 0][leader : 0][reprocessing : 0][unique sensorId : 21]
10-24 21:48:31.011 3126 5084 D ExynosCameraMCPipe: [CAM_ID(1)][PIPE_3AA]-DEBUG(m_setPipeInfo[2396])
10-24 21:48:31.011 3126 5084 D ExynosCameraMCPipe: [CAM_ID(1)][PIPE_3AA]-DEBUG(m_setNodeInfo[2469])
10-24 21:48:31.011 3126 5084 D ExynosCameraMCPipe: [CAM_ID(1)][PIPE_3AA]-DEBUG(m_setNodeInfo[2549]):set pipeInfos on 3AA_OUTPUT, setFormat(32, 64) and reqBuffers(6)
10-24 21:48:31.011 3126 5084 D ExynosCameraNode: [CAM_ID(1)][3AA_OUTPUT]-DEBUG(setSize[372]):w (32) h (64)
10-24 21:48:31.011 3126 5084 W ExynosCameraNode: [CAM_ID(1)][3AA_OUTPUT]-WARN(setFormat[672]):name(3AA_OUTPUT) fd 87, bytesperline(0) < width(32), height(64)
10-24 21:48:31.011 3126 5084 D ExynosCameraNode: [CAM_ID(1)][3AA_OUTPUT]-DEBUG(m_setFmt[1043]):type 10, 32 x 64, format 842090306, yuvRange 7
10-24 21:48:31.011 3126 5084 D ExynosCameraMCPipe: [CAM_ID(1)][PIPE_3AA]-DEBUG(m_setNodeInfo[2469])
10-24 21:48:31.011 3126 5084 D ExynosCameraMCPipe: [CAM_ID(1)][PIPE_3AA]-DEBUG(m_setNodeInfo[2549]):set pipeInfos on 3AA_CAPTURE, setFormat(652, 652) and reqBuffers(6)
10-24 21:48:31.011 3126 5084 D ExynosCameraNode: [CAM_ID(1)][3AA_CAPTURE]-DEBUG(setSize[372]):w (652) h (652)
10-24 21:48:31.011 3126 5084 W ExynosCameraNode: [CAM_ID(1)][3AA_CAPTURE]-WARN(setFormat[672]):name(3AA_CAPTURE) fd 90, bytesperline(0) < width(652), height(652)
10-24 21:48:31.011 3126 5084 D ExynosCameraNode: [CAM_ID(1)][3AA_CAPTURE]-DEBUG(m_setFmt[1043]):type 9, 652 x 652, format 842090306, yuvRange 7
10-24 21:48:31.011 3126 5084 D ExynosCameraMCPipe: [CAM_ID(1)][PIPE_3AA]-DEBUG(m_setNodeInfo[2469])
10-24 21:48:31.011 3126 5084 D ExynosCameraMCPipe: [CAM_ID(1)][PIPE_3AA]-DEBUG(m_setNodeInfo[2549]):set pipeInfos on 3AA_PREVIEW, setFormat(624, 468) and reqBuffers(6)
10-24 21:48:31.011 3126 5084 D ExynosCameraNode: [CAM_ID(1)][3AA_PREVIEW]-DEBUG(setSize[372]):w (624) h (468)
10-24 21:48:31.011 3126 5084 D ExynosCameraNode: [CAM_ID(1)][3AA_PREVIEW]-DEBUG(m_setFmt[1043]):type 9, 624 x 468, format 842090306, yuvRange 7
10-24 21:48:31.011 3126 5084 I ExynosCameraMCPipe: [CAM_ID(1)][PIPE_3AA]-INFO(setupPipe[224]):setupPipe() is succeed, Pipe(1), prepare(3)
10-24 21:48:31.011 3126 5084 D ExynosCameraMCPipe: [CAM_ID(1)][PIPE_ISP]-DEBUG(setPipeId[961]):nodeType(0), id(4)
10-24 21:48:31.011 3126 5084 D ExynosCameraMCPipe: [CAM_ID(1)][PIPE_ISP]-DEBUG(setPipeId[961]):nodeType(1), id(-1)
10-24 21:48:31.011 3126 5084 D ExynosCameraMCPipe: [CAM_ID(1)][PIPE_ISP]-DEBUG(setPipeId[961]):nodeType(2), id(-1)
10-24 21:48:31.011 3126 5084 D ExynosCameraMCPipe: [CAM_ID(1)][PIPE_ISP]-DEBUG(setPipeId[961]):nodeType(3), id(6)
10-24 21:48:31.011 3126 5084 D ExynosCameraMCPipe: [CAM_ID(1)][PIPE_ISP]-DEBUG(setPipeId[961]):nodeType(4), id(-1)
10-24 21:48:31.011 3126 5084 D ExynosCameraMCPipe: [CAM_ID(1)][PIPE_ISP]-DEBUG(setPipeId[961]):nodeType(5), id(7)
10-24 21:48:31.011 3126 5084 D ExynosCameraMCPipe: [CAM_ID(1)][PIPE_ISP]-DEBUG(setPipeId[961]):nodeType(6), id(-1)
10-24 21:48:31.011 3126 5084 D ExynosCameraMCPipe: [CAM_ID(1)][PIPE_ISP]-DEBUG(setPipeId[961]):nodeType(7), id(-1)
10-24 21:48:31.011 3126 5084 D ExynosCameraMCPipe: [CAM_ID(1)][PIPE_ISP]-DEBUG(setPipeId[961]):nodeType(8), id(-1)
10-24 21:48:31.011 3126 5084 D ExynosCameraMCPipe: [CAM_ID(1)][PIPE_ISP]-DEBUG(setPipeId[961]):nodeType(9), id(-1)
10-24 21:48:31.011 3126 5084 D ExynosCameraMCPipe: [CAM_ID(1)][PIPE_ISP]-DEBUG(setPipeId[961]):nodeType(10), id(-1)
10-24 21:48:31.011 3126 5084 D ExynosCameraMCPipe: [CAM_ID(1)][PIPE_ISP]-DEBUG(setPipeId[961]):nodeType(11), id(-1)
10-24 21:48:31.011 3126 5084 D ExynosCameraMCPipe: [CAM_ID(1)][PIPE_ISP]-DEBUG(setPipeId[961]):nodeType(12), id(-1)
10-24 21:48:31.011 3126 5084 D ExynosCameraMCPipe: [CAM_ID(1)][PIPE_ISP]-DEBUG(setPipeId[961]):nodeType(13), id(-1)
10-24 21:48:31.011 3126 5084 D ExynosCameraMCPipe: [CAM_ID(1)][PIPE_ISP]-DEBUG(setPipeId[961]):nodeType(14), id(-1)
10-24 21:48:31.011 3126 5084 D ExynosCameraMCPipe: [CAM_ID(1)][PIPE_ISP]-DEBUG(setPipeId[961]):nodeType(15), id(-1)
10-24 21:48:31.011 3126 5084 D ExynosCameraMCPipe: [CAM_ID(1)][PIPE_ISP]-DEBUG(setupPipe[153])
10-24 21:48:31.011 3126 5084 D ExynosCameraMCPipe: [CAM_ID(1)][PIPE_ISP]-DEBUG(setupPipe[163]):set new sensorIds
10-24 21:48:31.011 3126 5084 D ExynosCameraMCPipe: [CAM_ID(1)][PIPE_ISP]-DEBUG(setupPipe[169]):set new ispSensorIds
10-24 21:48:31.011 3126 5084 D ExynosCameraMCPipe: [CAM_ID(1)][PIPE_ISP]-DEBUG(m_setInput[2375]): setInput(sensorIds : 1379328) [src nodeNum : 112][nodeNums : 130][otf : 0][leader : 0][reprocessing : 0][unique sensorId : 21]
10-24 21:48:31.011 3126 5084 D ExynosCameraMCPipe: [CAM_ID(1)][PIPE_ISP]-DEBUG(m_setInput[2375]): setInput(sensorIds : 1384464) [src nodeNum : 132][nodeNums : 152][otf : 1][leader : 0][reprocessing : 0][unique sensorId : 21]
10-24 21:48:31.011 3126 5084 D ExynosCameraMCPipe: [CAM_ID(1)][PIPE_ISP]-DEBUG(m_setInput[2375]): setInput(sensorIds : 1383952) [src nodeNum : 130][nodeNums : 132][otf : 1][leader : 0][reprocessing : 0][unique sensorId : 21]
10-24 21:48:31.011 3126 5084 D ExynosCameraMCPipe: [CAM_ID(1)][PIPE_ISP]-DEBUG(m_setPipeInfo[2396])
10-24 21:48:31.011 3126 5084 D ExynosCameraMCPipe: [CAM_ID(1)][PIPE_ISP]-DEBUG(m_setNodeInfo[2469])
10-24 21:48:31.011 3126 5084 D ExynosCameraMCPipe: [CAM_ID(1)][PIPE_ISP]-DEBUG(m_setNodeInfo[2549]):set pipeInfos on ISP_OUTPUT, setFormat(624, 468) and reqBuffers(6)
10-24 21:48:31.011 3126 5084 D ExynosCameraNode: [CAM_ID(1)][ISP_OUTPUT]-DEBUG(setSize[372]):w (624) h (468)
10-24 21:48:31.011 3126 5084 W ExynosCameraNode: [CAM_ID(1)][ISP_OUTPUT]-WARN(setFormat[672]):name(ISP_OUTPUT) fd 72, bytesperline(0) < width(624), height(468)
10-24 21:48:31.011 3126 5084 D ExynosCameraNode: [CAM_ID(1)][ISP_OUTPUT]-DEBUG(m_setFmt[1043]):type 10, 624 x 468, format 842090306, yuvRange 7
10-24 21:48:31.011 3126 5084 D ExynosCameraMCPipe: [CAM_ID(1)][PIPE_ISP]-DEBUG(m_setNodeInfo[2469])
10-24 21:48:31.011 3126 5084 D ExynosCameraMCPipe: [CAM_ID(1)][PIPE_ISP]-DEBUG(m_setNodeInfo[2549]):set pipeInfos on SCP_PREVIEW, setFormat(624, 468) and reqBuffers(9)
10-24 21:48:31.011 3126 5084 D ExynosCameraNode: [CAM_ID(1)][SCP_PREVIEW]-DEBUG(setSize[372]):w (624) h (468)
10-24 21:48:31.011 3126 5084 D ExynosCameraNode: [CAM_ID(1)][SCP_PREVIEW]-DEBUG(m_setFmt[1043]):type 9, 624 x 468, format 825380174, yuvRange 7
10-24 21:48:31.011 3126 5084 I ExynosCameraMCPipe: [CAM_ID(1)][PIPE_ISP]-INFO(setupPipe[224]):setupPipe() is succeed, Pipe(4), prepare(0)
10-24 21:48:31.011 3126 5084 D ExynosCameraMCPipe: [CAM_ID(1)][PIPE_DIS]-DEBUG(setPipeId[961]):nodeType(0), id(-1)
10-24 21:48:31.011 3126 5084 D ExynosCameraMCPipe: [CAM_ID(1)][PIPE_DIS]-DEBUG(setPipeId[961]):nodeType(1), id(-1)
10-24 21:48:31.011 3126 5084 D ExynosCameraMCPipe: [CAM_ID(1)][PIPE_DIS]-DEBUG(setPipeId[961]):nodeType(2), id(-1)
10-24 21:48:31.011 3126 5084 D ExynosCameraMCPipe: [CAM_ID(1)][PIPE_DIS]-DEBUG(setPipeId[961]):nodeType(3), id(-1)
10-24 21:48:31.011 3126 5084 D ExynosCameraMCPipe: [CAM_ID(1)][PIPE_DIS]-DEBUG(setPipeId[961]):nodeType(4), id(-1)
10-24 21:48:31.011 3126 5084 D ExynosCameraMCPipe: [CAM_ID(1)][PIPE_DIS]-DEBUG(setPipeId[961]):nodeType(5), id(-1)
10-24 21:48:31.011 3126 5084 D ExynosCameraMCPipe: [CAM_ID(1)][PIPE_DIS]-DEBUG(setPipeId[961]):nodeType(6), id(-1)
10-24 21:48:31.011 3126 5084 D ExynosCameraMCPipe: [CAM_ID(1)][PIPE_DIS]-DEBUG(setPipeId[961]):nodeType(7), id(-1)
10-24 21:48:31.011 3126 5084 D ExynosCameraMCPipe: [CAM_ID(1)][PIPE_DIS]-DEBUG(setPipeId[961]):nodeType(8), id(-1)
10-24 21:48:31.011 3126 5084 D ExynosCameraMCPipe: [CAM_ID(1)][PIPE_DIS]-DEBUG(setPipeId[961]):nodeType(9), id(-1)
10-24 21:48:31.011 3126 5084 D ExynosCameraMCPipe: [CAM_ID(1)][PIPE_DIS]-DEBUG(setPipeId[961]):nodeType(10), id(-1)
10-24 21:48:31.011 3126 5084 D ExynosCameraMCPipe: [CAM_ID(1)][PIPE_DIS]-DEBUG(setPipeId[961]):nodeType(11), id(10)
10-24 21:48:31.011 3126 5084 D ExynosCameraMCPipe: [CAM_ID(1)][PIPE_DIS]-DEBUG(setPipeId[961]):nodeType(12), id(-1)
10-24 21:48:31.011 3126 5084 D ExynosCameraMCPipe: [CAM_ID(1)][PIPE_DIS]-DEBUG(setPipeId[961]):nodeType(13), id(-1)
10-24 21:48:31.011 3126 5084 D ExynosCameraMCPipe: [CAM_ID(1)][PIPE_DIS]-DEBUG(setPipeId[961]):nodeType(14), id(-1)
10-24 21:48:31.011 3126 5084 D ExynosCameraMCPipe: [CAM_ID(1)][PIPE_DIS]-DEBUG(setPipeId[961]):nodeType(15), id(-1)
10-24 21:48:31.011 3126 5084 D ExynosCameraMCPipe: [CAM_ID(1)][PIPE_DIS]-DEBUG(setupPipe[153])
10-24 21:48:31.011 3126 5084 D ExynosCameraMCPipe: [CAM_ID(1)][PIPE_DIS]-DEBUG(setupPipe[163]):set new sensorIds
10-24 21:48:31.011 3126 5084 D ExynosCameraMCPipe: [CAM_ID(1)][PIPE_DIS]-DEBUG(setupPipe[169]):set new ispSensorIds
10-24 21:48:31.011 3126 5084 D ExynosCameraMCPipe: [CAM_ID(1)][PIPE_DIS]-DEBUG(m_setInput[2375]): setInput(sensorIds : 1384464) [src nodeNum : 132][nodeNums : 150][otf : 1][leader : 0][reprocessing : 0][unique sensorId : 21]
10-24 21:48:31.021 3520 4089 D lights : button : 0 -
10-24 21:48:31.071 3126 5084 D ExynosCameraMCPipe: [CAM_ID(1)][PIPE_DIS]-DEBUG(m_setPipeInfo[2396])
10-24 21:48:31.071 3126 5084 I ExynosCameraMCPipe: [CAM_ID(1)][PIPE_DIS]-INFO(setupPipe[224]):setupPipe() is succeed, Pipe(-1), prepare(-349990908)
10-24 21:48:31.071 3126 5084 I ExynosCameraUtils: INFO(setMetaCtlAeTargetFpsRange):aeTargetFpsRange(min=112, min=112)
10-24 21:48:31.071 3126 5084 D ExynosCameraFrameFactoryPreview: [CAM_ID(1)][ExynosCameraFrameFactory3aaIspTpu]-DEBUG(fastenAeStable[779]): Instant shot - FD(130, 136)
10-24 21:48:31.071 3126 5084 D ExynosCameraActivityAutofocus: DEBUG(t_func3ABefore[226]):AF-Mode(HAL/FW)=(2/2(0)) AF-Region(x1,y1,x2,y2,weight)=(0, 0, 0, 0, 1000)
10-24 21:48:31.071 3126 5084 I ExynosCameraUtils: INFO(setMetaCtlAeTargetFpsRange):aeTargetFpsRange(min=112, min=112)
10-24 21:48:31.071 3126 5084 D ExynosCameraFrameFactoryPreview: [CAM_ID(1)][ExynosCameraFrameFactory3aaIspTpu]-DEBUG(fastenAeStable[779]): Instant shot - FD(131, 137)
10-24 21:48:31.081 3126 5084 I ExynosCameraUtils: INFO(setMetaCtlAeTargetFpsRange):aeTargetFpsRange(min=112, min=112)
10-24 21:48:31.081 3126 5084 D ExynosCameraFrameFactoryPreview: [CAM_ID(1)][ExynosCameraFrameFactory3aaIspTpu]-DEBUG(fastenAeStable[779]): Instant shot - FD(132, 138)
10-24 21:48:31.081 3126 5084 I ExynosCameraUtils: INFO(setMetaCtlAeTargetFpsRange):aeTargetFpsRange(min=112, min=112)
10-24 21:48:31.081 3126 5084 D ExynosCameraFrameFactoryPreview: [CAM_ID(1)][ExynosCameraFrameFactory3aaIspTpu]-DEBUG(fastenAeStable[779]): Instant shot - FD(133, 139)
10-24 21:48:31.081 3126 5084 I ExynosCameraUtils: INFO(setMetaCtlAeTargetFpsRange):aeTargetFpsRange(min=112, min=112)
10-24 21:48:31.081 3126 5084 D ExynosCameraFrameFactoryPreview: [CAM_ID(1)][ExynosCameraFrameFactory3aaIspTpu]-DEBUG(fastenAeStable[779]): Instant shot - FD(134, 140)
10-24 21:48:31.081 3126 5084 I ExynosCameraUtils: INFO(setMetaCtlAeTargetFpsRange):aeTargetFpsRange(min=112, min=112)
10-24 21:48:31.081 3126 5084 D ExynosCameraFrameFactoryPreview: [CAM_ID(1)][ExynosCameraFrameFactory3aaIspTpu]-DEBUG(fastenAeStable[779]): Instant shot - FD(135, 141)
10-24 21:48:31.081 3126 5084 D ExynosCameraPipe: [CAM_ID(1)][PIPE_FLITE]-DEBUG(instantOn[537])
10-24 21:48:31.081 3126 5084 D ExynosCameraMCPipe: [CAM_ID(1)][PIPE_ISP]-DEBUG(start[255])
10-24 21:48:31.081 3126 5084 D ExynosCameraMCPipe: [CAM_ID(1)][PIPE_ISP]-DEBUG(m_startNode[2737])
10-24 21:48:31.081 3126 5084 I ExynosCameraMCPipe: [CAM_ID(1)][PIPE_ISP]-INFO(start[271]):start() is succeed, Pipe(4)
10-24 21:48:31.081 3126 5084 D ExynosCameraMCPipe: [CAM_ID(1)][PIPE_3AA]-DEBUG(instantOn[554])
10-24 21:48:31.081 3126 5084 D ExynosCameraMCPipe: [CAM_ID(1)][PIPE_3AA]-DEBUG(instantOn[602]):Put instantOn Buffer (index 0)
10-24 21:48:31.081 3126 5084 D ExynosCameraMCPipe: [CAM_ID(1)][PIPE_3AA]-DEBUG(instantOn[602]):Put instantOn Buffer (index 1)
10-24 21:48:31.081 3126 5084 D ExynosCameraMCPipe: [CAM_ID(1)][PIPE_3AA]-DEBUG(instantOn[602]):Put instantOn Buffer (index 2)
10-24 21:48:31.081 3126 5084 D ExynosCameraMCPipe: [CAM_ID(1)][PIPE_3AA]-DEBUG(instantOn[602]):Put instantOn Buffer (index 3)
10-24 21:48:31.091 3126 5084 D ExynosCameraMCPipe: [CAM_ID(1)][PIPE_3AA]-DEBUG(instantOn[602]):Put instantOn Buffer (index 4)
10-24 21:48:31.091 3126 5084 D ExynosCameraMCPipe: [CAM_ID(1)][PIPE_3AA]-DEBUG(instantOn[602]):Put instantOn Buffer (index 5)
10-24 21:48:31.091 3126 5084 I ExynosCameraMCPipe: [CAM_ID(1)][PIPE_3AA]-INFO(instantOn[617]):instantOn() is succeed, Pipe(1), Frames(6)
10-24 21:48:31.091 3126 5084 D ExynosCameraPipe: [CAM_ID(1)][PIPE_FLITE]-DEBUG(setControl[470])
10-24 21:48:31.181 3126 5084 D ExynosCameraMCPipe: [CAM_ID(1)][PIPE_3AA]-DEBUG(forceDone[409])
10-24 21:48:31.181 3126 5084 D ExynosCameraMCPipe: [CAM_ID(1)][PIPE_3AA]-DEBUG(m_forceDone[2691])
10-24 21:48:31.181 3126 5084 I ExynosCameraMCPipe: [CAM_ID(1)][PIPE_3AA]-INFO(forceDone[423]):forceDone() is succeed, Pipe(1)
10-24 21:48:31.181 3126 5084 D ExynosCameraMCPipe: [CAM_ID(1)][PIPE_3AA]-DEBUG(instantOff[845])
10-24 21:48:31.191 3126 5084 I ExynosCameraMCPipe: [CAM_ID(1)][PIPE_3AA]-INFO(instantOff[866]):instantOff() is succeed, Pipe(1)
10-24 21:48:31.191 3126 5084 D ExynosCameraMCPipe: [CAM_ID(1)][PIPE_ISP]-DEBUG(stop[278])
10-24 21:48:31.191 3126 5084 D ExynosCameraMCPipe: [CAM_ID(1)][PIPE_ISP]-DEBUG(m_stopNode[2758])
10-24 21:48:31.191 3126 5084 D ExynosCameraMCPipe: [CAM_ID(1)][PIPE_ISP]-DEBUG(stop[290]):Thread exited
10-24 21:48:31.191 3126 5084 I ExynosCameraMCPipe: [CAM_ID(1)][PIPE_ISP]-INFO(stop[311]):stop() is succeed, Pipe(4)
10-24 21:48:31.191 3126 5084 I ExynosCameraFrameFactoryPreview: [CAM_ID(1)][ExynosCameraFrameFactory3aaIspTpu]-INFO(fastenAeStable[862]:set framerate (denominator=112)
10-24 21:48:31.191 3126 5084 D ExynosCameraPipe: [CAM_ID(1)][PIPE_FLITE]-DEBUG(setParam[506])
10-24 21:48:31.191 3126 5084 I ExynosCameraFrameFactoryPreview: [CAM_ID(1)][ExynosCameraFrameFactory3aaIspTpu]-INFO(fastenAeStable[890]): Done
10-24 21:48:31.191 3126 5084 D ExynosCameraBufferManager: [CAM_ID(1)][SKIP_BUF]-DEBUG(deinit[116]):IN..
10-24 21:48:31.191 3126 5084 D ExynosCameraBufferManager: [CAM_ID(1)][SKIP_BUF]-DEBUG(m_free[252]):Free the buffer (m_allocatedBufCount=6) --- dumpBufferInfo ---
10-24 21:48:31.191 3126 5084 I ExynosCameraBufferManager: [CAM_ID(1)][SKIP_BUF]-INFO(dumpBufferInfo[1244]):[m_buffer[0].fd[0]=130] .addr=0x0 .size=4096 .position=0 .permission=1]
10-24 21:48:31.191 3126 5084 I ExynosCameraBufferManager: [CAM_ID(1)][SKIP_BUF]-INFO(dumpBufferInfo[1244]):[m_buffer[0].fd[1]=136] .addr=0xe9708000 .size=32768 .position=0 .permission=1]
10-24 21:48:31.191 3126 5084 I ExynosCameraBufferManager: [CAM_ID(1)][SKIP_BUF]-INFO(dumpBufferInfo[1244]):[m_buffer[1].fd[0]=131] .addr=0x0 .size=4096 .position=0 .permission=1]
10-24 21:48:31.191 3126 5084 I ExynosCameraBufferManager: [CAM_ID(1)][SKIP_BUF]-INFO(dumpBufferInfo[1244]):[m_buffer[1].fd[1]=137] .addr=0xe9700000 .size=32768 .position=0 .permission=1]
10-24 21:48:31.191 3126 5084 I ExynosCameraBufferManager: [CAM_ID(1)][SKIP_BUF]-INFO(dumpBufferInfo[1244]):[m_buffer[2].fd[0]=132] .addr=0x0 .size=4096 .position=0 .permission=1]
10-24 21:48:31.191 3126 5084 I ExynosCameraBufferManager: [CAM_ID(1)][SKIP_BUF]-INFO(dumpBufferInfo[1244]):[m_buffer[2].fd[1]=138] .addr=0xe94ba000 .size=32768 .position=0 .permission=1]
10-24 21:48:31.191 3126 5084 I ExynosCameraBufferManager: [CAM_ID(1)][SKIP_BUF]-INFO(dumpBufferInfo[1244]):[m_buffer[3].fd[0]=133] .addr=0x0 .size=4096 .position=0 .permission=1]
10-24 21:48:31.191 3126 5084 I ExynosCameraBufferManager: [CAM_ID(1)][SKIP_BUF]-INFO(dumpBufferInfo[1244]):[m_buffer[3].fd[1]=139] .addr=0xe94b2000 .size=32768 .position=0 .permission=1]
10-24 21:48:31.191 3126 5084 I ExynosCameraBufferManager: [CAM_ID(1)][SKIP_BUF]-INFO(dumpBufferInfo[1244]):[m_buffer[4].fd[0]=134] .addr=0x0 .size=4096 .position=0 .permission=1]
10-24 21:48:31.191 3126 5084 I ExynosCameraBufferManager: [CAM_ID(1)][SKIP_BUF]-INFO(dumpBufferInfo[1244]):[m_buffer[4].fd[1]=140] .addr=0xe94aa000 .size=32768 .position=0 .permission=1]
10-24 21:48:31.191 3126 5084 I ExynosCameraBufferManager: [CAM_ID(1)][SKIP_BUF]-INFO(dumpBufferInfo[1244]):[m_buffer[5].fd[0]=135] .addr=0x0 .size=4096 .position=0 .permission=1]
10-24 21:48:31.191 3126 5084 I ExynosCameraBufferManager: [CAM_ID(1)][SKIP_BUF]-INFO(dumpBufferInfo[1244]):[m_buffer[5].fd[1]=141] .addr=0xe94a2000 .size=32768 .position=0 .permission=1]
10-24 21:48:31.191 3126 5084 D ExynosCameraBufferManager: [CAM_ID(1)][SKIP_BUF]-DEBUG(m_free[255]):------------------------------------------------------
10-24 21:48:31.191 3126 5084 D ExynosCameraBufferManager: [CAM_ID(1)][SKIP_BUF]-DEBUG(m_free[282]):Free the buffer succeeded (m_allocatedBufCount=0)
10-24 21:48:31.191 3126 5084 D ExynosCameraPipeJpeg: DEBUG:duration time( 1 msec):(m_free)
10-24 21:48:31.191 3126 5084 D ExynosCameraBufferManager: [CAM_ID(1)][SKIP_BUF]-DEBUG(deinit[141]):OUT..
10-24 21:48:31.191 3126 5084 D ExynosCameraBufferManager: [CAM_ID(1)][SKIP_BUF]-DEBUG(deinit[116]):IN..
10-24 21:48:31.191 3126 5084 I ExynosCameraBufferManager: [CAM_ID(1)][SKIP_BUF]-INFO(deinit[119]:OUT.. Buffer is not allocated
10-24 21:48:31.191 3126 5084 D ExynosCameraBufferManager: [CAM_ID(1)][SKIP_BUF]-DEBUG(deinit[116]):IN..
10-24 21:48:31.191 3126 5084 I ExynosCameraBufferManager: [CAM_ID(1)][SKIP_BUF]-INFO(deinit[119]:OUT.. Buffer is not allocated
10-24 21:48:31.191 3126 5084 D ExynosCamera: [CAM_ID(1)][]-(startPreview:[2008]) : setControl for Frame Range.
10-24 21:48:31.191 3126 5084 D ExynosCameraPipe: [CAM_ID(1)][PIPE_FLITE]-DEBUG(setControl[470])
10-24 21:48:31.191 3126 5084 D ExynosCameraPipe: [CAM_ID(1)][PIPE_FLITE]-DEBUG(setControl[470])
10-24 21:48:31.191 3126 5084 I ExynosCamera: [CAM_ID(1)][]-DEBUG(m_startPreviewInternal[5934]):IN
10-24 21:48:31.191 3126 5084 D ExynosCamera: [CAM_ID(1)][]-DEBUG(m_startPreviewInternal[6005]): Use REPROCESSING_BAYER_MODE_DIRTY_ALWAYS_ON
10-24 21:48:31.191 3126 5084 D ExynosCameraMCPipe: [CAM_ID(1)][PIPE_3AA]-DEBUG(setBufferManager[998])
10-24 21:48:31.191 3126 5084 D ExynosCameraMCPipe: [CAM_ID(1)][PIPE_ISP]-DEBUG(setBufferManager[998])
10-24 21:48:31.191 3126 5084 I ExynosCameraFrameFactoryPreview: [CAM_ID(1)][ExynosCameraFrameFactory3aaIspTpu]-INFO(initPipes[1122])
10-24 21:48:31.191 3126 5084 I ExynosCameraFrameFactory: [CAM_ID(1)][ExynosCameraFrameFactory3aaIspTpu]-INFO(m_initFlitePipe[745])
