10-24 21:47:12.801 4130 4130 D KeyguardUpdateMonitor: received broadcast android.intent.action.BATTERY_CHANGED
10-24 21:47:12.811 4130 4130 D KeyguardUpdateMonitor: handleBatteryUpdate
10-24 21:47:12.811 4590 4590 D BatteryMonitor: new battery level: 100
10-24 21:47:12.901 3520 3604 I libsuspend: !@suspend_thread_func: read wakeup_count
10-24 21:47:13.291 3520 3604 I libsuspend: !@suspend_thread_func: wait
10-24 21:47:13.291 3520 3604 I libsuspend: !@suspend_thread_func: write 49364
10-24 21:47:13.291 3520 3604 I libsuspend: to wakeup_count
10-24 21:47:13.291 3520 3604 I libsuspend: !@suspend_thread_func: write mem to /sys/power/state
10-24 21:48:17.031 4509 4668 I System.out: Broadcasting: Intent { act=com.sec.android.LTE_CA_PARAMETER flg=0x10000000 (has extras) }
10-24 21:48:17.031 26969 26981 I TlcTui : tlcProcessCmd: TLC_TUI_CMD_NONE.;175
10-24 21:48:17.031 26969 26981 I TlcTui : tlcProcessCmd: ret = 1;219
10-24 21:48:17.031 3520 3604 I libsuspend: !@suspend_thread_func: release sem
10-24 21:48:17.041 4509 5909 I System.out: Broadcast completed: result=0
10-24 21:48:17.041 4509 4668 I System.out: Broadcasting: Intent { act=com.sec.android.LTE_WIDEBAND_INFO flg=0x10000000 (has extras) }
10-24 21:48:17.061 3520 3520 I Tethering: BATTERY_CHANGED, level = 100lowBatteryThreshold = 15
10-24 21:48:17.061 4130 4130 D KeyguardUpdateMonitor: received broadcast android.intent.action.BATTERY_CHANGED
10-24 21:48:17.061 4130 4130 D KeyguardUpdateMonitor: handleBatteryUpdate
10-24 21:48:17.061 4590 4590 D BatteryMonitor: new battery level: 100
10-24 21:48:17.091 4130 4343 D NetworkController: onReceive: intent=Intent { act=com.sec.android.LTE_WIDEBAND_INFO flg=0x10000010 bqHint=2 (has extras) }
10-24 21:48:17.091 4130 4343 D NetworkController.MobileSignalController(0/2147483643): LTE WIDEBAND : mCurrentState.CAIndicator = false
10-24 21:48:17.091 4130 4343 D NetworkController.MobileSignalController(0/2147483643): getMobileIconGroup(): 0
10-24 21:48:17.091 4130 4343 D NetworkController.MobileSignalController(0/2147483643): updateTMOMobileIconGroup(): 0
10-24 21:48:17.101 4509 4966 I System.out: Broadcast completed: result=0
10-24 21:48:17.131 3520 3604 I libsuspend: !@suspend_thread_func: read wakeup_count
10-24 21:48:17.141 23143 27878 I SubscribedFeeds: Received message
10-24 21:48:17.161 3520 4392 W System.err: remove failed: ENOENT (No such file or directory) : /data/system/sync/pending.xml.bak
10-24 21:48:17.221 26369 27879 W Gmail : Sync started for account: account:1980453032
10-24 21:48:17.231 26369 27879 I Gmail : notifyAccountChanged
10-24 21:48:17.231 26369 27880 I Gmail : getAccountsCursor
10-24 21:48:17.521 26369 27879 I Gmail : MainSyncRequestProto: lowestBkwdConvoId: 0, highestHandledServerOp: 8292, normalSync: true
10-24 21:48:17.711 26369 27879 I InjectionManager: Inside getClassLibPath caller
10-24 21:48:17.791 26369 27879 W linker : /data/app/com.google.android.gms-2/lib/arm64/libgmscore.so: unused DT entry: type 0x7ffffffd arg 0x885
10-24 21:48:17.831 26369 27879 W linker : /data/app/com.google.android.gms-2/lib/arm64/libconscrypt_gmscore_jni.so: unused DT entry: type 0x1d arg 0x80
10-24 21:48:17.831 26369 27879 W linker : /data/app/com.google.android.gms-2/lib/arm64/libconscrypt_gmscore_jni.so: unused DT entry: type 0x7ffffffd arg 0x169
10-24 21:48:17.841 26369 27879 V JNIHelp : Registering com/google/android/gms/org/conscrypt/NativeCrypto's 239 native methods...
10-24 21:48:17.871 26369 27879 I art : Rejecting re-init on previously-failed class java.lang.Class
10-24 21:48:17.871 26369 27879 I art : Rejecting re-init on previously-failed class java.lang.Class
10-24 21:48:17.881 26369 27879 I ProviderInstaller: Installed default security provider GmsCore_OpenSSL
10-24 21:48:18.111 26369 27879 I System.out: Thread-1802(ApacheHTTPLog):Reading from variable values from setDefaultValuesToVariables
10-24 21:48:18.111 26369 27879 I System.out: Thread-1802(ApacheHTTPLog):isSBSettingEnabled false
10-24 21:48:18.111 26369 27879 I System.out: Thread-1802(ApacheHTTPLog):isShipBuild true
10-24 21:48:18.111 26369 27879 I System.out: Thread-1802(ApacheHTTPLog):getDebugLevel 0x4f4c
10-24 21:48:18.111 26369 27879 I System.out: Thread-1802(ApacheHTTPLog):Smart Bonding Setting is false
10-24 21:48:18.111 26369 27879 I System.out: Thread-1802(ApacheHTTPLog):SmartBonding Setting is false, SHIP_BUILD is true, log to file is false, DBG is false, DEBUG_LEVEL (1-LOW, 2-MID, 3-HIGH) is 1
10-24 21:48:18.121 3110 3781 D EnterpriseController: netId is 0
10-24 21:48:18.121 3110 3781 D Netd : getNetworkForDns: using netid 502 for uid 10140
10-24 21:48:18.181 26369 27879 I qtaguid : Tagging socket 33 with tag 2010000000000000{537919488,0} uid -1, pid: 26369, getuid(): 10140
10-24 21:48:18.271 26369 27879 I qtaguid : Tagging socket 52 with tag 2010000000000000{537919488,0} uid -1, pid: 26369, getuid(): 10140
10-24 21:48:18.931 4371 9312 D PeopleNotiListenerService: onEdgeNotificationRemoved() : pkg com.google.android.gm,id=10436,extra=Bundle[mParcelledData.dataSize=84]
10-24 21:48:18.931 4371 4371 D PeopleNotiListenerService: removeEdgeNotification:Bundle[{samsung.notification.id=10436, samsung.notification.type=normal, samsung.people.package_name=com.google.android.gm}]
10-24 21:48:18.931 4371 4371 I PeopleStripeService: PeopleNotificationReceiver:3
10-24 21:48:18.931 4371 4371 I PeopleStripeService: sendEdgeNotification peopleEnabled true lightingEnabled true edgeEnabled true
10-24 21:48:18.931 4371 4371 I PeopleDataManager: removeNotification
10-24 21:48:18.931 4371 4371 I NotificationParser: getNotiType:com.google.android.gm,null
10-24 21:48:18.931 4371 4371 D PeopleDataManager: removeNotiInfo: id =10436,packageName=com.google.android.gm,isEdgeNotification=false,key=null,removeAll=false
10-24 21:48:18.931 4371 4371 D PeopleDataManager: removeNotiInfo =null
10-24 21:48:18.951 26369 27879 I qtaguid : Untagging socket 33
10-24 21:48:18.951 26369 27879 I System.out: SyncAdapterThread-1 calls detatch()
10-24 21:48:18.971 4782 5189 W Herrevad: Invalid mccmnc
10-24 21:48:19.201 4782 5210 W ContentTaskController: Invalid task was provided to stopTracking.
10-24 21:48:19.351 26369 27879 I Gmail : MainSyncRequestProto: lowestBkwdConvoId: 0, highestHandledServerOp: 8371, normalSync: true
10-24 21:48:19.371 26369 27879 I System.out: Thread-1802(ApacheHTTPLog):isSBSettingEnabled false
10-24 21:48:19.371 26369 27879 I System.out: Thread-1802(ApacheHTTPLog):isShipBuild true
10-24 21:48:19.371 26369 27879 I System.out: Thread-1802(ApacheHTTPLog):getDebugLevel 0x4f4c
10-24 21:48:19.371 26369 27879 I System.out: Thread-1802(ApacheHTTPLog):Smart Bonding Setting is false
10-24 21:48:19.371 26369 27879 I System.out: Thread-1802(ApacheHTTPLog):SmartBonding Setting is false, SHIP_BUILD is true, log to file is false, DBG is false, DEBUG_LEVEL (1-LOW, 2-MID, 3-HIGH) is 1
10-24 21:48:19.371 26369 27879 I qtaguid : Tagging socket 33 with tag 2010000000000000{537919488,0} uid -1, pid: 26369, getuid(): 10140
10-24 21:48:19.721 26369 27879 I qtaguid : Untagging socket 33
10-24 21:48:19.721 26369 27879 I System.out: SyncAdapterThread-1 calls detatch()
10-24 21:48:19.741 26369 27879 E Gmail : Dictionary checksum mismatch for conversation 1549118090135411297. Expected 13c0599f but was 91b05797
10-24 21:48:19.741 26369 27879 W Gmail : handleConversationProto: Could not deflate conversation 1549118090135411297. marking conversation as dirty
10-24 21:48:19.751 4782 5189 W Herrevad: Invalid mccmnc
10-24 21:48:19.821 26369 27879 I Gmail : MainSyncRequestProto: lowestBkwdConvoId: 0, highestHandledServerOp: 8371, normalSync: true
10-24 21:48:19.841 26369 27879 I System.out: Thread-1802(ApacheHTTPLog):isSBSettingEnabled false
10-24 21:48:19.841 26369 27879 I System.out: Thread-1802(ApacheHTTPLog):isShipBuild true
10-24 21:48:19.841 26369 27879 I System.out: Thread-1802(ApacheHTTPLog):getDebugLevel 0x4f4c
10-24 21:48:19.841 26369 27879 I System.out: Thread-1802(ApacheHTTPLog):Smart Bonding Setting is false
10-24 21:48:19.841 26369 27879 I System.out: Thread-1802(ApacheHTTPLog):SmartBonding Setting is false, SHIP_BUILD is true, log to file is false, DBG is false, DEBUG_LEVEL (1-LOW, 2-MID, 3-HIGH) is 1
10-24 21:48:19.841 26369 27879 I qtaguid : Tagging socket 33 with tag 2010000000000000{537919488,0} uid -1, pid: 26369, getuid(): 10140
10-24 21:48:19.921 4782 5189 W ContentTaskController: Invalid newTask was provided to startTracking.
10-24 21:48:20.031 26369 27879 I qtaguid : Untagging socket 33
10-24 21:48:20.031 26369 27879 I System.out: SyncAdapterThread-1 calls detatch()
10-24 21:48:20.141 4782 5189 W Herrevad: Invalid mccmnc
10-24 21:48:20.201 26369 27879 W Gmail : handleConversationProto: Dirty conversation 1549118090135411297 synced successfully. Marking as dirty in DB
10-24 21:48:20.241 26369 27879 I Gmail : MainSyncRequestProto: lowestBkwdConvoId: 0, highestHandledServerOp: 8371, normalSync: true
10-24 21:48:20.241 26369 27879 I Gmail : lowestBackward conversation id 0
10-24 21:48:20.341 3520 4850 D PackageManager: setEnabledSetting : userId = 0 packageName = com.google.android.gms cmp = com.google.android.gms.icing.proxy.SmsMonitor newState = 1 callingPackage = 10021
10-24 21:48:20.431 26369 27879 I Gmail : AppDataSearch: minSeqNo=488, maxSeqNo=511, lastCommittedSequence=501
10-24 21:48:20.461 5110 6725 I Icing : Usage reports 0 indexed 0 rejected 0 imm upload false
10-24 21:48:20.471 5110 27964 W IcingInternalCorpora: getNumBytesRead when not calculated.
10-24 21:48:20.501 5110 6725 I Icing : Usage reports 0 indexed 0 rejected 0 imm upload false
10-24 21:48:20.521 26369 27879 I Gmail : notifyAccountChanged
10-24 21:48:20.531 26369 27965 I Gmail : getAccountsCursor
10-24 21:48:20.591 26369 27879 I Gmail : Sending provider changed intent: Intent { act=android.intent.action.PROVIDER_CHANGED dat=content://gmail-ls/unread/^iim (has extras) }
10-24 21:48:20.621 26369 27879 I Gmail : Sending provider changed intent: Intent { act=android.intent.action.PROVIDER_CHANGED dat=content://gmail-ls/unread/^i (has extras) }
10-24 21:48:20.641 26369 27879 I Gmail : notifyAccountChanged
10-24 21:48:20.641 26369 27879 W Gmail : Sync complete for account: account:1980453032
10-24 21:48:20.641 26369 26383 I Gmail : getAccountsCursor
10-24 21:48:20.651 4371 4383 D PeopleNotiListenerService: onEdgeNotificationRemoved() : pkg android,id=-2099524487,extra=Bundle[mParcelledData.dataSize=84]
10-24 21:48:20.661 4371 4371 D PeopleNotiListenerService: removeEdgeNotification:Bundle[{samsung.notification.id=-2099524487, samsung.notification.type=normal, samsung.people.package_name=android}]
10-24 21:48:20.661 4371 4371 I PeopleStripeService: PeopleNotificationReceiver:3
10-24 21:48:20.661 4371 4371 I PeopleStripeService: sendEdgeNotification peopleEnabled true lightingEnabled true edgeEnabled true
10-24 21:48:20.661 4371 4371 I PeopleDataManager: removeNotification
10-24 21:48:20.661 4371 4371 I NotificationParser: getNotiType:android,null
10-24 21:48:20.661 4371 4371 D PeopleDataManager: removeNotiInfo: id =-2099524487,packageName=android,isEdgeNotification=false,key=null,removeAll=false
10-24 21:48:20.661 4371 4371 D PeopleDataManager: removeNotiInfo =null
10-24 21:48:20.661 26369 27966 I NotifUtils: Validating Notification, mapSize: 1 getAttention: true ignoreUnobtrusive: true
10-24 21:48:20.671 26369 27966 I NotifUtils: Unseen count doesn't match cursor count. unseen: 37 cursor count: 1
10-24 21:48:20.691 26369 27966 I NotifUtils: Showing notification with unreadCount of 1 and unseenCount of 1
10-24 21:48:21.221 26369 27966 I NotifUtils: Account: 1980453032 vibrate: false
10-24 21:48:21.221 26369 27966 I NotifUtils: New email in 1980453032 vibrateWhen: false, playing notification: content://settings/system/notification_sound
10-24 21:48:21.271 3520 4533 D ApplicationPolicy: isStatusBarNotificationAllowedAsUser: packageName = com.google.android.gm,userId = 0
10-24 21:48:21.271 26369 27966 I NotifUtils: notifying summary notification id: 84315862
10-24 21:48:21.311 3520 3530 I art : Background partial concurrent mark sweep GC freed 110911(7MB) AllocSpace objects, 16(548KB) LOS objects, 25% free, 46MB/62MB, paused 2.483ms total 297.123ms
10-24 21:48:21.321 3520 3520 V MotionRecognitionManager: .registerListenerEvent : success. listener count = 0->1, motion_events=1,
10-24 21:48:21.321 3520 3520 D SensorService: SensorEventConnection::SocketBufferSize, SystemSocketBufferSize - 102400, 2097152
10-24 21:48:21.321 3520 3520 I Sensors : Light old sensor_state 0, new sensor_state : 512 en : 1
10-24 21:48:21.331 3520 3520 D SensorManager: registerListener :: 6, TMD4093 RGB Sensor, 200000, 0,
10-24 21:48:21.331 3520 3520 D EdgeLight: Turning on edge light for notification (NotificationRecord(0x0f2f0f13: pkg=com.google.android.gm user=UserHandle{0} id=84315862 tag=null score=0 key=0|com.google.android.gm|84315862|null|10140: Notification(pri=0 contentView=null vibrate=null sound=content://settings/system/notification_sound tick defaults=0x4 flags=0x11 color=0xffdb4437 category=email actions=2 vis=PRIVATE publicVersion=Notification(pri=0 contentView=com.google.android.gm/0x10900a3 vibrate=null sound=null defaults=0x0 flags=0x0 color=0xffdb4437 category=email vis=PUBLIC secFlags=0x0 secPriority=0) secFlags=0x0 secPriority=0))) with color=ffffffff
10-24 21:48:21.331 4130 27992 V MediaPlayer-JNI: native_setup
10-24 21:48:21.331 4130 27992 V MediaPlayer: constructor
10-24 21:48:21.341 4130 27992 V MediaPlayer: setListener
10-24 21:48:21.341 4130 27992 V MediaPlayer-JNI: setParameter: key 1400
10-24 21:48:21.341 4130 27992 V MediaPlayer: MediaPlayer::setParameter(1400)
10-24 21:48:21.341 4130 27992 V MediaPlayer-JNI: setAudioStreamType: 5
10-24 21:48:21.341 4130 27992 V MediaPlayer: MediaPlayer::setAudioStreamType
10-24 21:48:21.341 4130 27992 D RingtoneManager: getActualDefaultRingtoneUri type :2
10-24 21:48:21.361 4130 27992 D RingtoneManager: checkDefaultRingtoneProperUri : InternalMediaAudio uriString not null type:2
10-24 21:48:21.421 4371 4385 D PeopleNotiListenerService: onEdgeNotificationPosted() : pkg android, id=84315862
10-24 21:48:21.421 4371 4371 I PeopleNotiListenerService: sendEdgeNotification:
10-24 21:48:21.421 4371 4371 I PeopleStripeService: PeopleNotificationReceiver:2
10-24 21:48:21.421 4371 4371 I PeopleStripeService: sendEdgeNotification peopleEnabled true lightingEnabled true edgeEnabled true
10-24 21:48:21.421 4371 4371 I PeopleStripeManager: postEdgeNotification
10-24 21:48:21.421 4371 4371 I PeopleDataManager: postNotification
10-24 21:48:21.421 4371 4371 I NotificationParser: getNotiType:android,led_indicator
10-24 21:48:21.421 4371 4371 D PeopleStripeManager: requestEdgeLighting:people=null,packageName=android supported false
10-24 21:48:21.431 4346 4361 D CatchNotificationsService: onNotificationPosted
10-24 21:48:21.441 4130 4130 I InjectionManager: Inside getClassLibPath caller
10-24 21:48:21.441 5329 5546 D VolumeInfo: VolumeInfo from Parcel: id private ,type 1 ,disk null
10-24 21:48:21.441 5329 5546 D VolumeInfo: VolumeInfo from Parcel: id emulated ,type 2 ,disk null
10-24 21:48:21.441 5329 5546 D VolumeInfo: VolumeInfo from Parcel: id privatemode ,type 0 ,disk null
10-24 21:48:21.441 4130 27992 V MediaPlayer-JNI: setDataSourceFD: fd 75
10-24 21:48:21.441 4130 27992 V MediaPlayer: setDataSource(75, 0, 576460752303423487)
10-24 21:48:21.451 3126 3802 V MediaPlayerService: Create new client(48) from pid 4130, uid 10071,
10-24 21:48:21.451 26793 26803 D BadgeProvider: query, [selection] : null
10-24 21:48:21.451 3126 4063 V MediaPlayerService: setDataSource fd=38, offset=0, length=576460752303423487
10-24 21:48:21.451 3126 4063 V MediaPlayerService: st_dev = 65024
10-24 21:48:21.451 3126 4063 V MediaPlayerService: st_mode = 33188
10-24 21:48:21.451 3126 4063 V MediaPlayerService: st_uid = 0
10-24 21:48:21.451 3126 4063 V MediaPlayerService: st_gid = 0
10-24 21:48:21.451 3126 4063 V MediaPlayerService: st_size = 35747
10-24 21:48:21.451 3126 4063 V MediaPlayerService: calculated length = 35747
10-24 21:48:21.451 3126 4063 V MediaPlayerService: player type = 4
10-24 21:48:21.451 3126 4063 V NuPlayerDriver: NuPlayerDriver(0xf178cc60)
10-24 21:48:21.451 3126 4063 V AudioSink: AudioOutput(173)
10-24 21:48:21.451 3126 4063 V NuPlayerDriver: setDataSource(0xf178cc60) file(38)
10-24 21:48:21.451 3126 27993 V NuPlayer: kWhatSetAudioSink
10-24 21:48:21.451 3126 4063 V GenericSource: setDefault
10-24 21:48:21.451 3126 27993 V NuPlayer: kWhatSetDataSource
10-24 21:48:21.461 3126 19918 V MediaPlayerService: [48] getParameter(31700)
10-24 21:48:21.461 4130 27992 V MediaPlayer-JNI: setLooping: 0
10-24 21:48:21.461 4130 27992 V MediaPlayer: MediaPlayer::setLooping
10-24 21:48:21.461 3126 5084 V MediaPlayerService: [48] setLooping(0)
10-24 21:48:21.461 4130 27992 V MediaPlayer: setVideoSurfaceTexture
10-24 21:48:21.461 3126 4062 V MediaPlayerService: [48] setVideoSurfaceTexture(0x0)
10-24 21:48:21.461 4130 27992 V MediaPlayer: prepare
10-24 21:48:21.461 3126 3126 V MediaPlayerService: [48] setParameter(1400)
10-24 21:48:21.461 3126 3126 V MediaPlayerService: setAudioAttributes_l() usage=5 content=4 flags=0x0 tags=
10-24 21:48:21.461 3126 5080 V MediaPlayerService: [48] prepareAsync
10-24 21:48:21.461 3126 5080 V NuPlayerDriver: prepareAsync(0xf178cc60)
10-24 21:48:21.461 3126 27993 V GenericSource: [Flag] set 0x8 -> mFlags = 0x8
10-24 21:48:21.461 3126 27994 V GenericSource: onPrepareAsync
10-24 21:48:21.461 4346 4361 D CatchNotificationsSupportedAppsDBHelper: isDisabled value : false
10-24 21:48:21.461 4346 4361 D CatchNotificationsSupportedAppsDBHelper: isPackageSupported value : true
10-24 21:48:21.471 3126 27994 I OggExtractor: OggSource::OggSource() mExtractor ref count = 4
10-24 21:48:21.471 3126 27994 I AnotherPacketSource: setFormat() audio
10-24 21:48:21.471 3126 27994 V GenericSource: setDefault
10-24 21:48:21.471 3126 27994 I GenericSource: ORmode enable : mUnsupportedAudio = 0 mUnsupportedVideo = 0 mHaveAudio = 1 mHaveVideo = 0
10-24 21:48:21.471 3126 27994 V GenericSource: onPrepareAsyncEvent() done
10-24 21:48:21.471 3126 27993 V NuPlayer: prepare posted successfully.
10-24 21:48:21.471 3126 27993 V NuPlayer: mUnsupportedAudio = 0, mUnsupportedVideo = 0, mHaveAudioTrack = 1, mHaveVideoTrack = 0
10-24 21:48:21.471 3126 27993 V NuPlayer: msg : 200, ext1 : 10973, ext2 : 0
10-24 21:48:21.471 3126 27993 D NuPlayerDriver: notifyListener_l(0xf178cc60), (200, 10973, 0)
10-24 21:48:21.471 3126 27993 V MediaPlayerService: [48] notify (0xed625a00, 200, 10973, 0)
10-24 21:48:21.471 3126 27993 V NuPlayer: extractMetadata Tracks : 1
10-24 21:48:21.471 3126 27993 V NuPlayer: enableInbandTextFromExtr
10-24 21:48:21.471 3126 27993 D NuPlayerDriver: notifyListener_l(0xf178cc60), (1, 0, 0)
10-24 21:48:21.471 3126 27993 V MediaPlayerService: [48] notify (0xed625a00, 1, 0, 0)
10-24 21:48:21.471 4130 4140 V MediaPlayer: message received msg=200, ext1=10973, ext2=0
10-24 21:48:21.471 7948 7948 I CocktailBarUiController: onUpdateCocktail: 4
10-24 21:48:21.471 7948 7948 I CocktailBarPanelManager: updatePanelItem: updateContainedPanel - 4
10-24 21:48:21.471 7948 7948 D CatchNotificationsView: setData
10-24 21:48:21.471 4130 4140 W MediaPlayer: info/warning (10973, 0)
10-24 21:48:21.471 4130 4140 V MediaPlayer: callback application
10-24 21:48:21.471 4130 4140 V MediaPlayer: back from callback
10-24 21:48:21.471 7948 7948 D CatchNotificationsView: Notification posted
10-24 21:48:21.471 7948 7948 D CatchNotificationsView: Add new notification, total count: 1
10-24 21:48:21.471 7948 7948 D CatchNotificationsView: init()
10-24 21:48:21.471 4130 4140 V MediaPlayer: message received msg=1, ext1=0, ext2=0
10-24 21:48:21.481 4130 4140 V MediaPlayer: prepared
10-24 21:48:21.481 4130 4140 V MediaPlayer: signal application thread
10-24 21:48:21.481 4130 4140 V MediaPlayer: callback application
10-24 21:48:21.481 4130 4140 V MediaPlayer: back from callback
10-24 21:48:21.481 4130 27992 V MediaPlayer: prepare complete - status=0
10-24 21:48:21.481 4130 27992 D MediaPlayer: setSubtitleAnchor in MediaPlayer
10-24 21:48:21.491 4130 27992 V MediaPlayer: invoke 68
10-24 21:48:21.491 3126 3802 I MediaPlayerService: Client::invoke requestID=1
10-24 21:48:21.491 3126 3802 V NuPlayer: getTrackInfo
10-24 21:48:21.491 7948 7948 D CatchNotificationsView: makeNotificationsPanelView
10-24 21:48:21.491 7948 7948 D CatchNotificationsView: Inflate item - com.google.android.gm, postTime : 1477370901282
10-24 21:48:21.491 3520 4850 I MediaFocusControl: AudioFocus requestAudioFocus() from android.media.AudioManager$a5c86c6 req=3flags=0x0
10-24 21:48:21.491 4130 27992 V MediaPlayer-JNI: start
10-24 21:48:21.491 4130 27992 V MediaPlayer: start
10-24 21:48:21.491 3126 5084 V MediaPlayerService: [48] setLooping(0)
10-24 21:48:21.491 3126 4062 V MediaPlayerService: [48] setVolume(1.000000, 1.000000)
10-24 21:48:21.491 3126 4062 V AudioSink: setVolume(1.000000, 1.000000)
10-24 21:48:21.491 3126 3126 V MediaPlayerService: [48] setAuxEffectSendLevel(0.000000)
10-24 21:48:21.491 3126 3126 V AudioSink: setAuxEffectSendLevel(0.000000)
10-24 21:48:21.491 3126 5080 V MediaPlayerService: [48] start
10-24 21:48:21.491 3126 5080 V MediaPlayerService: [48] start() ContextAware send information
10-24 21:48:21.491 3126 5080 E MediaPlayerService: WFD client is not created
10-24 21:48:21.491 3126 5080 V MediaPlayerService: getClientDuration
10-24 21:48:21.491 3126 5080 V MediaPlayerService: getDuration
10-24 21:48:21.491 3126 5080 V MediaPlayerService: [48] getDuration = 2033
10-24 21:48:21.491 4130 4143 V MediaPlayer: message received msg=300, ext1=0, ext2=0
10-24 21:48:21.491 3126 5080 D NuPlayerDriver: start(0xf178cc60), state is 4, eos is 0
10-24 21:48:21.491 3126 27993 V NuPlayer: kWhatStart
10-24 21:48:21.491 3126 27993 I GenericSource: start
10-24 21:48:21.491 3126 27993 V NuPlayer: checkOffloadExceptions is true, call canOffloadStream
10-24 21:48:21.491 3126 27993 I MediaClock: setPlaybackRate rate : 1.000000
10-24 21:48:21.501 3126 27996 I NuPlayerRenderer: onConfigPlayback
10-24 21:48:21.501 3126 27996 I MediaClock: setPlaybackRate rate : 1.000000
10-24 21:48:21.501 3126 27993 I NuPlayerRenderer: setDuration (2033469)
10-24 21:48:21.501 3126 27993 V NuPlayer: scanning sources haveAudio=0, haveVideo=0
10-24 21:48:21.501 4130 4143 V MediaPlayer: Received SEC_MM_PLAYER_CONTEXT_AWARE
10-24 21:48:21.501 3126 27993 V NuPlayer: checkOffloadExceptions is true, call canOffloadStream
10-24 21:48:21.501 3126 27993 V NuPlayer: make Decoder (audio)
10-24 21:48:21.501 4130 4143 V MediaPlayer: callback application
10-24 21:48:21.501 4130 4143 V MediaPlayer: back from callback
10-24 21:48:21.501 4130 27992 V MediaPlayer: invoke 68
10-24 21:48:21.501 3126 3802 I MediaPlayerService: Client::invoke requestID=1
10-24 21:48:21.501 3126 3802 V NuPlayer: getTrackInfo
10-24 21:48:21.501 4130 27992 I MediaPlayer: send context aware event
10-24 21:48:21.501 7948 7948 D CatchNotificationsView: Inflate item - com.google.android.gm, postTime : 1477370901282
10-24 21:48:21.501 3126 27997 I ACodec : [] Now uninitialized
10-24 21:48:21.511 4130 27992 I MediaPlayer: sendBroadcast CONTEXT_AWARE_MUSIC_INFO - type(start) - id (48)
10-24 21:48:21.511 5110 6725 I Icing : Indexing 5044F87ED0AEBE9B8FF8D860FE39D07891A6808A from com.google.android.gm
10-24 21:48:21.511 3126 27998 I ACodec : [OMX.google.vorbis.decoder] Now Loaded
10-24 21:48:21.511 3126 27998 E OMXNodeInstance: setConfig(78:google.vorbis.decoder, ConfigPriority(0x6f800002)) RE: Undefined(0x80001001)
10-24 21:48:21.511 3126 27998 I ACodec : codec does not support config priority (err -2147483648)
10-24 21:48:21.511 3126 27998 I ACodec : >>> getPortFormat 16, OMX.google.vorbis.decoder
10-24 21:48:21.511 3126 27998 I MediaCodec: MediaCodec will operate in async mode
10-24 21:48:21.511 3126 27998 I ACodec : [OMX.google.vorbis.decoder] Now Loaded->Idle
10-24 21:48:21.511 3126 27998 I ACodec : [OMX.google.vorbis.decoder] Now Idle->Executing
10-24 21:48:21.511 3126 27998 I ACodec : [OMX.google.vorbis.decoder] Now Executing
10-24 21:48:21.511 3126 27998 I ACodec : [OMX.google.vorbis.decoder] Now handling output port settings change
10-24 21:48:21.521 3126 27998 I ACodec : [OMX.google.vorbis.decoder] Now Executing
10-24 21:48:21.521 7948 7948 D PanelDescriptionView: updateHelpView: Apps edge2130903045 --> 2130903045 helpview reapplied:0
10-24 21:48:21.521 3126 27998 I ACodec : >>> getPortFormat 16, OMX.google.vorbis.decoder
10-24 21:48:21.521 3126 4063 V MediaPlayerService: Create new media retriever from pid 5808
10-24 21:48:21.521 3126 27997 I NuPlayerDecoder: [Audio] handleOutputFormatChange
10-24 21:48:21.521 3126 27996 I NuPlayerRenderer: openAudioSink: offloadOnly(0) offloadingAudio(0)
10-24 21:48:21.521 3126 27996 I NuPlayerRenderer: openAudioSink: open AudioSink in NON-offload mode audioFormat : 1, flags : 0
10-24 21:48:21.521 3126 27996 V AudioSink: +++ close
10-24 21:48:21.521 3126 27996 V AudioSink: --- close
10-24 21:48:21.521 3126 27996 I NuPlayerRenderer: checkAudioSinkPcmMsSetting 200
10-24 21:48:21.521 3126 27996 V AudioSink: open(44100, 2, 0x0, 1, 0, 173 0x0)
10-24 21:48:21.521 3126 27996 V AudioSink: no track available to recycle
10-24 21:48:21.521 3126 27996 V AudioSink: creating new AudioTrack
10-24 21:48:21.521 3126 27996 V AudioSink: deleteRecycledTrack_l
10-24 21:48:21.521 3126 27996 V AudioSink: setVolume
10-24 21:48:21.521 3126 27996 V AudioSink: open() DONE status 0
10-24 21:48:21.521 3126 27996 V AudioSink: setPlaybackRate(1.000000 1.000000 0 0)
10-24 21:48:21.521 3126 27996 V AudioSink: start
10-24 21:48:21.521 3126 27996 W AudioPolicyIntefaceImpl: Skipped to add effects on session 173
10-24 21:48:21.521 3126 27996 I APM::AudioPolicyManager: startOutput() output 2, stream 5, session 173
10-24 21:48:21.521 7948 7948 D CocktailBarUiController: postUpdatePanel: 257
10-24 21:48:21.521 3126 3794 D audio_hw_primary: out_set_parameters: enter: kvpairs: routing=2
10-24 21:48:21.521 3126 3794 D AudioFlinger: setCurDevice() 0x2
10-24 21:48:21.521 3126 27996 I MediaClock: setThreshold mThresholdTimeUsForAnchor(200000)
10-24 21:48:21.521 3126 27996 I MediaClock: setPlaybackRate rate : 0.000000
10-24 21:48:21.521 3126 27996 I NuPlayerRenderer: onDrainAudioQueue() send kWhatPollingAudioStarted audio_out : 0
10-24 21:48:21.521 3126 27996 I NuPlayerRenderer: setAudioFirstAnchorTime mAudioFirstAnchorTimeMediaUs : -1, new mediaTimeUs : 13061
10-24 21:48:21.521 3126 27993 V NuPlayer: media rendering started
10-24 21:48:21.521 3126 27993 V NuPlayer: msg : 6, ext1 : 0, ext2 : 0
10-24 21:48:21.521 3126 27993 D NuPlayerDriver: notifyListener_l(0xf178cc60), (6, 0, 0)
10-24 21:48:21.521 3126 27993 V MediaPlayerService: [48] notify (0xed625a00, 6, 0, 0)
10-24 21:48:21.521 4130 4607 V MediaPlayer: message received msg=6, ext1=0, ext2=0
10-24 21:48:21.531 4130 4607 V MediaPlayer: Received MEDIA_STARTED
10-24 21:48:21.531 4130 4607 V MediaPlayer: callback application
10-24 21:48:21.531 4130 4607 V MediaPlayer: back from callback
10-24 21:48:21.531 4130 27992 V MediaPlayer-JNI: getCurrentPosition: 13 (msec)
10-24 21:48:21.531 4130 27992 V MediaPlayer-JNI: isPlaying: 1
10-24 21:48:21.531 3520 3976 I Sensors : #>LightSensor r=32 g=18 b=16 c=45 atime=245 again=64 lux=19
10-24 21:48:21.531 3520 3610 I Sensors : Light old sensor_state 512, new sensor_state : 0 en : 0
10-24 21:48:21.531 3520 3610 D SensorManager: unregisterListener ::
10-24 21:48:21.531 3520 3610 D lights : led_pattern : 3 +
10-24 21:48:21.531 3126 3794 V audio_hw_primary: start_output_stream+, out->device : 00000002 , out->type = 0
10-24 21:48:21.531 3520 3610 D lights : led_pattern : 3 -
10-24 21:48:21.541 4130 4130 D KnoxNotification: ----- inflateViews : modified KnoxViewLocal -----
10-24 21:48:21.541 3126 5080 I OggExtractor: ~OggExtractor ++
10-24 21:48:21.541 3126 5080 I OggExtractor: ~MyOggExtractor ++
10-24 21:48:21.541 3126 5080 I OggExtractor: ~MyOggExtractor --
10-24 21:48:21.541 3126 5080 I OggExtractor: ~OggExtractor --
10-24 21:48:21.551 4130 4130 D PhoneStatusBar: setAreThereNotifications: N=2 any=true clearable=true
10-24 21:48:21.601 3126 3794 D audio_hw_primary: start_output_stream (0xed383420) out->pcm_device:8 out->config.rate:48000 out->config.format:0 out->period_size:960
10-24 21:48:21.601 3126 3794 D audio_hw_primary: start_output_stream (0xed383420) out->config.rate:48000 out->config.format:0 out->period_size:960
10-24 21:48:21.601 3126 3794 V audio_hw_primary: select_devices output_scenario:0 input_scenario:-1 out_snd_device 0x2 in_snd_device:0x0
10-24 21:48:21.601 3126 3794 I audio_route:
10-24 21:48:21.601 3126 3794 I audio_route: > audio_route_reset :
10-24 21:48:21.601 3126 3794 I audio_route:
10-24 21:48:21.601 3126 3794 I audio_route: > audio_route_apply_path : "media-speaker"
10-24 21:48:21.681 5110 6725 I Icing : Indexing done 5044F87ED0AEBE9B8FF8D860FE39D07891A6808A
10-24 21:48:21.691 3126 3794 V audio_hw_primary: select_devices() output_route "media-speaker"
10-24 21:48:21.691 3126 3794 I audio_route:
10-24 21:48:21.691 3126 3794 I audio_route: > audio_route_apply_path : "gain-media-speaker"
10-24 21:48:21.691 3126 3794 V audio_hw_primary: select_devices() output_gain "gain-media-speaker"
10-24 21:48:21.691 3126 3794 I audio_route:
10-24 21:48:21.691 3126 3794 I audio_route: > audio_route_update_mixer : +
10-24 21:48:21.691 3126 3794 I audio_route: > audio_route_update_mixer : changed(0) -
10-24 21:48:21.691 3126 3794 I audio_hw_primary: select_devices -
10-24 21:48:21.691 3126 3794 V audio_hw_primary: start_output_stream-
10-24 21:48:21.701 3126 3794 I AudioMixer: create resampler src 44100, 2, dst 48000, 2
10-24 21:48:21.701 3126 3794 D SoundAliveResampler: [SoundAliveResampler] Init+++
10-24 21:48:21.711 7948 7948 D CatchNotificationsView: Layout not loaded, delaying animation
10-24 21:48:21.741 3126 27996 I NuPlayerRenderer: kWhatPollingAudioStarted clock running played_out : 14606 us, audio_out : 0 us, gap : 14606 us
10-24 21:48:21.741 3126 27996 I MediaClock: setPlaybackRate rate : 1.000000
10-24 21:48:21.781 3126 3794 D AudioFlinger: mixer(0xee940000) throttle end: throttle time(52)
10-24 21:48:23.331 3126 27997 I NuPlayerDecoder: End of Stream
10-24 21:48:23.411 3126 27997 I NuPlayerDecoder: [audio] saw output EOS
10-24 21:48:23.411 3126 27996 I NuPlayerRenderer: onQueueEOS audio finalResult : -1011
10-24 21:48:23.481 3126 27996 I NuPlayerRenderer: [audio] notifyEOS() End of Stream, delayUs : 266456
10-24 21:48:23.481 3126 27996 V AudioSink: stop
10-24 21:48:23.751 3126 27993 I NuPlayerRenderer: reachedAudioEOS (1)
10-24 21:48:23.751 3126 27993 V NuPlayer: reached audio EOS
10-24 21:48:23.751 3126 27993 V NuPlayer: msg : 2, ext1 : 0, ext2 : 0
10-24 21:48:23.751 3126 27993 D NuPlayerDriver: notifyListener_l(0xf178cc60), (2, 0, 0)
10-24 21:48:23.751 3126 27993 V MediaPlayerService: [48] notify (0xed625a00, 2, 0, 0)
10-24 21:48:23.751 3126 27993 V GenericSource: pause
10-24 21:48:23.751 3126 27993 V GenericSource: [Flag] clear 0x1 -> mFlags = 0x8
10-24 21:48:23.751 4130 6604 V MediaPlayer: message received msg=2, ext1=0, ext2=0
10-24 21:48:23.751 3126 27996 I NuPlayerRenderer: onPause
10-24 21:48:23.751 3126 27996 I MediaClock: setPlaybackRate rate : 0.000000
10-24 21:48:23.751 3126 27996 V AudioSink: stop
10-24 21:48:23.751 4130 6604 V MediaPlayer: playback complete
10-24 21:48:23.751 4130 6604 V MediaPlayer: callback application
10-24 21:48:23.751 4130 6604 V MediaPlayer: back from callback
10-24 21:48:23.751 3126 3677 I APM::AudioPolicyManager: stopOutput() output 2, stream 5, session 173
10-24 21:48:23.751 3520 4750 I MediaFocusControl: AudioFocus abandonAudioFocus() from android.media.AudioManager$a5c86c6
10-24 21:48:23.761 3520 4287 D MotionRecognitionManager: @ member 0 =
10-24 21:48:23.761 3520 4287 I MotionRecognitionManager: .unregisterListener : / listener count = 1->0,
10-24 21:48:23.761 4130 27992 I MediaPlayer: sendBroadcast CONTEXT_AWARE_MUSIC_INFO - type(complete) - id(48)
10-24 21:48:23.791 3126 5080 V MediaPlayerService: Create new media retriever from pid 5808
10-24 21:48:23.801 3126 4063 I OggExtractor: ~OggExtractor ++
10-24 21:48:23.801 3126 4063 I OggExtractor: ~MyOggExtractor ++
10-24 21:48:23.801 3126 4063 I OggExtractor: ~MyOggExtractor --
10-24 21:48:23.801 3126 4063 I OggExtractor: ~OggExtractor --
10-24 21:48:26.651 3126 3794 I audio_hw_primary: do_out_standby +
10-24 21:48:26.651 3126 3794 D audio_hw_primary: [MAXIM] NO DSM LOG 0
10-24 21:48:26.681 3126 3794 D audio_hw_primary: output_devices devices:0
10-24 21:48:26.681 3126 3794 D audio_hw_primary: output_devices devices:0
10-24 21:48:26.681 3126 3794 V audio_hw_primary: select_devices output_scenario:-1 input_scenario:-1 out_snd_device 0x0 in_snd_device:0x0
10-24 21:48:26.681 3126 3794 I audio_hw_primary: set_spk_rx_mute mute(1), rx val=0
10-24 21:48:26.681 3126 3794 I audio_route:
10-24 21:48:26.681 3126 3794 I audio_route: > audio_route_reset :
10-24 21:48:26.681 3126 3794 I audio_route:
10-24 21:48:26.681 3126 3794 I audio_route: > audio_route_update_mixer : +
10-24 21:48:26.721 3126 3794 I audio_route: > audio_route_update_mixer : changed(4) -
10-24 21:48:26.721 3126 3794 I audio_hw_primary: select_devices -
10-24 21:48:26.721 3126 3794 I audio_hw_primary: do_out_standby -
10-24 21:48:26.721 3520 3604 I libsuspend: !@suspend_thread_func: wait
10-24 21:48:26.721 3520 3604 I libsuspend: !@suspend_thread_func: write 49459
10-24 21:48:26.721 3520 3604 I libsuspend: to wakeup_count
10-24 21:48:26.721 3520 3604 I libsuspend: !@suspend_thread_func: write mem to /sys/power/state
10-24 21:48:29.031 26969 26981 I TlcTui : tlcProcessCmd: TLC_TUI_CMD_NONE.;175
10-24 21:48:29.031 26969 26981 I TlcTui : tlcProcessCmd: ret = 1;219
10-24 21:48:29.031 3520 4018 D InputReader: Input event(6): value=1 when=8248730113000
10-24 21:48:29.031 3520 4018 D InputReader: !@notifyKey(172), action=0
10-24 21:48:29.031 3520 4018 D InputReader: Input event(6): value=0 when=8248910163000
10-24 21:48:29.031 3520 4018 D InputReader: !@notifyKey(172), action=1
10-24 21:48:29.031 3520 4018 D InputManager-JNI: !@interceptKeyBeforeQueueing(172), action=0, interactive=false
10-24 21:48:29.031 4509 4668 I System.out: Broadcasting: Intent { act=com.sec.android.LTE_CA_PARAMETER flg=0x10000000 (has extras) }
10-24 21:48:29.041 3520 4018 E SamsungWindowManager: mCoreNumLockHelper.acquire
10-24 21:48:29.041 3520 4018 D InputManager-JNI: setInteractive(true)
10-24 21:48:29.041 3520 4018 D InputManager-JNI: !@handleInterceptActions(172), action=0, wmActions=0
10-24 21:48:29.041 3520 4018 D InputManager-JNI: Disable repeat for home key when device wake up
10-24 21:48:29.041 3520 4018 D InputManager-JNI: !@interceptKeyBeforeQueueing(172), action=1, interactive=true
10-24 21:48:29.041 3520 4088 V KeyguardServiceDelegate: onStartedWakingUp()
10-24 21:48:29.041 3520 3604 I libsuspend: !@suspend_thread_func: release sem
10-24 21:48:29.041 3520 4018 D InputManager-JNI: !@handleInterceptActions(172), action=1, wmActions=1
10-24 21:48:29.041 4509 4966 I System.out: Broadcast completed: result=0
10-24 21:48:29.041 4130 5154 D KeyguardViewMediator: onStartedWakingUp, seq = 10
10-24 21:48:29.041 4130 5154 D KeyguardViewMediator: notifyStartedWakingUp
10-24 21:48:29.041 4130 4130 D KeyguardViewMediator: handleNotifyWakingUp
10-24 21:48:29.041 4130 4130 D PhoneStatusBar: onUnlockHintStarted isSmartLock = false, isInSecureByLockTimeout=false
10-24 21:48:29.051 4509 4668 I System.out: Broadcasting: Intent { act=com.sec.android.LTE_WIDEBAND_INFO flg=0x10000000 (has extras) }
10-24 21:48:29.051 3520 3601 V KeyguardServiceDelegate: onScreenTurnedOn(showListener = com.android.server.policy.PhoneWindowManager$2@8c1fac8)
10-24 21:48:29.051 3520 3612 I libsuspend: !@autosuspend_wakeup_count_disable
10-24 21:48:29.051 3520 3612 I libsuspend: !@autosuspend_wakeup_count_disable done
10-24 21:48:29.051 3520 4090 W CAE : setCAProperty(ContextAwareService.java:578) - [setProperty 01] Mutex is locked for AUTO_BRIGHTNESS
10-24 21:48:29.051 3520 4090 I CAE : setPropertyValue(AutoBrightnessRunner.java:129) - Mode = 0
10-24 21:48:29.051 3520 4090 I CAE : sendCmdToSensorHub(SensorHubCommManager.java:162) - -63, 23, 48, 1, 0,
10-24 21:48:29.051 3520 4090 D SensorHubManager: SendSensorHubData: send data = -63, 23, 48, 1, 0
10-24 21:48:29.061 3520 4017 I WindowManager: Ignoring HOME; down is not pressed.
10-24 21:48:29.061 4130 4130 V KeyguardFingerPrint: updateFingerprintListeningState(false)
10-24 21:48:29.061 4130 4140 D KeyguardViewMediator: notifyScreenOn
10-24 21:48:29.061 4130 4130 D KeyguardFingerPrint: shouldListenForFingerprint ( FingerPrint is not enabled. )
10-24 21:48:29.061 4130 4130 V KeyguardUpdateMonitor: stopListeningForFingerprint()
10-24 21:48:29.071 3099 3099 D SurfaceFlinger: Set power mode=2, type=0 flinger=0x7f91603c00
10-24 21:48:29.071 3099 3099 I hwcomposer: int exynos_setPowerMode(hwc_composer_device_1*, int, int):: disp(0), mode(2)
10-24 21:48:29.071 3135 3182 D Sensorhubs: sendContextData: -63, 23, 48, 1, 0
10-24 21:48:29.071 3520 4090 I CAE : setCAProperty(ContextAwareService.java:583) - result : true
10-24 21:48:29.071 7948 7948 E CocktailBarPositionManager: Window direction: 0
10-24 21:48:29.071 3520 4090 W CAE : setCAProperty(ContextAwareService.java:584) - [setProperty 02] Mutex is unlocked for AUTO_BRIGHTNESS
10-24 21:48:29.071 7948 7948 I CocktailBarPositionManager: updateAlphaScreenPosition position is dirty 0
10-24 21:48:29.071 3520 4090 D SContext.CaeProvider: setAttribute() : 0
10-24 21:48:29.071 3520 4090 W CAE : registerCallback(ContextAwareService.java:144) - [regi 01] Mutex is locked for AUTO_BRIGHTNESS
10-24 21:48:29.071 3520 4090 V CAE : start(ContextProvider.java:128)
10-24 21:48:29.081 3520 4090 V CAE : clear(AutoBrightnessRunner.java:297)
10-24 21:48:29.081 3520 4090 V CAE : enable(AutoBrightnessRunner.java:256)
10-24 21:48:29.081 3520 4090 I CAE : sendCmdToSensorHub(SensorHubCommManager.java:162) - -79, 48, 0,
10-24 21:48:29.081 3520 4090 D SensorHubManager: SendSensorHubData: send data = -79, 48, 0
10-24 21:48:29.081 3135 3135 D Sensorhubs: sendContextData: -79, 48, 0
10-24 21:48:29.081 3520 4090 D CAE : getFaultDetectionResult(AutoBrightnessRunner.java:311) - true
10-24 21:48:29.081 3520 4090 I CAE : notifyCmdProcessResultObserver(ContextProvider.java:627) - CheckResult = 0, Cause = Success
10-24 21:48:29.081 4130 4130 D KeyguardViewMediator: handleNotifyScreenTurningOn
10-24 21:48:29.081 4130 4130 D KeyguardEffectViewController: onScreenTurningOn
10-24 21:48:29.081 4130 4130 D KeyguardEffectViewController: ## mBackgroundView.onResume()
10-24 21:48:29.081 4130 4130 D KeyguardEffectViewWallpaper: onResume()
10-24 21:48:29.091 4130 4130 D KeyguardViewMediator: IKeyguardDrawnCallback.onDrawn()
10-24 21:48:29.091 3520 4534 V KeyguardServiceDelegate: **** SHOWN CALLED ****
10-24 21:48:29.091 4130 4343 D NetworkController.MobileSignalController(0/2147483643): onSignalStrengthsChanged signalStrength=SignalStrength: 22 99 -22 -200 -22 -200 -1 99 2147483647 2147483647 2147483647 2147483647 2147483647 0x5 gsm|lte level=5
10-24 21:48:29.091 4130 4343 D NetworkController.MobileSignalController(0/2147483643): getMobileIconGroup(): 0
10-24 21:48:29.091 4130 4343 D NetworkController.MobileSignalController(0/2147483643): updateTMOMobileIconGroup(): 0
10-24 21:48:29.091 4425 4425 D WfcPhoneStateListener: onSignalStrengthsChanged(): signal strength did not change
10-24 21:48:29.091 3520 4090 D CAE : doCommendProcess(ContextAwareService.java:433) - complete notify the operation result.
10-24 21:48:29.091 3520 4090 I CAE : displayUsedCountForService(ContextAwareService.java:525) - totalCnt = 1, serviceCount = 1, subCollectionCount = 0
10-24 21:48:29.091 3520 4090 D CAE : showListenerList(ContextAwareService.java:366) - ===== Context Aware Service List =====
10-24 21:48:29.091 3520 4090 I CAE : showListenerList(ContextAwareService.java:375) - Listener : com.samsung.android.contextaware.manager.ContextAwareService$Listener@d9ba157, Service : ACTIVITY_TRACKER_CURRENT_INFO(1)
10-24 21:48:29.101 3520 4090 I CAE : showListenerList(ContextAwareService.java:375) - Listener : com.samsung.android.contextaware.manager.ContextAwareService$Listener@312f78, Service : ANY_MOTION_DETECTOR_RUNNER(1)
10-24 21:48:29.101 3520 4090 I CAE : showListenerList(ContextAwareService.java:375) - Listener : com.samsung.android.contextaware.manager.ContextAwareService$Listener@2583b05, Service : AUTO_BRIGHTNESS(1)
10-24 21:48:29.101 3520 4090 W CAE : registerCallback(ContextAwareService.java:180) - [regi 02] Mutex is unlocked for AUTO_BRIGHTNESS
10-24 21:48:29.101 3520 4090 D SContextService: .registerCallback : 2, client=
10-24 21:48:29.101 3520 4090 D SContextService: ===== SContext Service List =====
10-24 21:48:29.101 3520 4090 D SContextService: Listener : android.hardware.scontext.SContextService$Listener@63ed7b7, Service : Any Motion Detector
10-24 21:48:29.101 3520 4090 D SContextService: Listener : android.hardware.scontext.SContextService$Listener@c6ad75a, Service : Auto Brightness
10-24 21:48:29.101 3520 4090 D SContextManager: .registerListener : listener = com.android.server.display.AutomaticBrightnessController$5@478adb6, service=Auto Brightness
10-24 21:48:29.101 4590 4590 D BatteryMonitor: new battery level: 100
10-24 21:48:29.111 4130 4130 D ViewRootImpl: MSG_RESIZED_REPORT: ci=Rect(0, 0 - 0, 0) vi=Rect(0, 0 - 0, 0) or=1
10-24 21:48:29.111 4130 4130 D KeyguardUpdateMonitor: received broadcast android.intent.action.BATTERY_CHANGED
10-24 21:48:29.131 3520 4387 V WindowStateAnimator: Finishing drawing window Window{288a8a3 u0 d0 com.android.contacts/com.android.dialer.DialtactsActivity}: mDrawState=HAS_DRAWN
10-24 21:48:29.131 26544 26748 W fb4a(:):QeInternalImpl: The sessioned store is not available. Are you fetching sessioned quick experiment data while the user is logged out?
10-24 21:48:29.141 3520 3604 I libsuspend: !@suspend_thread_func: read wakeup_count
10-24 21:48:29.151 4130 4343 D NetworkController: onReceive: intent=Intent { act=com.sec.android.LTE_WIDEBAND_INFO flg=0x10000010 bqHint=2 (has extras) }
10-24 21:48:29.151 4130 4343 D NetworkController.MobileSignalController(0/2147483643): LTE WIDEBAND : mCurrentState.CAIndicator = false
10-24 21:48:29.151 4130 4343 D NetworkController.MobileSignalController(0/2147483643): getMobileIconGroup(): 0
10-24 21:48:29.151 4130 4343 D NetworkController.MobileSignalController(0/2147483643): updateTMOMobileIconGroup(): 0
10-24 21:48:29.151 4130 4130 D KeyguardEffectViewController: onLayoutChange() v: com.android.keyguard.effect.EffectBehindView{1728aa1 V.E...... ......I. 0,0-1440,2560 #7f0e0325 app:id/keyguard_effect_behind}, bottom : 2560, oldBottom : 2560
10-24 21:48:29.151 3520 3520 I Tethering: BATTERY_CHANGED, level = 100lowBatteryThreshold = 15
10-24 21:48:29.161 4509 4966 I System.out: Broadcast completed: result=0
10-24 21:48:29.201 3520 3520 I CAE : handleMessage(CaPowerManager.java:188) - AP_WAKEUP
10-24 21:48:29.201 3520 3520 I CAE : updateApPowerStatus(SensorHubParserProvider.java:443) - AP_WAKEUP
10-24 21:48:29.201 3520 3520 I CAE : sendCmdToSensorHub(SensorHubCommManager.java:162) - -76, 13, -47, 0,
10-24 21:48:29.201 3520 3520 D SensorHubManager: SendSensorHubData: send data = -76, 13, -47, 0
10-24 21:48:29.201 3135 6965 D Sensorhubs: sendContextData: -76, 13, -47, 0
10-24 21:48:29.211 3520 3520 D UniversalCredentialManagerService: inside mBReciever onReceive : android.intent.action.SCREEN_ON
10-24 21:48:29.221 3520 3520 D UniversalCredentialManagerService: ****MSG_LOCK_STATUS_UPDATE block started****
10-24 21:48:29.221 3520 3520 D UniversalCredentialManagerService: notifyChangeToPlugin is called for Lock status update...
10-24 21:48:29.221 3520 3520 D UcmService: notifyChangeToPlugin event 15
10-24 21:48:29.221 3520 3520 D UcmService: checkCallerPermissionFor is called for method-notifyChangeToPlugin
10-24 21:48:29.221 3520 3520 I UcmService: checkIfNotify for cs Name = com.samsung.ucs.agent.boot:com.samsung.ucs.agent.boot Package name = com.samsung.ucs.agent.boot
10-24 21:48:29.221 3520 3520 D UcmService: notifying to unmanaged plugin
10-24 21:48:29.221 5742 5757 D BootAgentService: notifyChange eventId-15
10-24 21:48:29.221 3520 3520 D UcmService: agentService com.samsung.ucs.agent.boot:com.samsung.ucs.agent.boot notify status - -1
10-24 21:48:29.221 3520 3520 D UcmService: agentService status--1
10-24 21:48:29.221 3520 3520 I UcmService: checkIfNotify for cs Name = com.sec.smartcard.manager:com.samsung.ucs.agent.baiMobile Package name = com.sec.smartcard.manager
10-24 21:48:29.221 3520 3520 D UcmService: notifying to unmanaged plugin
10-24 21:48:29.221 5715 5727 E ucsBai_agentService: notifyChange NOT SUPPORTED
10-24 21:48:29.221 3520 3520 D UcmService: agentService com.sec.smartcard.manager:com.samsung.ucs.agent.baiMobile notify status - 0
10-24 21:48:29.221 3520 3520 D UcmService: agentService status-0
10-24 21:48:29.221 3520 3520 D UniversalCredentialManagerService: ****MSG_LOCK_STATUS_UPDATE block ended****
10-24 21:48:29.231 3520 3520 I WifiTrafficPoller: evaluateTrafficStatsPolling
10-24 21:48:29.241 3520 4046 D WifiStateMachine: handleScreenStateChanged, screen on, start periodic scan !!!
10-24 21:48:29.241 3520 4046 D WifiNative-wlan0: callSECApiBoolean - ID [11]
10-24 21:48:29.241 4319 4319 I wpa_supplicant: STOP_PERIODIC_SCAN command
10-24 21:48:29.251 3135 3181 D Sensorhubs: readContextData: 1, 1, 48, 0, 0, 0, 63, 0, 0, 0, 17
10-24 21:48:29.251 3520 4008 D SensorHubManager: onGetSensorHubDataLocked: library(11) = 1, 1, 48, 0, 0, 0, 63, 0, 0, 0, 17
10-24 21:48:29.251 3520 4007 D CAE : onGetSensorHubData(SensorHubParserProvider.java:92) - onGetSensorHubData Event [event buffer len :11], AP_WAKEUP
10-24 21:48:29.251 3520 4007 I CAE : parse(SensorHubParserProvider.java:188) - buffer size = 11
10-24 21:48:29.251 3520 4007 I CAE : parse(SensorHubParserProvider.java:199) - 1, 1, 48, 0, 0, 0, 63, 0, 0, 0, 17,
10-24 21:48:29.251 3520 4007 D CAE : display(ContextProvider.java:375) - ================= AUTO_BRIGHTNESS =================
10-24 21:48:29.251 3520 4007 I CAE : display(ContextProvider.java:391) - Candela=[63], AmbientLux=[17]
10-24 21:48:29.251 3520 3610 D lights : led_pattern : 0 +
10-24 21:48:29.251 3520 3520 D EdgeLight: Turning on edge light for notification (NotificationRecord(0x0f2f0f13: pkg=com.google.android.gm user=UserHandle{0} id=84315862 tag=null score=0 key=0|com.google.android.gm|84315862|null|10140: Notification(pri=0 contentView=null vibrate=null sound=content://settings/system/notification_sound tick defaults=0x4 flags=0x11 color=0xffdb4437 category=email actions=2 vis=PRIVATE publicVersion=Notification(pri=0 contentView=com.google.android.gm/0x10900a3 vibrate=null sound=null defaults=0x0 flags=0x0 color=0xffdb4437 category=email vis=PUBLIC secFlags=0x0 secPriority=0) secFlags=0x0 secPriority=0))) with color=ffffffff
10-24 21:48:29.251 3520 4010 D SContextService: updateSContext() : event = Auto Brightness
10-24 21:48:29.251 3520 3610 D lights : led_pattern : 0 -
10-24 21:48:29.251 3520 4046 E WifiNative-wlan0: do suspend false
10-24 21:48:29.261 3126 3126 D audio_hw_primary: adev_set_parameters: enter: kvpairs: screen_state=on
10-24 21:48:29.261 4371 4383 D PeopleNotiListenerService: onEdgeNotificationPosted() : pkg android, id=84315862
10-24 21:48:29.261 4371 4371 I PeopleNotiListenerService: sendEdgeNotification:
10-24 21:48:29.261 4371 4371 I PeopleStripeService: PeopleNotificationReceiver:2
10-24 21:48:29.261 4371 4371 I PeopleStripeService: sendEdgeNotification peopleEnabled true lightingEnabled true edgeEnabled true
10-24 21:48:29.261 4371 4371 I PeopleStripeManager: postEdgeNotification
10-24 21:48:29.261 4371 4371 I PeopleDataManager: postNotification
10-24 21:48:29.261 4371 4371 I NotificationParser: getNotiType:android,led_indicator
10-24 21:48:29.261 4371 4371 D PeopleStripeManager: requestEdgeLighting:people=null,packageName=android supported false
10-24 21:48:29.261 3520 4046 D WifiStateMachine: analyze kernel wifi wakelock
10-24 21:48:29.261 3520 4046 D WifiStateMachine: file not found /proc/wakelocks
10-24 21:48:29.291 3520 3520 E SContext.CaeProvider: setAttribute() : attribute is null!
10-24 21:48:29.291 3520 3520 W CAE : registerCallback(ContextAwareService.java:144) - [regi 01] Mutex is locked for ACTIVITY_TRACKER
10-24 21:48:29.291 3520 3520 V CAE : start(ContextProvider.java:128)
10-24 21:48:29.301 3520 3520 V CAE : clear(ActivityTrackerRunner.java:108)
10-24 21:48:29.301 3520 3520 V CAE : enable(ActivityTrackerRunner.java:84)
10-24 21:48:29.301 3520 3520 I CAE : sendCmdToSensorHub(SensorHubCommManager.java:162) - -79, 26, 0, 0, 0, 0, 0, 0, 0, 0, 4, 48, 29,
10-24 21:48:29.301 3520 3520 D SensorHubManager: SendSensorHubData: send data = -79, 26, 0, 0, 0, 0, 0, 0, 0, 0, 4, 48, 29
10-24 21:48:29.301 3135 3182 D Sensorhubs: sendContextData: -79, 26, 0, 0, 0, 0, 0, 0, 0, 0, 4, 48, 29
10-24 21:48:29.301 3520 3520 D CAE : getFaultDetectionResult(ActivityTrackerRunner.java:154) - true
10-24 21:48:29.301 3520 3520 I CAE : notifyCmdProcessResultObserver(ContextProvider.java:627) - CheckResult = 0, Cause = Success
10-24 21:48:29.301 3135 3181 D Sensorhubs: readContextData: 1, 1, 48, 0, 0, 0, 63, 0, 0, 0, 17
10-24 21:48:29.301 3520 4008 D SensorHubManager: onGetSensorHubDataLocked: library(11) = 1, 1, 48, 0, 0, 0, 63, 0, 0, 0, 17
10-24 21:48:29.301 3520 4007 D CAE : onGetSensorHubData(SensorHubParserProvider.java:92) - onGetSensorHubData Event [event buffer len :11], AP_WAKEUP
10-24 21:48:29.301 3520 4007 I CAE : parse(SensorHubParserProvider.java:188) - buffer size = 11
10-24 21:48:29.301 3520 4007 I CAE : parse(SensorHubParserProvider.java:199) - 1, 1, 48, 0, 0, 0, 63, 0, 0, 0, 17,
10-24 21:48:29.301 3520 4007 D CAE : display(ContextProvider.java:375) - ================= AUTO_BRIGHTNESS =================
10-24 21:48:29.301 3520 4007 I CAE : display(ContextProvider.java:391) - Candela=[63], AmbientLux=[17]
