10-24 21:54:45.171 4521 4521 D LauncherAppWidgetHostView: calculateWidgetSize() widget = T-Mobile TV(widget id = 3) result hostview size = 1771 x 927
10-24 21:54:45.171 4521 4521 D LauncherAppWidgetHostView: setResizeScaleResult() 1771/ 927 scaleToResize = 0.7673631(widget id = 3)
10-24 21:54:45.191 4521 4521 V LauncherAppWidgetHostView: calculateWidgetSize: (target widgetsize) using w/h 1359 712 span 5 2 (widgetid 3) [current Gridsize : GRID_5x5]
10-24 21:54:45.191 4521 4521 D LauncherAppWidgetHostView: calculateWidgetSize() widget = T-Mobile TV(widget id = 3) result hostview size = 1771 x 927
10-24 21:54:45.191 4521 4521 D LauncherAppWidgetHostView: setResizeScaleResult() 1771/ 927 scaleToResize = 0.7673631(widget id = 3)
10-24 21:54:45.201 4521 21036 D ViewSystem: updateRemoteViews(2) has done.
10-24 21:54:45.211 4521 4521 V LauncherAppWidgetHostView: calculateWidgetSize: (target widgetsize) using w/h 1359 712 span 5 2 (widgetid 3) [current Gridsize : GRID_5x5]
10-24 21:54:45.211 4521 4521 D LauncherAppWidgetHostView: calculateWidgetSize() widget = T-Mobile TV(widget id = 3) result hostview size = 1771 x 927
10-24 21:54:45.211 4521 4521 D LauncherAppWidgetHostView: setResizeScaleResult() 1771/ 927 scaleToResize = 0.7673631(widget id = 3)
10-24 21:54:47.881 3520 3520 I Tethering: BATTERY_CHANGED, level = 100lowBatteryThreshold = 15
10-24 21:54:47.891 4130 4130 D KeyguardUpdateMonitor: received broadcast android.intent.action.BATTERY_CHANGED
10-24 21:54:47.891 4130 4130 D KeyguardUpdateMonitor: handleBatteryUpdate
10-24 21:54:47.901 4590 4590 D BatteryMonitor: new battery level: 100
10-24 21:54:51.131 4521 4521 V LauncherAppWidgetHostView: calculateWidgetSize: (target widgetsize) using w/h 1359 712 span 5 2 (widgetid 3) [current Gridsize : GRID_5x5]
10-24 21:54:51.131 4521 4521 D LauncherAppWidgetHostView: calculateWidgetSize() widget = T-Mobile TV(widget id = 3) result hostview size = 1771 x 927
10-24 21:54:51.131 4521 4521 D LauncherAppWidgetHostView: setResizeScaleResult() 1771/ 927 scaleToResize = 0.7673631(widget id = 3)
10-24 21:54:57.151 4521 4521 V LauncherAppWidgetHostView: calculateWidgetSize: (target widgetsize) using w/h 1359 712 span 5 2 (widgetid 3) [current Gridsize : GRID_5x5]
10-24 21:54:57.151 4521 4521 D LauncherAppWidgetHostView: calculateWidgetSize() widget = T-Mobile TV(widget id = 3) result hostview size = 1771 x 927
10-24 21:54:57.151 4521 4521 D LauncherAppWidgetHostView: setResizeScaleResult() 1771/ 927 scaleToResize = 0.7673631(widget id = 3)
10-24 21:54:57.171 4521 21036 D ViewSystem: updateTemporaryMetaData() has done.
10-24 21:54:57.171 4521 4521 V LauncherAppWidgetHostView: calculateWidgetSize: (target widgetsize) using w/h 1359 712 span 5 2 (widgetid 3) [current Gridsize : GRID_5x5]
10-24 21:54:57.171 4521 4521 D LauncherAppWidgetHostView: calculateWidgetSize() widget = T-Mobile TV(widget id = 3) result hostview size = 1771 x 927
10-24 21:54:57.171 4521 4521 D LauncherAppWidgetHostView: setResizeScaleResult() 1771/ 927 scaleToResize = 0.7673631(widget id = 3)
10-24 21:54:57.191 4521 4521 V LauncherAppWidgetHostView: calculateWidgetSize: (target widgetsize) using w/h 1359 712 span 5 2 (widgetid 3) [current Gridsize : GRID_5x5]
10-24 21:54:57.191 4521 4521 D LauncherAppWidgetHostView: calculateWidgetSize() widget = T-Mobile TV(widget id = 3) result hostview size = 1771 x 927
10-24 21:54:57.191 4521 4521 D LauncherAppWidgetHostView: setResizeScaleResult() 1771/ 927 scaleToResize = 0.7673631(widget id = 3)
10-24 21:54:57.201 4521 21036 D ViewSystem: updateRemoteViews(4) has done.
10-24 21:54:57.221 4521 4521 V LauncherAppWidgetHostView: calculateWidgetSize: (target widgetsize) using w/h 1359 712 span 5 2 (widgetid 3) [current Gridsize : GRID_5x5]
10-24 21:54:57.221 4521 4521 D LauncherAppWidgetHostView: calculateWidgetSize() widget = T-Mobile TV(widget id = 3) result hostview size = 1771 x 927
10-24 21:54:57.221 4521 4521 D LauncherAppWidgetHostView: setResizeScaleResult() 1771/ 927 scaleToResize = 0.7673631(widget id = 3)
10-24 21:54:57.941 3520 3584 D BluetoothAdapter: STATE_BLE_ON
10-24 21:54:58.031 3520 3520 I Tethering: BATTERY_CHANGED, level = 99lowBatteryThreshold = 15
10-24 21:54:58.031 4130 4130 D KeyguardUpdateMonitor: received broadcast android.intent.action.BATTERY_CHANGED
10-24 21:54:58.041 4590 4590 D BatteryMonitor: new battery level: 99
10-24 21:54:58.051 3520 4392 D ApplicationPolicy: isStatusBarNotificationAllowedAsUser: packageName = com.android.systemui,userId = -1
10-24 21:54:58.051 4130 4130 D KeyguardUpdateMonitor: handleBatteryUpdate
10-24 21:54:58.051 5329 5329 E MtpServerJNI: server is null in send_object_removed
10-24 21:54:58.091 4346 4362 D CatchNotificationsService: onNotificationPosted
10-24 21:54:58.121 26793 26818 D BadgeProvider: query, [selection] : null
10-24 21:54:58.131 4346 4362 E CatchNotificationsService: Invalid notification data
10-24 21:54:58.161 4130 4130 D KnoxNotification: ----- inflateViews : modified publicViewLocal -----
10-24 21:54:58.171 4130 4130 D KnoxNotification: ----- inflateViews : modified KnoxViewLocal -----
10-24 21:54:58.181 4130 4130 D PhoneStatusBar: setAreThereNotifications: N=4 any=true clearable=true
10-24 21:55:00.011 4130 4130 D KeyguardUpdateMonitor: received broadcast android.intent.action.TIME_TICK
10-24 21:55:00.011 4130 4130 D KeyguardUpdateMonitor: handleTimeUpdate
10-24 21:55:00.031 4130 4130 D Clock : received broadcast android.intent.action.TIME_TICK
10-24 21:55:00.091 4130 4130 D DateView: received broadcast android.intent.action.TIME_TICK
10-24 21:55:00.151 4521 4521 V LauncherAppWidgetHostView: calculateWidgetSize: (target widgetsize) using w/h 1359 347 span 5 1 (widgetid 6) [current Gridsize : GRID_5x5]
10-24 21:55:00.151 4521 4521 D LauncherAppWidgetHostView: calculateWidgetSize() widget = Weather and Clock(widget id = 6) result hostview size = 1771 x 452
10-24 21:55:00.151 4521 4521 D LauncherAppWidgetHostView: setResizeScaleResult() 1771/ 452 scaleToResize = 0.7673631(widget id = 6)
10-24 21:55:00.151 4521 4521 V LauncherAppWidgetHostView: calculateWidgetSize: (target widgetsize) using w/h 1359 347 span 5 1 (widgetid 2) [current Gridsize : GRID_5x5]
10-24 21:55:00.151 4521 4521 D LauncherAppWidgetHostView: calculateWidgetSize() widget = Google App(widget id = 2) result hostview size = 1771 x 452
10-24 21:55:00.151 4521 4521 D LauncherAppWidgetHostView: setResizeScaleResult() 1771/ 452 scaleToResize = 0.7673631(widget id = 2)
10-24 21:55:00.171 4521 4521 V LauncherAppWidgetHostView: calculateWidgetSize: (target widgetsize) using w/h 1359 347 span 5 1 (widgetid 6) [current Gridsize : GRID_5x5]
10-24 21:55:00.171 4521 4521 D LauncherAppWidgetHostView: calculateWidgetSize() widget = Weather and Clock(widget id = 6) result hostview size = 1771 x 452
10-24 21:55:00.171 4521 4521 D LauncherAppWidgetHostView: setResizeScaleResult() 1771/ 452 scaleToResize = 0.7673631(widget id = 6)
10-24 21:55:00.171 4521 4521 V LauncherAppWidgetHostView: calculateWidgetSize: (target widgetsize) using w/h 1359 347 span 5 1 (widgetid 2) [current Gridsize : GRID_5x5]
10-24 21:55:00.171 4521 4521 D LauncherAppWidgetHostView: calculateWidgetSize() widget = Google App(widget id = 2) result hostview size = 1771 x 452
10-24 21:55:00.171 4521 4521 D LauncherAppWidgetHostView: setResizeScaleResult() 1771/ 452 scaleToResize = 0.7673631(widget id = 2)
10-24 21:55:00.201 26846 26846 D [WeatherWidget(1177)] WeatherService: {[EC3334F14841398C8B464A72D0E61AB7CD7E766A36D06043166FAD39187431A3E5A9A2F81BDF9068B74904E1B1CB541044E6D58E921E578E1E6FAAF047CA8AFC]}
10-24 21:55:00.201 26846 26846 D [WeatherWidget(1177)] : {[3AE6950019B083611567B0F9442DB03E59646CBA355B4C260B75423E37A3701A]}
10-24 21:55:00.211 26846 26846 D [WeatherWidget(1177)] : {[3AE6950019B083611567B0F9442DB03E0F7D6DF8FAB8AEDDA9C52FD622CBE93BD3B3C821E02768ECE7D54B13E96560EDB802D29C56DFCCD38F937DDED36C9453E14ACC693F7BDF399FD0A06BF2D59F2E62F0159FCF8ED080A2244B7BC466DBEB]}
10-24 21:55:00.211 26846 26846 D [WeatherWidget(1177)] : {[DF00664B5BF2DD508EC3D0ADB8B43C9FB429631765284D8658CE62A4AFFAA963]}
10-24 21:55:03.151 4521 4521 V LauncherAppWidgetHostView: calculateWidgetSize: (target widgetsize) using w/h 1359 712 span 5 2 (widgetid 3) [current Gridsize : GRID_5x5]
10-24 21:55:03.151 4521 4521 D LauncherAppWidgetHostView: calculateWidgetSize() widget = T-Mobile TV(widget id = 3) result hostview size = 1771 x 927
10-24 21:55:03.151 4521 4521 D LauncherAppWidgetHostView: setResizeScaleResult() 1771/ 927 scaleToResize = 0.7673631(widget id = 3)
10-24 21:55:03.171 4521 21036 D ViewSystem: updateTemporaryMetaData() has done.
10-24 21:55:03.181 4521 4521 V LauncherAppWidgetHostView: calculateWidgetSize: (target widgetsize) using w/h 1359 712 span 5 2 (widgetid 3) [current Gridsize : GRID_5x5]
10-24 21:55:03.181 4521 4521 D LauncherAppWidgetHostView: calculateWidgetSize() widget = T-Mobile TV(widget id = 3) result hostview size = 1771 x 927
10-24 21:55:03.181 4521 4521 D LauncherAppWidgetHostView: setResizeScaleResult() 1771/ 927 scaleToResize = 0.7673631(widget id = 3)
10-24 21:55:03.201 4521 4521 V LauncherAppWidgetHostView: calculateWidgetSize: (target widgetsize) using w/h 1359 712 span 5 2 (widgetid 3) [current Gridsize : GRID_5x5]
10-24 21:55:03.201 4521 4521 D LauncherAppWidgetHostView: calculateWidgetSize() widget = T-Mobile TV(widget id = 3) result hostview size = 1771 x 927
10-24 21:55:03.201 4521 4521 D LauncherAppWidgetHostView: setResizeScaleResult() 1771/ 927 scaleToResize = 0.7673631(widget id = 3)
10-24 21:55:03.211 21569 28625 I AmazonVideo.util: ConfigManager.updateFromServerIfNecessary: Requesting update for 0 millis from now
10-24 21:55:03.211 21569 28625 I AmazonVideo.util: ConfigTaskScheduler.schedule: Scheduling refresh after 0 millis
10-24 21:55:03.211 21569 28625 I AmazonVideo.syncservice: SyncDispatcher.sync: Skipping sync component: EventManager
10-24 21:55:03.211 21569 21666 I AmazonVideo.util: ConfigManager.updateConfigFromServer: Told to update server config when no customer is logged in; ignoring request
10-24 21:55:03.211 4521 21036 D ViewSystem: updateRemoteViews(5) has done.
10-24 21:55:03.231 4521 4521 V LauncherAppWidgetHostView: calculateWidgetSize: (target widgetsize) using w/h 1359 712 span 5 2 (widgetid 3) [current Gridsize : GRID_5x5]
10-24 21:55:03.231 4521 4521 D LauncherAppWidgetHostView: calculateWidgetSize() widget = T-Mobile TV(widget id = 3) result hostview size = 1771 x 927
10-24 21:55:03.231 4521 4521 D LauncherAppWidgetHostView: setResizeScaleResult() 1771/ 927 scaleToResize = 0.7673631(widget id = 3)
10-24 21:55:07.581 27575 27600 I Quasar : start to send events
10-24 21:55:08.011 3520 3520 I Tethering: BATTERY_CHANGED, level = 99lowBatteryThreshold = 15
10-24 21:55:08.011 4130 4130 D KeyguardUpdateMonitor: received broadcast android.intent.action.BATTERY_CHANGED
10-24 21:55:08.011 4130 4130 D KeyguardUpdateMonitor: handleBatteryUpdate
10-24 21:55:08.021 4590 4590 D BatteryMonitor: new battery level: 99
10-24 21:55:09.101 24116 28371 I DeviceStateChecker: screenOn: true, isCharging: true
10-24 21:55:09.151 4521 4521 V LauncherAppWidgetHostView: calculateWidgetSize: (target widgetsize) using w/h 1359 712 span 5 2 (widgetid 3) [current Gridsize : GRID_5x5]
10-24 21:55:09.151 4521 4521 D LauncherAppWidgetHostView: calculateWidgetSize() widget = T-Mobile TV(widget id = 3) result hostview size = 1771 x 927
10-24 21:55:09.151 4521 4521 D LauncherAppWidgetHostView: setResizeScaleResult() 1771/ 927 scaleToResize = 0.7673631(widget id = 3)
10-24 21:55:09.171 4521 21036 D ViewSystem: updateTemporaryMetaData() has done.
10-24 21:55:09.181 4521 4521 V LauncherAppWidgetHostView: calculateWidgetSize: (target widgetsize) using w/h 1359 712 span 5 2 (widgetid 3) [current Gridsize : GRID_5x5]
10-24 21:55:09.181 4521 4521 D LauncherAppWidgetHostView: calculateWidgetSize() widget = T-Mobile TV(widget id = 3) result hostview size = 1771 x 927
10-24 21:55:09.181 4521 4521 D LauncherAppWidgetHostView: setResizeScaleResult() 1771/ 927 scaleToResize = 0.7673631(widget id = 3)
10-24 21:55:09.191 4521 4521 V LauncherAppWidgetHostView: calculateWidgetSize: (target widgetsize) using w/h 1359 712 span 5 2 (widgetid 3) [current Gridsize : GRID_5x5]
10-24 21:55:09.191 4521 4521 D LauncherAppWidgetHostView: calculateWidgetSize() widget = T-Mobile TV(widget id = 3) result hostview size = 1771 x 927
10-24 21:55:09.191 4521 4521 D LauncherAppWidgetHostView: setResizeScaleResult() 1771/ 927 scaleToResize = 0.7673631(widget id = 3)
10-24 21:55:09.211 4521 21036 D ViewSystem: updateRemoteViews(0) has done.
10-24 21:55:09.221 4521 4521 V LauncherAppWidgetHostView: calculateWidgetSize: (target widgetsize) using w/h 1359 712 span 5 2 (widgetid 3) [current Gridsize : GRID_5x5]
10-24 21:55:09.221 4521 4521 D LauncherAppWidgetHostView: calculateWidgetSize() widget = T-Mobile TV(widget id = 3) result hostview size = 1771 x 927
10-24 21:55:09.221 4521 4521 D LauncherAppWidgetHostView: setResizeScaleResult() 1771/ 927 scaleToResize = 0.7673631(widget id = 3)
10-24 21:55:15.151 4521 4521 V LauncherAppWidgetHostView: calculateWidgetSize: (target widgetsize) using w/h 1359 712 span 5 2 (widgetid 3) [current Gridsize : GRID_5x5]
10-24 21:55:15.151 4521 4521 D LauncherAppWidgetHostView: calculateWidgetSize() widget = T-Mobile TV(widget id = 3) result hostview size = 1771 x 927
10-24 21:55:15.151 4521 4521 D LauncherAppWidgetHostView: setResizeScaleResult() 1771/ 927 scaleToResize = 0.7673631(widget id = 3)
10-24 21:55:15.171 4521 21036 D ViewSystem: updateTemporaryMetaData() has done.
10-24 21:55:15.191 4521 4521 V LauncherAppWidgetHostView: calculateWidgetSize: (target widgetsize) using w/h 1359 712 span 5 2 (widgetid 3) [current Gridsize : GRID_5x5]
10-24 21:55:15.191 4521 4521 D LauncherAppWidgetHostView: calculateWidgetSize() widget = T-Mobile TV(widget id = 3) result hostview size = 1771 x 927
10-24 21:55:15.191 4521 4521 D LauncherAppWidgetHostView: setResizeScaleResult() 1771/ 927 scaleToResize = 0.7673631(widget id = 3)
10-24 21:55:15.211 4521 4521 V LauncherAppWidgetHostView: calculateWidgetSize: (target widgetsize) using w/h 1359 712 span 5 2 (widgetid 3) [current Gridsize : GRID_5x5]
10-24 21:55:15.211 4521 4521 D LauncherAppWidgetHostView: calculateWidgetSize() widget = T-Mobile TV(widget id = 3) result hostview size = 1771 x 927
10-24 21:55:15.211 4521 4521 D LauncherAppWidgetHostView: setResizeScaleResult() 1771/ 927 scaleToResize = 0.7673631(widget id = 3)
10-24 21:55:15.221 4521 21036 D ViewSystem: updateRemoteViews(1) has done.
10-24 21:55:15.231 4521 4521 V LauncherAppWidgetHostView: calculateWidgetSize: (target widgetsize) using w/h 1359 712 span 5 2 (widgetid 3) [current Gridsize : GRID_5x5]
10-24 21:55:15.231 4521 4521 D LauncherAppWidgetHostView: calculateWidgetSize() widget = T-Mobile TV(widget id = 3) result hostview size = 1771 x 927
10-24 21:55:15.231 4521 4521 D LauncherAppWidgetHostView: setResizeScaleResult() 1771/ 927 scaleToResize = 0.7673631(widget id = 3)
10-24 21:55:18.071 3520 3520 I Tethering: BATTERY_CHANGED, level = 99lowBatteryThreshold = 15
10-24 21:55:18.071 4130 4130 D KeyguardUpdateMonitor: received broadcast android.intent.action.BATTERY_CHANGED
10-24 21:55:18.071 4130 4130 D KeyguardUpdateMonitor: handleBatteryUpdate
10-24 21:55:18.081 4590 4590 D BatteryMonitor: new battery level: 99
10-24 21:55:21.151 4521 4521 V LauncherAppWidgetHostView: calculateWidgetSize: (target widgetsize) using w/h 1359 712 span 5 2 (widgetid 3) [current Gridsize : GRID_5x5]
10-24 21:55:21.151 4521 4521 D LauncherAppWidgetHostView: calculateWidgetSize() widget = T-Mobile TV(widget id = 3) result hostview size = 1771 x 927
10-24 21:55:21.151 4521 4521 D LauncherAppWidgetHostView: setResizeScaleResult() 1771/ 927 scaleToResize = 0.7673631(widget id = 3)
10-24 21:55:21.171 4521 21036 D ViewSystem: updateTemporaryMetaData() has done.
10-24 21:55:21.181 4521 4521 V LauncherAppWidgetHostView: calculateWidgetSize: (target widgetsize) using w/h 1359 712 span 5 2 (widgetid 3) [current Gridsize : GRID_5x5]
10-24 21:55:21.181 4521 4521 D LauncherAppWidgetHostView: calculateWidgetSize() widget = T-Mobile TV(widget id = 3) result hostview size = 1771 x 927
10-24 21:55:21.181 4521 4521 D LauncherAppWidgetHostView: setResizeScaleResult() 1771/ 927 scaleToResize = 0.7673631(widget id = 3)
10-24 21:55:21.201 4521 4521 V LauncherAppWidgetHostView: calculateWidgetSize: (target widgetsize) using w/h 1359 712 span 5 2 (widgetid 3) [current Gridsize : GRID_5x5]
10-24 21:55:21.201 4521 4521 D LauncherAppWidgetHostView: calculateWidgetSize() widget = T-Mobile TV(widget id = 3) result hostview size = 1771 x 927
10-24 21:55:21.201 4521 4521 D LauncherAppWidgetHostView: setResizeScaleResult() 1771/ 927 scaleToResize = 0.7673631(widget id = 3)
10-24 21:55:21.211 4521 21036 D ViewSystem: updateRemoteViews(2) has done.
10-24 21:55:21.231 4521 4521 V LauncherAppWidgetHostView: calculateWidgetSize: (target widgetsize) using w/h 1359 712 span 5 2 (widgetid 3) [current Gridsize : GRID_5x5]
10-24 21:55:21.231 4521 4521 D LauncherAppWidgetHostView: calculateWidgetSize() widget = T-Mobile TV(widget id = 3) result hostview size = 1771 x 927
10-24 21:55:21.231 4521 4521 D LauncherAppWidgetHostView: setResizeScaleResult() 1771/ 927 scaleToResize = 0.7673631(widget id = 3)
10-24 21:55:27.141 4521 4521 V LauncherAppWidgetHostView: calculateWidgetSize: (target widgetsize) using w/h 1359 712 span 5 2 (widgetid 3) [current Gridsize : GRID_5x5]
10-24 21:55:27.141 4521 4521 D LauncherAppWidgetHostView: calculateWidgetSize() widget = T-Mobile TV(widget id = 3) result hostview size = 1771 x 927
10-24 21:55:27.141 4521 4521 D LauncherAppWidgetHostView: setResizeScaleResult() 1771/ 927 scaleToResize = 0.7673631(widget id = 3)
10-24 21:55:28.141 3520 3520 I Tethering: BATTERY_CHANGED, level = 99lowBatteryThreshold = 15
10-24 21:55:28.151 4130 4130 D KeyguardUpdateMonitor: received broadcast android.intent.action.BATTERY_CHANGED
10-24 21:55:28.151 4130 4130 D KeyguardUpdateMonitor: handleBatteryUpdate
10-24 21:55:28.171 4590 4590 D BatteryMonitor: new battery level: 99
10-24 21:55:33.171 4521 4521 V LauncherAppWidgetHostView: calculateWidgetSize: (target widgetsize) using w/h 1359 712 span 5 2 (widgetid 3) [current Gridsize : GRID_5x5]
10-24 21:55:33.171 4521 4521 D LauncherAppWidgetHostView: calculateWidgetSize() widget = T-Mobile TV(widget id = 3) result hostview size = 1771 x 927
10-24 21:55:33.171 4521 4521 D LauncherAppWidgetHostView: setResizeScaleResult() 1771/ 927 scaleToResize = 0.7673631(widget id = 3)
10-24 21:55:33.191 4521 21036 D ViewSystem: updateTemporaryMetaData() has done.
10-24 21:55:33.191 4521 4521 V LauncherAppWidgetHostView: calculateWidgetSize: (target widgetsize) using w/h 1359 712 span 5 2 (widgetid 3) [current Gridsize : GRID_5x5]
10-24 21:55:33.191 4521 4521 D LauncherAppWidgetHostView: calculateWidgetSize() widget = T-Mobile TV(widget id = 3) result hostview size = 1771 x 927
10-24 21:55:33.191 4521 4521 D LauncherAppWidgetHostView: setResizeScaleResult() 1771/ 927 scaleToResize = 0.7673631(widget id = 3)
10-24 21:55:33.201 4521 4521 V LauncherAppWidgetHostView: calculateWidgetSize: (target widgetsize) using w/h 1359 712 span 5 2 (widgetid 3) [current Gridsize : GRID_5x5]
10-24 21:55:33.201 4521 4521 D LauncherAppWidgetHostView: calculateWidgetSize() widget = T-Mobile TV(widget id = 3) result hostview size = 1771 x 927
10-24 21:55:33.201 4521 4521 D LauncherAppWidgetHostView: setResizeScaleResult() 1771/ 927 scaleToResize = 0.7673631(widget id = 3)
10-24 21:55:33.211 4521 21036 D ViewSystem: updateRemoteViews(4) has done.
10-24 21:55:33.231 4521 4521 V LauncherAppWidgetHostView: calculateWidgetSize: (target widgetsize) using w/h 1359 712 span 5 2 (widgetid 3) [current Gridsize : GRID_5x5]
10-24 21:55:33.231 4521 4521 D LauncherAppWidgetHostView: calculateWidgetSize() widget = T-Mobile TV(widget id = 3) result hostview size = 1771 x 927
10-24 21:55:33.231 4521 4521 D LauncherAppWidgetHostView: setResizeScaleResult() 1771/ 927 scaleToResize = 0.7673631(widget id = 3)
10-24 21:55:38.211 3520 3520 I Tethering: BATTERY_CHANGED, level = 99lowBatteryThreshold = 15
10-24 21:55:38.211 4130 4130 D KeyguardUpdateMonitor: received broadcast android.intent.action.BATTERY_CHANGED
10-24 21:55:38.211 4130 4130 D KeyguardUpdateMonitor: handleBatteryUpdate
10-24 21:55:38.251 4590 4590 D BatteryMonitor: new battery level: 99
10-24 21:55:38.401 4574 4612 D ContactsProvider_EventLog: contents_sample_state: [ contacts(4) data(27) accounts({com.google (2)=4}) accounts deleted({}) calls([]) ]
10-24 21:55:38.401 4574 4612 D ContactsProvider_EventLog: contents_sample_state: [ agr({[2]=4}) ]
10-24 21:55:39.171 4521 4521 V LauncherAppWidgetHostView: calculateWidgetSize: (target widgetsize) using w/h 1359 712 span 5 2 (widgetid 3) [current Gridsize : GRID_5x5]
10-24 21:55:39.171 4521 4521 D LauncherAppWidgetHostView: calculateWidgetSize() widget = T-Mobile TV(widget id = 3) result hostview size = 1771 x 927
10-24 21:55:39.171 4521 4521 D LauncherAppWidgetHostView: setResizeScaleResult() 1771/ 927 scaleToResize = 0.7673631(widget id = 3)
10-24 21:55:39.191 4521 21036 D ViewSystem: updateTemporaryMetaData() has done.
10-24 21:55:39.191 4521 4521 V LauncherAppWidgetHostView: calculateWidgetSize: (target widgetsize) using w/h 1359 712 span 5 2 (widgetid 3) [current Gridsize : GRID_5x5]
10-24 21:55:39.191 4521 4521 D LauncherAppWidgetHostView: calculateWidgetSize() widget = T-Mobile TV(widget id = 3) result hostview size = 1771 x 927
10-24 21:55:39.191 4521 4521 D LauncherAppWidgetHostView: setResizeScaleResult() 1771/ 927 scaleToResize = 0.7673631(widget id = 3)
10-24 21:55:39.211 4521 4521 V LauncherAppWidgetHostView: calculateWidgetSize: (target widgetsize) using w/h 1359 712 span 5 2 (widgetid 3) [current Gridsize : GRID_5x5]
10-24 21:55:39.211 4521 4521 D LauncherAppWidgetHostView: calculateWidgetSize() widget = T-Mobile TV(widget id = 3) result hostview size = 1771 x 927
10-24 21:55:39.211 4521 4521 D LauncherAppWidgetHostView: setResizeScaleResult() 1771/ 927 scaleToResize = 0.7673631(widget id = 3)
10-24 21:55:39.221 4521 21036 D ViewSystem: updateRemoteViews(5) has done.
10-24 21:55:39.231 4521 4521 V LauncherAppWidgetHostView: calculateWidgetSize: (target widgetsize) using w/h 1359 712 span 5 2 (widgetid 3) [current Gridsize : GRID_5x5]
10-24 21:55:39.241 4521 4521 D LauncherAppWidgetHostView: calculateWidgetSize() widget = T-Mobile TV(widget id = 3) result hostview size = 1771 x 927
10-24 21:55:39.241 4521 4521 D LauncherAppWidgetHostView: setResizeScaleResult() 1771/ 927 scaleToResize = 0.7673631(widget id = 3)
10-24 21:55:45.171 4521 4521 V LauncherAppWidgetHostView: calculateWidgetSize: (target widgetsize) using w/h 1359 712 span 5 2 (widgetid 3) [current Gridsize : GRID_5x5]
10-24 21:55:45.171 4521 4521 D LauncherAppWidgetHostView: calculateWidgetSize() widget = T-Mobile TV(widget id = 3) result hostview size = 1771 x 927
10-24 21:55:45.171 4521 4521 D LauncherAppWidgetHostView: setResizeScaleResult() 1771/ 927 scaleToResize = 0.7673631(widget id = 3)
10-24 21:55:45.191 4521 21036 D ViewSystem: updateTemporaryMetaData() has done.
10-24 21:55:45.191 4521 4521 V LauncherAppWidgetHostView: calculateWidgetSize: (target widgetsize) using w/h 1359 712 span 5 2 (widgetid 3) [current Gridsize : GRID_5x5]
10-24 21:55:45.191 4521 4521 D LauncherAppWidgetHostView: calculateWidgetSize() widget = T-Mobile TV(widget id = 3) result hostview size = 1771 x 927
10-24 21:55:45.191 4521 4521 D LauncherAppWidgetHostView: setResizeScaleResult() 1771/ 927 scaleToResize = 0.7673631(widget id = 3)
10-24 21:55:45.211 4521 4521 V LauncherAppWidgetHostView: calculateWidgetSize: (target widgetsize) using w/h 1359 712 span 5 2 (widgetid 3) [current Gridsize : GRID_5x5]
10-24 21:55:45.211 4521 4521 D LauncherAppWidgetHostView: calculateWidgetSize() widget = T-Mobile TV(widget id = 3) result hostview size = 1771 x 927
10-24 21:55:45.211 4521 4521 D LauncherAppWidgetHostView: setResizeScaleResult() 1771/ 927 scaleToResize = 0.7673631(widget id = 3)
10-24 21:55:45.231 4521 21036 D ViewSystem: updateRemoteViews(0) has done.
10-24 21:55:45.241 4521 4521 V LauncherAppWidgetHostView: calculateWidgetSize: (target widgetsize) using w/h 1359 712 span 5 2 (widgetid 3) [current Gridsize : GRID_5x5]
10-24 21:55:45.241 4521 4521 D LauncherAppWidgetHostView: calculateWidgetSize() widget = T-Mobile TV(widget id = 3) result hostview size = 1771 x 927
10-24 21:55:45.241 4521 4521 D LauncherAppWidgetHostView: setResizeScaleResult() 1771/ 927 scaleToResize = 0.7673631(widget id = 3)
10-24 21:55:48.271 3520 3520 I Tethering: BATTERY_CHANGED, level = 99lowBatteryThreshold = 15
10-24 21:55:48.281 4130 4130 D KeyguardUpdateMonitor: received broadcast android.intent.action.BATTERY_CHANGED
10-24 21:55:48.281 4130 4130 D KeyguardUpdateMonitor: handleBatteryUpdate
10-24 21:55:48.291 4590 4590 D BatteryMonitor: new battery level: 99
10-24 21:55:51.151 4521 4521 V LauncherAppWidgetHostView: calculateWidgetSize: (target widgetsize) using w/h 1359 712 span 5 2 (widgetid 3) [current Gridsize : GRID_5x5]
10-24 21:55:51.151 4521 4521 D LauncherAppWidgetHostView: calculateWidgetSize() widget = T-Mobile TV(widget id = 3) result hostview size = 1771 x 927
10-24 21:55:51.151 4521 4521 D LauncherAppWidgetHostView: setResizeScaleResult() 1771/ 927 scaleToResize = 0.7673631(widget id = 3)
10-24 21:55:51.171 4521 21036 D ViewSystem: updateTemporaryMetaData() has done.
10-24 21:55:51.181 4521 4521 V LauncherAppWidgetHostView: calculateWidgetSize: (target widgetsize) using w/h 1359 712 span 5 2 (widgetid 3) [current Gridsize : GRID_5x5]
10-24 21:55:51.181 4521 4521 D LauncherAppWidgetHostView: calculateWidgetSize() widget = T-Mobile TV(widget id = 3) result hostview size = 1771 x 927
10-24 21:55:51.181 4521 4521 D LauncherAppWidgetHostView: setResizeScaleResult() 1771/ 927 scaleToResize = 0.7673631(widget id = 3)
10-24 21:55:51.201 4521 4521 V LauncherAppWidgetHostView: calculateWidgetSize: (target widgetsize) using w/h 1359 712 span 5 2 (widgetid 3) [current Gridsize : GRID_5x5]
10-24 21:55:51.201 4521 4521 D LauncherAppWidgetHostView: calculateWidgetSize() widget = T-Mobile TV(widget id = 3) result hostview size = 1771 x 927
10-24 21:55:51.201 4521 4521 D LauncherAppWidgetHostView: setResizeScaleResult() 1771/ 927 scaleToResize = 0.7673631(widget id = 3)
10-24 21:55:51.211 4521 21036 D ViewSystem: updateRemoteViews(1) has done.
10-24 21:55:51.221 4521 4521 V LauncherAppWidgetHostView: calculateWidgetSize: (target widgetsize) using w/h 1359 712 span 5 2 (widgetid 3) [current Gridsize : GRID_5x5]
10-24 21:55:51.221 4521 4521 D LauncherAppWidgetHostView: calculateWidgetSize() widget = T-Mobile TV(widget id = 3) result hostview size = 1771 x 927
10-24 21:55:51.221 4521 4521 D LauncherAppWidgetHostView: setResizeScaleResult() 1771/ 927 scaleToResize = 0.7673631(widget id = 3)
10-24 21:55:57.171 4521 4521 V LauncherAppWidgetHostView: calculateWidgetSize: (target widgetsize) using w/h 1359 712 span 5 2 (widgetid 3) [current Gridsize : GRID_5x5]
10-24 21:55:57.171 4521 4521 D LauncherAppWidgetHostView: calculateWidgetSize() widget = T-Mobile TV(widget id = 3) result hostview size = 1771 x 927
10-24 21:55:57.171 4521 4521 D LauncherAppWidgetHostView: setResizeScaleResult() 1771/ 927 scaleToResize = 0.7673631(widget id = 3)
10-24 21:55:57.191 4521 21036 D ViewSystem: updateTemporaryMetaData() has done.
10-24 21:55:57.201 4521 4521 V LauncherAppWidgetHostView: calculateWidgetSize: (target widgetsize) using w/h 1359 712 span 5 2 (widgetid 3) [current Gridsize : GRID_5x5]
10-24 21:55:57.201 4521 4521 D LauncherAppWidgetHostView: calculateWidgetSize() widget = T-Mobile TV(widget id = 3) result hostview size = 1771 x 927
10-24 21:55:57.201 4521 4521 D LauncherAppWidgetHostView: setResizeScaleResult() 1771/ 927 scaleToResize = 0.7673631(widget id = 3)
10-24 21:55:57.221 4521 4521 V LauncherAppWidgetHostView: calculateWidgetSize: (target widgetsize) using w/h 1359 712 span 5 2 (widgetid 3) [current Gridsize : GRID_5x5]
10-24 21:55:57.221 4521 4521 D LauncherAppWidgetHostView: calculateWidgetSize() widget = T-Mobile TV(widget id = 3) result hostview size = 1771 x 927
10-24 21:55:57.221 4521 4521 D LauncherAppWidgetHostView: setResizeScaleResult() 1771/ 927 scaleToResize = 0.7673631(widget id = 3)
10-24 21:55:57.231 4521 21036 D ViewSystem: updateRemoteViews(2) has done.
10-24 21:55:57.241 4521 4521 V LauncherAppWidgetHostView: calculateWidgetSize: (target widgetsize) using w/h 1359 712 span 5 2 (widgetid 3) [current Gridsize : GRID_5x5]
10-24 21:55:57.241 4521 4521 D LauncherAppWidgetHostView: calculateWidgetSize() widget = T-Mobile TV(widget id = 3) result hostview size = 1771 x 927
10-24 21:55:57.241 4521 4521 D LauncherAppWidgetHostView: setResizeScaleResult() 1771/ 927 scaleToResize = 0.7673631(widget id = 3)
10-24 21:55:58.341 3520 3520 I Tethering: BATTERY_CHANGED, level = 99lowBatteryThreshold = 15
10-24 21:55:58.351 4130 4130 D KeyguardUpdateMonitor: received broadcast android.intent.action.BATTERY_CHANGED
10-24 21:55:58.351 4130 4130 D KeyguardUpdateMonitor: handleBatteryUpdate
10-24 21:55:58.371 4590 4590 D BatteryMonitor: new battery level: 99
10-24 21:56:00.011 4130 4130 D KeyguardUpdateMonitor: received broadcast android.intent.action.TIME_TICK
10-24 21:56:00.011 4130 4130 D KeyguardUpdateMonitor: handleTimeUpdate
10-24 21:56:00.021 4130 4130 D Clock : received broadcast android.intent.action.TIME_TICK
10-24 21:56:00.091 4130 4130 D DateView: received broadcast android.intent.action.TIME_TICK
10-24 21:56:00.151 4521 4521 V LauncherAppWidgetHostView: calculateWidgetSize: (target widgetsize) using w/h 1359 347 span 5 1 (widgetid 6) [current Gridsize : GRID_5x5]
10-24 21:56:00.151 4521 4521 D LauncherAppWidgetHostView: calculateWidgetSize() widget = Weather and Clock(widget id = 6) result hostview size = 1771 x 452
10-24 21:56:00.151 4521 4521 D LauncherAppWidgetHostView: setResizeScaleResult() 1771/ 452 scaleToResize = 0.7673631(widget id = 6)
10-24 21:56:00.151 4521 4521 V LauncherAppWidgetHostView: calculateWidgetSize: (target widgetsize) using w/h 1359 347 span 5 1 (widgetid 2) [current Gridsize : GRID_5x5]
10-24 21:56:00.151 4521 4521 D LauncherAppWidgetHostView: calculateWidgetSize() widget = Google App(widget id = 2) result hostview size = 1771 x 452
10-24 21:56:00.151 4521 4521 D LauncherAppWidgetHostView: setResizeScaleResult() 1771/ 452 scaleToResize = 0.7673631(widget id = 2)
10-24 21:56:00.181 4521 4521 V LauncherAppWidgetHostView: calculateWidgetSize: (target widgetsize) using w/h 1359 347 span 5 1 (widgetid 6) [current Gridsize : GRID_5x5]
10-24 21:56:00.181 4521 4521 D LauncherAppWidgetHostView: calculateWidgetSize() widget = Weather and Clock(widget id = 6) result hostview size = 1771 x 452
10-24 21:56:00.181 4521 4521 D LauncherAppWidgetHostView: setResizeScaleResult() 1771/ 452 scaleToResize = 0.7673631(widget id = 6)
10-24 21:56:00.181 4521 4521 V LauncherAppWidgetHostView: calculateWidgetSize: (target widgetsize) using w/h 1359 347 span 5 1 (widgetid 2) [current Gridsize : GRID_5x5]
10-24 21:56:00.181 4521 4521 D LauncherAppWidgetHostView: calculateWidgetSize() widget = Google App(widget id = 2) result hostview size = 1771 x 452
10-24 21:56:00.181 4521 4521 D LauncherAppWidgetHostView: setResizeScaleResult() 1771/ 452 scaleToResize = 0.7673631(widget id = 2)
10-24 21:56:00.211 26846 26846 D [WeatherWidget(1177)] WeatherService: {[EC3334F14841398C8B464A72D0E61AB7CD7E766A36D06043166FAD39187431A3E5A9A2F81BDF9068B74904E1B1CB541044E6D58E921E578E1E6FAAF047CA8AFC]}
10-24 21:56:00.211 26846 26846 D [WeatherWidget(1177)] : {[3AE6950019B083611567B0F9442DB03E59646CBA355B4C260B75423E37A3701A]}
10-24 21:56:00.221 26846 26846 D [WeatherWidget(1177)] : {[3AE6950019B083611567B0F9442DB03E0F7D6DF8FAB8AEDDA9C52FD622CBE93BD3B3C821E02768ECE7D54B13E96560EDB802D29C56DFCCD38F937DDED36C9453E14ACC693F7BDF399FD0A06BF2D59F2E62F0159FCF8ED080A2244B7BC466DBEB]}
10-24 21:56:00.221 26846 26846 D [WeatherWidget(1177)] : {[DF00664B5BF2DD508EC3D0ADB8B43C9FB429631765284D8658CE62A4AFFAA963]}
10-24 21:56:00.781 4130 4343 D NetworkController.MobileSignalController(0/2147483643): onSignalStrengthsChanged signalStrength=SignalStrength: 20 99 -20 -200 -20 -200 -1 99 2147483647 2147483647 2147483647 2147483647 2147483647 0x5 gsm|lte level=5
10-24 21:56:00.781 4130 4343 D NetworkController.MobileSignalController(0/2147483643): getMobileIconGroup(): 0
10-24 21:56:00.781 4130 4343 D NetworkController.MobileSignalController(0/2147483643): updateTMOMobileIconGroup(): 0
10-24 21:56:00.791 4425 4425 D WfcPhoneStateListener: onSignalStrengthsChanged(): signal strength did not change
10-24 21:56:03.161 4521 4521 V LauncherAppWidgetHostView: calculateWidgetSize: (target widgetsize) using w/h 1359 712 span 5 2 (widgetid 3) [current Gridsize : GRID_5x5]
10-24 21:56:03.161 4521 4521 D LauncherAppWidgetHostView: calculateWidgetSize() widget = T-Mobile TV(widget id = 3) result hostview size = 1771 x 927
10-24 21:56:03.161 4521 4521 D LauncherAppWidgetHostView: setResizeScaleResult() 1771/ 927 scaleToResize = 0.7673631(widget id = 3)
10-24 21:56:07.581 27575 27600 I Quasar : start to send events
10-24 21:56:08.401 3520 3520 I Tethering: BATTERY_CHANGED, level = 99lowBatteryThreshold = 15
10-24 21:56:08.411 4130 4130 D KeyguardUpdateMonitor: received broadcast android.intent.action.BATTERY_CHANGED
10-24 21:56:08.411 4130 4130 D KeyguardUpdateMonitor: handleBatteryUpdate
10-24 21:56:08.441 4590 4590 D BatteryMonitor: new battery level: 99
10-24 21:56:09.021 4371 4385 D PeopleNotiListenerService: onEdgeNotificationRemoved() : pkg com.oculus.horizon,id=362699928,extra=Bundle[mParcelledData.dataSize=84]
10-24 21:56:09.021 4371 4371 D PeopleNotiListenerService: removeEdgeNotification:Bundle[{samsung.notification.id=362699928, samsung.notification.type=normal, samsung.people.package_name=com.oculus.horizon}]
10-24 21:56:09.021 4371 4371 I PeopleStripeService: PeopleNotificationReceiver:3
10-24 21:56:09.021 4371 4371 I PeopleStripeService: sendEdgeNotification peopleEnabled true lightingEnabled true edgeEnabled true
10-24 21:56:09.021 4371 4371 I PeopleDataManager: removeNotification
10-24 21:56:09.021 4371 4371 I NotificationParser: getNotiType:com.oculus.horizon,null
10-24 21:56:09.021 4371 4371 D PeopleDataManager: removeNotiInfo: id =362699928,packageName=com.oculus.horizon,isEdgeNotification=false,key=null,removeAll=false
10-24 21:56:09.021 4371 4371 D PeopleDataManager: removeNotiInfo =null
10-24 21:56:09.101 4371 9312 D PeopleNotiListenerService: onEdgeNotificationRemoved() : pkg com.oculus.horizon,id=362699928,extra=Bundle[mParcelledData.dataSize=84]
10-24 21:56:09.101 4371 4371 D PeopleNotiListenerService: removeEdgeNotification:Bundle[{samsung.notification.id=362699928, samsung.notification.type=normal, samsung.people.package_name=com.oculus.horizon}]
10-24 21:56:09.101 4371 4371 I PeopleStripeService: PeopleNotificationReceiver:3
10-24 21:56:09.101 4371 4371 I PeopleStripeService: sendEdgeNotification peopleEnabled true lightingEnabled true edgeEnabled true
10-24 21:56:09.111 4371 4371 I PeopleDataManager: removeNotification
10-24 21:56:09.111 4371 4371 I NotificationParser: getNotiType:com.oculus.horizon,null
10-24 21:56:09.111 4371 4371 D PeopleDataManager: removeNotiInfo: id =362699928,packageName=com.oculus.horizon,isEdgeNotification=false,key=null,removeAll=false
10-24 21:56:09.111 4371 4371 D PeopleDataManager: removeNotiInfo =null
10-24 21:56:09.161 4521 4521 V LauncherAppWidgetHostView: calculateWidgetSize: (target widgetsize) using w/h 1359 712 span 5 2 (widgetid 3) [current Gridsize : GRID_5x5]
10-24 21:56:09.161 4521 4521 D LauncherAppWidgetHostView: calculateWidgetSize() widget = T-Mobile TV(widget id = 3) result hostview size = 1771 x 927
10-24 21:56:09.161 4521 4521 D LauncherAppWidgetHostView: setResizeScaleResult() 1771/ 927 scaleToResize = 0.7673631(widget id = 3)
10-24 21:56:09.171 4521 21036 D ViewSystem: updateTemporaryMetaData() has done.
10-24 21:56:09.171 4521 4521 V LauncherAppWidgetHostView: calculateWidgetSize: (target widgetsize) using w/h 1359 712 span 5 2 (widgetid 3) [current Gridsize : GRID_5x5]
10-24 21:56:09.181 4521 4521 D LauncherAppWidgetHostView: calculateWidgetSize() widget = T-Mobile TV(widget id = 3) result hostview size = 1771 x 927
10-24 21:56:09.181 4521 4521 D LauncherAppWidgetHostView: setResizeScaleResult() 1771/ 927 scaleToResize = 0.7673631(widget id = 3)
10-24 21:56:09.191 4521 4521 V LauncherAppWidgetHostView: calculateWidgetSize: (target widgetsize) using w/h 1359 712 span 5 2 (widgetid 3) [current Gridsize : GRID_5x5]
10-24 21:56:09.191 4521 4521 D LauncherAppWidgetHostView: calculateWidgetSize() widget = T-Mobile TV(widget id = 3) result hostview size = 1771 x 927
10-24 21:56:09.191 4521 4521 D LauncherAppWidgetHostView: setResizeScaleResult() 1771/ 927 scaleToResize = 0.7673631(widget id = 3)
10-24 21:56:09.201 4521 21036 D ViewSystem: updateRemoteViews(4) has done.
10-24 21:56:09.221 4521 4521 V LauncherAppWidgetHostView: calculateWidgetSize: (target widgetsize) using w/h 1359 712 span 5 2 (widgetid 3) [current Gridsize : GRID_5x5]
10-24 21:56:09.221 4521 4521 D LauncherAppWidgetHostView: calculateWidgetSize() widget = T-Mobile TV(widget id = 3) result hostview size = 1771 x 927
10-24 21:56:09.221 4521 4521 D LauncherAppWidgetHostView: setResizeScaleResult() 1771/ 927 scaleToResize = 0.7673631(widget id = 3)
10-24 21:56:15.171 4521 4521 V LauncherAppWidgetHostView: calculateWidgetSize: (target widgetsize) using w/h 1359 712 span 5 2 (widgetid 3) [current Gridsize : GRID_5x5]
10-24 21:56:15.171 4521 4521 D LauncherAppWidgetHostView: calculateWidgetSize() widget = T-Mobile TV(widget id = 3) result hostview size = 1771 x 927
10-24 21:56:15.171 4521 4521 D LauncherAppWidgetHostView: setResizeScaleResult() 1771/ 927 scaleToResize = 0.7673631(widget id = 3)
10-24 21:56:15.191 4521 21036 D ViewSystem: updateTemporaryMetaData() has done.
10-24 21:56:15.211 4521 4521 V LauncherAppWidgetHostView: calculateWidgetSize: (target widgetsize) using w/h 1359 712 span 5 2 (widgetid 3) [current Gridsize : GRID_5x5]
10-24 21:56:15.211 4521 4521 D LauncherAppWidgetHostView: calculateWidgetSize() widget = T-Mobile TV(widget id = 3) result hostview size = 1771 x 927
10-24 21:56:15.211 4521 4521 D LauncherAppWidgetHostView: setResizeScaleResult() 1771/ 927 scaleToResize = 0.7673631(widget id = 3)
10-24 21:56:15.221 4521 4521 V LauncherAppWidgetHostView: calculateWidgetSize: (target widgetsize) using w/h 1359 712 span 5 2 (widgetid 3) [current Gridsize : GRID_5x5]
10-24 21:56:15.231 4521 4521 D LauncherAppWidgetHostView: calculateWidgetSize() widget = T-Mobile TV(widget id = 3) result hostview size = 1771 x 927
10-24 21:56:15.231 4521 4521 D LauncherAppWidgetHostView: setResizeScaleResult() 1771/ 927 scaleToResize = 0.7673631(widget id = 3)
10-24 21:56:15.241 4521 21036 D ViewSystem: updateRemoteViews(5) has done.
10-24 21:56:15.251 4521 4521 V LauncherAppWidgetHostView: calculateWidgetSize: (target widgetsize) using w/h 1359 712 span 5 2 (widgetid 3) [current Gridsize : GRID_5x5]
10-24 21:56:15.251 4521 4521 D LauncherAppWidgetHostView: calculateWidgetSize() widget = T-Mobile TV(widget id = 3) result hostview size = 1771 x 927
10-24 21:56:15.251 4521 4521 D LauncherAppWidgetHostView: setResizeScaleResult() 1771/ 927 scaleToResize = 0.7673631(widget id = 3)
10-24 21:56:18.471 3520 3520 I Tethering: BATTERY_CHANGED, level = 99lowBatteryThreshold = 15
10-24 21:56:18.481 4130 4130 D KeyguardUpdateMonitor: received broadcast android.intent.action.BATTERY_CHANGED
10-24 21:56:18.481 4130 4130 D KeyguardUpdateMonitor: handleBatteryUpdate
10-24 21:56:18.491 4590 4590 D BatteryMonitor: new battery level: 99
10-24 21:56:18.931 3520 3988 I TLC_TIMA_PKM_measure_kernel: TIMA: response_id = 3
10-24 21:56:18.931 3520 3988 I TLC_TIMA_PKM_measure_kernel: TIMA: response ret = 0, result_ondemand = MSG=Kernel Verification Success;
10-24 21:56:20.551 4371 4383 D PeopleNotiListenerService: onEdgeNotificationRemoved() : pkg com.oculus.horizon,id=362699928,extra=Bundle[mParcelledData.dataSize=84]
10-24 21:56:20.551 4371 4371 D PeopleNotiListenerService: removeEdgeNotification:Bundle[{samsung.notification.id=362699928, samsung.notification.type=normal, samsung.people.package_name=com.oculus.horizon}]
10-24 21:56:20.551 4371 4371 I PeopleStripeService: PeopleNotificationReceiver:3
10-24 21:56:20.551 4371 4371 I PeopleStripeService: sendEdgeNotification peopleEnabled true lightingEnabled true edgeEnabled true
10-24 21:56:20.551 4371 4371 I PeopleDataManager: removeNotification
10-24 21:56:20.551 4371 4371 I NotificationParser: getNotiType:com.oculus.horizon,null
10-24 21:56:20.551 4371 4371 D PeopleDataManager: removeNotiInfo: id =362699928,packageName=com.oculus.horizon,isEdgeNotification=false,key=null,removeAll=false
10-24 21:56:20.551 4371 4371 D PeopleDataManager: removeNotiInfo =null
10-24 21:56:20.631 4371 4385 D PeopleNotiListenerService: onEdgeNotificationRemoved() : pkg com.oculus.horizon,id=362699928,extra=Bundle[mParcelledData.dataSize=84]
10-24 21:56:20.631 4371 4371 D PeopleNotiListenerService: removeEdgeNotification:Bundle[{samsung.notification.id=362699928, samsung.notification.type=normal, samsung.people.package_name=com.oculus.horizon}]
10-24 21:56:20.631 4371 4371 I PeopleStripeService: PeopleNotificationReceiver:3
10-24 21:56:20.631 4371 4371 I PeopleStripeService: sendEdgeNotification peopleEnabled true lightingEnabled true edgeEnabled true
10-24 21:56:20.631 4371 4371 I PeopleDataManager: removeNotification
10-24 21:56:20.631 4371 4371 I NotificationParser: getNotiType:com.oculus.horizon,null
10-24 21:56:20.631 4371 4371 D PeopleDataManager: removeNotiInfo: id =362699928,packageName=com.oculus.horizon,isEdgeNotification=false,key=null,removeAll=false
10-24 21:56:20.631 4371 4371 D PeopleDataManager: removeNotiInfo =null
10-24 21:56:21.181 4521 4521 V LauncherAppWidgetHostView: calculateWidgetSize: (target widgetsize) using w/h 1359 712 span 5 2 (widgetid 3) [current Gridsize : GRID_5x5]
10-24 21:56:21.181 4521 4521 D LauncherAppWidgetHostView: calculateWidgetSize() widget = T-Mobile TV(widget id = 3) result hostview size = 1771 x 927
10-24 21:56:21.181 4521 4521 D LauncherAppWidgetHostView: setResizeScaleResult() 1771/ 927 scaleToResize = 0.7673631(widget id = 3)
10-24 21:56:21.201 4521 21036 D ViewSystem: updateTemporaryMetaData() has done.
10-24 21:56:21.211 4521 4521 V LauncherAppWidgetHostView: calculateWidgetSize: (target widgetsize) using w/h 1359 712 span 5 2 (widgetid 3) [current Gridsize : GRID_5x5]
10-24 21:56:21.211 4521 4521 D LauncherAppWidgetHostView: calculateWidgetSize() widget = T-Mobile TV(widget id = 3) result hostview size = 1771 x 927
10-24 21:56:21.211 4521 4521 D LauncherAppWidgetHostView: setResizeScaleResult() 1771/ 927 scaleToResize = 0.7673631(widget id = 3)
10-24 21:56:21.221 4521 4521 V LauncherAppWidgetHostView: calculateWidgetSize: (target widgetsize) using w/h 1359 712 span 5 2 (widgetid 3) [current Gridsize : GRID_5x5]
10-24 21:56:21.221 4521 4521 D LauncherAppWidgetHostView: calculateWidgetSize() widget = T-Mobile TV(widget id = 3) result hostview size = 1771 x 927
10-24 21:56:21.221 4521 4521 D LauncherAppWidgetHostView: setResizeScaleResult() 1771/ 927 scaleToResize = 0.7673631(widget id = 3)
10-24 21:56:21.241 4521 21036 D ViewSystem: updateRemoteViews(0) has done.
10-24 21:56:21.251 4521 4521 V LauncherAppWidgetHostView: calculateWidgetSize: (target widgetsize) using w/h 1359 712 span 5 2 (widgetid 3) [current Gridsize : GRID_5x5]
10-24 21:56:21.251 4521 4521 D LauncherAppWidgetHostView: calculateWidgetSize() widget = T-Mobile TV(widget id = 3) result hostview size = 1771 x 927
10-24 21:56:21.251 4521 4521 D LauncherAppWidgetHostView: setResizeScaleResult() 1771/ 927 scaleToResize = 0.7673631(widget id = 3)
10-24 21:56:27.191 4521 4521 V LauncherAppWidgetHostView: calculateWidgetSize: (target widgetsize) using w/h 1359 712 span 5 2 (widgetid 3) [current Gridsize : GRID_5x5]
10-24 21:56:27.191 4521 4521 D LauncherAppWidgetHostView: calculateWidgetSize() widget = T-Mobile TV(widget id = 3) result hostview size = 1771 x 927
10-24 21:56:27.191 4521 4521 D LauncherAppWidgetHostView: setResizeScaleResult() 1771/ 927 scaleToResize = 0.7673631(widget id = 3)
10-24 21:56:27.211 4521 21036 D ViewSystem: updateTemporaryMetaData() has done.
10-24 21:56:27.211 4521 4521 V LauncherAppWidgetHostView: calculateWidgetSize: (target widgetsize) using w/h 1359 712 span 5 2 (widgetid 3) [current Gridsize : GRID_5x5]
10-24 21:56:27.211 4521 4521 D LauncherAppWidgetHostView: calculateWidgetSize() widget = T-Mobile TV(widget id = 3) result hostview size = 1771 x 927
10-24 21:56:27.211 4521 4521 D LauncherAppWidgetHostView: setResizeScaleResult() 1771/ 927 scaleToResize = 0.7673631(widget id = 3)
10-24 21:56:27.221 4521 21036 D ViewSystem: updateRemoteViews(1) has done.
10-24 21:56:27.221 4521 4521 V LauncherAppWidgetHostView: calculateWidgetSize: (target widgetsize) using w/h 1359 712 span 5 2 (widgetid 3) [current Gridsize : GRID_5x5]
10-24 21:56:27.221 4521 4521 D LauncherAppWidgetHostView: calculateWidgetSize() widget = T-Mobile TV(widget id = 3) result hostview size = 1771 x 927
10-24 21:56:27.221 4521 4521 D LauncherAppWidgetHostView: setResizeScaleResult() 1771/ 927 scaleToResize = 0.7673631(widget id = 3)
10-24 21:56:27.241 4521 21036 D ViewSystem: updateRemoteViews(1) has done.
10-24 21:56:27.241 4521 4521 V LauncherAppWidgetHostView: calculateWidgetSize: (target widgetsize) using w/h 1359 712 span 5 2 (widgetid 3) [current Gridsize : GRID_5x5]
10-24 21:56:27.241 4521 4521 D LauncherAppWidgetHostView: calculateWidgetSize() widget = T-Mobile TV(widget id = 3) result hostview size = 1771 x 927
10-24 21:56:27.241 4521 4521 D LauncherAppWidgetHostView: setResizeScaleResult() 1771/ 927 scaleToResize = 0.7673631(widget id = 3)
10-24 21:56:28.541 3520 3520 I Tethering: BATTERY_CHANGED, level = 99lowBatteryThreshold = 15
10-24 21:56:28.551 4130 4130 D KeyguardUpdateMonitor: received broadcast android.intent.action.BATTERY_CHANGED
10-24 21:56:28.551 4130 4130 D KeyguardUpdateMonitor: handleBatteryUpdate
10-24 21:56:28.571 4590 4590 D BatteryMonitor: new battery level: 99
10-24 21:56:33.181 4521 4521 V LauncherAppWidgetHostView: calculateWidgetSize: (target widgetsize) using w/h 1359 712 span 5 2 (widgetid 3) [current Gridsize : GRID_5x5]
10-24 21:56:33.191 4521 4521 D LauncherAppWidgetHostView: calculateWidgetSize() widget = T-Mobile TV(widget id = 3) result hostview size = 1771 x 927
10-24 21:56:33.191 4521 4521 D LauncherAppWidgetHostView: setResizeScaleResult() 1771/ 927 scaleToResize = 0.7673631(widget id = 3)
10-24 21:56:33.201 4521 21036 D ViewSystem: updateTemporaryMetaData() has done.
10-24 21:56:33.211 4521 4521 V LauncherAppWidgetHostView: calculateWidgetSize: (target widgetsize) using w/h 1359 712 span 5 2 (widgetid 3) [current Gridsize : GRID_5x5]
10-24 21:56:33.211 4521 4521 D LauncherAppWidgetHostView: calculateWidgetSize() widget = T-Mobile TV(widget id = 3) result hostview size = 1771 x 927
10-24 21:56:33.211 4521 4521 D LauncherAppWidgetHostView: setResizeScaleResult() 1771/ 927 scaleToResize = 0.7673631(widget id = 3)
10-24 21:56:33.221 4521 21036 D ViewSystem: updateRemoteViews(2) has done.
10-24 21:56:33.221 4521 4521 V LauncherAppWidgetHostView: calculateWidgetSize: (target widgetsize) using w/h 1359 712 span 5 2 (widgetid 3) [current Gridsize : GRID_5x5]
10-24 21:56:33.221 4521 4521 D LauncherAppWidgetHostView: calculateWidgetSize() widget = T-Mobile TV(widget id = 3) result hostview size = 1771 x 927
10-24 21:56:33.221 4521 4521 D LauncherAppWidgetHostView: setResizeScaleResult() 1771/ 927 scaleToResize = 0.7673631(widget id = 3)
10-24 21:56:33.241 4521 21036 D ViewSystem: updateRemoteViews(2) has done.
10-24 21:56:33.241 4521 4521 V LauncherAppWidgetHostView: calculateWidgetSize: (target widgetsize) using w/h 1359 712 span 5 2 (widgetid 3) [current Gridsize : GRID_5x5]
10-24 21:56:33.241 4521 4521 D LauncherAppWidgetHostView: calculateWidgetSize() widget = T-Mobile TV(widget id = 3) result hostview size = 1771 x 927
10-24 21:56:33.241 4521 4521 D LauncherAppWidgetHostView: setResizeScaleResult() 1771/ 927 scaleToResize = 0.7673631(widget id = 3)
10-24 21:56:38.501 4574 4612 D ContactsProvider_EventLog: contents_sample_state: [ contacts(4) data(27) accounts({com.google (2)=4}) accounts deleted({}) calls([]) ]
10-24 21:56:38.501 4574 4612 D ContactsProvider_EventLog: contents_sample_state: [ agr({[2]=4}) ]
10-24 21:56:38.581 3520 3520 I Tethering: BATTERY_CHANGED, level = 99lowBatteryThreshold = 15
10-24 21:56:38.591 4130 4130 D KeyguardUpdateMonitor: received broadcast android.intent.action.BATTERY_CHANGED
10-24 21:56:38.591 4130 4130 D KeyguardUpdateMonitor: handleBatteryUpdate
10-24 21:56:38.611 4590 4590 D BatteryMonitor: new battery level: 99
10-24 21:56:38.681 4574 4612 E ContactsProvider_EventLog: Flush buffer to file cnt : 9 size : 2Kb duration : 174ms lastUpdatedAfter : 139906ms
10-24 21:56:39.181 4130 4343 D NetworkController.MobileSignalController(0/2147483643): onSignalStrengthsChanged signalStrength=SignalStrength: 18 99 -18 -200 -18 -200 -1 99 2147483647 2147483647 2147483647 2147483647 2147483647 0x5 gsm|lte level=5
10-24 21:56:39.181 4130 4343 D NetworkController.MobileSignalController(0/2147483643): getMobileIconGroup(): 0
10-24 21:56:39.181 4130 4343 D NetworkController.MobileSignalController(0/2147483643): updateTMOMobileIconGroup(): 0
10-24 21:56:39.181 4425 4425 D WfcPhoneStateListener: onSignalStrengthsChanged(): signal strength did not change
10-24 21:56:39.191 4521 4521 V LauncherAppWidgetHostView: calculateWidgetSize: (target widgetsize) using w/h 1359 712 span 5 2 (widgetid 3) [current Gridsize : GRID_5x5]
10-24 21:56:39.191 4521 4521 D LauncherAppWidgetHostView: calculateWidgetSize() widget = T-Mobile TV(widget id = 3) result hostview size = 1771 x 927
