10-24 22:06:39.361 4521 4521 D LauncherAppWidgetHostView: calculateWidgetSize() widget = T-Mobile TV(widget id = 3) result hostview size = 1771 x 927
10-24 22:06:39.361 4521 4521 D LauncherAppWidgetHostView: setResizeScaleResult() 1771/ 927 scaleToResize = 0.7673631(widget id = 3)
10-24 22:06:39.381 4521 21036 D ViewSystem: updateTemporaryMetaData() has done.
10-24 22:06:39.381 4521 4521 V LauncherAppWidgetHostView: calculateWidgetSize: (target widgetsize) using w/h 1359 712 span 5 2 (widgetid 3) [current Gridsize : GRID_5x5]
10-24 22:06:39.381 4521 4521 D LauncherAppWidgetHostView: calculateWidgetSize() widget = T-Mobile TV(widget id = 3) result hostview size = 1771 x 927
10-24 22:06:39.381 4521 4521 D LauncherAppWidgetHostView: setResizeScaleResult() 1771/ 927 scaleToResize = 0.7673631(widget id = 3)
10-24 22:06:39.391 4521 21036 D ViewSystem: updateRemoteViews(1) has done.
10-24 22:06:39.401 4521 4521 V LauncherAppWidgetHostView: calculateWidgetSize: (target widgetsize) using w/h 1359 712 span 5 2 (widgetid 3) [current Gridsize : GRID_5x5]
10-24 22:06:39.411 4521 4521 D LauncherAppWidgetHostView: calculateWidgetSize() widget = T-Mobile TV(widget id = 3) result hostview size = 1771 x 927
10-24 22:06:39.411 4521 4521 D LauncherAppWidgetHostView: setResizeScaleResult() 1771/ 927 scaleToResize = 0.7673631(widget id = 3)
10-24 22:06:39.421 4521 21036 D ViewSystem: updateRemoteViews(1) has done.
10-24 22:06:39.421 4521 4521 V LauncherAppWidgetHostView: calculateWidgetSize: (target widgetsize) using w/h 1359 712 span 5 2 (widgetid 3) [current Gridsize : GRID_5x5]
10-24 22:06:39.421 4521 4521 D LauncherAppWidgetHostView: calculateWidgetSize() widget = T-Mobile TV(widget id = 3) result hostview size = 1771 x 927
10-24 22:06:39.421 4521 4521 D LauncherAppWidgetHostView: setResizeScaleResult() 1771/ 927 scaleToResize = 0.7673631(widget id = 3)
10-24 22:06:40.461 4574 4612 D ContactsProvider_EventLog: contents_sample_state: [ contacts(4) data(27) accounts({com.google (2)=4}) accounts deleted({}) calls([]) ]
10-24 22:06:40.461 4574 4612 D ContactsProvider_EventLog: contents_sample_state: [ agr({[2]=4}) ]
10-24 22:06:41.501 3110 3777 E NetlinkEvent: NetlinkEvent::FindParam(): Parameter 'LABEL' not found
10-24 22:06:41.501 3110 3777 E NetlinkEvent: NetlinkEvent::FindParam(): Parameter 'UID' not found
10-24 22:06:42.481 3520 4041 D BatteryService: !@BatteryListener : batteryPropertiesChanged!
10-24 22:06:42.491 3520 4041 D BatteryService: level:98, scale:100, status:2, health:2, present:true, voltage: 4228, temperature: 254, technology: Li-ion, AC powered:false, USB powered:true, POGO powered:false, Wireless powered:false, icon:17303413, invalid charger:0, maxChargingCurrent:0
10-24 22:06:42.491 3520 4041 D BatteryService: online:4, current avg:-155, charge type:1, power sharing:false, high voltage charger:false, capacity:280000, batterySWSelfDischarging:false, current_now:-136
10-24 22:06:42.491 3520 3520 D BatteryService: Sending ACTION_BATTERY_CHANGED.
10-24 22:06:42.501 3520 3520 I Tethering: BATTERY_CHANGED, level = 98lowBatteryThreshold = 15
10-24 22:06:42.501 4130 4130 D KeyguardUpdateMonitor: received broadcast android.intent.action.BATTERY_CHANGED
10-24 22:06:42.501 3520 3520 I MotionRecognitionService: Plugged
10-24 22:06:42.501 3520 3520 D MotionRecognitionService: cableConnection= 1
10-24 22:06:42.501 3520 3520 D MotionRecognitionService: setPowerConnected | current backoffstate = 1024 , state =1024
10-24 22:06:42.501 3520 3520 D MotionRecognitionService: skip setTransmitPower.
10-24 22:06:42.501 3520 8428 D SSRM:n : SIOP:: AP = 260, PST = 260 (W:30), CP = 231, CUR = 155, LCD = 19
10-24 22:06:42.511 4130 4130 D KeyguardUpdateMonitor: handleBatteryUpdate
10-24 22:06:42.511 4130 4130 D PowerUI : priorPlugType = 2 mPlugType = 2
10-24 22:06:42.511 4130 4130 D PowerUI.Notification: showChargingNotice oldChargingType : 1 currentChargingType : 1 oldChargingTime : 120000 mChargingTime : 120000
10-24 22:06:42.511 4130 4130 D PowerUI.Notification: There is no change about charging status, so return!
10-24 22:06:42.521 4590 4590 D BatteryMonitor: new battery level: 98
10-24 22:06:42.551 4130 4130 D BatteryMeterView: ACTION_BATTERY_CHANGED : level:98 status:2 health:2
10-24 22:06:42.551 4130 4130 D BatteryMeterView: ACTION_BATTERY_CHANGED : level:98 status:2 health:2
10-24 22:06:45.371 4521 4521 V LauncherAppWidgetHostView: calculateWidgetSize: (target widgetsize) using w/h 1359 712 span 5 2 (widgetid 3) [current Gridsize : GRID_5x5]
10-24 22:06:45.371 4521 4521 D LauncherAppWidgetHostView: calculateWidgetSize() widget = T-Mobile TV(widget id = 3) result hostview size = 1771 x 927
10-24 22:06:45.371 4521 4521 D LauncherAppWidgetHostView: setResizeScaleResult() 1771/ 927 scaleToResize = 0.7673631(widget id = 3)
10-24 22:06:45.381 4521 21036 D ViewSystem: updateTemporaryMetaData() has done.
10-24 22:06:45.391 4521 4521 V LauncherAppWidgetHostView: calculateWidgetSize: (target widgetsize) using w/h 1359 712 span 5 2 (widgetid 3) [current Gridsize : GRID_5x5]
10-24 22:06:45.391 4521 4521 D LauncherAppWidgetHostView: calculateWidgetSize() widget = T-Mobile TV(widget id = 3) result hostview size = 1771 x 927
10-24 22:06:45.391 4521 4521 D LauncherAppWidgetHostView: setResizeScaleResult() 1771/ 927 scaleToResize = 0.7673631(widget id = 3)
10-24 22:06:45.401 4521 4521 V LauncherAppWidgetHostView: calculateWidgetSize: (target widgetsize) using w/h 1359 712 span 5 2 (widgetid 3) [current Gridsize : GRID_5x5]
10-24 22:06:45.401 4521 4521 D LauncherAppWidgetHostView: calculateWidgetSize() widget = T-Mobile TV(widget id = 3) result hostview size = 1771 x 927
10-24 22:06:45.401 4521 4521 D LauncherAppWidgetHostView: setResizeScaleResult() 1771/ 927 scaleToResize = 0.7673631(widget id = 3)
10-24 22:06:45.411 4521 21036 D ViewSystem: updateRemoteViews(2) has done.
10-24 22:06:45.431 4521 4521 V LauncherAppWidgetHostView: calculateWidgetSize: (target widgetsize) using w/h 1359 712 span 5 2 (widgetid 3) [current Gridsize : GRID_5x5]
10-24 22:06:45.431 4521 4521 D LauncherAppWidgetHostView: calculateWidgetSize() widget = T-Mobile TV(widget id = 3) result hostview size = 1771 x 927
10-24 22:06:45.431 4521 4521 D LauncherAppWidgetHostView: setResizeScaleResult() 1771/ 927 scaleToResize = 0.7673631(widget id = 3)
10-24 22:06:46.111 4590 4590 D PdnController: onCellLocationChanged:
10-24 22:06:46.111 4590 4590 D VolteServiceModule: onCellLocationChanged:
10-24 22:06:46.111 4590 4590 D RegistrationManagerBase: onCellLocationChanged:
10-24 22:06:46.111 4590 4711 D ResipRegistrationManager: handleMessage(): 24
10-24 22:06:46.111 4590 4711 D RegistrationManagerBase: handleMessage: what 24
10-24 22:06:46.111 4130 4343 D NetworkController.MobileSignalController(0/2147483643): onCellLocationChanged
10-24 22:06:46.111 4425 4425 D WfcPhoneStateListener: onCellLocationChanged()
10-24 22:06:46.111 4590 4711 D Mno : fromSalesCode: operator=TMB
10-24 22:06:46.191 3520 4345 E Watchdog: !@Sync 311 [10-24 22:06:46.191]
10-24 22:06:51.011 4130 4343 D NetworkController.MobileSignalController(0/2147483643): onSignalStrengthsChanged signalStrength=SignalStrength: 20 99 -20 -200 -20 -200 -1 99 2147483647 2147483647 2147483647 2147483647 2147483647 0x5 gsm|lte level=5
10-24 22:06:51.011 4130 4343 D NetworkController.MobileSignalController(0/2147483643): getMobileIconGroup(): 0
10-24 22:06:51.011 4130 4343 D NetworkController.MobileSignalController(0/2147483643): updateTMOMobileIconGroup(): 0
10-24 22:06:51.011 4425 4425 D WfcPhoneStateListener: onSignalStrengthsChanged(): signal strength did not change
10-24 22:06:51.371 4521 4521 V LauncherAppWidgetHostView: calculateWidgetSize: (target widgetsize) using w/h 1359 712 span 5 2 (widgetid 3) [current Gridsize : GRID_5x5]
10-24 22:06:51.371 4521 4521 D LauncherAppWidgetHostView: calculateWidgetSize() widget = T-Mobile TV(widget id = 3) result hostview size = 1771 x 927
10-24 22:06:51.371 4521 4521 D LauncherAppWidgetHostView: setResizeScaleResult() 1771/ 927 scaleToResize = 0.7673631(widget id = 3)
10-24 22:06:51.391 4521 21036 D ViewSystem: updateTemporaryMetaData() has done.
10-24 22:06:51.391 4521 4521 V LauncherAppWidgetHostView: calculateWidgetSize: (target widgetsize) using w/h 1359 712 span 5 2 (widgetid 3) [current Gridsize : GRID_5x5]
10-24 22:06:51.391 4521 4521 D LauncherAppWidgetHostView: calculateWidgetSize() widget = T-Mobile TV(widget id = 3) result hostview size = 1771 x 927
10-24 22:06:51.391 4521 4521 D LauncherAppWidgetHostView: setResizeScaleResult() 1771/ 927 scaleToResize = 0.7673631(widget id = 3)
10-24 22:06:51.411 4521 4521 V LauncherAppWidgetHostView: calculateWidgetSize: (target widgetsize) using w/h 1359 712 span 5 2 (widgetid 3) [current Gridsize : GRID_5x5]
10-24 22:06:51.411 4521 4521 D LauncherAppWidgetHostView: calculateWidgetSize() widget = T-Mobile TV(widget id = 3) result hostview size = 1771 x 927
10-24 22:06:51.411 4521 4521 D LauncherAppWidgetHostView: setResizeScaleResult() 1771/ 927 scaleToResize = 0.7673631(widget id = 3)
10-24 22:06:51.421 4521 21036 D ViewSystem: updateRemoteViews(3) has done.
10-24 22:06:51.441 4521 4521 V LauncherAppWidgetHostView: calculateWidgetSize: (target widgetsize) using w/h 1359 712 span 5 2 (widgetid 3) [current Gridsize : GRID_5x5]
10-24 22:06:51.441 4521 4521 D LauncherAppWidgetHostView: calculateWidgetSize() widget = T-Mobile TV(widget id = 3) result hostview size = 1771 x 927
10-24 22:06:51.441 4521 4521 D LauncherAppWidgetHostView: setResizeScaleResult() 1771/ 927 scaleToResize = 0.7673631(widget id = 3)
10-24 22:06:52.361 21569 21598 I Metrics:BatchTransmitte: QueuePusher.sendBatches - Drained batch queue.; Number of NORMAL queue batches sent: 0
10-24 22:06:52.361 21569 21600 I Metrics:BatchTransmitte: QueuePusher.sendBatches - Drained batch queue.; Number of RESERVED_FOR_NON_ANONYMOUS_METRICS queue batches sent: 0
10-24 22:06:52.381 21569 21599 I Metrics:BatchTransmitte: QueuePusher.sendBatches - Drained batch queue.; Number of HIGH queue batches sent: 0
10-24 22:06:52.531 3520 8428 D SSRM:n : SIOP:: AP = 260, PST = 260 (W:30), CP = 232, CUR = 158, LCD = 19
10-24 22:06:52.541 3520 4850 D BatteryService: !@BatteryListener : batteryPropertiesChanged!
10-24 22:06:52.541 3520 4850 D BatteryService: level:98, scale:100, status:2, health:2, present:true, voltage: 4230, temperature: 253, technology: Li-ion, AC powered:false, USB powered:true, POGO powered:false, Wireless powered:false, icon:17303413, invalid charger:0, maxChargingCurrent:0
10-24 22:06:52.541 3520 4850 D BatteryService: online:4, current avg:-158, charge type:1, power sharing:false, high voltage charger:false, capacity:280000, batterySWSelfDischarging:false, current_now:-134
10-24 22:06:52.551 3520 3520 I Tethering: BATTERY_CHANGED, level = 98lowBatteryThreshold = 15
10-24 22:06:52.551 3520 3520 D BatteryService: Sending ACTION_BATTERY_CHANGED.
10-24 22:06:52.551 3520 3520 I MotionRecognitionService: Plugged
10-24 22:06:52.551 3520 3520 D MotionRecognitionService: cableConnection= 1
10-24 22:06:52.551 3520 3520 D MotionRecognitionService: setPowerConnected | current backoffstate = 1024 , state =1024
10-24 22:06:52.551 3520 3520 D MotionRecognitionService: skip setTransmitPower.
10-24 22:06:52.561 4130 4130 D KeyguardUpdateMonitor: received broadcast android.intent.action.BATTERY_CHANGED
10-24 22:06:52.561 4130 4130 D KeyguardUpdateMonitor: handleBatteryUpdate
10-24 22:06:52.561 4130 4130 D PowerUI : priorPlugType = 2 mPlugType = 2
10-24 22:06:52.561 4130 4130 D PowerUI.Notification: showChargingNotice oldChargingType : 1 currentChargingType : 1 oldChargingTime : 120000 mChargingTime : 120000
10-24 22:06:52.561 4130 4130 D PowerUI.Notification: There is no change about charging status, so return!
10-24 22:06:52.571 4130 4130 D BatteryMeterView: ACTION_BATTERY_CHANGED : level:98 status:2 health:2
10-24 22:06:52.581 4590 4590 D BatteryMonitor: new battery level: 98
10-24 22:06:52.601 4130 4130 D BatteryMeterView: ACTION_BATTERY_CHANGED : level:98 status:2 health:2
10-24 22:06:57.371 4521 4521 V LauncherAppWidgetHostView: calculateWidgetSize: (target widgetsize) using w/h 1359 712 span 5 2 (widgetid 3) [current Gridsize : GRID_5x5]
10-24 22:06:57.371 4521 4521 D LauncherAppWidgetHostView: calculateWidgetSize() widget = T-Mobile TV(widget id = 3) result hostview size = 1771 x 927
10-24 22:06:57.371 4521 4521 D LauncherAppWidgetHostView: setResizeScaleResult() 1771/ 927 scaleToResize = 0.7673631(widget id = 3)
10-24 22:06:57.391 4521 21036 D ViewSystem: updateTemporaryMetaData() has done.
10-24 22:06:57.401 4521 4521 V LauncherAppWidgetHostView: calculateWidgetSize: (target widgetsize) using w/h 1359 712 span 5 2 (widgetid 3) [current Gridsize : GRID_5x5]
10-24 22:06:57.401 4521 4521 D LauncherAppWidgetHostView: calculateWidgetSize() widget = T-Mobile TV(widget id = 3) result hostview size = 1771 x 927
10-24 22:06:57.401 4521 4521 D LauncherAppWidgetHostView: setResizeScaleResult() 1771/ 927 scaleToResize = 0.7673631(widget id = 3)
10-24 22:06:57.411 4521 4521 V LauncherAppWidgetHostView: calculateWidgetSize: (target widgetsize) using w/h 1359 712 span 5 2 (widgetid 3) [current Gridsize : GRID_5x5]
10-24 22:06:57.411 4521 4521 D LauncherAppWidgetHostView: calculateWidgetSize() widget = T-Mobile TV(widget id = 3) result hostview size = 1771 x 927
10-24 22:06:57.411 4521 4521 D LauncherAppWidgetHostView: setResizeScaleResult() 1771/ 927 scaleToResize = 0.7673631(widget id = 3)
10-24 22:06:57.431 4521 21036 D ViewSystem: updateRemoteViews(4) has done.
10-24 22:06:57.441 4521 4521 V LauncherAppWidgetHostView: calculateWidgetSize: (target widgetsize) using w/h 1359 712 span 5 2 (widgetid 3) [current Gridsize : GRID_5x5]
10-24 22:06:57.441 4521 4521 D LauncherAppWidgetHostView: calculateWidgetSize() widget = T-Mobile TV(widget id = 3) result hostview size = 1771 x 927
10-24 22:06:57.441 4521 4521 D LauncherAppWidgetHostView: setResizeScaleResult() 1771/ 927 scaleToResize = 0.7673631(widget id = 3)
10-24 22:06:59.991 3520 4005 V AlarmManager: Expired Alarm result :8
10-24 22:07:00.011 4130 4130 D KeyguardUpdateMonitor: received broadcast android.intent.action.TIME_TICK
10-24 22:07:00.011 4130 4130 D KeyguardUpdateMonitor: handleTimeUpdate
10-24 22:07:00.021 4130 4130 D Clock : received broadcast android.intent.action.TIME_TICK
10-24 22:07:00.091 4130 4130 D DateView: received broadcast android.intent.action.TIME_TICK
10-24 22:07:00.131 4521 4521 V LauncherAppWidgetHostView: calculateWidgetSize: (target widgetsize) using w/h 1359 347 span 5 1 (widgetid 6) [current Gridsize : GRID_5x5]
10-24 22:07:00.131 4521 4521 D LauncherAppWidgetHostView: calculateWidgetSize() widget = Weather and Clock(widget id = 6) result hostview size = 1771 x 452
10-24 22:07:00.131 4521 4521 D LauncherAppWidgetHostView: setResizeScaleResult() 1771/ 452 scaleToResize = 0.7673631(widget id = 6)
10-24 22:07:00.141 4521 4521 V LauncherAppWidgetHostView: calculateWidgetSize: (target widgetsize) using w/h 1359 347 span 5 1 (widgetid 2) [current Gridsize : GRID_5x5]
10-24 22:07:00.141 4521 4521 D LauncherAppWidgetHostView: calculateWidgetSize() widget = Google App(widget id = 2) result hostview size = 1771 x 452
10-24 22:07:00.141 4521 4521 D LauncherAppWidgetHostView: setResizeScaleResult() 1771/ 452 scaleToResize = 0.7673631(widget id = 2)
10-24 22:07:00.171 4521 4521 V LauncherAppWidgetHostView: calculateWidgetSize: (target widgetsize) using w/h 1359 347 span 5 1 (widgetid 6) [current Gridsize : GRID_5x5]
10-24 22:07:00.171 4521 4521 D LauncherAppWidgetHostView: calculateWidgetSize() widget = Weather and Clock(widget id = 6) result hostview size = 1771 x 452
10-24 22:07:00.171 4521 4521 D LauncherAppWidgetHostView: setResizeScaleResult() 1771/ 452 scaleToResize = 0.7673631(widget id = 6)
10-24 22:07:00.171 4521 4521 V LauncherAppWidgetHostView: calculateWidgetSize: (target widgetsize) using w/h 1359 347 span 5 1 (widgetid 2) [current Gridsize : GRID_5x5]
10-24 22:07:00.171 4521 4521 D LauncherAppWidgetHostView: calculateWidgetSize() widget = Google App(widget id = 2) result hostview size = 1771 x 452
10-24 22:07:00.171 4521 4521 D LauncherAppWidgetHostView: setResizeScaleResult() 1771/ 452 scaleToResize = 0.7673631(widget id = 2)
10-24 22:07:00.191 26846 26846 D [WeatherWidget(1177)] WeatherService: {[EC3334F14841398C8B464A72D0E61AB7CD7E766A36D06043166FAD39187431A3E5A9A2F81BDF9068B74904E1B1CB541044E6D58E921E578E1E6FAAF047CA8AFC]}
10-24 22:07:00.191 26846 26846 D [WeatherWidget(1177)] : {[3AE6950019B083611567B0F9442DB03E59646CBA355B4C260B75423E37A3701A]}
10-24 22:07:00.201 26846 26846 D [WeatherWidget(1177)] : {[3AE6950019B083611567B0F9442DB03E0F7D6DF8FAB8AEDDA9C52FD622CBE93BD3B3C821E02768ECE7D54B13E96560EDB802D29C56DFCCD38F937DDED36C9453E14ACC693F7BDF399FD0A06BF2D59F2E62F0159FCF8ED080A2244B7BC466DBEB]}
10-24 22:07:00.201 26846 26846 D [WeatherWidget(1177)] : {[DF00664B5BF2DD508EC3D0ADB8B43C9FB429631765284D8658CE62A4AFFAA963]}
10-24 22:07:00.351 3110 3777 E NetlinkEvent: NetlinkEvent::FindParam(): Parameter 'LABEL' not found
10-24 22:07:00.351 3110 3777 E NetlinkEvent: NetlinkEvent::FindParam(): Parameter 'UID' not found
10-24 22:07:01.551 3110 3777 E NetlinkEvent: NetlinkEvent::FindParam(): Parameter 'LABEL' not found
10-24 22:07:01.551 3110 3777 E NetlinkEvent: NetlinkEvent::FindParam(): Parameter 'UID' not found
10-24 22:07:02.601 3520 8428 D SSRM:n : SIOP:: AP = 260, PST = 260 (W:30), CP = 231, CUR = 161, LCD = 19
10-24 22:07:02.621 3520 4925 D BatteryService: !@BatteryListener : batteryPropertiesChanged!
10-24 22:07:02.621 3520 4925 D BatteryService: level:98, scale:100, status:2, health:2, present:true, voltage: 4225, temperature: 253, technology: Li-ion, AC powered:false, USB powered:true, POGO powered:false, Wireless powered:false, icon:17303413, invalid charger:0, maxChargingCurrent:0
10-24 22:07:02.621 3520 4925 D BatteryService: online:4, current avg:-161, charge type:1, power sharing:false, high voltage charger:false, capacity:280000, batterySWSelfDischarging:false, current_now:-160
10-24 22:07:02.621 3520 3520 D BatteryService: Sending ACTION_BATTERY_CHANGED.
10-24 22:07:02.621 3520 3520 I MotionRecognitionService: Plugged
10-24 22:07:02.621 3520 3520 D MotionRecognitionService: cableConnection= 1
10-24 22:07:02.621 3520 3520 D MotionRecognitionService: setPowerConnected | current backoffstate = 1024 , state =1024
10-24 22:07:02.621 3520 3520 D MotionRecognitionService: skip setTransmitPower.
10-24 22:07:02.631 3520 3520 I Tethering: BATTERY_CHANGED, level = 98lowBatteryThreshold = 15
10-24 22:07:02.631 4130 4130 D KeyguardUpdateMonitor: received broadcast android.intent.action.BATTERY_CHANGED
10-24 22:07:02.631 4130 4130 D KeyguardUpdateMonitor: handleBatteryUpdate
10-24 22:07:02.631 4130 4130 D PowerUI : priorPlugType = 2 mPlugType = 2
10-24 22:07:02.631 4130 4130 D PowerUI.Notification: showChargingNotice oldChargingType : 1 currentChargingType : 1 oldChargingTime : 120000 mChargingTime : 120000
10-24 22:07:02.631 4130 4130 D PowerUI.Notification: There is no change about charging status, so return!
10-24 22:07:02.651 4590 4590 D BatteryMonitor: new battery level: 98
10-24 22:07:02.681 4130 4130 D BatteryMeterView: ACTION_BATTERY_CHANGED : level:98 status:2 health:2
10-24 22:07:02.681 4130 4130 D BatteryMeterView: ACTION_BATTERY_CHANGED : level:98 status:2 health:2
10-24 22:07:03.351 4521 4521 V LauncherAppWidgetHostView: calculateWidgetSize: (target widgetsize) using w/h 1359 712 span 5 2 (widgetid 3) [current Gridsize : GRID_5x5]
10-24 22:07:03.351 4521 4521 D LauncherAppWidgetHostView: calculateWidgetSize() widget = T-Mobile TV(widget id = 3) result hostview size = 1771 x 927
10-24 22:07:03.351 4521 4521 D LauncherAppWidgetHostView: setResizeScaleResult() 1771/ 927 scaleToResize = 0.7673631(widget id = 3)
10-24 22:07:03.361 4521 21036 D ViewSystem: updateTemporaryMetaData() has done.
10-24 22:07:03.371 4521 4521 V LauncherAppWidgetHostView: calculateWidgetSize: (target widgetsize) using w/h 1359 712 span 5 2 (widgetid 3) [current Gridsize : GRID_5x5]
10-24 22:07:03.371 4521 4521 D LauncherAppWidgetHostView: calculateWidgetSize() widget = T-Mobile TV(widget id = 3) result hostview size = 1771 x 927
10-24 22:07:03.371 4521 4521 D LauncherAppWidgetHostView: setResizeScaleResult() 1771/ 927 scaleToResize = 0.7673631(widget id = 3)
10-24 22:07:03.381 4521 4521 V LauncherAppWidgetHostView: calculateWidgetSize: (target widgetsize) using w/h 1359 712 span 5 2 (widgetid 3) [current Gridsize : GRID_5x5]
10-24 22:07:03.381 4521 4521 D LauncherAppWidgetHostView: calculateWidgetSize() widget = T-Mobile TV(widget id = 3) result hostview size = 1771 x 927
10-24 22:07:03.381 4521 4521 D LauncherAppWidgetHostView: setResizeScaleResult() 1771/ 927 scaleToResize = 0.7673631(widget id = 3)
10-24 22:07:03.401 4521 21036 D ViewSystem: updateRemoteViews(5) has done.
10-24 22:07:03.421 4521 4521 V LauncherAppWidgetHostView: calculateWidgetSize: (target widgetsize) using w/h 1359 712 span 5 2 (widgetid 3) [current Gridsize : GRID_5x5]
10-24 22:07:03.421 4521 4521 D LauncherAppWidgetHostView: calculateWidgetSize() widget = T-Mobile TV(widget id = 3) result hostview size = 1771 x 927
10-24 22:07:03.421 4521 4521 D LauncherAppWidgetHostView: setResizeScaleResult() 1771/ 927 scaleToResize = 0.7673631(widget id = 3)
10-24 22:07:03.571 3520 3601 I PowerManagerService: [PWL] On : 8255505 (1107959 ms ago)
10-24 22:07:03.571 3520 3601 I PowerManagerService: [PWL] mStayOn: true mWakeLockSummary & WAKE_LOCK_STAY_AWAKE: 0 mUserActivitySummary: 0x4
10-24 22:07:07.591 27575 27600 I Quasar : start to send events
10-24 22:07:09.131 24116 28371 I DeviceStateChecker: screenOn: true, isCharging: true
10-24 22:07:09.371 4521 4521 V LauncherAppWidgetHostView: calculateWidgetSize: (target widgetsize) using w/h 1359 712 span 5 2 (widgetid 3) [current Gridsize : GRID_5x5]
10-24 22:07:09.371 4521 4521 D LauncherAppWidgetHostView: calculateWidgetSize() widget = T-Mobile TV(widget id = 3) result hostview size = 1771 x 927
10-24 22:07:09.371 4521 4521 D LauncherAppWidgetHostView: setResizeScaleResult() 1771/ 927 scaleToResize = 0.7673631(widget id = 3)
10-24 22:07:09.391 4521 21036 D ViewSystem: updateTemporaryMetaData() has done.
10-24 22:07:09.391 4521 4521 V LauncherAppWidgetHostView: calculateWidgetSize: (target widgetsize) using w/h 1359 712 span 5 2 (widgetid 3) [current Gridsize : GRID_5x5]
10-24 22:07:09.401 4521 4521 D LauncherAppWidgetHostView: calculateWidgetSize() widget = T-Mobile TV(widget id = 3) result hostview size = 1771 x 927
10-24 22:07:09.401 4521 4521 D LauncherAppWidgetHostView: setResizeScaleResult() 1771/ 927 scaleToResize = 0.7673631(widget id = 3)
10-24 22:07:09.411 4521 4521 V LauncherAppWidgetHostView: calculateWidgetSize: (target widgetsize) using w/h 1359 712 span 5 2 (widgetid 3) [current Gridsize : GRID_5x5]
10-24 22:07:09.411 4521 4521 D LauncherAppWidgetHostView: calculateWidgetSize() widget = T-Mobile TV(widget id = 3) result hostview size = 1771 x 927
10-24 22:07:09.411 4521 4521 D LauncherAppWidgetHostView: setResizeScaleResult() 1771/ 927 scaleToResize = 0.7673631(widget id = 3)
10-24 22:07:09.421 4521 21036 D ViewSystem: updateRemoteViews(0) has done.
10-24 22:07:09.441 4521 4521 V LauncherAppWidgetHostView: calculateWidgetSize: (target widgetsize) using w/h 1359 712 span 5 2 (widgetid 3) [current Gridsize : GRID_5x5]
10-24 22:07:09.441 4521 4521 D LauncherAppWidgetHostView: calculateWidgetSize() widget = T-Mobile TV(widget id = 3) result hostview size = 1771 x 927
10-24 22:07:09.441 4521 4521 D LauncherAppWidgetHostView: setResizeScaleResult() 1771/ 927 scaleToResize = 0.7673631(widget id = 3)
10-24 22:07:12.651 3520 8428 D SSRM:n : SIOP:: AP = 260, PST = 260 (W:30), CP = 231, CUR = 155, LCD = 19
10-24 22:07:12.671 3520 4925 D BatteryService: !@BatteryListener : batteryPropertiesChanged!
10-24 22:07:12.671 3520 4925 D BatteryService: level:98, scale:100, status:2, health:2, present:true, voltage: 4230, temperature: 254, technology: Li-ion, AC powered:false, USB powered:true, POGO powered:false, Wireless powered:false, icon:17303413, invalid charger:0, maxChargingCurrent:0
10-24 22:07:12.671 3520 4925 D BatteryService: online:4, current avg:-155, charge type:1, power sharing:false, high voltage charger:false, capacity:280000, batterySWSelfDischarging:false, current_now:-135
10-24 22:07:12.671 3520 3520 D BatteryService: Sending ACTION_BATTERY_CHANGED.
10-24 22:07:12.681 3520 3520 I Tethering: BATTERY_CHANGED, level = 98lowBatteryThreshold = 15
10-24 22:07:12.681 4130 4130 D KeyguardUpdateMonitor: received broadcast android.intent.action.BATTERY_CHANGED
10-24 22:07:12.681 4130 4130 D KeyguardUpdateMonitor: handleBatteryUpdate
10-24 22:07:12.681 3520 3520 I MotionRecognitionService: Plugged
10-24 22:07:12.681 3520 3520 D MotionRecognitionService: cableConnection= 1
10-24 22:07:12.681 3520 3520 D MotionRecognitionService: setPowerConnected | current backoffstate = 1024 , state =1024
10-24 22:07:12.681 3520 3520 D MotionRecognitionService: skip setTransmitPower.
10-24 22:07:12.681 4130 4130 D PowerUI : priorPlugType = 2 mPlugType = 2
10-24 22:07:12.681 4130 4130 D PowerUI.Notification: showChargingNotice oldChargingType : 1 currentChargingType : 1 oldChargingTime : 120000 mChargingTime : 120000
10-24 22:07:12.681 4130 4130 D PowerUI.Notification: There is no change about charging status, so return!
10-24 22:07:12.691 4590 4590 D BatteryMonitor: new battery level: 98
10-24 22:07:12.711 4130 4130 D BatteryMeterView: ACTION_BATTERY_CHANGED : level:98 status:2 health:2
10-24 22:07:12.711 4130 4130 D BatteryMeterView: ACTION_BATTERY_CHANGED : level:98 status:2 health:2
10-24 22:07:15.371 4521 4521 V LauncherAppWidgetHostView: calculateWidgetSize: (target widgetsize) using w/h 1359 712 span 5 2 (widgetid 3) [current Gridsize : GRID_5x5]
10-24 22:07:15.371 4521 4521 D LauncherAppWidgetHostView: calculateWidgetSize() widget = T-Mobile TV(widget id = 3) result hostview size = 1771 x 927
10-24 22:07:15.371 4521 4521 D LauncherAppWidgetHostView: setResizeScaleResult() 1771/ 927 scaleToResize = 0.7673631(widget id = 3)
10-24 22:07:15.391 4521 21036 D ViewSystem: updateTemporaryMetaData() has done.
10-24 22:07:15.401 4521 4521 V LauncherAppWidgetHostView: calculateWidgetSize: (target widgetsize) using w/h 1359 712 span 5 2 (widgetid 3) [current Gridsize : GRID_5x5]
10-24 22:07:15.401 4521 4521 D LauncherAppWidgetHostView: calculateWidgetSize() widget = T-Mobile TV(widget id = 3) result hostview size = 1771 x 927
10-24 22:07:15.401 4521 4521 D LauncherAppWidgetHostView: setResizeScaleResult() 1771/ 927 scaleToResize = 0.7673631(widget id = 3)
10-24 22:07:15.421 4521 4521 V LauncherAppWidgetHostView: calculateWidgetSize: (target widgetsize) using w/h 1359 712 span 5 2 (widgetid 3) [current Gridsize : GRID_5x5]
10-24 22:07:15.421 4521 4521 D LauncherAppWidgetHostView: calculateWidgetSize() widget = T-Mobile TV(widget id = 3) result hostview size = 1771 x 927
10-24 22:07:15.421 4521 4521 D LauncherAppWidgetHostView: setResizeScaleResult() 1771/ 927 scaleToResize = 0.7673631(widget id = 3)
10-24 22:07:15.431 4521 21036 D ViewSystem: updateRemoteViews(1) has done.
10-24 22:07:15.451 4521 4521 V LauncherAppWidgetHostView: calculateWidgetSize: (target widgetsize) using w/h 1359 712 span 5 2 (widgetid 3) [current Gridsize : GRID_5x5]
10-24 22:07:15.451 4521 4521 D LauncherAppWidgetHostView: calculateWidgetSize() widget = T-Mobile TV(widget id = 3) result hostview size = 1771 x 927
10-24 22:07:15.451 4521 4521 D LauncherAppWidgetHostView: setResizeScaleResult() 1771/ 927 scaleToResize = 0.7673631(widget id = 3)
10-24 22:07:16.191 3520 4345 E Watchdog: !@Sync 312 [10-24 22:07:16.194]
10-24 22:07:16.591 3110 3777 E NetlinkEvent: NetlinkEvent::FindParam(): Parameter 'LABEL' not found
10-24 22:07:16.591 3110 3777 E NetlinkEvent: NetlinkEvent::FindParam(): Parameter 'UID' not found
10-24 22:07:21.371 4521 4521 V LauncherAppWidgetHostView: calculateWidgetSize: (target widgetsize) using w/h 1359 712 span 5 2 (widgetid 3) [current Gridsize : GRID_5x5]
10-24 22:07:21.371 4521 4521 D LauncherAppWidgetHostView: calculateWidgetSize() widget = T-Mobile TV(widget id = 3) result hostview size = 1771 x 927
10-24 22:07:21.371 4521 4521 D LauncherAppWidgetHostView: setResizeScaleResult() 1771/ 927 scaleToResize = 0.7673631(widget id = 3)
10-24 22:07:21.401 4521 21036 D ViewSystem: updateTemporaryMetaData() has done.
10-24 22:07:21.411 4521 4521 V LauncherAppWidgetHostView: calculateWidgetSize: (target widgetsize) using w/h 1359 712 span 5 2 (widgetid 3) [current Gridsize : GRID_5x5]
10-24 22:07:21.411 4521 4521 D LauncherAppWidgetHostView: calculateWidgetSize() widget = T-Mobile TV(widget id = 3) result hostview size = 1771 x 927
10-24 22:07:21.411 4521 4521 D LauncherAppWidgetHostView: setResizeScaleResult() 1771/ 927 scaleToResize = 0.7673631(widget id = 3)
10-24 22:07:21.421 4521 4521 V LauncherAppWidgetHostView: calculateWidgetSize: (target widgetsize) using w/h 1359 712 span 5 2 (widgetid 3) [current Gridsize : GRID_5x5]
10-24 22:07:21.421 4521 4521 D LauncherAppWidgetHostView: calculateWidgetSize() widget = T-Mobile TV(widget id = 3) result hostview size = 1771 x 927
10-24 22:07:21.421 4521 4521 D LauncherAppWidgetHostView: setResizeScaleResult() 1771/ 927 scaleToResize = 0.7673631(widget id = 3)
10-24 22:07:21.431 4521 21036 D ViewSystem: updateRemoteViews(2) has done.
10-24 22:07:21.441 4521 4521 V LauncherAppWidgetHostView: calculateWidgetSize: (target widgetsize) using w/h 1359 712 span 5 2 (widgetid 3) [current Gridsize : GRID_5x5]
10-24 22:07:21.441 4521 4521 D LauncherAppWidgetHostView: calculateWidgetSize() widget = T-Mobile TV(widget id = 3) result hostview size = 1771 x 927
10-24 22:07:21.441 4521 4521 D LauncherAppWidgetHostView: setResizeScaleResult() 1771/ 927 scaleToResize = 0.7673631(widget id = 3)
10-24 22:07:21.591 3110 3777 E NetlinkEvent: NetlinkEvent::FindParam(): Parameter 'LABEL' not found
10-24 22:07:21.591 3110 3777 E NetlinkEvent: NetlinkEvent::FindParam(): Parameter 'UID' not found
10-24 22:07:22.721 3520 8428 D SSRM:n : SIOP:: AP = 260, PST = 260 (W:30), CP = 231, CUR = 155, LCD = 19
10-24 22:07:22.751 3520 3520 I Tethering: BATTERY_CHANGED, level = 98lowBatteryThreshold = 15
10-24 22:07:22.751 3520 4750 D BatteryService: !@BatteryListener : batteryPropertiesChanged!
10-24 22:07:22.751 3520 4750 D BatteryService: level:98, scale:100, status:2, health:2, present:true, voltage: 4228, temperature: 253, technology: Li-ion, AC powered:false, USB powered:true, POGO powered:false, Wireless powered:false, icon:17303413, invalid charger:0, maxChargingCurrent:0
10-24 22:07:22.751 3520 4750 D BatteryService: online:4, current avg:-154, charge type:1, power sharing:false, high voltage charger:false, capacity:280000, batterySWSelfDischarging:false, current_now:-132
10-24 22:07:22.751 3520 3520 D BatteryService: Sending ACTION_BATTERY_CHANGED.
10-24 22:07:22.751 3520 3520 I MotionRecognitionService: Plugged
10-24 22:07:22.751 3520 3520 D MotionRecognitionService: cableConnection= 1
10-24 22:07:22.751 3520 3520 D MotionRecognitionService: setPowerConnected | current backoffstate = 1024 , state =1024
10-24 22:07:22.751 3520 3520 D MotionRecognitionService: skip setTransmitPower.
10-24 22:07:22.761 4130 4130 D KeyguardUpdateMonitor: received broadcast android.intent.action.BATTERY_CHANGED
10-24 22:07:22.761 4130 4130 D KeyguardUpdateMonitor: handleBatteryUpdate
10-24 22:07:22.771 4130 4130 D PowerUI : priorPlugType = 2 mPlugType = 2
10-24 22:07:22.771 4130 4130 D PowerUI.Notification: showChargingNotice oldChargingType : 1 currentChargingType : 1 oldChargingTime : 120000 mChargingTime : 120000
10-24 22:07:22.771 4130 4130 D PowerUI.Notification: There is no change about charging status, so return!
10-24 22:07:22.781 4590 4590 D BatteryMonitor: new battery level: 98
10-24 22:07:22.801 4130 4130 D BatteryMeterView: ACTION_BATTERY_CHANGED : level:98 status:2 health:2
10-24 22:07:22.801 4130 4130 D BatteryMeterView: ACTION_BATTERY_CHANGED : level:98 status:2 health:2
10-24 22:07:27.361 4521 4521 V LauncherAppWidgetHostView: calculateWidgetSize: (target widgetsize) using w/h 1359 712 span 5 2 (widgetid 3) [current Gridsize : GRID_5x5]
10-24 22:07:27.361 4521 4521 D LauncherAppWidgetHostView: calculateWidgetSize() widget = T-Mobile TV(widget id = 3) result hostview size = 1771 x 927
10-24 22:07:27.361 4521 4521 D LauncherAppWidgetHostView: setResizeScaleResult() 1771/ 927 scaleToResize = 0.7673631(widget id = 3)
10-24 22:07:32.791 3520 8428 D SSRM:n : SIOP:: AP = 260, PST = 260 (W:30), CP = 231, CUR = 150, LCD = 19
10-24 22:07:32.811 3520 3520 I Tethering: BATTERY_CHANGED, level = 98lowBatteryThreshold = 15
10-24 22:07:32.811 3520 3542 D BatteryService: !@BatteryListener : batteryPropertiesChanged!
10-24 22:07:32.811 3520 3542 D BatteryService: level:98, scale:100, status:2, health:2, present:true, voltage: 4228, temperature: 253, technology: Li-ion, AC powered:false, USB powered:true, POGO powered:false, Wireless powered:false, icon:17303413, invalid charger:0, maxChargingCurrent:0
10-24 22:07:32.811 3520 3542 D BatteryService: online:4, current avg:-150, charge type:1, power sharing:false, high voltage charger:false, capacity:280000, batterySWSelfDischarging:false, current_now:-154
10-24 22:07:32.811 3520 3520 D BatteryService: Sending ACTION_BATTERY_CHANGED.
10-24 22:07:32.811 3520 3520 I MotionRecognitionService: Plugged
10-24 22:07:32.811 3520 3520 D MotionRecognitionService: cableConnection= 1
10-24 22:07:32.811 3520 3520 D MotionRecognitionService: setPowerConnected | current backoffstate = 1024 , state =1024
10-24 22:07:32.811 3520 3520 D MotionRecognitionService: skip setTransmitPower.
10-24 22:07:32.821 4130 4130 D KeyguardUpdateMonitor: received broadcast android.intent.action.BATTERY_CHANGED
10-24 22:07:32.821 4130 4130 D KeyguardUpdateMonitor: handleBatteryUpdate
10-24 22:07:32.821 4130 4130 D PowerUI : priorPlugType = 2 mPlugType = 2
10-24 22:07:32.821 4130 4130 D PowerUI.Notification: showChargingNotice oldChargingType : 1 currentChargingType : 1 oldChargingTime : 120000 mChargingTime : 120000
10-24 22:07:32.821 4130 4130 D PowerUI.Notification: There is no change about charging status, so return!
10-24 22:07:32.831 4590 4590 D BatteryMonitor: new battery level: 98
10-24 22:07:32.861 4130 4130 D BatteryMeterView: ACTION_BATTERY_CHANGED : level:98 status:2 health:2
10-24 22:07:32.861 4130 4130 D BatteryMeterView: ACTION_BATTERY_CHANGED : level:98 status:2 health:2
10-24 22:07:33.371 4521 4521 V LauncherAppWidgetHostView: calculateWidgetSize: (target widgetsize) using w/h 1359 712 span 5 2 (widgetid 3) [current Gridsize : GRID_5x5]
10-24 22:07:33.371 4521 4521 D LauncherAppWidgetHostView: calculateWidgetSize() widget = T-Mobile TV(widget id = 3) result hostview size = 1771 x 927
10-24 22:07:33.371 4521 4521 D LauncherAppWidgetHostView: setResizeScaleResult() 1771/ 927 scaleToResize = 0.7673631(widget id = 3)
10-24 22:07:33.391 4521 21036 D ViewSystem: updateTemporaryMetaData() has done.
10-24 22:07:33.411 4521 4521 V LauncherAppWidgetHostView: calculateWidgetSize: (target widgetsize) using w/h 1359 712 span 5 2 (widgetid 3) [current Gridsize : GRID_5x5]
10-24 22:07:33.411 4521 4521 D LauncherAppWidgetHostView: calculateWidgetSize() widget = T-Mobile TV(widget id = 3) result hostview size = 1771 x 927
10-24 22:07:33.411 4521 4521 D LauncherAppWidgetHostView: setResizeScaleResult() 1771/ 927 scaleToResize = 0.7673631(widget id = 3)
10-24 22:07:33.421 4521 4521 V LauncherAppWidgetHostView: calculateWidgetSize: (target widgetsize) using w/h 1359 712 span 5 2 (widgetid 3) [current Gridsize : GRID_5x5]
10-24 22:07:33.421 4521 4521 D LauncherAppWidgetHostView: calculateWidgetSize() widget = T-Mobile TV(widget id = 3) result hostview size = 1771 x 927
10-24 22:07:33.421 4521 4521 D LauncherAppWidgetHostView: setResizeScaleResult() 1771/ 927 scaleToResize = 0.7673631(widget id = 3)
10-24 22:07:33.431 4521 21036 D ViewSystem: updateRemoteViews(4) has done.
10-24 22:07:33.451 4521 4521 V LauncherAppWidgetHostView: calculateWidgetSize: (target widgetsize) using w/h 1359 712 span 5 2 (widgetid 3) [current Gridsize : GRID_5x5]
10-24 22:07:33.451 4521 4521 D LauncherAppWidgetHostView: calculateWidgetSize() widget = T-Mobile TV(widget id = 3) result hostview size = 1771 x 927
10-24 22:07:33.451 4521 4521 D LauncherAppWidgetHostView: setResizeScaleResult() 1771/ 927 scaleToResize = 0.7673631(widget id = 3)
10-24 22:07:36.631 3110 3777 E NetlinkEvent: NetlinkEvent::FindParam(): Parameter 'LABEL' not found
10-24 22:07:36.631 3110 3777 E NetlinkEvent: NetlinkEvent::FindParam(): Parameter 'UID' not found
10-24 22:07:39.381 4521 4521 V LauncherAppWidgetHostView: calculateWidgetSize: (target widgetsize) using w/h 1359 712 span 5 2 (widgetid 3) [current Gridsize : GRID_5x5]
10-24 22:07:39.381 4521 4521 D LauncherAppWidgetHostView: calculateWidgetSize() widget = T-Mobile TV(widget id = 3) result hostview size = 1771 x 927
10-24 22:07:39.381 4521 4521 D LauncherAppWidgetHostView: setResizeScaleResult() 1771/ 927 scaleToResize = 0.7673631(widget id = 3)
10-24 22:07:39.401 4521 21036 D ViewSystem: updateTemporaryMetaData() has done.
10-24 22:07:39.411 4521 4521 V LauncherAppWidgetHostView: calculateWidgetSize: (target widgetsize) using w/h 1359 712 span 5 2 (widgetid 3) [current Gridsize : GRID_5x5]
10-24 22:07:39.411 4521 4521 D LauncherAppWidgetHostView: calculateWidgetSize() widget = T-Mobile TV(widget id = 3) result hostview size = 1771 x 927
10-24 22:07:39.411 4521 4521 D LauncherAppWidgetHostView: setResizeScaleResult() 1771/ 927 scaleToResize = 0.7673631(widget id = 3)
10-24 22:07:39.431 4521 4521 V LauncherAppWidgetHostView: calculateWidgetSize: (target widgetsize) using w/h 1359 712 span 5 2 (widgetid 3) [current Gridsize : GRID_5x5]
10-24 22:07:39.431 4521 4521 D LauncherAppWidgetHostView: calculateWidgetSize() widget = T-Mobile TV(widget id = 3) result hostview size = 1771 x 927
10-24 22:07:39.431 4521 4521 D LauncherAppWidgetHostView: setResizeScaleResult() 1771/ 927 scaleToResize = 0.7673631(widget id = 3)
10-24 22:07:39.441 4521 21036 D ViewSystem: updateRemoteViews(5) has done.
10-24 22:07:39.461 4521 4521 V LauncherAppWidgetHostView: calculateWidgetSize: (target widgetsize) using w/h 1359 712 span 5 2 (widgetid 3) [current Gridsize : GRID_5x5]
10-24 22:07:39.461 4521 4521 D LauncherAppWidgetHostView: calculateWidgetSize() widget = T-Mobile TV(widget id = 3) result hostview size = 1771 x 927
10-24 22:07:39.461 4521 4521 D LauncherAppWidgetHostView: setResizeScaleResult() 1771/ 927 scaleToResize = 0.7673631(widget id = 3)
10-24 22:07:40.581 4574 4612 D ContactsProvider_EventLog: contents_sample_state: [ contacts(4) data(27) accounts({com.google (2)=4}) accounts deleted({}) calls([]) ]
10-24 22:07:40.581 4574 4612 D ContactsProvider_EventLog: contents_sample_state: [ agr({[2]=4}) ]
10-24 22:07:41.611 3110 3777 E NetlinkEvent: NetlinkEvent::FindParam(): Parameter 'LABEL' not found
10-24 22:07:41.611 3110 3777 E NetlinkEvent: NetlinkEvent::FindParam(): Parameter 'UID' not found
10-24 22:07:42.841 3520 8428 D SSRM:n : SIOP:: AP = 260, PST = 260 (W:30), CP = 231, CUR = 151, LCD = 19
10-24 22:07:42.881 3520 3520 I Tethering: BATTERY_CHANGED, level = 98lowBatteryThreshold = 15
10-24 22:07:42.881 3520 4534 D BatteryService: !@BatteryListener : batteryPropertiesChanged!
10-24 22:07:42.881 3520 4534 D BatteryService: level:98, scale:100, status:2, health:2, present:true, voltage: 4227, temperature: 254, technology: Li-ion, AC powered:false, USB powered:true, POGO powered:false, Wireless powered:false, icon:17303413, invalid charger:0, maxChargingCurrent:0
10-24 22:07:42.881 3520 4534 D BatteryService: online:4, current avg:-151, charge type:1, power sharing:false, high voltage charger:false, capacity:280000, batterySWSelfDischarging:false, current_now:-140
10-24 22:07:42.881 3520 3520 D BatteryService: Sending ACTION_BATTERY_CHANGED.
10-24 22:07:42.881 3520 3520 I MotionRecognitionService: Plugged
10-24 22:07:42.881 3520 3520 D MotionRecognitionService: cableConnection= 1
10-24 22:07:42.881 3520 3520 D MotionRecognitionService: setPowerConnected | current backoffstate = 1024 , state =1024
10-24 22:07:42.881 3520 3520 D MotionRecognitionService: skip setTransmitPower.
10-24 22:07:42.891 4130 4130 D KeyguardUpdateMonitor: received broadcast android.intent.action.BATTERY_CHANGED
10-24 22:07:42.891 4130 4130 D KeyguardUpdateMonitor: handleBatteryUpdate
10-24 22:07:42.891 4130 4130 D PowerUI : priorPlugType = 2 mPlugType = 2
10-24 22:07:42.891 4130 4130 D PowerUI.Notification: showChargingNotice oldChargingType : 1 currentChargingType : 1 oldChargingTime : 120000 mChargingTime : 120000
10-24 22:07:42.891 4130 4130 D PowerUI.Notification: There is no change about charging status, so return!
10-24 22:07:42.901 4590 4590 D BatteryMonitor: new battery level: 98
10-24 22:07:42.931 4130 4130 D BatteryMeterView: ACTION_BATTERY_CHANGED : level:98 status:2 health:2
10-24 22:07:42.931 4130 4130 D BatteryMeterView: ACTION_BATTERY_CHANGED : level:98 status:2 health:2
10-24 22:07:45.381 4521 4521 V LauncherAppWidgetHostView: calculateWidgetSize: (target widgetsize) using w/h 1359 712 span 5 2 (widgetid 3) [current Gridsize : GRID_5x5]
10-24 22:07:45.381 4521 4521 D LauncherAppWidgetHostView: calculateWidgetSize() widget = T-Mobile TV(widget id = 3) result hostview size = 1771 x 927
10-24 22:07:45.381 4521 4521 D LauncherAppWidgetHostView: setResizeScaleResult() 1771/ 927 scaleToResize = 0.7673631(widget id = 3)
10-24 22:07:45.401 4521 21036 D ViewSystem: updateTemporaryMetaData() has done.
10-24 22:07:45.401 4521 4521 V LauncherAppWidgetHostView: calculateWidgetSize: (target widgetsize) using w/h 1359 712 span 5 2 (widgetid 3) [current Gridsize : GRID_5x5]
10-24 22:07:45.401 4521 4521 D LauncherAppWidgetHostView: calculateWidgetSize() widget = T-Mobile TV(widget id = 3) result hostview size = 1771 x 927
10-24 22:07:45.401 4521 4521 D LauncherAppWidgetHostView: setResizeScaleResult() 1771/ 927 scaleToResize = 0.7673631(widget id = 3)
10-24 22:07:45.421 4521 4521 V LauncherAppWidgetHostView: calculateWidgetSize: (target widgetsize) using w/h 1359 712 span 5 2 (widgetid 3) [current Gridsize : GRID_5x5]
10-24 22:07:45.421 4521 4521 D LauncherAppWidgetHostView: calculateWidgetSize() widget = T-Mobile TV(widget id = 3) result hostview size = 1771 x 927
10-24 22:07:45.421 4521 4521 D LauncherAppWidgetHostView: setResizeScaleResult() 1771/ 927 scaleToResize = 0.7673631(widget id = 3)
10-24 22:07:45.431 4521 21036 D ViewSystem: updateRemoteViews(0) has done.
10-24 22:07:45.451 4521 4521 V LauncherAppWidgetHostView: calculateWidgetSize: (target widgetsize) using w/h 1359 712 span 5 2 (widgetid 3) [current Gridsize : GRID_5x5]
10-24 22:07:45.451 4521 4521 D LauncherAppWidgetHostView: calculateWidgetSize() widget = T-Mobile TV(widget id = 3) result hostview size = 1771 x 927
10-24 22:07:45.451 4521 4521 D LauncherAppWidgetHostView: setResizeScaleResult() 1771/ 927 scaleToResize = 0.7673631(widget id = 3)
10-24 22:07:46.191 3520 4345 E Watchdog: !@Sync 313 [10-24 22:07:46.196]
10-24 22:07:51.391 4521 4521 V LauncherAppWidgetHostView: calculateWidgetSize: (target widgetsize) using w/h 1359 712 span 5 2 (widgetid 3) [current Gridsize : GRID_5x5]
10-24 22:07:51.391 4521 4521 D LauncherAppWidgetHostView: calculateWidgetSize() widget = T-Mobile TV(widget id = 3) result hostview size = 1771 x 927
10-24 22:07:51.391 4521 4521 D LauncherAppWidgetHostView: setResizeScaleResult() 1771/ 927 scaleToResize = 0.7673631(widget id = 3)
10-24 22:07:51.401 4521 21036 D ViewSystem: updateTemporaryMetaData() has done.
10-24 22:07:51.411 4521 4521 V LauncherAppWidgetHostView: calculateWidgetSize: (target widgetsize) using w/h 1359 712 span 5 2 (widgetid 3) [current Gridsize : GRID_5x5]
10-24 22:07:51.411 4521 4521 D LauncherAppWidgetHostView: calculateWidgetSize() widget = T-Mobile TV(widget id = 3) result hostview size = 1771 x 927
10-24 22:07:51.411 4521 4521 D LauncherAppWidgetHostView: setResizeScaleResult() 1771/ 927 scaleToResize = 0.7673631(widget id = 3)
10-24 22:07:51.431 4521 4521 V LauncherAppWidgetHostView: calculateWidgetSize: (target widgetsize) using w/h 1359 712 span 5 2 (widgetid 3) [current Gridsize : GRID_5x5]
10-24 22:07:51.431 4521 4521 D LauncherAppWidgetHostView: calculateWidgetSize() widget = T-Mobile TV(widget id = 3) result hostview size = 1771 x 927
10-24 22:07:51.431 4521 4521 D LauncherAppWidgetHostView: setResizeScaleResult() 1771/ 927 scaleToResize = 0.7673631(widget id = 3)
10-24 22:07:51.441 4521 21036 D ViewSystem: updateRemoteViews(1) has done.
10-24 22:07:51.451 4521 4521 V LauncherAppWidgetHostView: calculateWidgetSize: (target widgetsize) using w/h 1359 712 span 5 2 (widgetid 3) [current Gridsize : GRID_5x5]
10-24 22:07:51.451 4521 4521 D LauncherAppWidgetHostView: calculateWidgetSize() widget = T-Mobile TV(widget id = 3) result hostview size = 1771 x 927
10-24 22:07:51.451 4521 4521 D LauncherAppWidgetHostView: setResizeScaleResult() 1771/ 927 scaleToResize = 0.7673631(widget id = 3)
10-24 22:07:52.931 3520 8428 D SSRM:n : SIOP:: AP = 260, PST = 260 (W:30), CP = 231, CUR = 150, LCD = 19
10-24 22:07:52.951 3520 3520 I Tethering: BATTERY_CHANGED, level = 98lowBatteryThreshold = 15
10-24 22:07:52.951 3520 4533 D BatteryService: !@BatteryListener : batteryPropertiesChanged!
10-24 22:07:52.951 3520 4533 D BatteryService: level:98, scale:100, status:2, health:2, present:true, voltage: 4228, temperature: 253, technology: Li-ion, AC powered:false, USB powered:true, POGO powered:false, Wireless powered:false, icon:17303413, invalid charger:0, maxChargingCurrent:0
10-24 22:07:52.951 3520 4533 D BatteryService: online:4, current avg:-150, charge type:1, power sharing:false, high voltage charger:false, capacity:280000, batterySWSelfDischarging:false, current_now:-134
10-24 22:07:52.951 3520 3520 D BatteryService: Sending ACTION_BATTERY_CHANGED.
10-24 22:07:52.951 3520 3520 I MotionRecognitionService: Plugged
10-24 22:07:52.951 3520 3520 D MotionRecognitionService: cableConnection= 1
10-24 22:07:52.951 3520 3520 D MotionRecognitionService: setPowerConnected | current backoffstate = 1024 , state =1024
10-24 22:07:52.951 3520 3520 D MotionRecognitionService: skip setTransmitPower.
10-24 22:07:52.961 4130 4130 D KeyguardUpdateMonitor: received broadcast android.intent.action.BATTERY_CHANGED
10-24 22:07:52.961 4130 4130 D KeyguardUpdateMonitor: handleBatteryUpdate
10-24 22:07:52.961 4130 4130 D PowerUI : priorPlugType = 2 mPlugType = 2
10-24 22:07:52.961 4130 4130 D PowerUI.Notification: showChargingNotice oldChargingType : 1 currentChargingType : 1 oldChargingTime : 120000 mChargingTime : 120000
10-24 22:07:52.961 4130 4130 D PowerUI.Notification: There is no change about charging status, so return!
10-24 22:07:52.971 4130 4130 D BatteryMeterView: ACTION_BATTERY_CHANGED : level:98 status:2 health:2
10-24 22:07:52.981 4590 4590 D BatteryMonitor: new battery level: 98
10-24 22:07:53.001 4130 4130 D BatteryMeterView: ACTION_BATTERY_CHANGED : level:98 status:2 health:2
10-24 22:07:56.681 3110 3777 E NetlinkEvent: NetlinkEvent::FindParam(): Parameter 'LABEL' not found
10-24 22:07:56.681 3110 3777 E NetlinkEvent: NetlinkEvent::FindParam(): Parameter 'UID' not found
10-24 22:07:57.381 4521 4521 V LauncherAppWidgetHostView: calculateWidgetSize: (target widgetsize) using w/h 1359 712 span 5 2 (widgetid 3) [current Gridsize : GRID_5x5]
10-24 22:07:57.381 4521 4521 D LauncherAppWidgetHostView: calculateWidgetSize() widget = T-Mobile TV(widget id = 3) result hostview size = 1771 x 927
10-24 22:07:57.381 4521 4521 D LauncherAppWidgetHostView: setResizeScaleResult() 1771/ 927 scaleToResize = 0.7673631(widget id = 3)
10-24 22:07:57.411 4521 21036 D ViewSystem: updateTemporaryMetaData() has done.
10-24 22:07:57.421 4521 4521 V LauncherAppWidgetHostView: calculateWidgetSize: (target widgetsize) using w/h 1359 712 span 5 2 (widgetid 3) [current Gridsize : GRID_5x5]
10-24 22:07:57.421 4521 4521 D LauncherAppWidgetHostView: calculateWidgetSize() widget = T-Mobile TV(widget id = 3) result hostview size = 1771 x 927
10-24 22:07:57.421 4521 4521 D LauncherAppWidgetHostView: setResizeScaleResult() 1771/ 927 scaleToResize = 0.7673631(widget id = 3)
10-24 22:07:57.431 4521 4521 V LauncherAppWidgetHostView: calculateWidgetSize: (target widgetsize) using w/h 1359 712 span 5 2 (widgetid 3) [current Gridsize : GRID_5x5]
10-24 22:07:57.431 4521 4521 D LauncherAppWidgetHostView: calculateWidgetSize() widget = T-Mobile TV(widget id = 3) result hostview size = 1771 x 927
10-24 22:07:57.431 4521 4521 D LauncherAppWidgetHostView: setResizeScaleResult() 1771/ 927 scaleToResize = 0.7673631(widget id = 3)
10-24 22:07:57.441 4521 21036 D ViewSystem: updateRemoteViews(2) has done.
10-24 22:07:57.461 4521 4521 V LauncherAppWidgetHostView: calculateWidgetSize: (target widgetsize) using w/h 1359 712 span 5 2 (widgetid 3) [current Gridsize : GRID_5x5]
10-24 22:07:57.461 4521 4521 D LauncherAppWidgetHostView: calculateWidgetSize() widget = T-Mobile TV(widget id = 3) result hostview size = 1771 x 927
10-24 22:07:57.461 4521 4521 D LauncherAppWidgetHostView: setResizeScaleResult() 1771/ 927 scaleToResize = 0.7673631(widget id = 3)
10-24 22:07:59.991 3520 4005 V AlarmManager: Expired Alarm result :8
10-24 22:08:00.011 4130 4130 D KeyguardUpdateMonitor: received broadcast android.intent.action.TIME_TICK
10-24 22:08:00.011 4130 4130 D KeyguardUpdateMonitor: handleTimeUpdate
10-24 22:08:00.041 4130 4130 D Clock : received broadcast android.intent.action.TIME_TICK
10-24 22:08:00.091 4130 4130 D DateView: received broadcast android.intent.action.TIME_TICK
10-24 22:08:00.141 4521 4521 V LauncherAppWidgetHostView: calculateWidgetSize: (target widgetsize) using w/h 1359 347 span 5 1 (widgetid 6) [current Gridsize : GRID_5x5]
