10-24 21:48:36.591 3135 3181 D Sensorhubs: readContextData: 1, 1, 26, 1, 1, 8, 62, 110, 0, 2
10-24 21:48:36.591 3520 4008 D SensorHubManager: onGetSensorHubDataLocked: library(10) = 1, 1, 26, 1, 1, 8, 62, 110, 0, 2
10-24 21:48:36.591 3520 4007 D CAE : onGetSensorHubData(SensorHubParserProvider.java:92) - onGetSensorHubData Event [event buffer len :10], AP_WAKEUP
10-24 21:48:36.591 3520 4007 I CAE : parse(SensorHubParserProvider.java:188) - buffer size = 10
10-24 21:48:36.591 3520 4007 I CAE : parse(SensorHubParserProvider.java:199) - 1, 1, 26, 1, 1, 8, 62, 110, 0, 2,
10-24 21:48:36.591 3520 4007 D CAE : display(ContextProvider.java:375) - ================= ACTIVITY_TRACKER =================
10-24 21:48:36.591 3520 4007 I CAE : display(ContextProvider.java:391) - Accuracy=[2], OperationMode=[0], ActivityType=[0], TimeStamp=[1477370916597]
10-24 21:48:36.591 3520 4010 D SContextService: updateSContext() : event = Activity Tracker
10-24 21:48:36.591 3520 3520 D PersonaManagerService: ACTION_SCREEN_ON onReceive
10-24 21:48:36.591 3520 3629 D PersonaManagerServiceHandler: MSG_ACTION_SCREEN_ON called
10-24 21:48:36.591 28114 28114 E MTPPlaObsrvr: playlist count is0
10-24 21:48:36.591 28114 28114 E MTPPlaObsrvr: inside try branch createplafiles
10-24 21:48:36.591 28114 28114 E MTPPlaObsrvr: inside deleteing plas createplafiles
10-24 21:48:36.591 3520 4387 D CoverManagerWhiteLists: isAllowedToUse : SIGNATURE_MATCH
10-24 21:48:36.601 4494 4494 I NfcService: When receiving ACTION_SCREEN_ON, S view cover is already opened. So screenState is ON_LOCKED by isKeyguardLocked()
10-24 21:48:36.601 4494 15836 D NfcService: call the applyRouting
10-24 21:48:36.601 3520 3520 D WifiStateMachine: setWifiScanMove bMove = 0
10-24 21:48:36.601 3520 3520 I WifiStateMachine: not vehicle, sendMessageDelayed CMD_SET_SCAN_MOVE with 0
10-24 21:48:36.601 28114 28114 E MTPPlaObsrvr: Inside registerContentObserver
10-24 21:48:36.601 3520 4046 I WifiStateMachine: DriverStartedState :: CMD_SET_SCAN_MOVE(0)
10-24 21:48:36.601 4319 4319 I wpa_supplicant: @@wpa_supplicant_set_scan_move : set [0]
10-24 21:48:36.601 28114 28114 E MtpAdbObserver: inside setContext()
10-24 21:48:36.601 28114 28114 E MtpAdbObserver: Inside registerContentObserver
10-24 21:48:36.601 28114 28114 W Settings: Setting adb_enabled has moved from android.provider.Settings.System to android.provider.Settings.Global, returning read-only global URI.
10-24 21:48:36.601 28114 28114 E MtpService: onCreate.
10-24 21:48:36.601 28114 28114 E MtpService: < MTP > Registering BroadCast receiver :::::
10-24 21:48:36.611 4130 4343 D NetworkController.MobileSignalController(0/2147483643): onDataActivity: direction=0
10-24 21:48:36.611 4494 15836 D SecNfcJni: RoutingManager::commitRouting
10-24 21:48:36.611 4494 6291 D SecNfcJni: RoutingManager::nfaEeCallback: NFA_EE_UPDATED_EVT
10-24 21:48:36.621 28114 28114 E MtpService: < MTP > Registering BroadCast registerBroadCastPolicyRec :::::
10-24 21:48:36.621 4494 15836 D NfcService: index : 0
10-24 21:48:36.621 4494 15836 D NfcService: index : 1
10-24 21:48:36.621 4494 15836 D NfcService: index : 2
10-24 21:48:36.621 28114 28114 E MtpService: < MTP > Registering BroadCast registerBroadCastEmergencyRec :::::
10-24 21:48:36.631 28114 28114 E MtpService: onStartCommand.
10-24 21:48:36.631 28114 28114 W MTPRx : calling native method
10-24 21:48:36.631 28114 28114 E MTPJNIInterface: < MTP > Registering BroadCast receiver :::::
10-24 21:48:36.631 28114 28154 E MtpService: handleMessage. msg= { when=0 what=0 arg1=1 obj=Intent { cmp=com.samsung.android.MtpApplication/.MtpService } target=com.samsung.android.MtpApplication.MtpService$ServiceHandler }
10-24 21:48:36.631 28114 28114 E MTPJNIInterface: < MTP > Registering BroadCast receiver :::::::
10-24 21:48:36.641 28114 28114 E MTPJNIInterface: noti = 10
10-24 21:48:36.641 28114 28114 E MtpService: onStartCommand.
10-24 21:48:36.641 28114 28114 W MTPRx : calling native method
10-24 21:48:36.641 28114 28114 E MTPRx : Checking the driver time out
10-24 21:48:36.641 28114 28114 E MTPJNIInterface: noti = 2
10-24 21:48:36.641 28114 28114 D : deleting sockets before message queue initialization
10-24 21:48:36.651 28114 28154 E MtpService: handleMessage. msg= { when=-1ms what=0 arg1=2 obj=Intent { cmp=com.samsung.android.MtpApplication/.MtpService } target=com.samsung.android.MtpApplication.MtpService$ServiceHandler }
10-24 21:48:36.651 28114 28114 D : event handler thread is created, so set the flag
10-24 21:48:36.651 28114 28155 E : Unable to get Object Class and clearing cls 2 [int check_media_scanner_status() 594]
10-24 21:48:36.651 28114 28155 E MTPJNIInterface: Getting media scanner status0
10-24 21:48:36.651 28114 28114 E MTPRx : called native method
10-24 21:48:36.651 28114 28114 E MTPJNIInterface: setting Media scanner status0
10-24 21:48:36.651 28114 28114 E MTPJNIInterface: After setting Media scanner status0
10-24 21:48:36.651 28114 28114 W MTPRx : notification from stack 1
10-24 21:48:36.651 28114 28155 E MTPJNIInterface: DeviceName is Null in System
10-24 21:48:36.651 28114 28155 E MTPJNIInterface: DeviceName is Galaxy S6 edge+
10-24 21:48:36.651 28114 28155 E : memcpy failed [memCpy 111]
10-24 21:48:36.671 5755 5755 D BtGatt.GattService: LCD turned on
10-24 21:48:36.671 5755 5940 D BtGatt.ScanManager: handleLcdOnIntent
10-24 21:48:36.671 5755 5940 D BtGatt.ScanManager: handleLcdOnIntent
10-24 21:48:36.681 28133 28133 D SideSync30_SideSyncReceiver: [59:onReceive] onReceive() action : android.hardware.usb.action.USB_STATE
10-24 21:48:36.681 28133 28133 D SideSync30_ConnectionManager: [315:setConnectionState] setConnectionState state : 17
10-24 21:48:36.691 5329 5329 D MtpService: starting MTP server in MTP mode
10-24 21:48:36.691 28133 28133 D SideSync30_ConnectionManager: [105:getMainContolState] getMainContolState CONNECTED : 0, DISCONNECTED : 1 1
10-24 21:48:36.691 5329 5329 E MtpServerJNI: could not open MTP driver, errno: 2
10-24 21:48:36.721 5329 5329 D MtpService: Adding MTP storage 0x10001 at /storage/emulated/0
10-24 21:48:36.721 5329 5329 E MtpServerJNI: server is null in add_storage
10-24 21:48:36.721 5329 28157 E MtpServerJNI: server is null in run
10-24 21:48:36.721 5329 28157 E MtpServerJNI: server is null in cleanup
10-24 21:48:36.721 5110 5110 I DeviceScanner: [MDNS] Screen is ON
10-24 21:48:36.721 5329 5329 E MtpServerJNI: server is null in send_object_removed
10-24 21:48:36.731 5110 5110 I DeviceScanner: [CastNearby] Screen is ON
10-24 21:48:36.731 7948 7948 D CocktailBarUiController: ACTION_SCREEN_ON
10-24 21:48:36.731 7948 7948 D AbstractCocktailPanelView: setPanelVisible: CocktailPortraitRemotePanelViewfalse will be hiden: 8
10-24 21:48:36.731 7948 7948 D CocktailBarPanelVisibilityManager: updateActivePanelView: vis=false screenOn=true onTransit=false -hide: 8 current Active: 8
10-24 21:48:36.731 7948 7948 E AbstractCocktailPanelView: notifyPanelVisibilityChanged: visibility not changed 2 id: 8
10-24 21:48:36.731 7948 7948 I TrayVisibilityController: handleMessage : msg.what = 1
10-24 21:48:36.741 7948 7948 I Utils : isCurrentUser current = 0, ownerId = 0
10-24 21:48:36.741 7948 7948 I TrayVisibilityController: getComputedTrayVisible : keyguardState = 2
10-24 21:48:36.741 7948 7948 I TrayVisibilityController: updateTrayVisible : State : 2 visible = 1 mCurrentVisible = 2
10-24 21:48:36.741 4371 4371 D PeopleStripeService: ACTION_SCREEN_ON
10-24 21:48:36.741 7948 7948 D TrayStateController: putInputRect mDynamicInputRegion=42750538@LastEvent=t=1477370915712Rect(18, 0 - 67, 588),Rect=Rect(0, 0 - 0, 0)
10-24 21:48:36.741 7948 7948 D TrayStateController: putInputRect mDynamicInputRegion=42750538@LastEvent=t=1477370915712Rect(18, 0 - 67, 588),Rect=Rect(18, 0 - 67, 588)
10-24 21:48:36.741 7948 7948 D TrayStateTrigger: getTriggerMaginOnTop retY=258 h=2560 t=258 trigger=291 getTriggerPosition=0
10-24 21:48:36.741 7948 7948 D TrayStateController: setUiState: 2 --> 0
10-24 21:48:36.741 4371 4371 D PeopleStripeManager: onVisibilityChanged : 1
10-24 21:48:36.741 4371 4371 D PeopleStripeVisibilityController: setHiddenEdgePanel enable=false
10-24 21:48:36.741 4371 4371 I PeopleStripeVisibilityController: isAllowPrivateNotifications : allowPrivateNotifications = true
10-24 21:48:36.741 4371 4371 I PeopleStripeVisibilityController: isShowNotification : showNotification = true
10-24 21:48:36.741 4371 4371 I PeopleStripeVisibilityController: getComputedTrayVisible : keyguardState = 2
10-24 21:48:36.741 4371 4371 I PeopleStripeVisibilityController: updateStripeVisible : State 2 visible = 1
10-24 21:48:36.741 4371 4371 I PeopleStripeManager: isExistVisibleHandler false
10-24 21:48:36.741 4371 4371 I PeopleStripeManager: showStripe Not exist noti handler.
10-24 21:48:36.741 4425 4425 I WfcConnectivityReceiver: onReceive(): action=ACTION_SCREEN_ON
10-24 21:48:36.761 3099 3099 I SurfaceFlinger: id=133 createSurf (67x588),1 flag=4, DocktailBar
10-24 21:48:36.761 7948 8007 D mali_winsys: new_window_surface returns 0x3000, [67x588]-format:1
10-24 21:48:36.771 7948 7948 D CocktailBarUiController: onCocktailBarStateChanged: flag=0x1 vis=1 bgType=0 showTimeout=-1 activate=true
10-24 21:48:36.781 28158 28158 E Zygote : v2
10-24 21:48:36.781 3520 4167 V WindowStateAnimator: Finishing drawing window Window{1ac2dd3 u0 d0 com.samsung.android.app.cocktailbarservice/com.samsung.android.app.cocktailbarservice.CocktailBarService}: mDrawState=DRAW_PENDING
10-24 21:48:36.781 28158 28158 I SELinux : Function: selinux_compare_spd_ram, index[1], SPD-policy is existed. and_ver=SEPF_SECMOBILE_6.0.1 ver=11
10-24 21:48:36.781 28158 28158 W SELinux : Function: selinux_compare_spd_ram, index[1], priority [2], priority version is VE=SEPF_SECMOBILE_6.0.1_0013
10-24 21:48:36.781 28158 28158 E Zygote : accessInfo : 0
10-24 21:48:36.781 3520 3520 I SurveyLogManager: mDeviceInfo.mScreen = true
10-24 21:48:36.791 3099 3099 D libEGL : eglInitialize EGLDisplay = 0x7fc6961138
10-24 21:48:36.791 9741 9741 I BeaconManager: BeaconManager.onReceive - receive Action : android.intent.action.SCREEN_ON
10-24 21:48:36.791 9741 9741 D BeaconManager: BeaconManager.onReceive - end
10-24 21:48:36.791 9741 9814 I BeaconManager: BeaconManager.BeaconManagerWorkHandler - BroadcastReceiver onReceive start
10-24 21:48:36.791 9741 9814 D BeaconManager: BeaconManager.mScreenObserver - action:android.intent.action.SCREEN_ON
10-24 21:48:36.791 9741 9814 D BeaconManager: AppControlManager.screenOnIntentReceived - start
10-24 21:48:36.791 9741 9814 D BeaconManager: AppControlManager.screenOnIntentReceived - end
10-24 21:48:36.791 9741 9814 D BeaconManager: EasySetupManager.screenOnIntentReceived - start
10-24 21:48:36.791 9741 9814 D BeaconManager: EasySetupManager.screenOnIntentReceived - end
10-24 21:48:36.791 9741 9814 D BeaconManager: BleScanHelper.screenOnIntentReceived - start
10-24 21:48:36.801 28158 28158 D TimaKeyStoreProvider: TimaSignature is unavailable
10-24 21:48:36.801 28158 28158 D ActivityThread: Added TimaKeyStore provider
10-24 21:48:36.811 9741 9814 D BeaconManager: BleScanHelper.mBroadcastReceiver - Action: android.intent.action.SCREEN_ON, user: 0
10-24 21:48:36.811 9741 9814 V BeaconManager: BleScanHelper.startBleScan - startBleScan
10-24 21:48:36.821 9741 9814 D BluetoothAdapter: STATE_BLE_ON
10-24 21:48:36.821 9741 9814 D BeaconManager: BleScanHelper.screenOnIntentReceived - end
10-24 21:48:36.821 9741 9814 I BeaconManager: BeaconManager.BeaconManagerWorkHandler - BroadcastReceiver onReceive end
10-24 21:48:36.821 9741 9815 D BeaconManager: BleScanHelper.MSG_CALL_START_LESCAN - ($)
10-24 21:48:36.821 9741 9815 D BluetoothAdapter: STATE_BLE_ON
10-24 21:48:36.821 9741 9815 D BluetoothAdapter: STATE_BLE_ON
10-24 21:48:36.821 9741 9815 D BluetoothAdapter: appoCount is = 0
10-24 21:48:36.821 9741 9815 I BeaconManager: BleScanHelper.directStopLeScan - call BleScanner.stopScan()
10-24 21:48:36.821 9741 9815 D BluetoothAdapter: STATE_BLE_ON
10-24 21:48:36.821 26846 26846 D [WeatherWidget(1177)] AutoRefreshReceiver: {[43EB1C024052B99D53E991930172379649066DCD71647E333617CD2172B02E4547A69946B15986BF4A90CB892D98C986CA06B6FBB39F3320D4896B1686C1745F66FE58A1B23DE04B25BF1E62D94488D4]}
10-24 21:48:36.821 26846 26846 D [WeatherWidget(1177)] AutoRefresh: {[8FD2E506F874D7163C71C5FD167729A3F1524692913D8374891649955E8C59A90C19ED8315B58731AC2FE7582D4006FA]}
10-24 21:48:36.821 9741 9815 D BluetoothAdapter: appoCount is = 0
10-24 21:48:36.821 9741 9815 D BluetoothAdapter: STATE_BLE_ON
10-24 21:48:36.821 9741 9815 D BluetoothLeScanner: Stop Scan
10-24 21:48:36.831 26846 26846 D [WeatherWidget(1177)] AutoRefresh: {[1BFF235D3430E49D4700F78142108F6D2CBDABAF2377351B369499A82B6914CB503CCE019BE50BA48D252A496DE5371B]}
10-24 21:48:36.831 13979 13979 E SamsungIME: invoke(): method is null
10-24 21:48:36.831 26846 26846 D [WeatherWidget(1177)] AutoRefresh: {[501D9E6E569F8ED5C56BF1D2BBF86C6549A6E381C7C864B9EDB7E2EAB54F066D785876881A5D2E90F042E00063FB391F]}
10-24 21:48:36.831 26846 26846 D [WeatherWidget(1177)] AutoRefresh: {[4A70D1833405F5D3C3C71B2E800AD133AADC46B06A02DAE0BEE82F07B239F424530E8F5B575B5194D0C9C5BDC11C34E2]}
10-24 21:48:36.831 26846 26846 D [WeatherWidget(1177)] AutoRefresh: {[52B3CC2655D87BB07C32C212110F5E8F671E5F9F3F45BCD00DD26EE894476480C9CA04F02A695D36C4FEC1B1C3C0374BF00CD263C67D7B199EA5EE0E5020FBDD]}
10-24 21:48:36.831 26846 26846 D [WeatherWidget(1177)] AutoRefresh: {[DAA3029AD21664020D6C01A02A23662F89B2D9E7ABD9E21ED7635870343A1D57F0A20CE7841F56EDFDDF26BE203E33A1]}
10-24 21:48:36.831 28158 28158 I InjectionManager: Inside getClassLibPath + mLibMap{0=, 1=}
10-24 21:48:36.831 28158 28158 I InjectionManager: Inside getClassLibPath caller
10-24 21:48:36.841 5755 5769 D BtGatt.GattService: [GSIM LOG]: getCallingProcessName: com.samsung.android.beaconmanager
10-24 21:48:36.841 5755 5769 D BtGatt.GattService: [GSIM LOG]: getCallingProcessName: com.samsung.android.beaconmanager
10-24 21:48:36.841 5755 5769 D BtGatt.GattService: stopScan() - queue size =1
10-24 21:48:36.841 5755 5971 E BtGatt.GattService: [GSIM LOG]: gsimLogHandler: com.samsung.android.beaconmanager, msg: MESSAGE_STOP_SCAN
10-24 21:48:36.841 5755 5971 D BtGatt.GattService: [GSIM LOG]: gsimLogHandler: prevDate: 24, currDate: 24
10-24 21:48:36.841 5755 5971 D BtGatt.GattService: [GSIM LOG]: updateScanTime: 0
10-24 21:48:36.841 5755 5971 D BtGatt.GattService: [GSIM LOG]: com.samsung.android.beaconmanager@Custom, R time : 254 => 254
10-24 21:48:36.841 5755 5971 D BtGatt.GattService: [GSIM LOG]: com.samsung.android.beaconmanager@Custom, A time : 254 => 254
10-24 21:48:36.841 5755 5971 D BtGatt.GattService: [GSIM LOG]: remove : com.samsung.android.beaconmanager at BLE_SCAN_ACTUAL_DB
10-24 21:48:36.841 5755 5971 D BtGatt.GattService: [GSIM LOG]: remove : com.samsung.android.beaconmanager at BLE_SCAN_REQUESTED_DB
10-24 21:48:36.841 7948 7948 D TrayStateTrigger: showTriggerView
10-24 21:48:36.841 28158 28158 W System : ClassLoader referenced unknown path: /system/priv-app/SmartManagerProvider/lib/arm64
10-24 21:48:36.841 5755 5940 D BtGatt.ScanManager: stop scan
10-24 21:48:36.841 5755 5940 D BtGatt.ScanManager: delete FilterIndex - 28
10-24 21:48:36.841 5755 10901 D BtGatt.GattService: unregisterClient() - clientIf=5
10-24 21:48:36.841 5755 5917 D BtGatt.GattService: onScanFilterParamsConfigured() - clientIf=5, status=0, action=1, availableSpace=29
10-24 21:48:36.841 5755 5917 D BtGatt.ScanManager: callback done for clientIf - 5 status - 0
10-24 21:48:36.841 5755 5940 D BtGatt.ScanManager: delete FilterIndex - 29
10-24 21:48:36.841 5755 5917 D BtGatt.GattService: onScanFilterParamsConfigured() - clientIf=5, status=0, action=1, availableSpace=30
10-24 21:48:36.841 5755 5917 D BtGatt.ScanManager: callback done for clientIf - 5 status - 0
10-24 21:48:36.851 5755 5940 D BtGatt.ScanManager: delete FilterIndex - 30
10-24 21:48:36.851 5755 5917 D BtGatt.GattService: onScanFilterParamsConfigured() - clientIf=5, status=0, action=1, availableSpace=31
10-24 21:48:36.851 5755 5917 D BtGatt.ScanManager: callback done for clientIf - 5 status - 0
10-24 21:48:36.851 5755 5940 D BtGatt.ScanManager: delete FilterIndex - 31
10-24 21:48:36.851 5755 5917 D BtGatt.GattService: onScanFilterParamsConfigured() - clientIf=5, status=0, action=1, availableSpace=32
10-24 21:48:36.851 5755 5917 D BtGatt.ScanManager: callback done for clientIf - 5 status - 0
10-24 21:48:36.851 5755 5940 D BtGatt.ScanManager: configureRegularScanParams() - queue=0
10-24 21:48:36.851 5755 5940 D BtGatt.ScanManager: configureRegularScanParams() - ScanSetting Scan mode=-2147483648 mLastConfiguredScanSetting=100
10-24 21:48:36.851 5755 5940 D BtGatt.ScanManager: configureRegularScanParams() - queue emtpy, scan stopped
10-24 21:48:36.851 26846 26846 D [WeatherWidget(1177)] WeatherScreenReceiver: {[AE44B1CAE710C9799F38EE823B33FC6F92A9C19BB921B49D1406D02974E87163A8B0430997E393CFB1B5A95DB10763CD692CFA270B828027C4CE8C7A80781DC8]}
10-24 21:48:36.851 26846 26846 D [WeatherWidget(1177)] WidgetCount: {[65C2FDBB08E09D2E8E78BEFE0D618279B9DC63D4CEF53B48C526943E4D500FBC]}
10-24 21:48:36.851 26846 26846 D [WeatherWidget(1177)] WidgetCount: {[51D05FFECDA2C35BD99FAAEAA7B9A3010D9284A6D928381A583BDA90BA7C2F53]}
10-24 21:48:36.851 26846 26846 D [WeatherWidget(1177)] WidgetCount: {[6CEC719F0A07787F8C223B192FCD4687C55ED1AD256D01CA79B528F9A8936DA2AEE8FCF34DEAE62C4F0012DD0AEA3C4D450DA911871FFB9B1B25866B258CE216]}
10-24 21:48:36.851 26846 26846 D [WeatherWidget(1177)] WidgetCount: {[29F12EEF03899EE7AFF5C26031AC6881D49E2751002F9BF9065215948B126C8B67A603081AFD7572E245036EFA4646822C52CA5D0A7E6FBB74AF4A20DEEE1ADB]}
10-24 21:48:36.851 26846 26846 D [WeatherWidget(1177)] WidgetCount: {[65C2FDBB08E09D2E8E78BEFE0D618279B9DC63D4CEF53B48C526943E4D500FBC]}
10-24 21:48:36.851 26846 26846 D [WeatherWidget(1177)] WidgetCount: {[51D05FFECDA2C35BD99FAAEAA7B9A3010D9284A6D928381A583BDA90BA7C2F53]}
10-24 21:48:36.861 26846 26846 D [WeatherWidget(1177)] WidgetCount: {[6CEC719F0A07787F8C223B192FCD4687C55ED1AD256D01CA79B528F9A8936DA2AEE8FCF34DEAE62C4F0012DD0AEA3C4D450DA911871FFB9B1B25866B258CE216]}
10-24 21:48:36.861 28158 28158 D InjectionManager: InjectionManager
10-24 21:48:36.861 28158 28158 D InjectionManager: fillFeatureStoreMap com.samsung.android.sm.provider
10-24 21:48:36.861 28158 28158 I InjectionManager: Constructor com.samsung.android.sm.provider, Feature store :{}
10-24 21:48:36.861 28158 28158 I InjectionManager: featureStore :{}
10-24 21:48:36.871 3099 3099 D libEGL : eglInitialize EGLDisplay = 0x7fc6961138
10-24 21:48:36.881 24965 24977 D ScoverManager: registerListener
10-24 21:48:36.881 3520 4850 D CoverManager.StateNotifier: registerListenerCallback : binder = android.os.BinderProxy@acf1492, pid : 24965, uid : 1000, type : 1
10-24 21:48:36.891 3520 4018 D InputReader: Input event(4): value=1 when=8256784105000
10-24 21:48:36.891 3520 4018 D InputReader: Input event(4): value=1 when=8256784105000
10-24 21:48:36.891 3520 4018 I InputReader: Touch event's action is 0x0 (deviceType=0) [pCnt=1, s=0.873 ] when=8256784105000
10-24 21:48:36.891 3520 4018 D InputReader: lastThreadEndTime = 8248933533723, currentThreadStartTime = 8248933538223, diff = 0
10-24 21:48:36.891 3520 4017 I InputDispatcher: Delivering touch to (4130): action: 0x0, toolType: 1
10-24 21:48:36.901 4130 4130 D ViewRootImpl: ViewPostImeInputStage processPointer 0
10-24 21:48:36.901 3520 4604 D SecContentProvider: query(), uri = 17 selection = isStatusBarExpansionallowedAsUser
10-24 21:48:36.911 26846 26846 D [WeatherWidget(1177)] WeatherService: {[F5837F4AEE74F4A0BE2DA219DB8493352EBD627C6D5014E0B61ACE8DC72C6D46]}
10-24 21:48:36.911 26846 26846 D [WeatherWidget(1177)] : {[3AE6950019B083611567B0F9442DB03E59646CBA355B4C260B75423E37A3701A]}
10-24 21:48:36.911 27441 27441 I SAAutoConnectionManager: Intent Action: android.intent.action.SCREEN_ON
10-24 21:48:36.921 26846 26846 D [WeatherWidget(1177)] WeatherService: {[48CD66D4E33F43394A666804FCDC537E25CA4CDC5CBFEDE61338593810C0930AD0BB28ECC321ED60B3798FFB002A14D0]}
10-24 21:48:36.931 26846 26846 D [WeatherWidget(1177)] WeatherAppWidget: {[9C41A2EAFAAB2EF4F8363256C22FE8ADE74F100B9CC487BE27E8F8A137E768022F3D75E4272B69C004B1ABF10C0F2210143AA65B58B0C7B8B0AA82129EA61300ACE1FEEB8AE1B3C007EB73257700FEB4C83357904C34359E6B7F99DFAFFAE5B5ED5A5635FC04D229F5EEB63A6D89559EBE95942ABBCB979FCA0BD97B1C2A838A]}
10-24 21:48:36.931 26846 26846 D [WeatherWidget(1177)] : {[DF00664B5BF2DD508EC3D0ADB8B43C9FB429631765284D8658CE62A4AFFAA963]}
10-24 21:48:36.931 26846 26846 D [WeatherWidget(1177)] : {[8BC4F3B493110DBD6F0E682919A52E45EEBFF2F5EC83AC7576193F51B7FF1E89C73D3EEE76FF8DB8BDEF4005430DD6C1D5018DDA8634665E4C9FF20F7A7C304BEB20B5D455371BD3331BE7A5AAD70ABE82797E3E81EC0F4C55756AE1C00D95E32C24D53A8A0BCE7AEBA27CDBA5AED431]}
10-24 21:48:36.941 9741 9815 I BeaconManager: BleScanHelper.startBleScan - Start filter Scan(SCREEN_ON)
10-24 21:48:36.941 9741 9815 D BluetoothLeScanner: Start Scan
10-24 21:48:36.941 9741 9815 D BluetoothAdapter: STATE_BLE_ON
10-24 21:48:36.951 9741 9815 D BluetoothAdapter: appoCount is = 0
10-24 21:48:36.951 9741 9815 D BluetoothAdapter: STATE_BLE_ON
10-24 21:48:36.951 9741 9815 D BluetoothAdapter: STATE_BLE_ON
10-24 21:48:36.951 9741 9815 D BluetoothAdapter: STATE_BLE_ON
10-24 21:48:36.951 9741 9815 D BluetoothAdapter: appoCount is = 0
10-24 21:48:36.951 5755 10900 D BtGatt.GattService: registerClient() - UUID=6b131058-b959-467b-85ee-744844d97d93
10-24 21:48:36.951 26846 26846 D [WeatherWidget(1177)] WeatherAppWidget2x1: {[9C41A2EAFAAB2EF4F8363256C22FE8ADA04FCBD72B20011CEA55C138FB3A3D66F64C504C885AD521D3CCD13C88A1CCAC789AD064D774182E9370C2BE9DB556EB2F99C00004D75F442AECE6D8039CC5189D3BD284936BF414FF83CD8A858FA4D19EEED3DC420CE7C673781F638E5D17846666D85B37C2E346C0C3312D4962453B]}
10-24 21:48:36.951 26846 26846 D [WeatherWidget(1177)] : {[AA0F1FFBE590A9EFC37054BD5EE30C3F13AAEFB0C1D46CFF1BAA5F3C6AC68B331A2EF1B485217118DBE54FFA6A88B711AC7C94EA741B05F20DACF9DE9722647F]}
10-24 21:48:36.951 3520 4018 D InputReader: Input event(4): value=0 when=8256847198000
10-24 21:48:36.951 3520 4018 D InputReader: Input event(4): value=0 when=8256847198000
10-24 21:48:36.951 3520 4018 I InputReader: Touch event's action is 0x1 (deviceType=0) [pCnt=1, s=] when=8256847198000
10-24 21:48:36.951 3520 4017 I InputDispatcher: Delivering touch to (4130): action: 0x1, toolType: 1
10-24 21:48:36.951 26846 26846 D [WeatherWidget(1177)] WeatherAppWidget2x1: {[9C41A2EAFAAB2EF4F8363256C22FE8AD3F774EDE4ACFA3CC8223BC71D76E977B96B3BCFD1276E8CF24AFD3DB50DA43E85E945DD3B143C5FEC8C321E6C65340CA]}
10-24 21:48:36.951 4130 4130 D ViewRootImpl: ViewPostImeInputStage processPointer 1
10-24 21:48:36.961 26846 26846 D [WeatherWidget(1177)] EasyWeatherAppWidget: {[48948B2BE5213A6D5B0C9B7747497512CAC38177609B2B6F1F16DB965D7D43410EDA2D444ACBA386E91E1FA6B3C38870128DD346C4D39F4B310AAEB16D5215E65B3E04A593E577F60D76D1932AD9EADD16B356DA517EF1B193C3C2443D58583FF4130EE2B5F5334C0BA0A0CCF7224CD6C07C390FD15A32A436637D0FACABFEA4]}
10-24 21:48:36.961 26846 26846 D [WeatherWidget(1177)] : {[AA0F1FFBE590A9EFC37054BD5EE30C3F13AAEFB0C1D46CFF1BAA5F3C6AC68B331A2EF1B485217118DBE54FFA6A88B711AC7C94EA741B05F20DACF9DE9722647F]}
10-24 21:48:36.961 26846 26846 D [WeatherWidget(1177)] EasyWeatherAppWidget: {[48948B2BE5213A6D5B0C9B7747497512D7646A5A57C4B1820BB1D39DF9F23EA3D05ADA26DF3F5FEC4FA6AFC9EED5963485B3863BE45B906B9F93E60E1BD5AC1F]}
10-24 21:48:36.961 3520 4533 V AudioService: AudioService playSoundEffect Type : 0, volume : -1.0
10-24 21:48:36.961 4130 4130 D StatusBar: Clicked on content of 0|com.google.android.gm|84315862|null|10140
10-24 21:48:36.961 3520 4061 V AudioService: received MSG_PLAY_SOUND_EFFECT onPlaySoundEffect start
10-24 21:48:36.961 3126 4063 I APM::AudioPolicyManager: getSituationVolume: isBTConnected:0 isHeadConnected:0
10-24 21:48:36.971 3126 3802 W AudioPolicyIntefaceImpl: Skipped to add effects on session 178
10-24 21:48:36.971 3126 3802 I APM::AudioPolicyManager: startOutput() output 4, stream 1, session 178
10-24 21:48:36.971 3520 8428 I SurveyLogManager: REASON : REASON_BY_CHARGING_TYPE_CHANGE
10-24 21:48:36.971 3520 8428 D SurveyLogging: app_id = com.android.server.ssrm, feature = CHAR, extra = {"SIOP":"0", "PST_TMP":"273", "BAT_TMP":"252", "CHG_TMP":"248", "PA_TMP":"225", "BAT_LV":"100", "BAT_CUR":"312", "RSSI":"-73", "RAD_DAT":"0", "WIFI_DAT":"89656", "BRI":"188", "CHR_TYPE":"2", "KNOX":"false", "SCRN":"true", "RAD":"2", "CALL":"false", "CF":"-1", "GF":"-1", "CG":"70", "TOP_PROC":"system_server", "TOP_USE":"16", "FOR_PKG":"com.android.contacts"}
10-24 21:48:36.981 3126 3796 D audio_hw_primary: out_set_parameters: enter: kvpairs: routing=2
10-24 21:48:36.981 3126 3796 D AudioFlinger: setCurDevice() 0x2
10-24 21:48:36.991 5755 5917 D BtGatt.GattService: onClientRegistered() - UUID=6b131058-b959-467b-85ee-744844d97d93, clientIf=5
10-24 21:48:36.991 3126 3796 V audio_hw_primary: start_output_stream+, out->device : 00000002 , out->type = 1
10-24 21:48:36.991 9741 9755 D BluetoothLeScanner: onClientRegistered() - status=0 clientIf=5
10-24 21:48:36.991 5755 5769 D BtGatt.GattService: start scan with filters
10-24 21:48:36.991 3126 3796 D audio_hw_primary: start_output_stream (0xf17eca80) out->pcm_device:6 out->config.rate:48000 out->config.format:0 out->period_size:240
10-24 21:48:36.991 3126 3796 D audio_hw_primary: start_output_stream (0xf17eca80) out->config.rate:48000 out->config.format:0 out->period_size:240
10-24 21:48:36.991 3126 3796 V audio_hw_primary: select_devices output_scenario:0 input_scenario:-1 out_snd_device 0x2 in_snd_device:0x0
10-24 21:48:36.991 3126 3796 I audio_hw_primary: select_devices - do not update mixer_path
10-24 21:48:36.991 3126 3796 V audio_hw_primary: start_output_stream-
10-24 21:48:37.001 5755 5769 D BluetoothAdapter: STATE_BLE_ON
10-24 21:48:37.001 5755 5769 D BluetoothAdapter: appoCount is = 0
10-24 21:48:37.001 5755 5769 D BluetoothAdapter: STATE_BLE_ON
10-24 21:48:37.001 5755 5769 D BtGatt.GattService: getScanSettings
10-24 21:48:37.001 5755 5769 D BtGatt.GattService: Is it foreground application = false
10-24 21:48:37.001 5755 5769 D BtGatt.GattService: Its a background application running with Low Power scan mode
10-24 21:48:37.001 5755 5769 D BtGatt.GattService: [GSIM LOG]: getActualScanMode (100/5 vs -2147483648/0)
10-24 21:48:37.001 5755 5769 D BtGatt.GattService: [GSIM LOG]: getCallingProcessName: com.samsung.android.beaconmanager
10-24 21:48:37.001 5755 5769 D BtGatt.GattService: [GSIM LOG]: getCallingProcessName: com.samsung.android.beaconmanager
10-24 21:48:37.001 5755 5971 E BtGatt.GattService: [GSIM LOG]: gsimLogHandler: com.samsung.android.beaconmanager, msg: MESSAGE_START_SCAN
10-24 21:48:37.001 5755 5971 D BtGatt.GattService: [GSIM LOG]: gsimLogHandler: prevDate: 24, currDate: 24
10-24 21:48:37.011 5755 5940 D BtGatt.ScanManager: handling starting scan
10-24 21:48:37.011 5755 5940 D BluetoothAdapter: STATE_BLE_ON
10-24 21:48:37.011 5755 5940 D BluetoothAdapter: STATE_BLE_ON
10-24 21:48:37.011 5755 5971 D BtGatt.GattService: [GSIM LOG]: increaseScanCount : com.samsung.android.beaconmanager : 20
10-24 21:48:37.011 5755 5971 D BtGatt.GattService: [GSIM LOG]: increaseScanCount : com.samsung.android.beaconmanager, com.samsung.android.beaconmanager
10-24 21:48:37.011 3135 3181 D Sensorhubs: readContextData: 1, 1, 26, 1, 1, 8, 64, 18, 0, 1
10-24 21:48:37.011 3520 4008 D SensorHubManager: onGetSensorHubDataLocked: library(10) = 1, 1, 26, 1, 1, 8, 64, 18, 0, 1
10-24 21:48:37.011 3520 4007 D CAE : onGetSensorHubData(SensorHubParserProvider.java:92) - onGetSensorHubData Event [event buffer len :10], AP_WAKEUP
10-24 21:48:37.011 3520 4007 I CAE : parse(SensorHubParserProvider.java:188) - buffer size = 10
10-24 21:48:37.011 3520 4007 I CAE : parse(SensorHubParserProvider.java:199) - 1, 1, 26, 1, 1, 8, 64, 18, 0, 1,
10-24 21:48:37.011 3520 4007 D CAE : display(ContextProvider.java:375) - ================= ACTIVITY_TRACKER =================
10-24 21:48:37.011 3520 4007 I CAE : display(ContextProvider.java:391) - Accuracy=[1], OperationMode=[0], ActivityType=[0], TimeStamp=[1477370917018]
10-24 21:48:37.011 3520 4010 D SContextService: updateSContext() : event = Activity Tracker
10-24 21:48:37.011 5755 5940 D BluetoothAdapter: appoCount is = 0
10-24 21:48:37.011 5755 5940 D BluetoothAdapter: STATE_BLE_ON
10-24 21:48:37.011 5755 5940 D BluetoothAdapter: STATE_BLE_ON
10-24 21:48:37.011 5755 5971 D BtGatt.GattService: [GSIM LOG]: increaseScanCount 4 Battery : com.samsung.android.beaconmanager : 493
10-24 21:48:37.011 5755 5940 D BluetoothAdapter: appoCount is = 0
10-24 21:48:37.011 5755 5971 D BtGatt.GattService: [GSIM LOG]: setScanTime : com.samsung.android.beaconmanager : 24622848
10-24 21:48:37.011 5755 5971 D BtGatt.GattService: [GSIM LOG]: setRequestedScanType : com.samsung.android.beaconmanager : 100
10-24 21:48:37.021 5755 5940 D BluetoothAdapter: STATE_BLE_ON
10-24 21:48:37.021 5755 5971 D BtGatt.GattService: [GSIM LOG]: setActualScanType : com.samsung.android.beaconmanager : 100
10-24 21:48:37.021 5755 5971 D BtGatt.GattService: [GSIM LOG]: updateScanTime: 0
10-24 21:48:37.021 5755 5971 D BtGatt.GattService: [GSIM LOG]: com.samsung.android.beaconmanager@Custom, R time : 254 => 254
10-24 21:48:37.021 5755 5971 D BtGatt.GattService: [GSIM LOG]: com.samsung.android.beaconmanager@Custom, A time : 254 => 254
10-24 21:48:37.021 5755 5971 D BtGatt.GattService: [GSIM LOG]: updateScanTime: 0
10-24 21:48:37.021 5755 5971 D BtGatt.GattService: [GSIM LOG]: com.samsung.android.beaconmanager@Custom, R time : 254 => 254
10-24 21:48:37.021 5755 5971 D BtGatt.GattService: [GSIM LOG]: com.samsung.android.beaconmanager@Custom, A time : 254 => 254
10-24 21:48:37.021 5755 5971 D BtGatt.GattService: [GSIM LOG]: setActualScanType : com.samsung.android.beaconmanager : 100
10-24 21:48:37.021 5755 5971 D BtGatt.GattService: [GSIM LOG]: updateScanTime: 0
10-24 21:48:37.021 5755 5971 D BtGatt.GattService: [GSIM LOG]: com.samsung.android.beaconmanager@Custom, R time : 254 => 254
10-24 21:48:37.021 5755 5971 D BtGatt.GattService: [GSIM LOG]: com.samsung.android.beaconmanager@Custom, A time : 254 => 254
10-24 21:48:37.021 5755 5971 D BtGatt.GattService: [GSIM LOG]: setScanTime : com.samsung.android.beaconmanager : 24622848
10-24 21:48:37.021 5755 5940 D BluetoothAdapter: STATE_BLE_ON
10-24 21:48:37.021 5755 5940 D BluetoothAdapter: appoCount is = 0
10-24 21:48:37.021 5755 5917 D BtGatt.GattService: onScanFilterEnableDisabled() - clientIf=5, status=0, action=1
10-24 21:48:37.021 5755 5917 D BtGatt.ScanManager: callback done for clientIf - 5 status - 0
10-24 21:48:37.021 5755 5940 D BtGatt.ScanManager: set filter index= 3 for clientIf= 5
10-24 21:48:37.021 5755 5940 D BtGatt.ScanManager: addFilterToController: 5
10-24 21:48:37.021 5755 5917 D BtGatt.GattService: onScanFilterConfig() - clientIf=5, action = 0 status = 0, filterType=5, availableSpace=47
10-24 21:48:37.021 5755 5917 D BtGatt.ScanManager: callback done for clientIf - 5 status - 0
10-24 21:48:37.021 5755 5940 D BtGatt.ScanManager: High Rssi Filter value is = -128
10-24 21:48:37.021 5755 5940 D BtGatt.ScanManager: Low Rssi Filter value is = -128
10-24 21:48:37.021 5755 5940 D BtGatt.ScanManager: configureFilterParamter 500 10000 1 0highRssiThreshold = -128lowRssiThreshold = -128matchmode is =1
10-24 21:48:37.021 5755 5917 D BtGatt.GattService: onScanFilterParamsConfigured() - clientIf=5, status=0, action=0, availableSpace=31
10-24 21:48:37.021 5755 5917 D BtGatt.ScanManager: callback done for clientIf - 5 status - 0
10-24 21:48:37.021 5755 5940 D BtGatt.ScanManager: set filter index= 4 for clientIf= 5
10-24 21:48:37.021 5755 5940 D BtGatt.ScanManager: addFilterToController: 5
10-24 21:48:37.021 5755 5917 D BtGatt.GattService: onScanFilterConfig() - clientIf=5, action = 0 status = 0, filterType=5, availableSpace=46
10-24 21:48:37.021 5755 5917 D BtGatt.ScanManager: callback done for clientIf - 5 status - 0
10-24 21:48:37.021 5755 5940 D BtGatt.ScanManager: High Rssi Filter value is = -128
10-24 21:48:37.021 5755 5940 D BtGatt.ScanManager: Low Rssi Filter value is = -128
10-24 21:48:37.021 5755 5940 D BtGatt.ScanManager: configureFilterParamter 500 10000 1 0highRssiThreshold = -128lowRssiThreshold = -128matchmode is =1
10-24 21:48:37.031 5755 5917 D BtGatt.GattService: onScanFilterParamsConfigured() - clientIf=5, status=0, action=0, availableSpace=30
10-24 21:48:37.031 5755 5917 D BtGatt.ScanManager: callback done for clientIf - 5 status - 0
10-24 21:48:37.031 5755 5940 D BtGatt.ScanManager: set filter index= 5 for clientIf= 5
10-24 21:48:37.031 5755 5940 D BtGatt.ScanManager: addFilterToController: 5
10-24 21:48:37.031 5755 5917 D BtGatt.GattService: onScanFilterConfig() - clientIf=5, action = 0 status = 0, filterType=5, availableSpace=45
10-24 21:48:37.031 5755 5917 D BtGatt.ScanManager: callback done for clientIf - 5 status - 0
10-24 21:48:37.031 5755 5940 D BtGatt.ScanManager: High Rssi Filter value is = -128
10-24 21:48:37.031 5755 5940 D BtGatt.ScanManager: Low Rssi Filter value is = -128
10-24 21:48:37.031 5755 5940 D BtGatt.ScanManager: configureFilterParamter 500 10000 1 0highRssiThreshold = -128lowRssiThreshold = -128matchmode is =1
10-24 21:48:37.031 5755 5917 D BtGatt.GattService: onScanFilterParamsConfigured() - clientIf=5, status=0, action=0, availableSpace=29
10-24 21:48:37.031 5755 5917 D BtGatt.ScanManager: callback done for clientIf - 5 status - 0
10-24 21:48:37.031 5755 5940 D BtGatt.ScanManager: set filter index= 6 for clientIf= 5
10-24 21:48:37.031 5755 5940 D BtGatt.ScanManager: addFilterToController: 5
10-24 21:48:37.031 5755 5917 D BtGatt.GattService: onScanFilterConfig() - clientIf=5, action = 0 status = 0, filterType=5, availableSpace=44
10-24 21:48:37.031 5755 5917 D BtGatt.ScanManager: callback done for clientIf - 5 status - 0
10-24 21:48:37.031 5755 5940 D BtGatt.ScanManager: High Rssi Filter value is = -128
10-24 21:48:37.031 5755 5940 D BtGatt.ScanManager: Low Rssi Filter value is = -128
10-24 21:48:37.031 5755 5940 D BtGatt.ScanManager: configureFilterParamter 500 10000 1 0highRssiThreshold = -128lowRssiThreshold = -128matchmode is =1
10-24 21:48:37.031 5755 5917 D BtGatt.GattService: onScanFilterParamsConfigured() - clientIf=5, status=0, action=0, availableSpace=28
10-24 21:48:37.031 5755 5917 D BtGatt.ScanManager: callback done for clientIf - 5 status - 0
10-24 21:48:37.031 5755 5940 D BtGatt.ScanManager: configureRegularScanParams() - queue=1
10-24 21:48:37.031 5755 5940 I BtGatt.ScanManager: custom scan scanMode = 100
10-24 21:48:37.031 5755 5940 I BtGatt.ScanManager: New scan mode custom scan scanInterval = 3120scanWindow = 160
10-24 21:48:37.031 5755 5940 E BtGatt.ScanManager: default value of curScanSetting 0 is choosen
10-24 21:48:37.031 5755 5940 I BtGatt.ScanManager: newScanMode = 5newcurScanSetting = 0
10-24 21:48:37.031 5755 5940 I BtGatt.ScanManager: comparing = 5 with = 0
10-24 21:48:37.031 5755 5940 D BtGatt.ScanManager: configureRegularScanParams() - ScanSetting Scan mode=100 mLastConfiguredScanSetting=-2147483648
10-24 21:48:37.031 5755 5940 D BtGatt.ScanManager: configureRegularScanParams - scanInterval = 4992configureRegularScanParams - scanWindow = 256
10-24 21:48:37.031 5755 5917 D BtGatt.GattService: onScanParamSetupCompleted() status=0, clientIf=5
10-24 21:48:37.031 5755 5917 D BtGatt.GattService: onScanParamSetupCompleted : 0
10-24 21:48:37.101 3126 3677 I APM::AudioPolicyManager: stopOutput() output 4, stream 1, session 178
10-24 21:48:37.171 28114 28155 E MTPJNIInterface: Status for mount/Unmount :unknown
10-24 21:48:37.171 28114 28155 E MTPJNIInterface: SDcard is not available
10-24 21:48:37.181 3520 3530 I art : Background partial concurrent mark sweep GC freed 175534(11MB) AllocSpace objects, 65(1980KB) LOS objects, 25% free, 46MB/62MB, paused 1.891ms total 193.951ms
10-24 21:48:37.181 28114 28155 E MTPJNIInterface: Status for mount/Unmount :unknown
10-24 21:48:37.181 28114 28155 E MTPJNIInterface: SDcard is not available
10-24 21:48:37.181 28114 28155 E SQLiteLog: (21) API call with NULL database connection pointer
10-24 21:48:37.181 28114 28155 E SQLiteLog: (21) misuse at line 107734 of [2ef4f3a5b1]
10-24 21:48:37.181 28114 28155 E SQLiteLog: (21) API call with NULL database connection pointer
10-24 21:48:37.181 28114 28155 E SQLiteLog: (21) misuse at line 102845 of [2ef4f3a5b1]
10-24 21:48:37.181 28114 28155 E SQLiteLog: (21) API call with NULL database connection pointer
10-24 21:48:37.181 28114 28155 E SQLiteLog: (21) misuse at line 102845 of [2ef4f3a5b1]
10-24 21:48:37.181 28114 28155 E SQLiteLog: (21) API call with NULL database connection pointer
10-24 21:48:37.181 28114 28155 E SQLiteLog: (21) misuse at line 107734 of [2ef4f3a5b1]
10-24 21:48:37.181 28114 28114 W MTPRx : notification from stack 2
10-24 21:48:37.181 28114 28174 D : [mtp_init_device] Library open with 64 bits.
10-24 21:48:37.181 28114 28174 D : [mtp_init_device] Going to open(): /dev/usb_mtp_gadget
10-24 21:48:37.181 28114 28174 E : [mtp_init_device 733] After open the MTP fd = 25 and line = 733...
10-24 21:48:37.181 28114 28174 D : [mtp_init_device] IOCTL SET_MTP_USER_PID Sucesss
10-24 21:48:37.181 28114 28174 E : [sua_support_present:1325] returning false
10-24 21:48:37.181 28114 28174 D : *****Starting mtp_io()
10-24 21:48:37.181 28114 28114 W MTPRx : notification from stack 3
10-24 21:48:37.181 28114 28174 D : [mtp_start_io] source_thread Creation
10-24 21:48:37.181 28114 28174 D : [mtp_start_io] sink_thread Creation
10-24 21:48:37.181 28114 28174 D : [mtp_start_io:407] sink thread created so set th_sink
10-24 21:48:37.181 28114 28114 W MTPRx : notification from stack 14
10-24 21:48:37.181 28114 28114 E MTPRx : Open session has come remove the Message false
10-24 21:48:37.191 28114 28114 V MtpMediaDBManager: inside isExistGUID resulttrue
10-24 21:48:37.191 28114 28114 W MTPRx : Phone is already authorized.
10-24 21:48:37.191 28114 28114 W MTPRx : Phone is unlocked.
10-24 21:48:37.191 28114 28114 E MTPJNIInterface: noti = 13
10-24 21:48:37.201 28114 28114 E MTPRx : in startDBupdate
10-24 21:48:37.201 28114 28114 W MTPRx : notification from stack 3
10-24 21:48:37.201 28114 28182 V MtpMediaDBManager: inside deleteFilesTable
10-24 21:48:37.201 28114 28175 E SQLiteLog: (1) no such table: system
10-24 21:48:37.201 28114 28175 E SQLiteLog: (1) no such table: global
10-24 21:48:37.211 28114 28182 V MtpMediaDBManager: inside Thread updateFilesTable
10-24 21:48:37.211 28114 28175 E MTPJNIInterface: Value of device_name is Galaxy S6 edge+
10-24 21:48:37.221 28114 28182 E MtpMediaDBManager: count : 202
10-24 21:48:37.241 28114 28182 E MtpMediaDBManager: Index 0 requested, with a size of 0
10-24 21:48:37.241 28114 28182 E MtpMediaDBManager: Index 0 requested, with a size of 0
10-24 21:48:37.251 28114 28182 E MtpMediaDBManager: Index 0 requested, with a size of 0
10-24 21:48:37.251 28114 28182 E MtpMediaDBManager: Index 0 requested, with a size of 0
10-24 21:48:37.251 28114 28182 E MtpMediaDBManager: Index 0 requested, with a size of 0
10-24 21:48:37.261 28114 28182 E MtpMediaDBManager: Index 0 requested, with a size of 0
10-24 21:48:37.261 28114 28182 E MtpMediaDBManager: Index 0 requested, with a size of 0
10-24 21:48:37.261 28114 28182 E MtpMediaDBManager: Index 0 requested, with a size of 0
10-24 21:48:37.271 28114 28182 E MtpMediaDBManager: Index 0 requested, with a size of 0
10-24 21:48:37.271 28114 28182 E MtpMediaDBManager: Index 0 requested, with a size of 0
10-24 21:48:37.281 28114 28182 E MtpMediaDBManager: Index 0 requested, with a size of 0
10-24 21:48:37.281 28114 28182 E MtpMediaDBManager: Index 0 requested, with a size of 0
10-24 21:48:37.291 28114 28182 E MtpMediaDBManager: Index 0 requested, with a size of 0
10-24 21:48:37.291 28114 28182 E MtpMediaDBManager: Index 0 requested, with a size of 0
10-24 21:48:37.291 28114 28182 E MtpMediaDBManager: Index 0 requested, with a size of 0
10-24 21:48:37.301 28114 28182 E MtpMediaDBManager: Index 0 requested, with a size of 0
10-24 21:48:37.301 28114 28182 E MtpMediaDBManager: Index 0 requested, with a size of 0
10-24 21:48:37.311 28114 28182 E MtpMediaDBManager: Index 0 requested, with a size of 0
10-24 21:48:37.311 28114 28182 E MtpMediaDBManager: Index 0 requested, with a size of 0
10-24 21:48:37.311 3135 3181 D Sensorhubs: readContextData: 1, 1, 26, 1, 1, 8, 65, 62, 0, 0
10-24 21:48:37.311 3520 4008 D SensorHubManager: onGetSensorHubDataLocked: library(10) = 1, 1, 26, 1, 1, 8, 65, 62, 0, 0
10-24 21:48:37.311 3520 4007 D CAE : onGetSensorHubData(SensorHubParserProvider.java:92) - onGetSensorHubData Event [event buffer len :10], AP_WAKEUP
10-24 21:48:37.311 3520 4007 I CAE : parse(SensorHubParserProvider.java:188) - buffer size = 10
10-24 21:48:37.311 3520 4007 I CAE : parse(SensorHubParserProvider.java:199) - 1, 1, 26, 1, 1, 8, 65, 62, 0, 0,
10-24 21:48:37.311 3520 4007 D CAE : display(ContextProvider.java:375) - ================= ACTIVITY_TRACKER =================
10-24 21:48:37.311 3520 4007 I CAE : display(ContextProvider.java:391) - Accuracy=[0], OperationMode=[0], ActivityType=[0], TimeStamp=[1477370917317]
10-24 21:48:37.311 3520 4010 D SContextService: updateSContext() : event = Activity Tracker
10-24 21:48:37.311 28114 28182 E MtpMediaDBManager: Index 0 requested, with a size of 0
10-24 21:48:37.321 28114 28182 E MtpMediaDBManager: Index 0 requested, with a size of 0
10-24 21:48:37.331 28114 28182 W MtpMediaDBManager: sending db update complete noti to stack
10-24 21:48:37.331 28114 28182 E MTPJNIInterface: noti = 29
10-24 21:48:37.361 4574 4612 D ContactsProvider_EventLog: contents_sample_state: [ contacts(4) data(27) accounts({com.google (2)=4}) accounts deleted({}) calls([]) ]
10-24 21:48:37.361 4574 4612 D ContactsProvider_EventLog: contents_sample_state: [ agr({[2]=4}) ]
10-24 21:48:37.371 4130 4130 D PowerUI.ChargerAnimationView: Animation is running
10-24 21:48:37.431 3135 3181 D Sensorhubs: readContextData: 1, 1, 7, -1
10-24 21:48:37.431 3520 4008 D SensorHubManager: onGetSensorHubDataLocked: library(4) = 1, 1, 7, -1
10-24 21:48:37.431 3520 4007 D CAE : onGetSensorHubData(SensorHubParserProvider.java:92) - onGetSensorHubData Event [event buffer len :4], AP_WAKEUP
10-24 21:48:37.431 3520 4007 I CAE : parse(SensorHubParserProvider.java:188) - buffer size = 4
10-24 21:48:37.431 3520 4007 I CAE : parse(SensorHubParserProvider.java:199) - 1, 1, 7, -1,
10-24 21:48:37.431 3520 4007 D CAE : display(ContextProvider.java:375) - ================= AUTO_ROTATION =================
10-24 21:48:37.431 3520 4007 I CAE : display(ContextProvider.java:391) - Angle=[-1]
10-24 21:48:37.431 3520 4010 D SContextService: updateSContext() : event = Auto Rotation
10-24 21:48:37.481 4130 4130 D PowerUI.ChargerAnimationView: Animation stop
10-24 21:48:37.511 3099 4021 D libEGL : eglTerminate EGLDisplay = 0x7f8d6fee78
10-24 21:48:37.511 3099 4021 D libEGL : eglTerminate EGLDisplay = 0x7f8d6fee78
10-24 21:48:37.511 3520 5770 D ApplicationPolicy: isStatusBarNotificationAllowedAsUser: packageName = com.android.systemui,userId = -1
10-24 21:48:37.521 3520 4018 D InputReader: Input event(4): value=1 when=8257410896000
10-24 21:48:37.521 3520 4018 D InputReader: Input event(4): value=1 when=8257410896000
10-24 21:48:37.521 3520 4018 I InputReader: Touch event's action is 0x0 (deviceType=0) [pCnt=1, s=0.874 ] when=8257410896000
10-24 21:48:37.521 3520 4018 D InputReader: lastThreadEndTime = 8256847343018, currentThreadStartTime = 8256847345185, diff = 0
10-24 21:48:37.521 3520 4017 I InputDispatcher: Delivering touch to (4130): action: 0x0, toolType: 1
10-24 21:48:37.521 3099 3289 I SurfaceFlinger: id=132 Removed (9/17)
10-24 21:48:37.521 3099 4634 I SurfaceFlinger: id=132 Removed (-2/17)
10-24 21:48:37.521 4346 4362 D CatchNotificationsService: onNotificationPosted
10-24 21:48:37.521 4130 4130 D ViewRootImpl: ViewPostImeInputStage processPointer 0
10-24 21:48:37.521 3520 4533 D SecContentProvider: query(), uri = 17 selection = isStatusBarExpansionallowedAsUser
10-24 21:48:37.531 4130 4130 D KeyguardSwipeHelper: event=MotionEvent { action=ACTION_DOWN, actionButton=0, id[0]=0, x[0]=476.0, y[0]=1581.0, toolType[0]=TOOL_TYPE_FINGER, buttonState=0, metaState=0, flags=0x1, edgeFlags=0x0, pointerCount=1, historySize=0, eventTime=8257410, downTime=8257410, deviceId=4, source=0x1002 }
10-24 21:48:37.531 4130 4130 D KeyguardUnlockEventHandler: mIsUnlockStarted - false
10-24 21:48:37.531 4130 4130 D KeyguardSwipeHelper: onUnlockViewPressed()
10-24 21:48:37.531 4130 4130 D ViewRootImpl: #3 mView = null
10-24 21:48:37.531 26793 26804 D BadgeProvider: query, [selection] : null
10-24 21:48:37.531 3099 3099 D libEGL : eglTerminate EGLDisplay = 0x7fc6961268
10-24 21:48:37.541 4346 4362 E CatchNotificationsService: Invalid notification data
10-24 21:48:37.551 4130 4130 D KnoxNotification: ----- inflateViews : modified publicViewLocal -----
10-24 21:48:37.551 4130 4130 D KnoxNotification: ----- inflateViews : modified KnoxViewLocal -----
10-24 21:48:37.561 4130 4130 D PhoneStatusBar: setAreThereNotifications: N=4 any=true clearable=true
10-24 21:48:37.561 4130 4130 D KeyguardUnlockEventHandler: mIsUnlockStarted - false
10-24 21:48:37.571 4130 4130 D KeyguardUnlockEventHandler: mIsUnlockStarted - false
10-24 21:48:37.581 4130 4130 D KeyguardUnlockEventHandler: mIsUnlockStarted - false
10-24 21:48:37.601 4130 4130 D KeyguardUnlockEventHandler: mIsUnlockStarted - false
10-24 21:48:37.621 4130 4130 D KeyguardUnlockEventHandler: mIsUnlockStarted - false
10-24 21:48:37.631 4130 4130 D KeyguardUnlockEventHandler: mIsUnlockStarted - false
10-24 21:48:37.641 3520 4089 D lights : button : 0 +
10-24 21:48:37.651 4130 4130 D KeyguardUnlockEventHandler: mIsUnlockStarted - false
10-24 21:48:37.671 4130 4130 D KeyguardUnlockEventHandler: mIsUnlockStarted - false
10-24 21:48:37.671 3135 3181 D Sensorhubs: readContextData: 1, 1, 26, 1, 1, 8, 66, -90, 1, 0
10-24 21:48:37.671 3520 4008 D SensorHubManager: onGetSensorHubDataLocked: library(10) = 1, 1, 26, 1, 1, 8, 66, -90, 1, 0
10-24 21:48:37.671 3520 4007 D CAE : onGetSensorHubData(SensorHubParserProvider.java:92) - onGetSensorHubData Event [event buffer len :10], AP_WAKEUP
10-24 21:48:37.671 3520 4007 I CAE : parse(SensorHubParserProvider.java:188) - buffer size = 10
10-24 21:48:37.671 3520 4007 I CAE : parse(SensorHubParserProvider.java:199) - 1, 1, 26, 1, 1, 8, 66, -90, 1, 0,
10-24 21:48:37.671 3520 4007 D CAE : display(ContextProvider.java:375) - ================= ACTIVITY_TRACKER =================
10-24 21:48:37.671 3520 4007 I CAE : display(ContextProvider.java:391) - Accuracy=[0], OperationMode=[0], ActivityType=[1], TimeStamp=[1477370917679]
10-24 21:48:37.671 3520 4010 D SContextService: updateSContext() : event = Activity Tracker
10-24 21:48:37.681 3520 4089 D lights : button : 0 -
10-24 21:48:37.681 4130 4130 D KeyguardUnlockEventHandler: mIsUnlockStarted - false
10-24 21:48:37.701 4130 4130 D KeyguardUnlockEventHandler: mIsUnlockStarted - false
10-24 21:48:37.721 4130 4130 D KeyguardUnlockEventHandler: mIsUnlockStarted - false
10-24 21:48:37.731 4130 4130 D KeyguardUnlockEventHandler: mIsUnlockStarted - false
10-24 21:48:37.741 3520 4018 D InputReader: Input event(4): value=0 when=8257633547000
10-24 21:48:37.741 3520 4018 D InputReader: Input event(4): value=0 when=8257633547000
10-24 21:48:37.741 3520 4018 I InputReader: Touch event's action is 0x1 (deviceType=0) [pCnt=1, s=] when=8257633547000
10-24 21:48:37.741 3520 4017 I InputDispatcher: Delivering touch to (4130): action: 0x1, toolType: 1
10-24 21:48:37.741 4130 4130 D KeyguardUnlockEventHandler: mIsUnlockStarted - false
10-24 21:48:37.741 4130 4130 D ViewRootImpl: ViewPostImeInputStage processPointer 1
10-24 21:48:37.741 4130 4130 D KeyguardSwipeHelper: event=MotionEvent { action=ACTION_UP, actionButton=0, id[0]=0, x[0]=1309.0, y[0]=1582.0, toolType[0]=TOOL_TYPE_FINGER, buttonState=0, metaState=0, flags=0x1, edgeFlags=0x0, pointerCount=1, historySize=0, eventTime=8257633, downTime=8257410, deviceId=4, source=0x1002 }
10-24 21:48:37.741 4130 4130 D KeyguardUnlockEventHandler: mIsUnlockStarted - false
10-24 21:48:37.741 4130 4130 D KeyguardSwipeHelper: onUnlockViewReleased()
10-24 21:48:37.741 4130 4130 D KeyguardUnlockEventHandler: ACTION_UP mDistance: 833.0006002398798
10-24 21:48:37.741 4130 4130 D KeyguardEffectViewWallpaper: handleUnlock()
10-24 21:48:37.741 4130 4130 D KeyguardUnlockEventHandler: launch() - mIsKeyguardDismissing=false, isDeviceInteractive=true
10-24 21:48:37.741 4130 4130 D KeyguardSwipeHelper: onUnlockExecuted() mUnlockExecuted=false, mUnlockViewPressed=false
10-24 21:48:37.741 4130 4130 D KeyguardSwipeHelper: startAnimationAndUnlock() alpha=0.0, wallpaperType=1
10-24 21:48:37.741 4130 4130 D PanelView: callback makeExpandedInvisible executed
10-24 21:48:37.741 4130 4130 D PhoneStatusBar: makeExpandedInvisible: mExpandedVisible=true, state = 1
10-24 21:48:37.741 4130 4130 D PanelView: updateQsState
10-24 21:48:37.741 4130 4130 D KeyguardSwipeHelper: reset()
10-24 21:48:37.741 4130 4130 D KeyguardUnlockEventHandler: reset()
10-24 21:48:37.741 4130 4130 D KeyguardSwipeHelper: resetChildViewVI()
10-24 21:48:37.751 4130 4130 D StatusBar-Window: fnf=false sanc=true, kni=false, sbf=true
10-24 21:48:37.751 4130 4130 D CoverUI : applyFocusableFlag() : Remove SAMSUNG_FLAG_SVIEW_COVER
10-24 21:48:37.751 4130 4130 D StatusBarWindowManager: forceCollapsed : false isKeyguardShowingAndNotOccluded() : true panelVisible : true keyguardFadingAway : false bouncerShowing : false headsUpShowing : false
10-24 21:48:37.751 4130 4130 D CoverUI : applyHeight h = -1, oc = true, fa = false, ac = false, sc = false
10-24 21:48:37.751 7948 7948 I TrayVisibilityController: TrayStateVisibilityReceiver action :com.samsung.systemui.statusbar.COLLAPSED
10-24 21:48:37.751 4130 4130 D StatusBar-Window: fnf=false sanc=true, kni=false, sbf=false
10-24 21:48:37.751 4130 4130 D CoverUI : applyFocusableFlag() : Remove SAMSUNG_FLAG_SVIEW_COVER
