10-24 21:48:29.301 3520 4010 D SContextService: updateSContext() : event = Auto Brightness
10-24 21:48:29.311 3520 3520 D CAE : doCommendProcess(ContextAwareService.java:433) - complete notify the operation result.
10-24 21:48:29.311 3520 3520 I CAE : displayUsedCountForService(ContextAwareService.java:525) - totalCnt = 1, serviceCount = 1, subCollectionCount = 0
10-24 21:48:29.311 3520 3520 D CAE : showListenerList(ContextAwareService.java:366) - ===== Context Aware Service List =====
10-24 21:48:29.321 3520 3520 I CAE : showListenerList(ContextAwareService.java:375) - Listener : com.samsung.android.contextaware.manager.ContextAwareService$Listener@d9ba157, Service : ACTIVITY_TRACKER_CURRENT_INFO(1)
10-24 21:48:29.321 3520 3520 I CAE : showListenerList(ContextAwareService.java:375) - Listener : com.samsung.android.contextaware.manager.ContextAwareService$Listener@d9ba157, Service : ACTIVITY_TRACKER(1)
10-24 21:48:29.321 3520 3520 I CAE : showListenerList(ContextAwareService.java:375) - Listener : com.samsung.android.contextaware.manager.ContextAwareService$Listener@312f78, Service : ANY_MOTION_DETECTOR_RUNNER(1)
10-24 21:48:29.321 3520 3520 I CAE : showListenerList(ContextAwareService.java:375) - Listener : com.samsung.android.contextaware.manager.ContextAwareService$Listener@2583b05, Service : AUTO_BRIGHTNESS(1)
10-24 21:48:29.321 3520 3520 W CAE : registerCallback(ContextAwareService.java:180) - [regi 02] Mutex is unlocked for ACTIVITY_TRACKER
10-24 21:48:29.321 3520 3520 D SContextService: .registerCallback : 3, client=
10-24 21:48:29.321 3520 3520 D SContextService: ===== SContext Service List =====
10-24 21:48:29.321 3520 3520 D SContextService: Listener : android.hardware.scontext.SContextService$Listener@63ed7b7, Service : Any Motion Detector
10-24 21:48:29.321 3520 3520 D SContextService: Listener : android.hardware.scontext.SContextService$Listener@c6ad75a, Service : Auto Brightness
10-24 21:48:29.321 3520 3520 D SContextService: Listener : android.hardware.scontext.SContextService$Listener@26f0f26, Service : Activity Tracker
10-24 21:48:29.321 3520 3520 D SContextManager: .registerListener : listener = com.android.server.wifi.WifiServiceImpl$11@ba68281, service=Activity Tracker
10-24 21:48:29.321 3520 3520 W CAE : getContextInfo(ContextAwareService.java:457) - [getContext 01] Mutex is locked for ACTIVITY_TRACKER_CURRENT_INFO
10-24 21:48:29.321 3520 3520 V CAE : enable(ActivityTrackerCurrentInfoRunner.java:178)
10-24 21:48:29.321 3520 3520 V CAE : clear(ActivityTrackerCurrentInfoRunner.java:202)
10-24 21:48:29.321 3520 3520 I CAE : sendCmdToSensorHub(SensorHubCommManager.java:162) - -72, 26, 1, 0,
10-24 21:48:29.321 3520 3520 D SensorHubManager: SendSensorHubData: send data = -72, 26, 1, 0
10-24 21:48:29.321 3135 3135 D Sensorhubs: sendContextData: -72, 26, 1, 0
10-24 21:48:29.321 3520 3520 D CAE : getFaultDetectionResult(ActivityTrackerCurrentInfoRunner.java:214) - true
10-24 21:48:29.321 3520 3520 I CAE : notifyCmdProcessResultObserver(ContextProvider.java:627) - CheckResult = 0, Cause = Success
10-24 21:48:29.331 3520 3612 D SurfaceControl: Excessive delay in setPowerMode(): 276ms
10-24 21:48:29.331 3520 28041 D MISC PowerHAL: sysfs_write +: /sys/class/input/event0/device/enabled: 1
10-24 21:48:29.331 3520 28042 D MISC PowerHAL: sysfs_write +: /sys/class/input/event1/device/enabled: 1
10-24 21:48:29.331 3520 4850 V WindowStateAnimator: Finishing drawing window Window{80318d3 u0 d0 StatusBar}: mDrawState=DRAW_PENDING
10-24 21:48:29.331 4130 4130 D KeyguardUpdateMonitor: handleBatteryUpdate
10-24 21:48:29.331 3520 3520 W CAE : getContextInfo(ContextAwareService.java:511) - [getContext 02] Mutex is unlocked for ACTIVITY_TRACKER_CURRENT_INFO
10-24 21:48:29.331 3520 3520 D SContextService: requestToUpdate() : service = Activity Tracker
10-24 21:48:29.331 3520 3520 D SContextManager: .requestToUpdate : listener = com.android.server.wifi.WifiServiceImpl$11@ba68281, service=Activity Tracker
10-24 21:48:29.341 3520 3582 W CAE : setCAProperty(ContextAwareService.java:578) - [setProperty 01] Mutex is locked for AUTO_ROTATION
10-24 21:48:29.341 3520 3582 I CAE : setPropertyValue(AutoRotationRunner.java:119) - Device Type = 0.0
10-24 21:48:29.341 3520 3582 I CAE : setCAProperty(ContextAwareService.java:583) - result : true
10-24 21:48:29.341 3520 3582 W CAE : setCAProperty(ContextAwareService.java:584) - [setProperty 02] Mutex is unlocked for AUTO_ROTATION
10-24 21:48:29.341 3520 3582 W CAE : registerCallback(ContextAwareService.java:144) - [regi 01] Mutex is locked for AUTO_ROTATION
10-24 21:48:29.341 3520 3582 V CAE : start(ContextProvider.java:128)
10-24 21:48:29.341 4130 4130 D KeyguardUpdateMonitor: received broadcast android.intent.action.TIME_TICK
10-24 21:48:29.341 4130 4130 I ViewCaptureUtil: Capture the lockscreen
10-24 21:48:29.341 3520 3582 V CAE : clear(AutoRotationRunner.java:182)
10-24 21:48:29.341 3520 3582 V CAE : enable(AutoRotationRunner.java:158)
10-24 21:48:29.341 3520 3582 I CAE : sendCmdToSensorHub(SensorHubCommManager.java:162) - -79, 7, 0, 0,
10-24 21:48:29.341 3520 3582 D SensorHubManager: SendSensorHubData: send data = -79, 7, 0, 0
10-24 21:48:29.341 3135 3181 D Sensorhubs: readContextData: 1, 1, 26, 1, 1, 8, 33, -13, -1, 0
10-24 21:48:29.341 3135 6965 D Sensorhubs: sendContextData: -79, 7, 0, 0
10-24 21:48:29.341 3520 4008 D SensorHubManager: onGetSensorHubDataLocked: library(10) = 1, 1, 26, 1, 1, 8, 33, -13, -1, 0
10-24 21:48:29.341 3520 4007 D CAE : onGetSensorHubData(SensorHubParserProvider.java:92) - onGetSensorHubData Event [event buffer len :10], AP_WAKEUP
10-24 21:48:29.341 3520 4007 I CAE : parse(SensorHubParserProvider.java:188) - buffer size = 10
10-24 21:48:29.341 3520 4007 I CAE : parse(SensorHubParserProvider.java:199) - 1, 1, 26, 1, 1, 8, 33, -13, -1, 0,
10-24 21:48:29.341 3520 4007 D CAE : display(ContextProvider.java:375) - ================= ACTIVITY_TRACKER =================
10-24 21:48:29.341 3520 4007 I CAE : display(ContextProvider.java:391) - Accuracy=[0], OperationMode=[0], ActivityType=[-1], TimeStamp=[1477370909348]
10-24 21:48:29.341 3520 4010 D SContextService: updateSContext() : event = Activity Tracker
10-24 21:48:29.351 3520 3582 D CAE : getFaultDetectionResult(AutoRotationRunner.java:195) - true
10-24 21:48:29.351 3520 3582 I CAE : notifyCmdProcessResultObserver(ContextProvider.java:627) - CheckResult = 0, Cause = Success
10-24 21:48:29.351 4130 4130 D KeyguardUpdateMonitor: handleTimeUpdate
10-24 21:48:29.351 4130 4130 D Clock : received broadcast android.intent.action.TIME_TICK
10-24 21:48:29.361 3520 3582 D CAE : doCommendProcess(ContextAwareService.java:433) - complete notify the operation result.
10-24 21:48:29.361 3135 3181 D Sensorhubs: readContextData: 1, 1, 26, 1, 1, 8, 34, 44, 0, 2
10-24 21:48:29.361 3520 4008 D SensorHubManager: onGetSensorHubDataLocked: library(10) = 1, 1, 26, 1, 1, 8, 34, 44, 0, 2
10-24 21:48:29.361 3520 4007 D CAE : onGetSensorHubData(SensorHubParserProvider.java:92) - onGetSensorHubData Event [event buffer len :10], AP_WAKEUP
10-24 21:48:29.361 3520 4007 I CAE : parse(SensorHubParserProvider.java:188) - buffer size = 10
10-24 21:48:29.361 3520 4007 I CAE : parse(SensorHubParserProvider.java:199) - 1, 1, 26, 1, 1, 8, 34, 44, 0, 2,
10-24 21:48:29.361 3520 4007 D CAE : display(ContextProvider.java:375) - ================= ACTIVITY_TRACKER =================
10-24 21:48:29.361 3520 4007 I CAE : display(ContextProvider.java:391) - Accuracy=[2], OperationMode=[0], ActivityType=[0], TimeStamp=[1477370909366]
10-24 21:48:29.361 3520 4010 D SContextService: updateSContext() : event = Activity Tracker
10-24 21:48:29.361 3520 3582 I CAE : displayUsedCountForService(ContextAwareService.java:525) - totalCnt = 1, serviceCount = 1, subCollectionCount = 0
10-24 21:48:29.361 3520 3582 D CAE : showListenerList(ContextAwareService.java:366) - ===== Context Aware Service List =====
10-24 21:48:29.361 3520 3577 D GpsLocationProvider: receive broadcast intent, action: android.intent.action.SCREEN_ON
10-24 21:48:29.361 3520 3577 D GpsLocationProvider: android_location_GpsLocationProvider_set_lcd_mode --> mode:1 ++
10-24 21:48:29.361 3520 3582 I CAE : showListenerList(ContextAwareService.java:375) - Listener : com.samsung.android.contextaware.manager.ContextAwareService$Listener@d9ba157, Service : ACTIVITY_TRACKER_CURRENT_INFO(1)
10-24 21:48:29.361 3520 3577 D libexercise: Exercise::setLcdMode mode=1 restoring=F
10-24 21:48:29.361 3158 3158 D gpsd : WakeLock(Acquire,GPSD)
10-24 21:48:29.361 3520 3582 I CAE : showListenerList(ContextAwareService.java:375) - Listener : com.samsung.android.contextaware.manager.ContextAwareService$Listener@d9ba157, Service : ACTIVITY_TRACKER(1)
10-24 21:48:29.361 3520 3582 I CAE : showListenerList(ContextAwareService.java:375) - Listener : com.samsung.android.contextaware.manager.ContextAwareService$Listener@312f78, Service : ANY_MOTION_DETECTOR_RUNNER(1)
10-24 21:48:29.361 3158 3158 D gpsd : WakeLock(Release,GPSD)
10-24 21:48:29.361 3520 3582 I CAE : showListenerList(ContextAwareService.java:375) - Listener : com.samsung.android.contextaware.manager.ContextAwareService$Listener@2583b05, Service : AUTO_BRIGHTNESS(1)
10-24 21:48:29.361 3520 3582 I CAE : showListenerList(ContextAwareService.java:375) - Listener : com.samsung.android.contextaware.manager.ContextAwareService$Listener@d4b3767, Service : AUTO_ROTATION(1)
10-24 21:48:29.361 3520 3582 W CAE : registerCallback(ContextAwareService.java:180) - [regi 02] Mutex is unlocked for AUTO_ROTATION
10-24 21:48:29.361 3520 3582 D SContextService: .registerCallback : 4, client=
10-24 21:48:29.361 3520 3582 D SContextService: ===== SContext Service List =====
10-24 21:48:29.361 3520 3582 D SContextService: Listener : android.hardware.scontext.SContextService$Listener@63ed7b7, Service : Any Motion Detector
10-24 21:48:29.361 3520 3582 D SContextService: Listener : android.hardware.scontext.SContextService$Listener@c6ad75a, Service : Auto Brightness
10-24 21:48:29.361 3520 3582 D SContextService: Listener : android.hardware.scontext.SContextService$Listener@26f0f26, Service : Activity Tracker
10-24 21:48:29.361 3520 3582 D SContextService: Listener : android.hardware.scontext.SContextService$Listener@4922914, Service : Auto Rotation
10-24 21:48:29.361 3520 3582 D SContextManager: .registerListener : listener = com.android.server.policy.WindowOrientationListener$OrientationSensorJudge@ba52b2c, service=Auto Rotation
10-24 21:48:29.371 3520 4091 D lights : lcd : 196 +
10-24 21:48:29.371 3520 4091 D lights : lcd : 196 -
10-24 21:48:29.371 3520 3520 D WifiStateMachine: setWifiScanMove bMove = 0
10-24 21:48:29.371 3520 3520 I WifiStateMachine: not vehicle, sendMessageDelayed CMD_SET_SCAN_MOVE with 0
10-24 21:48:29.371 3520 4046 I WifiStateMachine: DriverStartedState :: CMD_SET_SCAN_MOVE(0)
10-24 21:48:29.371 4319 4319 I wpa_supplicant: @@wpa_supplicant_set_scan_move : set [0]
10-24 21:48:29.381 3520 3520 D PersonaManagerService: ACTION_SCREEN_ON onReceive
10-24 21:48:29.381 3520 3629 D PersonaManagerServiceHandler: MSG_ACTION_SCREEN_ON called
10-24 21:48:29.391 3520 3542 D CoverManagerWhiteLists: isAllowedToUse : SIGNATURE_MATCH
10-24 21:48:29.391 4494 4494 I NfcService: When receiving ACTION_SCREEN_ON, S view cover is already opened. So screenState is ON_LOCKED by isKeyguardLocked()
10-24 21:48:29.391 4494 15494 D NfcService: call the applyRouting
10-24 21:48:29.411 4130 4343 D NetworkController.MobileSignalController(0/2147483643): onDataActivity: direction=0
10-24 21:48:29.451 4130 4130 D DateView: received broadcast android.intent.action.TIME_TICK
10-24 21:48:29.461 5755 5755 D BtGatt.GattService: LCD turned on
10-24 21:48:29.461 5755 5940 D BtGatt.ScanManager: handleLcdOnIntent
10-24 21:48:29.461 5755 5940 D BtGatt.ScanManager: handleLcdOnIntent
10-24 21:48:29.491 3520 28041 D MISC PowerHAL: sysfs_write -: /sys/class/input/event0/device/enabled: 1
10-24 21:48:29.491 3520 28042 D MISC PowerHAL: sysfs_write -: /sys/class/input/event1/device/enabled: 1
10-24 21:48:29.491 3520 3612 D MISC PowerHAL: sysfs_write +: /sys/class/power_supply/battery/lcd: 1
10-24 21:48:29.491 3520 3612 D MISC PowerHAL: sysfs_write -: /sys/class/power_supply/battery/lcd: 1
10-24 21:48:29.491 3520 3612 D PowerManagerService-JNI: Excessive delay in MISC setInteractive(true) while turning screen on: 157ms
10-24 21:48:29.491 3520 4089 D lights : button : 1 +
10-24 21:48:29.491 4494 15494 D SecNfcJni: RoutingManager::commitRouting
10-24 21:48:29.491 4494 6291 D SecNfcJni: RoutingManager::nfaEeCallback: NFA_EE_UPDATED_EVT
10-24 21:48:29.501 4494 15494 D NfcService: index : 0
10-24 21:48:29.501 4494 15494 D NfcService: index : 1
10-24 21:48:29.501 4494 15494 D NfcService: index : 2
10-24 21:48:29.521 3520 4089 D lights : button : 1 -
10-24 21:48:29.521 5110 5110 I DeviceScanner: [MDNS] Screen is ON
10-24 21:48:29.541 5110 5110 I DeviceScanner: [CastNearby] Screen is ON
10-24 21:48:29.551 3099 4021 D libEGL : eglTerminate EGLDisplay = 0x7f8d6fee78
10-24 21:48:29.551 3099 4021 D libEGL : eglTerminate EGLDisplay = 0x7f8d6fee78
10-24 21:48:29.551 3099 4634 I SurfaceFlinger: id=129 Removed DolorFade (16/16)
10-24 21:48:29.551 3099 4094 I SurfaceFlinger: id=129 Removed DolorFade (-2/16)
10-24 21:48:29.551 3520 3601 V KeyguardServiceDelegate: onScreenTurnedOn()
10-24 21:48:29.551 4130 4143 D KeyguardViewMediator: notifyScreenTurnedOn
10-24 21:48:29.551 4130 4130 D KeyguardViewMediator: handleNotifyScreenTurnedOn
10-24 21:48:29.561 7948 7948 D CocktailBarUiController: ACTION_SCREEN_ON
10-24 21:48:29.561 7948 7948 D AbstractCocktailPanelView: setPanelVisible: CocktailPortraitRemotePanelViewfalse will be hiden: 8
10-24 21:48:29.561 7948 7948 D CocktailBarPanelVisibilityManager: updateActivePanelView: vis=false screenOn=true onTransit=false -hide: 8 current Active: 8
10-24 21:48:29.561 7948 7948 E AbstractCocktailPanelView: notifyPanelVisibilityChanged: visibility not changed 2 id: 8
10-24 21:48:29.561 7948 7948 I TrayVisibilityController: handleMessage : msg.what = 1
10-24 21:48:29.561 3099 3099 D libEGL : eglTerminate EGLDisplay = 0x7fc6961268
10-24 21:48:29.561 7948 7948 I Utils : isCurrentUser current = 0, ownerId = 0
10-24 21:48:29.561 7948 7948 I TrayVisibilityController: getComputedTrayVisible : keyguardState = 2
10-24 21:48:29.561 7948 7948 I TrayVisibilityController: updateTrayVisible : State : 2 visible = 1 mCurrentVisible = 2
10-24 21:48:29.571 7948 7948 D TrayStateController: putInputRect mDynamicInputRegion=42750538@LastEvent=t=1477370477653Rect(18, 0 - 67, 588),Rect=Rect(0, 0 - 0, 0)
10-24 21:48:29.571 7948 7948 D TrayStateController: putInputRect mDynamicInputRegion=42750538@LastEvent=t=1477370477653Rect(18, 0 - 67, 588),Rect=Rect(18, 0 - 67, 588)
10-24 21:48:29.571 7948 7948 D TrayStateTrigger: getTriggerMaginOnTop retY=258 h=2560 t=258 trigger=291 getTriggerPosition=0
10-24 21:48:29.571 4130 4130 D SecKeyguardStatusView: onScreenTurnedOn()
10-24 21:48:29.571 7948 7948 D TrayStateController: setUiState: 2 --> 0
10-24 21:48:29.571 4371 4371 D PeopleStripeManager: onVisibilityChanged : 1
10-24 21:48:29.571 4371 4371 D PeopleStripeVisibilityController: setHiddenEdgePanel enable=false
10-24 21:48:29.571 4371 4371 I PeopleStripeVisibilityController: getComputedTrayVisible : keyguardState = 4
10-24 21:48:29.571 4371 4371 I PeopleStripeVisibilityController: updateStripeVisible : State 4 visible = 2
10-24 21:48:29.571 4371 4371 I PeopleStripeManager: hideStripe
10-24 21:48:29.591 4371 4371 D PeopleStripeService: ACTION_SCREEN_ON
10-24 21:48:29.591 3099 3099 I SurfaceFlinger: id=130 createSurf (67x588),1 flag=4, DocktailBar
10-24 21:48:29.591 7948 8007 D mali_winsys: new_window_surface returns 0x3000, [67x588]-format:1
10-24 21:48:29.601 4425 4425 I WfcConnectivityReceiver: onReceive(): action=ACTION_SCREEN_ON
10-24 21:48:29.601 7948 7948 D CocktailBarUiController: onCocktailBarStateChanged: flag=0x1 vis=1 bgType=0 showTimeout=-1 activate=true
10-24 21:48:29.621 3520 4534 V WindowStateAnimator: Finishing drawing window Window{1ac2dd3 u0 d0 com.samsung.android.app.cocktailbarservice/com.samsung.android.app.cocktailbarservice.CocktailBarService}: mDrawState=DRAW_PENDING
10-24 21:48:29.631 3099 3099 D libEGL : eglInitialize EGLDisplay = 0x7fc6961138
10-24 21:48:29.661 3135 3181 D Sensorhubs: readContextData: 1, 1, 26, 1, 1, 8, 35, 88, 0, 1
10-24 21:48:29.661 3520 4008 D SensorHubManager: onGetSensorHubDataLocked: library(10) = 1, 1, 26, 1, 1, 8, 35, 88, 0, 1
10-24 21:48:29.661 3520 4007 D CAE : onGetSensorHubData(SensorHubParserProvider.java:92) - onGetSensorHubData Event [event buffer len :10], AP_WAKEUP
10-24 21:48:29.661 3520 4007 I CAE : parse(SensorHubParserProvider.java:188) - buffer size = 10
10-24 21:48:29.661 3520 4007 I CAE : parse(SensorHubParserProvider.java:199) - 1, 1, 26, 1, 1, 8, 35, 88, 0, 1,
10-24 21:48:29.661 3520 4007 D CAE : display(ContextProvider.java:375) - ================= ACTIVITY_TRACKER =================
10-24 21:48:29.661 3520 4007 I CAE : display(ContextProvider.java:391) - Accuracy=[1], OperationMode=[0], ActivityType=[0], TimeStamp=[1477370909668]
10-24 21:48:29.661 3520 4010 D SContextService: updateSContext() : event = Activity Tracker
10-24 21:48:29.671 7948 7948 D TrayStateTrigger: showTriggerView
10-24 21:48:29.671 3520 3520 I SurveyLogManager: mDeviceInfo.mScreen = true
10-24 21:48:29.681 9741 9741 I BeaconManager: BeaconManager.onReceive - receive Action : android.intent.action.SCREEN_ON
10-24 21:48:29.681 9741 9741 D BeaconManager: BeaconManager.onReceive - end
10-24 21:48:29.681 9741 9814 I BeaconManager: BeaconManager.BeaconManagerWorkHandler - BroadcastReceiver onReceive start
10-24 21:48:29.681 9741 9814 D BeaconManager: BeaconManager.mScreenObserver - action:android.intent.action.SCREEN_ON
10-24 21:48:29.681 9741 9814 D BeaconManager: AppControlManager.screenOnIntentReceived - start
10-24 21:48:29.681 9741 9814 D BeaconManager: AppControlManager.screenOnIntentReceived - end
10-24 21:48:29.681 9741 9814 D BeaconManager: EasySetupManager.screenOnIntentReceived - start
10-24 21:48:29.681 9741 9814 D BeaconManager: EasySetupManager.screenOnIntentReceived - end
10-24 21:48:29.681 9741 9814 D BeaconManager: BleScanHelper.screenOnIntentReceived - start
10-24 21:48:29.691 9741 9814 D BeaconManager: BleScanHelper.mBroadcastReceiver - Action: android.intent.action.SCREEN_ON, user: 0
10-24 21:48:29.691 9741 9814 V BeaconManager: BleScanHelper.startBleScan - startBleScan
10-24 21:48:29.691 3099 3099 D libEGL : eglInitialize EGLDisplay = 0x7fc6961138
10-24 21:48:29.691 9741 9814 D BluetoothAdapter: STATE_BLE_ON
10-24 21:48:29.691 9741 9814 D BeaconManager: BleScanHelper.screenOnIntentReceived - end
10-24 21:48:29.691 9741 9814 I BeaconManager: BeaconManager.BeaconManagerWorkHandler - BroadcastReceiver onReceive end
10-24 21:48:29.691 13979 13979 E SamsungIME: invoke(): method is null
10-24 21:48:29.701 9741 9815 D BeaconManager: BleScanHelper.MSG_CALL_START_LESCAN - ($)
10-24 21:48:29.701 9741 9815 D BluetoothAdapter: STATE_BLE_ON
10-24 21:48:29.701 9741 9815 D BluetoothAdapter: STATE_BLE_ON
10-24 21:48:29.701 9741 9815 D BluetoothAdapter: appoCount is = 0
10-24 21:48:29.701 9741 9815 I BeaconManager: BleScanHelper.directStopLeScan - call BleScanner.stopScan()
10-24 21:48:29.701 9741 9815 D BluetoothAdapter: STATE_BLE_ON
10-24 21:48:29.701 9741 9815 D BluetoothAdapter: appoCount is = 0
10-24 21:48:29.701 9741 9815 D BluetoothAdapter: STATE_BLE_ON
10-24 21:48:29.701 9741 9815 D BluetoothLeScanner: Stop Scan
10-24 21:48:29.731 26846 26846 D [WeatherWidget(1177)] AutoRefreshReceiver: {[43EB1C024052B99D53E991930172379649066DCD71647E333617CD2172B02E4547A69946B15986BF4A90CB892D98C986CA06B6FBB39F3320D4896B1686C1745F66FE58A1B23DE04B25BF1E62D94488D4]}
10-24 21:48:29.731 26846 26846 D [WeatherWidget(1177)] AutoRefresh: {[8FD2E506F874D7163C71C5FD167729A3F1524692913D8374891649955E8C59A90C19ED8315B58731AC2FE7582D4006FA]}
10-24 21:48:29.731 24965 24977 D ScoverManager: registerListener
10-24 21:48:29.741 26846 26846 D [WeatherWidget(1177)] AutoRefresh: {[1BFF235D3430E49D4700F78142108F6D2CBDABAF2377351B369499A82B6914CB503CCE019BE50BA48D252A496DE5371B]}
10-24 21:48:29.741 3520 4167 D CoverManager.StateNotifier: registerListenerCallback : binder = android.os.BinderProxy@72cf7b2, pid : 24965, uid : 1000, type : 1
10-24 21:48:29.741 26846 26846 D [WeatherWidget(1177)] AutoRefresh: {[501D9E6E569F8ED5C56BF1D2BBF86C6549A6E381C7C864B9EDB7E2EAB54F066D785876881A5D2E90F042E00063FB391F]}
10-24 21:48:29.741 26846 26846 D [WeatherWidget(1177)] AutoRefresh: {[4A70D1833405F5D3C3C71B2E800AD133AADC46B06A02DAE0BEE82F07B239F424563FAEAC852B9ADFEFACD07EBD6AF3D5]}
10-24 21:48:29.741 26846 26846 D [WeatherWidget(1177)] AutoRefresh: {[52B3CC2655D87BB07C32C212110F5E8F671E5F9F3F45BCD00DD26EE894476480C9CA04F02A695D36C4FEC1B1C3C0374BF00CD263C67D7B199EA5EE0E5020FBDD]}
10-24 21:48:29.741 26846 26846 D [WeatherWidget(1177)] AutoRefresh: {[DAA3029AD21664020D6C01A02A23662F89B2D9E7ABD9E21ED7635870343A1D57F0A20CE7841F56EDFDDF26BE203E33A1]}
10-24 21:48:29.741 5755 5769 D BtGatt.GattService: [GSIM LOG]: getCallingProcessName: com.samsung.android.beaconmanager
10-24 21:48:29.741 5755 5769 D BtGatt.GattService: [GSIM LOG]: getCallingProcessName: com.samsung.android.beaconmanager
10-24 21:48:29.741 5755 5769 D BtGatt.GattService: stopScan() - queue size =1
10-24 21:48:29.741 5755 5971 E BtGatt.GattService: [GSIM LOG]: gsimLogHandler: com.samsung.android.beaconmanager, msg: MESSAGE_STOP_SCAN
10-24 21:48:29.741 5755 5971 D BtGatt.GattService: [GSIM LOG]: gsimLogHandler: prevDate: 24, currDate: 24
10-24 21:48:29.741 5755 5971 D BtGatt.GattService: [GSIM LOG]: updateScanTime: 7
10-24 21:48:29.741 5755 5940 D BtGatt.ScanManager: stop scan
10-24 21:48:29.741 5755 5940 D BtGatt.ScanManager: delete FilterIndex - 22
10-24 21:48:29.741 5755 10900 D BtGatt.GattService: unregisterClient() - clientIf=5
10-24 21:48:29.751 3520 28047 I BatteryStatsDumper: In refreshStats isReason Screen ON/OFF: true
10-24 21:48:29.751 3520 28047 D BluetoothAdapter: STATE_BLE_ON
10-24 21:48:29.751 5755 5917 D BtGatt.GattService: onScanFilterParamsConfigured() - clientIf=5, status=0, action=1, availableSpace=31
10-24 21:48:29.751 5755 5917 D BtGatt.ScanManager: callback done for clientIf - 5 status - 0
10-24 21:48:29.751 5755 5940 D BtGatt.ScanManager: delete FilterIndex - 23
10-24 21:48:29.751 5755 5917 D BtGatt.GattService: onScanFilterParamsConfigured() - clientIf=5, status=0, action=1, availableSpace=32
10-24 21:48:29.751 5755 5917 D BtGatt.ScanManager: callback done for clientIf - 5 status - 0
10-24 21:48:29.751 5755 5940 D BtGatt.ScanManager: configureRegularScanParams() - queue=0
10-24 21:48:29.751 5755 5940 D BtGatt.ScanManager: configureRegularScanParams() - ScanSetting Scan mode=-2147483648 mLastConfiguredScanSetting=100
10-24 21:48:29.751 5755 5940 D BtGatt.ScanManager: configureRegularScanParams() - queue emtpy, scan stopped
10-24 21:48:29.751 5755 5971 D BtGatt.GattService: [GSIM LOG]: com.samsung.android.beaconmanager@Custom, R time : 247 => 254
10-24 21:48:29.751 26846 26846 D [WeatherWidget(1177)] WeatherScreenReceiver: {[AE44B1CAE710C9799F38EE823B33FC6F92A9C19BB921B49D1406D02974E87163A8B0430997E393CFB1B5A95DB10763CD692CFA270B828027C4CE8C7A80781DC8]}
10-24 21:48:29.761 26846 26846 D [WeatherWidget(1177)] WidgetCount: {[65C2FDBB08E09D2E8E78BEFE0D618279B9DC63D4CEF53B48C526943E4D500FBC]}
10-24 21:48:29.761 26846 26846 D [WeatherWidget(1177)] WidgetCount: {[51D05FFECDA2C35BD99FAAEAA7B9A3010D9284A6D928381A583BDA90BA7C2F53]}
10-24 21:48:29.761 26846 26846 D [WeatherWidget(1177)] WidgetCount: {[6CEC719F0A07787F8C223B192FCD4687C55ED1AD256D01CA79B528F9A8936DA2AEE8FCF34DEAE62C4F0012DD0AEA3C4D450DA911871FFB9B1B25866B258CE216]}
10-24 21:48:29.761 26846 26846 D [WeatherWidget(1177)] WidgetCount: {[29F12EEF03899EE7AFF5C26031AC6881D49E2751002F9BF9065215948B126C8B67A603081AFD7572E245036EFA4646822C52CA5D0A7E6FBB74AF4A20DEEE1ADB]}
10-24 21:48:29.761 26846 26846 D [WeatherWidget(1177)] WidgetCount: {[65C2FDBB08E09D2E8E78BEFE0D618279B9DC63D4CEF53B48C526943E4D500FBC]}
10-24 21:48:29.761 26846 26846 D [WeatherWidget(1177)] WidgetCount: {[51D05FFECDA2C35BD99FAAEAA7B9A3010D9284A6D928381A583BDA90BA7C2F53]}
10-24 21:48:29.761 26846 26846 D [WeatherWidget(1177)] WidgetCount: {[6CEC719F0A07787F8C223B192FCD4687C55ED1AD256D01CA79B528F9A8936DA2AEE8FCF34DEAE62C4F0012DD0AEA3C4D450DA911871FFB9B1B25866B258CE216]}
10-24 21:48:29.761 5755 5971 D BtGatt.GattService: [GSIM LOG]: com.samsung.android.beaconmanager@Custom, A time : 247 => 254
10-24 21:48:29.761 5755 5971 D BtGatt.GattService: [GSIM LOG]: remove : com.samsung.android.beaconmanager at BLE_SCAN_ACTUAL_DB
10-24 21:48:29.761 5755 5971 D BtGatt.GattService: [GSIM LOG]: remove : com.samsung.android.beaconmanager at BLE_SCAN_REQUESTED_DB
10-24 21:48:29.781 27441 27441 I SAAutoConnectionManager: Intent Action: android.intent.action.SCREEN_ON
10-24 21:48:29.791 26846 26846 D [WeatherWidget(1177)] WeatherService: {[F5837F4AEE74F4A0BE2DA219DB8493352EBD627C6D5014E0B61ACE8DC72C6D46]}
10-24 21:48:29.791 26846 26846 D [WeatherWidget(1177)] : {[3AE6950019B083611567B0F9442DB03E59646CBA355B4C260B75423E37A3701A]}
10-24 21:48:29.801 3520 28047 I BatteryStatsDumper: Previous Battery Level: 100 Current Level: 100 Delta: 0
10-24 21:48:29.801 26846 26846 D [WeatherWidget(1177)] WeatherService: {[48CD66D4E33F43394A666804FCDC537E25CA4CDC5CBFEDE61338593810C0930AD0BB28ECC321ED60B3798FFB002A14D0]}
10-24 21:48:29.811 26846 26846 D [WeatherWidget(1177)] WeatherAppWidget: {[9C41A2EAFAAB2EF4F8363256C22FE8ADE74F100B9CC487BE27E8F8A137E768022F3D75E4272B69C004B1ABF10C0F2210143AA65B58B0C7B8B0AA82129EA61300ACE1FEEB8AE1B3C007EB73257700FEB4C83357904C34359E6B7F99DFAFFAE5B5ED5A5635FC04D229F5EEB63A6D89559EBE95942ABBCB979FCA0BD97B1C2A838A]}
10-24 21:48:29.811 26846 26846 D [WeatherWidget(1177)] : {[DF00664B5BF2DD508EC3D0ADB8B43C9FB429631765284D8658CE62A4AFFAA963]}
10-24 21:48:29.811 26846 26846 D [WeatherWidget(1177)] : {[8BC4F3B493110DBD6F0E682919A52E45EEBFF2F5EC83AC7576193F51B7FF1E89C73D3EEE76FF8DB8BDEF4005430DD6C1D5018DDA8634665E4C9FF20F7A7C304BEB20B5D455371BD3331BE7A5AAD70ABE82797E3E81EC0F4C55756AE1C00D95E32C24D53A8A0BCE7AEBA27CDBA5AED431]}
10-24 21:48:29.821 26846 26846 D [WeatherWidget(1177)] WeatherAppWidget2x1: {[9C41A2EAFAAB2EF4F8363256C22FE8ADA04FCBD72B20011CEA55C138FB3A3D66F64C504C885AD521D3CCD13C88A1CCAC789AD064D774182E9370C2BE9DB556EB2F99C00004D75F442AECE6D8039CC5189D3BD284936BF414FF83CD8A858FA4D19EEED3DC420CE7C673781F638E5D17846666D85B37C2E346C0C3312D4962453B]}
10-24 21:48:29.821 26846 26846 D [WeatherWidget(1177)] : {[AA0F1FFBE590A9EFC37054BD5EE30C3F13AAEFB0C1D46CFF1BAA5F3C6AC68B331A2EF1B485217118DBE54FFA6A88B711AC7C94EA741B05F20DACF9DE9722647F]}
10-24 21:48:29.821 26846 26846 D [WeatherWidget(1177)] WeatherAppWidget2x1: {[9C41A2EAFAAB2EF4F8363256C22FE8AD3F774EDE4ACFA3CC8223BC71D76E977B96B3BCFD1276E8CF24AFD3DB50DA43E85E945DD3B143C5FEC8C321E6C65340CA]}
10-24 21:48:29.831 26846 26846 D [WeatherWidget(1177)] EasyWeatherAppWidget: {[48948B2BE5213A6D5B0C9B7747497512CAC38177609B2B6F1F16DB965D7D43410EDA2D444ACBA386E91E1FA6B3C38870128DD346C4D39F4B310AAEB16D5215E65B3E04A593E577F60D76D1932AD9EADD16B356DA517EF1B193C3C2443D58583FF4130EE2B5F5334C0BA0A0CCF7224CD6C07C390FD15A32A436637D0FACABFEA4]}
10-24 21:48:29.831 26846 26846 D [WeatherWidget(1177)] : {[AA0F1FFBE590A9EFC37054BD5EE30C3F13AAEFB0C1D46CFF1BAA5F3C6AC68B331A2EF1B485217118DBE54FFA6A88B711AC7C94EA741B05F20DACF9DE9722647F]}
10-24 21:48:29.831 26846 26846 D [WeatherWidget(1177)] EasyWeatherAppWidget: {[48948B2BE5213A6D5B0C9B7747497512D7646A5A57C4B1820BB1D39DF9F23EA3D05ADA26DF3F5FEC4FA6AFC9EED5963485B3863BE45B906B9F93E60E1BD5AC1F]}
10-24 21:48:29.841 9741 9815 I BeaconManager: BleScanHelper.startBleScan - Start filter Scan(SCREEN_ON)
10-24 21:48:29.841 9741 9815 D BluetoothLeScanner: Start Scan
10-24 21:48:29.841 9741 9815 D BluetoothAdapter: STATE_BLE_ON
10-24 21:48:29.851 9741 9815 D BluetoothAdapter: appoCount is = 0
10-24 21:48:29.851 9741 9815 D BluetoothAdapter: STATE_BLE_ON
10-24 21:48:29.851 9741 9815 D BluetoothAdapter: STATE_BLE_ON
10-24 21:48:29.851 9741 9815 D BluetoothAdapter: STATE_BLE_ON
10-24 21:48:29.851 9741 9815 D BluetoothAdapter: appoCount is = 0
10-24 21:48:29.851 5755 10900 D BtGatt.GattService: registerClient() - UUID=a030d7d0-535a-47fa-93b3-39731c9812bf
10-24 21:48:29.891 4371 4371 I PeopleStripeVisibilityController: handleMessage : msg.what = 1
10-24 21:48:29.891 4371 4371 I PeopleStripeVisibilityController: isAllowPrivateNotifications : allowPrivateNotifications = true
10-24 21:48:29.891 4371 4371 I PeopleStripeVisibilityController: isShowNotification : showNotification = true
10-24 21:48:29.891 4371 4371 I PeopleStripeVisibilityController: getComputedTrayVisible : keyguardState = 2
10-24 21:48:29.891 4371 4371 I PeopleStripeVisibilityController: updateStripeVisible : State 2 visible = 1
10-24 21:48:29.891 4371 4371 I PeopleStripeManager: isExistVisibleHandler false
10-24 21:48:29.891 4371 4371 I PeopleStripeManager: showStripe Not exist noti handler.
10-24 21:48:29.891 5755 5917 D BtGatt.GattService: onClientRegistered() - UUID=a030d7d0-535a-47fa-93b3-39731c9812bf, clientIf=5
10-24 21:48:29.891 9741 22677 D BluetoothLeScanner: onClientRegistered() - status=0 clientIf=5
10-24 21:48:29.891 5755 5768 D BtGatt.GattService: start scan with filters
10-24 21:48:29.891 5755 5768 D BluetoothAdapter: STATE_BLE_ON
10-24 21:48:29.891 5755 5768 D BluetoothAdapter: appoCount is = 0
10-24 21:48:29.891 5755 5768 D BluetoothAdapter: STATE_BLE_ON
10-24 21:48:29.891 5755 5768 D BtGatt.GattService: getScanSettings
10-24 21:48:29.891 5755 5768 D BtGatt.GattService: Is it foreground application = false
10-24 21:48:29.891 5755 5768 D BtGatt.GattService: Its a background application running with Low Power scan mode
10-24 21:48:29.891 5755 5768 D BtGatt.GattService: [GSIM LOG]: getActualScanMode (100/5 vs -2147483648/0)
10-24 21:48:29.901 5755 5768 D BtGatt.GattService: [GSIM LOG]: getCallingProcessName: com.samsung.android.beaconmanager
10-24 21:48:29.901 5755 5768 D BtGatt.GattService: [GSIM LOG]: getCallingProcessName: com.samsung.android.beaconmanager
10-24 21:48:29.901 5755 5971 E BtGatt.GattService: [GSIM LOG]: gsimLogHandler: com.samsung.android.beaconmanager, msg: MESSAGE_START_SCAN
10-24 21:48:29.901 5755 5971 D BtGatt.GattService: [GSIM LOG]: gsimLogHandler: prevDate: 24, currDate: 24
10-24 21:48:29.901 5755 5940 D BtGatt.ScanManager: handling starting scan
10-24 21:48:29.901 5755 5940 D BluetoothAdapter: STATE_BLE_ON
10-24 21:48:29.901 5755 5940 D BluetoothAdapter: STATE_BLE_ON
10-24 21:48:29.901 5755 5940 D BluetoothAdapter: appoCount is = 0
10-24 21:48:29.901 5755 5940 D BluetoothAdapter: STATE_BLE_ON
10-24 21:48:29.901 5755 5940 D BluetoothAdapter: STATE_BLE_ON
10-24 21:48:29.901 5755 5940 D BluetoothAdapter: appoCount is = 0
10-24 21:48:29.901 5755 5940 D BluetoothAdapter: STATE_BLE_ON
10-24 21:48:29.901 5755 5940 D BluetoothAdapter: STATE_BLE_ON
10-24 21:48:29.901 5755 5940 D BluetoothAdapter: appoCount is = 0
10-24 21:48:29.901 5755 5917 D BtGatt.GattService: onScanFilterEnableDisabled() - clientIf=5, status=0, action=1
10-24 21:48:29.901 5755 5917 D BtGatt.ScanManager: callback done for clientIf - 5 status - 0
10-24 21:48:29.901 5755 5940 D BtGatt.ScanManager: set filter index= 24 for clientIf= 5
10-24 21:48:29.901 5755 5940 D BtGatt.ScanManager: addFilterToController: 5
10-24 21:48:29.901 5755 5917 D BtGatt.GattService: onScanFilterConfig() - clientIf=5, action = 0 status = 0, filterType=5, availableSpace=47
10-24 21:48:29.901 5755 5917 D BtGatt.ScanManager: callback done for clientIf - 5 status - 0
10-24 21:48:29.901 5755 5940 D BtGatt.ScanManager: High Rssi Filter value is = -128
10-24 21:48:29.901 5755 5940 D BtGatt.ScanManager: Low Rssi Filter value is = -128
10-24 21:48:29.901 5755 5940 D BtGatt.ScanManager: configureFilterParamter 500 10000 1 0highRssiThreshold = -128lowRssiThreshold = -128matchmode is =1
10-24 21:48:29.901 5755 5917 D BtGatt.GattService: onScanFilterParamsConfigured() - clientIf=5, status=0, action=0, availableSpace=31
10-24 21:48:29.901 5755 5917 D BtGatt.ScanManager: callback done for clientIf - 5 status - 0
10-24 21:48:29.901 5755 5940 D BtGatt.ScanManager: set filter index= 25 for clientIf= 5
10-24 21:48:29.901 5755 5940 D BtGatt.ScanManager: addFilterToController: 5
10-24 21:48:29.901 5755 5971 D BtGatt.GattService: [GSIM LOG]: increaseScanCount : com.samsung.android.beaconmanager : 18
10-24 21:48:29.901 5755 5971 D BtGatt.GattService: [GSIM LOG]: increaseScanCount : com.samsung.android.beaconmanager, com.samsung.android.beaconmanager
10-24 21:48:29.901 5755 5917 D BtGatt.GattService: onScanFilterConfig() - clientIf=5, action = 0 status = 0, filterType=5, availableSpace=46
10-24 21:48:29.901 5755 5917 D BtGatt.ScanManager: callback done for clientIf - 5 status - 0
10-24 21:48:29.901 5755 5940 D BtGatt.ScanManager: High Rssi Filter value is = -128
10-24 21:48:29.901 5755 5940 D BtGatt.ScanManager: Low Rssi Filter value is = -128
10-24 21:48:29.901 5755 5940 D BtGatt.ScanManager: configureFilterParamter 500 10000 1 0highRssiThreshold = -128lowRssiThreshold = -128matchmode is =1
10-24 21:48:29.901 5755 5917 D BtGatt.GattService: onScanFilterParamsConfigured() - clientIf=5, status=0, action=0, availableSpace=30
10-24 21:48:29.901 5755 5917 D BtGatt.ScanManager: callback done for clientIf - 5 status - 0
10-24 21:48:29.901 5755 5940 D BtGatt.ScanManager: set filter index= 26 for clientIf= 5
10-24 21:48:29.901 5755 5940 D BtGatt.ScanManager: addFilterToController: 5
10-24 21:48:29.911 5755 5917 D BtGatt.GattService: onScanFilterConfig() - clientIf=5, action = 0 status = 0, filterType=5, availableSpace=45
10-24 21:48:29.911 5755 5917 D BtGatt.ScanManager: callback done for clientIf - 5 status - 0
10-24 21:48:29.911 5755 5940 D BtGatt.ScanManager: High Rssi Filter value is = -128
10-24 21:48:29.911 5755 5940 D BtGatt.ScanManager: Low Rssi Filter value is = -128
10-24 21:48:29.911 5755 5940 D BtGatt.ScanManager: configureFilterParamter 500 10000 1 0highRssiThreshold = -128lowRssiThreshold = -128matchmode is =1
10-24 21:48:29.911 5755 5917 D BtGatt.GattService: onScanFilterParamsConfigured() - clientIf=5, status=0, action=0, availableSpace=29
10-24 21:48:29.911 5755 5917 D BtGatt.ScanManager: callback done for clientIf - 5 status - 0
10-24 21:48:29.911 5755 5940 D BtGatt.ScanManager: set filter index= 27 for clientIf= 5
10-24 21:48:29.911 5755 5940 D BtGatt.ScanManager: addFilterToController: 5
10-24 21:48:29.911 5755 5971 D BtGatt.GattService: [GSIM LOG]: increaseScanCount 4 Battery : com.samsung.android.beaconmanager : 491
10-24 21:48:29.911 5755 5917 D BtGatt.GattService: onScanFilterConfig() - clientIf=5, action = 0 status = 0, filterType=5, availableSpace=44
10-24 21:48:29.911 5755 5917 D BtGatt.ScanManager: callback done for clientIf - 5 status - 0
10-24 21:48:29.911 5755 5940 D BtGatt.ScanManager: High Rssi Filter value is = -128
10-24 21:48:29.911 5755 5940 D BtGatt.ScanManager: Low Rssi Filter value is = -128
10-24 21:48:29.911 5755 5940 D BtGatt.ScanManager: configureFilterParamter 500 10000 1 0highRssiThreshold = -128lowRssiThreshold = -128matchmode is =1
10-24 21:48:29.911 5755 5917 D BtGatt.GattService: onScanFilterParamsConfigured() - clientIf=5, status=0, action=0, availableSpace=28
10-24 21:48:29.911 5755 5917 D BtGatt.ScanManager: callback done for clientIf - 5 status - 0
10-24 21:48:29.911 5755 5940 D BtGatt.ScanManager: configureRegularScanParams() - queue=1
10-24 21:48:29.911 5755 5940 I BtGatt.ScanManager: custom scan scanMode = 100
10-24 21:48:29.911 5755 5940 I BtGatt.ScanManager: New scan mode custom scan scanInterval = 3120scanWindow = 160
10-24 21:48:29.911 5755 5940 E BtGatt.ScanManager: default value of curScanSetting 0 is choosen
10-24 21:48:29.911 5755 5940 I BtGatt.ScanManager: newScanMode = 5newcurScanSetting = 0
10-24 21:48:29.911 5755 5940 I BtGatt.ScanManager: comparing = 5 with = 0
10-24 21:48:29.911 5755 5940 D BtGatt.ScanManager: configureRegularScanParams() - ScanSetting Scan mode=100 mLastConfiguredScanSetting=-2147483648
10-24 21:48:29.911 5755 5940 D BtGatt.ScanManager: configureRegularScanParams - scanInterval = 4992configureRegularScanParams - scanWindow = 256
10-24 21:48:29.911 5755 5917 D BtGatt.GattService: onScanParamSetupCompleted() status=0, clientIf=5
10-24 21:48:29.911 5755 5917 D BtGatt.GattService: onScanParamSetupCompleted : 0
10-24 21:48:29.911 5755 5971 D BtGatt.GattService: [GSIM LOG]: setScanTime : com.samsung.android.beaconmanager : 24622848
10-24 21:48:29.911 5755 5971 D BtGatt.GattService: [GSIM LOG]: setRequestedScanType : com.samsung.android.beaconmanager : 100
10-24 21:48:29.911 5755 5971 D BtGatt.GattService: [GSIM LOG]: setActualScanType : com.samsung.android.beaconmanager : 100
10-24 21:48:29.911 5755 5971 D BtGatt.GattService: [GSIM LOG]: updateScanTime: 0
10-24 21:48:29.911 5755 5971 D BtGatt.GattService: [GSIM LOG]: com.samsung.android.beaconmanager@Custom, R time : 254 => 254
10-24 21:48:29.911 5755 5971 D BtGatt.GattService: [GSIM LOG]: com.samsung.android.beaconmanager@Custom, A time : 254 => 254
10-24 21:48:29.911 5755 5971 D BtGatt.GattService: [GSIM LOG]: updateScanTime: 0
10-24 21:48:29.911 5755 5971 D BtGatt.GattService: [GSIM LOG]: com.samsung.android.beaconmanager@Custom, R time : 254 => 254
10-24 21:48:29.911 5755 5971 D BtGatt.GattService: [GSIM LOG]: com.samsung.android.beaconmanager@Custom, A time : 254 => 254
10-24 21:48:29.911 5755 5971 D BtGatt.GattService: [GSIM LOG]: setActualScanType : com.samsung.android.beaconmanager : 100
10-24 21:48:29.911 5755 5971 D BtGatt.GattService: [GSIM LOG]: updateScanTime: 0
10-24 21:48:29.911 5755 5971 D BtGatt.GattService: [GSIM LOG]: com.samsung.android.beaconmanager@Custom, R time : 254 => 254
10-24 21:48:29.911 5755 5971 D BtGatt.GattService: [GSIM LOG]: com.samsung.android.beaconmanager@Custom, A time : 254 => 254
10-24 21:48:29.911 5755 5971 D BtGatt.GattService: [GSIM LOG]: setScanTime : com.samsung.android.beaconmanager : 24622848
10-24 21:48:29.951 3520 28047 I BatteryStatsDumper: Writing to database completed
10-24 21:48:30.021 3135 3181 D Sensorhubs: readContextData: 1, 1, 26, 1, 1, 8, 36, -64, 0, 0
10-24 21:48:30.021 3520 4008 D SensorHubManager: onGetSensorHubDataLocked: library(10) = 1, 1, 26, 1, 1, 8, 36, -64, 0, 0
10-24 21:48:30.021 3520 4007 D CAE : onGetSensorHubData(SensorHubParserProvider.java:92) - onGetSensorHubData Event [event buffer len :10], AP_WAKEUP
10-24 21:48:30.021 3520 4007 I CAE : parse(SensorHubParserProvider.java:188) - buffer size = 10
10-24 21:48:30.021 3520 4007 I CAE : parse(SensorHubParserProvider.java:199) - 1, 1, 26, 1, 1, 8, 36, -64, 0, 0,
10-24 21:48:30.021 3520 4007 D CAE : display(ContextProvider.java:375) - ================= ACTIVITY_TRACKER =================
10-24 21:48:30.021 3520 4007 I CAE : display(ContextProvider.java:391) - Accuracy=[0], OperationMode=[0], ActivityType=[0], TimeStamp=[1477370910026]
10-24 21:48:30.021 3520 4010 D SContextService: updateSContext() : event = Activity Tracker
10-24 21:48:30.381 3135 3181 D Sensorhubs: readContextData: 1, 1, 26, 1, 1, 8, 38, 40, 1, 0
10-24 21:48:30.381 3520 4008 D SensorHubManager: onGetSensorHubDataLocked: library(10) = 1, 1, 26, 1, 1, 8, 38, 40, 1, 0
10-24 21:48:30.381 3520 4007 D CAE : onGetSensorHubData(SensorHubParserProvider.java:92) - onGetSensorHubData Event [event buffer len :10], AP_WAKEUP
10-24 21:48:30.381 3520 4007 I CAE : parse(SensorHubParserProvider.java:188) - buffer size = 10
10-24 21:48:30.381 3520 4007 I CAE : parse(SensorHubParserProvider.java:199) - 1, 1, 26, 1, 1, 8, 38, 40, 1, 0,
10-24 21:48:30.381 3520 4007 D CAE : display(ContextProvider.java:375) - ================= ACTIVITY_TRACKER =================
10-24 21:48:30.381 3520 4007 I CAE : display(ContextProvider.java:391) - Accuracy=[0], OperationMode=[0], ActivityType=[1], TimeStamp=[1477370910388]
10-24 21:48:30.381 3520 4010 D SContextService: updateSContext() : event = Activity Tracker
10-24 21:48:30.591 5110 6725 W MdnsClient_Cast: #acquireLock. Multicast lock not held. Acquiring. Subtypes:"805741C9"
10-24 21:48:30.861 3135 3181 D Sensorhubs: readContextData: 1, 1, 26, 1, 1, 8, 40, 9, 1, 1
10-24 21:48:30.861 3520 4008 D SensorHubManager: onGetSensorHubDataLocked: library(10) = 1, 1, 26, 1, 1, 8, 40, 9, 1, 1
10-24 21:48:30.861 3520 4007 D CAE : onGetSensorHubData(SensorHubParserProvider.java:92) - onGetSensorHubData Event [event buffer len :10], AP_WAKEUP
10-24 21:48:30.861 3520 4007 I CAE : parse(SensorHubParserProvider.java:188) - buffer size = 10
10-24 21:48:30.861 3520 4007 I CAE : parse(SensorHubParserProvider.java:199) - 1, 1, 26, 1, 1, 8, 40, 9, 1, 1,
10-24 21:48:30.861 3520 4007 D CAE : display(ContextProvider.java:375) - ================= ACTIVITY_TRACKER =================
10-24 21:48:30.871 3520 4007 I CAE : display(ContextProvider.java:391) - Accuracy=[1], OperationMode=[0], ActivityType=[1], TimeStamp=[1477370910870]
10-24 21:48:30.871 3520 4010 D SContextService: updateSContext() : event = Activity Tracker
10-24 21:48:30.891 3520 3603 E SmartFaceManager: checkForSmartStay S
10-24 21:48:30.891 3520 3603 D SmartFaceManager: Sending smart-stay-framecount-reset: to service
10-24 21:48:30.911 24965 24978 E SecCamera-JNI-Java: SecCamera.open()
10-24 21:48:30.911 3126 19918 I CameraService: CameraService::connect call (PID 24965 "com.samsung.android.smartface", camera ID 1) for HAL version default and Camera API version 1
10-24 21:48:30.921 3520 4167 I EDMNativeHelperService: isCameraEnabled
10-24 21:48:30.921 3126 19918 E CameraService: companion_disable property set to enable
10-24 21:48:30.931 3126 19918 I CameraService: Country code is USA
10-24 21:48:30.931 3126 19918 V CameraService: startCameraOps: Start camera ops, package name = com.samsung.android.smartface, client UID = 1000
10-24 21:48:30.931 3126 28054 V MediaPlayer: constructor
10-24 21:48:30.931 3126 28054 E Parcel : Reading a NULL string not supported here.
10-24 21:48:30.931 3126 28054 V MediaPlayerService: Create new client(49) from pid 3126, uid 1013,
10-24 21:48:30.931 3126 28054 I MediaPlayerService: Setting player type to NuPlayer
10-24 21:48:30.931 3126 28054 V MediaPlayerService: player type = 4
10-24 21:48:30.931 3126 28054 V NuPlayerDriver: NuPlayerDriver(0xf178cda0)
10-24 21:48:30.931 3126 28054 V AudioSink: AudioOutput(174)
10-24 21:48:30.931 3126 28054 V NuPlayerDriver: setDataSource(0xf178cda0) url()
10-24 21:48:30.931 3126 28055 V NuPlayer: kWhatSetAudioSink
10-24 21:48:30.931 3126 28054 V GenericSource: setDefault
10-24 21:48:30.931 3126 28054 V NuPlayer: url=/system/media/audio/ui/Shutter.ogg
10-24 21:48:30.931 3126 28055 V NuPlayer: kWhatSetDataSource
10-24 21:48:30.931 3126 28054 V MediaPlayerService: [49] getParameter(31700)
10-24 21:48:30.931 3126 28054 V MediaPlayer: MediaPlayer::setAudioStreamType
10-24 21:48:30.931 3126 28054 V MediaPlayer: prepare
10-24 21:48:30.931 3126 28054 V MediaPlayerService: [49] setAudioStreamType(1)
10-24 21:48:30.931 3126 28054 V MediaPlayerService: [49] prepareAsync
10-24 21:48:30.931 3126 28054 V NuPlayerDriver: prepareAsync(0xf178cda0)
10-24 21:48:30.931 3126 28055 V GenericSource: [Flag] set 0x8 -> mFlags = 0x8
10-24 21:48:30.931 3126 28056 V GenericSource: onPrepareAsync
10-24 21:48:30.941 3126 28056 I OggExtractor: OggSource::OggSource() mExtractor ref count = 4
10-24 21:48:30.941 3126 28056 I AnotherPacketSource: setFormat() audio
10-24 21:48:30.941 3126 28056 V GenericSource: setDefault
10-24 21:48:30.941 3126 28056 I GenericSource: ORmode enable : mUnsupportedAudio = 0 mUnsupportedVideo = 0 mHaveAudio = 1 mHaveVideo = 0
10-24 21:48:30.941 3126 28055 V NuPlayer: prepare posted successfully.
10-24 21:48:30.941 3126 28056 V GenericSource: onPrepareAsyncEvent() done
10-24 21:48:30.941 3126 28055 V NuPlayer: mUnsupportedAudio = 0, mUnsupportedVideo = 0, mHaveAudioTrack = 1, mHaveVideoTrack = 0
10-24 21:48:30.941 3126 28055 V NuPlayer: msg : 200, ext1 : 10973, ext2 : 0
10-24 21:48:30.941 3126 28055 D NuPlayerDriver: notifyListener_l(0xf178cda0), (200, 10973, 0)
10-24 21:48:30.941 3126 28055 V MediaPlayerService: [49] notify (0xec916a80, 200, 10973, 0)
10-24 21:48:30.941 3126 28055 V MediaPlayer: message received msg=200, ext1=10973, ext2=0
10-24 21:48:30.941 3126 28055 W MediaPlayer: info/warning (10973, 0)
10-24 21:48:30.941 3126 28055 V NuPlayer: extractMetadata Tracks : 1
10-24 21:48:30.941 3126 28055 V NuPlayer: enableInbandTextFromExtr
10-24 21:48:30.941 3126 28055 D NuPlayerDriver: notifyListener_l(0xf178cda0), (1, 0, 0)
10-24 21:48:30.941 3126 28055 V MediaPlayerService: [49] notify (0xec916a80, 1, 0, 0)
10-24 21:48:30.941 3126 28055 V MediaPlayer: message received msg=1, ext1=0, ext2=0
10-24 21:48:30.941 3126 19918 D SecCameraCoreManager: !@ SecCameraCoreManager created: pid=3126, cameraId=1
10-24 21:48:30.941 3126 28055 V MediaPlayer: prepared
10-24 21:48:30.941 3126 28055 V MediaPlayer: signal application thread
10-24 21:48:30.941 3126 28054 V MediaPlayer: prepare complete - status=0
10-24 21:48:30.941 3126 28054 V MediaPlayer: constructor
10-24 21:48:30.941 3126 28054 E Parcel : Reading a NULL string not supported here.
10-24 21:48:30.941 3126 28054 V MediaPlayerService: Create new client(50) from pid 3126, uid 1013,
10-24 21:48:30.941 3126 19918 E SecCameraCoreManager: initialize1
10-24 21:48:30.941 3126 28054 I MediaPlayerService: Setting player type to NuPlayer
10-24 21:48:30.941 3126 28054 V MediaPlayerService: player type = 4
10-24 21:48:30.941 3126 19918 I SecCameraCoreManager: Opening camera 1
10-24 21:48:30.941 3126 19918 I Samsung_HAL_V1: [OpenLagacy_v1][610] name(1) cameraId(1) EnableLog_v1(0)
10-24 21:48:30.941 3126 28054 V NuPlayerDriver: NuPlayerDriver(0xf178d3e0)
10-24 21:48:30.941 3126 19918 I ExynosCamera3Interface: INFO(HAL_open_legacy[443]):in =====
10-24 21:48:30.941 3126 19918 I ExynosCamera3Interface: INFO(HAL_open_legacy[463]):out =====
10-24 21:48:30.941 3126 19918 I ExynosCamera3Interface: INFO(HAL_camera_device_open[624]):camera(1) in
10-24 21:48:30.941 3126 19918 D ExynosCamera3Interface: DEBUG(check_camera_state):camera(1) state(1) checking...
10-24 21:48:30.941 3126 19918 D ExynosCamera3Interface: DEBUG(check_camera_state):camera(1) state(3:CLOSED->1:OPENED) is valid
10-24 21:48:30.941 3126 19918 D ExynosCamera3Interface: DEBUG(HAL_camera_device_open):open camera 1
10-24 21:48:30.941 3126 19918 E ExynosCamera: Build Date is (Aug 29 2016) (20:29:56)
10-24 21:48:30.941 3126 19918 D ExynosCameraUtils: DEBUG(checkAndroidVersion[2056]): Tartget Android version (4.4), build version (6.0.1)
10-24 21:48:30.941 3126 19918 I ExynosCamera: [CAM_ID(1)][]-INFO(ExynosCamera):cameraId(1), use_companion(1)
10-24 21:48:30.941 3126 28054 V AudioSink: AudioOutput(175)
10-24 21:48:30.941 3126 28054 V NuPlayerDriver: setDataSource(0xf178d3e0) url()
10-24 21:48:30.941 3126 19918 D ExynosCamera: [CAM_ID(1)][]-DEBUG(ExynosCamera): companionThread starts
10-24 21:48:30.941 3126 28057 V NuPlayer: kWhatSetAudioSink
10-24 21:48:30.941 3126 28054 V GenericSource: setDefault
10-24 21:48:30.941 3126 19918 D ExynosCameraSensorInfo: createSensorInfo[34] sensor ID(21)
10-24 21:48:30.941 3126 28054 V NuPlayer: url=/system/media/audio/ui/Cam_Start.ogg
10-24 21:48:30.941 3126 19918 I ExynosCameraParameters: [CAM_ID(1)][ParametersFront]-DEBUG(m_setParamCropRegion):size0(2592, 1950, 2560, 1920)
10-24 21:48:30.941 3126 28057 V NuPlayer: kWhatSetDataSource
10-24 21:48:30.941 3126 19918 I ExynosCameraParameters: [CAM_ID(1)][ParametersFront]-DEBUG(m_setParamCropRegion):size(0, 0, 2592, 1950), level(0)
10-24 21:48:30.941 3126 28054 V MediaPlayerService: [50] getParameter(31700)
10-24 21:48:30.941 3126 19918 I ExynosCameraParameters: [CAM_ID(1)][ParametersFront]-INFO(setDefaultCameraInfo[616])
10-24 21:48:30.941 3126 28054 V MediaPlayer: MediaPlayer::setAudioStreamType
10-24 21:48:30.941 3126 28054 V MediaPlayer: prepare
10-24 21:48:30.941 3126 19918 D ExynosCameraParameters: [CAM_ID(1)][ParametersFront]-DEBUG(m_setBnsScaleRatio[3998]): This camera does not support BNS
10-24 21:48:30.941 3126 28054 V MediaPlayerService: [50] setAudioStreamType(1)
10-24 21:48:30.941 3126 19918 D ExynosCameraParameters: [CAM_ID(1)][ParametersFront]-DEBUG(m_setBnsScaleRatio[4007]): update BNS ratio(0 -> 1000)
10-24 21:48:30.941 3126 28054 V MediaPlayerService: [50] prepareAsync
10-24 21:48:30.941 3126 19918 I ExynosCameraParameters: [CAM_ID(1)][ParametersFront]-INFO(setDefaultParameter[631])
10-24 21:48:30.941 3126 28054 V NuPlayerDriver: prepareAsync(0xf178d3e0)
10-24 21:48:30.941 3126 19918 D ExynosCameraParameters: [CAM_ID(1)][ParametersFront]-DEBUG(setDefaultParameter): Default preview size is 1920x1080
10-24 21:48:30.941 3126 19918 D ExynosCameraParameters: [CAM_ID(1)][ParametersFront]-DEBUG(setDefaultParameter): KEY_SUPPORTED_VIDEO_SIZES 1920x1080,1440x1080,1088x1088,1280x720,960x720,800x450,720x480,640x480,480x320,352x288,320x240,256x144,176x144
10-24 21:48:30.941 3126 19918 D ExynosCameraParameters: [CAM_ID(1)][ParametersFront]-DEBUG(setDefaultParameter): Max video size is 1920x1080
10-24 21:48:30.941 3126 19918 D ExynosCameraParameters: [CAM_ID(1)][ParametersFront]-DEBUG(setDefaultParameter): Default video size is 1920x1080
10-24 21:48:30.941 3126 28057 V GenericSource: [Flag] set 0x8 -> mFlags = 0x8
10-24 21:48:30.941 3126 19918 I ExynosCameraParameters: [CAM_ID(1)][ParametersFront]-INFO(setDefaultParameter[703]):video_frame_foramt == YUV420SP
10-24 21:48:30.941 3126 19918 D ExynosCameraParameters: [CAM_ID(1)][ParametersFront]-DEBUG(setDefaultParameter): Default picture size is 2592x1458
10-24 21:48:30.941 3126 28059 V GenericSource: onPrepareAsync
10-24 21:48:30.941 3126 19918 D ExynosCameraParameters: [CAM_ID(1)][ParametersFront]-m_antiBanding = 60hz
10-24 21:48:30.941 3126 19918 I ExynosCameraParameters: INFO(setDefaultParameter):getMaxZoomLevel(31)
