10-24 21:48:38.511 3989 4589 I TZ: mc_tlc_communication: input max_recvmsg_size = 19420
10-24 21:48:38.511 3989 4589 I TZ: mc_tlc_communication: root = 0, root_len = 1
10-24 21:48:38.511 3989 4589 I TZ: mc_tlc_communication: process = ffffffff000000000000000000000012, process_strlen = 32
10-24 21:48:38.511 3989 4589 I TZ: mc_tlc_communication: aligned max_sendmsg_size = 19456
10-24 21:48:38.511 3989 4589 I TZ: mc_tlc_communication: aligned max_recvmsg_size = 19456
10-24 21:48:38.511 3989 4589 I TZ: mc_tlc_communication: device_id = 0x0
10-24 21:48:38.511 3989 4589 I TZ: mc_tlc_communication: tlc_open() was called
10-24 21:48:38.511 3989 4589 I TZ: mc_tlc_communication: Opening MobiCore device
10-24 21:48:38.511 3989 4589 I TZ: mc_tlc_communication: Allocating message buffer for TCI
10-24 21:48:38.511 3989 4589 I TZ: mc_tlc_communication: Opening the session
10-24 21:48:38.521 3099 4634 D libEGL : eglTerminate EGLDisplay = 0x7f8b48de78
10-24 21:48:38.521 3099 4634 D libEGL : eglTerminate EGLDisplay = 0x7f8b48de78
10-24 21:48:38.521 4130 4323 D mali_winsys: new_window_surface returns 0x3000, [1440x84]-format:1
10-24 21:48:38.521 4130 4130 D KeyguardEffectViewController: onLayoutChange() v: com.android.keyguard.effect.EffectBehindView{1728aa1 I.E...... ......ID 0,0-1440,84 #7f0e0325 app:id/keyguard_effect_behind}, bottom : 84, oldBottom : 2560
10-24 21:48:38.521 4130 4130 D KeyguardEffectViewController: mShowing=false, mOccluded=false, mKeyguardFadingAway=false, match_parent=false
10-24 21:48:38.521 4130 4130 W View : requestLayout() improperly called by com.android.systemui.qs.QSContainer{f2c55b1 V.E...... ......ID 0,406-1440,1072 #7f0e01b7 app:id/quick_settings_container} during layout: running second layout pass
10-24 21:48:38.521 4130 4130 I ViewRootImpl: requestLayout is already in process
10-24 21:48:38.541 3099 3099 D libEGL : eglInitialize EGLDisplay = 0x7fc6961138
10-24 21:48:38.541 3099 3099 D libEGL : eglTerminate EGLDisplay = 0x7fc69611c8
10-24 21:48:38.561 3099 3099 D libEGL : eglInitialize EGLDisplay = 0x7fc6961138
10-24 21:48:38.571 3989 4589 I TZ: mc_tlc_communication: tlc_open() succeeded
10-24 21:48:38.571 3520 4925 I TZ: client_server_communication: OpenSWConn(CCM) is successful
10-24 21:48:38.571 3520 4925 I TZ: client_server_communication: Client_Server_Open succeeded, serverName = CCM
10-24 21:48:38.571 3520 4925 I TZ_CCM_C_Initialize: : ctx = 0x7f69511540, comm = 0x7f3df3f830, sendmsg = 0x7f6faf3000, recvmsg = 0x7f6faf7c00
10-24 21:48:38.571 3520 4925 I TZ_init: : TZ_init: sending initialization request...
10-24 21:48:38.571 3520 4925 I TZ: client_server_communication: Cmd id = 2, len = 19456
10-24 21:48:38.571 3520 4925 I TZ: client_server_communication: Calling Communicate()
10-24 21:48:38.571 3989 4020 I TLC_SERVER: BnTLCServer::onTransact(2) 16
10-24 21:48:38.571 3989 4020 I TLC_SERVER: COMM
10-24 21:48:38.581 3099 3099 D libEGL : eglInitialize EGLDisplay = 0x7fc6961138
10-24 21:48:38.681 7948 7948 I TrayVisibilityController: handleMessage : msg.what = 1
10-24 21:48:38.681 7948 7948 I Utils : isCurrentUser current = 0, ownerId = 0
10-24 21:48:38.681 4371 4371 I PeopleStripeVisibilityController: handleMessage : msg.what = 1
10-24 21:48:38.681 7948 7948 I TrayVisibilityController: getComputedTrayVisible : keyguardState = 1
10-24 21:48:38.681 7948 7948 I TrayVisibilityController: updateTrayVisible : State : 1 visible = 1 mCurrentVisible = 1
10-24 21:48:38.681 7948 7948 D TrayStateController: onNotifyUpdateTray: 0 to need to visible? true
10-24 21:48:38.681 4371 4371 I PeopleStripeVisibilityController: getComputedTrayVisible : keyguardState = 1
10-24 21:48:38.681 4371 4371 I PeopleStripeVisibilityController: isVisibleByAlwaysOn : mState = 1
10-24 21:48:38.681 4371 4371 I PeopleStripeProcessMonitor: isPeopleStripeTask packageName = com.google.android.gm 0
10-24 21:48:38.691 4371 4371 I PeopleStripeVisibilityController: updateStripeVisible : State 1 visible = 1
10-24 21:48:38.691 4371 4371 I PeopleStripeManager: isExistVisibleHandler false
10-24 21:48:38.691 4371 4371 I PeopleStripeManager: showStripe Not exist noti handler.
10-24 21:48:38.711 3520 4925 I TZ_init: : TZ_init: successful initialization
10-24 21:48:38.711 3520 4925 I TLC_TZ_COMMON: key_db_init: : Exercising TZ_DB_INIT in TLC
10-24 21:48:38.711 3520 4925 I TZ: client_server_communication: Cmd id = 17, len = 19456
10-24 21:48:38.711 3520 4925 I TZ: client_server_communication: Calling Communicate()
10-24 21:48:38.711 3989 3989 I TLC_SERVER: BnTLCServer::onTransact(2) 16
10-24 21:48:38.711 3989 3989 I TLC_SERVER: COMM
10-24 21:48:38.721 3520 4925 I TZ_COMMON: tlc_key_db_util: : DB Operation suceeded
10-24 21:48:38.721 3520 4925 I TZ: client_server_communication: Cmd id = 46, len = 19456
10-24 21:48:38.721 3520 4925 I TZ: client_server_communication: Calling Communicate()
10-24 21:48:38.721 3989 4589 I TLC_SERVER: BnTLCServer::onTransact(2) 16
10-24 21:48:38.721 3989 4589 I TLC_SERVER: COMM
10-24 21:48:38.741 3520 4925 I TZ_CCM_C_Finalize: : DEBUG_CONTAINER_PROBLEM Exercising TZ_CCM_C_Finalize_TLC
10-24 21:48:38.741 3520 4925 I TZ: client_server_communication: Cmd id = 41, len = 19456
10-24 21:48:38.741 3520 4925 I TZ: client_server_communication: Calling Communicate()
10-24 21:48:38.741 3989 4020 I TLC_SERVER: BnTLCServer::onTransact(2) 16
10-24 21:48:38.741 3989 4020 I TLC_SERVER: COMM
10-24 21:48:38.741 3520 4925 I TZ: client_server_communication: Client_Server_Close was called
10-24 21:48:38.741 3989 3989 I TLC_SERVER: BnTLCServer::onTransact(1) 16
10-24 21:48:38.741 3989 3989 I TLC_SERVER: CLOSESWCONN
10-24 21:48:38.741 3989 3989 I TZ: mc_tlc_communication: tlc_close() was called
10-24 21:48:38.741 3989 3989 I TZ: mc_tlc_communication: Closing the session
10-24 21:48:38.751 3126 3677 I APM::AudioPolicyManager: stopOutput() output 4, stream 1, session 179
10-24 21:48:38.761 3989 3989 I TZ: mc_tlc_communication: Freeing message buffer
10-24 21:48:38.761 3989 3989 I TZ: mc_tlc_communication: Closing MobiCore device
10-24 21:48:38.771 4130 4130 V PanelView: touch re-enable
10-24 21:48:38.771 3989 3989 I TZ: mc_tlc_communication: tlc_close() succeeded
10-24 21:48:38.771 3520 4925 I TZ: client_server_communication: Client_Server_Close succeeded
10-24 21:48:38.771 3520 4925 I TZ: client_server_communication: IClientServer::~IClientServer()
10-24 21:48:38.771 3520 4925 I FipsTimaKeyStore: CCM is available on this device
10-24 21:48:38.771 3520 4925 I FipsTimaKeyStore: CCM is NOT enabled for this user
10-24 21:48:38.771 3520 4925 I : TimaKeyStore: tima_KeyStore3_exist_JNI
10-24 21:48:38.771 3520 4925 I : TimaKeyStore: callingUid is 1000
10-24 21:48:38.771 3520 4925 E TLC_TZ_KEYSTORE: : Inside TZ_KEYSTORE_encrypt_filename()
10-24 21:48:38.771 3520 4925 I TLC_TZ_KEYSTORE: : creating new keystore context...
10-24 21:48:38.771 3520 4925 I TLC_TZ_KEYSTORE: : initializing ccm context...
10-24 21:48:38.771 3520 4925 I TLC_TZ_KEYSTORE: : root = 0, root_strlen = 1
10-24 21:48:38.771 3520 4925 I TLC_TZ_KEYSTORE: : process = ffffffff000000000000000000000013, process_strlen = 32
10-24 21:48:38.771 3520 4925 I TZ: mc_tlc_communication: input max_sendmsg_size = 1080
10-24 21:48:38.771 3520 4925 I TZ: mc_tlc_communication: input max_recvmsg_size = 1080
10-24 21:48:38.771 3520 4925 I TZ: mc_tlc_communication: root = 0, root_len = 1
10-24 21:48:38.771 3520 4925 I TZ: mc_tlc_communication: process = ffffffff000000000000000000000013, process_strlen = 32
10-24 21:48:38.771 3520 4925 I TZ: mc_tlc_communication: aligned max_sendmsg_size = 1088
10-24 21:48:38.771 3520 4925 I TZ: mc_tlc_communication: aligned max_recvmsg_size = 1088
10-24 21:48:38.771 3520 4925 I TZ: mc_tlc_communication: device_id = 0x0
10-24 21:48:38.771 3520 4925 I TZ: mc_tlc_communication: tlc_open() was called
10-24 21:48:38.771 3520 4925 I TZ: mc_tlc_communication: Opening MobiCore device
10-24 21:48:38.771 3520 4925 I TZ: mc_tlc_communication: Allocating message buffer for TCI
10-24 21:48:38.771 3520 4925 I TZ: mc_tlc_communication: Opening the session
10-24 21:48:38.791 3520 4925 I TZ: mc_tlc_communication: tlc_open() succeeded
10-24 21:48:38.791 3520 4925 I TLC_TZ_KEYSTORE: : ctx = 0x7f69511540, comm = 0x7f3df3f830, sendmsg = 0x7f704a9000, recvmsg = 0x7f704a9440
10-24 21:48:38.791 3520 4925 I TLC_TZ_COMMON: get_filename: : TZ_COMMON: Get_filename - allow_hashing: 0
10-24 21:48:38.791 3520 4925 I TLC_TZ_COMMON: get_filename: : TZ GetFN : priv_data.in_filename: 1000_KS_SKEY_PersonaPwdResetToken0, len: 34
10-24 21:48:38.791 3520 4925 I TLC_TZ_COMMON: get_filename: : TZ CCM : priv_data.in_fn_len: 34
10-24 21:48:38.791 3520 4925 I TLC_TZ_COMMON: get_filename: : TZ GetFN : Starting
10-24 21:48:38.801 3520 4925 I TLC_TZ_COMMON: get_filename: : TZ GetFN : enc filename: 78BE973747E71F0AEE96BEBF181728BF3B8C2D1785D551400A09A51AA75DE3B76D737730FC30D7797399D25D5B6C2E8C0858A5EC990B0F7224A771C7E1650747
10-24 21:48:38.801 3520 4925 I TZ: mc_tlc_communication: tlc_close() was called
10-24 21:48:38.801 3520 4925 I TZ: mc_tlc_communication: Closing the session
10-24 21:48:38.821 3520 4925 I TZ: mc_tlc_communication: Freeing message buffer
10-24 21:48:38.821 3520 4925 I TZ: mc_tlc_communication: Closing MobiCore device
10-24 21:48:38.821 3520 4925 I TZ: mc_tlc_communication: tlc_close() succeeded
10-24 21:48:38.821 3520 4925 E TLC_TZ_KEYSTORE: : Count : 1, Ret : 0
10-24 21:48:38.821 3520 4925 I : TimaKeyStore: encryptFilename : filename is: 78BE973747E71F0AEE96BEBF181728BF3B8C2D1785D551400A09A51AA75DE3B76D737730FC30D7797399D25D5B6C2E8C0858A5EC990B0F7224A771C7E1650747
10-24 21:48:38.821 3520 4925 I : TimaKeyStore: /data/misc/fips_tima_keystore/user_0/78BE973747E71F0AEE96BEBF181728BF3B8C2D1785D551400A09A51AA75DE3B76D737730FC30D7797399D25D5B6C2E8C0858A5EC990B0F7224A771C7E1650747 exists
10-24 21:48:38.821 3520 4925 I : TimaKeyStore: tima_KeyStore3_exist_JNI
10-24 21:48:38.821 3520 4925 I : TimaKeyStore: callingUid is 1000
10-24 21:48:38.821 3520 4925 E TLC_TZ_KEYSTORE: : Inside TZ_KEYSTORE_encrypt_filename()
10-24 21:48:38.821 3520 4925 I TLC_TZ_KEYSTORE: : creating new keystore context...
10-24 21:48:38.821 3520 4925 I TLC_TZ_KEYSTORE: : initializing ccm context...
10-24 21:48:38.821 3520 4925 I TLC_TZ_KEYSTORE: : root = 0, root_strlen = 1
10-24 21:48:38.821 3520 4925 I TLC_TZ_KEYSTORE: : process = ffffffff000000000000000000000013, process_strlen = 32
10-24 21:48:38.821 3520 4925 I TZ: mc_tlc_communication: input max_sendmsg_size = 1080
10-24 21:48:38.821 3520 4925 I TZ: mc_tlc_communication: input max_recvmsg_size = 1080
10-24 21:48:38.821 3520 4925 I TZ: mc_tlc_communication: root = 0, root_len = 1
10-24 21:48:38.821 3520 4925 I TZ: mc_tlc_communication: process = ffffffff000000000000000000000013, process_strlen = 32
10-24 21:48:38.821 3520 4925 I TZ: mc_tlc_communication: aligned max_sendmsg_size = 1088
10-24 21:48:38.821 3520 4925 I TZ: mc_tlc_communication: aligned max_recvmsg_size = 1088
10-24 21:48:38.821 3520 4925 I TZ: mc_tlc_communication: device_id = 0x0
10-24 21:48:38.821 3520 4925 I TZ: mc_tlc_communication: tlc_open() was called
10-24 21:48:38.821 3520 4925 I TZ: mc_tlc_communication: Opening MobiCore device
10-24 21:48:38.821 3520 4925 I TZ: mc_tlc_communication: Allocating message buffer for TCI
10-24 21:48:38.821 3520 4925 I TZ: mc_tlc_communication: Opening the session
10-24 21:48:38.841 3520 4925 I TZ: mc_tlc_communication: tlc_open() succeeded
10-24 21:48:38.841 3520 4925 I TLC_TZ_KEYSTORE: : ctx = 0x7f69511540, comm = 0x7f3df3f830, sendmsg = 0x7f704a9000, recvmsg = 0x7f704a9440
10-24 21:48:38.841 3520 4925 I TLC_TZ_COMMON: get_filename: : TZ_COMMON: Get_filename - allow_hashing: 0
10-24 21:48:38.841 3520 4925 I TLC_TZ_COMMON: get_filename: : TZ GetFN : priv_data.in_filename: 1000_KS_SKEY_PersonaPwdResetToken0, len: 34
10-24 21:48:38.841 3520 4925 I TLC_TZ_COMMON: get_filename: : TZ CCM : priv_data.in_fn_len: 34
10-24 21:48:38.841 3520 4925 I TLC_TZ_COMMON: get_filename: : TZ GetFN : Starting
10-24 21:48:38.851 3520 4925 I TLC_TZ_COMMON: get_filename: : TZ GetFN : enc filename: 78BE973747E71F0AEE96BEBF181728BF3B8C2D1785D551400A09A51AA75DE3B76D737730FC30D7797399D25D5B6C2E8C0858A5EC990B0F7224A771C7E1650747
10-24 21:48:38.851 3520 4925 I TZ: mc_tlc_communication: tlc_close() was called
10-24 21:48:38.851 3520 4925 I TZ: mc_tlc_communication: Closing the session
10-24 21:48:38.871 3520 4925 I TZ: mc_tlc_communication: Freeing message buffer
10-24 21:48:38.871 3520 4925 I TZ: mc_tlc_communication: Closing MobiCore device
10-24 21:48:38.871 3520 4925 I TZ: mc_tlc_communication: tlc_close() succeeded
10-24 21:48:38.871 3520 4925 E TLC_TZ_KEYSTORE: : Count : 1, Ret : 0
10-24 21:48:38.871 3520 4925 I : TimaKeyStore: encryptFilename : filename is: 78BE973747E71F0AEE96BEBF181728BF3B8C2D1785D551400A09A51AA75DE3B76D737730FC30D7797399D25D5B6C2E8C0858A5EC990B0F7224A771C7E1650747
10-24 21:48:38.871 3520 4925 I : TimaKeyStore: /data/misc/fips_tima_keystore/user_0/78BE973747E71F0AEE96BEBF181728BF3B8C2D1785D551400A09A51AA75DE3B76D737730FC30D7797399D25D5B6C2E8C0858A5EC990B0F7224A771C7E1650747 exists
10-24 21:48:38.871 3520 4925 I : TimaKeyStore: tima_KeyStore3_exist_JNI
10-24 21:48:38.871 3520 4925 I : TimaKeyStore: callingUid is 1000
10-24 21:48:38.871 3520 4925 E TLC_TZ_KEYSTORE: : Inside TZ_KEYSTORE_encrypt_filename()
10-24 21:48:38.871 3520 4925 I TLC_TZ_KEYSTORE: : creating new keystore context...
10-24 21:48:38.871 3520 4925 I TLC_TZ_KEYSTORE: : initializing ccm context...
10-24 21:48:38.871 3520 4925 I TLC_TZ_KEYSTORE: : root = 0, root_strlen = 1
10-24 21:48:38.871 3520 4925 I TLC_TZ_KEYSTORE: : process = ffffffff000000000000000000000013, process_strlen = 32
10-24 21:48:38.871 3520 4925 I TZ: mc_tlc_communication: input max_sendmsg_size = 1080
10-24 21:48:38.871 3520 4925 I TZ: mc_tlc_communication: input max_recvmsg_size = 1080
10-24 21:48:38.871 3520 4925 I TZ: mc_tlc_communication: root = 0, root_len = 1
10-24 21:48:38.871 3520 4925 I TZ: mc_tlc_communication: process = ffffffff000000000000000000000013, process_strlen = 32
10-24 21:48:38.871 3520 4925 I TZ: mc_tlc_communication: aligned max_sendmsg_size = 1088
10-24 21:48:38.871 3520 4925 I TZ: mc_tlc_communication: aligned max_recvmsg_size = 1088
10-24 21:48:38.871 3520 4925 I TZ: mc_tlc_communication: device_id = 0x0
10-24 21:48:38.871 3520 4925 I TZ: mc_tlc_communication: tlc_open() was called
10-24 21:48:38.871 3520 4925 I TZ: mc_tlc_communication: Opening MobiCore device
10-24 21:48:38.871 3520 4925 I TZ: mc_tlc_communication: Allocating message buffer for TCI
10-24 21:48:38.871 3520 4925 I TZ: mc_tlc_communication: Opening the session
10-24 21:48:38.891 3520 4925 I TZ: mc_tlc_communication: tlc_open() succeeded
10-24 21:48:38.891 3520 4925 I TLC_TZ_KEYSTORE: : ctx = 0x7f69511540, comm = 0x7f3df3f830, sendmsg = 0x7f704a9000, recvmsg = 0x7f704a9440
10-24 21:48:38.891 3520 4925 I TLC_TZ_COMMON: get_filename: : TZ_COMMON: Get_filename - allow_hashing: 0
10-24 21:48:38.891 3520 4925 I TLC_TZ_COMMON: get_filename: : TZ GetFN : priv_data.in_filename: 1000_KS_SKEY_PersonaPwdResetToken0, len: 34
10-24 21:48:38.891 3520 4925 I TLC_TZ_COMMON: get_filename: : TZ CCM : priv_data.in_fn_len: 34
10-24 21:48:38.891 3520 4925 I TLC_TZ_COMMON: get_filename: : TZ GetFN : Starting
10-24 21:48:38.891 3520 4925 I TLC_TZ_COMMON: get_filename: : TZ GetFN : enc filename: 78BE973747E71F0AEE96BEBF181728BF3B8C2D1785D551400A09A51AA75DE3B76D737730FC30D7797399D25D5B6C2E8C0858A5EC990B0F7224A771C7E1650747
10-24 21:48:38.891 3520 4925 I TZ: mc_tlc_communication: tlc_close() was called
10-24 21:48:38.891 3520 4925 I TZ: mc_tlc_communication: Closing the session
10-24 21:48:38.921 3520 4925 I TZ: mc_tlc_communication: Freeing message buffer
10-24 21:48:38.921 3520 4925 I TZ: mc_tlc_communication: Closing MobiCore device
10-24 21:48:38.921 3520 4925 I TZ: mc_tlc_communication: tlc_close() succeeded
10-24 21:48:38.921 3520 4925 E TLC_TZ_KEYSTORE: : Count : 1, Ret : 0
10-24 21:48:38.921 3520 4925 I : TimaKeyStore: encryptFilename : filename is: 78BE973747E71F0AEE96BEBF181728BF3B8C2D1785D551400A09A51AA75DE3B76D737730FC30D7797399D25D5B6C2E8C0858A5EC990B0F7224A771C7E1650747
10-24 21:48:38.921 3520 4925 I : TimaKeyStore: /data/misc/fips_tima_keystore/user_0/78BE973747E71F0AEE96BEBF181728BF3B8C2D1785D551400A09A51AA75DE3B76D737730FC30D7797399D25D5B6C2E8C0858A5EC990B0F7224A771C7E1650747 exists
10-24 21:48:38.921 3520 4925 I : TimaKeyStore: tima_KeyStore3_exist_JNI
10-24 21:48:38.921 3520 4925 I : TimaKeyStore: callingUid is 1000
10-24 21:48:38.921 3520 4925 E TLC_TZ_KEYSTORE: : Inside TZ_KEYSTORE_encrypt_filename()
10-24 21:48:38.921 3520 4925 I TLC_TZ_KEYSTORE: : creating new keystore context...
10-24 21:48:38.921 3520 4925 I TLC_TZ_KEYSTORE: : initializing ccm context...
10-24 21:48:38.921 3520 4925 I TLC_TZ_KEYSTORE: : root = 0, root_strlen = 1
10-24 21:48:38.921 3520 4925 I TLC_TZ_KEYSTORE: : process = ffffffff000000000000000000000013, process_strlen = 32
10-24 21:48:38.921 3520 4925 I TZ: mc_tlc_communication: input max_sendmsg_size = 1080
10-24 21:48:38.921 3520 4925 I TZ: mc_tlc_communication: input max_recvmsg_size = 1080
10-24 21:48:38.921 3520 4925 I TZ: mc_tlc_communication: root = 0, root_len = 1
10-24 21:48:38.921 3520 4925 I TZ: mc_tlc_communication: process = ffffffff000000000000000000000013, process_strlen = 32
10-24 21:48:38.921 3520 4925 I TZ: mc_tlc_communication: aligned max_sendmsg_size = 1088
10-24 21:48:38.921 3520 4925 I TZ: mc_tlc_communication: aligned max_recvmsg_size = 1088
10-24 21:48:38.921 3520 4925 I TZ: mc_tlc_communication: device_id = 0x0
10-24 21:48:38.921 3520 4925 I TZ: mc_tlc_communication: tlc_open() was called
10-24 21:48:38.921 3520 4925 I TZ: mc_tlc_communication: Opening MobiCore device
10-24 21:48:38.921 3520 4925 I TZ: mc_tlc_communication: Allocating message buffer for TCI
10-24 21:48:38.921 3520 4925 I TZ: mc_tlc_communication: Opening the session
10-24 21:48:38.931 3520 4925 I TZ: mc_tlc_communication: tlc_open() succeeded
10-24 21:48:38.931 3520 4925 I TLC_TZ_KEYSTORE: : ctx = 0x7f69511540, comm = 0x7f3df3f830, sendmsg = 0x7f704a9000, recvmsg = 0x7f704a9440
10-24 21:48:38.931 3520 4925 I TLC_TZ_COMMON: get_filename: : TZ_COMMON: Get_filename - allow_hashing: 0
10-24 21:48:38.931 3520 4925 I TLC_TZ_COMMON: get_filename: : TZ GetFN : priv_data.in_filename: 1000_KS_SKEY_PersonaPwdResetToken0, len: 34
10-24 21:48:38.931 3520 4925 I TLC_TZ_COMMON: get_filename: : TZ CCM : priv_data.in_fn_len: 34
10-24 21:48:38.931 3520 4925 I TLC_TZ_COMMON: get_filename: : TZ GetFN : Starting
10-24 21:48:38.941 3520 4925 I TLC_TZ_COMMON: get_filename: : TZ GetFN : enc filename: 78BE973747E71F0AEE96BEBF181728BF3B8C2D1785D551400A09A51AA75DE3B76D737730FC30D7797399D25D5B6C2E8C0858A5EC990B0F7224A771C7E1650747
10-24 21:48:38.941 3520 4925 I TZ: mc_tlc_communication: tlc_close() was called
10-24 21:48:38.941 3520 4925 I TZ: mc_tlc_communication: Closing the session
10-24 21:48:38.961 3520 4925 I TZ: mc_tlc_communication: Freeing message buffer
10-24 21:48:38.961 3520 4925 I TZ: mc_tlc_communication: Closing MobiCore device
10-24 21:48:38.961 3520 4925 I TZ: mc_tlc_communication: tlc_close() succeeded
10-24 21:48:38.961 3520 4925 E TLC_TZ_KEYSTORE: : Count : 1, Ret : 0
10-24 21:48:38.961 3520 4925 I : TimaKeyStore: encryptFilename : filename is: 78BE973747E71F0AEE96BEBF181728BF3B8C2D1785D551400A09A51AA75DE3B76D737730FC30D7797399D25D5B6C2E8C0858A5EC990B0F7224A771C7E1650747
10-24 21:48:38.961 3520 4925 I : TimaKeyStore: /data/misc/fips_tima_keystore/user_0/78BE973747E71F0AEE96BEBF181728BF3B8C2D1785D551400A09A51AA75DE3B76D737730FC30D7797399D25D5B6C2E8C0858A5EC990B0F7224A771C7E1650747 exists
10-24 21:48:38.961 3520 4925 I : TimaKeyStore: tima_KeyStore3_get_JNI
10-24 21:48:38.961 3520 4925 I : TimaKeyStore: callingUid is 1000
10-24 21:48:38.961 3520 4925 E TLC_TZ_KEYSTORE: : Inside TZ_KEYSTORE_encrypt_filename()
10-24 21:48:38.961 3520 4925 I TLC_TZ_KEYSTORE: : creating new keystore context...
10-24 21:48:38.961 3520 4925 I TLC_TZ_KEYSTORE: : initializing ccm context...
10-24 21:48:38.961 3520 4925 I TLC_TZ_KEYSTORE: : root = 0, root_strlen = 1
10-24 21:48:38.961 3520 4925 I TLC_TZ_KEYSTORE: : process = ffffffff000000000000000000000013, process_strlen = 32
10-24 21:48:38.961 3520 4925 I TZ: mc_tlc_communication: input max_sendmsg_size = 1080
10-24 21:48:38.961 3520 4925 I TZ: mc_tlc_communication: input max_recvmsg_size = 1080
10-24 21:48:38.961 3520 4925 I TZ: mc_tlc_communication: root = 0, root_len = 1
10-24 21:48:38.961 3520 4925 I TZ: mc_tlc_communication: process = ffffffff000000000000000000000013, process_strlen = 32
10-24 21:48:38.961 3520 4925 I TZ: mc_tlc_communication: aligned max_sendmsg_size = 1088
10-24 21:48:38.961 3520 4925 I TZ: mc_tlc_communication: aligned max_recvmsg_size = 1088
10-24 21:48:38.961 3520 4925 I TZ: mc_tlc_communication: device_id = 0x0
10-24 21:48:38.961 3520 4925 I TZ: mc_tlc_communication: tlc_open() was called
10-24 21:48:38.961 3520 4925 I TZ: mc_tlc_communication: Opening MobiCore device
10-24 21:48:38.961 3520 4925 I TZ: mc_tlc_communication: Allocating message buffer for TCI
10-24 21:48:38.961 3520 4925 I TZ: mc_tlc_communication: Opening the session
10-24 21:48:38.981 3520 4925 I TZ: mc_tlc_communication: tlc_open() succeeded
10-24 21:48:38.981 3520 4925 I TLC_TZ_KEYSTORE: : ctx = 0x7f69511540, comm = 0x7f3df3f830, sendmsg = 0x7f704a9000, recvmsg = 0x7f704a9440
10-24 21:48:38.981 3520 4925 I TLC_TZ_COMMON: get_filename: : TZ_COMMON: Get_filename - allow_hashing: 0
10-24 21:48:38.981 3520 4925 I TLC_TZ_COMMON: get_filename: : TZ GetFN : priv_data.in_filename: 1000_KS_SKEY_PersonaPwdResetToken0, len: 34
10-24 21:48:38.981 3520 4925 I TLC_TZ_COMMON: get_filename: : TZ CCM : priv_data.in_fn_len: 34
10-24 21:48:38.981 3520 4925 I TLC_TZ_COMMON: get_filename: : TZ GetFN : Starting
10-24 21:48:38.981 3520 4925 I TLC_TZ_COMMON: get_filename: : TZ GetFN : enc filename: 78BE973747E71F0AEE96BEBF181728BF3B8C2D1785D551400A09A51AA75DE3B76D737730FC30D7797399D25D5B6C2E8C0858A5EC990B0F7224A771C7E1650747
10-24 21:48:38.981 3520 4925 I TZ: mc_tlc_communication: tlc_close() was called
10-24 21:48:38.981 3520 4925 I TZ: mc_tlc_communication: Closing the session
10-24 21:48:39.001 3520 4925 I TZ: mc_tlc_communication: Freeing message buffer
10-24 21:48:39.001 3520 4925 I TZ: mc_tlc_communication: Closing MobiCore device
10-24 21:48:39.001 3520 4925 I TZ: mc_tlc_communication: tlc_close() succeeded
10-24 21:48:39.001 3520 4925 E TLC_TZ_KEYSTORE: : Count : 1, Ret : 0
10-24 21:48:39.001 3520 4925 I : TimaKeyStore: encryptFilename : filename is: 78BE973747E71F0AEE96BEBF181728BF3B8C2D1785D551400A09A51AA75DE3B76D737730FC30D7797399D25D5B6C2E8C0858A5EC990B0F7224A771C7E1650747
10-24 21:48:39.001 3520 4925 I TLC_TZ_KEYSTORE: : TZ_KEYSTORE_fips_unwrap_key
10-24 21:48:39.001 3520 4925 I TLC_TZ_KEYSTORE: : creating new keystore context...
10-24 21:48:39.001 3520 4925 I TLC_TZ_KEYSTORE: : initializing ccm context...
10-24 21:48:39.001 3520 4925 I TLC_TZ_KEYSTORE: : root = 0, root_strlen = 1
10-24 21:48:39.001 3520 4925 I TLC_TZ_KEYSTORE: : process = ffffffff000000000000000000000013, process_strlen = 32
10-24 21:48:39.001 3520 4925 I TZ: mc_tlc_communication: input max_sendmsg_size = 1080
10-24 21:48:39.001 3520 4925 I TZ: mc_tlc_communication: input max_recvmsg_size = 1080
10-24 21:48:39.001 3520 4925 I TZ: mc_tlc_communication: root = 0, root_len = 1
10-24 21:48:39.001 3520 4925 I TZ: mc_tlc_communication: process = ffffffff000000000000000000000013, process_strlen = 32
10-24 21:48:39.001 3520 4925 I TZ: mc_tlc_communication: aligned max_sendmsg_size = 1088
10-24 21:48:39.001 3520 4925 I TZ: mc_tlc_communication: aligned max_recvmsg_size = 1088
10-24 21:48:39.001 3520 4925 I TZ: mc_tlc_communication: device_id = 0x0
10-24 21:48:39.001 3520 4925 I TZ: mc_tlc_communication: tlc_open() was called
10-24 21:48:39.001 3520 4925 I TZ: mc_tlc_communication: Opening MobiCore device
10-24 21:48:39.001 3520 4925 I TZ: mc_tlc_communication: Allocating message buffer for TCI
10-24 21:48:39.001 3520 4925 I TZ: mc_tlc_communication: Opening the session
10-24 21:48:39.021 3520 4925 I TZ: mc_tlc_communication: tlc_open() succeeded
10-24 21:48:39.021 3520 4925 I TLC_TZ_KEYSTORE: : ctx = 0x7f69511540, comm = 0x7f3df3f830, sendmsg = 0x7f704a9000, recvmsg = 0x7f704a9440
10-24 21:48:39.021 3520 4925 I TLC_TZ_KEYSTORE: unwrap_key: : TZ_KEYSTORE_fips_unwrap_key_TLC...
10-24 21:48:39.021 3520 4925 I TLC_TZ_KEYSTORE: unwrap_key: : TZ_KEYSTORE_unwrap_key_START...
10-24 21:48:39.041 3520 4925 I TLC_TZ_KEYSTORE: unwrap_key: : TZ_KEYSTORE_unwrap_key_END...
10-24 21:48:39.041 3520 4925 I TZ: mc_tlc_communication: tlc_close() was called
10-24 21:48:39.041 3520 4925 I TZ: mc_tlc_communication: Closing the session
10-24 21:48:39.061 3520 4925 I TZ: mc_tlc_communication: Freeing message buffer
10-24 21:48:39.061 3520 4925 I TZ: mc_tlc_communication: Closing MobiCore device
10-24 21:48:39.061 3520 4925 I TZ: mc_tlc_communication: tlc_close() succeeded
10-24 21:48:39.061 3520 4925 E TLC_TZ_KEYSTORE: : Count : 1, Ret : 0
10-24 21:48:39.061 3520 4925 I : TimaKeyStore: returning bytearray
10-24 21:48:39.061 3520 4925 D TimaHelper: Found key : PersonaPwdResetToken0 from TIMA keystore
10-24 21:48:39.061 3520 4925 I KeyManagementUtil: retrieveCMK :: Inside
10-24 21:48:39.061 3520 4925 D KeyManagementUtil: verifyKEK :: Inside
10-24 21:48:39.061 3520 4925 D KeyManagementUtil: SND -> {keymanagement_cmd verify_kek}
10-24 21:48:39.061 3162 3259 D SDP_JNI_SKMM2: [sdp] CALL - VerifyKEK.....
10-24 21:48:39.061 3162 3259 D SDP_JNI_SKMM2: verifyKEK .....
10-24 21:48:39.061 3162 3259 D SDP_JNI_SKMM2: verifyKEK :: id=0, type=MDM
10-24 21:48:39.061 3162 3259 D SKMM_v2.0_Mobicore_Helper: Try Trustlet Open Session
10-24 21:48:39.131 27044 27044 I InCall : InCallPresenter - - setBoundAndWaitingForOutgoingCall: false
10-24 21:48:39.131 27044 27044 I InCall : InCallPresenter - - callListcom.android.incallui.CallList@a9892c1
10-24 21:48:39.131 27044 27044 I InCall : InCallPresenter - - Phone switching state: NO_CALLS -> NO_CALLS
10-24 21:48:39.131 27044 27044 D InCall : InCallUtils - isEcholocateEnabled name = UI
10-24 21:48:39.131 27044 27044 D InCall : InCallUtils - isEcholocateEnabled enabled = false
10-24 21:48:39.131 27044 27044 I InCall : CallSContextMotion - stopPutDownListening
10-24 21:48:39.131 27044 27044 D InCall : SecStatusBarNotifier - updateInCallNotification(allowFullScreenIntent = false)...
10-24 21:48:39.131 4371 4383 D PeopleNotiListenerService: onEdgeNotificationRemoved() : pkg com.android.incallui,id=1,extra=Bundle[mParcelledData.dataSize=84]
10-24 21:48:39.131 4371 4371 D PeopleNotiListenerService: removeEdgeNotification:Bundle[{samsung.notification.id=1, samsung.notification.type=normal, samsung.people.package_name=com.android.incallui}]
10-24 21:48:39.131 4371 4371 I PeopleStripeService: PeopleNotificationReceiver:3
10-24 21:48:39.131 4371 4371 I PeopleStripeService: sendEdgeNotification peopleEnabled true lightingEnabled true edgeEnabled true
10-24 21:48:39.131 4371 4371 I PeopleDataManager: removeNotification
10-24 21:48:39.131 4371 4371 I NotificationParser: getNotiType:com.android.incallui,null
10-24 21:48:39.131 4371 4371 D PeopleDataManager: removeNotiInfo: id =1,packageName=com.android.incallui,isEdgeNotification=false,key=null,removeAll=false
10-24 21:48:39.131 4371 4371 D PeopleDataManager: removeNotiInfo =null
10-24 21:48:39.131 27044 27044 I InCall : CallSContextMotion - stopFlatMotionListening
10-24 21:48:39.131 27044 27044 I InCall : InCallPresenter - - attemptCleanup? true
10-24 21:48:39.141 27044 27044 D Phone-ECID: clearAllCalls()...
10-24 21:48:39.141 27044 27044 D Phone-ECID: clearAllCalls()... done
10-24 21:48:39.141 27044 27044 D InCall : InCallUtils - setMergeAfterAnswer - merge : false
10-24 21:48:39.141 27044 27044 D InCall : ContactInfoCache - clearCache
10-24 21:48:39.141 27044 27044 D InCall : ProximitySensor - - tearDown
10-24 21:48:39.141 27044 27044 D AccelerometerListener: enable(false)
10-24 21:48:39.141 27044 27044 I InCall : ProximitySensor - - Proximity wake lock already released
10-24 21:48:39.141 27044 27044 D InCall : SecStatusBarNotifier - - tearDown
10-24 21:48:39.141 27044 27044 D WfcRegistrationStateHelper: unregisterObserver()
10-24 21:48:39.141 27044 27044 D WfcRegistrationStateHelper: RegistrationStateObserver/unregisterObserver()
10-24 21:48:39.141 27044 27044 D CII : IMSInterfaceForGeneralService: deRegisterForRegisterStateChange() with listener : com.android.incallui.secui.SecStatusBarNotifier$2@b830e9a
10-24 21:48:39.151 27044 27044 D CII : IMSInterfaceForBaseService: getIMSService [WAIT_FOR_READY] : Service Ready!
10-24 21:48:39.151 4590 7962 D EmulatedCommonImsService: registerForRegisterStateChange: deprecated.
10-24 21:48:39.151 4590 7962 D ImsServiceStub: unregisterImsRegistrationListener:
10-24 21:48:39.151 4590 7962 D ImsServiceStub: registerImsRegistrationListener: broadcast = false
10-24 21:48:39.151 27044 27044 D CII : IMSInterfaceForCallService: deRegisterForCallStateChange() with listener : com.android.incallui.secui.SecStatusBarNotifier$2@b830e9a
10-24 21:48:39.151 27044 27044 D ScoverManager: unregisterListener
10-24 21:48:39.151 3520 4850 D CoverManagerWhiteLists: isAllowedToUse : SIGNATURE_MATCH
10-24 21:48:39.151 3520 3543 D CoverManagerWhiteLists: isAllowedToUse : SIGNATURE_MATCH
10-24 21:48:39.151 3520 3543 D CoverManager.StateNotifier: unregisterCallback : binder = android.os.BinderProxy@64038d0, pid : 27044, uid : 1001
10-24 21:48:39.161 27044 27044 D EasySignUpManager_1.15.0305: serviceId : 0, features : 1
10-24 21:48:39.161 3162 3259 D SKMM_v2.0_Mobicore_Helper: Send Trustlet TCI Message
10-24 21:48:39.161 27044 27044 D EasySignUpManager_1.15.0305: isAuth is false
10-24 21:48:39.161 27044 27044 I InCall : CallSContextMotion - stopPutDownListening
10-24 21:48:39.171 4509 4509 D SSInfoManager: setSSInfoService
10-24 21:48:39.191 3162 3259 D SDP_JNI_SKMM2: verifyKEK ..... End
10-24 21:48:39.191 3520 4027 D KeyManagementUtil: RCV <-
10-24 21:48:39.191 3520 4925 D KeyManagementUtil: RMV <-
10-24 21:48:39.191 3520 4925 D KeyManagementUtil: event called.
10-24 21:48:39.201 3520 4925 D SdpManagerService: cacheMasterKey :: 0
10-24 21:48:39.201 3520 4925 E SDP.CRYPTO:
10-24 21:48:39.201 3520 4925 E SDP.CRYPTO: int sdp_drv_on_unlocked(int, const char*, int)(0)
10-24 21:48:39.201 3520 4925 I SDP.CRYPTO: loadKey: /data/system/users/0/SDPK_Rpri
10-24 21:48:39.201 3520 4925 E SDP.CRYPTO: Rpri loaded
10-24 21:48:39.201 3520 4925 I SDP.CRYPTO: loadKey: /data/system/users/0/SDPK_Dpri
10-24 21:48:39.201 3520 4925 E SDP.CRYPTO: Dpri loaded
10-24 21:48:39.201 3520 4925 I SDP.CRYPTO: loadKey: /data/system/users/0/SDPK_EDpri
10-24 21:48:39.201 3520 4925 E SDP.CRYPTO: No hash for ECDH verification.. need to migrate??
10-24 21:48:39.201 3520 4925 E SDP.CRYPTO: EDpri loaded
10-24 21:48:39.201 3520 4925 I SDP.CRYPTO: loadKey: /data/system/users/0/SDPK_sym
10-24 21:48:39.201 3520 4925 E SDP.CRYPTO: sym loaded
10-24 21:48:39.201 3520 4925 E SDP.CRYPTO: On User Unlock OK, id 0
10-24 21:48:39.201 3520 4925 E SdpManagerService: sendBroadcastAsUser(INTENT_SDP_STATE_CHANGED, state:2)
10-24 21:48:39.201 4130 28219 D KeyguardViewMediator: unlockSdp :: Unlock SDP Successful..!
10-24 21:48:39.211 3520 4604 E SdpServiceKeeper: isLicensed {pid:26955 uid:10173 userid:0 doPkg:null}
10-24 21:48:39.211 3520 4604 E SdpServiceKeeper: White listed. Skip license activation
10-24 21:48:39.211 26955 26955 E SdpStateChangedReceiver: com.sec.enterprise.knox.sdp.exception.SdpEngineNotExistsException
10-24 21:48:39.401 3126 3794 I audio_hw_primary: do_out_standby +
10-24 21:48:39.401 3126 3794 D audio_hw_primary: [MAXIM] NO DSM LOG 0
10-24 21:48:39.401 3126 3794 D audio_hw_primary: output_devices devices:2
10-24 21:48:39.401 3126 3794 D audio_hw_primary: output_devices devices:2
10-24 21:48:39.401 3126 3794 I audio_hw_primary: do_out_standby -
10-24 21:48:40.791 3520 4096 W System.err: remove failed: ENOENT (No such file or directory) : /data/system/recent_tasks/641_task.xml.bak
10-24 21:48:41.261 4130 4233 D vol.MediaSessions: updateRemoteControllerH null
10-24 21:48:41.261 4130 4233 D vol.MediaSessions: onActiveSessionsUpdatedH n=0
10-24 21:48:41.261 4130 4233 D vol.MediaSessions: onActiveSessionsUpdatedH n=0
10-24 21:48:41.631 3520 4018 D InputReader: Input event(4): value=1 when=8261522431000
10-24 21:48:41.631 3520 4018 D InputReader: Input event(4): value=1 when=8261522431000
10-24 21:48:41.631 3520 4018 I InputReader: Touch event's action is 0x0 (deviceType=0) [pCnt=1, s=0.875 ] when=8261522431000
10-24 21:48:41.631 3520 4018 D InputReader: lastThreadEndTime = 8257633996227, currentThreadStartTime = 8257633998977, diff = 0
10-24 21:48:41.631 3520 4017 I InputDispatcher: Delivering touch to (4130): action: 0x4, toolType: 1
10-24 21:48:41.631 3520 4017 I InputDispatcher: Delivering touch to (26369): action: 0x0, toolType: 1
10-24 21:48:41.631 26369 26369 D ViewRootImpl: ViewPostImeInputStage processPointer 0
10-24 21:48:41.631 3520 4089 D lights : button : 1 +
10-24 21:48:41.651 3099 3099 D libEGL : eglInitialize EGLDisplay = 0x7fc6961138
10-24 21:48:41.661 3520 4089 D lights : button : 1 -
10-24 21:48:41.671 3126 3796 I audio_hw_primary: do_out_standby +
10-24 21:48:41.701 3520 4018 D InputReader: Input event(4): value=0 when=8261596028000
10-24 21:48:41.701 3520 4018 D InputReader: Input event(4): value=0 when=8261596028000
10-24 21:48:41.701 3520 4018 I InputReader: Touch event's action is 0x1 (deviceType=0) [pCnt=1, s=] when=8261596028000
10-24 21:48:41.701 3520 4017 I InputDispatcher: Delivering touch to (26369): action: 0x1, toolType: 1
10-24 21:48:41.701 3126 3796 D audio_hw_primary: output_devices devices:0
10-24 21:48:41.701 3126 3796 D audio_hw_primary: output_devices devices:0
10-24 21:48:41.701 26369 26369 D ViewRootImpl: ViewPostImeInputStage processPointer 1
10-24 21:48:41.701 3126 3796 V audio_hw_primary: select_devices output_scenario:-1 input_scenario:-1 out_snd_device 0x0 in_snd_device:0x0
10-24 21:48:41.701 3126 3796 I audio_hw_primary: set_spk_rx_mute mute(1), rx val=0
10-24 21:48:41.701 3126 3796 I audio_route:
10-24 21:48:41.701 3126 3796 I audio_route: > audio_route_reset :
10-24 21:48:41.701 3126 3796 I audio_route:
10-24 21:48:41.701 3126 3796 I audio_route: > audio_route_update_mixer : +
10-24 21:48:41.711 3520 4850 V AudioService: AudioService playSoundEffect Type : 0, volume : -1.0
10-24 21:48:41.711 26369 26369 I Timeline: Timeline: Activity_launch_request id:com.google.android.gm time:8261601
10-24 21:48:41.711 3520 4061 V AudioService: received MSG_PLAY_SOUND_EFFECT onPlaySoundEffect start
10-24 21:48:41.711 3126 4063 I APM::AudioPolicyManager: getSituationVolume: isBTConnected:0 isHeadConnected:0
10-24 21:48:41.711 3520 4925 E Parcel : Class not found when unmarshalling: com.google.android.gm.welcome.WelcomeTourState
10-24 21:48:41.711 3520 4925 E Parcel : java.lang.ClassNotFoundException: com.google.android.gm.welcome.WelcomeTourState
10-24 21:48:41.711 3520 4925 E Parcel : at java.lang.Class.classForName(Native Method)
10-24 21:48:41.711 3520 4925 E Parcel : at java.lang.Class.forName(Class.java:324)
10-24 21:48:41.711 3520 4925 E Parcel : at android.os.Parcel.readParcelableCreator(Parcel.java:2404)
10-24 21:48:41.711 3520 4925 E Parcel : at android.os.Parcel.readParcelable(Parcel.java:2358)
10-24 21:48:41.711 3520 4925 E Parcel : at android.os.Parcel.readValue(Parcel.java:2264)
10-24 21:48:41.711 3520 4925 E Parcel : at android.os.Parcel.readArrayMapInternal(Parcel.java:2614)
10-24 21:48:41.711 3520 4925 E Parcel : at android.os.BaseBundle.unparcel(BaseBundle.java:221)
10-24 21:48:41.711 3520 4925 E Parcel : at android.os.BaseBundle.getString(BaseBundle.java:920)
10-24 21:48:41.711 3520 4925 E Parcel : at android.content.Intent.getStringExtra(Intent.java:6183)
10-24 21:48:41.711 3520 4925 E Parcel : at com.android.server.am.ActivityStackSupervisor.startActivityLocked(ActivityStackSupervisor.java:2706)
10-24 21:48:41.711 3520 4925 E Parcel : at com.android.server.am.ActivityStackSupervisor.startActivityMayWait(ActivityStackSupervisor.java:2171)
10-24 21:48:41.711 3520 4925 E Parcel : at com.android.server.am.ActivityManagerService.startActivityAsUser(ActivityManagerService.java:6336)
10-24 21:48:41.711 3520 4925 E Parcel : at com.android.server.am.ActivityManagerService.startActivity(ActivityManagerService.java:6107)
10-24 21:48:41.711 3520 4925 E Parcel : at android.app.ActivityManagerNative.onTransact(ActivityManagerNative.java:170)
10-24 21:48:41.711 3520 4925 E Parcel : at com.android.server.am.ActivityManagerService.onTransact(ActivityManagerService.java:3997)
10-24 21:48:41.711 3520 4925 E Parcel : at android.os.Binder.execTransact(Binder.java:453)
10-24 21:48:41.711 3520 4925 E Parcel : Caused by: java.lang.ClassNotFoundException: com.google.android.gm.welcome.WelcomeTourState
10-24 21:48:41.711 3520 4925 E Parcel : at java.lang.Class.classForName(Native Method)
10-24 21:48:41.711 3520 4925 E Parcel : at java.lang.BootClassLoader.findClass(ClassLoader.java:781)
10-24 21:48:41.711 3520 4925 E Parcel : at java.lang.BootClassLoader.loadClass(ClassLoader.java:841)
10-24 21:48:41.711 3520 4925 E Parcel : at java.lang.ClassLoader.loadClass(ClassLoader.java:469)
10-24 21:48:41.711 3520 4925 E Parcel : ... 16 more
10-24 21:48:41.711 3520 4925 E Parcel : Caused by: java.lang.NoClassDefFoundError: Class not found using the boot class loader; no stack trace available
10-24 21:48:41.731 3520 4925 D InputDispatcher: Focused application set to: xxxx
10-24 21:48:41.731 3520 4925 D InputDispatcher: Focus left window: 26369
10-24 21:48:41.731 3520 3598 D PointerIcon: setMouseIconStyle1 pointerType: 1001 iconType:101 flag:0 pid:3520 uid:1000
10-24 21:48:41.731 3520 3598 D PointerIcon: setMouseCustomIcon IconType is same.101
10-24 21:48:41.731 3520 3598 D PointerIcon: setHoveringSpenIconStyle1 pointerType: 10001 iconType:1 flag:0 pid:3520 uid:1000
10-24 21:48:41.731 3520 3598 D PointerIcon: setHoveringSpenCustomIcon IconType is same.1
10-24 21:48:41.731 3126 3796 I audio_route: > audio_route_update_mixer : changed(4) -
10-24 21:48:41.731 3126 3796 I audio_hw_primary: select_devices -
10-24 21:48:41.731 3126 3796 I audio_hw_primary: do_out_standby -
10-24 21:48:41.731 3126 5080 W AudioPolicyIntefaceImpl: Skipped to add effects on session 180
10-24 21:48:41.731 3126 5080 I APM::AudioPolicyManager: startOutput() output 4, stream 1, session 180
10-24 21:48:41.741 3126 3796 D audio_hw_primary: out_set_parameters: enter: kvpairs: routing=2
10-24 21:48:41.741 3126 3796 D AudioFlinger: setCurDevice() 0x2
10-24 21:48:41.741 26369 28245 V MediaPlayer: decode(70, 9421528, 5795)
10-24 21:48:41.751 3126 3802 D OggExtractor: correct time not found. Let's use approximate value
10-24 21:48:41.751 3126 3802 I OggExtractor: OggSource::OggSource() mExtractor ref count = 4
10-24 21:48:41.751 3126 3802 I OMXCodec: Attempting to allocate OMX node 'OMX.google.vorbis.decoder'
10-24 21:48:41.751 3126 3802 I OMXCodec: Successfully allocated OMX node 'OMX.google.vorbis.decoder'
10-24 21:48:41.751 3126 3802 I OMXCodec: >>>UHQA initOutputFormat 16
10-24 21:48:41.751 3126 3802 I OMXCodec: [OMX.google.vorbis.decoder] OMXCodec::start mState=1
10-24 21:48:41.751 3126 3802 I OMXCodec: [OMX.google.vorbis.decoder] allocating 4 buffers of size 8192 on input port
10-24 21:48:41.751 3126 3802 I OMXCodec: [OMX.google.vorbis.decoder] allocating 4 buffers of size 32768 on output port
10-24 21:48:41.751 3126 28247 I OMXCodec: [OMX.google.vorbis.decoder] Now Idle. Component sends idle done Event
10-24 21:48:41.751 3126 3796 V audio_hw_primary: start_output_stream+, out->device : 00000002 , out->type = 1
10-24 21:48:41.761 3126 28247 I OMXCodec: [OMX.google.vorbis.decoder] 0onCmdComplete mState = 7
10-24 21:48:41.761 3126 28247 I OMXCodec: [OMX.google.vorbis.decoder] PORT_DISABLED(1)
10-24 21:48:41.761 3126 28247 I OMXCodec: >>>UHQA initOutputFormat 16
10-24 21:48:41.761 3126 28247 I OMXCodec: [OMX.google.vorbis.decoder] allocating 4 buffers of size 32768 on output port
10-24 21:48:41.761 3126 28247 I OMXCodec: [OMX.google.vorbis.decoder] End Of Stream
10-24 21:48:41.761 3126 3802 I SoundExtractor: extract() reached EOS
10-24 21:48:41.761 3126 3802 I OMXCodec: [OMX.google.vorbis.decoder] stop mState=4
10-24 21:48:41.761 3126 3802 I OMXCodec: [OMX.google.vorbis.decoder] stop() sendCommand(124, OMX_CommandStateSet, OMX_StateIdle)
10-24 21:48:41.761 3126 28247 I OMXCodec: [OMX.google.vorbis.decoder] Now Idle. Component sends idle done Event
10-24 21:48:41.761 3126 3802 I OMXCodec: [OMX.google.vorbis.decoder] stopOmxComponent_l() mstate = 1
10-24 21:48:41.761 3126 3802 I OggExtractor: OggSource::stop() mExtractor ref count = 1
10-24 21:48:41.761 3126 3802 I OggExtractor: OggSource::~OggSource() mExtractor !mStarted ref count = 1
10-24 21:48:41.761 3126 3802 I OggExtractor: ~OggSource --
10-24 21:48:41.761 3126 3802 I OggExtractor: ~OggExtractor ++
10-24 21:48:41.761 3126 3802 I OggExtractor: ~MyOggExtractor ++
10-24 21:48:41.761 3126 3802 I OggExtractor: ~MyOggExtractor --
10-24 21:48:41.761 3126 3802 I OggExtractor: ~OggExtractor --
10-24 21:48:41.821 3126 3796 D audio_hw_primary: start_output_stream (0xf17eca80) out->pcm_device:6 out->config.rate:48000 out->config.format:0 out->period_size:240
10-24 21:48:41.821 3126 3796 D audio_hw_primary: start_output_stream (0xf17eca80) out->config.rate:48000 out->config.format:0 out->period_size:240
10-24 21:48:41.821 3126 3796 V audio_hw_primary: select_devices output_scenario:0 input_scenario:-1 out_snd_device 0x2 in_snd_device:0x0
10-24 21:48:41.821 3126 3796 I audio_route:
10-24 21:48:41.821 3126 3796 I audio_route: > audio_route_reset :
10-24 21:48:41.821 3126 3796 I audio_route:
10-24 21:48:41.821 3126 3796 I audio_route: > audio_route_apply_path : "media-speaker"
10-24 21:48:41.831 26369 26369 I InjectionManager: dispatchOnViewCreated > Target : com.google.android.gm.welcome.SetupAddressesFragment isFragment :true
10-24 21:48:41.831 26369 26369 D Activity: performCreate Call Injection manager
10-24 21:48:41.831 26369 26369 I InjectionManager: dispatchOnViewCreated > Target : com.google.android.gm.welcome.SetupAddressesActivity isFragment :false
10-24 21:48:41.831 26369 26369 D ViewRootImpl: #1 mView = com.android.internal.policy.MultiPhoneWindow$MultiPhoneDecorView{9108fd0 I.E...... R.....ID 0,0-0,0}
10-24 21:48:41.831 26369 27965 W Gmail : email_address in bundle is empty
10-24 21:48:41.841 3520 4387 D ISSUE_DEBUG: InputChannelName : d4579 com.google.android.gm/com.google.android.gm.welcome.SetupAddressesActivity
10-24 21:48:41.841 3520 4928 D ActivityManager: post active user change for 0 fullscreen true isFloatingActivity() false isHomeActivity() false
10-24 21:48:41.841 3520 4928 D KnoxTimeoutHandler: postActiveUserChange [MsgParam] userId: 0 fullscreen is true showWhenlocked is false
10-24 21:48:41.841 3520 3520 D KnoxTimeoutHandler: handleActiveUserChange [MsgParam] userId: 0 fullscreen is true showWhenlocked is false
10-24 21:48:41.841 3520 3520 I KnoxTimeoutHandler: Shared devices show user statefalse
10-24 21:48:41.851 28252 28252 E Zygote : v2
10-24 21:48:41.851 28252 28252 I SELinux : Function: selinux_compare_spd_ram, index[1], SPD-policy is existed. and_ver=SEPF_SECMOBILE_6.0.1 ver=11
10-24 21:48:41.851 28252 28252 W SELinux : Function: selinux_compare_spd_ram, index[1], priority [2], priority version is VE=SEPF_SECMOBILE_6.0.1_0013
10-24 21:48:41.861 26369 26369 D MultiPhoneWindow: performUpdateVisibility, same visibility false
10-24 21:48:41.861 28252 28252 E Zygote : accessInfo : 0
10-24 21:48:41.861 28252 28252 W SELinux : SELinux: seapp_context_lookup: seinfo=gmscore, level=s0:c512,c768, pkgname=com.google.android.gms.feedback
10-24 21:48:41.861 3099 3099 I SurfaceFlinger: id=136 createSurf (1x1),1 flag=404, TetupAddres
10-24 21:48:41.881 3520 3543 D InputDispatcher: Focus entered window: 26369
10-24 21:48:41.881 3520 3598 D PointerIcon: setMouseIconStyle1 pointerType: 1001 iconType:101 flag:0 pid:3520 uid:1000
10-24 21:48:41.881 3520 3598 D PointerIcon: setMouseCustomIcon IconType is same.101
10-24 21:48:41.881 3520 3598 D PointerIcon: setHoveringSpenIconStyle1 pointerType: 10001 iconType:1 flag:0 pid:3520 uid:1000
10-24 21:48:41.881 3520 3598 D PointerIcon: setHoveringSpenCustomIcon IconType is same.1
10-24 21:48:41.881 26369 28201 D mali_winsys: new_window_surface returns 0x3000, [1440x2560]-format:1
10-24 21:48:41.891 28252 28252 D TimaKeyStoreProvider: TimaSignature is unavailable
10-24 21:48:41.891 28252 28252 D ActivityThread: Added TimaKeyStore provider
10-24 21:48:41.901 3126 3796 V audio_hw_primary: select_devices() output_route "media-speaker"
10-24 21:48:41.901 3126 3796 I audio_route:
10-24 21:48:41.901 3126 3796 I audio_route: > audio_route_apply_path : "gain-media-speaker"
10-24 21:48:41.901 3126 3796 V audio_hw_primary: select_devices() output_gain "gain-media-speaker"
10-24 21:48:41.901 3126 3796 I audio_route:
10-24 21:48:41.901 3126 3796 I audio_route: > audio_route_update_mixer : +
10-24 21:48:41.901 3126 3796 I audio_route: > audio_route_update_mixer : changed(0) -
10-24 21:48:41.901 3126 3796 I audio_hw_primary: select_devices -
10-24 21:48:41.901 3126 3796 V audio_hw_primary: start_output_stream-
10-24 21:48:41.901 28252 28252 I InjectionManager: Inside getClassLibPath + mLibMap{0=, 1=}
10-24 21:48:41.911 28252 28252 I InjectionManager: Inside getClassLibPath caller
10-24 21:48:41.931 3126 3796 D AudioFlinger: mixer(0xede40000) throttle end: throttle time(10)
10-24 21:48:41.931 3520 4041 V WindowStateAnimator: Finishing drawing window Window{d4579 u0 d0 com.google.android.gm/com.google.android.gm.welcome.SetupAddressesActivity}: mDrawState=DRAW_PENDING
10-24 21:48:41.931 26369 26369 D ViewRootImpl: MSG_RESIZED_REPORT: ci=Rect(0, 84 - 0, 0) vi=Rect(0, 84 - 0, 0) or=1
10-24 21:48:41.931 3520 4925 D InputMethodManagerService: windowGainedFocus mCurrentFocusedUserId - 0 and mSecureKeypadEnabled-false
10-24 21:48:41.941 3520 3598 D KnoxTimeoutHandler: notifyActivityDrawn [MsgParam] userId: 0 fullscreen is true showWhenlocked is false
10-24 21:48:41.941 3520 3520 D KnoxTimeoutHandler: activityDrawn [MsgParam] userId: 0 fullscreen is true showWhenlocked is false
10-24 21:48:41.941 3520 3598 I ActivityManager: Displayed com.google.android.gm/.welcome.SetupAddressesActivity: +206ms
10-24 21:48:41.941 13979 13979 D SamsungIME: IMPL finishInput
10-24 21:48:41.941 13979 13979 D SamsungIME: SwiftKeyWrapper writeDBdataToFileOnFinishInput
10-24 21:48:41.941 13979 13979 D SamsungIME: saveAndClear +
10-24 21:48:41.941 13979 13979 D SamsungIME: saveAndClear -
10-24 21:48:41.941 13979 13979 D SamsungIME: onStartInput: No inputType, No imeOption, isInputViewShown = false, isExtractViewShown = false, isShowInputRequested = false, isConfigChanged = true
10-24 21:48:41.941 3520 3520 I KnoxTimeoutHandler: SD activityfalse
10-24 21:48:41.941 3520 4928 V WindowStateAnimator: Finishing drawing window Window{d4579 u0 d0 com.google.android.gm/com.google.android.gm.welcome.SetupAddressesActivity}: mDrawState=HAS_DRAWN
10-24 21:48:41.951 3099 3099 D libEGL : eglInitialize EGLDisplay = 0x7fc6961138
10-24 21:48:41.951 3099 3289 D libEGL : eglTerminate EGLDisplay = 0x7f9107ee78
10-24 21:48:41.951 3099 3289 D libEGL : eglTerminate EGLDisplay = 0x7f9107ee78
10-24 21:48:41.951 26369 28201 D OpenGLRenderer: endAllActiveAnimators on 0x7f6b6d8c00 (RippleDrawable) with handle 0x7f75acbcc0
10-24 21:48:41.961 3099 3099 D libEGL : eglInitialize EGLDisplay = 0x7fc6961138
10-24 21:48:41.971 26369 26369 I Timeline: Timeline: Activity_idle id: android.os.BinderProxy@384ffb3 time:8261860
10-24 21:48:41.971 28252 28252 W linker : /data/app/com.google.android.gms-2/lib/arm64/libgmscore.so: unused DT entry: type 0x7ffffffd arg 0x885
10-24 21:48:41.981 28252 28252 W linker : /data/app/com.google.android.gms-2/lib/arm64/libconscrypt_gmscore_jni.so: unused DT entry: type 0x1d arg 0x80
10-24 21:48:41.981 28252 28252 W linker : /data/app/com.google.android.gms-2/lib/arm64/libconscrypt_gmscore_jni.so: unused DT entry: type 0x7ffffffd arg 0x169
10-24 21:48:41.981 28252 28252 V JNIHelp : Registering com/google/android/gms/org/conscrypt/NativeCrypto's 239 native methods...
10-24 21:48:41.991 3126 3677 I APM::AudioPolicyManager: stopOutput() output 4, stream 1, session 180
10-24 21:48:41.991 28252 28252 I art : Rejecting re-init on previously-failed class java.lang.Class
10-24 21:48:41.991 28252 28252 I art : Rejecting re-init on previously-failed class java.lang.Class
10-24 21:48:42.001 28252 28252 I ProviderInstaller: Installed default security provider GmsCore_OpenSSL
10-24 21:48:42.011 4371 4385 D PeopleNotiListenerService: onEdgeNotificationRemoved() : pkg com.google.android.gms,id=10436,extra=Bundle[mParcelledData.dataSize=84]
10-24 21:48:42.011 4371 4371 D PeopleNotiListenerService: removeEdgeNotification:Bundle[{samsung.notification.id=10436, samsung.notification.type=normal, samsung.people.package_name=com.google.android.gms}]
10-24 21:48:42.011 4371 4371 I PeopleStripeService: PeopleNotificationReceiver:3
10-24 21:48:42.011 4371 9312 D PeopleNotiListenerService: onEdgeNotificationRemoved() : pkg com.google.android.gms,id=39789,extra=Bundle[mParcelledData.dataSize=84]
10-24 21:48:42.011 4371 4371 I PeopleStripeService: sendEdgeNotification peopleEnabled true lightingEnabled true edgeEnabled true
10-24 21:48:42.011 4371 4371 I PeopleDataManager: removeNotification
10-24 21:48:42.011 4371 4371 I NotificationParser: getNotiType:com.google.android.gms,null
10-24 21:48:42.011 4371 4371 D PeopleDataManager: removeNotiInfo: id =10436,packageName=com.google.android.gms,isEdgeNotification=false,key=null,removeAll=false
10-24 21:48:42.011 4371 4371 D PeopleDataManager: removeNotiInfo =null
10-24 21:48:42.011 4371 4371 D PeopleNotiListenerService: removeEdgeNotification:Bundle[{samsung.notification.id=39789, samsung.notification.type=normal, samsung.people.package_name=com.google.android.gms}]
