10-24 21:49:29.931 3126 4062 D ExynosCameraMCPipe: [CAM_ID(1)][PIPE_ISP]-DEBUG(setupPipe[169]):set new ispSensorIds
10-24 21:49:29.931 3126 4062 D ExynosCameraMCPipe: [CAM_ID(1)][PIPE_ISP]-DEBUG(m_setPipeInfo[2396])
10-24 21:49:29.931 3126 4062 D ExynosCameraMCPipe: [CAM_ID(1)][PIPE_ISP]-DEBUG(m_setNodeInfo[2469])
10-24 21:49:29.931 3126 4062 D ExynosCameraMCPipe: [CAM_ID(1)][PIPE_ISP]-DEBUG(m_setNodeInfo[2549]):set pipeInfos on ISP_OUTPUT, setFormat(1920, 1080) and reqBuffers(6)
10-24 21:49:29.931 3126 4062 D ExynosCameraNode: [CAM_ID(1)][ISP_OUTPUT]-DEBUG(setSize[372]):w (1920) h (1080)
10-24 21:49:29.931 3126 4062 D ExynosCameraNode: [CAM_ID(1)][ISP_OUTPUT]-DEBUG(m_setFmt[1043]):type 10, 1920 x 1080, format 842090306, yuvRange 7
10-24 21:49:29.931 3126 4062 D ExynosCameraMCPipe: [CAM_ID(1)][PIPE_ISP]-DEBUG(m_setNodeInfo[2469])
10-24 21:49:29.931 3126 4062 D ExynosCameraMCPipe: [CAM_ID(1)][PIPE_ISP]-DEBUG(m_setNodeInfo[2549]):set pipeInfos on SCP_PREVIEW, setFormat(480, 270) and reqBuffers(9)
10-24 21:49:29.931 3126 4062 D ExynosCameraNode: [CAM_ID(1)][SCP_PREVIEW]-DEBUG(setSize[372]):w (480) h (270)
10-24 21:49:29.931 3126 4062 D ExynosCameraNode: [CAM_ID(1)][SCP_PREVIEW]-DEBUG(m_setFmt[1043]):type 9, 480 x 270, format 825380174, yuvRange 7
10-24 21:49:29.931 3126 4062 I ExynosCameraMCPipe: [CAM_ID(1)][PIPE_ISP]-INFO(setupPipe[224]):setupPipe() is succeed, Pipe(4), prepare(0)
10-24 21:49:29.931 3126 4062 D ExynosCameraMCPipe: [CAM_ID(1)][PIPE_DIS]-DEBUG(setPipeId[961]):nodeType(0), id(-1)
10-24 21:49:29.931 3126 4062 D ExynosCameraMCPipe: [CAM_ID(1)][PIPE_DIS]-DEBUG(setPipeId[961]):nodeType(1), id(-1)
10-24 21:49:29.931 3126 4062 D ExynosCameraMCPipe: [CAM_ID(1)][PIPE_DIS]-DEBUG(setPipeId[961]):nodeType(2), id(-1)
10-24 21:49:29.931 3126 4062 D ExynosCameraMCPipe: [CAM_ID(1)][PIPE_DIS]-DEBUG(setPipeId[961]):nodeType(3), id(-1)
10-24 21:49:29.931 3126 4062 D ExynosCameraMCPipe: [CAM_ID(1)][PIPE_DIS]-DEBUG(setPipeId[961]):nodeType(4), id(-1)
10-24 21:49:29.931 3126 4062 D ExynosCameraMCPipe: [CAM_ID(1)][PIPE_DIS]-DEBUG(setPipeId[961]):nodeType(5), id(-1)
10-24 21:49:29.931 3126 4062 D ExynosCameraMCPipe: [CAM_ID(1)][PIPE_DIS]-DEBUG(setPipeId[961]):nodeType(6), id(-1)
10-24 21:49:29.931 3126 4062 D ExynosCameraMCPipe: [CAM_ID(1)][PIPE_DIS]-DEBUG(setPipeId[961]):nodeType(7), id(-1)
10-24 21:49:29.931 3126 4062 D ExynosCameraMCPipe: [CAM_ID(1)][PIPE_DIS]-DEBUG(setPipeId[961]):nodeType(8), id(-1)
10-24 21:49:29.931 3126 4062 D ExynosCameraMCPipe: [CAM_ID(1)][PIPE_DIS]-DEBUG(setPipeId[961]):nodeType(9), id(-1)
10-24 21:49:29.931 3126 4062 D ExynosCameraMCPipe: [CAM_ID(1)][PIPE_DIS]-DEBUG(setPipeId[961]):nodeType(10), id(-1)
10-24 21:49:29.931 3126 4062 D ExynosCameraMCPipe: [CAM_ID(1)][PIPE_DIS]-DEBUG(setPipeId[961]):nodeType(11), id(10)
10-24 21:49:29.931 3126 4062 D ExynosCameraMCPipe: [CAM_ID(1)][PIPE_DIS]-DEBUG(setPipeId[961]):nodeType(12), id(-1)
10-24 21:49:29.931 3126 4062 D ExynosCameraMCPipe: [CAM_ID(1)][PIPE_DIS]-DEBUG(setPipeId[961]):nodeType(13), id(-1)
10-24 21:49:29.931 3126 4062 D ExynosCameraMCPipe: [CAM_ID(1)][PIPE_DIS]-DEBUG(setPipeId[961]):nodeType(14), id(-1)
10-24 21:49:29.931 3126 4062 D ExynosCameraMCPipe: [CAM_ID(1)][PIPE_DIS]-DEBUG(setPipeId[961]):nodeType(15), id(-1)
10-24 21:49:29.931 3126 4062 D ExynosCameraMCPipe: [CAM_ID(1)][PIPE_DIS]-DEBUG(setupPipe[153])
10-24 21:49:29.931 3126 4062 D ExynosCameraMCPipe: [CAM_ID(1)][PIPE_DIS]-DEBUG(setupPipe[163]):set new sensorIds
10-24 21:49:29.931 3126 4062 D ExynosCameraMCPipe: [CAM_ID(1)][PIPE_DIS]-DEBUG(setupPipe[169]):set new ispSensorIds
10-24 21:49:29.931 3126 4062 D ExynosCameraMCPipe: [CAM_ID(1)][PIPE_DIS]-DEBUG(m_setPipeInfo[2396])
10-24 21:49:29.931 3126 4062 I ExynosCameraMCPipe: [CAM_ID(1)][PIPE_DIS]-INFO(setupPipe[224]):setupPipe() is succeed, Pipe(-1), prepare(-348418044)
10-24 21:49:29.931 3126 4062 D ExynosCamera: [CAM_ID(1)][]-DEBUG(m_printExynosCameraInfo[18564]):===================================================
10-24 21:49:29.931 3126 4062 D ExynosCamera: [CAM_ID(1)][]-DEBUG(m_printExynosCameraInfo[18565]):============= ExynosCameraInfo call by m_startPreviewInternal
10-24 21:49:29.931 3126 4062 D ExynosCamera: [CAM_ID(1)][]-DEBUG(m_printExynosCameraInfo[18566]):===================================================
10-24 21:49:29.931 3126 4062 D ExynosCamera: [CAM_ID(1)][]-DEBUG(m_printExynosCameraInfo[18568]):============= Scenario ============================
10-24 21:49:29.931 3126 4062 D ExynosCamera: [CAM_ID(1)][]-DEBUG(m_printExynosCameraInfo[18569]):= getCameraId : 1
10-24 21:49:29.931 3126 4062 D ExynosCamera: [CAM_ID(1)][]-DEBUG(m_printExynosCameraInfo[18570]):= getDualMode : 0
10-24 21:49:29.931 3126 4062 D ExynosCamera: [CAM_ID(1)][]-DEBUG(m_printExynosCameraInfo[18571]):= getScalableSensorMode : 0
10-24 21:49:29.931 3126 4062 D ExynosCamera: [CAM_ID(1)][]-DEBUG(m_printExynosCameraInfo[18572]):= getRecordingHint : 0
10-24 21:49:29.931 3126 4062 D ExynosCamera: [CAM_ID(1)][]-DEBUG(m_printExynosCameraInfo[18573]):= getEffectRecordingHint : 0
10-24 21:49:29.931 3126 4062 D ExynosCamera: [CAM_ID(1)][]-DEBUG(m_printExynosCameraInfo[18574]):= getDualRecordingHint : 0
10-24 21:49:29.931 3126 4062 D ExynosCamera: [CAM_ID(1)][]-DEBUG(m_printExynosCameraInfo[18575]):= getAdaptiveCSCRecording : 0
10-24 21:49:29.931 3126 4062 D ExynosCamera: [CAM_ID(1)][]-DEBUG(m_printExynosCameraInfo[18576]):= doCscRecording : 1
10-24 21:49:29.931 3126 4062 D ExynosCamera: [CAM_ID(1)][]-DEBUG(m_printExynosCameraInfo[18577]):= needGSCForCapture : 1
10-24 21:49:29.931 3126 4062 D ExynosCamera: [CAM_ID(1)][]-DEBUG(m_printExynosCameraInfo[18578]):= getShotMode : 0
10-24 21:49:29.931 3126 4062 D ExynosCamera: [CAM_ID(1)][]-DEBUG(m_printExynosCameraInfo[18579]):= getTpuEnabledMode : 0
10-24 21:49:29.931 3126 4062 D ExynosCamera: [CAM_ID(1)][]-DEBUG(m_printExynosCameraInfo[18580]):= getHWVdisMode : 0
10-24 21:49:29.931 3126 4062 D ExynosCamera: [CAM_ID(1)][]-DEBUG(m_printExynosCameraInfo[18581]):= get3dnrMode : 0
10-24 21:49:29.931 3126 4062 D ExynosCamera: [CAM_ID(1)][]-DEBUG(m_printExynosCameraInfo[18583]):============= Internal setting ====================
10-24 21:49:29.931 3126 4062 D ExynosCamera: [CAM_ID(1)][]-DEBUG(m_printExynosCameraInfo[18584]):= isFlite3aaOtf : 1
10-24 21:49:29.931 3126 4062 D ExynosCamera: [CAM_ID(1)][]-DEBUG(m_printExynosCameraInfo[18585]):= is3aaIspOtf : 0
10-24 21:49:29.931 3126 4062 D ExynosCamera: [CAM_ID(1)][]-DEBUG(m_printExynosCameraInfo[18586]):= isIspTpuOtf : 1
10-24 21:49:29.931 3126 4062 D ExynosCamera: [CAM_ID(1)][]-DEBUG(m_printExynosCameraInfo[18587]):= isReprocessing : 1
10-24 21:49:29.931 3126 4062 D ExynosCamera: [CAM_ID(1)][]-DEBUG(m_printExynosCameraInfo[18588]):= isReprocessing3aaIspOTF : 0
10-24 21:49:29.931 3126 4062 D ExynosCamera: [CAM_ID(1)][]-DEBUG(m_printExynosCameraInfo[18589]):= getUsePureBayerReprocessing : 0
10-24 21:49:29.931 3126 4062 D ExynosCamera: [CAM_ID(1)][]-DEBUG(m_printExynosCameraInfo[18600]):= getReprocessingBayerMode : REPROCESSING_BAYER_MODE_DIRTY_ALWAYS_ON
10-24 21:49:29.931 3126 4062 D ExynosCamera: [CAM_ID(1)][]-DEBUG(m_printExynosCameraInfo[18613]):= isSccCapture : 0
10-24 21:49:29.931 3126 4062 D ExynosCamera: [CAM_ID(1)][]-DEBUG(m_printExynosCameraInfo[18615]):============= size setting =======================
10-24 21:49:29.931 3126 4062 D ExynosCamera: [CAM_ID(1)][]-DEBUG(m_printExynosCameraInfo[18617]):= getMaxSensorSize : 2608 x 1960
10-24 21:49:29.931 3126 4062 D ExynosCamera: [CAM_ID(1)][]-DEBUG(m_printExynosCameraInfo[18620]):= getHwSensorSize : 2608 x 1960
10-24 21:49:29.931 3126 4062 D ExynosCamera: [CAM_ID(1)][]-DEBUG(m_printExynosCameraInfo[18623]):= getBnsSize : 2608 x 1960
10-24 21:49:29.931 3126 4062 D ExynosCamera: [CAM_ID(1)][]-DEBUG(m_printExynosCameraInfo[18628]):= getPreviewBayerCropSize : (0, 0, 2592, 1950) -> (0, 246, 2592, 1458)
10-24 21:49:29.931 3126 4062 D ExynosCamera: [CAM_ID(1)][]-DEBUG(m_printExynosCameraInfo[18632]):= getPreviewBdsSize : (0, 0, 1920, 1080)
10-24 21:49:29.931 3126 4062 D ExynosCamera: [CAM_ID(1)][]-DEBUG(m_printExynosCameraInfo[18635]):= getHwPreviewSize : 480 x 270
10-24 21:49:29.931 3126 4062 D ExynosCamera: [CAM_ID(1)][]-DEBUG(m_printExynosCameraInfo[18638]):= getPreviewSize : 480 x 270
10-24 21:49:29.931 3126 4062 D ExynosCamera: [CAM_ID(1)][]-DEBUG(m_printExynosCameraInfo[18643]):= getPictureBayerCropSize : (0, 0, 2592, 1950) -> (0, 246, 2592, 1458)
10-24 21:49:29.931 3126 4062 D ExynosCamera: [CAM_ID(1)][]-DEBUG(m_printExynosCameraInfo[18647]):= getPictureBdsSize : (0, 0, 2592, 1458)
10-24 21:49:29.931 3126 4062 D ExynosCamera: [CAM_ID(1)][]-DEBUG(m_printExynosCameraInfo[18650]):= getHwPictureSize : 2592 x 1950
10-24 21:49:29.931 3126 4062 D ExynosCamera: [CAM_ID(1)][]-DEBUG(m_printExynosCameraInfo[18653]):= getPictureSize : 2592 x 1458
10-24 21:49:29.931 3126 4062 D ExynosCamera: [CAM_ID(1)][]-DEBUG(m_printExynosCameraInfo[18655]):===================================================
10-24 21:49:29.931 3126 4062 D ExynosCamera: [CAM_ID(1)][]-DEBUG(m_searchFrameFromList[15220]):list is empty
10-24 21:49:29.941 3126 4062 D ExynosCameraMCPipe: [CAM_ID(1)][PIPE_ISP]-DEBUG(start[255])
10-24 21:49:29.941 3126 4062 D ExynosCameraMCPipe: [CAM_ID(1)][PIPE_ISP]-DEBUG(m_startNode[2737])
10-24 21:49:29.941 3126 4062 I ExynosCameraMCPipe: [CAM_ID(1)][PIPE_ISP]-INFO(start[271]):start() is succeed, Pipe(4)
10-24 21:49:29.941 3126 4062 D ExynosCameraMCPipe: [CAM_ID(1)][PIPE_3AA]-DEBUG(start[255])
10-24 21:49:29.941 3126 4062 D ExynosCameraMCPipe: [CAM_ID(1)][PIPE_3AA]-DEBUG(m_startNode[2737])
10-24 21:49:29.971 3126 4062 I ExynosCameraMCPipe: [CAM_ID(1)][PIPE_3AA]-INFO(start[271]):start() is succeed, Pipe(1)
10-24 21:49:29.971 3126 4062 D ExynosCameraPipe: [CAM_ID(1)][PIPE_FLITE]-DEBUG(start[293])
10-24 21:49:29.971 3126 4062 D ExynosCameraMCPipe: [CAM_ID(1)][PIPE_3AA]-DEBUG(prepare[232])
10-24 21:49:29.971 3126 4062 D ExynosCameraMCPipe: [CAM_ID(1)][PIPE_3AA]-DEBUG(m_checkNodeGroupInfo[2824]):(3AA_OUTPUT):oldCropSize(0, 0, 0, 0 / 0, 0, 0, 0) -> newCropSize(0, 246, 2592, 1458 / 0, 246, 2592, 1458)
10-24 21:49:29.971 3126 4062 D ExynosCameraMCPipe: [CAM_ID(1)][PIPE_3AA]-DEBUG(m_checkNodeGroupInfo[2824]):(3AA_CAPTURE):oldCropSize(0, 0, 0, 0 / 0, 0, 0, 0) -> newCropSize(0, 0, 2592, 1458 / 0, 0, 1920, 1080)
10-24 21:49:29.971 3126 4062 D ExynosCameraMCPipe: [CAM_ID(1)][PIPE_3AA]-DEBUG(m_checkNodeGroupInfo[2824]):():oldCropSize(0, 0, 0, 0 / 0, 0, 0, 0) -> newCropSize(0, 0, 1920, 1080 / 0, 0, 480, 270)
10-24 21:49:29.971 3126 4062 I ExynosCameraMCPipe: [CAM_ID(1)][PIPE_3AA]-INFO(prepare[248]):prepare() is succeed, Pipe(1), prepare(3)
10-24 21:49:29.971 3126 4062 D ExynosCameraPipeFlite: [CAM_ID(1)][PIPE_FLITE]-DEBUG(sensorStream[260])
10-24 21:49:30.071 3126 4062 I ExynosCameraFrameFactoryPreview: [CAM_ID(1)][ExynosCameraFrameFactory3aaIspTpu]-INFO(startPipes[1220]):Starting Success!
10-24 21:49:30.071 3126 4062 I ExynosCameraFrameFactoryPreview: [CAM_ID(1)][ExynosCameraFrameFactory3aaIspTpu]-INFO(startInitialThreads[1229]):start pre-ordered initial pipe thread
10-24 21:49:30.071 3126 4062 I ExynosCameraFrameFactory: [CAM_ID(1)][ExynosCameraFrameFactory3aaIspTpu]-INFO(startThread[408]):pipeId=1
10-24 21:49:30.071 3126 4062 D ExynosCameraMCPipe: [CAM_ID(1)][PIPE_3AA]-DEBUG(startThread[323])
10-24 21:49:30.071 3126 4062 I ExynosCameraMCPipe: [CAM_ID(1)][PIPE_3AA]-INFO(startThread[334]):startThread is succeed, Pipe(1)
10-24 21:49:30.071 3126 4062 I ExynosCameraFrameFactory: [CAM_ID(1)][ExynosCameraFrameFactory3aaIspTpu]-INFO(startThread[408]):pipeId=4
10-24 21:49:30.071 3126 4062 D ExynosCameraMCPipe: [CAM_ID(1)][PIPE_ISP]-DEBUG(startThread[323])
10-24 21:49:30.071 3126 4062 I ExynosCameraMCPipe: [CAM_ID(1)][PIPE_ISP]-INFO(startThread[334]):startThread is succeed, Pipe(4)
10-24 21:49:30.071 3126 4062 D ExynosCamera: [CAM_ID(1)][]-set Focus Mode(m_startPreviewInternal[6283])
10-24 21:49:30.071 3126 4062 D ExynosCameraActivityControl: DEBUG(setAutoFocusMode[322]):m_focusMode=8
10-24 21:49:30.071 3126 4062 D ExynosCameraActivityControl: DEBUG(setAutoFocusMode[361]):newMgrAutofocusMode=8, oldMgrAutofocusMode=2
10-24 21:49:30.071 3126 4062 I ExynosCameraActivityAutofocus: INFO(setAutofocusMode[642]):autoFocusMode(8)
10-24 21:49:30.071 3126 4062 I ExynosCameraActivityAutofocus: INFO(startAutofocus[723]):m_autoFocusMode(8)
10-24 21:49:30.071 3126 4062 D ExynosCameraActivityFlash: DEBUG(setFlashStep[1740]):flashStepVal=0
10-24 21:49:30.071 3126 4062 D ExynosCameraActivityFlash: DEBUG(setFlashTrigerPath[1759]):flashTriggerVal=0
10-24 21:49:30.071 3126 4062 I ExynosCamera: [CAM_ID(1)][]-DEBUG(m_startPreviewInternal[6297]):OUT
10-24 21:49:30.071 3126 4062 D ExynosCameraPipeJpeg: DEBUG:duration time( 148 msec):(m_startPreviewInternal)
10-24 21:49:30.071 3126 4062 D ExynosCamera: [CAM_ID(1)][]-DEBUG(startPreview[2097]): do not alloc GSC/JPEG buffer during smart stay
10-24 21:49:30.071 3126 4062 I ExynosCamera: [CAM_ID(1)][]-INFO(startPreview[2126]):setupThread not started pipeID(0)
10-24 21:49:30.071 3126 4062 D ExynosCamera: [CAM_ID(1)][]-DEBUG(startPreview[2129]):setupThread Thread start pipeId(1)
10-24 21:49:30.071 3126 28414 I ExynosCamera: [CAM_ID(1)][]-INFO(m_frameFactoryInitThreadFunc[9409]): -IN-
10-24 21:49:30.071 3126 28414 D ExynosCamera: [CAM_ID(1)][]-DEBUG(m_frameFactoryInitThreadFunc[9439]):framefactory already create
10-24 21:49:30.071 3126 28414 I ExynosCamera: [CAM_ID(1)][]-INFO(m_frameFactoryInitThreadFunc[9454]):m_framefactoryThread end loop(0) m_frameFactoryQ(0), m_previewEnabled(1)
10-24 21:49:30.071 3126 28414 I ExynosCamera: [CAM_ID(1)][]-INFO(m_frameFactoryInitThreadFunc[9456]): -OUT-
10-24 21:49:30.071 3126 4062 D ExynosCamera: [CAM_ID(1)][]-DEBUG(m_startFaceDetection[4164]) toggle : 1
10-24 21:49:30.071 3126 4062 D UniPlugin: uni_plugin_init is called!
10-24 21:49:30.071 3126 4062 D ExynosCameraPipeJpeg: DEBUG:duration time( 382 msec):(startPreview)
10-24 21:49:30.071 3126 4062 I ExynosCamera3Interface: INFO(HAL_camera_device_start_preview[853]):camera(1) out from startPreview()
10-24 21:49:30.071 3126 4062 I ExynosCamera3Interface: INFO(HAL_camera_device_start_preview[857]):camera(1) unlocked..
10-24 21:49:30.071 3126 4062 I ExynosCamera3Interface: INFO(HAL_camera_device_start_preview[864]):camera(1) out (startPreview succeeded)
10-24 21:49:30.071 3126 4062 D ExynosCamera3Interface: DEBUG:duration time( 382 msec):(HAL_camera_device_start_preview)
10-24 21:49:30.081 3520 28379 E SmartFaceManager: Listener does not implements SmartFaceInfoListener2
10-24 21:49:30.101 3126 28410 D ExynosCameraMCPipe: [CAM_ID(1)][PIPE_ISP]-DEBUG(m_checkNodeGroupInfo[2824]):(ISP_OUTPUT):oldCropSize(0, 0, 0, 0 / 0, 0, 0, 0) -> newCropSize(0, 0, 1920, 1080 / 0, 0, 1920, 1080)
10-24 21:49:30.101 3126 28410 D ExynosCameraMCPipe: [CAM_ID(1)][PIPE_ISP]-DEBUG(m_checkNodeGroupInfo[2824]):(ISP_OUTPUT):oldCropSize(0, 0, 0, 0 / 0, 0, 0, 0) -> newCropSize(0, 0, 1920, 1080 / 0, 0, 1920, 1080)
10-24 21:49:30.101 3126 28410 D ExynosCameraMCPipe: [CAM_ID(1)][PIPE_ISP]-DEBUG(m_checkNodeGroupInfo[2824]):():oldCropSize(0, 0, 0, 0 / 0, 0, 0, 0) -> newCropSize(0, 0, 1920, 1080 / 0, 0, 1920, 1080)
10-24 21:49:30.101 3126 28410 D ExynosCameraMCPipe: [CAM_ID(1)][PIPE_ISP]-DEBUG(m_checkNodeGroupInfo[2824]):():oldCropSize(0, 0, 0, 0 / 0, 0, 0, 0) -> newCropSize(0, 0, 1920, 1080 / 0, 0, 480, 270)
10-24 21:49:30.121 3126 28417 D ExynosCamera: (m_checkEntranceLux[18990]): need skip frame for ae/awb stable(3368).
10-24 21:49:30.121 3126 28417 D ExynosCamera: [CAM_ID(1)][]-INFO(m_handlePreviewFrame[8527]):Skip frame for frameSkipCount(3) buffer.index(0)
10-24 21:49:30.121 3126 28417 D ExynosCameraBufferManager: [CAM_ID(1)][SCP_BUF]-DEBUG(cancelBuffer[729]):cancelBuffer bufIndex(0) isReuse(true) function invalid, put buffer
10-24 21:49:30.181 3126 28417 D ExynosCamera: [CAM_ID(1)][]-INFO(m_handlePreviewFrame[8527]):Skip frame for frameSkipCount(2) buffer.index(1)
10-24 21:49:30.191 3126 28417 D ExynosCameraBufferManager: [CAM_ID(1)][SCP_BUF]-DEBUG(cancelBuffer[729]):cancelBuffer bufIndex(1) isReuse(true) function invalid, put buffer
10-24 21:49:30.251 3126 28417 D ExynosCamera: [CAM_ID(1)][]-INFO(m_handlePreviewFrame[8527]):Skip frame for frameSkipCount(1) buffer.index(2)
10-24 21:49:30.251 3126 28417 D ExynosCameraBufferManager: [CAM_ID(1)][SCP_BUF]-DEBUG(cancelBuffer[729]):cancelBuffer bufIndex(2) isReuse(true) function invalid, put buffer
10-24 21:49:30.281 3126 28418 I ExynosCamera: [CAM_ID(1)][]-INFO(m_monitorThreadFunc[16589]): @FIMC_IS_SYNC 14
10-24 21:49:30.281 3126 28418 D ExynosCameraMCPipe: [CAM_ID(1)][PIPE_ISP]-DEBUG(syncLog[1196])
10-24 21:49:30.321 3126 28416 I ExynosCamera: [CAM_ID(1)][]-INFO(m_allocBuffers[16465]):setInfo(planeCount=1, minBufCount=1, maxBufCount=1, type=1, allocMode=1)
10-24 21:49:30.321 3126 28416 D ExynosCameraBufferManager: [CAM_ID(1)][PREVIEW_CB_BUF]-DEBUG(m_defaultAlloc[957]):duration time( 0 msec):(type=1, bufIndex=0, size=194400)
10-24 21:49:30.321 3126 28416 D ExynosCameraBufferManager: [CAM_ID(1)][PREVIEW_CB_BUF]-DEBUG(m_defaultAlloc[977]):Duration time of buffer allocation( 0 msec)
10-24 21:49:30.321 3126 28416 D ExynosCameraBufferManager: [CAM_ID(1)][PREVIEW_CB_BUF]-DEBUG(alloc[225]):Allocate the buffer succeeded (m_allocatedBufCount=1, m_reqBufCount=1, m_allowedMaxBufCount=1) --- dumpBufferInfo ---
10-24 21:49:30.321 3126 28416 I ExynosCameraBufferManager: [CAM_ID(1)][PREVIEW_CB_BUF]-INFO(dumpBufferInfo[1244]):[m_buffer[0].fd[0]=130] .addr=0x0 .size=194400 .position=0 .permission=1]
10-24 21:49:30.321 3126 28416 D ExynosCameraBufferManager: [CAM_ID(1)][PREVIEW_CB_BUF]-DEBUG(alloc[228]):------------------------------------------------------------------
10-24 21:49:30.321 3126 28416 D ExynosCameraPipeJpeg: DEBUG:duration time( 1 msec):(alloc)
10-24 21:49:30.331 3520 4533 I EDMNativeHelperService: isCameraEnabled
10-24 21:49:30.331 3126 28416 D ExynosCamera: [CAM_ID(1)][]-DEBUG(m_previewThreadFunc[9649]):m_firstPreviewTimer stop
10-24 21:49:30.331 3126 28416 D ExynosCamera: [CAM_ID(1)][]-DEBUG(m_printExynosCameraInfo[9651]):============= First Preview time ==================
10-24 21:49:30.331 3126 28416 D ExynosCamera: [CAM_ID(1)][]-DEBUG(m_printExynosCameraInfo[9652]):= startPreview ~ first frame : 641 msec
10-24 21:49:30.331 3126 28416 D ExynosCamera: [CAM_ID(1)][]-DEBUG(m_printExynosCameraInfo[9653]):===================================================
10-24 21:49:30.331 3126 28416 D ExynosCameraActivityAutofocus: (CMGEFL):==================================================
10-24 21:49:30.331 3126 28416 D ExynosCameraActivityAutofocus: (CMGEFL):0x0
10-24 21:49:30.331 3126 28416 D ExynosCameraActivityAutofocus: (CMGEFL):0x0
10-24 21:49:30.331 3126 28416 D ExynosCameraActivityAutofocus: (CMGEFL):0x0
10-24 21:49:30.331 3126 28416 D ExynosCameraActivityAutofocus: (CMGEFL):0x0
10-24 21:49:30.331 3126 28416 D ExynosCameraActivityAutofocus: (CMGEFL):0x0
10-24 21:49:30.331 3126 28416 D ExynosCameraActivityAutofocus: (CMGEFL):0x0
10-24 21:49:30.331 3126 28416 D ExynosCameraActivityAutofocus: (CMGEFL):0x0
10-24 21:49:30.331 3126 28416 D ExynosCameraActivityAutofocus: (CMGEFL):0x0
10-24 21:49:30.331 3126 28416 D ExynosCameraActivityAutofocus: (CMGEFL):0x0
10-24 21:49:30.331 3126 28416 D ExynosCameraActivityAutofocus: (CMGEFL):==================================================
10-24 21:49:30.341 3126 5084 I ShotCommon: setAppUsePreviewFrame(0)
10-24 21:49:30.341 3126 5084 I ShotCommon: disablePreviewMsgBy : msg(In:0x2, Out:0x0)
10-24 21:49:30.341 3126 5084 I ShotCommon: previewCallbackEnabled (0x0)
10-24 21:49:30.341 3126 5084 I ShotCommon: disableMsgType : msg(In:0x10, Out:0xc0d)
10-24 21:49:30.341 24965 24976 D SecCamera-JNI-Java: postEventFromNative: 16
10-24 21:49:30.341 24965 24979 D SecCamera-JNI-Java: handleMessage: 16
10-24 21:49:30.341 24965 24980 E SmartScreen_JNI: processImage start : prev time [ 147068 ]
10-24 21:49:30.341 24965 24980 D SmartScreen_JNI: tmpfile : /data/user/0/com.samsung.android.smartface/files/smart_stay_hash_0.dmc
10-24 21:49:30.341 24965 24980 D DMCFaceEngine: caSmartDP_SmartStay orientation [0] count [0]
10-24 21:49:30.341 24965 24980 D DMCFaceEngine: caSmartDP_SmartStay : FUNCTION START img width 480, height 270 previous angle 0
10-24 21:49:30.341 3126 19918 I ShotCommon: enableMsgType : msg(In:0x10, Out:0xc1d)
10-24 21:49:30.341 3126 19918 I ShotCommon: setAppUsePreviewFrame(1)
10-24 21:49:30.341 24965 24980 D DMCFaceEngine: caSmartDP_SmartStay : loop Start with dir 1, width 270 and heighe 480
10-24 21:49:30.341 3126 19918 I ShotCommon: enablePreviewMsgBy : msg(In:0x2, Out:0x2)
10-24 21:49:30.341 24965 24980 D DMCFaceEngine: caFace_RunFaceDetection_SmartStayRotation : FaceDetection Start with width 270, heighe 480
10-24 21:49:30.341 24965 24980 D DMCFaceEngine: fd_find_run : Use A New Sensor ==========> 1 [270][480]
10-24 21:49:30.341 24965 24980 D DMCFaceEngine: fd_scan_frontal_partial : Re(24 x 43) / Src(270 x 480) / Search(2 x 19) / 8, 0
10-24 21:49:30.341 24965 26670 D DMCFaceEngine: fd_scan_frontal_partial : Re(25 x 46) / Src(270 x 480) / Search(3 x 22) / 9, 3
10-24 21:49:30.341 24965 26669 D DMCFaceEngine: fd_scan_frontal_partial : Re(28 x 50) / Src(270 x 480) / Search(6 x 26) / 10, 2
10-24 21:49:30.341 24965 24980 D DMCFaceEngine: fd_scan_frontal_partial : Re(32 x 58) / Src(270 x 480) / Search(10 x 34) / 12, 0
10-24 21:49:30.341 24965 26668 D DMCFaceEngine: fd_scan_frontal_partial : Re(30 x 54) / Src(270 x 480) / Search(8 x 30) / 11, 1
10-24 21:49:30.341 24965 24980 D DMCFaceEngine: fd_scan_frontal_partial : Re(34 x 62) / Src(270 x 480) / Search(12 x 38) / 13, 0
10-24 21:49:30.341 24965 24980 D DMCFaceEngine: fd_scan_frontal_partial : Re(41 x 74) / Src(270 x 480) / Search(19 x 50) / 15, 0
10-24 21:49:30.341 24965 26670 D DMCFaceEngine: fd_scan_frontal_partial : Re(36 x 65) / Src(270 x 480) / Search(14 x 41) / 14, 3
10-24 21:49:30.351 24965 26669 D DMCFaceEngine: fd_scan_frontal_partial : Re(47 x 85) / Src(270 x 480) / Search(25 x 61) / 16, 2
10-24 21:49:30.351 24965 26668 D DMCFaceEngine: fd_scan_frontal_partial : Re(53 x 95) / Src(270 x 480) / Search(31 x 71) / 17, 1
10-24 21:49:30.351 24965 24980 D DMCFaceEngine: fd_scan_frontal_partial : Re(61 x 110) / Src(270 x 480) / Search(39 x 86) / 18, 0
10-24 21:49:30.351 24965 24980 D DMCFaceEngine: fd_scan_frontal_partial : Re(92 x 164) / Src(270 x 480) / Search(70 x 140) / 20, 0
10-24 21:49:30.351 24965 26670 D DMCFaceEngine: fd_scan_frontal_partial : Re(75 x 134) / Src(270 x 480) / Search(53 x 110) / 19, 3
10-24 21:49:30.351 24965 26669 D DMCFaceEngine: fd_scan_frontal_partial : Re(112 x 200) / Src(270 x 480) / Search(90 x 176) / 21, 2
10-24 21:49:30.361 3126 28408 D ExynosCameraActivityAutofocus: DEBUG(t_func3ABefore[226]):AF-Mode(HAL/FW)=(8/1(0)) AF-Region(x1,y1,x2,y2,weight)=(0, 0, 0, 0, 1000)
10-24 21:49:30.371 24965 24980 D DMCFaceEngine: fd_find_run : Use A New Sensor ==========> 1 [270][480]
10-24 21:49:30.371 24965 24980 D DMCFaceEngine: fd_scan_frontal_partial : Re(24 x 43) / Src(270 x 480) / Search(2 x 19) / 8, 0
10-24 21:49:30.371 24965 26668 D DMCFaceEngine: fd_scan_frontal_partial : Re(28 x 50) / Src(270 x 480) / Search(6 x 26) / 10, 1
10-24 21:49:30.371 24965 26669 D DMCFaceEngine: fd_scan_frontal_partial : Re(25 x 46) / Src(270 x 480) / Search(3 x 22) / 9, 2
10-24 21:49:30.371 24965 26670 D DMCFaceEngine: fd_scan_frontal_partial : Re(30 x 54) / Src(270 x 480) / Search(8 x 30) / 11, 3
10-24 21:49:30.371 24965 24980 D DMCFaceEngine: fd_scan_frontal_partial : Re(32 x 58) / Src(270 x 480) / Search(10 x 34) / 12, 0
10-24 21:49:30.371 24965 26669 D DMCFaceEngine: fd_scan_frontal_partial : Re(34 x 62) / Src(270 x 480) / Search(12 x 38) / 13, 2
10-24 21:49:30.371 24965 26668 D DMCFaceEngine: fd_scan_frontal_partial : Re(36 x 65) / Src(270 x 480) / Search(14 x 41) / 14, 1
10-24 21:49:30.371 24965 26670 D DMCFaceEngine: fd_scan_frontal_partial : Re(41 x 74) / Src(270 x 480) / Search(19 x 50) / 15, 3
10-24 21:49:30.371 24965 24980 D DMCFaceEngine: fd_scan_frontal_partial : Re(47 x 85) / Src(270 x 480) / Search(25 x 61) / 16, 0
10-24 21:49:30.371 24965 26668 D DMCFaceEngine: fd_scan_frontal_partial : Re(53 x 95) / Src(270 x 480) / Search(31 x 71) / 17, 1
10-24 21:49:30.371 24965 26669 D DMCFaceEngine: fd_scan_frontal_partial : Re(61 x 110) / Src(270 x 480) / Search(39 x 86) / 18, 2
10-24 21:49:30.371 24965 26670 D DMCFaceEngine: fd_scan_frontal_partial : Re(75 x 134) / Src(270 x 480) / Search(53 x 110) / 19, 3
10-24 21:49:30.381 24965 24980 D DMCFaceEngine: fd_scan_frontal_partial : Re(92 x 164) / Src(270 x 480) / Search(70 x 140) / 20, 0
10-24 21:49:30.381 24965 26668 D DMCFaceEngine: fd_scan_frontal_partial : Re(112 x 200) / Src(270 x 480) / Search(90 x 176) / 21, 1
10-24 21:49:30.381 3520 5770 I EDMNativeHelperService: isCameraEnabled
10-24 21:49:30.391 3126 5084 I ShotCommon: setAppUsePreviewFrame(0)
10-24 21:49:30.391 3126 5084 I ShotCommon: disablePreviewMsgBy : msg(In:0x2, Out:0x0)
10-24 21:49:30.391 3126 5084 I ShotCommon: previewCallbackEnabled (0x0)
10-24 21:49:30.391 3126 5084 I ShotCommon: disableMsgType : msg(In:0x10, Out:0xc0d)
10-24 21:49:30.391 24965 24975 D SecCamera-JNI-Java: postEventFromNative: 16
10-24 21:49:30.391 24965 24980 D DMCFaceEngine: fd_find_run : Use A New Sensor ==========> 1 [270][480]
10-24 21:49:30.391 24965 24979 D SecCamera-JNI-Java: handleMessage: 16
10-24 21:49:30.391 24965 26670 D DMCFaceEngine: fd_scan_frontal_partial : Re(24 x 43) / Src(270 x 480) / Search(2 x 19) / 8, 3
10-24 21:49:30.391 24965 26668 D DMCFaceEngine: fd_scan_frontal_partial : Re(25 x 46) / Src(270 x 480) / Search(3 x 22) / 9, 1
10-24 21:49:30.391 24965 26669 D DMCFaceEngine: fd_scan_frontal_partial : Re(28 x 50) / Src(270 x 480) / Search(6 x 26) / 10, 2
10-24 21:49:30.391 24965 26670 D DMCFaceEngine: fd_scan_frontal_partial : Re(30 x 54) / Src(270 x 480) / Search(8 x 30) / 11, 3
10-24 21:49:30.391 24965 26668 D DMCFaceEngine: fd_scan_frontal_partial : Re(32 x 58) / Src(270 x 480) / Search(10 x 34) / 12, 1
10-24 21:49:30.391 3126 19918 I ShotCommon: enableMsgType : msg(In:0x10, Out:0xc1d)
10-24 21:49:30.391 3126 19918 I ShotCommon: setAppUsePreviewFrame(1)
10-24 21:49:30.391 3126 19918 I ShotCommon: enablePreviewMsgBy : msg(In:0x2, Out:0x2)
10-24 21:49:30.391 24965 26670 D DMCFaceEngine: fd_scan_frontal_partial : Re(36 x 65) / Src(270 x 480) / Search(14 x 41) / 14, 3
10-24 21:49:30.391 24965 26668 D DMCFaceEngine: fd_scan_frontal_partial : Re(41 x 74) / Src(270 x 480) / Search(19 x 50) / 15, 1
10-24 21:49:30.391 24965 26669 D DMCFaceEngine: fd_scan_frontal_partial : Re(34 x 62) / Src(270 x 480) / Search(12 x 38) / 13, 2
10-24 21:49:30.391 24965 26669 D DMCFaceEngine: fd_scan_frontal_partial : Re(47 x 85) / Src(270 x 480) / Search(25 x 61) / 16, 2
10-24 21:49:30.391 24965 26670 D DMCFaceEngine: fd_scan_frontal_partial : Re(53 x 95) / Src(270 x 480) / Search(31 x 71) / 17, 3
10-24 21:49:30.391 24965 26668 D DMCFaceEngine: fd_scan_frontal_partial : Re(61 x 110) / Src(270 x 480) / Search(39 x 86) / 18, 1
10-24 21:49:30.391 24965 26669 D DMCFaceEngine: fd_scan_frontal_partial : Re(75 x 134) / Src(270 x 480) / Search(53 x 110) / 19, 2
10-24 21:49:30.401 24965 26670 D DMCFaceEngine: fd_scan_frontal_partial : Re(92 x 164) / Src(270 x 480) / Search(70 x 140) / 20, 3
10-24 21:49:30.401 24965 24980 D DMCFaceEngine: fd_scan_frontal_partial : Re(112 x 200) / Src(270 x 480) / Search(90 x 176) / 21, 0
10-24 21:49:30.401 24965 24980 D DMCFaceEngine: caFace_RunFaceDetection_SmartStayRotation : Detected No Face
10-24 21:49:30.401 24965 24980 D DMCFaceEngine: caSmartDP_SmartStay : SINGLE EYE DETECTION LOOP START
10-24 21:49:30.401 24965 24980 D DMCFaceEngine: caSmartDP_SmartStay : single eye detection loop start _ dir 1
10-24 21:49:30.401 24965 24980 D DMCFaceEngine: caIF_RunEyeDetection_MCT_IRS : caIF_RunEyeDetection_MCT_IRS START
10-24 21:49:30.401 24965 24980 D DMCFaceEngine: caIF_RunEyeDetection_MCT_IRS : Width 180, Height 320
10-24 21:49:30.421 3520 4041 I EDMNativeHelperService: isCameraEnabled
10-24 21:49:30.431 3126 5084 I ShotCommon: setAppUsePreviewFrame(0)
10-24 21:49:30.431 3126 5084 I ShotCommon: disablePreviewMsgBy : msg(In:0x2, Out:0x0)
10-24 21:49:30.431 3126 5084 I ShotCommon: previewCallbackEnabled (0x0)
10-24 21:49:30.431 3126 5084 I ShotCommon: disableMsgType : msg(In:0x10, Out:0xc0d)
10-24 21:49:30.431 24965 26730 D SecCamera-JNI-Java: postEventFromNative: 16
10-24 21:49:30.431 24965 24979 D SecCamera-JNI-Java: handleMessage: 16
10-24 21:49:30.431 3126 19918 I ShotCommon: enableMsgType : msg(In:0x10, Out:0xc1d)
10-24 21:49:30.431 3126 19918 I ShotCommon: setAppUsePreviewFrame(1)
10-24 21:49:30.431 3126 19918 I ShotCommon: enablePreviewMsgBy : msg(In:0x2, Out:0x2)
10-24 21:49:30.431 24965 24980 D DMCFaceEngine: caIF_RunEyeDetection_MCT_IRS : caIF_RunEyeDetection_MCT_IRS END
10-24 21:49:30.431 24965 24980 D DMCFaceEngine: caSmartDP_SmartStay : caFace_Aux_FindEyes_IRS time 30613
10-24 21:49:30.431 24965 24980 D DMCFaceEngine: caSmartDP_SmartStay : Single Eye Detection Fail dir 1
10-24 21:49:30.431 24965 24980 D DMCFaceEngine: caSmartDP_SmartStay : loop End ED dir 1 with nResult -1
10-24 21:49:30.431 24965 24980 D DMCFaceEngine: caSmartDP_SmartStay : SINGLE EYE DETECTION LOOP END with nResult -1
10-24 21:49:30.431 24965 24980 D DMCFaceEngine: caSmartDP_SmartStay : DETECT HUMAN FAIL
10-24 21:49:30.431 24965 24980 D DMCFaceEngine: caSmartDP_SmartStay : face : X[0] Y[0] W[0] H[0]
10-24 21:49:30.431 24965 24980 D DMCFaceEngine: caSmartDP_SmartStay : eye : LX[0] LY[0] RX[0] RY[0]
10-24 21:49:30.431 24965 24980 D DMCFaceEngine: caSmartDP_DetermineFixedDevice : TmpFile exists /data/user/0/com.samsung.android.smartface/files/smart_stay_hash_0.dmc
10-24 21:49:30.431 24965 24980 D DMCFaceEngine: caSmartDP_HashingImage : wd [120] ht [67]
10-24 21:49:30.431 24965 24980 D DMCFaceEngine: caSmartDP_DetermineFixedDevice : FIXED OR NOT : difference 410.293408
10-24 21:49:30.431 24965 24980 D DMCFaceEngine: caSmartDP_DetermineFixedDevice : TmpFile making start /data/user/0/com.samsung.android.smartface/files/smart_stay_hash_0.dmc
10-24 21:49:30.431 24965 24980 D DMCFaceEngine: caSmartDP_DetermineFixedDevice : TmpFile making end /data/user/0/com.samsung.android.smartface/files/smart_stay_hash_0.dmc
10-24 21:49:30.431 24965 24980 D DMCFaceEngine: caSmartDP_SmartStay result [-1] - [5.000000]
10-24 21:49:30.431 24965 24980 D DMCFaceEngine: caSmartDP_SmartStay : [5.000000] determine[410] result [-1]
10-24 21:49:30.431 24965 24980 E SmartScreen_JNI: processImage end : function time [ 169314 ] [-1]
10-24 21:49:30.431 3520 28379 E SmartFaceManager: checkForSmartStay onInfo: 100: 0
10-24 21:49:30.431 24965 24980 E SmartScreen_JNI: processImage start : prev time [ 170025 ]
10-24 21:49:30.431 24965 24980 D SmartScreen_JNI: tmpfile : /data/user/0/com.samsung.android.smartface/files/smart_stay_hash_0.dmc
10-24 21:49:30.431 24965 24980 D DMCFaceEngine: caSmartDP_SmartStay orientation [0] count [1]
10-24 21:49:30.431 24965 24980 D DMCFaceEngine: caSmartDP_SmartStay : FUNCTION START img width 480, height 270 previous angle 0
10-24 21:49:30.431 24965 24980 D DMCFaceEngine: caSmartDP_SmartStay : loop Start with dir 1, width 270 and heighe 480
10-24 21:49:30.431 24965 24980 D DMCFaceEngine: caFace_RunFaceDetection_SmartStayRotation : FaceDetection Start with width 270, heighe 480
10-24 21:49:30.431 24965 24980 D DMCFaceEngine: fd_find_run : Use A New Sensor ==========> 1 [270][480]
10-24 21:49:30.431 24965 26668 D DMCFaceEngine: fd_scan_frontal_partial : Re(24 x 43) / Src(270 x 480) / Search(2 x 19) / 8, 1
10-24 21:49:30.431 24965 24980 D DMCFaceEngine: fd_scan_frontal_partial : Re(25 x 46) / Src(270 x 480) / Search(3 x 22) / 9, 0
10-24 21:49:30.431 24965 26670 D DMCFaceEngine: fd_scan_frontal_partial : Re(30 x 54) / Src(270 x 480) / Search(8 x 30) / 11, 3
10-24 21:49:30.431 24965 26669 D DMCFaceEngine: fd_scan_frontal_partial : Re(28 x 50) / Src(270 x 480) / Search(6 x 26) / 10, 2
10-24 21:49:30.431 24965 24980 D DMCFaceEngine: fd_scan_frontal_partial : Re(32 x 58) / Src(270 x 480) / Search(10 x 34) / 12, 0
10-24 21:49:30.441 24965 26669 D DMCFaceEngine: fd_scan_frontal_partial : Re(34 x 62) / Src(270 x 480) / Search(12 x 38) / 13, 2
10-24 21:49:30.441 24965 26670 D DMCFaceEngine: fd_scan_frontal_partial : Re(36 x 65) / Src(270 x 480) / Search(14 x 41) / 14, 3
10-24 21:49:30.441 24965 24980 D DMCFaceEngine: fd_scan_frontal_partial : Re(41 x 74) / Src(270 x 480) / Search(19 x 50) / 15, 0
10-24 21:49:30.441 24965 26668 D DMCFaceEngine: fd_scan_frontal_partial : Re(47 x 85) / Src(270 x 480) / Search(25 x 61) / 16, 1
10-24 21:49:30.441 24965 26669 D DMCFaceEngine: fd_scan_frontal_partial : Re(53 x 95) / Src(270 x 480) / Search(31 x 71) / 17, 2
10-24 21:49:30.441 24965 26670 D DMCFaceEngine: fd_scan_frontal_partial : Re(61 x 110) / Src(270 x 480) / Search(39 x 86) / 18, 3
10-24 21:49:30.441 24965 24980 D DMCFaceEngine: fd_scan_frontal_partial : Re(75 x 134) / Src(270 x 480) / Search(53 x 110) / 19, 0
10-24 21:49:30.441 24965 26669 D DMCFaceEngine: fd_scan_frontal_partial : Re(112 x 200) / Src(270 x 480) / Search(90 x 176) / 21, 2
10-24 21:49:30.441 24965 26668 D DMCFaceEngine: fd_scan_frontal_partial : Re(92 x 164) / Src(270 x 480) / Search(70 x 140) / 20, 1
10-24 21:49:30.451 24965 24980 D DMCFaceEngine: fd_find_run : Use A New Sensor ==========> 1 [270][480]
10-24 21:49:30.451 24965 24980 D DMCFaceEngine: fd_scan_frontal_partial : Re(24 x 43) / Src(270 x 480) / Search(2 x 19) / 8, 0
10-24 21:49:30.451 24965 26669 D DMCFaceEngine: fd_scan_frontal_partial : Re(25 x 46) / Src(270 x 480) / Search(3 x 22) / 9, 2
10-24 21:49:30.451 24965 26668 D DMCFaceEngine: fd_scan_frontal_partial : Re(30 x 54) / Src(270 x 480) / Search(8 x 30) / 11, 1
10-24 21:49:30.451 24965 26670 D DMCFaceEngine: fd_scan_frontal_partial : Re(28 x 50) / Src(270 x 480) / Search(6 x 26) / 10, 3
10-24 21:49:30.451 24965 24980 D DMCFaceEngine: fd_scan_frontal_partial : Re(32 x 58) / Src(270 x 480) / Search(10 x 34) / 12, 0
10-24 21:49:30.451 24965 26669 D DMCFaceEngine: fd_scan_frontal_partial : Re(34 x 62) / Src(270 x 480) / Search(12 x 38) / 13, 2
10-24 21:49:30.451 24965 26668 D DMCFaceEngine: fd_scan_frontal_partial : Re(36 x 65) / Src(270 x 480) / Search(14 x 41) / 14, 1
10-24 21:49:30.451 24965 26670 D DMCFaceEngine: fd_scan_frontal_partial : Re(41 x 74) / Src(270 x 480) / Search(19 x 50) / 15, 3
10-24 21:49:30.451 24965 24980 D DMCFaceEngine: fd_scan_frontal_partial : Re(47 x 85) / Src(270 x 480) / Search(25 x 61) / 16, 0
10-24 21:49:30.451 24965 26669 D DMCFaceEngine: fd_scan_frontal_partial : Re(53 x 95) / Src(270 x 480) / Search(31 x 71) / 17, 2
10-24 21:49:30.451 24965 26668 D DMCFaceEngine: fd_scan_frontal_partial : Re(61 x 110) / Src(270 x 480) / Search(39 x 86) / 18, 1
10-24 21:49:30.451 24965 26670 D DMCFaceEngine: fd_scan_frontal_partial : Re(75 x 134) / Src(270 x 480) / Search(53 x 110) / 19, 3
10-24 21:49:30.451 24965 24980 D DMCFaceEngine: fd_scan_frontal_partial : Re(92 x 164) / Src(270 x 480) / Search(70 x 140) / 20, 0
10-24 21:49:30.451 24965 26669 D DMCFaceEngine: fd_scan_frontal_partial : Re(112 x 200) / Src(270 x 480) / Search(90 x 176) / 21, 2
10-24 21:49:30.461 24965 24980 D DMCFaceEngine: fd_find_run : Use A New Sensor ==========> 1 [270][480]
10-24 21:49:30.461 24965 24980 D DMCFaceEngine: fd_scan_frontal_partial : Re(24 x 43) / Src(270 x 480) / Search(2 x 19) / 8, 0
10-24 21:49:30.461 24965 26669 D DMCFaceEngine: fd_scan_frontal_partial : Re(25 x 46) / Src(270 x 480) / Search(3 x 22) / 9, 2
10-24 21:49:30.461 24965 26670 D DMCFaceEngine: fd_scan_frontal_partial : Re(28 x 50) / Src(270 x 480) / Search(6 x 26) / 10, 3
10-24 21:49:30.461 24965 26668 D DMCFaceEngine: fd_scan_frontal_partial : Re(30 x 54) / Src(270 x 480) / Search(8 x 30) / 11, 1
10-24 21:49:30.461 24965 24980 D DMCFaceEngine: fd_scan_frontal_partial : Re(32 x 58) / Src(270 x 480) / Search(10 x 34) / 12, 0
10-24 21:49:30.461 24965 26670 D DMCFaceEngine: fd_scan_frontal_partial : Re(34 x 62) / Src(270 x 480) / Search(12 x 38) / 13, 3
10-24 21:49:30.461 24965 26669 D DMCFaceEngine: fd_scan_frontal_partial : Re(36 x 65) / Src(270 x 480) / Search(14 x 41) / 14, 2
10-24 21:49:30.461 24965 24980 D DMCFaceEngine: fd_scan_frontal_partial : Re(41 x 74) / Src(270 x 480) / Search(19 x 50) / 15, 0
10-24 21:49:30.461 24965 26668 D DMCFaceEngine: fd_scan_frontal_partial : Re(47 x 85) / Src(270 x 480) / Search(25 x 61) / 16, 1
10-24 21:49:30.461 24965 26670 D DMCFaceEngine: fd_scan_frontal_partial : Re(53 x 95) / Src(270 x 480) / Search(31 x 71) / 17, 3
10-24 21:49:30.461 24965 26669 D DMCFaceEngine: fd_scan_frontal_partial : Re(61 x 110) / Src(270 x 480) / Search(39 x 86) / 18, 2
10-24 21:49:30.461 24965 24980 D DMCFaceEngine: fd_scan_frontal_partial : Re(75 x 134) / Src(270 x 480) / Search(53 x 110) / 19, 0
10-24 21:49:30.461 24965 26668 D DMCFaceEngine: fd_scan_frontal_partial : Re(92 x 164) / Src(270 x 480) / Search(70 x 140) / 20, 1
10-24 21:49:30.461 3520 4387 I EDMNativeHelperService: isCameraEnabled
10-24 21:49:30.471 24965 26670 D DMCFaceEngine: fd_scan_frontal_partial : Re(112 x 200) / Src(270 x 480) / Search(90 x 176) / 21, 3
10-24 21:49:30.471 3126 5084 I ShotCommon: setAppUsePreviewFrame(0)
10-24 21:49:30.471 3126 5084 I ShotCommon: disablePreviewMsgBy : msg(In:0x2, Out:0x0)
10-24 21:49:30.471 3126 5084 I ShotCommon: previewCallbackEnabled (0x0)
10-24 21:49:30.471 3126 5084 I ShotCommon: disableMsgType : msg(In:0x10, Out:0xc0d)
10-24 21:49:30.471 24965 24976 D SecCamera-JNI-Java: postEventFromNative: 16
10-24 21:49:30.471 24965 24979 D SecCamera-JNI-Java: handleMessage: 16
10-24 21:49:30.471 3126 19918 I ShotCommon: enableMsgType : msg(In:0x10, Out:0xc1d)
10-24 21:49:30.471 3126 19918 I ShotCommon: setAppUsePreviewFrame(1)
10-24 21:49:30.471 3126 19918 I ShotCommon: enablePreviewMsgBy : msg(In:0x2, Out:0x2)
10-24 21:49:30.471 24965 24980 D DMCFaceEngine: fd_find_run : Use A New Sensor ==========> 0 [110][110]
10-24 21:49:30.471 24965 24980 D DMCFaceEngine: fd_find_run : Use A New Sensor ==========> 0 [110][110]
10-24 21:49:30.471 24965 24980 D DMCFaceEngine: fd_find_run : Use A New Sensor ==========> 0 [110][110]
10-24 21:49:30.471 24965 24980 D DMCFaceEngine: caFace_RunFaceDetection_SmartStayRotation : Detected No Face
10-24 21:49:30.471 24965 24980 D DMCFaceEngine: caSmartDP_SmartStay : SINGLE EYE DETECTION LOOP START
10-24 21:49:30.471 24965 24980 D DMCFaceEngine: caSmartDP_SmartStay : single eye detection loop start _ dir 1
10-24 21:49:30.471 24965 24980 D DMCFaceEngine: caIF_RunEyeDetection_MCT_IRS : caIF_RunEyeDetection_MCT_IRS START
10-24 21:49:30.471 24965 24980 D DMCFaceEngine: caIF_RunEyeDetection_MCT_IRS : Width 180, Height 320
10-24 21:49:30.501 24965 24980 D DMCFaceEngine: caIF_RunEyeDetection_MCT_IRS : caIF_RunEyeDetection_MCT_IRS END
10-24 21:49:30.501 24965 24980 D DMCFaceEngine: caSmartDP_SmartStay : caFace_Aux_FindEyes_IRS time 27545
10-24 21:49:30.501 24965 24980 D DMCFaceEngine: caSmartDP_SmartStay : Single Eye Detection Fail dir 1
10-24 21:49:30.501 24965 24980 D DMCFaceEngine: caSmartDP_SmartStay : loop End ED dir 1 with nResult -1
10-24 21:49:30.501 24965 24980 D DMCFaceEngine: caSmartDP_SmartStay : SINGLE EYE DETECTION LOOP END with nResult -1
10-24 21:49:30.501 24965 24980 D DMCFaceEngine: caSmartDP_SmartStay : DETECT HUMAN FAIL
10-24 21:49:30.501 24965 24980 D DMCFaceEngine: caSmartDP_SmartStay : face : X[0] Y[0] W[0] H[0]
10-24 21:49:30.501 24965 24980 D DMCFaceEngine: caSmartDP_SmartStay : eye : LX[0] LY[0] RX[0] RY[0]
10-24 21:49:30.501 24965 24980 E SmartScreen_JNI: processImage end : function time [ 133006 ] [-1]
10-24 21:49:30.501 24965 24980 E SmartScreen_JNI: processImage start : prev time [ 133499 ]
10-24 21:49:30.501 24965 24980 D SmartScreen_JNI: tmpfile : /data/user/0/com.samsung.android.smartface/files/smart_stay_hash_0.dmc
10-24 21:49:30.501 24965 24980 D DMCFaceEngine: caSmartDP_SmartStay orientation [0] count [2]
10-24 21:49:30.501 24965 24980 D DMCFaceEngine: caSmartDP_SmartStay : FUNCTION START img width 480, height 270 previous angle 0
10-24 21:49:30.501 3520 28379 E SmartFaceManager: checkForSmartStay onInfo: 100: 0
10-24 21:49:30.501 24965 24980 D DMCFaceEngine: caSmartDP_SmartStay : loop Start with dir 1, width 270 and heighe 480
10-24 21:49:30.501 24965 24980 D DMCFaceEngine: caFace_RunFaceDetection_SmartStayRotation : FaceDetection Start with width 270, heighe 480
10-24 21:49:30.501 24965 24980 D DMCFaceEngine: fd_find_run : Use A New Sensor ==========> 1 [270][480]
10-24 21:49:30.501 3126 5080 I ShotCommon: setAppUsePreviewFrame(0)
10-24 21:49:30.501 3126 5080 I ShotCommon: disablePreviewMsgBy : msg(In:0x2, Out:0x0)
10-24 21:49:30.501 24965 24980 D DMCFaceEngine: fd_scan_frontal_partial : Re(24 x 43) / Src(270 x 480) / Search(2 x 19) / 8, 0
10-24 21:49:30.501 3126 5080 I ShotCommon: previewCallbackEnabled (0x0)
10-24 21:49:30.501 24965 26668 D DMCFaceEngine: fd_scan_frontal_partial : Re(25 x 46) / Src(270 x 480) / Search(3 x 22) / 9, 1
10-24 21:49:30.501 3126 5080 I ShotCommon: disableMsgType : msg(In:0x10, Out:0xc0d)
10-24 21:49:30.501 24965 26670 D DMCFaceEngine: fd_scan_frontal_partial : Re(28 x 50) / Src(270 x 480) / Search(6 x 26) / 10, 3
10-24 21:49:30.501 3126 4062 I ShotCommon: setAppUsePreviewFrame(0)
10-24 21:49:30.501 3126 4062 I ShotCommon: disablePreviewMsgBy : msg(In:0x2, Out:0x0)
10-24 21:49:30.501 3126 4062 I ShotCommon: previewCallbackEnabled (0x0)
10-24 21:49:30.501 3126 4062 I ShotCommon: disableMsgType : msg(In:0x10, Out:0xc0d)
10-24 21:49:30.501 24965 24980 D DMCFaceEngine: fd_scan_frontal_partial : Re(30 x 54) / Src(270 x 480) / Search(8 x 30) / 11, 0
10-24 21:49:30.501 3126 4062 D SecCameraCoreManager: virtual void android::SecCameraCoreManager::stopPreview():stop IT Policy checking thread
10-24 21:49:30.511 24965 26669 D DMCFaceEngine: fd_scan_frontal_partial : Re(32 x 58) / Src(270 x 480) / Search(10 x 34) / 12, 2
10-24 21:49:30.511 24965 26668 D DMCFaceEngine: fd_scan_frontal_partial : Re(34 x 62) / Src(270 x 480) / Search(12 x 38) / 13, 1
10-24 21:49:30.511 24965 26670 D DMCFaceEngine: fd_scan_frontal_partial : Re(36 x 65) / Src(270 x 480) / Search(14 x 41) / 14, 3
10-24 21:49:30.511 24965 24980 D DMCFaceEngine: fd_scan_frontal_partial : Re(41 x 74) / Src(270 x 480) / Search(19 x 50) / 15, 0
10-24 21:49:30.511 24965 26669 D DMCFaceEngine: fd_scan_frontal_partial : Re(47 x 85) / Src(270 x 480) / Search(25 x 61) / 16, 2
10-24 21:49:30.511 24965 26670 D DMCFaceEngine: fd_scan_frontal_partial : Re(53 x 95) / Src(270 x 480) / Search(31 x 71) / 17, 3
10-24 21:49:30.511 24965 26668 D DMCFaceEngine: fd_scan_frontal_partial : Re(61 x 110) / Src(270 x 480) / Search(39 x 86) / 18, 1
10-24 21:49:30.511 24965 24980 D DMCFaceEngine: fd_scan_frontal_partial : Re(75 x 134) / Src(270 x 480) / Search(53 x 110) / 19, 0
10-24 21:49:30.511 24965 26669 D DMCFaceEngine: fd_scan_frontal_partial : Re(92 x 164) / Src(270 x 480) / Search(70 x 140) / 20, 2
10-24 21:49:30.511 24965 26670 D DMCFaceEngine: fd_scan_frontal_partial : Re(112 x 200) / Src(270 x 480) / Search(90 x 176) / 21, 3
10-24 21:49:30.521 24965 24980 D DMCFaceEngine: fd_find_run : Use A New Sensor ==========> 1 [270][480]
10-24 21:49:30.521 24965 24980 D DMCFaceEngine: fd_scan_frontal_partial : Re(24 x 43) / Src(270 x 480) / Search(2 x 19) / 8, 0
10-24 21:49:30.521 24965 26669 D DMCFaceEngine: fd_scan_frontal_partial : Re(25 x 46) / Src(270 x 480) / Search(3 x 22) / 9, 2
10-24 21:49:30.521 24965 26670 D DMCFaceEngine: fd_scan_frontal_partial : Re(28 x 50) / Src(270 x 480) / Search(6 x 26) / 10, 3
10-24 21:49:30.521 24965 26668 D DMCFaceEngine: fd_scan_frontal_partial : Re(30 x 54) / Src(270 x 480) / Search(8 x 30) / 11, 1
10-24 21:49:30.521 24965 24980 D DMCFaceEngine: fd_scan_frontal_partial : Re(32 x 58) / Src(270 x 480) / Search(10 x 34) / 12, 0
10-24 21:49:30.521 24965 26670 D DMCFaceEngine: fd_scan_frontal_partial : Re(34 x 62) / Src(270 x 480) / Search(12 x 38) / 13, 3
10-24 21:49:30.521 24965 26669 D DMCFaceEngine: fd_scan_frontal_partial : Re(36 x 65) / Src(270 x 480) / Search(14 x 41) / 14, 2
10-24 21:49:30.521 24965 26668 D DMCFaceEngine: fd_scan_frontal_partial : Re(41 x 74) / Src(270 x 480) / Search(19 x 50) / 15, 1
10-24 21:49:30.521 24965 24980 D DMCFaceEngine: fd_scan_frontal_partial : Re(47 x 85) / Src(270 x 480) / Search(25 x 61) / 16, 0
10-24 21:49:30.521 24965 26670 D DMCFaceEngine: fd_scan_frontal_partial : Re(53 x 95) / Src(270 x 480) / Search(31 x 71) / 17, 3
10-24 21:49:30.521 24965 26669 D DMCFaceEngine: fd_scan_frontal_partial : Re(61 x 110) / Src(270 x 480) / Search(39 x 86) / 18, 2
10-24 21:49:30.521 24965 24980 D DMCFaceEngine: fd_scan_frontal_partial : Re(75 x 134) / Src(270 x 480) / Search(53 x 110) / 19, 0
10-24 21:49:30.521 24965 26668 D DMCFaceEngine: fd_scan_frontal_partial : Re(92 x 164) / Src(270 x 480) / Search(70 x 140) / 20, 1
10-24 21:49:30.521 24965 26670 D DMCFaceEngine: fd_scan_frontal_partial : Re(112 x 200) / Src(270 x 480) / Search(90 x 176) / 21, 3
10-24 21:49:30.531 24965 24980 D DMCFaceEngine: fd_find_run : Use A New Sensor ==========> 1 [270][480]
10-24 21:49:30.531 24965 24980 D DMCFaceEngine: fd_scan_frontal_partial : Re(24 x 43) / Src(270 x 480) / Search(2 x 19) / 8, 0
10-24 21:49:30.531 24965 26670 D DMCFaceEngine: fd_scan_frontal_partial : Re(28 x 50) / Src(270 x 480) / Search(6 x 26) / 10, 3
10-24 21:49:30.531 24965 26668 D DMCFaceEngine: fd_scan_frontal_partial : Re(25 x 46) / Src(270 x 480) / Search(3 x 22) / 9, 1
10-24 21:49:30.531 24965 24980 D DMCFaceEngine: fd_scan_frontal_partial : Re(30 x 54) / Src(270 x 480) / Search(8 x 30) / 11, 0
10-24 21:49:30.531 24965 26669 D DMCFaceEngine: fd_scan_frontal_partial : Re(32 x 58) / Src(270 x 480) / Search(10 x 34) / 12, 2
10-24 21:49:30.531 24965 26670 D DMCFaceEngine: fd_scan_frontal_partial : Re(34 x 62) / Src(270 x 480) / Search(12 x 38) / 13, 3
10-24 21:49:30.531 24965 26668 D DMCFaceEngine: fd_scan_frontal_partial : Re(36 x 65) / Src(270 x 480) / Search(14 x 41) / 14, 1
10-24 21:49:30.531 24965 24980 D DMCFaceEngine: fd_scan_frontal_partial : Re(41 x 74) / Src(270 x 480) / Search(19 x 50) / 15, 0
10-24 21:49:30.531 24965 26669 D DMCFaceEngine: fd_scan_frontal_partial : Re(47 x 85) / Src(270 x 480) / Search(25 x 61) / 16, 2
10-24 21:49:30.531 24965 26670 D DMCFaceEngine: fd_scan_frontal_partial : Re(53 x 95) / Src(270 x 480) / Search(31 x 71) / 17, 3
10-24 21:49:30.531 24965 24980 D DMCFaceEngine: fd_scan_frontal_partial : Re(61 x 110) / Src(270 x 480) / Search(39 x 86) / 18, 0
10-24 21:49:30.531 24965 26668 D DMCFaceEngine: fd_scan_frontal_partial : Re(75 x 134) / Src(270 x 480) / Search(53 x 110) / 19, 1
10-24 21:49:30.531 24965 26669 D DMCFaceEngine: fd_scan_frontal_partial : Re(92 x 164) / Src(270 x 480) / Search(70 x 140) / 20, 2
10-24 21:49:30.531 24965 24980 D DMCFaceEngine: fd_scan_frontal_partial : Re(112 x 200) / Src(270 x 480) / Search(90 x 176) / 21, 0
10-24 21:49:30.531 24965 24980 D DMCFaceEngine: caFace_RunFaceDetection_SmartStayRotation : Detected No Face
10-24 21:49:30.531 24965 24980 D DMCFaceEngine: caSmartDP_SmartStay : SINGLE EYE DETECTION LOOP START
10-24 21:49:30.531 24965 24980 D DMCFaceEngine: caSmartDP_SmartStay : single eye detection loop start _ dir 1
10-24 21:49:30.531 24965 24980 D DMCFaceEngine: caIF_RunEyeDetection_MCT_IRS : caIF_RunEyeDetection_MCT_IRS START
10-24 21:49:30.531 24965 24980 D DMCFaceEngine: caIF_RunEyeDetection_MCT_IRS : Width 180, Height 320
10-24 21:49:30.561 24965 24980 D DMCFaceEngine: caIF_RunEyeDetection_MCT_IRS : caIF_RunEyeDetection_MCT_IRS END
10-24 21:49:30.561 24965 24980 D DMCFaceEngine: caSmartDP_SmartStay : caFace_Aux_FindEyes_IRS time 22038
10-24 21:49:30.561 24965 24980 D DMCFaceEngine: caSmartDP_SmartStay : Single Eye Detection Fail dir 1
10-24 21:49:30.561 24965 24980 D DMCFaceEngine: caSmartDP_SmartStay : loop End ED dir 1 with nResult -1
10-24 21:49:30.561 24965 24980 D DMCFaceEngine: caSmartDP_SmartStay : SINGLE EYE DETECTION LOOP END with nResult -1
10-24 21:49:30.561 24965 24980 D DMCFaceEngine: caSmartDP_SmartStay : DETECT HUMAN FAIL
10-24 21:49:30.561 24965 24980 D DMCFaceEngine: caSmartDP_SmartStay : face : X[0] Y[0] W[0] H[0]
10-24 21:49:30.561 24965 24980 D DMCFaceEngine: caSmartDP_SmartStay : eye : LX[0] LY[0] RX[0] RY[0]
10-24 21:49:30.561 24965 24980 E SmartScreen_JNI: processImage end : function time [ 104676 ] [-1]
10-24 21:49:30.601 3126 4062 I ShotSingle: stopPreview E
10-24 21:49:30.601 3126 4062 I ShotCommon: disableMsgType : msg(In:0x3c2, Out:0xc0d)
10-24 21:49:30.601 3126 4062 V ShotSingle: stopPreview(1)
10-24 21:49:30.601 3126 4062 I ExynosCamera3Interface: INFO(HAL_camera_device_stop_preview[879]):camera(1) in
10-24 21:49:30.601 3126 4062 D ExynosCamera3Interface: DEBUG(check_camera_state):camera(1) state(5) checking...
10-24 21:49:30.601 3126 4062 D ExynosCamera3Interface: DEBUG(check_camera_state):camera(1) state(4:PREVIEW_RUNNING->5:PREVIEW_STOPPED) is valid
10-24 21:49:30.601 3126 4062 I ExynosCamera: [CAM_ID(1)][]-INFO(stopPreview[2315])
10-24 21:49:30.601 3126 4062 I ExynosCamera: [CAM_ID(1)][]-INFO(stopPreview[2334]): wait m_fastenAeThread
10-24 21:49:30.601 3126 4062 I ExynosCamera: [CAM_ID(1)][]-INFO(stopPreview[2336]): wait m_fastenAeThread end
10-24 21:49:30.601 3126 4062 I ExynosCamera: [CAM_ID(1)][]-INFO(stopPreview[2345]): wait m_companionThread
10-24 21:49:30.601 3126 4062 I ExynosCamera: [CAM_ID(1)][]-INFO(stopPreview[2347]): wait m_companionThread end
10-24 21:49:30.601 3126 4062 D ExynosCameraMCPipe: [CAM_ID(1)][PIPE_3AA]-DEBUG(setControl[430])
10-24 21:49:30.601 3126 4062 I ExynosCameraMCPipe: [CAM_ID(1)][PIPE_3AA]-INFO(setControl[441]):setControl() is succeed, Pipe(1)
10-24 21:49:30.601 3126 4062 I ExynosCameraActivityAutofocus: INFO(stopAutofocus[733]):m_autoFocusMode(8)
10-24 21:49:30.601 3126 4062 D ExynosCameraActivityFlash: DEBUG(setFlashStep[1740]):flashStepVal=0
10-24 21:49:30.601 3126 4062 D ExynosCameraActivityFlash: DEBUG(setFlashTrigerPath[1759]):flashTriggerVal=0
