10-24 22:05:11.951 3520 4534 D BatteryService: online:4, current avg:-178, charge type:1, power sharing:false, high voltage charger:false, capacity:280000, batterySWSelfDischarging:false, current_now:-136
10-24 22:05:11.951 3520 3520 D BatteryService: Sending ACTION_BATTERY_CHANGED.
10-24 22:05:11.961 3520 3520 I Tethering: BATTERY_CHANGED, level = 98lowBatteryThreshold = 15
10-24 22:05:11.961 3520 3520 I MotionRecognitionService: Plugged
10-24 22:05:11.961 3520 3520 D MotionRecognitionService: cableConnection= 1
10-24 22:05:11.961 3520 3520 D MotionRecognitionService: setPowerConnected | current backoffstate = 1024 , state =1024
10-24 22:05:11.961 3520 3520 D MotionRecognitionService: skip setTransmitPower.
10-24 22:05:11.971 4130 4130 D KeyguardUpdateMonitor: received broadcast android.intent.action.BATTERY_CHANGED
10-24 22:05:11.971 4130 4130 D KeyguardUpdateMonitor: handleBatteryUpdate
10-24 22:05:11.971 4130 4130 D PowerUI : priorPlugType = 2 mPlugType = 2
10-24 22:05:11.971 4130 4130 D PowerUI.Notification: showChargingNotice oldChargingType : 1 currentChargingType : 1 oldChargingTime : 120000 mChargingTime : 120000
10-24 22:05:11.971 4130 4130 D PowerUI.Notification: There is no change about charging status, so return!
10-24 22:05:11.981 4590 4590 D BatteryMonitor: new battery level: 98
10-24 22:05:12.011 4130 4130 D BatteryMeterView: ACTION_BATTERY_CHANGED : level:98 status:2 health:2
10-24 22:05:12.011 4130 4130 D BatteryMeterView: ACTION_BATTERY_CHANGED : level:98 status:2 health:2
10-24 22:05:12.031 3520 8428 D SSRM:n : SIOP:: AP = 270, PST = 260 (W:28), CP = 231, CUR = 178, LCD = 19
10-24 22:05:15.331 4521 4521 V LauncherAppWidgetHostView: calculateWidgetSize: (target widgetsize) using w/h 1359 712 span 5 2 (widgetid 3) [current Gridsize : GRID_5x5]
10-24 22:05:15.331 4521 4521 D LauncherAppWidgetHostView: calculateWidgetSize() widget = T-Mobile TV(widget id = 3) result hostview size = 1771 x 927
10-24 22:05:15.331 4521 4521 D LauncherAppWidgetHostView: setResizeScaleResult() 1771/ 927 scaleToResize = 0.7673631(widget id = 3)
10-24 22:05:15.351 4521 21036 D ViewSystem: updateTemporaryMetaData() has done.
10-24 22:05:15.351 4521 4521 V LauncherAppWidgetHostView: calculateWidgetSize: (target widgetsize) using w/h 1359 712 span 5 2 (widgetid 3) [current Gridsize : GRID_5x5]
10-24 22:05:15.351 4521 4521 D LauncherAppWidgetHostView: calculateWidgetSize() widget = T-Mobile TV(widget id = 3) result hostview size = 1771 x 927
10-24 22:05:15.351 4521 4521 D LauncherAppWidgetHostView: setResizeScaleResult() 1771/ 927 scaleToResize = 0.7673631(widget id = 3)
10-24 22:05:15.371 4521 4521 V LauncherAppWidgetHostView: calculateWidgetSize: (target widgetsize) using w/h 1359 712 span 5 2 (widgetid 3) [current Gridsize : GRID_5x5]
10-24 22:05:15.371 4521 4521 D LauncherAppWidgetHostView: calculateWidgetSize() widget = T-Mobile TV(widget id = 3) result hostview size = 1771 x 927
10-24 22:05:15.371 4521 4521 D LauncherAppWidgetHostView: setResizeScaleResult() 1771/ 927 scaleToResize = 0.7673631(widget id = 3)
10-24 22:05:15.381 4521 21036 D ViewSystem: updateRemoteViews(5) has done.
10-24 22:05:15.391 4521 4521 V LauncherAppWidgetHostView: calculateWidgetSize: (target widgetsize) using w/h 1359 712 span 5 2 (widgetid 3) [current Gridsize : GRID_5x5]
10-24 22:05:15.391 4521 4521 D LauncherAppWidgetHostView: calculateWidgetSize() widget = T-Mobile TV(widget id = 3) result hostview size = 1771 x 927
10-24 22:05:15.391 4521 4521 D LauncherAppWidgetHostView: setResizeScaleResult() 1771/ 927 scaleToResize = 0.7673631(widget id = 3)
10-24 22:05:16.181 3520 4345 E Watchdog: !@Sync 308 [10-24 22:05:16.184]
10-24 22:05:21.351 4521 4521 V LauncherAppWidgetHostView: calculateWidgetSize: (target widgetsize) using w/h 1359 712 span 5 2 (widgetid 3) [current Gridsize : GRID_5x5]
10-24 22:05:21.351 4521 4521 D LauncherAppWidgetHostView: calculateWidgetSize() widget = T-Mobile TV(widget id = 3) result hostview size = 1771 x 927
10-24 22:05:21.351 4521 4521 D LauncherAppWidgetHostView: setResizeScaleResult() 1771/ 927 scaleToResize = 0.7673631(widget id = 3)
10-24 22:05:21.371 4521 21036 D ViewSystem: updateTemporaryMetaData() has done.
10-24 22:05:21.381 4521 4521 V LauncherAppWidgetHostView: calculateWidgetSize: (target widgetsize) using w/h 1359 712 span 5 2 (widgetid 3) [current Gridsize : GRID_5x5]
10-24 22:05:21.381 4521 4521 D LauncherAppWidgetHostView: calculateWidgetSize() widget = T-Mobile TV(widget id = 3) result hostview size = 1771 x 927
10-24 22:05:21.381 4521 4521 D LauncherAppWidgetHostView: setResizeScaleResult() 1771/ 927 scaleToResize = 0.7673631(widget id = 3)
10-24 22:05:21.381 4521 21036 D ViewSystem: updateRemoteViews(0) has done.
10-24 22:05:21.401 4521 4521 V LauncherAppWidgetHostView: calculateWidgetSize: (target widgetsize) using w/h 1359 712 span 5 2 (widgetid 3) [current Gridsize : GRID_5x5]
10-24 22:05:21.401 4521 4521 D LauncherAppWidgetHostView: calculateWidgetSize() widget = T-Mobile TV(widget id = 3) result hostview size = 1771 x 927
10-24 22:05:21.401 4521 4521 D LauncherAppWidgetHostView: setResizeScaleResult() 1771/ 927 scaleToResize = 0.7673631(widget id = 3)
10-24 22:05:21.991 3520 4041 D BatteryService: !@BatteryListener : batteryPropertiesChanged!
10-24 22:05:21.991 3520 4041 D BatteryService: level:98, scale:100, status:2, health:2, present:true, voltage: 4228, temperature: 253, technology: Li-ion, AC powered:false, USB powered:true, POGO powered:false, Wireless powered:false, icon:17303413, invalid charger:0, maxChargingCurrent:0
10-24 22:05:21.991 3520 4041 D BatteryService: online:4, current avg:-161, charge type:1, power sharing:false, high voltage charger:false, capacity:280000, batterySWSelfDischarging:false, current_now:-146
10-24 22:05:21.991 3520 3520 D BatteryService: Sending ACTION_BATTERY_CHANGED.
10-24 22:05:22.001 3520 3520 I Tethering: BATTERY_CHANGED, level = 98lowBatteryThreshold = 15
10-24 22:05:22.001 4130 4130 D KeyguardUpdateMonitor: received broadcast android.intent.action.BATTERY_CHANGED
10-24 22:05:22.001 4130 4130 D KeyguardUpdateMonitor: handleBatteryUpdate
10-24 22:05:22.001 3520 3520 I MotionRecognitionService: Plugged
10-24 22:05:22.001 3520 3520 D MotionRecognitionService: cableConnection= 1
10-24 22:05:22.001 3520 3520 D MotionRecognitionService: setPowerConnected | current backoffstate = 1024 , state =1024
10-24 22:05:22.001 3520 3520 D MotionRecognitionService: skip setTransmitPower.
10-24 22:05:22.001 4130 4130 D PowerUI : priorPlugType = 2 mPlugType = 2
10-24 22:05:22.011 4130 4130 D PowerUI.Notification: showChargingNotice oldChargingType : 1 currentChargingType : 1 oldChargingTime : 120000 mChargingTime : 120000
10-24 22:05:22.011 4130 4130 D PowerUI.Notification: There is no change about charging status, so return!
10-24 22:05:22.021 4590 4590 D BatteryMonitor: new battery level: 98
10-24 22:05:22.041 3520 8428 D SSRM:n : SIOP:: AP = 260, PST = 260 (W:28), CP = 231, CUR = 161, LCD = 19
10-24 22:05:22.051 4130 4130 D BatteryMeterView: ACTION_BATTERY_CHANGED : level:98 status:2 health:2
10-24 22:05:22.051 4130 4130 D BatteryMeterView: ACTION_BATTERY_CHANGED : level:98 status:2 health:2
10-24 22:05:23.571 3520 3601 I PowerManagerService: [PWL] On : 8255505 (1007958 ms ago)
10-24 22:05:23.571 3520 3601 I PowerManagerService: [PWL] mStayOn: true mWakeLockSummary & WAKE_LOCK_STAY_AWAKE: 0 mUserActivitySummary: 0x4
10-24 22:05:27.351 4521 4521 V LauncherAppWidgetHostView: calculateWidgetSize: (target widgetsize) using w/h 1359 712 span 5 2 (widgetid 3) [current Gridsize : GRID_5x5]
10-24 22:05:27.351 4521 4521 D LauncherAppWidgetHostView: calculateWidgetSize() widget = T-Mobile TV(widget id = 3) result hostview size = 1771 x 927
10-24 22:05:27.351 4521 4521 D LauncherAppWidgetHostView: setResizeScaleResult() 1771/ 927 scaleToResize = 0.7673631(widget id = 3)
10-24 22:05:27.361 4521 21036 D ViewSystem: updateTemporaryMetaData() has done.
10-24 22:05:27.361 4521 4521 V LauncherAppWidgetHostView: calculateWidgetSize: (target widgetsize) using w/h 1359 712 span 5 2 (widgetid 3) [current Gridsize : GRID_5x5]
10-24 22:05:27.361 4521 4521 D LauncherAppWidgetHostView: calculateWidgetSize() widget = T-Mobile TV(widget id = 3) result hostview size = 1771 x 927
10-24 22:05:27.361 4521 4521 D LauncherAppWidgetHostView: setResizeScaleResult() 1771/ 927 scaleToResize = 0.7673631(widget id = 3)
10-24 22:05:27.381 4521 21036 D ViewSystem: updateRemoteViews(1) has done.
10-24 22:05:27.381 4521 4521 V LauncherAppWidgetHostView: calculateWidgetSize: (target widgetsize) using w/h 1359 712 span 5 2 (widgetid 3) [current Gridsize : GRID_5x5]
10-24 22:05:27.381 4521 4521 D LauncherAppWidgetHostView: calculateWidgetSize() widget = T-Mobile TV(widget id = 3) result hostview size = 1771 x 927
10-24 22:05:27.381 4521 4521 D LauncherAppWidgetHostView: setResizeScaleResult() 1771/ 927 scaleToResize = 0.7673631(widget id = 3)
10-24 22:05:27.391 4521 21036 D ViewSystem: updateRemoteViews(1) has done.
10-24 22:05:27.401 4521 4521 V LauncherAppWidgetHostView: calculateWidgetSize: (target widgetsize) using w/h 1359 712 span 5 2 (widgetid 3) [current Gridsize : GRID_5x5]
10-24 22:05:27.401 4521 4521 D LauncherAppWidgetHostView: calculateWidgetSize() widget = T-Mobile TV(widget id = 3) result hostview size = 1771 x 927
10-24 22:05:27.401 4521 4521 D LauncherAppWidgetHostView: setResizeScaleResult() 1771/ 927 scaleToResize = 0.7673631(widget id = 3)
10-24 22:05:32.061 3520 4041 D BatteryService: !@BatteryListener : batteryPropertiesChanged!
10-24 22:05:32.061 3520 4041 D BatteryService: level:98, scale:100, status:2, health:2, present:true, voltage: 4232, temperature: 253, technology: Li-ion, AC powered:false, USB powered:true, POGO powered:false, Wireless powered:false, icon:17303413, invalid charger:0, maxChargingCurrent:0
10-24 22:05:32.061 3520 4041 D BatteryService: online:4, current avg:-153, charge type:1, power sharing:false, high voltage charger:false, capacity:280000, batterySWSelfDischarging:false, current_now:-135
10-24 22:05:32.061 3520 3520 D BatteryService: Sending ACTION_BATTERY_CHANGED.
10-24 22:05:32.071 3520 3520 I MotionRecognitionService: Plugged
10-24 22:05:32.071 3520 3520 D MotionRecognitionService: cableConnection= 1
10-24 22:05:32.071 3520 3520 D MotionRecognitionService: setPowerConnected | current backoffstate = 1024 , state =1024
10-24 22:05:32.071 3520 3520 D MotionRecognitionService: skip setTransmitPower.
10-24 22:05:32.081 3520 3520 I Tethering: BATTERY_CHANGED, level = 98lowBatteryThreshold = 15
10-24 22:05:32.081 4130 4130 D KeyguardUpdateMonitor: received broadcast android.intent.action.BATTERY_CHANGED
10-24 22:05:32.081 4130 4130 D KeyguardUpdateMonitor: handleBatteryUpdate
10-24 22:05:32.081 4130 4130 D PowerUI : priorPlugType = 2 mPlugType = 2
10-24 22:05:32.091 4130 4130 D PowerUI.Notification: showChargingNotice oldChargingType : 1 currentChargingType : 1 oldChargingTime : 120000 mChargingTime : 120000
10-24 22:05:32.091 4130 4130 D PowerUI.Notification: There is no change about charging status, so return!
10-24 22:05:32.101 4590 4590 D BatteryMonitor: new battery level: 98
10-24 22:05:32.111 3520 8428 D SSRM:n : SIOP:: AP = 260, PST = 260 (W:28), CP = 231, CUR = 153, LCD = 19
10-24 22:05:32.121 4130 4130 D BatteryMeterView: ACTION_BATTERY_CHANGED : level:98 status:2 health:2
10-24 22:05:32.121 4130 4130 D BatteryMeterView: ACTION_BATTERY_CHANGED : level:98 status:2 health:2
10-24 22:05:33.351 4521 4521 V LauncherAppWidgetHostView: calculateWidgetSize: (target widgetsize) using w/h 1359 712 span 5 2 (widgetid 3) [current Gridsize : GRID_5x5]
10-24 22:05:33.351 4521 4521 D LauncherAppWidgetHostView: calculateWidgetSize() widget = T-Mobile TV(widget id = 3) result hostview size = 1771 x 927
10-24 22:05:33.351 4521 4521 D LauncherAppWidgetHostView: setResizeScaleResult() 1771/ 927 scaleToResize = 0.7673631(widget id = 3)
10-24 22:05:33.371 4521 21036 D ViewSystem: updateTemporaryMetaData() has done.
10-24 22:05:33.381 4521 4521 V LauncherAppWidgetHostView: calculateWidgetSize: (target widgetsize) using w/h 1359 712 span 5 2 (widgetid 3) [current Gridsize : GRID_5x5]
10-24 22:05:33.381 4521 4521 D LauncherAppWidgetHostView: calculateWidgetSize() widget = T-Mobile TV(widget id = 3) result hostview size = 1771 x 927
10-24 22:05:33.381 4521 4521 D LauncherAppWidgetHostView: setResizeScaleResult() 1771/ 927 scaleToResize = 0.7673631(widget id = 3)
10-24 22:05:33.401 4521 4521 V LauncherAppWidgetHostView: calculateWidgetSize: (target widgetsize) using w/h 1359 712 span 5 2 (widgetid 3) [current Gridsize : GRID_5x5]
10-24 22:05:33.401 4521 4521 D LauncherAppWidgetHostView: calculateWidgetSize() widget = T-Mobile TV(widget id = 3) result hostview size = 1771 x 927
10-24 22:05:33.401 4521 4521 D LauncherAppWidgetHostView: setResizeScaleResult() 1771/ 927 scaleToResize = 0.7673631(widget id = 3)
10-24 22:05:33.401 4521 21036 D ViewSystem: updateRemoteViews(2) has done.
10-24 22:05:33.421 4521 4521 V LauncherAppWidgetHostView: calculateWidgetSize: (target widgetsize) using w/h 1359 712 span 5 2 (widgetid 3) [current Gridsize : GRID_5x5]
10-24 22:05:33.421 4521 4521 D LauncherAppWidgetHostView: calculateWidgetSize() widget = T-Mobile TV(widget id = 3) result hostview size = 1771 x 927
10-24 22:05:33.421 4521 4521 D LauncherAppWidgetHostView: setResizeScaleResult() 1771/ 927 scaleToResize = 0.7673631(widget id = 3)
10-24 22:05:36.431 3110 3777 E NetlinkEvent: NetlinkEvent::FindParam(): Parameter 'LABEL' not found
10-24 22:05:36.431 3110 3777 E NetlinkEvent: NetlinkEvent::FindParam(): Parameter 'UID' not found
10-24 22:05:39.351 4521 4521 V LauncherAppWidgetHostView: calculateWidgetSize: (target widgetsize) using w/h 1359 712 span 5 2 (widgetid 3) [current Gridsize : GRID_5x5]
10-24 22:05:39.351 4521 4521 D LauncherAppWidgetHostView: calculateWidgetSize() widget = T-Mobile TV(widget id = 3) result hostview size = 1771 x 927
10-24 22:05:39.351 4521 4521 D LauncherAppWidgetHostView: setResizeScaleResult() 1771/ 927 scaleToResize = 0.7673631(widget id = 3)
10-24 22:05:39.371 4521 21036 D ViewSystem: updateTemporaryMetaData() has done.
10-24 22:05:39.381 4521 4521 V LauncherAppWidgetHostView: calculateWidgetSize: (target widgetsize) using w/h 1359 712 span 5 2 (widgetid 3) [current Gridsize : GRID_5x5]
10-24 22:05:39.381 4521 4521 D LauncherAppWidgetHostView: calculateWidgetSize() widget = T-Mobile TV(widget id = 3) result hostview size = 1771 x 927
10-24 22:05:39.381 4521 4521 D LauncherAppWidgetHostView: setResizeScaleResult() 1771/ 927 scaleToResize = 0.7673631(widget id = 3)
10-24 22:05:39.391 4521 4521 V LauncherAppWidgetHostView: calculateWidgetSize: (target widgetsize) using w/h 1359 712 span 5 2 (widgetid 3) [current Gridsize : GRID_5x5]
10-24 22:05:39.401 4521 4521 D LauncherAppWidgetHostView: calculateWidgetSize() widget = T-Mobile TV(widget id = 3) result hostview size = 1771 x 927
10-24 22:05:39.401 4521 4521 D LauncherAppWidgetHostView: setResizeScaleResult() 1771/ 927 scaleToResize = 0.7673631(widget id = 3)
10-24 22:05:39.411 4521 21036 D ViewSystem: updateRemoteViews(3) has done.
10-24 22:05:39.421 4521 4521 V LauncherAppWidgetHostView: calculateWidgetSize: (target widgetsize) using w/h 1359 712 span 5 2 (widgetid 3) [current Gridsize : GRID_5x5]
10-24 22:05:39.431 4521 4521 D LauncherAppWidgetHostView: calculateWidgetSize() widget = T-Mobile TV(widget id = 3) result hostview size = 1771 x 927
10-24 22:05:39.431 4521 4521 D LauncherAppWidgetHostView: setResizeScaleResult() 1771/ 927 scaleToResize = 0.7673631(widget id = 3)
10-24 22:05:40.151 4574 4612 D ContactsProvider_EventLog: contents_sample_state: [ contacts(4) data(27) accounts({com.google (2)=4}) accounts deleted({}) calls([]) ]
10-24 22:05:40.151 4574 4612 D ContactsProvider_EventLog: contents_sample_state: [ agr({[2]=4}) ]
10-24 22:05:40.351 4574 4612 E ContactsProvider_EventLog: Flush buffer to file cnt : 9 size : 2Kb duration : 195ms lastUpdatedAfter : 133012ms
10-24 22:05:41.441 3110 3777 E NetlinkEvent: NetlinkEvent::FindParam(): Parameter 'LABEL' not found
10-24 22:05:41.441 3110 3777 E NetlinkEvent: NetlinkEvent::FindParam(): Parameter 'UID' not found
10-24 22:05:42.121 3520 3543 D BatteryService: !@BatteryListener : batteryPropertiesChanged!
10-24 22:05:42.121 3520 3543 D BatteryService: level:98, scale:100, status:2, health:2, present:true, voltage: 4213, temperature: 253, technology: Li-ion, AC powered:false, USB powered:true, POGO powered:false, Wireless powered:false, icon:17303413, invalid charger:0, maxChargingCurrent:0
10-24 22:05:42.121 3520 3543 D BatteryService: online:4, current avg:-156, charge type:1, power sharing:false, high voltage charger:false, capacity:280000, batterySWSelfDischarging:false, current_now:-310
10-24 22:05:42.121 3520 3520 D BatteryService: Sending ACTION_BATTERY_CHANGED.
10-24 22:05:42.131 3520 3520 I MotionRecognitionService: Plugged
10-24 22:05:42.131 3520 3520 D MotionRecognitionService: cableConnection= 1
10-24 22:05:42.131 3520 3520 D MotionRecognitionService: setPowerConnected | current backoffstate = 1024 , state =1024
10-24 22:05:42.131 3520 3520 D MotionRecognitionService: skip setTransmitPower.
10-24 22:05:42.141 3520 3520 I Tethering: BATTERY_CHANGED, level = 98lowBatteryThreshold = 15
10-24 22:05:42.141 4130 4130 D KeyguardUpdateMonitor: received broadcast android.intent.action.BATTERY_CHANGED
10-24 22:05:42.151 4130 4130 D KeyguardUpdateMonitor: handleBatteryUpdate
10-24 22:05:42.151 4130 4130 D PowerUI : priorPlugType = 2 mPlugType = 2
10-24 22:05:42.151 4130 4130 D PowerUI.Notification: showChargingNotice oldChargingType : 1 currentChargingType : 1 oldChargingTime : 120000 mChargingTime : 120000
10-24 22:05:42.151 4130 4130 D PowerUI.Notification: There is no change about charging status, so return!
10-24 22:05:42.161 4130 4130 D BatteryMeterView: ACTION_BATTERY_CHANGED : level:98 status:2 health:2
10-24 22:05:42.171 4590 4590 D BatteryMonitor: new battery level: 98
10-24 22:05:42.181 3520 8428 D SSRM:n : SIOP:: AP = 260, PST = 260 (W:28), CP = 231, CUR = 156, LCD = 19
10-24 22:05:42.191 4130 4130 D BatteryMeterView: ACTION_BATTERY_CHANGED : level:98 status:2 health:2
10-24 22:05:45.351 4521 4521 V LauncherAppWidgetHostView: calculateWidgetSize: (target widgetsize) using w/h 1359 712 span 5 2 (widgetid 3) [current Gridsize : GRID_5x5]
10-24 22:05:45.351 4521 4521 D LauncherAppWidgetHostView: calculateWidgetSize() widget = T-Mobile TV(widget id = 3) result hostview size = 1771 x 927
10-24 22:05:45.351 4521 4521 D LauncherAppWidgetHostView: setResizeScaleResult() 1771/ 927 scaleToResize = 0.7673631(widget id = 3)
10-24 22:05:45.371 4521 21036 D ViewSystem: updateTemporaryMetaData() has done.
10-24 22:05:45.381 4521 4521 V LauncherAppWidgetHostView: calculateWidgetSize: (target widgetsize) using w/h 1359 712 span 5 2 (widgetid 3) [current Gridsize : GRID_5x5]
10-24 22:05:45.381 4521 4521 D LauncherAppWidgetHostView: calculateWidgetSize() widget = T-Mobile TV(widget id = 3) result hostview size = 1771 x 927
10-24 22:05:45.381 4521 4521 D LauncherAppWidgetHostView: setResizeScaleResult() 1771/ 927 scaleToResize = 0.7673631(widget id = 3)
10-24 22:05:45.391 4521 4521 V LauncherAppWidgetHostView: calculateWidgetSize: (target widgetsize) using w/h 1359 712 span 5 2 (widgetid 3) [current Gridsize : GRID_5x5]
10-24 22:05:45.391 4521 4521 D LauncherAppWidgetHostView: calculateWidgetSize() widget = T-Mobile TV(widget id = 3) result hostview size = 1771 x 927
10-24 22:05:45.391 4521 4521 D LauncherAppWidgetHostView: setResizeScaleResult() 1771/ 927 scaleToResize = 0.7673631(widget id = 3)
10-24 22:05:45.411 4521 21036 D ViewSystem: updateRemoteViews(4) has done.
10-24 22:05:45.421 4521 4521 V LauncherAppWidgetHostView: calculateWidgetSize: (target widgetsize) using w/h 1359 712 span 5 2 (widgetid 3) [current Gridsize : GRID_5x5]
10-24 22:05:45.421 4521 4521 D LauncherAppWidgetHostView: calculateWidgetSize() widget = T-Mobile TV(widget id = 3) result hostview size = 1771 x 927
10-24 22:05:45.421 4521 4521 D LauncherAppWidgetHostView: setResizeScaleResult() 1771/ 927 scaleToResize = 0.7673631(widget id = 3)
10-24 22:05:46.181 3520 4345 E Watchdog: !@Sync 309 [10-24 22:05:46.187]
10-24 22:05:51.161 3520 4005 V AlarmManager: Expired Alarm result :8
10-24 22:05:51.191 3520 3581 V BroadcastQueue: [background] Process cur broadcast BroadcastRecord{ea5a70 u0 null qIdx=4}, state= (APP_RECEIVE) DELIVERED for app ProcessRecord{78c60c5 6084:com.tmobile.pr.mytmobile/u0a0}
10-24 22:05:51.351 4521 4521 V LauncherAppWidgetHostView: calculateWidgetSize: (target widgetsize) using w/h 1359 712 span 5 2 (widgetid 3) [current Gridsize : GRID_5x5]
10-24 22:05:51.351 4521 4521 D LauncherAppWidgetHostView: calculateWidgetSize() widget = T-Mobile TV(widget id = 3) result hostview size = 1771 x 927
10-24 22:05:51.351 4521 4521 D LauncherAppWidgetHostView: setResizeScaleResult() 1771/ 927 scaleToResize = 0.7673631(widget id = 3)
10-24 22:05:51.371 4521 21036 D ViewSystem: updateTemporaryMetaData() has done.
10-24 22:05:51.381 4521 4521 V LauncherAppWidgetHostView: calculateWidgetSize: (target widgetsize) using w/h 1359 712 span 5 2 (widgetid 3) [current Gridsize : GRID_5x5]
10-24 22:05:51.381 4521 4521 D LauncherAppWidgetHostView: calculateWidgetSize() widget = T-Mobile TV(widget id = 3) result hostview size = 1771 x 927
10-24 22:05:51.381 4521 4521 D LauncherAppWidgetHostView: setResizeScaleResult() 1771/ 927 scaleToResize = 0.7673631(widget id = 3)
10-24 22:05:51.391 4521 4521 V LauncherAppWidgetHostView: calculateWidgetSize: (target widgetsize) using w/h 1359 712 span 5 2 (widgetid 3) [current Gridsize : GRID_5x5]
10-24 22:05:51.391 4521 4521 D LauncherAppWidgetHostView: calculateWidgetSize() widget = T-Mobile TV(widget id = 3) result hostview size = 1771 x 927
10-24 22:05:51.391 4521 4521 D LauncherAppWidgetHostView: setResizeScaleResult() 1771/ 927 scaleToResize = 0.7673631(widget id = 3)
10-24 22:05:51.401 4521 21036 D ViewSystem: updateRemoteViews(5) has done.
10-24 22:05:51.421 4521 4521 V LauncherAppWidgetHostView: calculateWidgetSize: (target widgetsize) using w/h 1359 712 span 5 2 (widgetid 3) [current Gridsize : GRID_5x5]
10-24 22:05:51.421 4521 4521 D LauncherAppWidgetHostView: calculateWidgetSize() widget = T-Mobile TV(widget id = 3) result hostview size = 1771 x 927
10-24 22:05:51.421 4521 4521 D LauncherAppWidgetHostView: setResizeScaleResult() 1771/ 927 scaleToResize = 0.7673631(widget id = 3)
10-24 22:05:52.191 3520 4387 D BatteryService: !@BatteryListener : batteryPropertiesChanged!
10-24 22:05:52.191 3520 4387 D BatteryService: level:98, scale:100, status:2, health:2, present:true, voltage: 4231, temperature: 253, technology: Li-ion, AC powered:false, USB powered:true, POGO powered:false, Wireless powered:false, icon:17303413, invalid charger:0, maxChargingCurrent:0
10-24 22:05:52.191 3520 4387 D BatteryService: online:4, current avg:-153, charge type:1, power sharing:false, high voltage charger:false, capacity:280000, batterySWSelfDischarging:false, current_now:-137
10-24 22:05:52.191 3520 3520 D BatteryService: Sending ACTION_BATTERY_CHANGED.
10-24 22:05:52.201 3520 3520 I Tethering: BATTERY_CHANGED, level = 98lowBatteryThreshold = 15
10-24 22:05:52.201 4130 4130 D KeyguardUpdateMonitor: received broadcast android.intent.action.BATTERY_CHANGED
10-24 22:05:52.201 4130 4130 D KeyguardUpdateMonitor: handleBatteryUpdate
10-24 22:05:52.201 3520 3520 I MotionRecognitionService: Plugged
10-24 22:05:52.201 3520 3520 D MotionRecognitionService: cableConnection= 1
10-24 22:05:52.201 3520 3520 D MotionRecognitionService: setPowerConnected | current backoffstate = 1024 , state =1024
10-24 22:05:52.201 3520 3520 D MotionRecognitionService: skip setTransmitPower.
10-24 22:05:52.201 4130 4130 D PowerUI : priorPlugType = 2 mPlugType = 2
10-24 22:05:52.201 4130 4130 D PowerUI.Notification: showChargingNotice oldChargingType : 1 currentChargingType : 1 oldChargingTime : 120000 mChargingTime : 120000
10-24 22:05:52.201 4130 4130 D PowerUI.Notification: There is no change about charging status, so return!
10-24 22:05:52.211 4590 4590 D BatteryMonitor: new battery level: 98
10-24 22:05:52.241 3520 8428 D SSRM:n : SIOP:: AP = 260, PST = 260 (W:30), CP = 231, CUR = 153, LCD = 19
10-24 22:05:52.241 4130 4130 D BatteryMeterView: ACTION_BATTERY_CHANGED : level:98 status:2 health:2
10-24 22:05:52.241 4130 4130 D BatteryMeterView: ACTION_BATTERY_CHANGED : level:98 status:2 health:2
10-24 22:05:57.351 4521 4521 V LauncherAppWidgetHostView: calculateWidgetSize: (target widgetsize) using w/h 1359 712 span 5 2 (widgetid 3) [current Gridsize : GRID_5x5]
10-24 22:05:57.351 4521 4521 D LauncherAppWidgetHostView: calculateWidgetSize() widget = T-Mobile TV(widget id = 3) result hostview size = 1771 x 927
10-24 22:05:57.351 4521 4521 D LauncherAppWidgetHostView: setResizeScaleResult() 1771/ 927 scaleToResize = 0.7673631(widget id = 3)
10-24 22:05:57.371 4521 21036 D ViewSystem: updateTemporaryMetaData() has done.
10-24 22:05:57.371 4521 4521 V LauncherAppWidgetHostView: calculateWidgetSize: (target widgetsize) using w/h 1359 712 span 5 2 (widgetid 3) [current Gridsize : GRID_5x5]
10-24 22:05:57.381 4521 4521 D LauncherAppWidgetHostView: calculateWidgetSize() widget = T-Mobile TV(widget id = 3) result hostview size = 1771 x 927
10-24 22:05:57.381 4521 4521 D LauncherAppWidgetHostView: setResizeScaleResult() 1771/ 927 scaleToResize = 0.7673631(widget id = 3)
10-24 22:05:57.391 4521 4521 V LauncherAppWidgetHostView: calculateWidgetSize: (target widgetsize) using w/h 1359 712 span 5 2 (widgetid 3) [current Gridsize : GRID_5x5]
10-24 22:05:57.391 4521 4521 D LauncherAppWidgetHostView: calculateWidgetSize() widget = T-Mobile TV(widget id = 3) result hostview size = 1771 x 927
10-24 22:05:57.391 4521 4521 D LauncherAppWidgetHostView: setResizeScaleResult() 1771/ 927 scaleToResize = 0.7673631(widget id = 3)
10-24 22:05:57.401 4521 21036 D ViewSystem: updateRemoteViews(0) has done.
10-24 22:05:57.421 4521 4521 V LauncherAppWidgetHostView: calculateWidgetSize: (target widgetsize) using w/h 1359 712 span 5 2 (widgetid 3) [current Gridsize : GRID_5x5]
10-24 22:05:57.421 4521 4521 D LauncherAppWidgetHostView: calculateWidgetSize() widget = T-Mobile TV(widget id = 3) result hostview size = 1771 x 927
10-24 22:05:57.421 4521 4521 D LauncherAppWidgetHostView: setResizeScaleResult() 1771/ 927 scaleToResize = 0.7673631(widget id = 3)
10-24 22:05:59.991 3520 4005 V AlarmManager: Expired Alarm result :8
10-24 22:06:00.011 4130 4130 D KeyguardUpdateMonitor: received broadcast android.intent.action.TIME_TICK
10-24 22:06:00.011 4130 4130 D KeyguardUpdateMonitor: handleTimeUpdate
10-24 22:06:00.031 4130 4130 D Clock : received broadcast android.intent.action.TIME_TICK
10-24 22:06:00.091 4130 4130 D DateView: received broadcast android.intent.action.TIME_TICK
10-24 22:06:00.161 4521 4521 V LauncherAppWidgetHostView: calculateWidgetSize: (target widgetsize) using w/h 1359 347 span 5 1 (widgetid 6) [current Gridsize : GRID_5x5]
10-24 22:06:00.161 4521 4521 D LauncherAppWidgetHostView: calculateWidgetSize() widget = Weather and Clock(widget id = 6) result hostview size = 1771 x 452
10-24 22:06:00.161 4521 4521 D LauncherAppWidgetHostView: setResizeScaleResult() 1771/ 452 scaleToResize = 0.7673631(widget id = 6)
10-24 22:06:00.161 4521 4521 V LauncherAppWidgetHostView: calculateWidgetSize: (target widgetsize) using w/h 1359 347 span 5 1 (widgetid 2) [current Gridsize : GRID_5x5]
10-24 22:06:00.161 4521 4521 D LauncherAppWidgetHostView: calculateWidgetSize() widget = Google App(widget id = 2) result hostview size = 1771 x 452
10-24 22:06:00.161 4521 4521 D LauncherAppWidgetHostView: setResizeScaleResult() 1771/ 452 scaleToResize = 0.7673631(widget id = 2)
10-24 22:06:00.191 4521 4521 V LauncherAppWidgetHostView: calculateWidgetSize: (target widgetsize) using w/h 1359 347 span 5 1 (widgetid 6) [current Gridsize : GRID_5x5]
10-24 22:06:00.191 4521 4521 D LauncherAppWidgetHostView: calculateWidgetSize() widget = Weather and Clock(widget id = 6) result hostview size = 1771 x 452
10-24 22:06:00.191 4521 4521 D LauncherAppWidgetHostView: setResizeScaleResult() 1771/ 452 scaleToResize = 0.7673631(widget id = 6)
10-24 22:06:00.191 4521 4521 V LauncherAppWidgetHostView: calculateWidgetSize: (target widgetsize) using w/h 1359 347 span 5 1 (widgetid 2) [current Gridsize : GRID_5x5]
10-24 22:06:00.191 4521 4521 D LauncherAppWidgetHostView: calculateWidgetSize() widget = Google App(widget id = 2) result hostview size = 1771 x 452
10-24 22:06:00.191 4521 4521 D LauncherAppWidgetHostView: setResizeScaleResult() 1771/ 452 scaleToResize = 0.7673631(widget id = 2)
10-24 22:06:00.211 26846 26846 D [WeatherWidget(1177)] WeatherService: {[EC3334F14841398C8B464A72D0E61AB7CD7E766A36D06043166FAD39187431A3E5A9A2F81BDF9068B74904E1B1CB541044E6D58E921E578E1E6FAAF047CA8AFC]}
10-24 22:06:00.211 26846 26846 D [WeatherWidget(1177)] : {[3AE6950019B083611567B0F9442DB03E59646CBA355B4C260B75423E37A3701A]}
10-24 22:06:00.221 26846 26846 D [WeatherWidget(1177)] : {[3AE6950019B083611567B0F9442DB03E0F7D6DF8FAB8AEDDA9C52FD622CBE93BD3B3C821E02768ECE7D54B13E96560EDB802D29C56DFCCD38F937DDED36C9453E14ACC693F7BDF399FD0A06BF2D59F2E62F0159FCF8ED080A2244B7BC466DBEB]}
10-24 22:06:00.221 26846 26846 D [WeatherWidget(1177)] : {[DF00664B5BF2DD508EC3D0ADB8B43C9FB429631765284D8658CE62A4AFFAA963]}
10-24 22:06:02.241 3520 3542 D BatteryService: !@BatteryListener : batteryPropertiesChanged!
10-24 22:06:02.241 3520 3542 D BatteryService: level:98, scale:100, status:2, health:2, present:true, voltage: 4231, temperature: 253, technology: Li-ion, AC powered:false, USB powered:true, POGO powered:false, Wireless powered:false, icon:17303413, invalid charger:0, maxChargingCurrent:0
10-24 22:06:02.241 3520 3542 D BatteryService: online:4, current avg:-155, charge type:1, power sharing:false, high voltage charger:false, capacity:280000, batterySWSelfDischarging:false, current_now:-189
10-24 22:06:02.251 3520 3520 I Tethering: BATTERY_CHANGED, level = 98lowBatteryThreshold = 15
10-24 22:06:02.251 3520 3520 D BatteryService: Sending ACTION_BATTERY_CHANGED.
10-24 22:06:02.251 3520 3520 I MotionRecognitionService: Plugged
10-24 22:06:02.251 3520 3520 D MotionRecognitionService: cableConnection= 1
10-24 22:06:02.251 3520 3520 D MotionRecognitionService: setPowerConnected | current backoffstate = 1024 , state =1024
10-24 22:06:02.251 3520 3520 D MotionRecognitionService: skip setTransmitPower.
10-24 22:06:02.261 4130 4130 D KeyguardUpdateMonitor: received broadcast android.intent.action.BATTERY_CHANGED
10-24 22:06:02.261 4130 4130 D KeyguardUpdateMonitor: handleBatteryUpdate
10-24 22:06:02.261 4130 4130 D PowerUI : priorPlugType = 2 mPlugType = 2
10-24 22:06:02.261 4130 4130 D PowerUI.Notification: showChargingNotice oldChargingType : 1 currentChargingType : 1 oldChargingTime : 120000 mChargingTime : 120000
10-24 22:06:02.261 4130 4130 D PowerUI.Notification: There is no change about charging status, so return!
10-24 22:06:02.271 4590 4590 D BatteryMonitor: new battery level: 98
10-24 22:06:02.301 3520 8428 D SSRM:n : SIOP:: AP = 260, PST = 260 (W:30), CP = 231, CUR = 156, LCD = 19
10-24 22:06:02.301 4130 4130 D BatteryMeterView: ACTION_BATTERY_CHANGED : level:98 status:2 health:2
10-24 22:06:02.301 4130 4130 D BatteryMeterView: ACTION_BATTERY_CHANGED : level:98 status:2 health:2
10-24 22:06:03.351 4521 4521 V LauncherAppWidgetHostView: calculateWidgetSize: (target widgetsize) using w/h 1359 712 span 5 2 (widgetid 3) [current Gridsize : GRID_5x5]
10-24 22:06:03.361 4521 4521 D LauncherAppWidgetHostView: calculateWidgetSize() widget = T-Mobile TV(widget id = 3) result hostview size = 1771 x 927
10-24 22:06:03.361 4521 4521 D LauncherAppWidgetHostView: setResizeScaleResult() 1771/ 927 scaleToResize = 0.7673631(widget id = 3)
10-24 22:06:03.371 4521 21036 D ViewSystem: updateTemporaryMetaData() has done.
10-24 22:06:03.381 4521 4521 V LauncherAppWidgetHostView: calculateWidgetSize: (target widgetsize) using w/h 1359 712 span 5 2 (widgetid 3) [current Gridsize : GRID_5x5]
10-24 22:06:03.381 4521 4521 D LauncherAppWidgetHostView: calculateWidgetSize() widget = T-Mobile TV(widget id = 3) result hostview size = 1771 x 927
10-24 22:06:03.381 4521 4521 D LauncherAppWidgetHostView: setResizeScaleResult() 1771/ 927 scaleToResize = 0.7673631(widget id = 3)
10-24 22:06:03.391 4521 4521 V LauncherAppWidgetHostView: calculateWidgetSize: (target widgetsize) using w/h 1359 712 span 5 2 (widgetid 3) [current Gridsize : GRID_5x5]
10-24 22:06:03.391 4521 4521 D LauncherAppWidgetHostView: calculateWidgetSize() widget = T-Mobile TV(widget id = 3) result hostview size = 1771 x 927
10-24 22:06:03.391 4521 4521 D LauncherAppWidgetHostView: setResizeScaleResult() 1771/ 927 scaleToResize = 0.7673631(widget id = 3)
10-24 22:06:03.411 4521 21036 D ViewSystem: updateRemoteViews(1) has done.
10-24 22:06:03.421 4521 4521 V LauncherAppWidgetHostView: calculateWidgetSize: (target widgetsize) using w/h 1359 712 span 5 2 (widgetid 3) [current Gridsize : GRID_5x5]
10-24 22:06:03.421 4521 4521 D LauncherAppWidgetHostView: calculateWidgetSize() widget = T-Mobile TV(widget id = 3) result hostview size = 1771 x 927
10-24 22:06:03.421 4521 4521 D LauncherAppWidgetHostView: setResizeScaleResult() 1771/ 927 scaleToResize = 0.7673631(widget id = 3)
10-24 22:06:04.931 4130 4343 D NetworkController.MobileSignalController(0/2147483643): onSignalStrengthsChanged signalStrength=SignalStrength: 18 99 -18 -200 -18 -200 -1 99 2147483647 2147483647 2147483647 2147483647 2147483647 0x5 gsm|lte level=5
10-24 22:06:04.931 4130 4343 D NetworkController.MobileSignalController(0/2147483643): getMobileIconGroup(): 0
10-24 22:06:04.931 4130 4343 D NetworkController.MobileSignalController(0/2147483643): updateTMOMobileIconGroup(): 0
10-24 22:06:04.941 4425 4425 D WfcPhoneStateListener: onSignalStrengthsChanged(): signal strength did not change
10-24 22:06:07.591 27575 27600 I Quasar : start to send events
10-24 22:06:09.351 4521 4521 V LauncherAppWidgetHostView: calculateWidgetSize: (target widgetsize) using w/h 1359 712 span 5 2 (widgetid 3) [current Gridsize : GRID_5x5]
10-24 22:06:09.351 4521 4521 D LauncherAppWidgetHostView: calculateWidgetSize() widget = T-Mobile TV(widget id = 3) result hostview size = 1771 x 927
10-24 22:06:09.351 4521 4521 D LauncherAppWidgetHostView: setResizeScaleResult() 1771/ 927 scaleToResize = 0.7673631(widget id = 3)
10-24 22:06:09.371 4521 21036 D ViewSystem: updateTemporaryMetaData() has done.
10-24 22:06:09.381 4521 4521 V LauncherAppWidgetHostView: calculateWidgetSize: (target widgetsize) using w/h 1359 712 span 5 2 (widgetid 3) [current Gridsize : GRID_5x5]
10-24 22:06:09.381 4521 4521 D LauncherAppWidgetHostView: calculateWidgetSize() widget = T-Mobile TV(widget id = 3) result hostview size = 1771 x 927
10-24 22:06:09.381 4521 4521 D LauncherAppWidgetHostView: setResizeScaleResult() 1771/ 927 scaleToResize = 0.7673631(widget id = 3)
10-24 22:06:09.401 4521 4521 V LauncherAppWidgetHostView: calculateWidgetSize: (target widgetsize) using w/h 1359 712 span 5 2 (widgetid 3) [current Gridsize : GRID_5x5]
10-24 22:06:09.401 4521 4521 D LauncherAppWidgetHostView: calculateWidgetSize() widget = T-Mobile TV(widget id = 3) result hostview size = 1771 x 927
10-24 22:06:09.401 4521 4521 D LauncherAppWidgetHostView: setResizeScaleResult() 1771/ 927 scaleToResize = 0.7673631(widget id = 3)
10-24 22:06:09.411 4521 21036 D ViewSystem: updateRemoteViews(2) has done.
10-24 22:06:09.431 4521 4521 V LauncherAppWidgetHostView: calculateWidgetSize: (target widgetsize) using w/h 1359 712 span 5 2 (widgetid 3) [current Gridsize : GRID_5x5]
10-24 22:06:09.431 4521 4521 D LauncherAppWidgetHostView: calculateWidgetSize() widget = T-Mobile TV(widget id = 3) result hostview size = 1771 x 927
10-24 22:06:09.431 4521 4521 D LauncherAppWidgetHostView: setResizeScaleResult() 1771/ 927 scaleToResize = 0.7673631(widget id = 3)
10-24 22:06:12.301 3520 5770 D BatteryService: !@BatteryListener : batteryPropertiesChanged!
10-24 22:06:12.301 3520 5770 D BatteryService: level:98, scale:100, status:2, health:2, present:true, voltage: 4231, temperature: 254, technology: Li-ion, AC powered:false, USB powered:true, POGO powered:false, Wireless powered:false, icon:17303413, invalid charger:0, maxChargingCurrent:0
10-24 22:06:12.301 3520 5770 D BatteryService: online:4, current avg:-153, charge type:1, power sharing:false, high voltage charger:false, capacity:280000, batterySWSelfDischarging:false, current_now:-140
10-24 22:06:12.301 3520 3520 D BatteryService: Sending ACTION_BATTERY_CHANGED.
10-24 22:06:12.311 3520 3520 I Tethering: BATTERY_CHANGED, level = 98lowBatteryThreshold = 15
10-24 22:06:12.311 3520 3520 I MotionRecognitionService: Plugged
10-24 22:06:12.311 3520 3520 D MotionRecognitionService: cableConnection= 1
10-24 22:06:12.311 3520 3520 D MotionRecognitionService: setPowerConnected | current backoffstate = 1024 , state =1024
10-24 22:06:12.311 3520 3520 D MotionRecognitionService: skip setTransmitPower.
10-24 22:06:12.321 4130 4130 D KeyguardUpdateMonitor: received broadcast android.intent.action.BATTERY_CHANGED
10-24 22:06:12.321 4130 4130 D KeyguardUpdateMonitor: handleBatteryUpdate
10-24 22:06:12.321 4130 4130 D PowerUI : priorPlugType = 2 mPlugType = 2
10-24 22:06:12.321 3520 8428 D SSRM:n : SIOP:: AP = 260, PST = 260 (W:30), CP = 231, CUR = 154, LCD = 19
10-24 22:06:12.321 4130 4130 D PowerUI.Notification: showChargingNotice oldChargingType : 1 currentChargingType : 1 oldChargingTime : 120000 mChargingTime : 120000
10-24 22:06:12.321 4130 4130 D PowerUI.Notification: There is no change about charging status, so return!
10-24 22:06:12.331 4590 4590 D BatteryMonitor: new battery level: 98
10-24 22:06:12.331 4130 4130 D BatteryMeterView: ACTION_BATTERY_CHANGED : level:98 status:2 health:2
10-24 22:06:12.351 4130 4130 D BatteryMeterView: ACTION_BATTERY_CHANGED : level:98 status:2 health:2
10-24 22:06:12.631 3520 3988 D TimaService: TIMA: TimaService scheduler is intialized.
10-24 22:06:12.631 3520 3988 D TimaService: TIMA: checkEvent, operation: 50000 subject: 10000
10-24 22:06:12.631 3520 3987 D TimaService: TimaServiceHandler.handleMessage what =1
10-24 22:06:15.341 4521 4521 V LauncherAppWidgetHostView: calculateWidgetSize: (target widgetsize) using w/h 1359 712 span 5 2 (widgetid 3) [current Gridsize : GRID_5x5]
10-24 22:06:15.341 4521 4521 D LauncherAppWidgetHostView: calculateWidgetSize() widget = T-Mobile TV(widget id = 3) result hostview size = 1771 x 927
10-24 22:06:15.341 4521 4521 D LauncherAppWidgetHostView: setResizeScaleResult() 1771/ 927 scaleToResize = 0.7673631(widget id = 3)
10-24 22:06:16.181 3520 4345 E Watchdog: !@Sync 310 [10-24 22:06:16.189]
10-24 22:06:16.511 3110 3777 E NetlinkEvent: NetlinkEvent::FindParam(): Parameter 'LABEL' not found
10-24 22:06:16.511 3110 3777 E NetlinkEvent: NetlinkEvent::FindParam(): Parameter 'UID' not found
10-24 22:06:19.021 3520 3988 I TLC_TIMA_PKM_measure_kernel: TIMA: response_id = 3
10-24 22:06:19.021 3520 3988 I TLC_TIMA_PKM_measure_kernel: TIMA: response ret = 0, result_ondemand = MSG=Kernel Verification Success;
10-24 22:06:19.041 3520 3988 D TimaService: TIMA MEASUREMENT Result: TIMA_STATUS=0;MSG=Kernel Verification Success;
10-24 22:06:19.041 3520 3988 D TimaService: TIMA MEASUREMENT success status: TIMA_STATUS=0;MSG=Kernel Verification Success;
10-24 22:06:21.361 4521 4521 V LauncherAppWidgetHostView: calculateWidgetSize: (target widgetsize) using w/h 1359 712 span 5 2 (widgetid 3) [current Gridsize : GRID_5x5]
10-24 22:06:21.361 4521 4521 D LauncherAppWidgetHostView: calculateWidgetSize() widget = T-Mobile TV(widget id = 3) result hostview size = 1771 x 927
10-24 22:06:21.361 4521 4521 D LauncherAppWidgetHostView: setResizeScaleResult() 1771/ 927 scaleToResize = 0.7673631(widget id = 3)
10-24 22:06:21.381 4521 21036 D ViewSystem: updateTemporaryMetaData() has done.
10-24 22:06:21.391 4521 4521 V LauncherAppWidgetHostView: calculateWidgetSize: (target widgetsize) using w/h 1359 712 span 5 2 (widgetid 3) [current Gridsize : GRID_5x5]
10-24 22:06:21.391 4521 4521 D LauncherAppWidgetHostView: calculateWidgetSize() widget = T-Mobile TV(widget id = 3) result hostview size = 1771 x 927
10-24 22:06:21.391 4521 4521 D LauncherAppWidgetHostView: setResizeScaleResult() 1771/ 927 scaleToResize = 0.7673631(widget id = 3)
10-24 22:06:21.411 4521 4521 V LauncherAppWidgetHostView: calculateWidgetSize: (target widgetsize) using w/h 1359 712 span 5 2 (widgetid 3) [current Gridsize : GRID_5x5]
10-24 22:06:21.411 4521 4521 D LauncherAppWidgetHostView: calculateWidgetSize() widget = T-Mobile TV(widget id = 3) result hostview size = 1771 x 927
10-24 22:06:21.411 4521 4521 D LauncherAppWidgetHostView: setResizeScaleResult() 1771/ 927 scaleToResize = 0.7673631(widget id = 3)
10-24 22:06:21.421 4521 21036 D ViewSystem: updateRemoteViews(4) has done.
10-24 22:06:21.441 4521 4521 V LauncherAppWidgetHostView: calculateWidgetSize: (target widgetsize) using w/h 1359 712 span 5 2 (widgetid 3) [current Gridsize : GRID_5x5]
10-24 22:06:21.441 4521 4521 D LauncherAppWidgetHostView: calculateWidgetSize() widget = T-Mobile TV(widget id = 3) result hostview size = 1771 x 927
10-24 22:06:21.441 4521 4521 D LauncherAppWidgetHostView: setResizeScaleResult() 1771/ 927 scaleToResize = 0.7673631(widget id = 3)
10-24 22:06:21.491 3110 3777 E NetlinkEvent: NetlinkEvent::FindParam(): Parameter 'LABEL' not found
10-24 22:06:21.491 3110 3777 E NetlinkEvent: NetlinkEvent::FindParam(): Parameter 'UID' not found
10-24 22:06:22.361 3520 4850 D BatteryService: !@BatteryListener : batteryPropertiesChanged!
10-24 22:06:22.361 3520 4850 D BatteryService: level:98, scale:100, status:2, health:2, present:true, voltage: 4211, temperature: 253, technology: Li-ion, AC powered:false, USB powered:true, POGO powered:false, Wireless powered:false, icon:17303413, invalid charger:0, maxChargingCurrent:0
10-24 22:06:22.361 3520 4850 D BatteryService: online:4, current avg:-161, charge type:1, power sharing:false, high voltage charger:false, capacity:280000, batterySWSelfDischarging:false, current_now:-282
10-24 22:06:22.361 3520 3520 D BatteryService: Sending ACTION_BATTERY_CHANGED.
10-24 22:06:22.371 3520 3520 I MotionRecognitionService: Plugged
10-24 22:06:22.371 3520 3520 D MotionRecognitionService: cableConnection= 1
10-24 22:06:22.371 3520 3520 D MotionRecognitionService: setPowerConnected | current backoffstate = 1024 , state =1024
10-24 22:06:22.371 3520 3520 D MotionRecognitionService: skip setTransmitPower.
10-24 22:06:22.381 3520 3520 I Tethering: BATTERY_CHANGED, level = 98lowBatteryThreshold = 15
10-24 22:06:22.381 4130 4130 D KeyguardUpdateMonitor: received broadcast android.intent.action.BATTERY_CHANGED
10-24 22:06:22.381 4130 4130 D KeyguardUpdateMonitor: handleBatteryUpdate
10-24 22:06:22.391 4130 4130 D PowerUI : priorPlugType = 2 mPlugType = 2
10-24 22:06:22.391 4130 4130 D PowerUI.Notification: showChargingNotice oldChargingType : 1 currentChargingType : 1 oldChargingTime : 120000 mChargingTime : 120000
10-24 22:06:22.391 4130 4130 D PowerUI.Notification: There is no change about charging status, so return!
10-24 22:06:22.391 3520 8428 D SSRM:n : SIOP:: AP = 260, PST = 260 (W:30), CP = 231, CUR = 159, LCD = 19
10-24 22:06:22.401 4590 4590 D BatteryMonitor: new battery level: 98
10-24 22:06:22.401 4130 4130 D BatteryMeterView: ACTION_BATTERY_CHANGED : level:98 status:2 health:2
10-24 22:06:22.421 4130 4130 D BatteryMeterView: ACTION_BATTERY_CHANGED : level:98 status:2 health:2
10-24 22:06:27.361 4521 4521 V LauncherAppWidgetHostView: calculateWidgetSize: (target widgetsize) using w/h 1359 712 span 5 2 (widgetid 3) [current Gridsize : GRID_5x5]
10-24 22:06:27.361 4521 4521 D LauncherAppWidgetHostView: calculateWidgetSize() widget = T-Mobile TV(widget id = 3) result hostview size = 1771 x 927
10-24 22:06:27.361 4521 4521 D LauncherAppWidgetHostView: setResizeScaleResult() 1771/ 927 scaleToResize = 0.7673631(widget id = 3)
10-24 22:06:27.381 4521 21036 D ViewSystem: updateTemporaryMetaData() has done.
10-24 22:06:27.381 4521 4521 V LauncherAppWidgetHostView: calculateWidgetSize: (target widgetsize) using w/h 1359 712 span 5 2 (widgetid 3) [current Gridsize : GRID_5x5]
10-24 22:06:27.381 4521 4521 D LauncherAppWidgetHostView: calculateWidgetSize() widget = T-Mobile TV(widget id = 3) result hostview size = 1771 x 927
10-24 22:06:27.381 4521 4521 D LauncherAppWidgetHostView: setResizeScaleResult() 1771/ 927 scaleToResize = 0.7673631(widget id = 3)
10-24 22:06:27.401 4521 4521 V LauncherAppWidgetHostView: calculateWidgetSize: (target widgetsize) using w/h 1359 712 span 5 2 (widgetid 3) [current Gridsize : GRID_5x5]
10-24 22:06:27.401 4521 4521 D LauncherAppWidgetHostView: calculateWidgetSize() widget = T-Mobile TV(widget id = 3) result hostview size = 1771 x 927
10-24 22:06:27.401 4521 4521 D LauncherAppWidgetHostView: setResizeScaleResult() 1771/ 927 scaleToResize = 0.7673631(widget id = 3)
10-24 22:06:27.411 4521 21036 D ViewSystem: updateRemoteViews(5) has done.
10-24 22:06:27.431 4521 4521 V LauncherAppWidgetHostView: calculateWidgetSize: (target widgetsize) using w/h 1359 712 span 5 2 (widgetid 3) [current Gridsize : GRID_5x5]
10-24 22:06:27.431 4521 4521 D LauncherAppWidgetHostView: calculateWidgetSize() widget = T-Mobile TV(widget id = 3) result hostview size = 1771 x 927
10-24 22:06:27.431 4521 4521 D LauncherAppWidgetHostView: setResizeScaleResult() 1771/ 927 scaleToResize = 0.7673631(widget id = 3)
10-24 22:06:32.421 3520 4392 D BatteryService: !@BatteryListener : batteryPropertiesChanged!
10-24 22:06:32.431 3520 4392 D BatteryService: level:98, scale:100, status:2, health:2, present:true, voltage: 4230, temperature: 253, technology: Li-ion, AC powered:false, USB powered:true, POGO powered:false, Wireless powered:false, icon:17303413, invalid charger:0, maxChargingCurrent:0
10-24 22:06:32.431 3520 4392 D BatteryService: online:4, current avg:-158, charge type:1, power sharing:false, high voltage charger:false, capacity:280000, batterySWSelfDischarging:false, current_now:-134
10-24 22:06:32.431 3520 3520 D BatteryService: Sending ACTION_BATTERY_CHANGED.
10-24 22:06:32.431 3520 3520 I MotionRecognitionService: Plugged
10-24 22:06:32.431 3520 3520 D MotionRecognitionService: cableConnection= 1
10-24 22:06:32.431 3520 3520 D MotionRecognitionService: setPowerConnected | current backoffstate = 1024 , state =1024
10-24 22:06:32.431 3520 3520 D MotionRecognitionService: skip setTransmitPower.
10-24 22:06:32.441 3520 3520 I Tethering: BATTERY_CHANGED, level = 98lowBatteryThreshold = 15
10-24 22:06:32.441 4130 4130 D KeyguardUpdateMonitor: received broadcast android.intent.action.BATTERY_CHANGED
10-24 22:06:32.441 4130 4130 D KeyguardUpdateMonitor: handleBatteryUpdate
10-24 22:06:32.441 4130 4130 D PowerUI : priorPlugType = 2 mPlugType = 2
10-24 22:06:32.441 4130 4130 D PowerUI.Notification: showChargingNotice oldChargingType : 1 currentChargingType : 1 oldChargingTime : 120000 mChargingTime : 120000
10-24 22:06:32.441 4130 4130 D PowerUI.Notification: There is no change about charging status, so return!
10-24 22:06:32.451 4590 4590 D BatteryMonitor: new battery level: 98
10-24 22:06:32.461 3520 8428 D SSRM:n : SIOP:: AP = 260, PST = 260 (W:30), CP = 231, CUR = 158, LCD = 19
10-24 22:06:32.481 4130 4130 D BatteryMeterView: ACTION_BATTERY_CHANGED : level:98 status:2 health:2
10-24 22:06:32.481 4130 4130 D BatteryMeterView: ACTION_BATTERY_CHANGED : level:98 status:2 health:2
10-24 22:06:33.361 4521 4521 V LauncherAppWidgetHostView: calculateWidgetSize: (target widgetsize) using w/h 1359 712 span 5 2 (widgetid 3) [current Gridsize : GRID_5x5]
10-24 22:06:33.361 4521 4521 D LauncherAppWidgetHostView: calculateWidgetSize() widget = T-Mobile TV(widget id = 3) result hostview size = 1771 x 927
10-24 22:06:33.361 4521 4521 D LauncherAppWidgetHostView: setResizeScaleResult() 1771/ 927 scaleToResize = 0.7673631(widget id = 3)
10-24 22:06:33.381 4521 21036 D ViewSystem: updateTemporaryMetaData() has done.
10-24 22:06:33.391 4521 4521 V LauncherAppWidgetHostView: calculateWidgetSize: (target widgetsize) using w/h 1359 712 span 5 2 (widgetid 3) [current Gridsize : GRID_5x5]
10-24 22:06:33.391 4521 4521 D LauncherAppWidgetHostView: calculateWidgetSize() widget = T-Mobile TV(widget id = 3) result hostview size = 1771 x 927
10-24 22:06:33.391 4521 4521 D LauncherAppWidgetHostView: setResizeScaleResult() 1771/ 927 scaleToResize = 0.7673631(widget id = 3)
10-24 22:06:33.411 4521 4521 V LauncherAppWidgetHostView: calculateWidgetSize: (target widgetsize) using w/h 1359 712 span 5 2 (widgetid 3) [current Gridsize : GRID_5x5]
10-24 22:06:33.411 4521 4521 D LauncherAppWidgetHostView: calculateWidgetSize() widget = T-Mobile TV(widget id = 3) result hostview size = 1771 x 927
10-24 22:06:33.411 4521 4521 D LauncherAppWidgetHostView: setResizeScaleResult() 1771/ 927 scaleToResize = 0.7673631(widget id = 3)
10-24 22:06:33.421 4521 21036 D ViewSystem: updateRemoteViews(0) has done.
10-24 22:06:33.431 4521 4521 V LauncherAppWidgetHostView: calculateWidgetSize: (target widgetsize) using w/h 1359 712 span 5 2 (widgetid 3) [current Gridsize : GRID_5x5]
10-24 22:06:33.431 4521 4521 D LauncherAppWidgetHostView: calculateWidgetSize() widget = T-Mobile TV(widget id = 3) result hostview size = 1771 x 927
10-24 22:06:33.431 4521 4521 D LauncherAppWidgetHostView: setResizeScaleResult() 1771/ 927 scaleToResize = 0.7673631(widget id = 3)
10-24 22:06:36.511 3110 3777 E NetlinkEvent: NetlinkEvent::FindParam(): Parameter 'LABEL' not found
10-24 22:06:36.511 3110 3777 E NetlinkEvent: NetlinkEvent::FindParam(): Parameter 'UID' not found
10-24 22:06:39.361 4521 4521 V LauncherAppWidgetHostView: calculateWidgetSize: (target widgetsize) using w/h 1359 712 span 5 2 (widgetid 3) [current Gridsize : GRID_5x5]
