10-24 21:41:34.701 3126 27543 I ExynosCameraBufferManager: [CAM_ID(1)][SCP_BUF]-INFO(dumpBufferInfo[1244]):[m_buffer[0].fd[2]=118] .addr=0xebd02000 .size=32768 .position=0 .permission=1]
10-24 21:41:34.701 3126 27543 I ExynosCameraBufferManager: [CAM_ID(1)][SCP_BUF]-INFO(dumpBufferInfo[1244]):[m_buffer[1].fd[0]=102] .addr=0xeb461000 .size=129600 .position=0 .permission=1]
10-24 21:41:34.701 3126 27543 I ExynosCameraBufferManager: [CAM_ID(1)][SCP_BUF]-INFO(dumpBufferInfo[1244]):[m_buffer[1].fd[1]=103] .addr=0xeb9c1000 .size=64800 .position=0 .permission=1]
10-24 21:41:34.701 3126 27543 I ExynosCameraBufferManager: [CAM_ID(1)][SCP_BUF]-INFO(dumpBufferInfo[1244]):[m_buffer[1].fd[2]=119] .addr=0xe9f08000 .size=32768 .position=0 .permission=1]
10-24 21:41:34.701 3126 27543 I ExynosCameraBufferManager: [CAM_ID(1)][SCP_BUF]-INFO(dumpBufferInfo[1244]):[m_buffer[2].fd[0]=104] .addr=0xeb441000 .size=129600 .position=0 .permission=1]
10-24 21:41:34.701 3126 27543 I ExynosCameraBufferManager: [CAM_ID(1)][SCP_BUF]-INFO(dumpBufferInfo[1244]):[m_buffer[2].fd[1]=105] .addr=0xeb3f0000 .size=64800 .position=0 .permission=1]
10-24 21:41:34.701 3126 27543 I ExynosCameraBufferManager: [CAM_ID(1)][SCP_BUF]-INFO(dumpBufferInfo[1244]):[m_buffer[2].fd[2]=120] .addr=0xe9f00000 .size=32768 .position=0 .permission=1]
10-24 21:41:34.701 3126 27543 I ExynosCameraBufferManager: [CAM_ID(1)][SCP_BUF]-INFO(dumpBufferInfo[1244]):[m_buffer[3].fd[0]=106] .addr=0xeb3d0000 .size=129600 .position=0 .permission=1]
10-24 21:41:34.701 3126 27543 I ExynosCameraBufferManager: [CAM_ID(1)][SCP_BUF]-INFO(dumpBufferInfo[1244]):[m_buffer[3].fd[1]=107] .addr=0xeb3c0000 .size=64800 .position=0 .permission=1]
10-24 21:41:34.701 3126 27543 I ExynosCameraBufferManager: [CAM_ID(1)][SCP_BUF]-INFO(dumpBufferInfo[1244]):[m_buffer[3].fd[2]=121] .addr=0xe9ef8000 .size=32768 .position=0 .permission=1]
10-24 21:41:34.701 3126 27543 I ExynosCameraBufferManager: [CAM_ID(1)][SCP_BUF]-INFO(dumpBufferInfo[1244]):[m_buffer[4].fd[0]=108] .addr=0xea7e2000 .size=129600 .position=0 .permission=1]
10-24 21:41:34.701 3126 27543 I ExynosCameraBufferManager: [CAM_ID(1)][SCP_BUF]-INFO(dumpBufferInfo[1244]):[m_buffer[4].fd[1]=109] .addr=0xea7d2000 .size=64800 .position=0 .permission=1]
10-24 21:41:34.701 3126 27543 I ExynosCameraBufferManager: [CAM_ID(1)][SCP_BUF]-INFO(dumpBufferInfo[1244]):[m_buffer[4].fd[2]=122] .addr=0xe9ef0000 .size=32768 .position=0 .permission=1]
10-24 21:41:34.701 3126 27543 I ExynosCameraBufferManager: [CAM_ID(1)][SCP_BUF]-INFO(dumpBufferInfo[1244]):[m_buffer[5].fd[0]=110] .addr=0xea3e2000 .size=129600 .position=0 .permission=1]
10-24 21:41:34.701 3126 27543 I ExynosCameraBufferManager: [CAM_ID(1)][SCP_BUF]-INFO(dumpBufferInfo[1244]):[m_buffer[5].fd[1]=111] .addr=0xea7c2000 .size=64800 .position=0 .permission=1]
10-24 21:41:34.701 3126 27543 I ExynosCameraBufferManager: [CAM_ID(1)][SCP_BUF]-INFO(dumpBufferInfo[1244]):[m_buffer[5].fd[2]=123] .addr=0xe9ee8000 .size=32768 .position=0 .permission=1]
10-24 21:41:34.701 3126 27543 I ExynosCameraBufferManager: [CAM_ID(1)][SCP_BUF]-INFO(dumpBufferInfo[1244]):[m_buffer[6].fd[0]=112] .addr=0xea3c2000 .size=129600 .position=0 .permission=1]
10-24 21:41:34.701 3126 27543 I ExynosCameraBufferManager: [CAM_ID(1)][SCP_BUF]-INFO(dumpBufferInfo[1244]):[m_buffer[6].fd[1]=113] .addr=0xe9fb0000 .size=64800 .position=0 .permission=1]
10-24 21:41:34.701 3126 27543 I ExynosCameraBufferManager: [CAM_ID(1)][SCP_BUF]-INFO(dumpBufferInfo[1244]):[m_buffer[6].fd[2]=124] .addr=0xe9ee0000 .size=32768 .position=0 .permission=1]
10-24 21:41:34.701 3126 27543 I ExynosCameraBufferManager: [CAM_ID(1)][SCP_BUF]-INFO(dumpBufferInfo[1244]):[m_buffer[7].fd[0]=114] .addr=0xe9f90000 .size=129600 .position=0 .permission=1]
10-24 21:41:34.701 3126 27543 I ExynosCameraBufferManager: [CAM_ID(1)][SCP_BUF]-INFO(dumpBufferInfo[1244]):[m_buffer[7].fd[1]=115] .addr=0xe9f80000 .size=64800 .position=0 .permission=1]
10-24 21:41:34.701 3126 27543 I ExynosCameraBufferManager: [CAM_ID(1)][SCP_BUF]-INFO(dumpBufferInfo[1244]):[m_buffer[7].fd[2]=125] .addr=0xe9ed8000 .size=32768 .position=0 .permission=1]
10-24 21:41:34.701 3126 27543 I ExynosCameraBufferManager: [CAM_ID(1)][SCP_BUF]-INFO(dumpBufferInfo[1244]):[m_buffer[8].fd[0]=116] .addr=0xe9f20000 .size=129600 .position=0 .permission=1]
10-24 21:41:34.701 3126 27543 I ExynosCameraBufferManager: [CAM_ID(1)][SCP_BUF]-INFO(dumpBufferInfo[1244]):[m_buffer[8].fd[1]=117] .addr=0xe9f10000 .size=64800 .position=0 .permission=1]
10-24 21:41:34.701 3126 27543 I ExynosCameraBufferManager: [CAM_ID(1)][SCP_BUF]-INFO(dumpBufferInfo[1244]):[m_buffer[8].fd[2]=126] .addr=0xe9ed0000 .size=32768 .position=0 .permission=1]
10-24 21:41:34.701 3126 27543 D ExynosCameraBufferManager: [CAM_ID(1)][SCP_BUF]-DEBUG(alloc[228]):------------------------------------------------------------------
10-24 21:41:34.701 3126 27543 D ExynosCameraPipeJpeg: DEBUG:duration time( 3 msec):(alloc)
10-24 21:41:34.701 3126 27543 I ExynosCamera: [CAM_ID(1)][]-INFO(m_setBuffers[15920]):hwPreviewW(480), stride(0)
10-24 21:41:34.701 3126 27543 W ExynosCamera: [CAM_ID(1)][]-WARN(m_setBuffers[15927]):HACK: Invalid stride(0). It will be replaced as hwPreviewW(480) value.
10-24 21:41:34.701 3126 27543 I ExynosCamera: [CAM_ID(1)][]-INFO(m_setBuffers[15965]):alloc buffer done - camera ID: 1
10-24 21:41:34.701 3126 27543 D ExynosCameraPipeJpeg: DEBUG:duration time( 11 msec):(m_setBuffers)
10-24 21:41:34.701 4130 4130 V PanelView: Touch Event is Blocked!!
10-24 21:41:34.701 4130 4130 V PanelView: mInstantExpanding = false
10-24 21:41:34.701 4130 4130 V PanelView: mTouchDisabled = false
10-24 21:41:34.701 4130 4130 V PanelView: mMotionAborted && event.getActionMasked() != MotionEvent.ACTION_DOWN = true
10-24 21:41:34.701 4130 4130 V PanelView: isTouchEventFromCarrierOrClear = false
10-24 21:41:34.711 3126 4063 I ExynosCameraMCPipe: [CAM_ID(1)][PIPE_3AA]-INFO(setControl[441]):setControl() is succeed, Pipe(1)
10-24 21:41:34.711 3126 4063 D ExynosCameraFrameFactory: [CAM_ID(1)][ExynosCameraFrameFactory3aaIspTpu]-DEBUG(m_setCreate[104]) setCreate old(false) new(true)
10-24 21:41:34.711 3126 4063 D ExynosCamera: [CAM_ID(1)][]-DEBUG(startPreview):FrameFactory(previewFrameFactory) created
10-24 21:41:34.711 3126 4063 D ExynosCameraMCPipe: [CAM_ID(1)][PIPE_3AA]-DEBUG(setControl[430])
10-24 21:41:34.711 3126 4063 I ExynosCameraMCPipe: [CAM_ID(1)][PIPE_3AA]-INFO(setControl[441]):setControl() is succeed, Pipe(1)
10-24 21:41:34.711 3126 4063 I ExynosCamera: [CAM_ID(1)][]-INFO(m_allocBuffers[16465]):setInfo(planeCount=2, minBufCount=6, maxBufCount=6, type=0, allocMode=0)
10-24 21:41:34.711 3126 4063 D ExynosCameraBufferManager: [CAM_ID(1)][SKIP_BUF]-DEBUG(m_defaultAlloc[957]):duration time( 0 msec):(type=0, bufIndex=0, size=4096)
10-24 21:41:34.711 3126 4063 D ExynosCameraBufferManager: [CAM_ID(1)][SKIP_BUF]-DEBUG(m_defaultAlloc[957]):duration time( 0 msec):(type=0, bufIndex=1, size=4096)
10-24 21:41:34.711 3126 4063 D ExynosCameraBufferManager: [CAM_ID(1)][SKIP_BUF]-DEBUG(m_defaultAlloc[957]):duration time( 0 msec):(type=0, bufIndex=2, size=4096)
10-24 21:41:34.711 3126 4063 D ExynosCameraBufferManager: [CAM_ID(1)][SKIP_BUF]-DEBUG(m_defaultAlloc[957]):duration time( 0 msec):(type=0, bufIndex=3, size=4096)
10-24 21:41:34.711 3126 4063 D ExynosCameraBufferManager: [CAM_ID(1)][SKIP_BUF]-DEBUG(m_defaultAlloc[957]):duration time( 0 msec):(type=0, bufIndex=4, size=4096)
10-24 21:41:34.711 3126 4063 D ExynosCameraBufferManager: [CAM_ID(1)][SKIP_BUF]-DEBUG(m_defaultAlloc[957]):duration time( 0 msec):(type=0, bufIndex=5, size=4096)
10-24 21:41:34.711 3126 4063 D ExynosCameraBufferManager: [CAM_ID(1)][SKIP_BUF]-DEBUG(m_defaultAlloc[977]):Duration time of buffer allocation( 0 msec)
10-24 21:41:34.711 3126 4063 D ExynosCameraBufferManager: [CAM_ID(1)][SKIP_BUF]-DEBUG(m_defaultAlloc[977]):Duration time of buffer allocation( 0 msec)
10-24 21:41:34.711 3126 4063 D ExynosCameraBufferManager: [CAM_ID(1)][SKIP_BUF]-DEBUG(alloc[225]):Allocate the buffer succeeded (m_allocatedBufCount=6, m_reqBufCount=6, m_allowedMaxBufCount=6) --- dumpBufferInfo ---
10-24 21:41:34.711 3126 4063 I ExynosCameraBufferManager: [CAM_ID(1)][SKIP_BUF]-INFO(dumpBufferInfo[1244]):[m_buffer[0].fd[0]=127] .addr=0x0 .size=4096 .position=0 .permission=1]
10-24 21:41:34.711 3126 4063 I ExynosCameraBufferManager: [CAM_ID(1)][SKIP_BUF]-INFO(dumpBufferInfo[1244]):[m_buffer[0].fd[1]=133] .addr=0xe9ec8000 .size=32768 .position=0 .permission=1]
10-24 21:41:34.711 3126 4063 I ExynosCameraBufferManager: [CAM_ID(1)][SKIP_BUF]-INFO(dumpBufferInfo[1244]):[m_buffer[1].fd[0]=128] .addr=0x0 .size=4096 .position=0 .permission=1]
10-24 21:41:34.711 3126 4063 I ExynosCameraBufferManager: [CAM_ID(1)][SKIP_BUF]-INFO(dumpBufferInfo[1244]):[m_buffer[1].fd[1]=134] .addr=0xe9ec0000 .size=32768 .position=0 .permission=1]
10-24 21:41:34.711 3126 4063 I ExynosCameraBufferManager: [CAM_ID(1)][SKIP_BUF]-INFO(dumpBufferInfo[1244]):[m_buffer[2].fd[0]=129] .addr=0x0 .size=4096 .position=0 .permission=1]
10-24 21:41:34.711 3126 4063 I ExynosCameraBufferManager: [CAM_ID(1)][SKIP_BUF]-INFO(dumpBufferInfo[1244]):[m_buffer[2].fd[1]=135] .addr=0xe9878000 .size=32768 .position=0 .permission=1]
10-24 21:41:34.711 3126 4063 I ExynosCameraBufferManager: [CAM_ID(1)][SKIP_BUF]-INFO(dumpBufferInfo[1244]):[m_buffer[3].fd[0]=130] .addr=0x0 .size=4096 .position=0 .permission=1]
10-24 21:41:34.711 3126 4063 I ExynosCameraBufferManager: [CAM_ID(1)][SKIP_BUF]-INFO(dumpBufferInfo[1244]):[m_buffer[3].fd[1]=136] .addr=0xe9870000 .size=32768 .position=0 .permission=1]
10-24 21:41:34.711 3126 4063 I ExynosCameraBufferManager: [CAM_ID(1)][SKIP_BUF]-INFO(dumpBufferInfo[1244]):[m_buffer[4].fd[0]=131] .addr=0x0 .size=4096 .position=0 .permission=1]
10-24 21:41:34.711 3126 4063 I ExynosCameraBufferManager: [CAM_ID(1)][SKIP_BUF]-INFO(dumpBufferInfo[1244]):[m_buffer[4].fd[1]=137] .addr=0xe9868000 .size=32768 .position=0 .permission=1]
10-24 21:41:34.711 3126 4063 I ExynosCameraBufferManager: [CAM_ID(1)][SKIP_BUF]-INFO(dumpBufferInfo[1244]):[m_buffer[5].fd[0]=132] .addr=0x0 .size=4096 .position=0 .permission=1]
10-24 21:41:34.711 3126 4063 I ExynosCameraBufferManager: [CAM_ID(1)][SKIP_BUF]-INFO(dumpBufferInfo[1244]):[m_buffer[5].fd[1]=138] .addr=0xe9860000 .size=32768 .position=0 .permission=1]
10-24 21:41:34.711 3126 4063 D ExynosCameraBufferManager: [CAM_ID(1)][SKIP_BUF]-DEBUG(alloc[228]):------------------------------------------------------------------
10-24 21:41:34.711 3126 4063 D ExynosCameraPipeJpeg: DEBUG:duration time( 1 msec):(alloc)
10-24 21:41:34.711 3126 4063 I ExynosCameraFrameFactoryPreview: [CAM_ID(1)][ExynosCameraFrameFactory3aaIspTpu]-INFO(fastenAeStable[567]): Start
10-24 21:41:34.711 3126 4063 D ExynosCameraFrameFactory3aaIspTpu: [CAM_ID(1)][ExynosCameraFrameFactory3aaIspTpu]-DEBUG(m_updateNodeInfo[1026]):
10-24 21:41:34.711 3126 4063 D ExynosCameraFrameFactory3aaIspTpu: [CAM_ID(1)][ExynosCameraFrameFactory3aaIspTpu]-DEBUG(m_updateNodeInfo[1055]): group migration is already done, use preset
10-24 21:41:34.711 3126 4063 D ExynosCameraMCPipe: [CAM_ID(1)][PIPE_3AA]-DEBUG(setNodeInfos[1067]):setNodeInfos flagReset(false)
10-24 21:41:34.711 3126 4063 D ExynosCameraFrameFactory3aaIspTpu: [CAM_ID(1)][ExynosCameraFrameFactory3aaIspTpu]-DEBUG(m_dumpNodeInfo[1153]): m_updateVideoNode PIPE_3AA mainNode[0] = 110 0xed3d5000
10-24 21:41:34.711 3126 4063 D ExynosCameraFrameFactory3aaIspTpu: [CAM_ID(1)][ExynosCameraFrameFactory3aaIspTpu]-DEBUG(m_dumpNodeInfo[1153]): m_updateVideoNode PIPE_3AA mainNode[1] = 111 0xed3d8c00
10-24 21:41:34.711 3126 4063 D ExynosCameraFrameFactory3aaIspTpu: [CAM_ID(1)][ExynosCameraFrameFactory3aaIspTpu]-DEBUG(m_dumpNodeInfo[1153]): m_updateVideoNode PIPE_3AA mainNode[2] = 112 0xe8c82000
10-24 21:41:34.711 3126 4063 D ExynosCameraMCPipe: [CAM_ID(1)][PIPE_ISP]-DEBUG(setNodeInfos[1067]):setNodeInfos flagReset(false)
10-24 21:41:34.711 3126 4063 D ExynosCameraFrameFactory3aaIspTpu: [CAM_ID(1)][ExynosCameraFrameFactory3aaIspTpu]-DEBUG(m_dumpNodeInfo[1153]): m_updateVideoNode PIPE_ISP mainNode[0] = 130 0xe8c84800
10-24 21:41:34.711 3126 4063 D ExynosCameraFrameFactory3aaIspTpu: [CAM_ID(1)][ExynosCameraFrameFactory3aaIspTpu]-DEBUG(m_dumpNodeInfo[1157]): m_updateVideoNode PIPE_ISP secondaryNode[3] = 132 0xed393800
10-24 21:41:34.711 3126 4063 D ExynosCameraFrameFactory3aaIspTpu: [CAM_ID(1)][ExynosCameraFrameFactory3aaIspTpu]-DEBUG(m_dumpNodeInfo[1153]): m_updateVideoNode PIPE_ISP mainNode[5] = 152 0xed3d6400
10-24 21:41:34.711 3126 4063 D ExynosCameraMCPipe: [CAM_ID(1)][PIPE_DIS]-DEBUG(setNodeInfos[1067]):setNodeInfos flagReset(false)
10-24 21:41:34.711 3126 4063 D ExynosCameraFrameFactory3aaIspTpu: [CAM_ID(1)][ExynosCameraFrameFactory3aaIspTpu]-DEBUG(m_dumpNodeInfo[1157]): m_updateVideoNode PIPE_DIS secondaryNode[11] = 150 0xe8c83400
10-24 21:41:34.711 3126 4063 I ExynosCameraFrameFactoryPreview: [CAM_ID(1)][ExynosCameraFrameFactory3aaIspTpu]-INFO(fastenAeStable[627]): hwSensorSize(652x488)
10-24 21:41:34.711 3126 4063 I ExynosCameraFrameFactoryPreview: [CAM_ID(1)][ExynosCameraFrameFactory3aaIspTpu]-INFO(fastenAeStable[639]:set framerate (denominator=112)
10-24 21:41:34.711 3126 4063 D ExynosCameraPipe: [CAM_ID(1)][PIPE_FLITE]-DEBUG(setParam[506])
10-24 21:41:34.711 3126 4063 D ExynosCameraPipeFlite: [CAM_ID(1)][PIPE_FLITE]-DEBUG(setupPipe[218])
10-24 21:41:34.711 3126 4063 D ExynosCameraPipeFlite: [CAM_ID(1)][PIPE_FLITE]-DEBUG(setupPipe[227]):set new sensorIds
10-24 21:41:34.711 3126 4063 D ExynosCameraPipeFlite: [CAM_ID(1)][PIPE_FLITE]-DEBUG(m_setPipeInfo[192])
10-24 21:41:34.711 3126 4063 D ExynosCameraPipe: [CAM_ID(1)][PIPE_FLITE]-DEBUG(m_setNodeInfo[1435])
10-24 21:41:34.711 3126 4063 D ExynosCameraPipe: [CAM_ID(1)][PIPE_FLITE]-DEBUG(m_setNodeInfo[1513]): set pipeInfos on FLITE : setFormat(652, 488) and reqBuffers(6).
10-24 21:41:34.711 3126 4063 D ExynosCameraNode: [CAM_ID(1)][FLITE]-DEBUG(setSize[372]):w (652) h (488)
10-24 21:41:34.711 3126 4063 D ExynosCameraNode: [CAM_ID(1)][FLITE]-DEBUG(m_setFmt[1043]):type 9, 652 x 488, format 842090306, yuvRange 7
10-24 21:41:34.711 3126 4063 I ExynosCameraPipeFlite: [CAM_ID(1)][PIPE_FLITE]-INFO(setupPipe[253]):setupPipe() is succeed (0) setupPipe (3)
10-24 21:41:34.711 3126 4063 D ExynosCameraPipe: [CAM_ID(1)][PIPE_FLITE]-DEBUG(setControl[470])
10-24 21:41:34.711 3126 4063 I ExynosCameraFrameFactory3aaIspTpu: [CAM_ID(1)][ExynosCameraFrameFactory3aaIspTpu]-INFO(m_setDeviceInfo[137])
10-24 21:41:34.711 3126 4063 D ExynosCameraMCPipe: [CAM_ID(1)][PIPE_3AA]-DEBUG(setPipeId[961]):nodeType(0), id(1)
10-24 21:41:34.711 3126 4063 D ExynosCameraMCPipe: [CAM_ID(1)][PIPE_3AA]-DEBUG(setPipeId[961]):nodeType(1), id(2)
10-24 21:41:34.711 3126 4063 D ExynosCameraMCPipe: [CAM_ID(1)][PIPE_3AA]-DEBUG(setPipeId[961]):nodeType(2), id(3)
10-24 21:41:34.711 3126 4063 D ExynosCameraMCPipe: [CAM_ID(1)][PIPE_3AA]-DEBUG(setPipeId[961]):nodeType(3), id(-1)
10-24 21:41:34.711 3126 4063 D ExynosCameraMCPipe: [CAM_ID(1)][PIPE_3AA]-DEBUG(setPipeId[961]):nodeType(4), id(-1)
10-24 21:41:34.711 3126 4063 D ExynosCameraMCPipe: [CAM_ID(1)][PIPE_3AA]-DEBUG(setPipeId[961]):nodeType(5), id(-1)
10-24 21:41:34.711 3126 4063 D ExynosCameraMCPipe: [CAM_ID(1)][PIPE_3AA]-DEBUG(setPipeId[961]):nodeType(6), id(-1)
10-24 21:41:34.711 3126 4063 D ExynosCameraMCPipe: [CAM_ID(1)][PIPE_3AA]-DEBUG(setPipeId[961]):nodeType(7), id(-1)
10-24 21:41:34.711 3126 4063 D ExynosCameraMCPipe: [CAM_ID(1)][PIPE_3AA]-DEBUG(setPipeId[961]):nodeType(8), id(-1)
10-24 21:41:34.711 3126 4063 D ExynosCameraMCPipe: [CAM_ID(1)][PIPE_3AA]-DEBUG(setPipeId[961]):nodeType(9), id(-1)
10-24 21:41:34.711 3126 4063 D ExynosCameraMCPipe: [CAM_ID(1)][PIPE_3AA]-DEBUG(setPipeId[961]):nodeType(10), id(-1)
10-24 21:41:34.711 3126 4063 D ExynosCameraMCPipe: [CAM_ID(1)][PIPE_3AA]-DEBUG(setPipeId[961]):nodeType(11), id(-1)
10-24 21:41:34.711 3126 4063 D ExynosCameraMCPipe: [CAM_ID(1)][PIPE_3AA]-DEBUG(setPipeId[961]):nodeType(12), id(-1)
10-24 21:41:34.711 3126 4063 D ExynosCameraMCPipe: [CAM_ID(1)][PIPE_3AA]-DEBUG(setPipeId[961]):nodeType(13), id(-1)
10-24 21:41:34.711 3126 4063 D ExynosCameraMCPipe: [CAM_ID(1)][PIPE_3AA]-DEBUG(setPipeId[961]):nodeType(14), id(-1)
10-24 21:41:34.711 3126 4063 D ExynosCameraMCPipe: [CAM_ID(1)][PIPE_3AA]-DEBUG(setPipeId[961]):nodeType(15), id(-1)
10-24 21:41:34.711 3126 4063 D ExynosCameraMCPipe: [CAM_ID(1)][PIPE_3AA]-DEBUG(setupPipe[153])
10-24 21:41:34.711 3126 4063 D ExynosCameraMCPipe: [CAM_ID(1)][PIPE_3AA]-DEBUG(setupPipe[163]):set new sensorIds
10-24 21:41:34.711 3126 4063 D ExynosCameraMCPipe: [CAM_ID(1)][PIPE_3AA]-DEBUG(m_setInput[2375]): setInput(sensorIds : 1376529) [src nodeNum : 101][nodeNums : 110][otf : 1][leader : 1][reprocessing : 0][unique sensorId : 21]
10-24 21:41:34.711 3126 4063 D ExynosCameraMCPipe: [CAM_ID(1)][PIPE_3AA]-DEBUG(m_setInput[2375]): setInput(sensorIds : 1378816) [src nodeNum : 110][nodeNums : 111][otf : 0][leader : 0][reprocessing : 0][unique sensorId : 21]
10-24 21:41:34.711 3126 4063 D ExynosCameraMCPipe: [CAM_ID(1)][PIPE_3AA]-DEBUG(m_setInput[2375]): setInput(sensorIds : 1378816) [src nodeNum : 110][nodeNums : 112][otf : 0][leader : 0][reprocessing : 0][unique sensorId : 21]
10-24 21:41:34.711 3126 4063 D ExynosCameraMCPipe: [CAM_ID(1)][PIPE_3AA]-DEBUG(m_setPipeInfo[2396])
10-24 21:41:34.711 3126 4063 D ExynosCameraMCPipe: [CAM_ID(1)][PIPE_3AA]-DEBUG(m_setNodeInfo[2469])
10-24 21:41:34.711 3126 4063 D ExynosCameraMCPipe: [CAM_ID(1)][PIPE_3AA]-DEBUG(m_setNodeInfo[2549]):set pipeInfos on 3AA_OUTPUT, setFormat(32, 64) and reqBuffers(6)
10-24 21:41:34.711 3126 4063 D ExynosCameraNode: [CAM_ID(1)][3AA_OUTPUT]-DEBUG(setSize[372]):w (32) h (64)
10-24 21:41:34.711 3126 4063 W ExynosCameraNode: [CAM_ID(1)][3AA_OUTPUT]-WARN(setFormat[672]):name(3AA_OUTPUT) fd 72, bytesperline(0) < width(32), height(64)
10-24 21:41:34.711 3126 4063 D ExynosCameraNode: [CAM_ID(1)][3AA_OUTPUT]-DEBUG(m_setFmt[1043]):type 10, 32 x 64, format 842090306, yuvRange 7
10-24 21:41:34.711 3126 4063 D ExynosCameraMCPipe: [CAM_ID(1)][PIPE_3AA]-DEBUG(m_setNodeInfo[2469])
10-24 21:41:34.711 3126 4063 D ExynosCameraMCPipe: [CAM_ID(1)][PIPE_3AA]-DEBUG(m_setNodeInfo[2549]):set pipeInfos on 3AA_CAPTURE, setFormat(652, 652) and reqBuffers(6)
10-24 21:41:34.711 3126 4063 D ExynosCameraNode: [CAM_ID(1)][3AA_CAPTURE]-DEBUG(setSize[372]):w (652) h (652)
10-24 21:41:34.711 3126 4063 W ExynosCameraNode: [CAM_ID(1)][3AA_CAPTURE]-WARN(setFormat[672]):name(3AA_CAPTURE) fd 75, bytesperline(0) < width(652), height(652)
10-24 21:41:34.711 3126 4063 D ExynosCameraNode: [CAM_ID(1)][3AA_CAPTURE]-DEBUG(m_setFmt[1043]):type 9, 652 x 652, format 842090306, yuvRange 7
10-24 21:41:34.711 3126 4063 D ExynosCameraMCPipe: [CAM_ID(1)][PIPE_3AA]-DEBUG(m_setNodeInfo[2469])
10-24 21:41:34.711 3126 4063 D ExynosCameraMCPipe: [CAM_ID(1)][PIPE_3AA]-DEBUG(m_setNodeInfo[2549]):set pipeInfos on 3AA_PREVIEW, setFormat(624, 468) and reqBuffers(6)
10-24 21:41:34.711 3126 4063 D ExynosCameraNode: [CAM_ID(1)][3AA_PREVIEW]-DEBUG(setSize[372]):w (624) h (468)
10-24 21:41:34.711 3126 4063 D ExynosCameraNode: [CAM_ID(1)][3AA_PREVIEW]-DEBUG(m_setFmt[1043]):type 9, 624 x 468, format 842090306, yuvRange 7
10-24 21:41:34.711 3126 4063 I ExynosCameraMCPipe: [CAM_ID(1)][PIPE_3AA]-INFO(setupPipe[224]):setupPipe() is succeed, Pipe(1), prepare(3)
10-24 21:41:34.711 3126 4063 D ExynosCameraMCPipe: [CAM_ID(1)][PIPE_ISP]-DEBUG(setPipeId[961]):nodeType(0), id(4)
10-24 21:41:34.711 3126 4063 D ExynosCameraMCPipe: [CAM_ID(1)][PIPE_ISP]-DEBUG(setPipeId[961]):nodeType(1), id(-1)
10-24 21:41:34.711 3126 4063 D ExynosCameraMCPipe: [CAM_ID(1)][PIPE_ISP]-DEBUG(setPipeId[961]):nodeType(2), id(-1)
10-24 21:41:34.711 3126 4063 D ExynosCameraMCPipe: [CAM_ID(1)][PIPE_ISP]-DEBUG(setPipeId[961]):nodeType(3), id(6)
10-24 21:41:34.711 3126 4063 D ExynosCameraMCPipe: [CAM_ID(1)][PIPE_ISP]-DEBUG(setPipeId[961]):nodeType(4), id(-1)
10-24 21:41:34.711 3126 4063 D ExynosCameraMCPipe: [CAM_ID(1)][PIPE_ISP]-DEBUG(setPipeId[961]):nodeType(5), id(7)
10-24 21:41:34.711 3126 4063 D ExynosCameraMCPipe: [CAM_ID(1)][PIPE_ISP]-DEBUG(setPipeId[961]):nodeType(6), id(-1)
10-24 21:41:34.711 3126 4063 D ExynosCameraMCPipe: [CAM_ID(1)][PIPE_ISP]-DEBUG(setPipeId[961]):nodeType(7), id(-1)
10-24 21:41:34.711 3126 4063 D ExynosCameraMCPipe: [CAM_ID(1)][PIPE_ISP]-DEBUG(setPipeId[961]):nodeType(8), id(-1)
10-24 21:41:34.711 3126 4063 D ExynosCameraMCPipe: [CAM_ID(1)][PIPE_ISP]-DEBUG(setPipeId[961]):nodeType(9), id(-1)
10-24 21:41:34.711 3126 4063 D ExynosCameraMCPipe: [CAM_ID(1)][PIPE_ISP]-DEBUG(setPipeId[961]):nodeType(10), id(-1)
10-24 21:41:34.711 3126 4063 D ExynosCameraMCPipe: [CAM_ID(1)][PIPE_ISP]-DEBUG(setPipeId[961]):nodeType(11), id(-1)
10-24 21:41:34.711 3126 4063 D ExynosCameraMCPipe: [CAM_ID(1)][PIPE_ISP]-DEBUG(setPipeId[961]):nodeType(12), id(-1)
10-24 21:41:34.711 3126 4063 D ExynosCameraMCPipe: [CAM_ID(1)][PIPE_ISP]-DEBUG(setPipeId[961]):nodeType(13), id(-1)
10-24 21:41:34.711 3126 4063 D ExynosCameraMCPipe: [CAM_ID(1)][PIPE_ISP]-DEBUG(setPipeId[961]):nodeType(14), id(-1)
10-24 21:41:34.711 3126 4063 D ExynosCameraMCPipe: [CAM_ID(1)][PIPE_ISP]-DEBUG(setPipeId[961]):nodeType(15), id(-1)
10-24 21:41:34.711 3126 4063 D ExynosCameraMCPipe: [CAM_ID(1)][PIPE_ISP]-DEBUG(setupPipe[153])
10-24 21:41:34.711 3126 4063 D ExynosCameraMCPipe: [CAM_ID(1)][PIPE_ISP]-DEBUG(setupPipe[163]):set new sensorIds
10-24 21:41:34.711 3126 4063 D ExynosCameraMCPipe: [CAM_ID(1)][PIPE_ISP]-DEBUG(setupPipe[169]):set new ispSensorIds
10-24 21:41:34.711 3126 4063 D ExynosCameraMCPipe: [CAM_ID(1)][PIPE_ISP]-DEBUG(m_setInput[2375]): setInput(sensorIds : 1379328) [src nodeNum : 112][nodeNums : 130][otf : 0][leader : 0][reprocessing : 0][unique sensorId : 21]
10-24 21:41:34.711 3126 4063 D ExynosCameraMCPipe: [CAM_ID(1)][PIPE_ISP]-DEBUG(m_setInput[2375]): setInput(sensorIds : 1384464) [src nodeNum : 132][nodeNums : 152][otf : 1][leader : 0][reprocessing : 0][unique sensorId : 21]
10-24 21:41:34.711 3126 4063 D ExynosCameraMCPipe: [CAM_ID(1)][PIPE_ISP]-DEBUG(m_setInput[2375]): setInput(sensorIds : 1383952) [src nodeNum : 130][nodeNums : 132][otf : 1][leader : 0][reprocessing : 0][unique sensorId : 21]
10-24 21:41:34.711 3126 4063 D ExynosCameraMCPipe: [CAM_ID(1)][PIPE_ISP]-DEBUG(m_setPipeInfo[2396])
10-24 21:41:34.711 3126 4063 D ExynosCameraMCPipe: [CAM_ID(1)][PIPE_ISP]-DEBUG(m_setNodeInfo[2469])
10-24 21:41:34.711 3126 4063 D ExynosCameraMCPipe: [CAM_ID(1)][PIPE_ISP]-DEBUG(m_setNodeInfo[2549]):set pipeInfos on ISP_OUTPUT, setFormat(624, 468) and reqBuffers(6)
10-24 21:41:34.711 3126 4063 D ExynosCameraNode: [CAM_ID(1)][ISP_OUTPUT]-DEBUG(setSize[372]):w (624) h (468)
10-24 21:41:34.711 3126 4063 W ExynosCameraNode: [CAM_ID(1)][ISP_OUTPUT]-WARN(setFormat[672]):name(ISP_OUTPUT) fd 67, bytesperline(0) < width(624), height(468)
10-24 21:41:34.711 3126 4063 D ExynosCameraNode: [CAM_ID(1)][ISP_OUTPUT]-DEBUG(m_setFmt[1043]):type 10, 624 x 468, format 842090306, yuvRange 7
10-24 21:41:34.711 3126 4063 D ExynosCameraMCPipe: [CAM_ID(1)][PIPE_ISP]-DEBUG(m_setNodeInfo[2469])
10-24 21:41:34.711 3126 4063 D ExynosCameraMCPipe: [CAM_ID(1)][PIPE_ISP]-DEBUG(m_setNodeInfo[2549]):set pipeInfos on SCP_PREVIEW, setFormat(624, 468) and reqBuffers(9)
10-24 21:41:34.711 3126 4063 D ExynosCameraNode: [CAM_ID(1)][SCP_PREVIEW]-DEBUG(setSize[372]):w (624) h (468)
10-24 21:41:34.711 3126 4063 D ExynosCameraNode: [CAM_ID(1)][SCP_PREVIEW]-DEBUG(m_setFmt[1043]):type 9, 624 x 468, format 825380174, yuvRange 7
10-24 21:41:34.711 3126 4063 I ExynosCameraMCPipe: [CAM_ID(1)][PIPE_ISP]-INFO(setupPipe[224]):setupPipe() is succeed, Pipe(4), prepare(0)
10-24 21:41:34.711 3126 4063 D ExynosCameraMCPipe: [CAM_ID(1)][PIPE_DIS]-DEBUG(setPipeId[961]):nodeType(0), id(-1)
10-24 21:41:34.711 3126 4063 D ExynosCameraMCPipe: [CAM_ID(1)][PIPE_DIS]-DEBUG(setPipeId[961]):nodeType(1), id(-1)
10-24 21:41:34.711 3126 4063 D ExynosCameraMCPipe: [CAM_ID(1)][PIPE_DIS]-DEBUG(setPipeId[961]):nodeType(2), id(-1)
10-24 21:41:34.711 3126 4063 D ExynosCameraMCPipe: [CAM_ID(1)][PIPE_DIS]-DEBUG(setPipeId[961]):nodeType(3), id(-1)
10-24 21:41:34.711 3126 4063 D ExynosCameraMCPipe: [CAM_ID(1)][PIPE_DIS]-DEBUG(setPipeId[961]):nodeType(4), id(-1)
10-24 21:41:34.711 3126 4063 D ExynosCameraMCPipe: [CAM_ID(1)][PIPE_DIS]-DEBUG(setPipeId[961]):nodeType(5), id(-1)
10-24 21:41:34.711 3126 4063 D ExynosCameraMCPipe: [CAM_ID(1)][PIPE_DIS]-DEBUG(setPipeId[961]):nodeType(6), id(-1)
10-24 21:41:34.711 3126 4063 D ExynosCameraMCPipe: [CAM_ID(1)][PIPE_DIS]-DEBUG(setPipeId[961]):nodeType(7), id(-1)
10-24 21:41:34.711 3126 4063 D ExynosCameraMCPipe: [CAM_ID(1)][PIPE_DIS]-DEBUG(setPipeId[961]):nodeType(8), id(-1)
10-24 21:41:34.711 3126 4063 D ExynosCameraMCPipe: [CAM_ID(1)][PIPE_DIS]-DEBUG(setPipeId[961]):nodeType(9), id(-1)
10-24 21:41:34.711 3126 4063 D ExynosCameraMCPipe: [CAM_ID(1)][PIPE_DIS]-DEBUG(setPipeId[961]):nodeType(10), id(-1)
10-24 21:41:34.711 3126 4063 D ExynosCameraMCPipe: [CAM_ID(1)][PIPE_DIS]-DEBUG(setPipeId[961]):nodeType(11), id(10)
10-24 21:41:34.711 3126 4063 D ExynosCameraMCPipe: [CAM_ID(1)][PIPE_DIS]-DEBUG(setPipeId[961]):nodeType(12), id(-1)
10-24 21:41:34.711 3126 4063 D ExynosCameraMCPipe: [CAM_ID(1)][PIPE_DIS]-DEBUG(setPipeId[961]):nodeType(13), id(-1)
10-24 21:41:34.711 3126 4063 D ExynosCameraMCPipe: [CAM_ID(1)][PIPE_DIS]-DEBUG(setPipeId[961]):nodeType(14), id(-1)
10-24 21:41:34.711 3126 4063 D ExynosCameraMCPipe: [CAM_ID(1)][PIPE_DIS]-DEBUG(setPipeId[961]):nodeType(15), id(-1)
10-24 21:41:34.711 3126 4063 D ExynosCameraMCPipe: [CAM_ID(1)][PIPE_DIS]-DEBUG(setupPipe[153])
10-24 21:41:34.711 3126 4063 D ExynosCameraMCPipe: [CAM_ID(1)][PIPE_DIS]-DEBUG(setupPipe[163]):set new sensorIds
10-24 21:41:34.711 3126 4063 D ExynosCameraMCPipe: [CAM_ID(1)][PIPE_DIS]-DEBUG(setupPipe[169]):set new ispSensorIds
10-24 21:41:34.711 3126 4063 D ExynosCameraMCPipe: [CAM_ID(1)][PIPE_DIS]-DEBUG(m_setInput[2375]): setInput(sensorIds : 1384464) [src nodeNum : 132][nodeNums : 150][otf : 1][leader : 0][reprocessing : 0][unique sensorId : 21]
10-24 21:41:34.741 4130 4130 V PanelView: Touch Event is Blocked!!
10-24 21:41:34.741 4130 4130 V PanelView: mInstantExpanding = false
10-24 21:41:34.741 4130 4130 V PanelView: mTouchDisabled = false
10-24 21:41:34.741 4130 4130 V PanelView: mMotionAborted && event.getActionMasked() != MotionEvent.ACTION_DOWN = true
10-24 21:41:34.741 4130 4130 V PanelView: isTouchEventFromCarrierOrClear = false
10-24 21:41:34.771 4130 4130 V PanelView: Touch Event is Blocked!!
10-24 21:41:34.771 4130 4130 V PanelView: mInstantExpanding = false
10-24 21:41:34.771 4130 4130 V PanelView: mTouchDisabled = false
10-24 21:41:34.771 4130 4130 V PanelView: mMotionAborted && event.getActionMasked() != MotionEvent.ACTION_DOWN = true
10-24 21:41:34.771 4130 4130 V PanelView: isTouchEventFromCarrierOrClear = false
10-24 21:41:34.791 3126 4063 D ExynosCameraMCPipe: [CAM_ID(1)][PIPE_DIS]-DEBUG(m_setPipeInfo[2396])
10-24 21:41:34.791 3126 4063 I ExynosCameraMCPipe: [CAM_ID(1)][PIPE_DIS]-INFO(setupPipe[224]):setupPipe() is succeed, Pipe(-1), prepare(-325996540)
10-24 21:41:34.791 3126 4063 I ExynosCameraUtils: INFO(setMetaCtlAeTargetFpsRange):aeTargetFpsRange(min=112, min=112)
10-24 21:41:34.791 3126 4063 D ExynosCameraFrameFactoryPreview: [CAM_ID(1)][ExynosCameraFrameFactory3aaIspTpu]-DEBUG(fastenAeStable[779]): Instant shot - FD(127, 133)
10-24 21:41:34.791 3126 4063 D ExynosCameraActivityAutofocus: DEBUG(t_func3ABefore[226]):AF-Mode(HAL/FW)=(2/2(0)) AF-Region(x1,y1,x2,y2,weight)=(0, 0, 0, 0, 1000)
10-24 21:41:34.791 3126 4063 I ExynosCameraUtils: INFO(setMetaCtlAeTargetFpsRange):aeTargetFpsRange(min=112, min=112)
10-24 21:41:34.791 3126 4063 D ExynosCameraFrameFactoryPreview: [CAM_ID(1)][ExynosCameraFrameFactory3aaIspTpu]-DEBUG(fastenAeStable[779]): Instant shot - FD(128, 134)
10-24 21:41:34.791 4130 4130 V PanelView: Touch Event is Blocked!!
10-24 21:41:34.791 3126 4063 I ExynosCameraUtils: INFO(setMetaCtlAeTargetFpsRange):aeTargetFpsRange(min=112, min=112)
10-24 21:41:34.791 3126 4063 D ExynosCameraFrameFactoryPreview: [CAM_ID(1)][ExynosCameraFrameFactory3aaIspTpu]-DEBUG(fastenAeStable[779]): Instant shot - FD(129, 135)
10-24 21:41:34.791 4130 4130 V PanelView: mInstantExpanding = false
10-24 21:41:34.791 4130 4130 V PanelView: mTouchDisabled = false
10-24 21:41:34.791 4130 4130 V PanelView: mMotionAborted && event.getActionMasked() != MotionEvent.ACTION_DOWN = true
10-24 21:41:34.791 3126 4063 I ExynosCameraUtils: INFO(setMetaCtlAeTargetFpsRange):aeTargetFpsRange(min=112, min=112)
10-24 21:41:34.791 4130 4130 V PanelView: isTouchEventFromCarrierOrClear = false
10-24 21:41:34.791 3126 4063 D ExynosCameraFrameFactoryPreview: [CAM_ID(1)][ExynosCameraFrameFactory3aaIspTpu]-DEBUG(fastenAeStable[779]): Instant shot - FD(130, 136)
10-24 21:41:34.791 3126 4063 I ExynosCameraUtils: INFO(setMetaCtlAeTargetFpsRange):aeTargetFpsRange(min=112, min=112)
10-24 21:41:34.791 3126 4063 D ExynosCameraFrameFactoryPreview: [CAM_ID(1)][ExynosCameraFrameFactory3aaIspTpu]-DEBUG(fastenAeStable[779]): Instant shot - FD(131, 137)
10-24 21:41:34.791 3126 4063 I ExynosCameraUtils: INFO(setMetaCtlAeTargetFpsRange):aeTargetFpsRange(min=112, min=112)
10-24 21:41:34.791 3126 4063 D ExynosCameraFrameFactoryPreview: [CAM_ID(1)][ExynosCameraFrameFactory3aaIspTpu]-DEBUG(fastenAeStable[779]): Instant shot - FD(132, 138)
10-24 21:41:34.791 3126 4063 D ExynosCameraPipe: [CAM_ID(1)][PIPE_FLITE]-DEBUG(instantOn[537])
10-24 21:41:34.791 3126 4063 D ExynosCameraMCPipe: [CAM_ID(1)][PIPE_ISP]-DEBUG(start[255])
10-24 21:41:34.791 3126 4063 D ExynosCameraMCPipe: [CAM_ID(1)][PIPE_ISP]-DEBUG(m_startNode[2737])
10-24 21:41:34.791 3126 4063 I ExynosCameraMCPipe: [CAM_ID(1)][PIPE_ISP]-INFO(start[271]):start() is succeed, Pipe(4)
10-24 21:41:34.791 3126 4063 D ExynosCameraMCPipe: [CAM_ID(1)][PIPE_3AA]-DEBUG(instantOn[554])
10-24 21:41:34.791 3126 4063 D ExynosCameraMCPipe: [CAM_ID(1)][PIPE_3AA]-DEBUG(instantOn[602]):Put instantOn Buffer (index 0)
10-24 21:41:34.791 3126 4063 D ExynosCameraMCPipe: [CAM_ID(1)][PIPE_3AA]-DEBUG(instantOn[602]):Put instantOn Buffer (index 1)
10-24 21:41:34.791 3126 4063 D ExynosCameraMCPipe: [CAM_ID(1)][PIPE_3AA]-DEBUG(instantOn[602]):Put instantOn Buffer (index 2)
10-24 21:41:34.791 3126 4063 D ExynosCameraMCPipe: [CAM_ID(1)][PIPE_3AA]-DEBUG(instantOn[602]):Put instantOn Buffer (index 3)
10-24 21:41:34.791 3126 4063 D ExynosCameraMCPipe: [CAM_ID(1)][PIPE_3AA]-DEBUG(instantOn[602]):Put instantOn Buffer (index 4)
10-24 21:41:34.791 3126 4063 D ExynosCameraMCPipe: [CAM_ID(1)][PIPE_3AA]-DEBUG(instantOn[602]):Put instantOn Buffer (index 5)
10-24 21:41:34.801 3126 4063 I ExynosCameraMCPipe: [CAM_ID(1)][PIPE_3AA]-INFO(instantOn[617]):instantOn() is succeed, Pipe(1), Frames(6)
10-24 21:41:34.801 3126 4063 D ExynosCameraPipe: [CAM_ID(1)][PIPE_FLITE]-DEBUG(setControl[470])
10-24 21:41:34.801 4130 4130 V PanelView: Touch Event is Blocked!!
10-24 21:41:34.801 4130 4130 V PanelView: mInstantExpanding = false
10-24 21:41:34.801 4130 4130 V PanelView: mTouchDisabled = false
10-24 21:41:34.801 4130 4130 V PanelView: mMotionAborted && event.getActionMasked() != MotionEvent.ACTION_DOWN = true
10-24 21:41:34.801 4130 4130 V PanelView: isTouchEventFromCarrierOrClear = false
10-24 21:41:34.821 4130 4130 V PanelView: Touch Event is Blocked!!
10-24 21:41:34.821 4130 4130 V PanelView: mInstantExpanding = false
10-24 21:41:34.821 4130 4130 V PanelView: mTouchDisabled = false
10-24 21:41:34.821 4130 4130 V PanelView: mMotionAborted && event.getActionMasked() != MotionEvent.ACTION_DOWN = true
10-24 21:41:34.821 4130 4130 V PanelView: isTouchEventFromCarrierOrClear = false
10-24 21:41:34.851 4130 4130 V PanelView: Touch Event is Blocked!!
10-24 21:41:34.851 4130 4130 V PanelView: mInstantExpanding = false
10-24 21:41:34.851 4130 4130 V PanelView: mTouchDisabled = false
10-24 21:41:34.851 4130 4130 V PanelView: mMotionAborted && event.getActionMasked() != MotionEvent.ACTION_DOWN = true
10-24 21:41:34.851 4130 4130 V PanelView: isTouchEventFromCarrierOrClear = false
10-24 21:41:34.891 4130 4130 V PanelView: Touch Event is Blocked!!
10-24 21:41:34.891 4130 4130 V PanelView: mInstantExpanding = false
10-24 21:41:34.891 4130 4130 V PanelView: mTouchDisabled = false
10-24 21:41:34.891 4130 4130 V PanelView: mMotionAborted && event.getActionMasked() != MotionEvent.ACTION_DOWN = true
10-24 21:41:34.891 4130 4130 V PanelView: isTouchEventFromCarrierOrClear = false
10-24 21:41:34.891 3126 4063 D ExynosCameraMCPipe: [CAM_ID(1)][PIPE_3AA]-DEBUG(forceDone[409])
10-24 21:41:34.891 3126 4063 D ExynosCameraMCPipe: [CAM_ID(1)][PIPE_3AA]-DEBUG(m_forceDone[2691])
10-24 21:41:34.891 3126 4063 I ExynosCameraMCPipe: [CAM_ID(1)][PIPE_3AA]-INFO(forceDone[423]):forceDone() is succeed, Pipe(1)
10-24 21:41:34.891 3126 4063 D ExynosCameraMCPipe: [CAM_ID(1)][PIPE_3AA]-DEBUG(instantOff[845])
10-24 21:41:34.891 3126 4063 I ExynosCameraMCPipe: [CAM_ID(1)][PIPE_3AA]-INFO(instantOff[866]):instantOff() is succeed, Pipe(1)
10-24 21:41:34.891 3126 4063 D ExynosCameraMCPipe: [CAM_ID(1)][PIPE_ISP]-DEBUG(stop[278])
10-24 21:41:34.891 3126 4063 D ExynosCameraMCPipe: [CAM_ID(1)][PIPE_ISP]-DEBUG(m_stopNode[2758])
10-24 21:41:34.891 3126 4063 D ExynosCameraMCPipe: [CAM_ID(1)][PIPE_ISP]-DEBUG(stop[290]):Thread exited
10-24 21:41:34.891 3126 4063 I ExynosCameraMCPipe: [CAM_ID(1)][PIPE_ISP]-INFO(stop[311]):stop() is succeed, Pipe(4)
10-24 21:41:34.891 3126 4063 I ExynosCameraFrameFactoryPreview: [CAM_ID(1)][ExynosCameraFrameFactory3aaIspTpu]-INFO(fastenAeStable[862]:set framerate (denominator=112)
10-24 21:41:34.891 3126 4063 D ExynosCameraPipe: [CAM_ID(1)][PIPE_FLITE]-DEBUG(setParam[506])
10-24 21:41:34.901 3126 4063 I ExynosCameraFrameFactoryPreview: [CAM_ID(1)][ExynosCameraFrameFactory3aaIspTpu]-INFO(fastenAeStable[890]): Done
10-24 21:41:34.901 3126 4063 D ExynosCameraBufferManager: [CAM_ID(1)][SKIP_BUF]-DEBUG(deinit[116]):IN..
10-24 21:41:34.901 3126 4063 D ExynosCameraBufferManager: [CAM_ID(1)][SKIP_BUF]-DEBUG(m_free[252]):Free the buffer (m_allocatedBufCount=6) --- dumpBufferInfo ---
10-24 21:41:34.901 3126 4063 I ExynosCameraBufferManager: [CAM_ID(1)][SKIP_BUF]-INFO(dumpBufferInfo[1244]):[m_buffer[0].fd[0]=127] .addr=0x0 .size=4096 .position=0 .permission=1]
10-24 21:41:34.901 3126 4063 I ExynosCameraBufferManager: [CAM_ID(1)][SKIP_BUF]-INFO(dumpBufferInfo[1244]):[m_buffer[0].fd[1]=133] .addr=0xe9ec8000 .size=32768 .position=0 .permission=1]
10-24 21:41:34.901 3126 4063 I ExynosCameraBufferManager: [CAM_ID(1)][SKIP_BUF]-INFO(dumpBufferInfo[1244]):[m_buffer[1].fd[0]=128] .addr=0x0 .size=4096 .position=0 .permission=1]
10-24 21:41:34.901 3126 4063 I ExynosCameraBufferManager: [CAM_ID(1)][SKIP_BUF]-INFO(dumpBufferInfo[1244]):[m_buffer[1].fd[1]=134] .addr=0xe9ec0000 .size=32768 .position=0 .permission=1]
10-24 21:41:34.901 3126 4063 I ExynosCameraBufferManager: [CAM_ID(1)][SKIP_BUF]-INFO(dumpBufferInfo[1244]):[m_buffer[2].fd[0]=129] .addr=0x0 .size=4096 .position=0 .permission=1]
10-24 21:41:34.901 3126 4063 I ExynosCameraBufferManager: [CAM_ID(1)][SKIP_BUF]-INFO(dumpBufferInfo[1244]):[m_buffer[2].fd[1]=135] .addr=0xe9878000 .size=32768 .position=0 .permission=1]
10-24 21:41:34.901 3126 4063 I ExynosCameraBufferManager: [CAM_ID(1)][SKIP_BUF]-INFO(dumpBufferInfo[1244]):[m_buffer[3].fd[0]=130] .addr=0x0 .size=4096 .position=0 .permission=1]
10-24 21:41:34.901 3126 4063 I ExynosCameraBufferManager: [CAM_ID(1)][SKIP_BUF]-INFO(dumpBufferInfo[1244]):[m_buffer[3].fd[1]=136] .addr=0xe9870000 .size=32768 .position=0 .permission=1]
10-24 21:41:34.901 3126 4063 I ExynosCameraBufferManager: [CAM_ID(1)][SKIP_BUF]-INFO(dumpBufferInfo[1244]):[m_buffer[4].fd[0]=131] .addr=0x0 .size=4096 .position=0 .permission=1]
10-24 21:41:34.901 3126 4063 I ExynosCameraBufferManager: [CAM_ID(1)][SKIP_BUF]-INFO(dumpBufferInfo[1244]):[m_buffer[4].fd[1]=137] .addr=0xe9868000 .size=32768 .position=0 .permission=1]
10-24 21:41:34.901 3126 4063 I ExynosCameraBufferManager: [CAM_ID(1)][SKIP_BUF]-INFO(dumpBufferInfo[1244]):[m_buffer[5].fd[0]=132] .addr=0x0 .size=4096 .position=0 .permission=1]
10-24 21:41:34.901 3126 4063 I ExynosCameraBufferManager: [CAM_ID(1)][SKIP_BUF]-INFO(dumpBufferInfo[1244]):[m_buffer[5].fd[1]=138] .addr=0xe9860000 .size=32768 .position=0 .permission=1]
10-24 21:41:34.901 3126 4063 D ExynosCameraBufferManager: [CAM_ID(1)][SKIP_BUF]-DEBUG(m_free[255]):------------------------------------------------------
10-24 21:41:34.901 3126 4063 D ExynosCameraBufferManager: [CAM_ID(1)][SKIP_BUF]-DEBUG(m_free[282]):Free the buffer succeeded (m_allocatedBufCount=0)
10-24 21:41:34.901 3126 4063 D ExynosCameraPipeJpeg: DEBUG:duration time( 1 msec):(m_free)
10-24 21:41:34.901 3126 4063 D ExynosCameraBufferManager: [CAM_ID(1)][SKIP_BUF]-DEBUG(deinit[141]):OUT..
10-24 21:41:34.901 3126 4063 D ExynosCameraBufferManager: [CAM_ID(1)][SKIP_BUF]-DEBUG(deinit[116]):IN..
10-24 21:41:34.901 3126 4063 I ExynosCameraBufferManager: [CAM_ID(1)][SKIP_BUF]-INFO(deinit[119]:OUT.. Buffer is not allocated
10-24 21:41:34.901 3126 4063 D ExynosCameraBufferManager: [CAM_ID(1)][SKIP_BUF]-DEBUG(deinit[116]):IN..
10-24 21:41:34.901 3126 4063 I ExynosCameraBufferManager: [CAM_ID(1)][SKIP_BUF]-INFO(deinit[119]:OUT.. Buffer is not allocated
10-24 21:41:34.901 3126 4063 D ExynosCamera: [CAM_ID(1)][]-(startPreview:[2008]) : setControl for Frame Range.
10-24 21:41:34.901 3126 4063 D ExynosCameraPipe: [CAM_ID(1)][PIPE_FLITE]-DEBUG(setControl[470])
10-24 21:41:34.901 3126 4063 D ExynosCameraPipe: [CAM_ID(1)][PIPE_FLITE]-DEBUG(setControl[470])
10-24 21:41:34.901 3126 4063 I ExynosCamera: [CAM_ID(1)][]-DEBUG(m_startPreviewInternal[5934]):IN
10-24 21:41:34.901 3126 4063 D ExynosCamera: [CAM_ID(1)][]-DEBUG(m_startPreviewInternal[6005]): Use REPROCESSING_BAYER_MODE_DIRTY_ALWAYS_ON
10-24 21:41:34.901 3126 4063 D ExynosCameraMCPipe: [CAM_ID(1)][PIPE_3AA]-DEBUG(setBufferManager[998])
10-24 21:41:34.901 3126 4063 D ExynosCameraMCPipe: [CAM_ID(1)][PIPE_ISP]-DEBUG(setBufferManager[998])
10-24 21:41:34.901 3126 4063 I ExynosCameraFrameFactoryPreview: [CAM_ID(1)][ExynosCameraFrameFactory3aaIspTpu]-INFO(initPipes[1122])
10-24 21:41:34.901 3126 4063 I ExynosCameraFrameFactory: [CAM_ID(1)][ExynosCameraFrameFactory3aaIspTpu]-INFO(m_initFlitePipe[745])
10-24 21:41:34.901 3126 4063 I ExynosCameraFrameFactory: [CAM_ID(1)][ExynosCameraFrameFactory3aaIspTpu]-INFO(m_initFlitePipe[772]): MaxSensorSize(2608x1960), HWSensorSize(2608x1960)
10-24 21:41:34.901 3126 4063 I ExynosCameraFrameFactory: [CAM_ID(1)][ExynosCameraFrameFactory3aaIspTpu]-INFO(m_initFlitePipe[793]:set framerate (denominator=30)
10-24 21:41:34.901 3126 4063 D ExynosCameraPipe: [CAM_ID(1)][PIPE_FLITE]-DEBUG(setParam[506])
10-24 21:41:34.901 3126 4063 D ExynosCameraPipeFlite: [CAM_ID(1)][PIPE_FLITE]-DEBUG(setupPipe[218])
10-24 21:41:34.901 3126 4063 D ExynosCameraPipeFlite: [CAM_ID(1)][PIPE_FLITE]-DEBUG(setupPipe[227]):set new sensorIds
10-24 21:41:34.901 3126 4063 D ExynosCameraPipeFlite: [CAM_ID(1)][PIPE_FLITE]-DEBUG(m_setPipeInfo[192])
10-24 21:41:34.901 3126 4063 D ExynosCameraPipe: [CAM_ID(1)][PIPE_FLITE]-DEBUG(m_setNodeInfo[1435])
10-24 21:41:34.901 3126 4063 D ExynosCameraPipe: [CAM_ID(1)][PIPE_FLITE]-DEBUG(m_setNodeInfo[1513]): set pipeInfos on FLITE : setFormat(2608, 1960) and reqBuffers(6).
10-24 21:41:34.901 3126 4063 D ExynosCameraNode: [CAM_ID(1)][FLITE]-DEBUG(setSize[372]):w (2608) h (1960)
10-24 21:41:34.901 3126 4063 D ExynosCameraNode: [CAM_ID(1)][FLITE]-DEBUG(m_setFmt[1043]):type 9, 2608 x 1960, format 842090306, yuvRange 7
10-24 21:41:34.901 3126 4063 I ExynosCameraPipeFlite: [CAM_ID(1)][PIPE_FLITE]-INFO(setupPipe[253]):setupPipe() is succeed (0) setupPipe (3)
10-24 21:41:34.901 3126 4063 D ExynosCameraPipe: [CAM_ID(1)][PIPE_FLITE]-DEBUG(setControl[470])
10-24 21:41:34.901 3126 4063 I ExynosCameraFrameFactory: [CAM_ID(1)][ExynosCameraFrameFactory3aaIspTpu]-INFO(m_initFlitePipe[887]): BNS scale down ratio(1.0), size (2608x1960)
10-24 21:41:34.901 3126 4063 I ExynosCameraParameters: [CAM_ID(1)][ParametersFront]-INFO(updateHwSensorSize):curHwSensor size(2608x1960) newHwSensor size(2608x1960)
10-24 21:41:34.901 3126 4063 I ExynosCameraFrameFactory3aaIspTpu: [CAM_ID(1)][ExynosCameraFrameFactory3aaIspTpu]-INFO(m_setDeviceInfo[137])
10-24 21:41:34.901 3126 4063 I ExynosCameraFrameFactory3aaIspTpu: [CAM_ID(1)][ExynosCameraFrameFactory3aaIspTpu]-INFO(m_initPipes[304])
10-24 21:41:34.901 3126 4063 D ExynosCameraFrameFactory3aaIspTpu: [CAM_ID(1)][ExynosCameraFrameFactory3aaIspTpu]-DEBUG(m_updateNodeInfo[1026]):
10-24 21:41:34.901 3126 4063 D ExynosCameraFrameFactory3aaIspTpu: [CAM_ID(1)][ExynosCameraFrameFactory3aaIspTpu]-DEBUG(m_updateNodeInfo[1055]): group migration is already done, use preset
10-24 21:41:34.901 3126 4063 D ExynosCameraMCPipe: [CAM_ID(1)][PIPE_3AA]-DEBUG(setNodeInfos[1067]):setNodeInfos flagReset(false)
10-24 21:41:34.901 3126 4063 D ExynosCameraFrameFactory3aaIspTpu: [CAM_ID(1)][ExynosCameraFrameFactory3aaIspTpu]-DEBUG(m_dumpNodeInfo[1153]): m_updateVideoNode PIPE_3AA mainNode[0] = 110 0xed3d5000
10-24 21:41:34.901 3126 4063 D ExynosCameraFrameFactory3aaIspTpu: [CAM_ID(1)][ExynosCameraFrameFactory3aaIspTpu]-DEBUG(m_dumpNodeInfo[1153]): m_updateVideoNode PIPE_3AA mainNode[1] = 111 0xed3d8c00
10-24 21:41:34.901 3126 4063 D ExynosCameraFrameFactory3aaIspTpu: [CAM_ID(1)][ExynosCameraFrameFactory3aaIspTpu]-DEBUG(m_dumpNodeInfo[1153]): m_updateVideoNode PIPE_3AA mainNode[2] = 112 0xe8c82000
10-24 21:41:34.901 3126 4063 D ExynosCameraMCPipe: [CAM_ID(1)][PIPE_ISP]-DEBUG(setNodeInfos[1067]):setNodeInfos flagReset(false)
10-24 21:41:34.901 3126 4063 D ExynosCameraFrameFactory3aaIspTpu: [CAM_ID(1)][ExynosCameraFrameFactory3aaIspTpu]-DEBUG(m_dumpNodeInfo[1153]): m_updateVideoNode PIPE_ISP mainNode[0] = 130 0xe8c84800
10-24 21:41:34.901 3126 4063 D ExynosCameraFrameFactory3aaIspTpu: [CAM_ID(1)][ExynosCameraFrameFactory3aaIspTpu]-DEBUG(m_dumpNodeInfo[1157]): m_updateVideoNode PIPE_ISP secondaryNode[3] = 132 0xed393800
10-24 21:41:34.901 3126 4063 D ExynosCameraFrameFactory3aaIspTpu: [CAM_ID(1)][ExynosCameraFrameFactory3aaIspTpu]-DEBUG(m_dumpNodeInfo[1153]): m_updateVideoNode PIPE_ISP mainNode[5] = 152 0xed3d6400
10-24 21:41:34.901 3126 4063 D ExynosCameraMCPipe: [CAM_ID(1)][PIPE_DIS]-DEBUG(setNodeInfos[1067]):setNodeInfos flagReset(false)
10-24 21:41:34.901 3126 4063 D ExynosCameraFrameFactory3aaIspTpu: [CAM_ID(1)][ExynosCameraFrameFactory3aaIspTpu]-DEBUG(m_dumpNodeInfo[1157]): m_updateVideoNode PIPE_DIS secondaryNode[11] = 150 0xe8c83400
10-24 21:41:34.901 3126 4063 I ExynosCameraFrameFactory3aaIspTpu: [CAM_ID(1)][ExynosCameraFrameFactory3aaIspTpu]-INFO(m_initPipes[361]): MaxSensorSize(2608x1960), HWSensorSize(2608x1960)
10-24 21:41:34.901 3126 4063 I ExynosCameraFrameFactory3aaIspTpu: [CAM_ID(1)][ExynosCameraFrameFactory3aaIspTpu]-INFO(m_initPipes[362]): MaxPreviewSize(2560x1920), HwPreviewSize(480x270)
10-24 21:41:34.901 3126 4063 I ExynosCameraFrameFactory3aaIspTpu: [CAM_ID(1)][ExynosCameraFrameFactory3aaIspTpu]-INFO(m_initPipes[363]): HWPictureSize(2592x1950)
10-24 21:41:34.901 3126 4063 D ExynosCameraMCPipe: [CAM_ID(1)][PIPE_3AA]-DEBUG(setPipeId[961]):nodeType(0), id(1)
10-24 21:41:34.901 3126 4063 D ExynosCameraMCPipe: [CAM_ID(1)][PIPE_3AA]-DEBUG(setPipeId[961]):nodeType(1), id(2)
10-24 21:41:34.901 3126 4063 D ExynosCameraMCPipe: [CAM_ID(1)][PIPE_3AA]-DEBUG(setPipeId[961]):nodeType(2), id(3)
10-24 21:41:34.901 3126 4063 D ExynosCameraMCPipe: [CAM_ID(1)][PIPE_3AA]-DEBUG(setPipeId[961]):nodeType(3), id(-1)
10-24 21:41:34.901 3126 4063 D ExynosCameraMCPipe: [CAM_ID(1)][PIPE_3AA]-DEBUG(setPipeId[961]):nodeType(4), id(-1)
10-24 21:41:34.901 3126 4063 D ExynosCameraMCPipe: [CAM_ID(1)][PIPE_3AA]-DEBUG(setPipeId[961]):nodeType(5), id(-1)
10-24 21:41:34.901 3126 4063 D ExynosCameraMCPipe: [CAM_ID(1)][PIPE_3AA]-DEBUG(setPipeId[961]):nodeType(6), id(-1)
10-24 21:41:34.901 3126 4063 D ExynosCameraMCPipe: [CAM_ID(1)][PIPE_3AA]-DEBUG(setPipeId[961]):nodeType(7), id(-1)
10-24 21:41:34.901 3126 4063 D ExynosCameraMCPipe: [CAM_ID(1)][PIPE_3AA]-DEBUG(setPipeId[961]):nodeType(8), id(-1)
10-24 21:41:34.901 3126 4063 D ExynosCameraMCPipe: [CAM_ID(1)][PIPE_3AA]-DEBUG(setPipeId[961]):nodeType(9), id(-1)
10-24 21:41:34.901 3126 4063 D ExynosCameraMCPipe: [CAM_ID(1)][PIPE_3AA]-DEBUG(setPipeId[961]):nodeType(10), id(-1)
10-24 21:41:34.901 3126 4063 D ExynosCameraMCPipe: [CAM_ID(1)][PIPE_3AA]-DEBUG(setPipeId[961]):nodeType(11), id(-1)
10-24 21:41:34.901 3126 4063 D ExynosCameraMCPipe: [CAM_ID(1)][PIPE_3AA]-DEBUG(setPipeId[961]):nodeType(12), id(-1)
10-24 21:41:34.901 3126 4063 D ExynosCameraMCPipe: [CAM_ID(1)][PIPE_3AA]-DEBUG(setPipeId[961]):nodeType(13), id(-1)
10-24 21:41:34.901 3126 4063 D ExynosCameraMCPipe: [CAM_ID(1)][PIPE_3AA]-DEBUG(setPipeId[961]):nodeType(14), id(-1)
10-24 21:41:34.901 3126 4063 D ExynosCameraMCPipe: [CAM_ID(1)][PIPE_3AA]-DEBUG(setPipeId[961]):nodeType(15), id(-1)
10-24 21:41:34.901 3126 4063 D ExynosCameraMCPipe: [CAM_ID(1)][PIPE_3AA]-DEBUG(setupPipe[153])
10-24 21:41:34.901 3126 4063 D ExynosCameraMCPipe: [CAM_ID(1)][PIPE_3AA]-DEBUG(setupPipe[163]):set new sensorIds
10-24 21:41:34.901 3126 4063 D ExynosCameraMCPipe: [CAM_ID(1)][PIPE_3AA]-DEBUG(setupPipe[169]):set new ispSensorIds
10-24 21:41:34.901 3126 4063 D ExynosCameraMCPipe: [CAM_ID(1)][PIPE_3AA]-DEBUG(m_setPipeInfo[2396])
10-24 21:41:34.901 3126 4063 D ExynosCameraMCPipe: [CAM_ID(1)][PIPE_3AA]-DEBUG(m_setNodeInfo[2469])
10-24 21:41:34.901 3126 4063 D ExynosCameraMCPipe: [CAM_ID(1)][PIPE_3AA]-DEBUG(m_setNodeInfo[2549]):set pipeInfos on 3AA_OUTPUT, setFormat(32, 64) and reqBuffers(6)
10-24 21:41:34.901 3126 4063 D ExynosCameraNode: [CAM_ID(1)][3AA_OUTPUT]-DEBUG(setSize[372]):w (32) h (64)
10-24 21:41:34.901 3126 4063 W ExynosCameraNode: [CAM_ID(1)][3AA_OUTPUT]-WARN(setFormat[672]):name(3AA_OUTPUT) fd 72, bytesperline(0) < width(32), height(64)
10-24 21:41:34.901 3126 4063 D ExynosCameraNode: [CAM_ID(1)][3AA_OUTPUT]-DEBUG(m_setFmt[1043]):type 10, 32 x 64, format 842090306, yuvRange 7
10-24 21:41:34.901 3126 4063 D ExynosCameraMCPipe: [CAM_ID(1)][PIPE_3AA]-DEBUG(m_setNodeInfo[2469])
10-24 21:41:34.901 3126 4063 D ExynosCameraMCPipe: [CAM_ID(1)][PIPE_3AA]-DEBUG(m_setNodeInfo[2549]):set pipeInfos on 3AA_CAPTURE, setFormat(2608, 1960) and reqBuffers(6)
10-24 21:41:34.901 3126 4063 D ExynosCameraNode: [CAM_ID(1)][3AA_CAPTURE]-DEBUG(setSize[372]):w (2608) h (1960)
10-24 21:41:34.901 3126 4063 W ExynosCameraNode: [CAM_ID(1)][3AA_CAPTURE]-WARN(setFormat[672]):name(3AA_CAPTURE) fd 75, bytesperline(0) < width(2608), height(1960)
10-24 21:41:34.901 3126 4063 D ExynosCameraNode: [CAM_ID(1)][3AA_CAPTURE]-DEBUG(m_setFmt[1043]):type 9, 2608 x 1960, format 842090306, yuvRange 7
10-24 21:41:34.901 3126 4063 D ExynosCameraMCPipe: [CAM_ID(1)][PIPE_3AA]-DEBUG(m_setNodeInfo[2469])
10-24 21:41:34.901 3126 4063 D ExynosCameraMCPipe: [CAM_ID(1)][PIPE_3AA]-DEBUG(m_setNodeInfo[2549]):set pipeInfos on 3AA_PREVIEW, setFormat(1920, 1080) and reqBuffers(6)
10-24 21:41:34.901 3126 4063 D ExynosCameraNode: [CAM_ID(1)][3AA_PREVIEW]-DEBUG(setSize[372]):w (1920) h (1080)
10-24 21:41:34.901 3126 4063 D ExynosCameraNode: [CAM_ID(1)][3AA_PREVIEW]-DEBUG(m_setFmt[1043]):type 9, 1920 x 1080, format 842090306, yuvRange 7
10-24 21:41:34.901 3126 4063 I ExynosCameraMCPipe: [CAM_ID(1)][PIPE_3AA]-INFO(setupPipe[224]):setupPipe() is succeed, Pipe(1), prepare(3)
10-24 21:41:34.901 3126 4063 D ExynosCameraMCPipe: [CAM_ID(1)][PIPE_ISP]-DEBUG(setPipeId[961]):nodeType(0), id(4)
10-24 21:41:34.901 3126 4063 D ExynosCameraMCPipe: [CAM_ID(1)][PIPE_ISP]-DEBUG(setPipeId[961]):nodeType(1), id(-1)
10-24 21:41:34.901 3126 4063 D ExynosCameraMCPipe: [CAM_ID(1)][PIPE_ISP]-DEBUG(setPipeId[961]):nodeType(2), id(-1)
10-24 21:41:34.901 3126 4063 D ExynosCameraMCPipe: [CAM_ID(1)][PIPE_ISP]-DEBUG(setPipeId[961]):nodeType(3), id(6)
10-24 21:41:34.901 3126 4063 D ExynosCameraMCPipe: [CAM_ID(1)][PIPE_ISP]-DEBUG(setPipeId[961]):nodeType(4), id(-1)
10-24 21:41:34.901 3126 4063 D ExynosCameraMCPipe: [CAM_ID(1)][PIPE_ISP]-DEBUG(setPipeId[961]):nodeType(5), id(7)
10-24 21:41:34.901 3126 4063 D ExynosCameraMCPipe: [CAM_ID(1)][PIPE_ISP]-DEBUG(setPipeId[961]):nodeType(6), id(-1)
10-24 21:41:34.901 3126 4063 D ExynosCameraMCPipe: [CAM_ID(1)][PIPE_ISP]-DEBUG(setPipeId[961]):nodeType(7), id(-1)
10-24 21:41:34.901 3126 4063 D ExynosCameraMCPipe: [CAM_ID(1)][PIPE_ISP]-DEBUG(setPipeId[961]):nodeType(8), id(-1)
10-24 21:41:34.901 3126 4063 D ExynosCameraMCPipe: [CAM_ID(1)][PIPE_ISP]-DEBUG(setPipeId[961]):nodeType(9), id(-1)
10-24 21:41:34.901 3126 4063 D ExynosCameraMCPipe: [CAM_ID(1)][PIPE_ISP]-DEBUG(setPipeId[961]):nodeType(10), id(-1)
10-24 21:41:34.901 3126 4063 D ExynosCameraMCPipe: [CAM_ID(1)][PIPE_ISP]-DEBUG(setPipeId[961]):nodeType(11), id(-1)
10-24 21:41:34.901 3126 4063 D ExynosCameraMCPipe: [CAM_ID(1)][PIPE_ISP]-DEBUG(setPipeId[961]):nodeType(12), id(-1)
10-24 21:41:34.901 3126 4063 D ExynosCameraMCPipe: [CAM_ID(1)][PIPE_ISP]-DEBUG(setPipeId[961]):nodeType(13), id(-1)
10-24 21:41:34.901 3126 4063 D ExynosCameraMCPipe: [CAM_ID(1)][PIPE_ISP]-DEBUG(setPipeId[961]):nodeType(14), id(-1)
10-24 21:41:34.901 3126 4063 D ExynosCameraMCPipe: [CAM_ID(1)][PIPE_ISP]-DEBUG(setPipeId[961]):nodeType(15), id(-1)
10-24 21:41:34.901 3126 4063 D ExynosCameraMCPipe: [CAM_ID(1)][PIPE_ISP]-DEBUG(setupPipe[153])
10-24 21:41:34.901 3126 4063 D ExynosCameraMCPipe: [CAM_ID(1)][PIPE_ISP]-DEBUG(setupPipe[163]):set new sensorIds
10-24 21:41:34.901 3126 4063 D ExynosCameraMCPipe: [CAM_ID(1)][PIPE_ISP]-DEBUG(setupPipe[169]):set new ispSensorIds
10-24 21:41:34.901 3126 4063 D ExynosCameraMCPipe: [CAM_ID(1)][PIPE_ISP]-DEBUG(m_setPipeInfo[2396])
10-24 21:41:34.901 3126 4063 D ExynosCameraMCPipe: [CAM_ID(1)][PIPE_ISP]-DEBUG(m_setNodeInfo[2469])
10-24 21:41:34.901 3126 4063 D ExynosCameraMCPipe: [CAM_ID(1)][PIPE_ISP]-DEBUG(m_setNodeInfo[2549]):set pipeInfos on ISP_OUTPUT, setFormat(1920, 1080) and reqBuffers(6)
10-24 21:41:34.901 3126 4063 D ExynosCameraNode: [CAM_ID(1)][ISP_OUTPUT]-DEBUG(setSize[372]):w (1920) h (1080)
