10-24 21:49:51.091 4521 4521 D LauncherAppWidgetHostView: setResizeScaleResult() 1771/ 927 scaleToResize = 0.7673631(widget id = 3)
10-24 21:49:51.111 4521 4521 V LauncherAppWidgetHostView: calculateWidgetSize: (target widgetsize) using w/h 1359 712 span 5 2 (widgetid 3) [current Gridsize : GRID_5x5]
10-24 21:49:51.111 4521 4521 D LauncherAppWidgetHostView: calculateWidgetSize() widget = T-Mobile TV(widget id = 3) result hostview size = 1771 x 927
10-24 21:49:51.111 4521 4521 D LauncherAppWidgetHostView: setResizeScaleResult() 1771/ 927 scaleToResize = 0.7673631(widget id = 3)
10-24 21:49:51.121 4521 21036 D ViewSystem: updateRemoteViews(1) has done.
10-24 21:49:51.131 4521 4521 V LauncherAppWidgetHostView: calculateWidgetSize: (target widgetsize) using w/h 1359 712 span 5 2 (widgetid 3) [current Gridsize : GRID_5x5]
10-24 21:49:51.131 4521 4521 D LauncherAppWidgetHostView: calculateWidgetSize() widget = T-Mobile TV(widget id = 3) result hostview size = 1771 x 927
10-24 21:49:51.141 4521 4521 D LauncherAppWidgetHostView: setResizeScaleResult() 1771/ 927 scaleToResize = 0.7673631(widget id = 3)
10-24 21:49:51.721 5110 9748 I Icing : Indexing 5044F87ED0AEBE9B8FF8D860FE39D07891A6808A from com.google.android.gm
10-24 21:49:51.891 5110 9748 I Icing : Indexing done 5044F87ED0AEBE9B8FF8D860FE39D07891A6808A
10-24 21:49:52.131 3520 3530 I art : Background partial concurrent mark sweep GC freed 54115(3MB) AllocSpace objects, 26(520KB) LOS objects, 25% free, 45MB/61MB, paused 2.275ms total 274.125ms
10-24 21:49:53.791 28433 28454 I GAV2 : Thread[GAThread,5,main]: No campaign data found.
10-24 21:49:56.091 3520 3520 I Tethering: BATTERY_CHANGED, level = 100lowBatteryThreshold = 15
10-24 21:49:56.101 4130 4130 D KeyguardUpdateMonitor: received broadcast android.intent.action.BATTERY_CHANGED
10-24 21:49:56.101 4130 4130 D KeyguardUpdateMonitor: handleBatteryUpdate
10-24 21:49:56.121 4590 4590 D BatteryMonitor: new battery level: 100
10-24 21:49:57.061 4521 4521 V LauncherAppWidgetHostView: calculateWidgetSize: (target widgetsize) using w/h 1359 712 span 5 2 (widgetid 3) [current Gridsize : GRID_5x5]
10-24 21:49:57.061 4521 4521 D LauncherAppWidgetHostView: calculateWidgetSize() widget = T-Mobile TV(widget id = 3) result hostview size = 1771 x 927
10-24 21:49:57.061 4521 4521 D LauncherAppWidgetHostView: setResizeScaleResult() 1771/ 927 scaleToResize = 0.7673631(widget id = 3)
10-24 21:49:57.071 4521 21036 D ViewSystem: updateTemporaryMetaData() has done.
10-24 21:49:57.081 4521 4521 V LauncherAppWidgetHostView: calculateWidgetSize: (target widgetsize) using w/h 1359 712 span 5 2 (widgetid 3) [current Gridsize : GRID_5x5]
10-24 21:49:57.081 4521 4521 D LauncherAppWidgetHostView: calculateWidgetSize() widget = T-Mobile TV(widget id = 3) result hostview size = 1771 x 927
10-24 21:49:57.081 4521 4521 D LauncherAppWidgetHostView: setResizeScaleResult() 1771/ 927 scaleToResize = 0.7673631(widget id = 3)
10-24 21:49:57.101 4521 4521 V LauncherAppWidgetHostView: calculateWidgetSize: (target widgetsize) using w/h 1359 712 span 5 2 (widgetid 3) [current Gridsize : GRID_5x5]
10-24 21:49:57.101 4521 4521 D LauncherAppWidgetHostView: calculateWidgetSize() widget = T-Mobile TV(widget id = 3) result hostview size = 1771 x 927
10-24 21:49:57.101 4521 4521 D LauncherAppWidgetHostView: setResizeScaleResult() 1771/ 927 scaleToResize = 0.7673631(widget id = 3)
10-24 21:49:57.111 4521 21036 D ViewSystem: updateRemoteViews(2) has done.
10-24 21:49:57.121 4521 4521 V LauncherAppWidgetHostView: calculateWidgetSize: (target widgetsize) using w/h 1359 712 span 5 2 (widgetid 3) [current Gridsize : GRID_5x5]
10-24 21:49:57.121 4521 4521 D LauncherAppWidgetHostView: calculateWidgetSize() widget = T-Mobile TV(widget id = 3) result hostview size = 1771 x 927
10-24 21:49:57.121 4521 4521 D LauncherAppWidgetHostView: setResizeScaleResult() 1771/ 927 scaleToResize = 0.7673631(widget id = 3)
10-24 21:50:00.011 4130 4130 D KeyguardUpdateMonitor: received broadcast android.intent.action.TIME_TICK
10-24 21:50:00.011 4130 4130 D KeyguardUpdateMonitor: handleTimeUpdate
10-24 21:50:00.031 4130 4130 D Clock : received broadcast android.intent.action.TIME_TICK
10-24 21:50:00.091 4130 4130 D DateView: received broadcast android.intent.action.TIME_TICK
10-24 21:50:00.141 4521 4521 V LauncherAppWidgetHostView: calculateWidgetSize: (target widgetsize) using w/h 1359 347 span 5 1 (widgetid 6) [current Gridsize : GRID_5x5]
10-24 21:50:00.141 4521 4521 D LauncherAppWidgetHostView: calculateWidgetSize() widget = Weather and Clock(widget id = 6) result hostview size = 1771 x 452
10-24 21:50:00.141 4521 4521 D LauncherAppWidgetHostView: setResizeScaleResult() 1771/ 452 scaleToResize = 0.7673631(widget id = 6)
10-24 21:50:00.141 4521 4521 V LauncherAppWidgetHostView: calculateWidgetSize: (target widgetsize) using w/h 1359 347 span 5 1 (widgetid 2) [current Gridsize : GRID_5x5]
10-24 21:50:00.141 4521 4521 D LauncherAppWidgetHostView: calculateWidgetSize() widget = Google App(widget id = 2) result hostview size = 1771 x 452
10-24 21:50:00.141 4521 4521 D LauncherAppWidgetHostView: setResizeScaleResult() 1771/ 452 scaleToResize = 0.7673631(widget id = 2)
10-24 21:50:00.171 3099 3099 D libEGL : eglInitialize EGLDisplay = 0x7fc6961138
10-24 21:50:00.171 4521 4521 V LauncherAppWidgetHostView: calculateWidgetSize: (target widgetsize) using w/h 1359 347 span 5 1 (widgetid 6) [current Gridsize : GRID_5x5]
10-24 21:50:00.171 4521 4521 D LauncherAppWidgetHostView: calculateWidgetSize() widget = Weather and Clock(widget id = 6) result hostview size = 1771 x 452
10-24 21:50:00.171 4521 4521 D LauncherAppWidgetHostView: setResizeScaleResult() 1771/ 452 scaleToResize = 0.7673631(widget id = 6)
10-24 21:50:00.171 4521 4521 V LauncherAppWidgetHostView: calculateWidgetSize: (target widgetsize) using w/h 1359 347 span 5 1 (widgetid 2) [current Gridsize : GRID_5x5]
10-24 21:50:00.171 4521 4521 D LauncherAppWidgetHostView: calculateWidgetSize() widget = Google App(widget id = 2) result hostview size = 1771 x 452
10-24 21:50:00.171 4521 4521 D LauncherAppWidgetHostView: setResizeScaleResult() 1771/ 452 scaleToResize = 0.7673631(widget id = 2)
10-24 21:50:00.191 26846 26846 D [WeatherWidget(1177)] WeatherService: {[EC3334F14841398C8B464A72D0E61AB7CD7E766A36D06043166FAD39187431A3E5A9A2F81BDF9068B74904E1B1CB541044E6D58E921E578E1E6FAAF047CA8AFC]}
10-24 21:50:00.201 26846 26846 D [WeatherWidget(1177)] : {[3AE6950019B083611567B0F9442DB03E59646CBA355B4C260B75423E37A3701A]}
10-24 21:50:00.211 26846 26846 D [WeatherWidget(1177)] : {[3AE6950019B083611567B0F9442DB03E0F7D6DF8FAB8AEDDA9C52FD622CBE93BD3B3C821E02768ECE7D54B13E96560EDB802D29C56DFCCD38F937DDED36C9453E14ACC693F7BDF399FD0A06BF2D59F2E62F0159FCF8ED080A2244B7BC466DBEB]}
10-24 21:50:00.211 26846 26846 D [WeatherWidget(1177)] : {[DF00664B5BF2DD508EC3D0ADB8B43C9FB429631765284D8658CE62A4AFFAA963]}
10-24 21:50:03.041 4521 4521 V LauncherAppWidgetHostView: calculateWidgetSize: (target widgetsize) using w/h 1359 712 span 5 2 (widgetid 3) [current Gridsize : GRID_5x5]
10-24 21:50:03.041 4521 4521 D LauncherAppWidgetHostView: calculateWidgetSize() widget = T-Mobile TV(widget id = 3) result hostview size = 1771 x 927
10-24 21:50:03.041 4521 4521 D LauncherAppWidgetHostView: setResizeScaleResult() 1771/ 927 scaleToResize = 0.7673631(widget id = 3)
10-24 21:50:03.221 21569 28488 I AmazonVideo.util: ConfigManager.updateFromServerIfNecessary: Requesting update for 0 millis from now
10-24 21:50:03.221 21569 28488 I AmazonVideo.util: ConfigTaskScheduler.schedule: Scheduling refresh after 0 millis
10-24 21:50:03.221 21569 28488 I AmazonVideo.syncservice: SyncDispatcher.sync: Skipping sync component: EventManager
10-24 21:50:03.221 21569 21666 I AmazonVideo.util: ConfigManager.updateConfigFromServer: Told to update server config when no customer is logged in; ignoring request
10-24 21:50:06.151 3520 3520 I Tethering: BATTERY_CHANGED, level = 100lowBatteryThreshold = 15
10-24 21:50:06.161 4130 4130 D KeyguardUpdateMonitor: received broadcast android.intent.action.BATTERY_CHANGED
10-24 21:50:06.161 4130 4130 D KeyguardUpdateMonitor: handleBatteryUpdate
10-24 21:50:06.181 4590 4590 D BatteryMonitor: new battery level: 100
10-24 21:50:07.581 27575 27600 I Quasar : start to send events
10-24 21:50:09.071 4521 4521 V LauncherAppWidgetHostView: calculateWidgetSize: (target widgetsize) using w/h 1359 712 span 5 2 (widgetid 3) [current Gridsize : GRID_5x5]
10-24 21:50:09.071 4521 4521 D LauncherAppWidgetHostView: calculateWidgetSize() widget = T-Mobile TV(widget id = 3) result hostview size = 1771 x 927
10-24 21:50:09.071 4521 4521 D LauncherAppWidgetHostView: setResizeScaleResult() 1771/ 927 scaleToResize = 0.7673631(widget id = 3)
10-24 21:50:09.091 4521 21036 D ViewSystem: updateTemporaryMetaData() has done.
10-24 21:50:09.101 4521 4521 V LauncherAppWidgetHostView: calculateWidgetSize: (target widgetsize) using w/h 1359 712 span 5 2 (widgetid 3) [current Gridsize : GRID_5x5]
10-24 21:50:09.101 4521 4521 D LauncherAppWidgetHostView: calculateWidgetSize() widget = T-Mobile TV(widget id = 3) result hostview size = 1771 x 927
10-24 21:50:09.101 4521 4521 D LauncherAppWidgetHostView: setResizeScaleResult() 1771/ 927 scaleToResize = 0.7673631(widget id = 3)
10-24 21:50:09.121 4521 4521 V LauncherAppWidgetHostView: calculateWidgetSize: (target widgetsize) using w/h 1359 712 span 5 2 (widgetid 3) [current Gridsize : GRID_5x5]
10-24 21:50:09.121 4521 4521 D LauncherAppWidgetHostView: calculateWidgetSize() widget = T-Mobile TV(widget id = 3) result hostview size = 1771 x 927
10-24 21:50:09.121 4521 4521 D LauncherAppWidgetHostView: setResizeScaleResult() 1771/ 927 scaleToResize = 0.7673631(widget id = 3)
10-24 21:50:09.131 4521 21036 D ViewSystem: updateRemoteViews(4) has done.
10-24 21:50:09.141 4521 4521 V LauncherAppWidgetHostView: calculateWidgetSize: (target widgetsize) using w/h 1359 712 span 5 2 (widgetid 3) [current Gridsize : GRID_5x5]
10-24 21:50:09.141 4521 4521 D LauncherAppWidgetHostView: calculateWidgetSize() widget = T-Mobile TV(widget id = 3) result hostview size = 1771 x 927
10-24 21:50:09.141 4521 4521 D LauncherAppWidgetHostView: setResizeScaleResult() 1771/ 927 scaleToResize = 0.7673631(widget id = 3)
10-24 21:50:15.071 4521 4521 V LauncherAppWidgetHostView: calculateWidgetSize: (target widgetsize) using w/h 1359 712 span 5 2 (widgetid 3) [current Gridsize : GRID_5x5]
10-24 21:50:15.071 4521 4521 D LauncherAppWidgetHostView: calculateWidgetSize() widget = T-Mobile TV(widget id = 3) result hostview size = 1771 x 927
10-24 21:50:15.071 4521 4521 D LauncherAppWidgetHostView: setResizeScaleResult() 1771/ 927 scaleToResize = 0.7673631(widget id = 3)
10-24 21:50:15.091 4521 21036 D ViewSystem: updateTemporaryMetaData() has done.
10-24 21:50:15.091 4521 4521 V LauncherAppWidgetHostView: calculateWidgetSize: (target widgetsize) using w/h 1359 712 span 5 2 (widgetid 3) [current Gridsize : GRID_5x5]
10-24 21:50:15.091 4521 4521 D LauncherAppWidgetHostView: calculateWidgetSize() widget = T-Mobile TV(widget id = 3) result hostview size = 1771 x 927
10-24 21:50:15.091 4521 4521 D LauncherAppWidgetHostView: setResizeScaleResult() 1771/ 927 scaleToResize = 0.7673631(widget id = 3)
10-24 21:50:15.111 4521 4521 V LauncherAppWidgetHostView: calculateWidgetSize: (target widgetsize) using w/h 1359 712 span 5 2 (widgetid 3) [current Gridsize : GRID_5x5]
10-24 21:50:15.111 4521 4521 D LauncherAppWidgetHostView: calculateWidgetSize() widget = T-Mobile TV(widget id = 3) result hostview size = 1771 x 927
10-24 21:50:15.111 4521 4521 D LauncherAppWidgetHostView: setResizeScaleResult() 1771/ 927 scaleToResize = 0.7673631(widget id = 3)
10-24 21:50:15.121 4521 21036 D ViewSystem: updateRemoteViews(5) has done.
10-24 21:50:15.131 4521 4521 V LauncherAppWidgetHostView: calculateWidgetSize: (target widgetsize) using w/h 1359 712 span 5 2 (widgetid 3) [current Gridsize : GRID_5x5]
10-24 21:50:15.131 4521 4521 D LauncherAppWidgetHostView: calculateWidgetSize() widget = T-Mobile TV(widget id = 3) result hostview size = 1771 x 927
10-24 21:50:15.131 4521 4521 D LauncherAppWidgetHostView: setResizeScaleResult() 1771/ 927 scaleToResize = 0.7673631(widget id = 3)
10-24 21:50:16.221 3520 3520 I Tethering: BATTERY_CHANGED, level = 100lowBatteryThreshold = 15
10-24 21:50:16.221 4130 4130 D KeyguardUpdateMonitor: received broadcast android.intent.action.BATTERY_CHANGED
10-24 21:50:16.231 4130 4130 D KeyguardUpdateMonitor: handleBatteryUpdate
10-24 21:50:16.241 4590 4590 D BatteryMonitor: new battery level: 100
10-24 21:50:21.071 4521 4521 V LauncherAppWidgetHostView: calculateWidgetSize: (target widgetsize) using w/h 1359 712 span 5 2 (widgetid 3) [current Gridsize : GRID_5x5]
10-24 21:50:21.071 4521 4521 D LauncherAppWidgetHostView: calculateWidgetSize() widget = T-Mobile TV(widget id = 3) result hostview size = 1771 x 927
10-24 21:50:21.071 4521 4521 D LauncherAppWidgetHostView: setResizeScaleResult() 1771/ 927 scaleToResize = 0.7673631(widget id = 3)
10-24 21:50:21.081 4521 21036 D ViewSystem: updateTemporaryMetaData() has done.
10-24 21:50:21.101 4521 4521 V LauncherAppWidgetHostView: calculateWidgetSize: (target widgetsize) using w/h 1359 712 span 5 2 (widgetid 3) [current Gridsize : GRID_5x5]
10-24 21:50:21.101 4521 4521 D LauncherAppWidgetHostView: calculateWidgetSize() widget = T-Mobile TV(widget id = 3) result hostview size = 1771 x 927
10-24 21:50:21.101 4521 4521 D LauncherAppWidgetHostView: setResizeScaleResult() 1771/ 927 scaleToResize = 0.7673631(widget id = 3)
10-24 21:50:21.121 4521 4521 V LauncherAppWidgetHostView: calculateWidgetSize: (target widgetsize) using w/h 1359 712 span 5 2 (widgetid 3) [current Gridsize : GRID_5x5]
10-24 21:50:21.121 4521 4521 D LauncherAppWidgetHostView: calculateWidgetSize() widget = T-Mobile TV(widget id = 3) result hostview size = 1771 x 927
10-24 21:50:21.121 4521 4521 D LauncherAppWidgetHostView: setResizeScaleResult() 1771/ 927 scaleToResize = 0.7673631(widget id = 3)
10-24 21:50:21.121 4521 21036 D ViewSystem: updateRemoteViews(0) has done.
10-24 21:50:21.141 4521 4521 V LauncherAppWidgetHostView: calculateWidgetSize: (target widgetsize) using w/h 1359 712 span 5 2 (widgetid 3) [current Gridsize : GRID_5x5]
10-24 21:50:21.141 4521 4521 D LauncherAppWidgetHostView: calculateWidgetSize() widget = T-Mobile TV(widget id = 3) result hostview size = 1771 x 927
10-24 21:50:21.141 4521 4521 D LauncherAppWidgetHostView: setResizeScaleResult() 1771/ 927 scaleToResize = 0.7673631(widget id = 3)
10-24 21:50:26.241 3520 3520 I Tethering: BATTERY_CHANGED, level = 100lowBatteryThreshold = 15
10-24 21:50:26.251 4130 4130 D KeyguardUpdateMonitor: received broadcast android.intent.action.BATTERY_CHANGED
10-24 21:50:26.251 4130 4130 D KeyguardUpdateMonitor: handleBatteryUpdate
10-24 21:50:26.251 4590 4590 D BatteryMonitor: new battery level: 100
10-24 21:50:27.071 4521 4521 V LauncherAppWidgetHostView: calculateWidgetSize: (target widgetsize) using w/h 1359 712 span 5 2 (widgetid 3) [current Gridsize : GRID_5x5]
10-24 21:50:27.071 4521 4521 D LauncherAppWidgetHostView: calculateWidgetSize() widget = T-Mobile TV(widget id = 3) result hostview size = 1771 x 927
10-24 21:50:27.071 4521 4521 D LauncherAppWidgetHostView: setResizeScaleResult() 1771/ 927 scaleToResize = 0.7673631(widget id = 3)
10-24 21:50:27.091 4521 21036 D ViewSystem: updateTemporaryMetaData() has done.
10-24 21:50:27.091 4521 4521 V LauncherAppWidgetHostView: calculateWidgetSize: (target widgetsize) using w/h 1359 712 span 5 2 (widgetid 3) [current Gridsize : GRID_5x5]
10-24 21:50:27.091 4521 4521 D LauncherAppWidgetHostView: calculateWidgetSize() widget = T-Mobile TV(widget id = 3) result hostview size = 1771 x 927
10-24 21:50:27.091 4521 4521 D LauncherAppWidgetHostView: setResizeScaleResult() 1771/ 927 scaleToResize = 0.7673631(widget id = 3)
10-24 21:50:27.111 4521 4521 V LauncherAppWidgetHostView: calculateWidgetSize: (target widgetsize) using w/h 1359 712 span 5 2 (widgetid 3) [current Gridsize : GRID_5x5]
10-24 21:50:27.111 4521 4521 D LauncherAppWidgetHostView: calculateWidgetSize() widget = T-Mobile TV(widget id = 3) result hostview size = 1771 x 927
10-24 21:50:27.111 4521 4521 D LauncherAppWidgetHostView: setResizeScaleResult() 1771/ 927 scaleToResize = 0.7673631(widget id = 3)
10-24 21:50:27.121 4521 21036 D ViewSystem: updateRemoteViews(1) has done.
10-24 21:50:27.151 4521 4521 V LauncherAppWidgetHostView: calculateWidgetSize: (target widgetsize) using w/h 1359 712 span 5 2 (widgetid 3) [current Gridsize : GRID_5x5]
10-24 21:50:27.151 4521 4521 D LauncherAppWidgetHostView: calculateWidgetSize() widget = T-Mobile TV(widget id = 3) result hostview size = 1771 x 927
10-24 21:50:27.151 4521 4521 D LauncherAppWidgetHostView: setResizeScaleResult() 1771/ 927 scaleToResize = 0.7673631(widget id = 3)
10-24 21:50:33.081 4521 4521 V LauncherAppWidgetHostView: calculateWidgetSize: (target widgetsize) using w/h 1359 712 span 5 2 (widgetid 3) [current Gridsize : GRID_5x5]
10-24 21:50:33.081 4521 4521 D LauncherAppWidgetHostView: calculateWidgetSize() widget = T-Mobile TV(widget id = 3) result hostview size = 1771 x 927
10-24 21:50:33.081 4521 4521 D LauncherAppWidgetHostView: setResizeScaleResult() 1771/ 927 scaleToResize = 0.7673631(widget id = 3)
10-24 21:50:33.091 4521 21036 D ViewSystem: updateTemporaryMetaData() has done.
10-24 21:50:33.101 4521 4521 V LauncherAppWidgetHostView: calculateWidgetSize: (target widgetsize) using w/h 1359 712 span 5 2 (widgetid 3) [current Gridsize : GRID_5x5]
10-24 21:50:33.101 4521 4521 D LauncherAppWidgetHostView: calculateWidgetSize() widget = T-Mobile TV(widget id = 3) result hostview size = 1771 x 927
10-24 21:50:33.101 4521 4521 D LauncherAppWidgetHostView: setResizeScaleResult() 1771/ 927 scaleToResize = 0.7673631(widget id = 3)
10-24 21:50:33.121 4521 4521 V LauncherAppWidgetHostView: calculateWidgetSize: (target widgetsize) using w/h 1359 712 span 5 2 (widgetid 3) [current Gridsize : GRID_5x5]
10-24 21:50:33.121 4521 4521 D LauncherAppWidgetHostView: calculateWidgetSize() widget = T-Mobile TV(widget id = 3) result hostview size = 1771 x 927
10-24 21:50:33.121 4521 4521 D LauncherAppWidgetHostView: setResizeScaleResult() 1771/ 927 scaleToResize = 0.7673631(widget id = 3)
10-24 21:50:33.131 4521 21036 D ViewSystem: updateRemoteViews(2) has done.
10-24 21:50:33.141 4521 4521 V LauncherAppWidgetHostView: calculateWidgetSize: (target widgetsize) using w/h 1359 712 span 5 2 (widgetid 3) [current Gridsize : GRID_5x5]
10-24 21:50:33.141 4521 4521 D LauncherAppWidgetHostView: calculateWidgetSize() widget = T-Mobile TV(widget id = 3) result hostview size = 1771 x 927
10-24 21:50:33.141 4521 4521 D LauncherAppWidgetHostView: setResizeScaleResult() 1771/ 927 scaleToResize = 0.7673631(widget id = 3)
10-24 21:50:36.321 3520 3520 I Tethering: BATTERY_CHANGED, level = 100lowBatteryThreshold = 15
10-24 21:50:36.331 4130 4130 D KeyguardUpdateMonitor: received broadcast android.intent.action.BATTERY_CHANGED
10-24 21:50:36.331 4130 4130 D KeyguardUpdateMonitor: handleBatteryUpdate
10-24 21:50:36.351 4590 4590 D BatteryMonitor: new battery level: 100
10-24 21:50:37.591 4574 4612 D ContactsProvider_EventLog: contents_sample_state: [ contacts(4) data(27) accounts({com.google (2)=4}) accounts deleted({}) calls([]) ]
10-24 21:50:37.591 4574 4612 D ContactsProvider_EventLog: contents_sample_state: [ agr({[2]=4}) ]
10-24 21:50:39.061 4521 4521 V LauncherAppWidgetHostView: calculateWidgetSize: (target widgetsize) using w/h 1359 712 span 5 2 (widgetid 3) [current Gridsize : GRID_5x5]
10-24 21:50:39.061 4521 4521 D LauncherAppWidgetHostView: calculateWidgetSize() widget = T-Mobile TV(widget id = 3) result hostview size = 1771 x 927
10-24 21:50:39.071 4521 4521 D LauncherAppWidgetHostView: setResizeScaleResult() 1771/ 927 scaleToResize = 0.7673631(widget id = 3)
10-24 21:50:45.071 4521 4521 V LauncherAppWidgetHostView: calculateWidgetSize: (target widgetsize) using w/h 1359 712 span 5 2 (widgetid 3) [current Gridsize : GRID_5x5]
10-24 21:50:45.071 4521 4521 D LauncherAppWidgetHostView: calculateWidgetSize() widget = T-Mobile TV(widget id = 3) result hostview size = 1771 x 927
10-24 21:50:45.071 4521 4521 D LauncherAppWidgetHostView: setResizeScaleResult() 1771/ 927 scaleToResize = 0.7673631(widget id = 3)
10-24 21:50:45.091 4521 21036 D ViewSystem: updateTemporaryMetaData() has done.
10-24 21:50:45.101 4521 4521 V LauncherAppWidgetHostView: calculateWidgetSize: (target widgetsize) using w/h 1359 712 span 5 2 (widgetid 3) [current Gridsize : GRID_5x5]
10-24 21:50:45.101 4521 4521 D LauncherAppWidgetHostView: calculateWidgetSize() widget = T-Mobile TV(widget id = 3) result hostview size = 1771 x 927
10-24 21:50:45.101 4521 4521 D LauncherAppWidgetHostView: setResizeScaleResult() 1771/ 927 scaleToResize = 0.7673631(widget id = 3)
10-24 21:50:45.111 4521 21036 D ViewSystem: updateRemoteViews(4) has done.
10-24 21:50:45.121 4521 4521 V LauncherAppWidgetHostView: calculateWidgetSize: (target widgetsize) using w/h 1359 712 span 5 2 (widgetid 3) [current Gridsize : GRID_5x5]
10-24 21:50:45.121 4521 4521 D LauncherAppWidgetHostView: calculateWidgetSize() widget = T-Mobile TV(widget id = 3) result hostview size = 1771 x 927
10-24 21:50:45.121 4521 4521 D LauncherAppWidgetHostView: setResizeScaleResult() 1771/ 927 scaleToResize = 0.7673631(widget id = 3)
10-24 21:50:45.131 4521 21036 D ViewSystem: updateRemoteViews(4) has done.
10-24 21:50:45.131 4521 4521 V LauncherAppWidgetHostView: calculateWidgetSize: (target widgetsize) using w/h 1359 712 span 5 2 (widgetid 3) [current Gridsize : GRID_5x5]
10-24 21:50:45.131 4521 4521 D LauncherAppWidgetHostView: calculateWidgetSize() widget = T-Mobile TV(widget id = 3) result hostview size = 1771 x 927
10-24 21:50:45.131 4521 4521 D LauncherAppWidgetHostView: setResizeScaleResult() 1771/ 927 scaleToResize = 0.7673631(widget id = 3)
10-24 21:50:46.381 3520 3520 I Tethering: BATTERY_CHANGED, level = 100lowBatteryThreshold = 15
10-24 21:50:46.391 4130 4130 D KeyguardUpdateMonitor: received broadcast android.intent.action.BATTERY_CHANGED
10-24 21:50:46.391 4130 4130 D KeyguardUpdateMonitor: handleBatteryUpdate
10-24 21:50:46.411 4590 4590 D BatteryMonitor: new battery level: 100
10-24 21:50:51.071 4521 4521 V LauncherAppWidgetHostView: calculateWidgetSize: (target widgetsize) using w/h 1359 712 span 5 2 (widgetid 3) [current Gridsize : GRID_5x5]
10-24 21:50:51.071 4521 4521 D LauncherAppWidgetHostView: calculateWidgetSize() widget = T-Mobile TV(widget id = 3) result hostview size = 1771 x 927
10-24 21:50:51.071 4521 4521 D LauncherAppWidgetHostView: setResizeScaleResult() 1771/ 927 scaleToResize = 0.7673631(widget id = 3)
10-24 21:50:51.091 4521 21036 D ViewSystem: updateTemporaryMetaData() has done.
10-24 21:50:51.091 4521 4521 V LauncherAppWidgetHostView: calculateWidgetSize: (target widgetsize) using w/h 1359 712 span 5 2 (widgetid 3) [current Gridsize : GRID_5x5]
10-24 21:50:51.091 4521 4521 D LauncherAppWidgetHostView: calculateWidgetSize() widget = T-Mobile TV(widget id = 3) result hostview size = 1771 x 927
10-24 21:50:51.091 4521 4521 D LauncherAppWidgetHostView: setResizeScaleResult() 1771/ 927 scaleToResize = 0.7673631(widget id = 3)
10-24 21:50:51.111 4521 4521 V LauncherAppWidgetHostView: calculateWidgetSize: (target widgetsize) using w/h 1359 712 span 5 2 (widgetid 3) [current Gridsize : GRID_5x5]
10-24 21:50:51.111 4521 4521 D LauncherAppWidgetHostView: calculateWidgetSize() widget = T-Mobile TV(widget id = 3) result hostview size = 1771 x 927
10-24 21:50:51.111 4521 4521 D LauncherAppWidgetHostView: setResizeScaleResult() 1771/ 927 scaleToResize = 0.7673631(widget id = 3)
10-24 21:50:51.121 4521 21036 D ViewSystem: updateRemoteViews(5) has done.
10-24 21:50:51.141 4521 4521 V LauncherAppWidgetHostView: calculateWidgetSize: (target widgetsize) using w/h 1359 712 span 5 2 (widgetid 3) [current Gridsize : GRID_5x5]
10-24 21:50:51.141 4521 4521 D LauncherAppWidgetHostView: calculateWidgetSize() widget = T-Mobile TV(widget id = 3) result hostview size = 1771 x 927
10-24 21:50:51.141 4521 4521 D LauncherAppWidgetHostView: setResizeScaleResult() 1771/ 927 scaleToResize = 0.7673631(widget id = 3)
10-24 21:50:56.441 3520 3520 I Tethering: BATTERY_CHANGED, level = 100lowBatteryThreshold = 15
10-24 21:50:56.451 4130 4130 D KeyguardUpdateMonitor: received broadcast android.intent.action.BATTERY_CHANGED
10-24 21:50:56.451 4130 4130 D KeyguardUpdateMonitor: handleBatteryUpdate
10-24 21:50:56.471 4590 4590 D BatteryMonitor: new battery level: 100
10-24 21:50:57.091 4521 4521 V LauncherAppWidgetHostView: calculateWidgetSize: (target widgetsize) using w/h 1359 712 span 5 2 (widgetid 3) [current Gridsize : GRID_5x5]
10-24 21:50:57.091 4521 4521 D LauncherAppWidgetHostView: calculateWidgetSize() widget = T-Mobile TV(widget id = 3) result hostview size = 1771 x 927
10-24 21:50:57.091 4521 4521 D LauncherAppWidgetHostView: setResizeScaleResult() 1771/ 927 scaleToResize = 0.7673631(widget id = 3)
10-24 21:50:57.111 4521 21036 D ViewSystem: updateTemporaryMetaData() has done.
10-24 21:50:57.121 4521 4521 V LauncherAppWidgetHostView: calculateWidgetSize: (target widgetsize) using w/h 1359 712 span 5 2 (widgetid 3) [current Gridsize : GRID_5x5]
10-24 21:50:57.121 4521 4521 D LauncherAppWidgetHostView: calculateWidgetSize() widget = T-Mobile TV(widget id = 3) result hostview size = 1771 x 927
10-24 21:50:57.121 4521 4521 D LauncherAppWidgetHostView: setResizeScaleResult() 1771/ 927 scaleToResize = 0.7673631(widget id = 3)
10-24 21:50:57.131 4521 4521 V LauncherAppWidgetHostView: calculateWidgetSize: (target widgetsize) using w/h 1359 712 span 5 2 (widgetid 3) [current Gridsize : GRID_5x5]
10-24 21:50:57.131 4521 4521 D LauncherAppWidgetHostView: calculateWidgetSize() widget = T-Mobile TV(widget id = 3) result hostview size = 1771 x 927
10-24 21:50:57.131 4521 4521 D LauncherAppWidgetHostView: setResizeScaleResult() 1771/ 927 scaleToResize = 0.7673631(widget id = 3)
10-24 21:50:57.141 4521 21036 D ViewSystem: updateRemoteViews(0) has done.
10-24 21:50:57.161 4521 4521 V LauncherAppWidgetHostView: calculateWidgetSize: (target widgetsize) using w/h 1359 712 span 5 2 (widgetid 3) [current Gridsize : GRID_5x5]
10-24 21:50:57.161 4521 4521 D LauncherAppWidgetHostView: calculateWidgetSize() widget = T-Mobile TV(widget id = 3) result hostview size = 1771 x 927
10-24 21:50:57.161 4521 4521 D LauncherAppWidgetHostView: setResizeScaleResult() 1771/ 927 scaleToResize = 0.7673631(widget id = 3)
10-24 21:51:00.011 4130 4130 D KeyguardUpdateMonitor: received broadcast android.intent.action.TIME_TICK
10-24 21:51:00.011 4130 4130 D KeyguardUpdateMonitor: handleTimeUpdate
10-24 21:51:00.031 4130 4130 D Clock : received broadcast android.intent.action.TIME_TICK
10-24 21:51:00.121 4130 4130 D DateView: received broadcast android.intent.action.TIME_TICK
10-24 21:51:00.171 4521 4521 V LauncherAppWidgetHostView: calculateWidgetSize: (target widgetsize) using w/h 1359 347 span 5 1 (widgetid 6) [current Gridsize : GRID_5x5]
10-24 21:51:00.171 4521 4521 D LauncherAppWidgetHostView: calculateWidgetSize() widget = Weather and Clock(widget id = 6) result hostview size = 1771 x 452
10-24 21:51:00.171 4521 4521 D LauncherAppWidgetHostView: setResizeScaleResult() 1771/ 452 scaleToResize = 0.7673631(widget id = 6)
10-24 21:51:00.171 4521 4521 V LauncherAppWidgetHostView: calculateWidgetSize: (target widgetsize) using w/h 1359 347 span 5 1 (widgetid 2) [current Gridsize : GRID_5x5]
10-24 21:51:00.171 4521 4521 D LauncherAppWidgetHostView: calculateWidgetSize() widget = Google App(widget id = 2) result hostview size = 1771 x 452
10-24 21:51:00.171 4521 4521 D LauncherAppWidgetHostView: setResizeScaleResult() 1771/ 452 scaleToResize = 0.7673631(widget id = 2)
10-24 21:51:00.201 4521 4521 V LauncherAppWidgetHostView: calculateWidgetSize: (target widgetsize) using w/h 1359 347 span 5 1 (widgetid 6) [current Gridsize : GRID_5x5]
10-24 21:51:00.201 4521 4521 D LauncherAppWidgetHostView: calculateWidgetSize() widget = Weather and Clock(widget id = 6) result hostview size = 1771 x 452
10-24 21:51:00.201 4521 4521 D LauncherAppWidgetHostView: setResizeScaleResult() 1771/ 452 scaleToResize = 0.7673631(widget id = 6)
10-24 21:51:00.201 4521 4521 V LauncherAppWidgetHostView: calculateWidgetSize: (target widgetsize) using w/h 1359 347 span 5 1 (widgetid 2) [current Gridsize : GRID_5x5]
10-24 21:51:00.201 4521 4521 D LauncherAppWidgetHostView: calculateWidgetSize() widget = Google App(widget id = 2) result hostview size = 1771 x 452
10-24 21:51:00.201 4521 4521 D LauncherAppWidgetHostView: setResizeScaleResult() 1771/ 452 scaleToResize = 0.7673631(widget id = 2)
10-24 21:51:00.231 26846 26846 D [WeatherWidget(1177)] WeatherService: {[EC3334F14841398C8B464A72D0E61AB7CD7E766A36D06043166FAD39187431A3E5A9A2F81BDF9068B74904E1B1CB541044E6D58E921E578E1E6FAAF047CA8AFC]}
10-24 21:51:00.231 26846 26846 D [WeatherWidget(1177)] : {[3AE6950019B083611567B0F9442DB03E59646CBA355B4C260B75423E37A3701A]}
10-24 21:51:00.241 26846 26846 D [WeatherWidget(1177)] : {[3AE6950019B083611567B0F9442DB03E0F7D6DF8FAB8AEDDA9C52FD622CBE93BD3B3C821E02768ECE7D54B13E96560EDB802D29C56DFCCD38F937DDED36C9453E14ACC693F7BDF399FD0A06BF2D59F2E62F0159FCF8ED080A2244B7BC466DBEB]}
10-24 21:51:00.241 26846 26846 D [WeatherWidget(1177)] : {[DF00664B5BF2DD508EC3D0ADB8B43C9FB429631765284D8658CE62A4AFFAA963]}
10-24 21:51:03.081 4521 4521 V LauncherAppWidgetHostView: calculateWidgetSize: (target widgetsize) using w/h 1359 712 span 5 2 (widgetid 3) [current Gridsize : GRID_5x5]
10-24 21:51:03.081 4521 4521 D LauncherAppWidgetHostView: calculateWidgetSize() widget = T-Mobile TV(widget id = 3) result hostview size = 1771 x 927
10-24 21:51:03.081 4521 4521 D LauncherAppWidgetHostView: setResizeScaleResult() 1771/ 927 scaleToResize = 0.7673631(widget id = 3)
10-24 21:51:03.101 4521 21036 D ViewSystem: updateTemporaryMetaData() has done.
10-24 21:51:03.111 4521 4521 V LauncherAppWidgetHostView: calculateWidgetSize: (target widgetsize) using w/h 1359 712 span 5 2 (widgetid 3) [current Gridsize : GRID_5x5]
10-24 21:51:03.111 4521 4521 D LauncherAppWidgetHostView: calculateWidgetSize() widget = T-Mobile TV(widget id = 3) result hostview size = 1771 x 927
10-24 21:51:03.111 4521 4521 D LauncherAppWidgetHostView: setResizeScaleResult() 1771/ 927 scaleToResize = 0.7673631(widget id = 3)
10-24 21:51:03.121 4521 4521 V LauncherAppWidgetHostView: calculateWidgetSize: (target widgetsize) using w/h 1359 712 span 5 2 (widgetid 3) [current Gridsize : GRID_5x5]
10-24 21:51:03.121 4521 4521 D LauncherAppWidgetHostView: calculateWidgetSize() widget = T-Mobile TV(widget id = 3) result hostview size = 1771 x 927
10-24 21:51:03.121 4521 4521 D LauncherAppWidgetHostView: setResizeScaleResult() 1771/ 927 scaleToResize = 0.7673631(widget id = 3)
10-24 21:51:03.141 4521 21036 D ViewSystem: updateRemoteViews(1) has done.
10-24 21:51:03.151 4521 4521 V LauncherAppWidgetHostView: calculateWidgetSize: (target widgetsize) using w/h 1359 712 span 5 2 (widgetid 3) [current Gridsize : GRID_5x5]
10-24 21:51:03.151 4521 4521 D LauncherAppWidgetHostView: calculateWidgetSize() widget = T-Mobile TV(widget id = 3) result hostview size = 1771 x 927
10-24 21:51:03.151 4521 4521 D LauncherAppWidgetHostView: setResizeScaleResult() 1771/ 927 scaleToResize = 0.7673631(widget id = 3)
10-24 21:51:06.501 3520 3520 I Tethering: BATTERY_CHANGED, level = 100lowBatteryThreshold = 15
10-24 21:51:06.511 4130 4130 D KeyguardUpdateMonitor: received broadcast android.intent.action.BATTERY_CHANGED
10-24 21:51:06.511 4130 4130 D KeyguardUpdateMonitor: handleBatteryUpdate
10-24 21:51:06.541 4590 4590 D BatteryMonitor: new battery level: 100
10-24 21:51:07.581 27575 27600 I Quasar : start to send events
10-24 21:51:09.091 4521 4521 V LauncherAppWidgetHostView: calculateWidgetSize: (target widgetsize) using w/h 1359 712 span 5 2 (widgetid 3) [current Gridsize : GRID_5x5]
10-24 21:51:09.091 4521 4521 D LauncherAppWidgetHostView: calculateWidgetSize() widget = T-Mobile TV(widget id = 3) result hostview size = 1771 x 927
10-24 21:51:09.091 4521 4521 D LauncherAppWidgetHostView: setResizeScaleResult() 1771/ 927 scaleToResize = 0.7673631(widget id = 3)
10-24 21:51:09.111 4521 21036 D ViewSystem: updateTemporaryMetaData() has done.
10-24 21:51:09.121 4521 4521 V LauncherAppWidgetHostView: calculateWidgetSize: (target widgetsize) using w/h 1359 712 span 5 2 (widgetid 3) [current Gridsize : GRID_5x5]
10-24 21:51:09.121 4521 4521 D LauncherAppWidgetHostView: calculateWidgetSize() widget = T-Mobile TV(widget id = 3) result hostview size = 1771 x 927
10-24 21:51:09.121 4521 4521 D LauncherAppWidgetHostView: setResizeScaleResult() 1771/ 927 scaleToResize = 0.7673631(widget id = 3)
10-24 21:51:09.131 4521 4521 V LauncherAppWidgetHostView: calculateWidgetSize: (target widgetsize) using w/h 1359 712 span 5 2 (widgetid 3) [current Gridsize : GRID_5x5]
10-24 21:51:09.131 4521 4521 D LauncherAppWidgetHostView: calculateWidgetSize() widget = T-Mobile TV(widget id = 3) result hostview size = 1771 x 927
10-24 21:51:09.131 4521 4521 D LauncherAppWidgetHostView: setResizeScaleResult() 1771/ 927 scaleToResize = 0.7673631(widget id = 3)
10-24 21:51:09.141 4521 21036 D ViewSystem: updateRemoteViews(2) has done.
10-24 21:51:09.161 4521 4521 V LauncherAppWidgetHostView: calculateWidgetSize: (target widgetsize) using w/h 1359 712 span 5 2 (widgetid 3) [current Gridsize : GRID_5x5]
10-24 21:51:09.161 4521 4521 D LauncherAppWidgetHostView: calculateWidgetSize() widget = T-Mobile TV(widget id = 3) result hostview size = 1771 x 927
10-24 21:51:09.161 4521 4521 D LauncherAppWidgetHostView: setResizeScaleResult() 1771/ 927 scaleToResize = 0.7673631(widget id = 3)
10-24 21:51:15.071 4521 4521 V LauncherAppWidgetHostView: calculateWidgetSize: (target widgetsize) using w/h 1359 712 span 5 2 (widgetid 3) [current Gridsize : GRID_5x5]
10-24 21:51:15.071 4521 4521 D LauncherAppWidgetHostView: calculateWidgetSize() widget = T-Mobile TV(widget id = 3) result hostview size = 1771 x 927
10-24 21:51:15.071 4521 4521 D LauncherAppWidgetHostView: setResizeScaleResult() 1771/ 927 scaleToResize = 0.7673631(widget id = 3)
10-24 21:51:16.551 3520 3520 I Tethering: BATTERY_CHANGED, level = 100lowBatteryThreshold = 15
10-24 21:51:16.561 4130 4130 D KeyguardUpdateMonitor: received broadcast android.intent.action.BATTERY_CHANGED
10-24 21:51:16.561 4130 4130 D KeyguardUpdateMonitor: handleBatteryUpdate
10-24 21:51:16.571 4590 4590 D BatteryMonitor: new battery level: 100
10-24 21:51:16.771 3520 3988 I TLC_TIMA_PKM_measure_kernel: TIMA: response_id = 3
10-24 21:51:16.771 3520 3988 I TLC_TIMA_PKM_measure_kernel: TIMA: response ret = 0, result_ondemand = MSG=Kernel Verification Success;
10-24 21:51:16.801 23143 28518 I SubscribedFeeds: Received message
10-24 21:51:16.811 3520 4392 W System.err: remove failed: ENOENT (No such file or directory) : /data/system/sync/pending.xml.bak
10-24 21:51:16.841 28433 28519 W Gmail : Sync started for account: account:1980453032
10-24 21:51:16.841 28433 28519 I Gmail : notifyAccountChanged
10-24 21:51:16.841 28433 28447 I Gmail : getAccountsCursor
10-24 21:51:16.881 28433 28519 I Gmail : MainSyncRequestProto: lowestBkwdConvoId: 0, highestHandledServerOp: 8408, normalSync: true
10-24 21:51:16.891 28433 28519 I System.out: Thread-1889(ApacheHTTPLog):isSBSettingEnabled false
10-24 21:51:16.891 28433 28519 I System.out: Thread-1889(ApacheHTTPLog):isShipBuild true
10-24 21:51:16.891 28433 28519 I System.out: Thread-1889(ApacheHTTPLog):getDebugLevel 0x4f4c
10-24 21:51:16.891 28433 28519 I System.out: Thread-1889(ApacheHTTPLog):Smart Bonding Setting is false
10-24 21:51:16.891 28433 28519 I System.out: Thread-1889(ApacheHTTPLog):SmartBonding Setting is false, SHIP_BUILD is true, log to file is false, DBG is false, DEBUG_LEVEL (1-LOW, 2-MID, 3-HIGH) is 1
10-24 21:51:16.891 28433 28519 I qtaguid : Tagging socket 48 with tag 2010000000000000{537919488,0} uid -1, pid: 28433, getuid(): 10140
10-24 21:51:17.151 28433 28519 I qtaguid : Untagging socket 48
10-24 21:51:17.151 28433 28519 I System.out: SyncAdapterThread-2 calls detatch()
10-24 21:51:17.151 4782 5189 W Herrevad: Invalid mccmnc
10-24 21:51:17.181 28433 28519 I Gmail : MainSyncRequestProto: lowestBkwdConvoId: 0, highestHandledServerOp: 8420, normalSync: true
10-24 21:51:17.181 28433 28519 I Gmail : lowestBackward conversation id 0
10-24 21:51:17.261 3520 4041 D PackageManager: setEnabledSetting : userId = 0 packageName = com.google.android.gms cmp = com.google.android.gms.icing.proxy.SmsMonitor newState = 1 callingPackage = 10021
10-24 21:51:17.321 28433 28519 I Gmail : AppDataSearch: minSeqNo=501, maxSeqNo=519, lastCommittedSequence=501
10-24 21:51:17.351 5110 6725 I Icing : Usage reports 0 indexed 0 rejected 0 imm upload false
10-24 21:51:17.361 5110 28521 W IcingInternalCorpora: getNumBytesRead when not calculated.
10-24 21:51:17.371 28433 28519 I Gmail : notifyAccountChanged
10-24 21:51:17.371 28433 28519 W Gmail : Sync complete for account: account:1980453032
10-24 21:51:17.371 28433 28448 I Gmail : getAccountsCursor
10-24 21:51:17.381 5110 6725 I Icing : Usage reports 0 indexed 0 rejected 0 imm upload false
10-24 21:51:17.391 4371 4383 D PeopleNotiListenerService: onEdgeNotificationRemoved() : pkg android,id=-2099524487,extra=Bundle[mParcelledData.dataSize=84]
10-24 21:51:17.391 4371 4371 D PeopleNotiListenerService: removeEdgeNotification:Bundle[{samsung.notification.id=-2099524487, samsung.notification.type=normal, samsung.people.package_name=android}]
10-24 21:51:17.391 4371 4371 I PeopleStripeService: PeopleNotificationReceiver:3
10-24 21:51:17.391 4371 4371 I PeopleStripeService: sendEdgeNotification peopleEnabled true lightingEnabled true edgeEnabled true
10-24 21:51:17.391 4371 4371 I PeopleDataManager: removeNotification
10-24 21:51:17.391 4371 4371 I NotificationParser: getNotiType:android,null
10-24 21:51:17.391 4371 4371 D PeopleDataManager: removeNotiInfo: id =-2099524487,packageName=android,isEdgeNotification=false,key=null,removeAll=false
10-24 21:51:17.391 4371 4371 D PeopleDataManager: removeNotiInfo =null
10-24 21:51:18.401 5110 6725 I Icing : Indexing 5044F87ED0AEBE9B8FF8D860FE39D07891A6808A from com.google.android.gm
10-24 21:51:18.461 5110 6725 I Icing : Indexing done 5044F87ED0AEBE9B8FF8D860FE39D07891A6808A
10-24 21:51:21.091 4521 4521 V LauncherAppWidgetHostView: calculateWidgetSize: (target widgetsize) using w/h 1359 712 span 5 2 (widgetid 3) [current Gridsize : GRID_5x5]
10-24 21:51:21.091 4521 4521 D LauncherAppWidgetHostView: calculateWidgetSize() widget = T-Mobile TV(widget id = 3) result hostview size = 1771 x 927
10-24 21:51:21.091 4521 4521 D LauncherAppWidgetHostView: setResizeScaleResult() 1771/ 927 scaleToResize = 0.7673631(widget id = 3)
10-24 21:51:21.111 4521 21036 D ViewSystem: updateTemporaryMetaData() has done.
10-24 21:51:21.121 4521 4521 V LauncherAppWidgetHostView: calculateWidgetSize: (target widgetsize) using w/h 1359 712 span 5 2 (widgetid 3) [current Gridsize : GRID_5x5]
10-24 21:51:21.121 4521 4521 D LauncherAppWidgetHostView: calculateWidgetSize() widget = T-Mobile TV(widget id = 3) result hostview size = 1771 x 927
10-24 21:51:21.121 4521 4521 D LauncherAppWidgetHostView: setResizeScaleResult() 1771/ 927 scaleToResize = 0.7673631(widget id = 3)
10-24 21:51:21.131 4521 4521 V LauncherAppWidgetHostView: calculateWidgetSize: (target widgetsize) using w/h 1359 712 span 5 2 (widgetid 3) [current Gridsize : GRID_5x5]
10-24 21:51:21.131 4521 4521 D LauncherAppWidgetHostView: calculateWidgetSize() widget = T-Mobile TV(widget id = 3) result hostview size = 1771 x 927
10-24 21:51:21.131 4521 4521 D LauncherAppWidgetHostView: setResizeScaleResult() 1771/ 927 scaleToResize = 0.7673631(widget id = 3)
10-24 21:51:21.141 4521 21036 D ViewSystem: updateRemoteViews(4) has done.
10-24 21:51:21.161 4521 4521 V LauncherAppWidgetHostView: calculateWidgetSize: (target widgetsize) using w/h 1359 712 span 5 2 (widgetid 3) [current Gridsize : GRID_5x5]
10-24 21:51:21.161 4521 4521 D LauncherAppWidgetHostView: calculateWidgetSize() widget = T-Mobile TV(widget id = 3) result hostview size = 1771 x 927
10-24 21:51:21.161 4521 4521 D LauncherAppWidgetHostView: setResizeScaleResult() 1771/ 927 scaleToResize = 0.7673631(widget id = 3)
10-24 21:51:26.631 3520 3520 I Tethering: BATTERY_CHANGED, level = 100lowBatteryThreshold = 15
10-24 21:51:26.641 4130 4130 D KeyguardUpdateMonitor: received broadcast android.intent.action.BATTERY_CHANGED
10-24 21:51:26.641 4130 4130 D KeyguardUpdateMonitor: handleBatteryUpdate
10-24 21:51:26.661 4590 4590 D BatteryMonitor: new battery level: 100
10-24 21:51:27.091 4521 4521 V LauncherAppWidgetHostView: calculateWidgetSize: (target widgetsize) using w/h 1359 712 span 5 2 (widgetid 3) [current Gridsize : GRID_5x5]
10-24 21:51:27.091 4521 4521 D LauncherAppWidgetHostView: calculateWidgetSize() widget = T-Mobile TV(widget id = 3) result hostview size = 1771 x 927
10-24 21:51:27.091 4521 4521 D LauncherAppWidgetHostView: setResizeScaleResult() 1771/ 927 scaleToResize = 0.7673631(widget id = 3)
10-24 21:51:27.101 4521 21036 D ViewSystem: updateTemporaryMetaData() has done.
10-24 21:51:27.121 4521 4521 V LauncherAppWidgetHostView: calculateWidgetSize: (target widgetsize) using w/h 1359 712 span 5 2 (widgetid 3) [current Gridsize : GRID_5x5]
10-24 21:51:27.121 4521 4521 D LauncherAppWidgetHostView: calculateWidgetSize() widget = T-Mobile TV(widget id = 3) result hostview size = 1771 x 927
10-24 21:51:27.121 4521 4521 D LauncherAppWidgetHostView: setResizeScaleResult() 1771/ 927 scaleToResize = 0.7673631(widget id = 3)
10-24 21:51:27.141 4521 4521 V LauncherAppWidgetHostView: calculateWidgetSize: (target widgetsize) using w/h 1359 712 span 5 2 (widgetid 3) [current Gridsize : GRID_5x5]
10-24 21:51:27.141 4521 4521 D LauncherAppWidgetHostView: calculateWidgetSize() widget = T-Mobile TV(widget id = 3) result hostview size = 1771 x 927
10-24 21:51:27.141 4521 4521 D LauncherAppWidgetHostView: setResizeScaleResult() 1771/ 927 scaleToResize = 0.7673631(widget id = 3)
10-24 21:51:27.151 4521 21036 D ViewSystem: updateRemoteViews(5) has done.
10-24 21:51:27.171 4521 4521 V LauncherAppWidgetHostView: calculateWidgetSize: (target widgetsize) using w/h 1359 712 span 5 2 (widgetid 3) [current Gridsize : GRID_5x5]
10-24 21:51:27.171 4521 4521 D LauncherAppWidgetHostView: calculateWidgetSize() widget = T-Mobile TV(widget id = 3) result hostview size = 1771 x 927
10-24 21:51:27.171 4521 4521 D LauncherAppWidgetHostView: setResizeScaleResult() 1771/ 927 scaleToResize = 0.7673631(widget id = 3)
10-24 21:51:29.421 4130 4343 D NetworkController.MobileSignalController(0/2147483643): onSignalStrengthsChanged signalStrength=SignalStrength: 20 99 -20 -200 -20 -200 -1 99 2147483647 2147483647 2147483647 2147483647 2147483647 0x5 gsm|lte level=5
10-24 21:51:29.421 4130 4343 D NetworkController.MobileSignalController(0/2147483643): getMobileIconGroup(): 0
10-24 21:51:29.421 4130 4343 D NetworkController.MobileSignalController(0/2147483643): updateTMOMobileIconGroup(): 0
10-24 21:51:29.421 4425 4425 D WfcPhoneStateListener: onSignalStrengthsChanged(): signal strength did not change
10-24 21:51:33.091 4521 4521 V LauncherAppWidgetHostView: calculateWidgetSize: (target widgetsize) using w/h 1359 712 span 5 2 (widgetid 3) [current Gridsize : GRID_5x5]
10-24 21:51:33.091 4521 4521 D LauncherAppWidgetHostView: calculateWidgetSize() widget = T-Mobile TV(widget id = 3) result hostview size = 1771 x 927
10-24 21:51:33.091 4521 4521 D LauncherAppWidgetHostView: setResizeScaleResult() 1771/ 927 scaleToResize = 0.7673631(widget id = 3)
10-24 21:51:33.111 4521 21036 D ViewSystem: updateTemporaryMetaData() has done.
10-24 21:51:33.121 4521 4521 V LauncherAppWidgetHostView: calculateWidgetSize: (target widgetsize) using w/h 1359 712 span 5 2 (widgetid 3) [current Gridsize : GRID_5x5]
10-24 21:51:33.121 4521 4521 D LauncherAppWidgetHostView: calculateWidgetSize() widget = T-Mobile TV(widget id = 3) result hostview size = 1771 x 927
10-24 21:51:33.121 4521 4521 D LauncherAppWidgetHostView: setResizeScaleResult() 1771/ 927 scaleToResize = 0.7673631(widget id = 3)
10-24 21:51:33.131 4521 4521 V LauncherAppWidgetHostView: calculateWidgetSize: (target widgetsize) using w/h 1359 712 span 5 2 (widgetid 3) [current Gridsize : GRID_5x5]
10-24 21:51:33.131 4521 4521 D LauncherAppWidgetHostView: calculateWidgetSize() widget = T-Mobile TV(widget id = 3) result hostview size = 1771 x 927
10-24 21:51:33.131 4521 4521 D LauncherAppWidgetHostView: setResizeScaleResult() 1771/ 927 scaleToResize = 0.7673631(widget id = 3)
10-24 21:51:33.141 4521 21036 D ViewSystem: updateRemoteViews(0) has done.
10-24 21:51:33.161 4521 4521 V LauncherAppWidgetHostView: calculateWidgetSize: (target widgetsize) using w/h 1359 712 span 5 2 (widgetid 3) [current Gridsize : GRID_5x5]
10-24 21:51:33.161 4521 4521 D LauncherAppWidgetHostView: calculateWidgetSize() widget = T-Mobile TV(widget id = 3) result hostview size = 1771 x 927
10-24 21:51:33.161 4521 4521 D LauncherAppWidgetHostView: setResizeScaleResult() 1771/ 927 scaleToResize = 0.7673631(widget id = 3)
10-24 21:51:36.691 3520 3520 I Tethering: BATTERY_CHANGED, level = 100lowBatteryThreshold = 15
10-24 21:51:36.701 4130 4130 D KeyguardUpdateMonitor: received broadcast android.intent.action.BATTERY_CHANGED
10-24 21:51:36.701 4130 4130 D KeyguardUpdateMonitor: handleBatteryUpdate
10-24 21:51:36.721 4590 4590 D BatteryMonitor: new battery level: 100
10-24 21:51:37.701 4574 4612 D ContactsProvider_EventLog: contents_sample_state: [ contacts(4) data(27) accounts({com.google (2)=4}) accounts deleted({}) calls([]) ]
10-24 21:51:37.701 4574 4612 D ContactsProvider_EventLog: contents_sample_state: [ agr({[2]=4}) ]
10-24 21:51:39.091 4521 4521 V LauncherAppWidgetHostView: calculateWidgetSize: (target widgetsize) using w/h 1359 712 span 5 2 (widgetid 3) [current Gridsize : GRID_5x5]
10-24 21:51:39.091 4521 4521 D LauncherAppWidgetHostView: calculateWidgetSize() widget = T-Mobile TV(widget id = 3) result hostview size = 1771 x 927
10-24 21:51:39.091 4521 4521 D LauncherAppWidgetHostView: setResizeScaleResult() 1771/ 927 scaleToResize = 0.7673631(widget id = 3)
10-24 21:51:39.111 4521 21036 D ViewSystem: updateTemporaryMetaData() has done.
10-24 21:51:39.131 4521 4521 V LauncherAppWidgetHostView: calculateWidgetSize: (target widgetsize) using w/h 1359 712 span 5 2 (widgetid 3) [current Gridsize : GRID_5x5]
10-24 21:51:39.131 4521 4521 D LauncherAppWidgetHostView: calculateWidgetSize() widget = T-Mobile TV(widget id = 3) result hostview size = 1771 x 927
10-24 21:51:39.131 4521 4521 D LauncherAppWidgetHostView: setResizeScaleResult() 1771/ 927 scaleToResize = 0.7673631(widget id = 3)
10-24 21:51:39.141 4521 4521 V LauncherAppWidgetHostView: calculateWidgetSize: (target widgetsize) using w/h 1359 712 span 5 2 (widgetid 3) [current Gridsize : GRID_5x5]
10-24 21:51:39.151 4521 4521 D LauncherAppWidgetHostView: calculateWidgetSize() widget = T-Mobile TV(widget id = 3) result hostview size = 1771 x 927
10-24 21:51:39.151 4521 4521 D LauncherAppWidgetHostView: setResizeScaleResult() 1771/ 927 scaleToResize = 0.7673631(widget id = 3)
10-24 21:51:39.161 4521 21036 D ViewSystem: updateRemoteViews(1) has done.
10-24 21:51:39.181 4521 4521 V LauncherAppWidgetHostView: calculateWidgetSize: (target widgetsize) using w/h 1359 712 span 5 2 (widgetid 3) [current Gridsize : GRID_5x5]
10-24 21:51:39.181 4521 4521 D LauncherAppWidgetHostView: calculateWidgetSize() widget = T-Mobile TV(widget id = 3) result hostview size = 1771 x 927
10-24 21:51:39.181 4521 4521 D LauncherAppWidgetHostView: setResizeScaleResult() 1771/ 927 scaleToResize = 0.7673631(widget id = 3)
10-24 21:51:42.211 4130 4343 D NetworkController.MobileSignalController(0/2147483643): onSignalStrengthsChanged signalStrength=SignalStrength: 21 99 -21 -200 -21 -200 -1 99 2147483647 2147483647 2147483647 2147483647 2147483647 0x5 gsm|lte level=5
10-24 21:51:42.211 4130 4343 D NetworkController.MobileSignalController(0/2147483643): getMobileIconGroup(): 0
10-24 21:51:42.211 4425 4425 D WfcPhoneStateListener: onSignalStrengthsChanged(): signal strength did not change
10-24 21:51:42.211 4130 4343 D NetworkController.MobileSignalController(0/2147483643): updateTMOMobileIconGroup(): 0
10-24 21:51:45.091 4521 4521 V LauncherAppWidgetHostView: calculateWidgetSize: (target widgetsize) using w/h 1359 712 span 5 2 (widgetid 3) [current Gridsize : GRID_5x5]
10-24 21:51:45.091 4521 4521 D LauncherAppWidgetHostView: calculateWidgetSize() widget = T-Mobile TV(widget id = 3) result hostview size = 1771 x 927
10-24 21:51:45.091 4521 4521 D LauncherAppWidgetHostView: setResizeScaleResult() 1771/ 927 scaleToResize = 0.7673631(widget id = 3)
10-24 21:51:45.111 4521 21036 D ViewSystem: updateTemporaryMetaData() has done.
10-24 21:51:45.121 4521 4521 V LauncherAppWidgetHostView: calculateWidgetSize: (target widgetsize) using w/h 1359 712 span 5 2 (widgetid 3) [current Gridsize : GRID_5x5]
10-24 21:51:45.121 4521 4521 D LauncherAppWidgetHostView: calculateWidgetSize() widget = T-Mobile TV(widget id = 3) result hostview size = 1771 x 927
10-24 21:51:45.121 4521 4521 D LauncherAppWidgetHostView: setResizeScaleResult() 1771/ 927 scaleToResize = 0.7673631(widget id = 3)
10-24 21:51:45.141 4521 4521 V LauncherAppWidgetHostView: calculateWidgetSize: (target widgetsize) using w/h 1359 712 span 5 2 (widgetid 3) [current Gridsize : GRID_5x5]
10-24 21:51:45.141 4521 4521 D LauncherAppWidgetHostView: calculateWidgetSize() widget = T-Mobile TV(widget id = 3) result hostview size = 1771 x 927
10-24 21:51:45.141 4521 4521 D LauncherAppWidgetHostView: setResizeScaleResult() 1771/ 927 scaleToResize = 0.7673631(widget id = 3)
10-24 21:51:45.151 4521 21036 D ViewSystem: updateRemoteViews(2) has done.
