10-24 21:48:34.501 3520 4090 D SContextService: Listener : android.hardware.scontext.SContextService$Listener@26f0f26, Service : Activity Tracker
10-24 21:48:34.501 3520 4090 D SContextService: Listener : android.hardware.scontext.SContextService$Listener@4922914, Service : Auto Rotation
10-24 21:48:34.501 3520 4090 D SContextManager: .unregisterListener : listener = com.android.server.display.AutomaticBrightnessController$5@478adb6, service=Auto Brightness
10-24 21:48:34.501 3099 3099 D libEGL : eglInitialize EGLDisplay = 0x7fc6961138
10-24 21:48:34.531 3099 3099 D libEGL : eglInitialize EGLDisplay = 0x7fc6961138
10-24 21:48:34.761 3520 4091 D lights : lcd : 0 +
10-24 21:48:34.761 3520 4091 D lights : lcd : 0 -
10-24 21:48:34.781 3520 3601 D SContextService: unregisterCallback() : Listener = android.hardware.scontext.SContextService$Listener@4922914, Service = Auto Rotation, used = 0
10-24 21:48:34.781 3520 3601 W CAE : unregisterCallback(ContextAwareService.java:206) - [unregi 01] Mutex is locked for AUTO_ROTATION
10-24 21:48:34.781 3520 3601 V CAE : stop(ContextProvider.java:155)
10-24 21:48:34.791 3520 3601 V CAE : clear(AutoRotationRunner.java:182)
10-24 21:48:34.791 3520 3601 V CAE : disable(AutoRotationRunner.java:171)
10-24 21:48:34.791 3520 3601 I CAE : sendCmdToSensorHub(SensorHubCommManager.java:162) - -78, 7, 0, 0,
10-24 21:48:34.791 3520 3601 D SensorHubManager: SendSensorHubData: send data = -78, 7, 0, 0
10-24 21:48:34.791 3135 3135 D Sensorhubs: sendContextData: -78, 7, 0, 0
10-24 21:48:34.801 3520 3601 D CAE : getFaultDetectionResult(AutoRotationRunner.java:195) - true
10-24 21:48:34.801 3520 3601 I CAE : notifyCmdProcessResultObserver(ContextProvider.java:627) - CheckResult = 0, Cause = Success
10-24 21:48:34.811 3520 3601 D CAE : doCommendProcess(ContextAwareService.java:433) - complete notify the operation result.
10-24 21:48:34.821 3520 3601 I CAE : displayUsedCountForService(ContextAwareService.java:525) - totalCnt = 0, serviceCount = 0, subCollectionCount = 0
10-24 21:48:34.821 3520 3601 D CAE : showListenerList(ContextAwareService.java:366) - ===== Context Aware Service List =====
10-24 21:48:34.821 3520 3601 I CAE : showListenerList(ContextAwareService.java:375) - Listener : com.samsung.android.contextaware.manager.ContextAwareService$Listener@d9ba157, Service : ACTIVITY_TRACKER_CURRENT_INFO(1)
10-24 21:48:34.821 3520 3601 I CAE : showListenerList(ContextAwareService.java:375) - Listener : com.samsung.android.contextaware.manager.ContextAwareService$Listener@d9ba157, Service : ACTIVITY_TRACKER(1)
10-24 21:48:34.831 3520 3601 I CAE : showListenerList(ContextAwareService.java:375) - Listener : com.samsung.android.contextaware.manager.ContextAwareService$Listener@312f78, Service : ANY_MOTION_DETECTOR_RUNNER(1)
10-24 21:48:34.831 3520 3601 W CAE : unregisterCallback(ContextAwareService.java:241) - [unregi 02] Mutex is unlocked for AUTO_ROTATION
10-24 21:48:34.831 3520 3601 D SContextService: .unregisterCallback : 3, client=
10-24 21:48:34.831 3520 3601 D SContextService: ===== SContext Service List =====
10-24 21:48:34.831 3520 3601 D SContextService: Listener : android.hardware.scontext.SContextService$Listener@63ed7b7, Service : Any Motion Detector
10-24 21:48:34.831 3520 3601 D SContextService: Listener : android.hardware.scontext.SContextService$Listener@26f0f26, Service : Activity Tracker
10-24 21:48:34.831 3520 3601 D SContextManager: .unregisterListener : listener = com.android.server.policy.WindowOrientationListener$OrientationSensorJudge@ba52b2c, service=Auto Rotation
10-24 21:48:34.831 3520 3601 V KeyguardServiceDelegate: onScreenTurnedOff()
10-24 21:48:34.831 4130 4143 D KeyguardViewMediator: notifyScreenTurnedOff
10-24 21:48:34.831 4130 4130 D KeyguardViewMediator: handleNotifyScreenTurnedOff
10-24 21:48:34.831 4130 4130 D vol.SecVolumeDialog: onScreenTurnedOff()
10-24 21:48:34.831 4130 4130 D vol.SecVolumeDialog: dismissH reason: 4
10-24 21:48:34.831 4130 4130 D vol.SecVolumeDialog: dismissH : false
10-24 21:48:34.831 3520 28085 D MISC PowerHAL: sysfs_write +: /sys/class/input/event1/device/enabled: 0
10-24 21:48:34.831 3520 28084 D MISC PowerHAL: sysfs_write +: /sys/class/input/event0/device/enabled: 0
10-24 21:48:34.831 3520 28084 D MISC PowerHAL: sysfs_write -: /sys/class/input/event0/device/enabled: 0
10-24 21:48:34.881 3520 28085 D MISC PowerHAL: sysfs_write -: /sys/class/input/event1/device/enabled: 0
10-24 21:48:34.881 3520 3612 D MISC PowerHAL: sysfs_write +: /sys/class/power_supply/battery/lcd: 0
10-24 21:48:34.881 3520 3612 D MISC PowerHAL: sysfs_write -: /sys/class/power_supply/battery/lcd: 0
10-24 21:48:34.881 3520 3612 D PowerManagerService-JNI: Excessive delay in MISC setInteractive(false) while turning screen off: 48ms
10-24 21:48:34.881 3099 3099 D SurfaceFlinger: Set power mode=0, type=0 flinger=0x7f91603c00
10-24 21:48:34.881 3099 3099 I hwcomposer: int exynos_setPowerMode(hwc_composer_device_1*, int, int):: disp(0), mode(0)
10-24 21:48:34.921 7948 7948 E CocktailBarPositionManager: Window direction: 0
10-24 21:48:34.921 7948 7948 I CocktailBarPositionManager: updateAlphaScreenPosition position is dirty 0
10-24 21:48:35.061 3520 3612 D SurfaceControl: Excessive delay in setPowerMode(): 176ms
10-24 21:48:35.061 3520 3612 I libsuspend: !@autosuspend_wakeup_count_enable
10-24 21:48:35.061 3520 3612 I libsuspend: !@autosuspend_wakeup_count_enable done
10-24 21:48:35.061 3520 4088 D PersonaManagerService: onfinishedGoingToSleep why = 3
10-24 21:48:35.061 4130 6604 D KeyguardViewMediator: onFinishedGoingToSleep(3)
10-24 21:48:35.061 4130 6604 D KeyguardViewMediator: notifyFinishedGoingToSleep
10-24 21:48:35.061 4130 6604 E KeyguardViewMediator: resetStateLocked
10-24 21:48:35.061 3520 3629 D PersonaManagerServiceHandler: MSG_ACTION_SCREEN_OFF called
10-24 21:48:35.061 4130 4130 D KeyguardViewMediator: handleNotifyFinishedGoingToSleep
10-24 21:48:35.071 4130 4130 D KeyguardEffectViewController: onScreenTurnedOff
10-24 21:48:35.071 4130 4130 D KeyguardEffectViewController: ## mBackgroundView.onPause()
10-24 21:48:35.071 4130 4130 D KeyguardEffectViewWallpaper: onPause()
10-24 21:48:35.071 4130 4130 D KeyguardViewMediator: handleReset
10-24 21:48:35.071 4130 4130 D StatusBarKeyguardViewManager: showBouncerOrKeyguard
10-24 21:48:35.111 4130 4130 D KeyguardSecurityModel: getSecurityMode( getActivePasswordQuality = 0 , currentuser = 0
10-24 21:48:35.111 4130 4130 D PhoneStatusBar: showKeyguard
10-24 21:48:35.111 4130 4130 D PhoneStatusBar: setBarState: state - 1
10-24 21:48:35.111 4130 4130 D StatusBar-Window: fnf=false sanc=true, kni=false, sbf=true
10-24 21:48:35.111 4130 4130 D CoverUI : applyFocusableFlag() : Remove SAMSUNG_FLAG_SVIEW_COVER
10-24 21:48:35.111 4130 4130 D StatusBarWindowManager: forceCollapsed : false isKeyguardShowingAndNotOccluded() : true panelVisible : true keyguardFadingAway : false bouncerShowing : false headsUpShowing : false
10-24 21:48:35.111 4130 4130 D CoverUI : applyHeight h = -1, oc = true, fa = false, ac = false, sc = false
10-24 21:48:35.111 4130 4130 I PhoneStatusBar: updateKeyguardState 1 to 1
10-24 21:48:35.131 26544 26748 W fb4a(:):QeInternalImpl: The sessioned store is not available. Are you fetching sessioned quick experiment data while the user is logged out?
10-24 21:48:35.141 4130 4130 D PanelView: updateQsState
10-24 21:48:35.141 4130 4130 D KeyguardSwipeHelper: reset()
10-24 21:48:35.141 4130 4130 D KeyguardUnlockEventHandler: reset()
10-24 21:48:35.141 4130 4130 D KeyguardSwipeHelper: resetChildViewVI()
10-24 21:48:35.141 4130 4130 D StatusBar: LSSN:1
10-24 21:48:35.141 4130 4130 E LSO : LSO Service is not yet ready!!!
10-24 21:48:35.151 4130 4130 D PanelView: setKeyguardBottomAreaVisibility() prevState=1, newState - 1 goingToShade - false
10-24 21:48:35.151 4130 4130 D PanelView: setBarState: KeyguardSwipeHelper.animationRunning() , KeyguardStatusBar : 0
10-24 21:48:35.151 4130 4130 D PanelView: updateQsState
10-24 21:48:35.191 4130 4130 D KeyguardSecurityModel: getSecurityMode( getActivePasswordQuality = 0 , currentuser = 0
10-24 21:48:35.201 4130 4130 D PhoneStatusBar: Make expanded visible: expanded visible=true
10-24 21:48:35.201 4130 4130 D StatusBar-Window: fnf=false sanc=true, kni=false, sbf=true
10-24 21:48:35.201 4130 4130 D CoverUI : applyFocusableFlag() : Remove SAMSUNG_FLAG_SVIEW_COVER
10-24 21:48:35.201 4130 4130 D StatusBarWindowManager: forceCollapsed : false isKeyguardShowingAndNotOccluded() : true panelVisible : true keyguardFadingAway : false bouncerShowing : false headsUpShowing : false
10-24 21:48:35.201 4130 4130 D CoverUI : applyHeight h = -1, oc = true, fa = false, ac = false, sc = false
10-24 21:48:35.211 3520 3520 I CAE : handleMessage(CaPowerManager.java:182) - AP_SLEEP
10-24 21:48:35.211 3520 3520 I CAE : updateApPowerStatus(SensorHubParserProvider.java:443) - AP_SLEEP
10-24 21:48:35.211 3520 3520 I CAE : sendCmdToSensorHub(SensorHubCommManager.java:162) - -76, 13, -46, 0,
10-24 21:48:35.211 3520 3520 D SensorHubManager: SendSensorHubData: send data = -76, 13, -46, 0
10-24 21:48:35.211 3135 6965 D Sensorhubs: sendContextData: -76, 13, -46, 0
10-24 21:48:35.211 4130 4130 D StatusBar.BrightnessController: setListening = true
10-24 21:48:35.211 4130 4130 D KeyguardEffectViewWallpaper: reset()
10-24 21:48:35.211 3520 3520 I CAE : sendCmdToSensorHub(SensorHubCommManager.java:162) - -63, 14, 4, 48, 35,
10-24 21:48:35.211 3520 3520 D SensorHubManager: SendSensorHubData: send data = -63, 14, 4, 48, 35
10-24 21:48:35.211 3135 3182 D Sensorhubs: sendContextData: -63, 14, 4, 48, 35
10-24 21:48:35.231 4130 4130 D PhoneStatusBar/KeyguardBottomAreaView: updateCameraVisibility isCameraDisabledByDpm=false
10-24 21:48:35.231 4130 4130 D KeyguardViewBase: show()
10-24 21:48:35.251 3520 3520 D UniversalCredentialManagerService: inside mBReciever onReceive : android.intent.action.SCREEN_OFF
10-24 21:48:35.271 3520 3520 D UniversalCredentialManagerService: ****MSG_LOCK_STATUS_UPDATE block started****
10-24 21:48:35.271 3520 3520 D UniversalCredentialManagerService: notifyChangeToPlugin is called for Lock status update...
10-24 21:48:35.271 3520 3520 D UcmService: notifyChangeToPlugin event 15
10-24 21:48:35.271 3520 3520 D UcmService: checkCallerPermissionFor is called for method-notifyChangeToPlugin
10-24 21:48:35.271 3520 3520 I UcmService: checkIfNotify for cs Name = com.samsung.ucs.agent.boot:com.samsung.ucs.agent.boot Package name = com.samsung.ucs.agent.boot
10-24 21:48:35.271 3520 3520 D UcmService: notifying to unmanaged plugin
10-24 21:48:35.271 5742 5754 D BootAgentService: notifyChange eventId-15
10-24 21:48:35.271 3520 3520 D UcmService: agentService com.samsung.ucs.agent.boot:com.samsung.ucs.agent.boot notify status - -1
10-24 21:48:35.271 3520 3520 D UcmService: agentService status--1
10-24 21:48:35.271 3520 3520 I UcmService: checkIfNotify for cs Name = com.sec.smartcard.manager:com.samsung.ucs.agent.baiMobile Package name = com.sec.smartcard.manager
10-24 21:48:35.271 3520 3520 D UcmService: notifying to unmanaged plugin
10-24 21:48:35.271 5715 5733 E ucsBai_agentService: notifyChange NOT SUPPORTED
10-24 21:48:35.271 3520 3520 D UcmService: agentService com.sec.smartcard.manager:com.samsung.ucs.agent.baiMobile notify status - 0
10-24 21:48:35.271 3520 3520 D UcmService: agentService status-0
10-24 21:48:35.271 3520 3520 D UniversalCredentialManagerService: ****MSG_LOCK_STATUS_UPDATE block ended****
10-24 21:48:35.271 4130 4130 D KeyguardSecurityModel: getSecurityMode( getActivePasswordQuality = 0 , currentuser = 0
10-24 21:48:35.271 4130 4130 V KeyguardSecurityView: showPrimarySecurityScreen(turningOff=false)
10-24 21:48:35.271 4130 4130 D KeyguardSecurityView: showSecurityScreen(None)
10-24 21:48:35.291 4130 4130 D SecKeyguardStatusView: onFinishedGoingToSleep() why=3
10-24 21:48:35.301 4130 4130 V KeyguardFingerPrint: updateFingerprintListeningState(false)
10-24 21:48:35.301 4130 4130 D KeyguardFingerPrint: shouldListenForFingerprint ( FingerPrint is not enabled. )
10-24 21:48:35.301 4130 4130 V KeyguardUpdateMonitor: stopListeningForFingerprint()
10-24 21:48:35.301 3520 3520 I WifiTrafficPoller: evaluateTrafficStatsPolling
10-24 21:48:35.321 3520 3520 D SensorService: SensorEventConnection::SocketBufferSize, SystemSocketBufferSize - 102400, 2097152
10-24 21:48:35.321 4130 4130 D KeyguardUpdateMonitor: handleKeyguardReset
10-24 21:48:35.321 4130 4130 V KeyguardFingerPrint: updateFingerprintListeningState(false)
10-24 21:48:35.321 3520 3520 I Sensors : Light old sensor_state 0, new sensor_state : 512 en : 1
10-24 21:48:35.321 4130 4130 D KeyguardFingerPrint: shouldListenForFingerprint ( FingerPrint is not enabled. )
10-24 21:48:35.321 4130 4130 V KeyguardUpdateMonitor: stopListeningForFingerprint()
10-24 21:48:35.321 3520 3520 D SensorManager: registerListener :: 6, TMD4093 RGB Sensor, 200000, 0,
10-24 21:48:35.321 3520 3520 D EdgeLight: Turning on edge light for notification (NotificationRecord(0x0f2f0f13: pkg=com.google.android.gm user=UserHandle{0} id=84315862 tag=null score=0 key=0|com.google.android.gm|84315862|null|10140: Notification(pri=0 contentView=null vibrate=null sound=content://settings/system/notification_sound tick defaults=0x4 flags=0x11 color=0xffdb4437 category=email actions=2 vis=PRIVATE publicVersion=Notification(pri=0 contentView=com.google.android.gm/0x10900a3 vibrate=null sound=null defaults=0x0 flags=0x0 color=0xffdb4437 category=email vis=PUBLIC secFlags=0x0 secPriority=0) secFlags=0x0 secPriority=0))) with color=ffffffff
10-24 21:48:35.331 3520 4046 D WifiStateMachine: handleScreenStateChanged, screen off, set scan interval as max value !!!
10-24 21:48:35.331 3520 4046 D WifiNative-wlan0: callSECApiVoid - ID [19]
10-24 21:48:35.331 4319 4319 I wpa_supplicant: set PERIODIC_SCAN_INTERVAL_MAX to 128sec !!!
10-24 21:48:35.331 4371 9312 D PeopleNotiListenerService: onEdgeNotificationPosted() : pkg android, id=84315862
10-24 21:48:35.331 4371 4371 I PeopleNotiListenerService: sendEdgeNotification:
10-24 21:48:35.331 4371 4371 I PeopleStripeService: PeopleNotificationReceiver:2
10-24 21:48:35.331 4371 4371 I PeopleStripeService: sendEdgeNotification peopleEnabled true lightingEnabled true edgeEnabled true
10-24 21:48:35.331 3126 4062 D audio_hw_primary: adev_set_parameters: enter: kvpairs: screen_state=off
10-24 21:48:35.331 4371 4371 I PeopleStripeManager: postEdgeNotification
10-24 21:48:35.331 4371 4371 I PeopleDataManager: postNotification
10-24 21:48:35.331 4371 4371 I NotificationParser: getNotiType:android,led_indicator
10-24 21:48:35.331 4371 4371 D PeopleStripeManager: requestEdgeLighting:people=null,packageName=android supported false
10-24 21:48:35.341 3520 4046 E WifiNative-wlan0: do suspend true
10-24 21:48:35.361 3520 3520 I FingerprintService: onReceive: android.intent.action.SCREEN_OFF
10-24 21:48:35.361 3520 3520 I BackgroundCompactionService: Schedule Type1 BGCompaction
10-24 21:48:35.371 3520 3520 D SContextService: unregisterCallback() : Listener = android.hardware.scontext.SContextService$Listener@26f0f26, Service = Activity Tracker, used = 0
10-24 21:48:35.371 3520 3520 W CAE : unregisterCallback(ContextAwareService.java:206) - [unregi 01] Mutex is locked for ACTIVITY_TRACKER
10-24 21:48:35.371 3520 3520 V CAE : stop(ContextProvider.java:155)
10-24 21:48:35.371 3520 3520 V CAE : clear(ActivityTrackerRunner.java:108)
10-24 21:48:35.381 3520 3520 V CAE : disable(ActivityTrackerRunner.java:96)
10-24 21:48:35.381 3520 3520 I CAE : sendCmdToSensorHub(SensorHubCommManager.java:162) - -78, 26, 0, 0, 0, 0, 0, 0, 0, 0,
10-24 21:48:35.381 3520 3520 D SensorHubManager: SendSensorHubData: send data = -78, 26, 0, 0, 0, 0, 0, 0, 0, 0
10-24 21:48:35.381 3135 3135 D Sensorhubs: sendContextData: -78, 26, 0, 0, 0, 0, 0, 0, 0, 0
10-24 21:48:35.381 3520 3520 D CAE : getFaultDetectionResult(ActivityTrackerRunner.java:154) - true
10-24 21:48:35.381 3520 3520 I CAE : notifyCmdProcessResultObserver(ContextProvider.java:627) - CheckResult = 0, Cause = Success
10-24 21:48:35.401 3520 3520 D CAE : doCommendProcess(ContextAwareService.java:433) - complete notify the operation result.
10-24 21:48:35.401 3520 3520 I CAE : displayUsedCountForService(ContextAwareService.java:525) - totalCnt = 0, serviceCount = 0, subCollectionCount = 0
10-24 21:48:35.401 3520 3520 D CAE : showListenerList(ContextAwareService.java:366) - ===== Context Aware Service List =====
10-24 21:48:35.401 3520 3520 I CAE : showListenerList(ContextAwareService.java:375) - Listener : com.samsung.android.contextaware.manager.ContextAwareService$Listener@d9ba157, Service : ACTIVITY_TRACKER_CURRENT_INFO(1)
10-24 21:48:35.401 3520 3520 I CAE : showListenerList(ContextAwareService.java:375) - Listener : com.samsung.android.contextaware.manager.ContextAwareService$Listener@312f78, Service : ANY_MOTION_DETECTOR_RUNNER(1)
10-24 21:48:35.401 3520 3520 W CAE : unregisterCallback(ContextAwareService.java:241) - [unregi 02] Mutex is unlocked for ACTIVITY_TRACKER
10-24 21:48:35.401 3520 3520 D SContextService: .unregisterCallback : 2, client=
10-24 21:48:35.401 3520 3520 D SContextService: ===== SContext Service List =====
10-24 21:48:35.401 3520 3520 D SContextService: Listener : android.hardware.scontext.SContextService$Listener@63ed7b7, Service : Any Motion Detector
10-24 21:48:35.401 3520 3520 D SContextManager: .unregisterListener : listener = com.android.server.wifi.WifiServiceImpl$11@ba68281, service=Activity Tracker
10-24 21:48:35.441 3520 3577 D GpsLocationProvider: receive broadcast intent, action: android.intent.action.SCREEN_OFF
10-24 21:48:35.441 3520 3577 D GpsLocationProvider: android_location_GpsLocationProvider_set_lcd_mode --> mode:0 ++
10-24 21:48:35.441 3520 3577 D libexercise: Exercise::setLcdMode mode=0 restoring=F
10-24 21:48:35.441 3158 3158 D gpsd : WakeLock(Acquire,GPSD)
10-24 21:48:35.441 3158 3158 D gpsd : WakeLock(Release,GPSD)
10-24 21:48:35.471 4494 15659 D NfcService: call the applyRouting
10-24 21:48:35.501 4130 4343 D NetworkController.MobileSignalController(0/2147483643): onDataActivity: direction=0
10-24 21:48:35.511 4521 4521 D Launcher.Workspace: exitWidgetResizeMode. isClearResizeFrame is false
10-24 21:48:35.531 3520 3976 I Sensors : #>LightSensor r=29 g=17 b=15 c=41 atime=245 again=64 lux=16
10-24 21:48:35.531 3520 3610 I Sensors : Light old sensor_state 512, new sensor_state : 0 en : 0
10-24 21:48:35.531 3520 3610 D SensorManager: unregisterListener ::
10-24 21:48:35.531 3520 3610 D lights : led_pattern : 3 +
10-24 21:48:35.541 3520 3610 D lights : led_pattern : 3 -
10-24 21:48:35.561 5755 5755 D BtGatt.GattService: LCD turned off
10-24 21:48:35.561 5755 5940 D BtGatt.ScanManager: handleLcdOffIntent
10-24 21:48:35.561 5755 5940 D BtGatt.ScanManager: handleLcdOffIntent : thresholdScanValue is = 10 mLastConfiguredScanValue =5
10-24 21:48:35.571 3520 5770 D SensorService: SensorEventConnection::SocketBufferSize, SystemSocketBufferSize - 102400, 2097152
10-24 21:48:35.571 3520 5770 I Sensors : Light old sensor_state 0, new sensor_state : 512 en : 1
10-24 21:48:35.581 3520 3584 D BluetoothAdapter: STATE_BLE_ON
10-24 21:48:35.581 4494 15659 D NfcService: index : 0
10-24 21:48:35.581 4494 15659 D NfcService: index : 1
10-24 21:48:35.581 4494 15659 D NfcService: index : 2
10-24 21:48:35.581 3520 5770 D SensorManager: registerListener :: 6, TMD4093 RGB Sensor, 200000, 0,
10-24 21:48:35.581 4130 4130 D KeyguardUpdateMonitor: received broadcast android.intent.action.BATTERY_CHANGED
10-24 21:48:35.591 4130 4130 D KeyguardUpdateMonitor: handleBatteryUpdate
10-24 21:48:35.591 4590 4590 D BatteryMonitor: new battery level: 100
10-24 21:48:35.601 3520 3520 I Tethering: BATTERY_CHANGED, level = 100lowBatteryThreshold = 15
10-24 21:48:35.611 3520 3601 D InputManager-JNI: setInteractive(true)
10-24 21:48:35.621 3520 3520 I Tethering: Plugged
10-24 21:48:35.641 3520 3601 V KeyguardServiceDelegate: onScreenTurnedOn(showListener = com.android.server.policy.PhoneWindowManager$2@8c1fac8)
10-24 21:48:35.641 3520 3612 I libsuspend: !@autosuspend_wakeup_count_disable
10-24 21:48:35.641 3520 4088 V KeyguardServiceDelegate: onStartedWakingUp()
10-24 21:48:35.641 3520 4090 W CAE : setCAProperty(ContextAwareService.java:578) - [setProperty 01] Mutex is locked for AUTO_BRIGHTNESS
10-24 21:48:35.641 3520 3612 I libsuspend: !@autosuspend_wakeup_count_disable done
10-24 21:48:35.641 4130 4607 D KeyguardViewMediator: notifyScreenOn
10-24 21:48:35.641 3520 4090 I CAE : setPropertyValue(AutoBrightnessRunner.java:129) - Mode = 0
10-24 21:48:35.641 3520 4090 I CAE : sendCmdToSensorHub(SensorHubCommManager.java:162) - -63, 23, 48, 1, 0,
10-24 21:48:35.641 3520 4090 D SensorHubManager: SendSensorHubData: send data = -63, 23, 48, 1, 0
10-24 21:48:35.651 3099 3099 D SurfaceFlinger: Set power mode=2, type=0 flinger=0x7f91603c00
10-24 21:48:35.651 3099 3099 I hwcomposer: int exynos_setPowerMode(hwc_composer_device_1*, int, int):: disp(0), mode(2)
10-24 21:48:35.651 4130 4607 D KeyguardViewMediator: onStartedWakingUp, seq = 11
10-24 21:48:35.651 4130 4607 D KeyguardViewMediator: notifyStartedWakingUp
10-24 21:48:35.651 3135 6965 D Sensorhubs: sendContextData: -63, 23, 48, 1, 0
10-24 21:48:35.661 3520 4090 I CAE : setCAProperty(ContextAwareService.java:583) - result : true
10-24 21:48:35.661 3520 4090 W CAE : setCAProperty(ContextAwareService.java:584) - [setProperty 02] Mutex is unlocked for AUTO_BRIGHTNESS
10-24 21:48:35.661 3520 4090 D SContext.CaeProvider: setAttribute() : 0
10-24 21:48:35.661 3520 4090 W CAE : registerCallback(ContextAwareService.java:144) - [regi 01] Mutex is locked for AUTO_BRIGHTNESS
10-24 21:48:35.661 3520 4090 V CAE : start(ContextProvider.java:128)
10-24 21:48:35.661 7948 7948 E CocktailBarPositionManager: Window direction: 0
10-24 21:48:35.661 7948 7948 I CocktailBarPositionManager: updateAlphaScreenPosition position is dirty 0
10-24 21:48:35.661 3520 4090 V CAE : clear(AutoBrightnessRunner.java:297)
10-24 21:48:35.671 3520 4090 V CAE : enable(AutoBrightnessRunner.java:256)
10-24 21:48:35.671 3520 4090 I CAE : sendCmdToSensorHub(SensorHubCommManager.java:162) - -79, 48, 0,
10-24 21:48:35.671 3520 4090 D SensorHubManager: SendSensorHubData: send data = -79, 48, 0
10-24 21:48:35.671 3135 3182 D Sensorhubs: sendContextData: -79, 48, 0
10-24 21:48:35.681 4130 4130 V Vibrator: Called vibrate(int, AudioAttributes, MagnitudeTypes) API - PUID: 10071, PackageName: com.android.systemui, MagnitudeType: TouchMagnitude
10-24 21:48:35.681 4130 4130 V Vibrator: vibrate - PUID: 10071, PackageName: com.android.systemui, type: 50027, mag: 8000, AudioAttr : null
10-24 21:48:35.681 3520 4090 D CAE : getFaultDetectionResult(AutoBrightnessRunner.java:311) - true
10-24 21:48:35.681 3520 4090 I CAE : notifyCmdProcessResultObserver(ContextProvider.java:627) - CheckResult = 0, Cause = Success
10-24 21:48:35.691 3520 4090 D CAE : doCommendProcess(ContextAwareService.java:433) - complete notify the operation result.
10-24 21:48:35.701 3520 4090 I CAE : displayUsedCountForService(ContextAwareService.java:525) - totalCnt = 1, serviceCount = 1, subCollectionCount = 0
10-24 21:48:35.701 3520 4090 D CAE : showListenerList(ContextAwareService.java:366) - ===== Context Aware Service List =====
10-24 21:48:35.701 3520 4090 I CAE : showListenerList(ContextAwareService.java:375) - Listener : com.samsung.android.contextaware.manager.ContextAwareService$Listener@d9ba157, Service : ACTIVITY_TRACKER_CURRENT_INFO(1)
10-24 21:48:35.701 3520 4090 I CAE : showListenerList(ContextAwareService.java:375) - Listener : com.samsung.android.contextaware.manager.ContextAwareService$Listener@312f78, Service : ANY_MOTION_DETECTOR_RUNNER(1)
10-24 21:48:35.701 3520 4090 I CAE : showListenerList(ContextAwareService.java:375) - Listener : com.samsung.android.contextaware.manager.ContextAwareService$Listener@973bf6c, Service : AUTO_BRIGHTNESS(1)
10-24 21:48:35.701 3520 4090 W CAE : registerCallback(ContextAwareService.java:180) - [regi 02] Mutex is unlocked for AUTO_BRIGHTNESS
10-24 21:48:35.701 3520 4090 D SContextService: .registerCallback : 2, client=
10-24 21:48:35.701 3520 4090 D SContextService: ===== SContext Service List =====
10-24 21:48:35.701 3520 4090 D SContextService: Listener : android.hardware.scontext.SContextService$Listener@63ed7b7, Service : Any Motion Detector
10-24 21:48:35.701 3520 4090 D SContextService: Listener : android.hardware.scontext.SContextService$Listener@4239935, Service : Auto Brightness
10-24 21:48:35.701 3520 4090 D SContextManager: .registerListener : listener = com.android.server.display.AutomaticBrightnessController$5@478adb6, service=Auto Brightness
10-24 21:48:35.701 4130 28094 V MediaPlayer-JNI: native_setup
10-24 21:48:35.701 4130 28094 V MediaPlayer: constructor
10-24 21:48:35.711 4130 4130 D ViewRootImpl: #1 mView = com.android.systemui.power.ChargerAnimationView{57154b0 V.E...... ......I. 0,0-0,0}
10-24 21:48:35.721 4130 28094 V MediaPlayer: setListener
10-24 21:48:35.721 4130 28094 V MediaPlayer-JNI: setParameter: key 1400
10-24 21:48:35.721 4130 28094 V MediaPlayer: MediaPlayer::setParameter(1400)
10-24 21:48:35.721 4130 28094 V MediaPlayer-JNI: setAudioStreamType: 5
10-24 21:48:35.721 4130 28094 V MediaPlayer: MediaPlayer::setAudioStreamType
10-24 21:48:35.721 4130 28094 V MediaPlayer-JNI: setDataSourceFD: fd 73
10-24 21:48:35.721 4130 28094 V MediaPlayer: setDataSource(73, 0, 576460752303423487)
10-24 21:48:35.721 3126 19918 V MediaPlayerService: Create new client(52) from pid 4130, uid 10071,
10-24 21:48:35.721 3520 3520 I CAE : handleMessage(CaPowerManager.java:193) - POWER_CONNECTED
10-24 21:48:35.721 3520 3520 I CAE : sendCmdToSensorHub(SensorHubCommManager.java:162) - -76, 13, -42, 0,
10-24 21:48:35.721 3520 3520 D SensorHubManager: SendSensorHubData: send data = -76, 13, -42, 0
10-24 21:48:35.731 3135 3135 D Sensorhubs: sendContextData: -76, 13, -42, 0
10-24 21:48:35.731 3126 5080 V MediaPlayerService: setDataSource fd=51, offset=0, length=576460752303423487
10-24 21:48:35.731 3126 5080 V MediaPlayerService: st_dev = 65024
10-24 21:48:35.731 3126 5080 V MediaPlayerService: st_mode = 33188
10-24 21:48:35.731 3126 5080 V MediaPlayerService: st_uid = 0
10-24 21:48:35.731 3126 5080 V MediaPlayerService: st_gid = 0
10-24 21:48:35.731 3126 5080 V MediaPlayerService: st_size = 10868
10-24 21:48:35.731 3126 5080 V MediaPlayerService: calculated length = 10868
10-24 21:48:35.731 3126 5080 V MediaPlayerService: player type = 4
10-24 21:48:35.731 3126 5080 V NuPlayerDriver: NuPlayerDriver(0xed3df080)
10-24 21:48:35.731 3126 5080 V AudioSink: AudioOutput(177)
10-24 21:48:35.731 3126 5080 V NuPlayerDriver: setDataSource(0xed3df080) file(51)
10-24 21:48:35.731 3126 5080 V GenericSource: setDefault
10-24 21:48:35.731 3126 28096 V NuPlayer: kWhatSetAudioSink
10-24 21:48:35.731 3126 28096 V NuPlayer: kWhatSetDataSource
10-24 21:48:35.731 3126 3802 V MediaPlayerService: [52] getParameter(31700)
10-24 21:48:35.731 4130 28094 V MediaPlayer-JNI: setLooping: 0
10-24 21:48:35.731 4130 28094 V MediaPlayer: MediaPlayer::setLooping
10-24 21:48:35.731 3126 4062 V MediaPlayerService: [52] setLooping(0)
10-24 21:48:35.731 4130 28094 V MediaPlayer: setVideoSurfaceTexture
10-24 21:48:35.731 3126 5084 V MediaPlayerService: [52] setVideoSurfaceTexture(0x0)
10-24 21:48:35.741 4130 28094 V MediaPlayer: prepare
10-24 21:48:35.741 3126 3126 V MediaPlayerService: [52] setParameter(1400)
10-24 21:48:35.741 3126 3126 V MediaPlayerService: setAudioAttributes_l() usage=5 content=4 flags=0x0 tags=
10-24 21:48:35.741 3126 4063 V MediaPlayerService: [52] prepareAsync
10-24 21:48:35.741 3126 4063 V NuPlayerDriver: prepareAsync(0xed3df080)
10-24 21:48:35.741 3126 28096 V GenericSource: [Flag] set 0x8 -> mFlags = 0x8
10-24 21:48:35.741 3126 28097 V GenericSource: onPrepareAsync
10-24 21:48:35.741 3126 28097 I OggExtractor: OggSource::OggSource() mExtractor ref count = 4
10-24 21:48:35.741 3126 28097 I AnotherPacketSource: setFormat() audio
10-24 21:48:35.741 3126 28097 V GenericSource: setDefault
10-24 21:48:35.741 3126 28097 I GenericSource: ORmode enable : mUnsupportedAudio = 0 mUnsupportedVideo = 0 mHaveAudio = 1 mHaveVideo = 0
10-24 21:48:35.741 3126 28097 V GenericSource: onPrepareAsyncEvent() done
10-24 21:48:35.741 3126 28096 V NuPlayer: prepare posted successfully.
10-24 21:48:35.741 3126 28096 V NuPlayer: mUnsupportedAudio = 0, mUnsupportedVideo = 0, mHaveAudioTrack = 1, mHaveVideoTrack = 0
10-24 21:48:35.741 3126 28096 V NuPlayer: msg : 200, ext1 : 10973, ext2 : 0
10-24 21:48:35.741 3126 28096 D NuPlayerDriver: notifyListener_l(0xed3df080), (200, 10973, 0)
10-24 21:48:35.741 3126 28096 V MediaPlayerService: [52] notify (0xed627d00, 200, 10973, 0)
10-24 21:48:35.741 3126 28096 V NuPlayer: extractMetadata Tracks : 1
10-24 21:48:35.741 3126 28096 V NuPlayer: enableInbandTextFromExtr
10-24 21:48:35.741 3126 28096 D NuPlayerDriver: notifyListener_l(0xed3df080), (1, 0, 0)
10-24 21:48:35.741 3126 28096 V MediaPlayerService: [52] notify (0xed627d00, 1, 0, 0)
10-24 21:48:35.741 4130 22717 V MediaPlayer: message received msg=200, ext1=10973, ext2=0
10-24 21:48:35.741 4130 22717 W MediaPlayer: info/warning (10973, 0)
10-24 21:48:35.741 4130 22717 V MediaPlayer: callback application
10-24 21:48:35.741 4130 22717 V MediaPlayer: back from callback
10-24 21:48:35.751 4130 22717 V MediaPlayer: message received msg=1, ext1=0, ext2=0
10-24 21:48:35.751 4130 22717 V MediaPlayer: prepared
10-24 21:48:35.751 4130 22717 V MediaPlayer: signal application thread
10-24 21:48:35.751 4130 22717 V MediaPlayer: callback application
10-24 21:48:35.751 4130 28094 V MediaPlayer: prepare complete - status=0
10-24 21:48:35.751 4130 28094 D MediaPlayer: setSubtitleAnchor in MediaPlayer
10-24 21:48:35.751 4130 22717 V MediaPlayer: back from callback
10-24 21:48:35.751 3520 4534 D ISSUE_DEBUG: InputChannelName : e29cf3b
10-24 21:48:35.751 4130 28094 V MediaPlayer: invoke 68
10-24 21:48:35.751 3126 19918 I MediaPlayerService: Client::invoke requestID=1
10-24 21:48:35.751 3126 19918 V NuPlayer: getTrackInfo
10-24 21:48:35.761 3520 4928 I MediaFocusControl: AudioFocus requestAudioFocus() from android.media.AudioManager$7cd5494 req=3flags=0x0
10-24 21:48:35.761 4130 28094 V MediaPlayer-JNI: start
10-24 21:48:35.761 4130 28094 V MediaPlayer: start
10-24 21:48:35.761 3126 4062 V MediaPlayerService: [52] setLooping(0)
10-24 21:48:35.761 3520 4645 V WindowStateAnimator: Finishing drawing window Window{288a8a3 u0 d0 com.android.contacts/com.android.dialer.DialtactsActivity}: mDrawState=HAS_DRAWN
10-24 21:48:35.761 3126 5084 V MediaPlayerService: [52] setVolume(1.000000, 1.000000)
10-24 21:48:35.761 3126 5084 V AudioSink: setVolume(1.000000, 1.000000)
10-24 21:48:35.761 27441 27441 I SAAutoConnectionManager: Intent Action: android.intent.action.ACTION_POWER_CONNECTED
10-24 21:48:35.771 3126 3126 V MediaPlayerService: [52] setAuxEffectSendLevel(0.000000)
10-24 21:48:35.771 3126 3126 V AudioSink: setAuxEffectSendLevel(0.000000)
10-24 21:48:35.771 3520 3976 I Sensors : #>LightSensor r=28 g=16 b=14 c=39 atime=245 again=64 lux=16
10-24 21:48:35.771 3520 3610 I Sensors : Light old sensor_state 512, new sensor_state : 0 en : 0
10-24 21:48:35.771 3520 3610 D SensorManager: unregisterListener ::
10-24 21:48:35.771 3520 3610 D lights : led_pattern : 3 +
10-24 21:48:35.771 26506 26506 I DeviceStateReceiver: onReceive
10-24 21:48:35.771 26506 26506 V DeviceStateReceiver: beginStartingService
10-24 21:48:35.771 3126 4063 V MediaPlayerService: [52] start
10-24 21:48:35.771 3126 4063 V MediaPlayerService: [52] start() ContextAware send information
10-24 21:48:35.771 3126 4063 E MediaPlayerService: WFD client is not created
10-24 21:48:35.771 3126 4063 V MediaPlayerService: getClientDuration
10-24 21:48:35.771 3126 4063 V MediaPlayerService: getDuration
10-24 21:48:35.771 3126 4063 V MediaPlayerService: [52] getDuration = 558
10-24 21:48:35.771 3126 4063 D NuPlayerDriver: start(0xed3df080), state is 4, eos is 0
10-24 21:48:35.771 3126 28096 V NuPlayer: kWhatStart
10-24 21:48:35.771 3126 28096 I GenericSource: start
10-24 21:48:35.771 4130 6604 V MediaPlayer: message received msg=300, ext1=0, ext2=0
10-24 21:48:35.771 4130 6604 V MediaPlayer: Received SEC_MM_PLAYER_CONTEXT_AWARE
10-24 21:48:35.771 4130 6604 V MediaPlayer: callback application
10-24 21:48:35.771 4130 6604 V MediaPlayer: back from callback
10-24 21:48:35.771 3520 3610 D lights : led_pattern : 3 -
10-24 21:48:35.771 3126 28096 V NuPlayer: checkOffloadExceptions is true, call canOffloadStream
10-24 21:48:35.771 3126 28096 I MediaClock: setPlaybackRate rate : 1.000000
10-24 21:48:35.771 3126 28100 I NuPlayerRenderer: onConfigPlayback
10-24 21:48:35.771 3126 28100 I MediaClock: setPlaybackRate rate : 1.000000
10-24 21:48:35.771 3126 28096 I NuPlayerRenderer: setDuration (558480)
10-24 21:48:35.771 3126 28096 V NuPlayer: scanning sources haveAudio=0, haveVideo=0
10-24 21:48:35.771 3126 28096 V NuPlayer: checkOffloadExceptions is true, call canOffloadStream
10-24 21:48:35.771 3126 28096 V NuPlayer: make Decoder (audio)
10-24 21:48:35.781 3126 28101 I ACodec : [] Now uninitialized
10-24 21:48:35.781 5110 5110 I DeviceScanner: [MDNS] Screen is OFF
10-24 21:48:35.781 3126 28102 I ACodec : [OMX.google.vorbis.decoder] Now Loaded
10-24 21:48:35.781 3126 28102 E OMXNodeInstance: setConfig(79:google.vorbis.decoder, ConfigPriority(0x6f800002)) RE: Undefined(0x80001001)
10-24 21:48:35.781 3126 28102 I ACodec : codec does not support config priority (err -2147483648)
10-24 21:48:35.781 3126 28102 I ACodec : >>> getPortFormat 16, OMX.google.vorbis.decoder
10-24 21:48:35.781 3126 28102 I MediaCodec: MediaCodec will operate in async mode
10-24 21:48:35.781 3126 28102 I ACodec : [OMX.google.vorbis.decoder] Now Loaded->Idle
10-24 21:48:35.781 3126 28102 I ACodec : [OMX.google.vorbis.decoder] Now Idle->Executing
10-24 21:48:35.781 26544 28105 W fb4a(:):UserScope: Called user scoped provider with no viewer. ViewerContextManager was created with no ViewerContext. Using EmptyViewerContextManager to return fake logged in instance.
10-24 21:48:35.781 26544 28105 W fb4a(:):UserScope: Called user scoped provider with no viewer. ViewerContextManager was created with no ViewerContext. Using EmptyViewerContextManager to return fake logged in instance.
10-24 21:48:35.781 3126 28102 I ACodec : [OMX.google.vorbis.decoder] Now Executing
10-24 21:48:35.781 3126 28102 I ACodec : [OMX.google.vorbis.decoder] Now handling output port settings change
10-24 21:48:35.781 3126 28102 I ACodec : [OMX.google.vorbis.decoder] Now Executing
10-24 21:48:35.781 3126 28102 I ACodec : >>> getPortFormat 16, OMX.google.vorbis.decoder
10-24 21:48:35.781 3126 28101 I NuPlayerDecoder: [Audio] handleOutputFormatChange
10-24 21:48:35.781 3126 28100 I NuPlayerRenderer: openAudioSink: offloadOnly(0) offloadingAudio(0)
10-24 21:48:35.781 3126 28100 I NuPlayerRenderer: openAudioSink: open AudioSink in NON-offload mode audioFormat : 1, flags : 0
10-24 21:48:35.781 3126 28100 V AudioSink: +++ close
10-24 21:48:35.781 3126 28100 V AudioSink: --- close
10-24 21:48:35.781 3126 28100 I NuPlayerRenderer: checkAudioSinkPcmMsSetting 200
10-24 21:48:35.781 3126 28100 V AudioSink: open(44100, 2, 0x0, 1, 0, 177 0x0)
10-24 21:48:35.781 3126 28100 V AudioSink: no track available to recycle
10-24 21:48:35.781 3126 28100 V AudioSink: creating new AudioTrack
10-24 21:48:35.781 3126 28100 V AudioSink: deleteRecycledTrack_l
10-24 21:48:35.781 3126 28100 V AudioSink: setVolume
10-24 21:48:35.781 3126 28100 V AudioSink: open() DONE status 0
10-24 21:48:35.781 3126 28100 V AudioSink: setPlaybackRate(1.000000 1.000000 0 0)
10-24 21:48:35.781 3126 28100 V AudioSink: start
10-24 21:48:35.791 3126 28100 W AudioPolicyIntefaceImpl: Skipped to add effects on session 177
10-24 21:48:35.791 3126 28100 I APM::AudioPolicyManager: startOutput() output 2, stream 5, session 177
10-24 21:48:35.791 3126 3794 D audio_hw_primary: out_set_parameters: enter: kvpairs: routing=2
10-24 21:48:35.791 3126 3794 D AudioFlinger: setCurDevice() 0x2
10-24 21:48:35.791 3126 28100 I MediaClock: setThreshold mThresholdTimeUsForAnchor(200000)
10-24 21:48:35.791 3126 28100 I MediaClock: setPlaybackRate rate : 0.000000
10-24 21:48:35.791 3126 28100 I NuPlayerRenderer: onDrainAudioQueue() send kWhatPollingAudioStarted audio_out : 0
10-24 21:48:35.791 3126 28100 I NuPlayerRenderer: setAudioFirstAnchorTime mAudioFirstAnchorTimeMediaUs : -1, new mediaTimeUs : 13061
10-24 21:48:35.791 3126 28096 V NuPlayer: media rendering started
10-24 21:48:35.791 3126 28096 V NuPlayer: msg : 6, ext1 : 0, ext2 : 0
10-24 21:48:35.791 3126 28096 D NuPlayerDriver: notifyListener_l(0xed3df080), (6, 0, 0)
10-24 21:48:35.791 3126 28096 V MediaPlayerService: [52] notify (0xed627d00, 6, 0, 0)
10-24 21:48:35.791 4130 6606 V MediaPlayer: message received msg=6, ext1=0, ext2=0
10-24 21:48:35.791 4130 6606 V MediaPlayer: Received MEDIA_STARTED
10-24 21:48:35.791 4130 6606 V MediaPlayer: callback application
10-24 21:48:35.791 4130 6606 V MediaPlayer: back from callback
10-24 21:48:35.801 3126 3794 I AudioMixer: create resampler src 44100, 2, dst 48000, 2
10-24 21:48:35.801 3126 3794 D SoundAliveResampler: [SoundAliveResampler] Init+++
10-24 21:48:35.801 3126 3794 V audio_hw_primary: start_output_stream+, out->device : 00000002 , out->type = 0
10-24 21:48:35.811 26506 26506 V RequestService: Creating TransmitPowerService
10-24 21:48:35.811 4130 28094 I MediaPlayer: sendBroadcast CONTEXT_AWARE_MUSIC_INFO - type(release) - id(35)
10-24 21:48:35.811 4130 28094 V MediaPlayer-JNI: release
10-24 21:48:35.811 4130 28094 V MediaPlayer: setListener
10-24 21:48:35.811 4130 28094 V MediaPlayer: disconnect
10-24 21:48:35.811 3126 19918 V MediaPlayerService: disconnect(35) from pid 4130
10-24 21:48:35.811 3126 19918 D NuPlayerDriver: reset(0xed3dddc0)
10-24 21:48:35.811 3126 19918 D NuPlayerDriver: notifyListener_l(0xed3dddc0), (8, 0, 0)
10-24 21:48:35.811 3126 24207 V NuPlayer: kWhatReset
10-24 21:48:35.811 3126 24207 V NuPlayer: performDecoderFlush audio=2, video=2
10-24 21:48:35.811 3126 24207 V NuPlayer: [audio] flushDecoder needShutdown=1
10-24 21:48:35.811 3126 24207 V NuPlayer: postponing action mFlushingAudio=2, mFlushingVideo=0
10-24 21:48:35.811 3126 24207 V NuPlayer: mResetInProgress=1, mVideoEOS =0, mAudioEOS =0
10-24 21:48:35.811 3126 24207 V NuPlayer: (mAudioDecoder != NULL) = true, (mVideoDecoder != NULL) = false
10-24 21:48:35.811 3126 24212 I NuPlayerRenderer: flush audio, notifyComplete 1
10-24 21:48:35.811 3126 24212 D NuPlayerRenderer: signalTimeDiscontinuity() mHasAudio = 1 , mHasVideo = 0
10-24 21:48:35.811 3126 24211 I NuPlayerRenderer: flushing audio
10-24 21:48:35.811 3126 24211 I NuPlayerRenderer: onFlush mAudioDrainGeneration : 2
10-24 21:48:35.811 3126 24211 V AudioSink: flush
10-24 21:48:35.811 3126 24211 V AudioSink: stop
10-24 21:48:35.811 3126 24213 I ACodec : [OMX.google.vorbis.decoder] signalFlush
10-24 21:48:35.811 3126 24213 I ACodec : [OMX.google.vorbis.decoder] ExecutingState flushing now (codec owns 0/4 input, 0/4 output).
10-24 21:48:35.811 3126 24207 V NuPlayer: renderer audio flush completed.
10-24 21:48:35.811 3126 24213 I ACodec : [OMX.google.vorbis.decoder] Now Flushing
10-24 21:48:35.811 26506 26506 V RequestService: Starting #1: null
10-24 21:48:35.811 3126 24213 I ACodec : [OMX.google.vorbis.decoder] FlushingState onOMXEvent(0,1,0)
10-24 21:48:35.811 3126 24213 I ACodec : [OMX.google.vorbis.decoder] FlushingState onOMXEvent(0,1,1)
10-24 21:48:35.811 3126 24213 I ACodec : [OMX.google.vorbis.decoder] Now Executing
10-24 21:48:35.811 3126 24207 V NuPlayer: decoder audio flush completed
10-24 21:48:35.811 3126 24207 V NuPlayer: initiating audio decoder shutdown
10-24 21:48:35.811 3126 24213 I ACodec : [OMX.google.vorbis.decoder] Now Executing->Idle
10-24 21:48:35.811 3126 24213 I ACodec : [OMX.google.vorbis.decoder] Now Idle->Loaded
10-24 21:48:35.811 3126 24213 I ACodec : [OMX.google.vorbis.decoder] Now Loaded
10-24 21:48:35.811 3126 24213 I ACodec : [OMX.google.vorbis.decoder] Now uninitialized
10-24 21:48:35.811 3126 24213 I ACodec : [] Now kWhatShutdownCompleted event : 6916
10-24 21:48:35.811 3126 24213 I MediaCodec: Codec shutdown complete
10-24 21:48:35.811 3126 24212 I NuPlayerDecoder: onShutdown notifyComplete : Yes
10-24 21:48:35.811 3126 24207 V NuPlayer: audio shutdown completed
10-24 21:48:35.811 3126 24207 V NuPlayer: both audio and video are flushed now.
10-24 21:48:35.811 3126 24207 V NuPlayer: Reset was postponed execute processDeferredActions
10-24 21:48:35.811 3126 24207 V NuPlayer: performReset
10-24 21:48:35.811 3126 24207 V GenericSource: stop()
10-24 21:48:35.811 3126 24207 V GenericSource: PREPARE_CANCELLED set to true
10-24 21:48:35.811 3126 24207 V GenericSource: [Flag] set 0x40 -> mFlags = 0x48
10-24 21:48:35.811 3126 24207 V GenericSource: [Flag] clear 0x8 -> mFlags = 0x40
10-24 21:48:35.811 3126 24207 V GenericSource: stop() end
10-24 21:48:35.811 3126 24207 V GenericSource: ~GenericSource()
10-24 21:48:35.811 3126 24207 I OggExtractor: OggSource::stop() mExtractor ref count = 2
10-24 21:48:35.811 3126 24207 I OggExtractor: ~OggSource --
10-24 21:48:35.811 3126 24207 D NuPlayerDriver: notifyResetComplete(0xed3dddc0)
10-24 21:48:35.811 3126 19918 V NuPlayerDriver: ~NuPlayerDriver(0xed3dddc0)
10-24 21:48:35.811 3126 19918 I OggExtractor: ~OggExtractor ++
10-24 21:48:35.811 3126 19918 I OggExtractor: ~MyOggExtractor ++
10-24 21:48:35.811 3126 19918 I OggExtractor: ~MyOggExtractor --
10-24 21:48:35.811 3126 19918 I OggExtractor: ~OggExtractor --
10-24 21:48:35.811 26506 28108 V RequestService: Handling incoming message: { when=0 what=0 arg1=1 obj=Intent { act=android.intent.action.ACTION_POWER_CONNECTED flg=0x4000010 cmp=com.sec.app.TransmitPowerService/.RequestService bqHint=4 } target=com.sec.app.TransmitPowerService.RequestService$ServiceHandler }
10-24 21:48:35.811 4130 28094 V MediaPlayer: destructor
10-24 21:48:35.811 4130 28094 V MediaPlayer: disconnect
10-24 21:48:35.811 3126 5080 V MediaPlayerService: Client(35) destructor pid = 4130
10-24 21:48:35.811 3126 5080 V AudioSink: +++ close
10-24 21:48:35.811 4130 28094 V MediaPlayer: invoke 68
10-24 21:48:35.811 3126 5080 V AudioSink: --- close
10-24 21:48:35.811 3126 5080 V MediaPlayerService: disconnect(35) from pid 4130
10-24 21:48:35.811 3126 4062 I MediaPlayerService: Client::invoke requestID=1
10-24 21:48:35.811 3126 4062 V NuPlayer: getTrackInfo
10-24 21:48:35.821 4130 28094 I MediaPlayer: send context aware event
10-24 21:48:35.821 26506 28108 V DeviceStateReceiver: finishStartingService
10-24 21:48:35.821 5110 6725 W MdnsClient_Cast: Multicast lock held. Releasing. Subtypes:"805741C9"
10-24 21:48:35.831 5110 6725 W MdnsClient: unicast receiver thread is already dead.
10-24 21:48:35.841 26506 26506 V RequestService: Destroying TransmitPowerService
10-24 21:48:35.841 4130 28094 I MediaPlayer: sendBroadcast CONTEXT_AWARE_MUSIC_INFO - type(start) - id (52)
10-24 21:48:35.841 4130 28094 V MediaPlayer-JNI: getCurrentPosition: 13 (msec)
10-24 21:48:35.841 4130 28094 V MediaPlayer-JNI: isPlaying: 1
10-24 21:48:35.841 5110 5110 I DeviceScanner: [CastNearby] Screen is OFF
10-24 21:48:35.851 3135 3181 D Sensorhubs: readContextData: 1, 1, 48, 0, 0, 0, 61, 0, 0, 0, 16
10-24 21:48:35.851 3520 4008 D SensorHubManager: onGetSensorHubDataLocked: library(11) = 1, 1, 48, 0, 0, 0, 61, 0, 0, 0, 16
10-24 21:48:35.851 26519 26519 I usagelog: received in receiver
10-24 21:48:35.851 26519 26519 I KnoxUsageLogPro: KnoxUsageReceiver onReceive :android.intent.action.ACTION_POWER_CONNECTED myUserId=0
10-24 21:48:35.851 26519 26519 I KnoxUsageLogPro: premStatus:2
10-24 21:48:35.851 3520 4007 I CAE : sendCmdToSensorHub(SensorHubCommManager.java:162) - -63, 14, 4, 48, 35,
10-24 21:48:35.851 3520 4007 D SensorHubManager: SendSensorHubData: send data = -63, 14, 4, 48, 35
10-24 21:48:35.851 3135 6965 D Sensorhubs: sendContextData: -63, 14, 4, 48, 35
10-24 21:48:35.851 26519 26519 I KnoxUsageLogPro: isEulaShown : false
10-24 21:48:35.851 26519 26519 I KnoxUsageLogPro: KnoxUsageReceiver onReceive : not Processible, just return
10-24 21:48:35.851 3520 4007 D CAE : onGetSensorHubData(SensorHubParserProvider.java:92) - onGetSensorHubData Event [event buffer len :11], AP_SLEEP
10-24 21:48:35.851 3520 4007 I CAE : parse(SensorHubParserProvider.java:188) - buffer size = 11
10-24 21:48:35.851 3520 4007 I CAE : parse(SensorHubParserProvider.java:199) - 1, 1, 48, 0, 0, 0, 61, 0, 0, 0, 16,
10-24 21:48:35.851 3520 4007 D CAE : display(ContextProvider.java:375) - ================= AUTO_BRIGHTNESS =================
10-24 21:48:35.851 3520 4007 I CAE : display(ContextProvider.java:391) - Candela=[61], AmbientLux=[16]
10-24 21:48:35.851 3520 4010 D SContextService: updateSContext() : event = Auto Brightness
10-24 21:48:35.861 3126 3794 D audio_hw_primary: start_output_stream (0xed383420) out->pcm_device:8 out->config.rate:48000 out->config.format:0 out->period_size:960
10-24 21:48:35.861 3126 3794 D audio_hw_primary: start_output_stream (0xed383420) out->config.rate:48000 out->config.format:0 out->period_size:960
10-24 21:48:35.861 3126 3794 V audio_hw_primary: select_devices output_scenario:0 input_scenario:-1 out_snd_device 0x2 in_snd_device:0x0
10-24 21:48:35.861 3126 3794 I audio_route:
10-24 21:48:35.861 3126 3794 I audio_route: > audio_route_reset :
10-24 21:48:35.861 3126 3794 I audio_route:
10-24 21:48:35.861 3126 3794 I audio_route: > audio_route_apply_path : "media-speaker"
10-24 21:48:35.871 7948 7948 D CocktailBarUiController: ACTION_SCREEN_OFF
10-24 21:48:35.871 7948 7948 D AbstractCocktailPanelView: setPanelVisible: CocktailPortraitRemotePanelViewfalse will be hiden: 8
10-24 21:48:35.871 7948 7948 D CocktailBarPanelVisibilityManager: updateActivePanelView: vis=false screenOn=false onTransit=false -hide: 8 current Active: 8
10-24 21:48:35.871 7948 7948 E AbstractCocktailPanelView: notifyPanelVisibilityChanged: visibility not changed 2 id: 8
10-24 21:48:35.871 7948 7948 I TrayVisibilityController: handleMessage : msg.what = 1
10-24 21:48:35.871 7948 7948 I Utils : isCurrentUser current = 0, ownerId = 0
10-24 21:48:35.871 7948 7948 I TrayVisibilityController: getComputedTrayVisible : keyguardState = 3
10-24 21:48:35.871 7948 7948 I TrayVisibilityController: updateTrayVisible : State : 3 visible = 2 mCurrentVisible = 1
10-24 21:48:35.871 7948 7948 D TrayStateController: putInputRect mDynamicInputRegion=42750538@LastEvent=t=1477370915712Rect(18, 0 - 67, 588),Rect=Rect(0, 0 - 0, 0)
10-24 21:48:35.871 7948 7948 D TrayStateController: setUiState: 0 --> 2
10-24 21:48:35.871 4371 4371 D PeopleStripeManager: onVisibilityChanged : 2
10-24 21:48:35.871 4371 4371 D PeopleStripeVisibilityController: setHiddenEdgePanel enable=true
10-24 21:48:35.871 4371 4371 I PeopleStripeVisibilityController: isAllowPrivateNotifications : allowPrivateNotifications = true
10-24 21:48:35.871 4371 4371 I PeopleStripeVisibilityController: isShowNotification : showNotification = true
10-24 21:48:35.871 4371 4371 I PeopleStripeVisibilityController: updateStripeVisible : State 1026 visible = 2
10-24 21:48:35.871 4371 4371 I PeopleStripeManager: hideStripe
10-24 21:48:35.891 3099 3099 D libEGL : eglInitialize EGLDisplay = 0x7fc6961138
10-24 21:48:35.901 3520 3612 D SurfaceControl: Excessive delay in setPowerMode(): 256ms
10-24 21:48:35.901 3520 28110 D MISC PowerHAL: sysfs_write +: /sys/class/input/event0/device/enabled: 1
10-24 21:48:35.901 3520 28112 D MISC PowerHAL: sysfs_write +: /sys/class/input/event1/device/enabled: 1
10-24 21:48:35.901 3099 4094 D libEGL : eglTerminate EGLDisplay = 0x7f8b5c6e78
10-24 21:48:35.901 3099 4094 D libEGL : eglTerminate EGLDisplay = 0x7f8b5c6e78
10-24 21:48:35.901 3099 3287 I SurfaceFlinger: id=130 Removed DocktailBar (8/17)
10-24 21:48:35.901 3099 3099 D libEGL : eglTerminate EGLDisplay = 0x7fc6961268
10-24 21:48:35.901 4371 4371 D PeopleStripeService: ACTION_SCREEN_OFF
10-24 21:48:35.901 4371 4371 D PeopleStripeManager: requestCloseCircleViews()
10-24 21:48:35.901 4371 4371 I CircleImageSaveLayout: hideImageSaveLayout()
10-24 21:48:35.901 4371 4371 D CircleImageSaveLayout: releaseWakeLock()
10-24 21:48:35.901 4371 4371 D SweepImageListView: hide
10-24 21:48:35.901 4371 4371 D SweepImageListView: setAdapter mAdapter =null:161328980
10-24 21:48:35.901 4371 4371 I PeopleEdgeCommContainer: hideEffectView()
10-24 21:48:35.901 4371 4371 I CirclePokingManager: stopParticleEffectView mParticleEffectView-null
10-24 21:48:35.901 4371 4371 I PeopleDataManager: deleteMarkedCircleEvent : people = null
10-24 21:48:35.901 4371 4371 I PeopleEdgeCommContainer: setPeopleChannelShowStatus false
10-24 21:48:35.901 3099 4094 I SurfaceFlinger: id=130 Removed DocktailBar (-2/17)
10-24 21:48:35.901 4371 4371 I PeopleStripeWindow: updateWindowParam : minimize=true,mLastMinimized=true,color0 blur true
10-24 21:48:35.901 3520 3985 D SecContentProvider: insert(), uri = 2
10-24 21:48:35.911 4782 4782 E NetworkScheduler.SR: Invalid parameter app
10-24 21:48:35.911 4782 4782 E NetworkScheduler.SR: Invalid package name : Perhaps you didn't include a PendingIntent in the extras?
10-24 21:48:35.911 4371 4371 D PeopleStripeVisibilityController: setEmoHistory enable=false
10-24 21:48:35.911 4371 4371 I PeopleStripeVisibilityController: isAllowPrivateNotifications : allowPrivateNotifications = true
10-24 21:48:35.911 4371 4371 I PeopleStripeVisibilityController: isShowNotification : showNotification = true
10-24 21:48:35.911 4371 4371 I PeopleStripeVisibilityController: updateStripeVisible : State 1026 visible = 2
10-24 21:48:35.911 4371 4371 I PeopleStripeManager: hideStripe
10-24 21:48:35.911 4371 4371 I PeopleStripeManager: hideStripe
10-24 21:48:35.911 7948 7948 D CocktailBarUiController: onCocktailBarStateChanged: flag=0x1 vis=2 bgType=0 showTimeout=-1 activate=true
10-24 21:48:35.911 3520 3584 D SecContentProvider: query(), uri = 18 selection = isUsbMediaPlayerAvailable
10-24 21:48:35.931 4425 4425 I WfcConnectivityReceiver: onReceive(): action=ACTION_SCREEN_OFF
