10-24 22:09:27.451 4521 4521 D LauncherAppWidgetHostView: setResizeScaleResult() 1771/ 927 scaleToResize = 0.7673631(widget id = 3)
10-24 22:09:27.471 4521 21036 D ViewSystem: updateRemoteViews(5) has done.
10-24 22:09:27.481 4521 4521 V LauncherAppWidgetHostView: calculateWidgetSize: (target widgetsize) using w/h 1359 712 span 5 2 (widgetid 3) [current Gridsize : GRID_5x5]
10-24 22:09:27.481 4521 4521 D LauncherAppWidgetHostView: calculateWidgetSize() widget = T-Mobile TV(widget id = 3) result hostview size = 1771 x 927
10-24 22:09:27.481 4521 4521 D LauncherAppWidgetHostView: setResizeScaleResult() 1771/ 927 scaleToResize = 0.7673631(widget id = 3)
10-24 22:09:33.421 4521 4521 V LauncherAppWidgetHostView: calculateWidgetSize: (target widgetsize) using w/h 1359 712 span 5 2 (widgetid 3) [current Gridsize : GRID_5x5]
10-24 22:09:33.421 4521 4521 D LauncherAppWidgetHostView: calculateWidgetSize() widget = T-Mobile TV(widget id = 3) result hostview size = 1771 x 927
10-24 22:09:33.421 4521 4521 D LauncherAppWidgetHostView: setResizeScaleResult() 1771/ 927 scaleToResize = 0.7673631(widget id = 3)
10-24 22:09:33.441 4521 21036 D ViewSystem: updateTemporaryMetaData() has done.
10-24 22:09:33.451 4521 4521 V LauncherAppWidgetHostView: calculateWidgetSize: (target widgetsize) using w/h 1359 712 span 5 2 (widgetid 3) [current Gridsize : GRID_5x5]
10-24 22:09:33.451 4521 4521 D LauncherAppWidgetHostView: calculateWidgetSize() widget = T-Mobile TV(widget id = 3) result hostview size = 1771 x 927
10-24 22:09:33.451 4521 4521 D LauncherAppWidgetHostView: setResizeScaleResult() 1771/ 927 scaleToResize = 0.7673631(widget id = 3)
10-24 22:09:33.461 4521 4521 V LauncherAppWidgetHostView: calculateWidgetSize: (target widgetsize) using w/h 1359 712 span 5 2 (widgetid 3) [current Gridsize : GRID_5x5]
10-24 22:09:33.461 4521 4521 D LauncherAppWidgetHostView: calculateWidgetSize() widget = T-Mobile TV(widget id = 3) result hostview size = 1771 x 927
10-24 22:09:33.461 4521 4521 D LauncherAppWidgetHostView: setResizeScaleResult() 1771/ 927 scaleToResize = 0.7673631(widget id = 3)
10-24 22:09:33.471 4521 21036 D ViewSystem: updateRemoteViews(0) has done.
10-24 22:09:33.491 4521 4521 V LauncherAppWidgetHostView: calculateWidgetSize: (target widgetsize) using w/h 1359 712 span 5 2 (widgetid 3) [current Gridsize : GRID_5x5]
10-24 22:09:33.491 4521 4521 D LauncherAppWidgetHostView: calculateWidgetSize() widget = T-Mobile TV(widget id = 3) result hostview size = 1771 x 927
10-24 22:09:33.491 4521 4521 D LauncherAppWidgetHostView: setResizeScaleResult() 1771/ 927 scaleToResize = 0.7673631(widget id = 3)
10-24 22:09:33.571 3520 3520 I Tethering: BATTERY_CHANGED, level = 98lowBatteryThreshold = 15
10-24 22:09:33.571 3520 4387 D BatteryService: !@BatteryListener : batteryPropertiesChanged!
10-24 22:09:33.571 3520 4387 D BatteryService: level:98, scale:100, status:2, health:2, present:true, voltage: 4223, temperature: 254, technology: Li-ion, AC powered:false, USB powered:true, POGO powered:false, Wireless powered:false, icon:17303413, invalid charger:0, maxChargingCurrent:0
10-24 22:09:33.571 3520 4387 D BatteryService: online:4, current avg:-147, charge type:1, power sharing:false, high voltage charger:false, capacity:280000, batterySWSelfDischarging:false, current_now:-179
10-24 22:09:33.571 3520 3520 D BatteryService: Sending ACTION_BATTERY_CHANGED.
10-24 22:09:33.571 3520 3520 I MotionRecognitionService: Plugged
10-24 22:09:33.571 3520 3520 D MotionRecognitionService: cableConnection= 1
10-24 22:09:33.571 3520 3520 D MotionRecognitionService: setPowerConnected | current backoffstate = 1024 , state =1024
10-24 22:09:33.571 3520 3520 D MotionRecognitionService: skip setTransmitPower.
10-24 22:09:33.581 4130 4130 D KeyguardUpdateMonitor: received broadcast android.intent.action.BATTERY_CHANGED
10-24 22:09:33.581 4130 4130 D KeyguardUpdateMonitor: handleBatteryUpdate
10-24 22:09:33.581 4130 4130 D PowerUI : priorPlugType = 2 mPlugType = 2
10-24 22:09:33.581 3520 8428 D SSRM:n : SIOP:: AP = 260, PST = 260 (W:30), CP = 231, CUR = 148, LCD = 19
10-24 22:09:33.581 4130 4130 D PowerUI.Notification: showChargingNotice oldChargingType : 1 currentChargingType : 1 oldChargingTime : 120000 mChargingTime : 120000
10-24 22:09:33.581 4130 4130 D PowerUI.Notification: There is no change about charging status, so return!
10-24 22:09:33.591 4590 4590 D BatteryMonitor: new battery level: 98
10-24 22:09:33.611 4130 4130 D BatteryMeterView: ACTION_BATTERY_CHANGED : level:98 status:2 health:2
10-24 22:09:33.611 4130 4130 D BatteryMeterView: ACTION_BATTERY_CHANGED : level:98 status:2 health:2
10-24 22:09:36.831 3110 3777 E NetlinkEvent: NetlinkEvent::FindParam(): Parameter 'LABEL' not found
10-24 22:09:36.831 3110 3777 E NetlinkEvent: NetlinkEvent::FindParam(): Parameter 'UID' not found
10-24 22:09:39.411 4521 4521 V LauncherAppWidgetHostView: calculateWidgetSize: (target widgetsize) using w/h 1359 712 span 5 2 (widgetid 3) [current Gridsize : GRID_5x5]
10-24 22:09:39.411 4521 4521 D LauncherAppWidgetHostView: calculateWidgetSize() widget = T-Mobile TV(widget id = 3) result hostview size = 1771 x 927
10-24 22:09:39.411 4521 4521 D LauncherAppWidgetHostView: setResizeScaleResult() 1771/ 927 scaleToResize = 0.7673631(widget id = 3)
10-24 22:09:39.431 4521 21036 D ViewSystem: updateTemporaryMetaData() has done.
10-24 22:09:39.431 4521 4521 V LauncherAppWidgetHostView: calculateWidgetSize: (target widgetsize) using w/h 1359 712 span 5 2 (widgetid 3) [current Gridsize : GRID_5x5]
10-24 22:09:39.431 4521 4521 D LauncherAppWidgetHostView: calculateWidgetSize() widget = T-Mobile TV(widget id = 3) result hostview size = 1771 x 927
10-24 22:09:39.431 4521 4521 D LauncherAppWidgetHostView: setResizeScaleResult() 1771/ 927 scaleToResize = 0.7673631(widget id = 3)
10-24 22:09:39.451 4521 4521 V LauncherAppWidgetHostView: calculateWidgetSize: (target widgetsize) using w/h 1359 712 span 5 2 (widgetid 3) [current Gridsize : GRID_5x5]
10-24 22:09:39.451 4521 4521 D LauncherAppWidgetHostView: calculateWidgetSize() widget = T-Mobile TV(widget id = 3) result hostview size = 1771 x 927
10-24 22:09:39.451 4521 4521 D LauncherAppWidgetHostView: setResizeScaleResult() 1771/ 927 scaleToResize = 0.7673631(widget id = 3)
10-24 22:09:39.461 4521 21036 D ViewSystem: updateRemoteViews(1) has done.
10-24 22:09:39.481 4521 4521 V LauncherAppWidgetHostView: calculateWidgetSize: (target widgetsize) using w/h 1359 712 span 5 2 (widgetid 3) [current Gridsize : GRID_5x5]
10-24 22:09:39.481 4521 4521 D LauncherAppWidgetHostView: calculateWidgetSize() widget = T-Mobile TV(widget id = 3) result hostview size = 1771 x 927
10-24 22:09:39.481 4521 4521 D LauncherAppWidgetHostView: setResizeScaleResult() 1771/ 927 scaleToResize = 0.7673631(widget id = 3)
10-24 22:09:40.981 4574 4612 D ContactsProvider_EventLog: contents_sample_state: [ contacts(4) data(27) accounts({com.google (2)=4}) accounts deleted({}) calls([]) ]
10-24 22:09:40.981 4574 4612 D ContactsProvider_EventLog: contents_sample_state: [ agr({[2]=4}) ]
10-24 22:09:41.821 3110 3777 E NetlinkEvent: NetlinkEvent::FindParam(): Parameter 'LABEL' not found
10-24 22:09:41.821 3110 3777 E NetlinkEvent: NetlinkEvent::FindParam(): Parameter 'UID' not found
10-24 22:09:43.621 3520 8428 D SSRM:n : SIOP:: AP = 260, PST = 260 (W:30), CP = 231, CUR = 151, LCD = 19
10-24 22:09:43.641 3520 4750 D BatteryService: !@BatteryListener : batteryPropertiesChanged!
10-24 22:09:43.651 3520 4750 D BatteryService: level:98, scale:100, status:2, health:2, present:true, voltage: 4227, temperature: 253, technology: Li-ion, AC powered:false, USB powered:true, POGO powered:false, Wireless powered:false, icon:17303413, invalid charger:0, maxChargingCurrent:0
10-24 22:09:43.651 3520 4750 D BatteryService: online:4, current avg:-151, charge type:1, power sharing:false, high voltage charger:false, capacity:280000, batterySWSelfDischarging:false, current_now:-136
10-24 22:09:43.651 3520 3520 D BatteryService: Sending ACTION_BATTERY_CHANGED.
10-24 22:09:43.651 3520 3520 I MotionRecognitionService: Plugged
10-24 22:09:43.651 3520 3520 D MotionRecognitionService: cableConnection= 1
10-24 22:09:43.651 3520 3520 D MotionRecognitionService: setPowerConnected | current backoffstate = 1024 , state =1024
10-24 22:09:43.651 3520 3520 D MotionRecognitionService: skip setTransmitPower.
10-24 22:09:43.661 3520 3520 I Tethering: BATTERY_CHANGED, level = 98lowBatteryThreshold = 15
10-24 22:09:43.671 4130 4130 D KeyguardUpdateMonitor: received broadcast android.intent.action.BATTERY_CHANGED
10-24 22:09:43.671 4130 4130 D KeyguardUpdateMonitor: handleBatteryUpdate
10-24 22:09:43.671 4130 4130 D PowerUI : priorPlugType = 2 mPlugType = 2
10-24 22:09:43.671 4130 4130 D PowerUI.Notification: showChargingNotice oldChargingType : 1 currentChargingType : 1 oldChargingTime : 120000 mChargingTime : 120000
10-24 22:09:43.671 4130 4130 D PowerUI.Notification: There is no change about charging status, so return!
10-24 22:09:43.681 4130 4130 D BatteryMeterView: ACTION_BATTERY_CHANGED : level:98 status:2 health:2
10-24 22:09:43.691 4590 4590 D BatteryMonitor: new battery level: 98
10-24 22:09:43.711 4130 4130 D BatteryMeterView: ACTION_BATTERY_CHANGED : level:98 status:2 health:2
10-24 22:09:45.411 4521 4521 V LauncherAppWidgetHostView: calculateWidgetSize: (target widgetsize) using w/h 1359 712 span 5 2 (widgetid 3) [current Gridsize : GRID_5x5]
10-24 22:09:45.411 4521 4521 D LauncherAppWidgetHostView: calculateWidgetSize() widget = T-Mobile TV(widget id = 3) result hostview size = 1771 x 927
10-24 22:09:45.411 4521 4521 D LauncherAppWidgetHostView: setResizeScaleResult() 1771/ 927 scaleToResize = 0.7673631(widget id = 3)
10-24 22:09:45.431 4521 21036 D ViewSystem: updateTemporaryMetaData() has done.
10-24 22:09:45.441 4521 4521 V LauncherAppWidgetHostView: calculateWidgetSize: (target widgetsize) using w/h 1359 712 span 5 2 (widgetid 3) [current Gridsize : GRID_5x5]
10-24 22:09:45.441 4521 4521 D LauncherAppWidgetHostView: calculateWidgetSize() widget = T-Mobile TV(widget id = 3) result hostview size = 1771 x 927
10-24 22:09:45.441 4521 4521 D LauncherAppWidgetHostView: setResizeScaleResult() 1771/ 927 scaleToResize = 0.7673631(widget id = 3)
10-24 22:09:45.461 4521 4521 V LauncherAppWidgetHostView: calculateWidgetSize: (target widgetsize) using w/h 1359 712 span 5 2 (widgetid 3) [current Gridsize : GRID_5x5]
10-24 22:09:45.461 4521 4521 D LauncherAppWidgetHostView: calculateWidgetSize() widget = T-Mobile TV(widget id = 3) result hostview size = 1771 x 927
10-24 22:09:45.461 4521 4521 D LauncherAppWidgetHostView: setResizeScaleResult() 1771/ 927 scaleToResize = 0.7673631(widget id = 3)
10-24 22:09:45.471 4521 21036 D ViewSystem: updateRemoteViews(2) has done.
10-24 22:09:45.491 4521 4521 V LauncherAppWidgetHostView: calculateWidgetSize: (target widgetsize) using w/h 1359 712 span 5 2 (widgetid 3) [current Gridsize : GRID_5x5]
10-24 22:09:45.491 4521 4521 D LauncherAppWidgetHostView: calculateWidgetSize() widget = T-Mobile TV(widget id = 3) result hostview size = 1771 x 927
10-24 22:09:45.491 4521 4521 D LauncherAppWidgetHostView: setResizeScaleResult() 1771/ 927 scaleToResize = 0.7673631(widget id = 3)
10-24 22:09:46.201 3520 4345 E Watchdog: !@Sync 317 [10-24 22:09:46.206]
10-24 22:09:51.411 4521 4521 V LauncherAppWidgetHostView: calculateWidgetSize: (target widgetsize) using w/h 1359 712 span 5 2 (widgetid 3) [current Gridsize : GRID_5x5]
10-24 22:09:51.411 4521 4521 D LauncherAppWidgetHostView: calculateWidgetSize() widget = T-Mobile TV(widget id = 3) result hostview size = 1771 x 927
10-24 22:09:51.411 4521 4521 D LauncherAppWidgetHostView: setResizeScaleResult() 1771/ 927 scaleToResize = 0.7673631(widget id = 3)
10-24 22:09:53.711 3520 8428 D SSRM:n : SIOP:: AP = 260, PST = 260 (W:30), CP = 231, CUR = 150, LCD = 19
10-24 22:09:53.721 3520 3520 I Tethering: BATTERY_CHANGED, level = 98lowBatteryThreshold = 15
10-24 22:09:53.721 3520 4645 D BatteryService: !@BatteryListener : batteryPropertiesChanged!
10-24 22:09:53.721 3520 4645 D BatteryService: level:98, scale:100, status:2, health:2, present:true, voltage: 4227, temperature: 253, technology: Li-ion, AC powered:false, USB powered:true, POGO powered:false, Wireless powered:false, icon:17303413, invalid charger:0, maxChargingCurrent:0
10-24 22:09:53.721 3520 4645 D BatteryService: online:4, current avg:-149, charge type:1, power sharing:false, high voltage charger:false, capacity:280000, batterySWSelfDischarging:false, current_now:-135
10-24 22:09:53.721 3520 3520 D BatteryService: Sending ACTION_BATTERY_CHANGED.
10-24 22:09:53.721 3520 3520 I MotionRecognitionService: Plugged
10-24 22:09:53.721 3520 3520 D MotionRecognitionService: cableConnection= 1
10-24 22:09:53.721 3520 3520 D MotionRecognitionService: setPowerConnected | current backoffstate = 1024 , state =1024
10-24 22:09:53.721 3520 3520 D MotionRecognitionService: skip setTransmitPower.
10-24 22:09:53.731 4130 4130 D KeyguardUpdateMonitor: received broadcast android.intent.action.BATTERY_CHANGED
10-24 22:09:53.731 4130 4130 D KeyguardUpdateMonitor: handleBatteryUpdate
10-24 22:09:53.731 4130 4130 D PowerUI : priorPlugType = 2 mPlugType = 2
10-24 22:09:53.731 4130 4130 D PowerUI.Notification: showChargingNotice oldChargingType : 1 currentChargingType : 1 oldChargingTime : 120000 mChargingTime : 120000
10-24 22:09:53.731 4130 4130 D PowerUI.Notification: There is no change about charging status, so return!
10-24 22:09:53.741 4590 4590 D BatteryMonitor: new battery level: 98
10-24 22:09:53.741 4130 4130 D BatteryMeterView: ACTION_BATTERY_CHANGED : level:98 status:2 health:2
10-24 22:09:53.761 4130 4130 D BatteryMeterView: ACTION_BATTERY_CHANGED : level:98 status:2 health:2
10-24 22:09:56.831 3110 3777 E NetlinkEvent: NetlinkEvent::FindParam(): Parameter 'LABEL' not found
10-24 22:09:56.831 3110 3777 E NetlinkEvent: NetlinkEvent::FindParam(): Parameter 'UID' not found
10-24 22:09:57.431 4521 4521 V LauncherAppWidgetHostView: calculateWidgetSize: (target widgetsize) using w/h 1359 712 span 5 2 (widgetid 3) [current Gridsize : GRID_5x5]
10-24 22:09:57.431 4521 4521 D LauncherAppWidgetHostView: calculateWidgetSize() widget = T-Mobile TV(widget id = 3) result hostview size = 1771 x 927
10-24 22:09:57.431 4521 4521 D LauncherAppWidgetHostView: setResizeScaleResult() 1771/ 927 scaleToResize = 0.7673631(widget id = 3)
10-24 22:09:57.451 4521 21036 D ViewSystem: updateTemporaryMetaData() has done.
10-24 22:09:57.461 4521 4521 V LauncherAppWidgetHostView: calculateWidgetSize: (target widgetsize) using w/h 1359 712 span 5 2 (widgetid 3) [current Gridsize : GRID_5x5]
10-24 22:09:57.461 4521 4521 D LauncherAppWidgetHostView: calculateWidgetSize() widget = T-Mobile TV(widget id = 3) result hostview size = 1771 x 927
10-24 22:09:57.461 4521 4521 D LauncherAppWidgetHostView: setResizeScaleResult() 1771/ 927 scaleToResize = 0.7673631(widget id = 3)
10-24 22:09:57.471 4521 4521 V LauncherAppWidgetHostView: calculateWidgetSize: (target widgetsize) using w/h 1359 712 span 5 2 (widgetid 3) [current Gridsize : GRID_5x5]
10-24 22:09:57.471 4521 4521 D LauncherAppWidgetHostView: calculateWidgetSize() widget = T-Mobile TV(widget id = 3) result hostview size = 1771 x 927
10-24 22:09:57.471 4521 4521 D LauncherAppWidgetHostView: setResizeScaleResult() 1771/ 927 scaleToResize = 0.7673631(widget id = 3)
10-24 22:09:57.491 4521 21036 D ViewSystem: updateRemoteViews(4) has done.
10-24 22:09:57.501 4521 4521 V LauncherAppWidgetHostView: calculateWidgetSize: (target widgetsize) using w/h 1359 712 span 5 2 (widgetid 3) [current Gridsize : GRID_5x5]
10-24 22:09:57.501 4521 4521 D LauncherAppWidgetHostView: calculateWidgetSize() widget = T-Mobile TV(widget id = 3) result hostview size = 1771 x 927
10-24 22:09:57.501 4521 4521 D LauncherAppWidgetHostView: setResizeScaleResult() 1771/ 927 scaleToResize = 0.7673631(widget id = 3)
10-24 22:09:59.991 3520 4005 V AlarmManager: Expired Alarm result :8
10-24 22:10:00.011 4130 4130 D KeyguardUpdateMonitor: received broadcast android.intent.action.TIME_TICK
10-24 22:10:00.011 4130 4130 D KeyguardUpdateMonitor: handleTimeUpdate
10-24 22:10:00.031 4130 4130 D Clock : received broadcast android.intent.action.TIME_TICK
10-24 22:10:00.101 4130 4130 D DateView: received broadcast android.intent.action.TIME_TICK
10-24 22:10:00.161 4521 4521 V LauncherAppWidgetHostView: calculateWidgetSize: (target widgetsize) using w/h 1359 347 span 5 1 (widgetid 6) [current Gridsize : GRID_5x5]
10-24 22:10:00.161 4521 4521 D LauncherAppWidgetHostView: calculateWidgetSize() widget = Weather and Clock(widget id = 6) result hostview size = 1771 x 452
10-24 22:10:00.161 4521 4521 D LauncherAppWidgetHostView: setResizeScaleResult() 1771/ 452 scaleToResize = 0.7673631(widget id = 6)
10-24 22:10:00.171 4521 4521 V LauncherAppWidgetHostView: calculateWidgetSize: (target widgetsize) using w/h 1359 347 span 5 1 (widgetid 2) [current Gridsize : GRID_5x5]
10-24 22:10:00.171 4521 4521 D LauncherAppWidgetHostView: calculateWidgetSize() widget = Google App(widget id = 2) result hostview size = 1771 x 452
10-24 22:10:00.171 4521 4521 D LauncherAppWidgetHostView: setResizeScaleResult() 1771/ 452 scaleToResize = 0.7673631(widget id = 2)
10-24 22:10:00.201 4521 4521 V LauncherAppWidgetHostView: calculateWidgetSize: (target widgetsize) using w/h 1359 347 span 5 1 (widgetid 6) [current Gridsize : GRID_5x5]
10-24 22:10:00.201 4521 4521 D LauncherAppWidgetHostView: calculateWidgetSize() widget = Weather and Clock(widget id = 6) result hostview size = 1771 x 452
10-24 22:10:00.201 4521 4521 D LauncherAppWidgetHostView: setResizeScaleResult() 1771/ 452 scaleToResize = 0.7673631(widget id = 6)
10-24 22:10:00.201 4521 4521 V LauncherAppWidgetHostView: calculateWidgetSize: (target widgetsize) using w/h 1359 347 span 5 1 (widgetid 2) [current Gridsize : GRID_5x5]
10-24 22:10:00.201 4521 4521 D LauncherAppWidgetHostView: calculateWidgetSize() widget = Google App(widget id = 2) result hostview size = 1771 x 452
10-24 22:10:00.201 4521 4521 D LauncherAppWidgetHostView: setResizeScaleResult() 1771/ 452 scaleToResize = 0.7673631(widget id = 2)
10-24 22:10:00.221 26846 26846 D [WeatherWidget(1177)] WeatherService: {[EC3334F14841398C8B464A72D0E61AB7CD7E766A36D06043166FAD39187431A3E5A9A2F81BDF9068B74904E1B1CB541044E6D58E921E578E1E6FAAF047CA8AFC]}
10-24 22:10:00.221 26846 26846 D [WeatherWidget(1177)] : {[3AE6950019B083611567B0F9442DB03E59646CBA355B4C260B75423E37A3701A]}
10-24 22:10:00.231 26846 26846 D [WeatherWidget(1177)] : {[3AE6950019B083611567B0F9442DB03E0F7D6DF8FAB8AEDDA9C52FD622CBE93BD3B3C821E02768ECE7D54B13E96560EDB802D29C56DFCCD38F937DDED36C9453E14ACC693F7BDF399FD0A06BF2D59F2E62F0159FCF8ED080A2244B7BC466DBEB]}
10-24 22:10:00.231 26846 26846 D [WeatherWidget(1177)] : {[DF00664B5BF2DD508EC3D0ADB8B43C9FB429631765284D8658CE62A4AFFAA963]}
10-24 22:10:01.851 3110 3777 E NetlinkEvent: NetlinkEvent::FindParam(): Parameter 'LABEL' not found
10-24 22:10:01.851 3110 3777 E NetlinkEvent: NetlinkEvent::FindParam(): Parameter 'UID' not found
10-24 22:10:03.171 3520 4005 V AlarmManager: Expired Alarm result :8
10-24 22:10:03.221 21569 28946 I AmazonVideo.util: ConfigManager.updateFromServerIfNecessary: Requesting update for 0 millis from now
10-24 22:10:03.221 21569 28946 I AmazonVideo.util: ConfigTaskScheduler.schedule: Scheduling refresh after 0 millis
10-24 22:10:03.221 21569 28946 I AmazonVideo.syncservice: SyncDispatcher.sync: Skipping sync component: EventManager
10-24 22:10:03.221 21569 21666 I AmazonVideo.util: ConfigManager.updateConfigFromServer: Told to update server config when no customer is logged in; ignoring request
10-24 22:10:03.431 4521 4521 V LauncherAppWidgetHostView: calculateWidgetSize: (target widgetsize) using w/h 1359 712 span 5 2 (widgetid 3) [current Gridsize : GRID_5x5]
10-24 22:10:03.431 4521 4521 D LauncherAppWidgetHostView: calculateWidgetSize() widget = T-Mobile TV(widget id = 3) result hostview size = 1771 x 927
10-24 22:10:03.431 4521 4521 D LauncherAppWidgetHostView: setResizeScaleResult() 1771/ 927 scaleToResize = 0.7673631(widget id = 3)
10-24 22:10:03.451 4521 21036 D ViewSystem: updateTemporaryMetaData() has done.
10-24 22:10:03.451 4521 4521 V LauncherAppWidgetHostView: calculateWidgetSize: (target widgetsize) using w/h 1359 712 span 5 2 (widgetid 3) [current Gridsize : GRID_5x5]
10-24 22:10:03.461 4521 4521 D LauncherAppWidgetHostView: calculateWidgetSize() widget = T-Mobile TV(widget id = 3) result hostview size = 1771 x 927
10-24 22:10:03.461 4521 4521 D LauncherAppWidgetHostView: setResizeScaleResult() 1771/ 927 scaleToResize = 0.7673631(widget id = 3)
10-24 22:10:03.471 4521 4521 V LauncherAppWidgetHostView: calculateWidgetSize: (target widgetsize) using w/h 1359 712 span 5 2 (widgetid 3) [current Gridsize : GRID_5x5]
10-24 22:10:03.471 4521 4521 D LauncherAppWidgetHostView: calculateWidgetSize() widget = T-Mobile TV(widget id = 3) result hostview size = 1771 x 927
10-24 22:10:03.471 4521 4521 D LauncherAppWidgetHostView: setResizeScaleResult() 1771/ 927 scaleToResize = 0.7673631(widget id = 3)
10-24 22:10:03.481 4521 21036 D ViewSystem: updateRemoteViews(5) has done.
10-24 22:10:03.501 4521 4521 V LauncherAppWidgetHostView: calculateWidgetSize: (target widgetsize) using w/h 1359 712 span 5 2 (widgetid 3) [current Gridsize : GRID_5x5]
10-24 22:10:03.501 4521 4521 D LauncherAppWidgetHostView: calculateWidgetSize() widget = T-Mobile TV(widget id = 3) result hostview size = 1771 x 927
10-24 22:10:03.501 4521 4521 D LauncherAppWidgetHostView: setResizeScaleResult() 1771/ 927 scaleToResize = 0.7673631(widget id = 3)
10-24 22:10:03.791 3520 8428 D SSRM:n : SIOP:: AP = 260, PST = 260 (W:30), CP = 231, CUR = 154, LCD = 19
10-24 22:10:03.791 3520 4604 D BatteryService: !@BatteryListener : batteryPropertiesChanged!
10-24 22:10:03.791 3520 4604 D BatteryService: level:98, scale:100, status:2, health:2, present:true, voltage: 4222, temperature: 253, technology: Li-ion, AC powered:false, USB powered:true, POGO powered:false, Wireless powered:false, icon:17303413, invalid charger:0, maxChargingCurrent:0
10-24 22:10:03.791 3520 4604 D BatteryService: online:4, current avg:-153, charge type:1, power sharing:false, high voltage charger:false, capacity:280000, batterySWSelfDischarging:false, current_now:-139
10-24 22:10:03.791 3520 3520 D BatteryService: Sending ACTION_BATTERY_CHANGED.
10-24 22:10:03.801 3520 3520 I Tethering: BATTERY_CHANGED, level = 98lowBatteryThreshold = 15
10-24 22:10:03.801 4130 4130 D KeyguardUpdateMonitor: received broadcast android.intent.action.BATTERY_CHANGED
10-24 22:10:03.801 3520 3520 I MotionRecognitionService: Plugged
10-24 22:10:03.801 3520 3520 D MotionRecognitionService: cableConnection= 1
10-24 22:10:03.801 3520 3520 D MotionRecognitionService: setPowerConnected | current backoffstate = 1024 , state =1024
10-24 22:10:03.801 3520 3520 D MotionRecognitionService: skip setTransmitPower.
10-24 22:10:03.801 4130 4130 D PowerUI : priorPlugType = 2 mPlugType = 2
10-24 22:10:03.811 4130 4130 D KeyguardUpdateMonitor: handleBatteryUpdate
10-24 22:10:03.811 4130 4130 D PowerUI.Notification: showChargingNotice oldChargingType : 1 currentChargingType : 1 oldChargingTime : 120000 mChargingTime : 120000
10-24 22:10:03.811 4130 4130 D PowerUI.Notification: There is no change about charging status, so return!
10-24 22:10:03.821 4590 4590 D BatteryMonitor: new battery level: 98
10-24 22:10:03.851 4130 4130 D BatteryMeterView: ACTION_BATTERY_CHANGED : level:98 status:2 health:2
10-24 22:10:03.851 4130 4130 D BatteryMeterView: ACTION_BATTERY_CHANGED : level:98 status:2 health:2
10-24 22:10:07.601 27575 27600 I Quasar : start to send events
10-24 22:10:09.131 24116 28371 I DeviceStateChecker: screenOn: true, isCharging: true
10-24 22:10:09.431 4521 4521 V LauncherAppWidgetHostView: calculateWidgetSize: (target widgetsize) using w/h 1359 712 span 5 2 (widgetid 3) [current Gridsize : GRID_5x5]
10-24 22:10:09.431 4521 4521 D LauncherAppWidgetHostView: calculateWidgetSize() widget = T-Mobile TV(widget id = 3) result hostview size = 1771 x 927
10-24 22:10:09.431 4521 4521 D LauncherAppWidgetHostView: setResizeScaleResult() 1771/ 927 scaleToResize = 0.7673631(widget id = 3)
10-24 22:10:09.451 4521 21036 D ViewSystem: updateTemporaryMetaData() has done.
10-24 22:10:09.451 4521 4521 V LauncherAppWidgetHostView: calculateWidgetSize: (target widgetsize) using w/h 1359 712 span 5 2 (widgetid 3) [current Gridsize : GRID_5x5]
10-24 22:10:09.451 4521 4521 D LauncherAppWidgetHostView: calculateWidgetSize() widget = T-Mobile TV(widget id = 3) result hostview size = 1771 x 927
10-24 22:10:09.451 4521 4521 D LauncherAppWidgetHostView: setResizeScaleResult() 1771/ 927 scaleToResize = 0.7673631(widget id = 3)
10-24 22:10:09.471 4521 4521 V LauncherAppWidgetHostView: calculateWidgetSize: (target widgetsize) using w/h 1359 712 span 5 2 (widgetid 3) [current Gridsize : GRID_5x5]
10-24 22:10:09.471 4521 4521 D LauncherAppWidgetHostView: calculateWidgetSize() widget = T-Mobile TV(widget id = 3) result hostview size = 1771 x 927
10-24 22:10:09.471 4521 4521 D LauncherAppWidgetHostView: setResizeScaleResult() 1771/ 927 scaleToResize = 0.7673631(widget id = 3)
10-24 22:10:09.481 4521 21036 D ViewSystem: updateRemoteViews(0) has done.
10-24 22:10:09.501 4521 4521 V LauncherAppWidgetHostView: calculateWidgetSize: (target widgetsize) using w/h 1359 712 span 5 2 (widgetid 3) [current Gridsize : GRID_5x5]
10-24 22:10:09.501 4521 4521 D LauncherAppWidgetHostView: calculateWidgetSize() widget = T-Mobile TV(widget id = 3) result hostview size = 1771 x 927
10-24 22:10:09.501 4521 4521 D LauncherAppWidgetHostView: setResizeScaleResult() 1771/ 927 scaleToResize = 0.7673631(widget id = 3)
10-24 22:10:13.841 3520 8428 D SSRM:n : SIOP:: AP = 260, PST = 260 (W:30), CP = 231, CUR = 150, LCD = 19
10-24 22:10:13.871 3520 4604 D BatteryService: !@BatteryListener : batteryPropertiesChanged!
10-24 22:10:13.871 3520 4604 D BatteryService: level:98, scale:100, status:2, health:2, present:true, voltage: 4226, temperature: 253, technology: Li-ion, AC powered:false, USB powered:true, POGO powered:false, Wireless powered:false, icon:17303413, invalid charger:0, maxChargingCurrent:0
10-24 22:10:13.871 3520 4604 D BatteryService: online:4, current avg:-150, charge type:1, power sharing:false, high voltage charger:false, capacity:280000, batterySWSelfDischarging:false, current_now:-147
10-24 22:10:13.871 3520 3520 D BatteryService: Sending ACTION_BATTERY_CHANGED.
10-24 22:10:13.871 3520 3520 I MotionRecognitionService: Plugged
10-24 22:10:13.871 3520 3520 D MotionRecognitionService: cableConnection= 1
10-24 22:10:13.871 3520 3520 D MotionRecognitionService: setPowerConnected | current backoffstate = 1024 , state =1024
10-24 22:10:13.871 3520 3520 D MotionRecognitionService: skip setTransmitPower.
10-24 22:10:13.881 3520 3520 I Tethering: BATTERY_CHANGED, level = 98lowBatteryThreshold = 15
10-24 22:10:13.881 4130 4130 D KeyguardUpdateMonitor: received broadcast android.intent.action.BATTERY_CHANGED
10-24 22:10:13.881 4130 4130 D PowerUI : priorPlugType = 2 mPlugType = 2
10-24 22:10:13.891 4130 4130 D KeyguardUpdateMonitor: handleBatteryUpdate
10-24 22:10:13.891 4590 4590 D BatteryMonitor: new battery level: 98
10-24 22:10:13.891 4130 4130 D PowerUI.Notification: showChargingNotice oldChargingType : 1 currentChargingType : 1 oldChargingTime : 120000 mChargingTime : 120000
10-24 22:10:13.891 4130 4130 D PowerUI.Notification: There is no change about charging status, so return!
10-24 22:10:13.911 4130 4130 D BatteryMeterView: ACTION_BATTERY_CHANGED : level:98 status:2 health:2
10-24 22:10:13.911 4130 4130 D BatteryMeterView: ACTION_BATTERY_CHANGED : level:98 status:2 health:2
10-24 22:10:15.431 4521 4521 V LauncherAppWidgetHostView: calculateWidgetSize: (target widgetsize) using w/h 1359 712 span 5 2 (widgetid 3) [current Gridsize : GRID_5x5]
10-24 22:10:15.431 4521 4521 D LauncherAppWidgetHostView: calculateWidgetSize() widget = T-Mobile TV(widget id = 3) result hostview size = 1771 x 927
10-24 22:10:15.431 4521 4521 D LauncherAppWidgetHostView: setResizeScaleResult() 1771/ 927 scaleToResize = 0.7673631(widget id = 3)
10-24 22:10:15.451 4521 21036 D ViewSystem: updateTemporaryMetaData() has done.
10-24 22:10:15.451 4521 4521 V LauncherAppWidgetHostView: calculateWidgetSize: (target widgetsize) using w/h 1359 712 span 5 2 (widgetid 3) [current Gridsize : GRID_5x5]
10-24 22:10:15.451 4521 4521 D LauncherAppWidgetHostView: calculateWidgetSize() widget = T-Mobile TV(widget id = 3) result hostview size = 1771 x 927
10-24 22:10:15.451 4521 4521 D LauncherAppWidgetHostView: setResizeScaleResult() 1771/ 927 scaleToResize = 0.7673631(widget id = 3)
10-24 22:10:15.471 4521 4521 V LauncherAppWidgetHostView: calculateWidgetSize: (target widgetsize) using w/h 1359 712 span 5 2 (widgetid 3) [current Gridsize : GRID_5x5]
10-24 22:10:15.471 4521 4521 D LauncherAppWidgetHostView: calculateWidgetSize() widget = T-Mobile TV(widget id = 3) result hostview size = 1771 x 927
10-24 22:10:15.471 4521 4521 D LauncherAppWidgetHostView: setResizeScaleResult() 1771/ 927 scaleToResize = 0.7673631(widget id = 3)
10-24 22:10:15.491 4521 21036 D ViewSystem: updateRemoteViews(1) has done.
10-24 22:10:15.501 4521 4521 V LauncherAppWidgetHostView: calculateWidgetSize: (target widgetsize) using w/h 1359 712 span 5 2 (widgetid 3) [current Gridsize : GRID_5x5]
10-24 22:10:15.501 4521 4521 D LauncherAppWidgetHostView: calculateWidgetSize() widget = T-Mobile TV(widget id = 3) result hostview size = 1771 x 927
10-24 22:10:15.501 4521 4521 D LauncherAppWidgetHostView: setResizeScaleResult() 1771/ 927 scaleToResize = 0.7673631(widget id = 3)
10-24 22:10:16.201 3520 4345 E Watchdog: !@Sync 318 [10-24 22:10:16.208]
10-24 22:10:16.871 3110 3777 E NetlinkEvent: NetlinkEvent::FindParam(): Parameter 'LABEL' not found
10-24 22:10:16.871 3110 3777 E NetlinkEvent: NetlinkEvent::FindParam(): Parameter 'UID' not found
10-24 22:10:21.431 4521 4521 V LauncherAppWidgetHostView: calculateWidgetSize: (target widgetsize) using w/h 1359 712 span 5 2 (widgetid 3) [current Gridsize : GRID_5x5]
10-24 22:10:21.431 4521 4521 D LauncherAppWidgetHostView: calculateWidgetSize() widget = T-Mobile TV(widget id = 3) result hostview size = 1771 x 927
10-24 22:10:21.431 4521 4521 D LauncherAppWidgetHostView: setResizeScaleResult() 1771/ 927 scaleToResize = 0.7673631(widget id = 3)
10-24 22:10:21.451 4521 21036 D ViewSystem: updateTemporaryMetaData() has done.
10-24 22:10:21.451 4521 4521 V LauncherAppWidgetHostView: calculateWidgetSize: (target widgetsize) using w/h 1359 712 span 5 2 (widgetid 3) [current Gridsize : GRID_5x5]
10-24 22:10:21.451 4521 4521 D LauncherAppWidgetHostView: calculateWidgetSize() widget = T-Mobile TV(widget id = 3) result hostview size = 1771 x 927
10-24 22:10:21.451 4521 4521 D LauncherAppWidgetHostView: setResizeScaleResult() 1771/ 927 scaleToResize = 0.7673631(widget id = 3)
10-24 22:10:21.471 4521 4521 V LauncherAppWidgetHostView: calculateWidgetSize: (target widgetsize) using w/h 1359 712 span 5 2 (widgetid 3) [current Gridsize : GRID_5x5]
10-24 22:10:21.471 4521 4521 D LauncherAppWidgetHostView: calculateWidgetSize() widget = T-Mobile TV(widget id = 3) result hostview size = 1771 x 927
10-24 22:10:21.471 4521 4521 D LauncherAppWidgetHostView: setResizeScaleResult() 1771/ 927 scaleToResize = 0.7673631(widget id = 3)
10-24 22:10:21.481 4521 21036 D ViewSystem: updateRemoteViews(2) has done.
10-24 22:10:21.501 4521 4521 V LauncherAppWidgetHostView: calculateWidgetSize: (target widgetsize) using w/h 1359 712 span 5 2 (widgetid 3) [current Gridsize : GRID_5x5]
10-24 22:10:21.501 4521 4521 D LauncherAppWidgetHostView: calculateWidgetSize() widget = T-Mobile TV(widget id = 3) result hostview size = 1771 x 927
10-24 22:10:21.501 4521 4521 D LauncherAppWidgetHostView: setResizeScaleResult() 1771/ 927 scaleToResize = 0.7673631(widget id = 3)
10-24 22:10:21.891 3110 3777 E NetlinkEvent: NetlinkEvent::FindParam(): Parameter 'LABEL' not found
10-24 22:10:21.891 3110 3777 E NetlinkEvent: NetlinkEvent::FindParam(): Parameter 'UID' not found
10-24 22:10:23.901 3520 8428 D SSRM:n : SIOP:: AP = 260, PST = 260 (W:30), CP = 231, CUR = 155, LCD = 19
10-24 22:10:23.931 3520 3520 I Tethering: BATTERY_CHANGED, level = 98lowBatteryThreshold = 15
10-24 22:10:23.931 4130 4130 D KeyguardUpdateMonitor: received broadcast android.intent.action.BATTERY_CHANGED
10-24 22:10:23.931 4130 4130 D KeyguardUpdateMonitor: handleBatteryUpdate
10-24 22:10:23.931 3520 4925 D BatteryService: !@BatteryListener : batteryPropertiesChanged!
10-24 22:10:23.931 3520 4925 D BatteryService: level:98, scale:100, status:2, health:2, present:true, voltage: 4225, temperature: 254, technology: Li-ion, AC powered:false, USB powered:true, POGO powered:false, Wireless powered:false, icon:17303413, invalid charger:0, maxChargingCurrent:0
10-24 22:10:23.931 3520 4925 D BatteryService: online:4, current avg:-155, charge type:1, power sharing:false, high voltage charger:false, capacity:280000, batterySWSelfDischarging:false, current_now:-140
10-24 22:10:23.931 3520 3520 D BatteryService: Sending ACTION_BATTERY_CHANGED.
10-24 22:10:23.931 3520 3520 I MotionRecognitionService: Plugged
10-24 22:10:23.931 3520 3520 D MotionRecognitionService: cableConnection= 1
10-24 22:10:23.931 3520 3520 D MotionRecognitionService: setPowerConnected | current backoffstate = 1024 , state =1024
10-24 22:10:23.931 3520 3520 D MotionRecognitionService: skip setTransmitPower.
10-24 22:10:23.931 4130 4130 D PowerUI : priorPlugType = 2 mPlugType = 2
10-24 22:10:23.941 4590 4590 D BatteryMonitor: new battery level: 98
10-24 22:10:23.941 4130 4130 D PowerUI.Notification: showChargingNotice oldChargingType : 1 currentChargingType : 1 oldChargingTime : 120000 mChargingTime : 120000
10-24 22:10:23.941 4130 4130 D PowerUI.Notification: There is no change about charging status, so return!
10-24 22:10:23.941 4130 4130 D BatteryMeterView: ACTION_BATTERY_CHANGED : level:98 status:2 health:2
10-24 22:10:23.961 4130 4130 D BatteryMeterView: ACTION_BATTERY_CHANGED : level:98 status:2 health:2
10-24 22:10:27.421 4521 4521 V LauncherAppWidgetHostView: calculateWidgetSize: (target widgetsize) using w/h 1359 712 span 5 2 (widgetid 3) [current Gridsize : GRID_5x5]
10-24 22:10:27.421 4521 4521 D LauncherAppWidgetHostView: calculateWidgetSize() widget = T-Mobile TV(widget id = 3) result hostview size = 1771 x 927
10-24 22:10:27.421 4521 4521 D LauncherAppWidgetHostView: setResizeScaleResult() 1771/ 927 scaleToResize = 0.7673631(widget id = 3)
10-24 22:10:33.131 3520 3530 I art : Background sticky concurrent mark sweep GC freed 126355(9MB) AllocSpace objects, 226(4MB) LOS objects, 23% free, 47MB/62MB, paused 4.398ms total 116.903ms
10-24 22:10:33.441 4521 4521 V LauncherAppWidgetHostView: calculateWidgetSize: (target widgetsize) using w/h 1359 712 span 5 2 (widgetid 3) [current Gridsize : GRID_5x5]
10-24 22:10:33.441 4521 4521 D LauncherAppWidgetHostView: calculateWidgetSize() widget = T-Mobile TV(widget id = 3) result hostview size = 1771 x 927
10-24 22:10:33.441 4521 4521 D LauncherAppWidgetHostView: setResizeScaleResult() 1771/ 927 scaleToResize = 0.7673631(widget id = 3)
10-24 22:10:33.461 4521 21036 D ViewSystem: updateTemporaryMetaData() has done.
10-24 22:10:33.471 4521 4521 V LauncherAppWidgetHostView: calculateWidgetSize: (target widgetsize) using w/h 1359 712 span 5 2 (widgetid 3) [current Gridsize : GRID_5x5]
10-24 22:10:33.471 4521 4521 D LauncherAppWidgetHostView: calculateWidgetSize() widget = T-Mobile TV(widget id = 3) result hostview size = 1771 x 927
10-24 22:10:33.471 4521 4521 D LauncherAppWidgetHostView: setResizeScaleResult() 1771/ 927 scaleToResize = 0.7673631(widget id = 3)
10-24 22:10:33.481 4521 21036 D ViewSystem: updateRemoteViews(4) has done.
10-24 22:10:33.481 4521 4521 V LauncherAppWidgetHostView: calculateWidgetSize: (target widgetsize) using w/h 1359 712 span 5 2 (widgetid 3) [current Gridsize : GRID_5x5]
10-24 22:10:33.481 4521 4521 D LauncherAppWidgetHostView: calculateWidgetSize() widget = T-Mobile TV(widget id = 3) result hostview size = 1771 x 927
10-24 22:10:33.481 4521 4521 D LauncherAppWidgetHostView: setResizeScaleResult() 1771/ 927 scaleToResize = 0.7673631(widget id = 3)
10-24 22:10:33.491 4521 21036 D ViewSystem: updateRemoteViews(4) has done.
10-24 22:10:33.501 4521 4521 V LauncherAppWidgetHostView: calculateWidgetSize: (target widgetsize) using w/h 1359 712 span 5 2 (widgetid 3) [current Gridsize : GRID_5x5]
10-24 22:10:33.501 4521 4521 D LauncherAppWidgetHostView: calculateWidgetSize() widget = T-Mobile TV(widget id = 3) result hostview size = 1771 x 927
10-24 22:10:33.501 4521 4521 D LauncherAppWidgetHostView: setResizeScaleResult() 1771/ 927 scaleToResize = 0.7673631(widget id = 3)
10-24 22:10:33.981 3520 8428 D SSRM:n : SIOP:: AP = 260, PST = 260 (W:30), CP = 231, CUR = 156, LCD = 19
10-24 22:10:34.001 3520 3520 I Tethering: BATTERY_CHANGED, level = 98lowBatteryThreshold = 15
10-24 22:10:34.001 4130 4130 D KeyguardUpdateMonitor: received broadcast android.intent.action.BATTERY_CHANGED
10-24 22:10:34.001 4130 4130 D KeyguardUpdateMonitor: handleBatteryUpdate
10-24 22:10:34.001 3520 4750 D BatteryService: !@BatteryListener : batteryPropertiesChanged!
10-24 22:10:34.001 3520 4750 D BatteryService: level:98, scale:100, status:2, health:2, present:true, voltage: 4220, temperature: 254, technology: Li-ion, AC powered:false, USB powered:true, POGO powered:false, Wireless powered:false, icon:17303413, invalid charger:0, maxChargingCurrent:0
10-24 22:10:34.001 3520 4750 D BatteryService: online:4, current avg:-155, charge type:1, power sharing:false, high voltage charger:false, capacity:280000, batterySWSelfDischarging:false, current_now:-175
10-24 22:10:34.001 3520 3520 D BatteryService: Sending ACTION_BATTERY_CHANGED.
10-24 22:10:34.001 3520 3520 I MotionRecognitionService: Plugged
10-24 22:10:34.001 3520 3520 D MotionRecognitionService: cableConnection= 1
10-24 22:10:34.001 3520 3520 D MotionRecognitionService: setPowerConnected | current backoffstate = 1024 , state =1024
10-24 22:10:34.001 3520 3520 D MotionRecognitionService: skip setTransmitPower.
10-24 22:10:34.011 4590 4590 D BatteryMonitor: new battery level: 98
10-24 22:10:34.011 4130 4130 D PowerUI : priorPlugType = 2 mPlugType = 2
10-24 22:10:34.011 4130 4130 D PowerUI.Notification: showChargingNotice oldChargingType : 1 currentChargingType : 1 oldChargingTime : 120000 mChargingTime : 150000
10-24 22:10:34.011 4130 4130 D PowerUI.Notification: showChargingNotification()
10-24 22:10:34.021 3520 3542 D ApplicationPolicy: isStatusBarNotificationAllowedAsUser: packageName = com.android.systemui,userId = -1
10-24 22:10:34.021 4130 4130 D BatteryMeterView: ACTION_BATTERY_CHANGED : level:98 status:2 health:2
10-24 22:10:34.021 4130 4130 D BatteryMeterView: ACTION_BATTERY_CHANGED : level:98 status:2 health:2
10-24 22:10:34.031 3520 3520 D MARsPolicyManager: NotificationListenerService OngoingNotificationPosted : com.android.systemui
10-24 22:10:34.051 4346 4362 D CatchNotificationsService: onNotificationPosted
10-24 22:10:34.061 4130 4130 W ResourcesManager: getTopLevelResources: /system/priv-app/SystemUI/SystemUI.apk / 1.0 running in com.android.systemui rsrc of package com.android.systemui
10-24 22:10:34.071 26793 26818 D BadgeProvider: query, [selection] : null
10-24 22:10:34.071 4130 4130 D PhoneStatusBar: setAreThereNotifications: N=5 any=true clearable=true
10-24 22:10:34.071 4346 4362 E CatchNotificationsService: Invalid notification data
10-24 22:10:36.921 3110 3777 E NetlinkEvent: NetlinkEvent::FindParam(): Parameter 'LABEL' not found
10-24 22:10:36.921 3110 3777 E NetlinkEvent: NetlinkEvent::FindParam(): Parameter 'UID' not found
10-24 22:10:38.581 3520 3601 I PowerManagerService: [PWL] On : 8255505 (1322966 ms ago)
10-24 22:10:38.581 3520 3601 I PowerManagerService: [PWL] mStayOn: true mWakeLockSummary & WAKE_LOCK_STAY_AWAKE: 0 mUserActivitySummary: 0x4
10-24 22:10:39.421 4521 4521 V LauncherAppWidgetHostView: calculateWidgetSize: (target widgetsize) using w/h 1359 712 span 5 2 (widgetid 3) [current Gridsize : GRID_5x5]
10-24 22:10:39.421 4521 4521 D LauncherAppWidgetHostView: calculateWidgetSize() widget = T-Mobile TV(widget id = 3) result hostview size = 1771 x 927
10-24 22:10:39.421 4521 4521 D LauncherAppWidgetHostView: setResizeScaleResult() 1771/ 927 scaleToResize = 0.7673631(widget id = 3)
10-24 22:10:39.441 4521 21036 D ViewSystem: updateTemporaryMetaData() has done.
10-24 22:10:39.451 4521 4521 V LauncherAppWidgetHostView: calculateWidgetSize: (target widgetsize) using w/h 1359 712 span 5 2 (widgetid 3) [current Gridsize : GRID_5x5]
10-24 22:10:39.451 4521 4521 D LauncherAppWidgetHostView: calculateWidgetSize() widget = T-Mobile TV(widget id = 3) result hostview size = 1771 x 927
10-24 22:10:39.451 4521 4521 D LauncherAppWidgetHostView: setResizeScaleResult() 1771/ 927 scaleToResize = 0.7673631(widget id = 3)
10-24 22:10:39.471 4521 4521 V LauncherAppWidgetHostView: calculateWidgetSize: (target widgetsize) using w/h 1359 712 span 5 2 (widgetid 3) [current Gridsize : GRID_5x5]
10-24 22:10:39.471 4521 4521 D LauncherAppWidgetHostView: calculateWidgetSize() widget = T-Mobile TV(widget id = 3) result hostview size = 1771 x 927
10-24 22:10:39.471 4521 4521 D LauncherAppWidgetHostView: setResizeScaleResult() 1771/ 927 scaleToResize = 0.7673631(widget id = 3)
10-24 22:10:39.481 4521 21036 D ViewSystem: updateRemoteViews(5) has done.
10-24 22:10:39.501 4521 4521 V LauncherAppWidgetHostView: calculateWidgetSize: (target widgetsize) using w/h 1359 712 span 5 2 (widgetid 3) [current Gridsize : GRID_5x5]
10-24 22:10:39.501 4521 4521 D LauncherAppWidgetHostView: calculateWidgetSize() widget = T-Mobile TV(widget id = 3) result hostview size = 1771 x 927
10-24 22:10:39.501 4521 4521 D LauncherAppWidgetHostView: setResizeScaleResult() 1771/ 927 scaleToResize = 0.7673631(widget id = 3)
10-24 22:10:41.101 4574 4612 D ContactsProvider_EventLog: contents_sample_state: [ contacts(4) data(27) accounts({com.google (2)=4}) accounts deleted({}) calls([]) ]
10-24 22:10:41.101 4574 4612 D ContactsProvider_EventLog: contents_sample_state: [ agr({[2]=4}) ]
10-24 22:10:41.931 3110 3777 E NetlinkEvent: NetlinkEvent::FindParam(): Parameter 'LABEL' not found
10-24 22:10:41.931 3110 3777 E NetlinkEvent: NetlinkEvent::FindParam(): Parameter 'UID' not found
10-24 22:10:44.051 3520 8428 D SSRM:n : SIOP:: AP = 260, PST = 260 (W:30), CP = 231, CUR = 154, LCD = 19
10-24 22:10:44.071 3520 3542 D BatteryService: !@BatteryListener : batteryPropertiesChanged!
10-24 22:10:44.071 3520 3542 D BatteryService: level:98, scale:100, status:2, health:2, present:true, voltage: 4225, temperature: 254, technology: Li-ion, AC powered:false, USB powered:true, POGO powered:false, Wireless powered:false, icon:17303413, invalid charger:0, maxChargingCurrent:0
10-24 22:10:44.071 3520 3542 D BatteryService: online:4, current avg:-154, charge type:1, power sharing:false, high voltage charger:false, capacity:280000, batterySWSelfDischarging:false, current_now:-147
10-24 22:10:44.071 3520 3520 D BatteryService: Sending ACTION_BATTERY_CHANGED.
10-24 22:10:44.071 3520 3520 I MotionRecognitionService: Plugged
10-24 22:10:44.071 3520 3520 D MotionRecognitionService: cableConnection= 1
10-24 22:10:44.081 3520 3520 I Tethering: BATTERY_CHANGED, level = 98lowBatteryThreshold = 15
10-24 22:10:44.081 4130 4130 D KeyguardUpdateMonitor: received broadcast android.intent.action.BATTERY_CHANGED
10-24 22:10:44.081 4130 4130 D KeyguardUpdateMonitor: handleBatteryUpdate
10-24 22:10:44.081 3520 3520 D MotionRecognitionService: setPowerConnected | current backoffstate = 1024 , state =1024
10-24 22:10:44.081 3520 3520 D MotionRecognitionService: skip setTransmitPower.
10-24 22:10:44.081 4130 4130 D PowerUI : priorPlugType = 2 mPlugType = 2
10-24 22:10:44.081 4130 4130 D PowerUI.Notification: showChargingNotice oldChargingType : 1 currentChargingType : 1 oldChargingTime : 150000 mChargingTime : 150000
10-24 22:10:44.081 4130 4130 D PowerUI.Notification: There is no change about charging status, so return!
10-24 22:10:44.091 4590 4590 D BatteryMonitor: new battery level: 98
10-24 22:10:44.091 4130 4130 D BatteryMeterView: ACTION_BATTERY_CHANGED : level:98 status:2 health:2
10-24 22:10:44.111 4130 4130 D BatteryMeterView: ACTION_BATTERY_CHANGED : level:98 status:2 health:2
10-24 22:10:45.441 4521 4521 V LauncherAppWidgetHostView: calculateWidgetSize: (target widgetsize) using w/h 1359 712 span 5 2 (widgetid 3) [current Gridsize : GRID_5x5]
10-24 22:10:45.441 4521 4521 D LauncherAppWidgetHostView: calculateWidgetSize() widget = T-Mobile TV(widget id = 3) result hostview size = 1771 x 927
10-24 22:10:45.441 4521 4521 D LauncherAppWidgetHostView: setResizeScaleResult() 1771/ 927 scaleToResize = 0.7673631(widget id = 3)
10-24 22:10:45.461 4521 21036 D ViewSystem: updateTemporaryMetaData() has done.
10-24 22:10:45.471 4521 4521 V LauncherAppWidgetHostView: calculateWidgetSize: (target widgetsize) using w/h 1359 712 span 5 2 (widgetid 3) [current Gridsize : GRID_5x5]
10-24 22:10:45.471 4521 4521 D LauncherAppWidgetHostView: calculateWidgetSize() widget = T-Mobile TV(widget id = 3) result hostview size = 1771 x 927
10-24 22:10:45.471 4521 4521 D LauncherAppWidgetHostView: setResizeScaleResult() 1771/ 927 scaleToResize = 0.7673631(widget id = 3)
10-24 22:10:45.491 4521 4521 V LauncherAppWidgetHostView: calculateWidgetSize: (target widgetsize) using w/h 1359 712 span 5 2 (widgetid 3) [current Gridsize : GRID_5x5]
10-24 22:10:45.491 4521 4521 D LauncherAppWidgetHostView: calculateWidgetSize() widget = T-Mobile TV(widget id = 3) result hostview size = 1771 x 927
10-24 22:10:45.491 4521 4521 D LauncherAppWidgetHostView: setResizeScaleResult() 1771/ 927 scaleToResize = 0.7673631(widget id = 3)
10-24 22:10:45.501 4521 21036 D ViewSystem: updateRemoteViews(0) has done.
10-24 22:10:45.521 4521 4521 V LauncherAppWidgetHostView: calculateWidgetSize: (target widgetsize) using w/h 1359 712 span 5 2 (widgetid 3) [current Gridsize : GRID_5x5]
10-24 22:10:45.521 4521 4521 D LauncherAppWidgetHostView: calculateWidgetSize() widget = T-Mobile TV(widget id = 3) result hostview size = 1771 x 927
10-24 22:10:45.521 4521 4521 D LauncherAppWidgetHostView: setResizeScaleResult() 1771/ 927 scaleToResize = 0.7673631(widget id = 3)
10-24 22:10:46.211 3520 4345 E Watchdog: !@Sync 319 [10-24 22:10:46.211]
10-24 22:10:51.191 3520 4005 V AlarmManager: Expired Alarm result :8
10-24 22:10:51.221 3520 3581 V BroadcastQueue: [background] Process cur broadcast BroadcastRecord{a51e62f u0 null qIdx=4}, state= (APP_RECEIVE) DELIVERED for app ProcessRecord{78c60c5 6084:com.tmobile.pr.mytmobile/u0a0}
10-24 22:10:51.441 4521 4521 V LauncherAppWidgetHostView: calculateWidgetSize: (target widgetsize) using w/h 1359 712 span 5 2 (widgetid 3) [current Gridsize : GRID_5x5]
10-24 22:10:51.441 4521 4521 D LauncherAppWidgetHostView: calculateWidgetSize() widget = T-Mobile TV(widget id = 3) result hostview size = 1771 x 927
10-24 22:10:51.441 4521 4521 D LauncherAppWidgetHostView: setResizeScaleResult() 1771/ 927 scaleToResize = 0.7673631(widget id = 3)
10-24 22:10:51.461 4521 21036 D ViewSystem: updateTemporaryMetaData() has done.
10-24 22:10:51.461 4521 4521 V LauncherAppWidgetHostView: calculateWidgetSize: (target widgetsize) using w/h 1359 712 span 5 2 (widgetid 3) [current Gridsize : GRID_5x5]
10-24 22:10:51.461 4521 4521 D LauncherAppWidgetHostView: calculateWidgetSize() widget = T-Mobile TV(widget id = 3) result hostview size = 1771 x 927
10-24 22:10:51.461 4521 4521 D LauncherAppWidgetHostView: setResizeScaleResult() 1771/ 927 scaleToResize = 0.7673631(widget id = 3)
10-24 22:10:51.481 4521 4521 V LauncherAppWidgetHostView: calculateWidgetSize: (target widgetsize) using w/h 1359 712 span 5 2 (widgetid 3) [current Gridsize : GRID_5x5]
10-24 22:10:51.481 4521 4521 D LauncherAppWidgetHostView: calculateWidgetSize() widget = T-Mobile TV(widget id = 3) result hostview size = 1771 x 927
10-24 22:10:51.481 4521 4521 D LauncherAppWidgetHostView: setResizeScaleResult() 1771/ 927 scaleToResize = 0.7673631(widget id = 3)
10-24 22:10:51.491 4521 21036 D ViewSystem: updateRemoteViews(1) has done.
10-24 22:10:51.501 4521 4521 V LauncherAppWidgetHostView: calculateWidgetSize: (target widgetsize) using w/h 1359 712 span 5 2 (widgetid 3) [current Gridsize : GRID_5x5]
10-24 22:10:51.501 4521 4521 D LauncherAppWidgetHostView: calculateWidgetSize() widget = T-Mobile TV(widget id = 3) result hostview size = 1771 x 927
10-24 22:10:51.501 4521 4521 D LauncherAppWidgetHostView: setResizeScaleResult() 1771/ 927 scaleToResize = 0.7673631(widget id = 3)
10-24 22:10:54.121 3520 8428 D SSRM:n : SIOP:: AP = 260, PST = 260 (W:30), CP = 231, CUR = 154, LCD = 19
10-24 22:10:54.141 3520 4533 D BatteryService: !@BatteryListener : batteryPropertiesChanged!
10-24 22:10:54.141 3520 4533 D BatteryService: level:98, scale:100, status:2, health:2, present:true, voltage: 4225, temperature: 253, technology: Li-ion, AC powered:false, USB powered:true, POGO powered:false, Wireless powered:false, icon:17303413, invalid charger:0, maxChargingCurrent:0
10-24 22:10:54.141 3520 4533 D BatteryService: online:4, current avg:-153, charge type:1, power sharing:false, high voltage charger:false, capacity:280000, batterySWSelfDischarging:false, current_now:-136
10-24 22:10:54.141 3520 3520 D BatteryService: Sending ACTION_BATTERY_CHANGED.
10-24 22:10:54.151 3520 3520 I Tethering: BATTERY_CHANGED, level = 98lowBatteryThreshold = 15
10-24 22:10:54.151 4130 4130 D KeyguardUpdateMonitor: received broadcast android.intent.action.BATTERY_CHANGED
10-24 22:10:54.151 3520 3520 I MotionRecognitionService: Plugged
10-24 22:10:54.151 3520 3520 D MotionRecognitionService: cableConnection= 1
10-24 22:10:54.151 3520 3520 D MotionRecognitionService: setPowerConnected | current backoffstate = 1024 , state =1024
