10-24 21:48:35.931 3520 3584 D ApplicationPolicy: isStatusBarNotificationAllowedAsUser: packageName = android,userId = -1
10-24 21:48:35.931 3520 3985 D SecContentProvider: insert(), uri = 2
10-24 21:48:35.931 3520 4387 E RUNTIMEAASA: uid:10040 pm:android.permission.BATTERY_STATS accept!!!
10-24 21:48:35.931 3520 4387 D BluetoothAdapter: STATE_BLE_ON
10-24 21:48:35.931 3520 3584 D SecContentProvider: query(), uri = 18 selection = isUsbMediaPlayerAvailable
10-24 21:48:35.941 3126 3794 V audio_hw_primary: select_devices() output_route "media-speaker"
10-24 21:48:35.941 3126 3794 I audio_route:
10-24 21:48:35.941 3126 3794 I audio_route: > audio_route_apply_path : "gain-media-speaker"
10-24 21:48:35.941 3126 3794 V audio_hw_primary: select_devices() output_gain "gain-media-speaker"
10-24 21:48:35.941 3126 3794 I audio_route:
10-24 21:48:35.941 3126 3794 I audio_route: > audio_route_update_mixer : +
10-24 21:48:35.941 3126 3794 I audio_route: > audio_route_update_mixer : changed(0) -
10-24 21:48:35.941 3126 3794 I audio_hw_primary: select_devices -
10-24 21:48:35.941 3126 3794 V audio_hw_primary: start_output_stream-
10-24 21:48:35.941 3126 3794 D AudioFlinger: mixer(0xee940000) Spend too much time to write: delta 143(effect 0)
10-24 21:48:35.941 28114 28114 E Zygote : v2
10-24 21:48:35.951 28114 28114 I SELinux : Function: selinux_compare_spd_ram, index[1], SPD-policy is existed. and_ver=SEPF_SECMOBILE_6.0.1 ver=11
10-24 21:48:35.951 28114 28114 W SELinux : Function: selinux_compare_spd_ram, index[1], priority [2], priority version is VE=SEPF_SECMOBILE_6.0.1_0013
10-24 21:48:35.951 28114 28114 E Zygote : accessInfo : 0
10-24 21:48:35.971 3126 28100 I NuPlayerRenderer: kWhatPollingAudioStarted clock running played_out : 24845 us, audio_out : 0 us, gap : 24845 us
10-24 21:48:35.971 3126 28100 I MediaClock: setPlaybackRate rate : 1.000000
10-24 21:48:35.971 4346 8275 D CatchNotificationsService: onNotificationPosted
10-24 21:48:35.981 4130 4137 V MediaPlayer-JNI: native_finalize
10-24 21:48:35.981 4130 4137 V MediaPlayer-JNI: release
10-24 21:48:35.981 26793 26819 D BadgeProvider: query, [selection] : null
10-24 21:48:36.011 4130 4130 D PowerUI.ChargerAnimationView: Animation Started
10-24 21:48:36.011 4130 4130 D KeyguardViewMediator: handleNotifyScreenTurningOn
10-24 21:48:36.011 4130 4130 D KeyguardEffectViewController: onScreenTurningOn
10-24 21:48:36.011 4130 4130 D KeyguardEffectViewController: ## mBackgroundView.onResume()
10-24 21:48:36.011 4130 4130 D KeyguardEffectViewWallpaper: onResume()
10-24 21:48:36.011 28114 28114 D TimaKeyStoreProvider: TimaSignature is unavailable
10-24 21:48:36.011 28114 28114 D ActivityThread: Added TimaKeyStore provider
10-24 21:48:36.011 4130 4130 D KeyguardViewMediator: IKeyguardDrawnCallback.onDrawn()
10-24 21:48:36.011 3520 3542 V KeyguardServiceDelegate: **** SHOWN CALLED ****
10-24 21:48:36.011 4130 4130 D KeyguardViewMediator: handleNotifyWakingUp
10-24 21:48:36.011 4130 4130 D PhoneStatusBar: onUnlockHintStarted isSmartLock = false, isInSecureByLockTimeout=false
10-24 21:48:36.021 4130 4130 V KeyguardFingerPrint: updateFingerprintListeningState(false)
10-24 21:48:36.021 4130 4130 D KeyguardFingerPrint: shouldListenForFingerprint ( FingerPrint is not enabled. )
10-24 21:48:36.021 4130 4130 V KeyguardUpdateMonitor: stopListeningForFingerprint()
10-24 21:48:36.021 3099 3099 I SurfaceFlinger: id=132 createSurf (1440x2560),1 flag=4,
10-24 21:48:36.021 3126 3794 D AudioFlinger: mixer(0xee940000) throttle end: throttle time(55)
10-24 21:48:36.021 4130 4323 D mali_winsys: new_window_surface returns 0x3000, [1440x2560]-format:1
10-24 21:48:36.031 4346 8275 D CatchNotificationsSupportedAppsDBHelper: isDisabled value : false
10-24 21:48:36.031 4346 8275 D CatchNotificationsSupportedAppsDBHelper: isPackageSupported value : false
10-24 21:48:36.031 4346 8275 D CatchNotificationsService: Notification from package is not supported
10-24 21:48:36.041 28114 28114 I InjectionManager: Inside getClassLibPath + mLibMap{0=, 1=}
10-24 21:48:36.051 3520 3520 I SurveyLogManager: mDeviceInfo.mScreen = false
10-24 21:48:36.051 4130 4130 I InjectionManager: Inside getClassLibPath caller
10-24 21:48:36.051 9741 9741 I BeaconManager: BeaconManager.onReceive - receive Action : android.intent.action.SCREEN_OFF
10-24 21:48:36.051 9741 9741 D BeaconManager: BeaconManager.onReceive - end
10-24 21:48:36.051 28114 28114 I InjectionManager: Inside getClassLibPath caller
10-24 21:48:36.051 9741 9814 I BeaconManager: BeaconManager.BeaconManagerWorkHandler - BroadcastReceiver onReceive start
10-24 21:48:36.051 9741 9814 D BeaconManager: BeaconManager.mScreenObserver - action:android.intent.action.SCREEN_OFF
10-24 21:48:36.051 9741 9814 D BeaconManager: AppControlManager.screenOnIntentReceived - start
10-24 21:48:36.051 9741 9814 D BeaconManager: AppControlManager.screenOnIntentReceived - end
10-24 21:48:36.051 9741 9814 D BeaconManager: EasySetupManager.screenOnIntentReceived - start
10-24 21:48:36.051 9741 9814 D BeaconManager: EasySetupManager.screenOnIntentReceived - end
10-24 21:48:36.051 9741 9814 D BeaconManager: BleScanHelper.screenOnIntentReceived - start
10-24 21:48:36.051 4130 4130 D KnoxNotification: ----- inflateViews : modified publicViewLocal -----
10-24 21:48:36.061 3520 28110 D MISC PowerHAL: sysfs_write -: /sys/class/input/event0/device/enabled: 1
10-24 21:48:36.061 3520 28112 D MISC PowerHAL: sysfs_write -: /sys/class/input/event1/device/enabled: 1
10-24 21:48:36.061 3520 3612 D MISC PowerHAL: sysfs_write +: /sys/class/power_supply/battery/lcd: 1
10-24 21:48:36.061 3520 3612 D MISC PowerHAL: sysfs_write -: /sys/class/power_supply/battery/lcd: 1
10-24 21:48:36.061 3520 3612 D PowerManagerService-JNI: Excessive delay in MISC setInteractive(true) while turning screen on: 158ms
10-24 21:48:36.061 28114 28114 W System : ClassLoader referenced unknown path: /system/priv-app/MtpApplication/lib/arm64
10-24 21:48:36.061 28114 28114 D InjectionManager: InjectionManager
10-24 21:48:36.061 28114 28114 D InjectionManager: fillFeatureStoreMap com.samsung.android.MtpApplication
10-24 21:48:36.061 28114 28114 I InjectionManager: Constructor com.samsung.android.MtpApplication, Feature store :{}
10-24 21:48:36.061 28114 28114 I InjectionManager: featureStore :{}
10-24 21:48:36.061 4130 4130 D KnoxNotification: ----- inflateViews : modified KnoxViewLocal -----
10-24 21:48:36.061 28114 28114 E MTPRx : In MtpReceiverandroid.hardware.usb.action.USB_STATE
10-24 21:48:36.061 4130 4130 D PhoneStatusBar: setAreThereNotifications: N=3 any=true clearable=true
10-24 21:48:36.061 4130 4130 D ViewRootImpl: MSG_RESIZED_REPORT: ci=Rect(0, 0 - 0, 0) vi=Rect(0, 0 - 0, 0) or=1
10-24 21:48:36.061 4130 4130 D ViewRootImpl: MSG_RESIZED_REPORT: ci=Rect(0, 0 - 0, 0) vi=Rect(0, 0 - 0, 0) or=1
10-24 21:48:36.071 9741 9814 D BeaconManager: BleScanHelper.mBroadcastReceiver - Action: android.intent.action.SCREEN_OFF, user: 0
10-24 21:48:36.071 9741 9814 V BeaconManager: BleScanHelper.startBleScan - startBleScan
10-24 21:48:36.071 3126 28101 I NuPlayerDecoder: End of Stream
10-24 21:48:36.071 3520 4041 D SecContentProvider2: query(), uri = 14 selection = getSealedUsbMassStorageState
10-24 21:48:36.071 9741 9814 D BluetoothAdapter: STATE_BLE_ON
10-24 21:48:36.071 9741 9814 D BeaconManager: BleScanHelper.screenOnIntentReceived - end
10-24 21:48:36.071 9741 9814 I BeaconManager: BeaconManager.BeaconManagerWorkHandler - BroadcastReceiver onReceive end
10-24 21:48:36.071 3520 4604 V WindowStateAnimator: Finishing drawing window Window{e29cf3b u0 d0 com.android.systemui}: mDrawState=DRAW_PENDING
10-24 21:48:36.071 13979 13979 E SamsungIME: invoke(): method is null
10-24 21:48:36.071 9741 9815 D BeaconManager: BleScanHelper.MSG_CALL_START_LESCAN - ($)
10-24 21:48:36.071 28114 28114 E MTPRx : check value of boot_completed is1
10-24 21:48:36.071 28114 28114 D MTPRx : in initializeSettingsValues
10-24 21:48:36.071 9741 9815 D BluetoothAdapter: STATE_BLE_ON
10-24 21:48:36.071 9741 9815 D BluetoothAdapter: STATE_BLE_ON
10-24 21:48:36.071 9741 9815 D BluetoothAdapter: appoCount is = 0
10-24 21:48:36.071 9741 9815 I BeaconManager: BleScanHelper.directStopLeScan - call BleScanner.stopScan()
10-24 21:48:36.071 3099 3099 D libEGL : eglInitialize EGLDisplay = 0x7fc6961138
10-24 21:48:36.081 9741 9815 D BluetoothAdapter: STATE_BLE_ON
10-24 21:48:36.081 9741 9815 D BluetoothAdapter: appoCount is = 0
10-24 21:48:36.081 9741 9815 D BluetoothAdapter: STATE_BLE_ON
10-24 21:48:36.081 9741 9815 D BluetoothLeScanner: Stop Scan
10-24 21:48:36.081 6111 6111 D PackageUtils_v1.1.6: Package com.microsoft.office.onenote is signed with b9:25:13:6f:3e:a7:c0:a1:95:16:90:a1:ab:31:39:10:da:81:f4:09:94:a8:53:42:ec:62:28:88:f1:28:70:51
10-24 21:48:36.081 4130 4130 D KeyguardEffectViewController: onLayoutChange() v: com.android.keyguard.effect.EffectBehindView{1728aa1 V.E...... ......I. 0,0-1440,2560 #7f0e0325 app:id/keyguard_effect_behind}, bottom : 2560, oldBottom : 2560
10-24 21:48:36.081 6111 6111 D PackageUtils_v1.1.6: Package com.microsoft.office.powerpoint is signed with b9:25:13:6f:3e:a7:c0:a1:95:16:90:a1:ab:31:39:10:da:81:f4:09:94:a8:53:42:ec:62:28:88:f1:28:70:51
10-24 21:48:36.081 6111 6111 D PackageUtils_v1.1.6: Package com.microsoft.office.word is signed with b9:25:13:6f:3e:a7:c0:a1:95:16:90:a1:ab:31:39:10:da:81:f4:09:94:a8:53:42:ec:62:28:88:f1:28:70:51
10-24 21:48:36.091 28114 28114 E MTPRx : Sd-Card path/storage/Private
10-24 21:48:36.091 6111 6111 D PackageUtils_v1.1.6: Package com.microsoft.office.excel is signed with b9:25:13:6f:3e:a7:c0:a1:95:16:90:a1:ab:31:39:10:da:81:f4:09:94:a8:53:42:ec:62:28:88:f1:28:70:51
10-24 21:48:36.091 28114 28114 W System.err: remove failed: ENOENT (No such file or directory) : /storage/emulated/0/.mtp
10-24 21:48:36.091 28114 28114 E MTPRx : check booting is completed_sys.boot_completed
10-24 21:48:36.091 5755 10901 D BtGatt.GattService: [GSIM LOG]: getCallingProcessName: com.samsung.android.beaconmanager
10-24 21:48:36.091 5755 10901 D BtGatt.GattService: [GSIM LOG]: getCallingProcessName: com.samsung.android.beaconmanager
10-24 21:48:36.091 5755 10901 D BtGatt.GattService: stopScan() - queue size =1
10-24 21:48:36.091 5755 5971 E BtGatt.GattService: [GSIM LOG]: gsimLogHandler: com.samsung.android.beaconmanager, msg: MESSAGE_STOP_SCAN
10-24 21:48:36.091 5755 5971 D BtGatt.GattService: [GSIM LOG]: gsimLogHandler: prevDate: 24, currDate: 24
10-24 21:48:36.091 5755 5971 D BtGatt.GattService: [GSIM LOG]: updateScanTime: 0
10-24 21:48:36.091 5755 5971 D BtGatt.GattService: [GSIM LOG]: com.samsung.android.beaconmanager@Custom, R time : 254 => 254
10-24 21:48:36.091 5755 5971 D BtGatt.GattService: [GSIM LOG]: com.samsung.android.beaconmanager@Custom, A time : 254 => 254
10-24 21:48:36.091 5755 5971 D BtGatt.GattService: [GSIM LOG]: remove : com.samsung.android.beaconmanager at BLE_SCAN_ACTUAL_DB
10-24 21:48:36.091 5755 5971 D BtGatt.GattService: [GSIM LOG]: remove : com.samsung.android.beaconmanager at BLE_SCAN_REQUESTED_DB
10-24 21:48:36.091 5755 5940 D BtGatt.ScanManager: stop scan
10-24 21:48:36.091 5755 5940 D BtGatt.ScanManager: delete FilterIndex - 24
10-24 21:48:36.101 5755 5769 D BtGatt.GattService: unregisterClient() - clientIf=5
10-24 21:48:36.101 3520 4928 V WindowStateAnimator: Finishing drawing window Window{80318d3 u0 d0 StatusBar}: mDrawState=DRAW_PENDING
10-24 21:48:36.111 5755 5917 D BtGatt.GattService: onScanFilterParamsConfigured() - clientIf=5, status=0, action=1, availableSpace=29
10-24 21:48:36.111 5755 5917 D BtGatt.ScanManager: callback done for clientIf - 5 status - 0
10-24 21:48:36.111 5755 5940 D BtGatt.ScanManager: delete FilterIndex - 25
10-24 21:48:36.111 5755 5917 D BtGatt.GattService: onScanFilterParamsConfigured() - clientIf=5, status=0, action=1, availableSpace=30
10-24 21:48:36.111 5755 5917 D BtGatt.ScanManager: callback done for clientIf - 5 status - 0
10-24 21:48:36.111 5755 5940 D BtGatt.ScanManager: delete FilterIndex - 26
10-24 21:48:36.111 5755 5917 D BtGatt.GattService: onScanFilterParamsConfigured() - clientIf=5, status=0, action=1, availableSpace=31
10-24 21:48:36.111 5755 5917 D BtGatt.ScanManager: callback done for clientIf - 5 status - 0
10-24 21:48:36.111 5755 5940 D BtGatt.ScanManager: delete FilterIndex - 27
10-24 21:48:36.111 28114 28114 E MTPRx : Sd-Card path/storage/Private
10-24 21:48:36.111 5755 5917 D BtGatt.GattService: onScanFilterParamsConfigured() - clientIf=5, status=0, action=1, availableSpace=32
10-24 21:48:36.111 5755 5917 D BtGatt.ScanManager: callback done for clientIf - 5 status - 0
10-24 21:48:36.111 5755 5940 D BtGatt.ScanManager: configureRegularScanParams() - queue=0
10-24 21:48:36.111 5755 5940 D BtGatt.ScanManager: configureRegularScanParams() - ScanSetting Scan mode=-2147483648 mLastConfiguredScanSetting=100
10-24 21:48:36.111 5755 5940 D BtGatt.ScanManager: configureRegularScanParams() - queue emtpy, scan stopped
10-24 21:48:36.121 28114 28114 W MTPRx : value of connected istrue
10-24 21:48:36.121 28114 28114 W MTPRx : value of configured isfalse
10-24 21:48:36.121 28114 28114 W MTPRx : value of mtpEnabled istrue
10-24 21:48:36.121 28114 28114 W MTPRx : value of ptpEnabled isfalse
10-24 21:48:36.121 28114 28114 W MTPRx : value of vzw_charging isfalse
10-24 21:48:36.121 28114 28114 W MTPRx : value of sec_charging isfalse
10-24 21:48:36.121 28114 28114 E MTPRx : Received USB_STATE with sdCardLaunch = 0
10-24 21:48:36.121 28114 28114 E MTPRx : configured is false
10-24 21:48:36.121 3520 3582 W CAE : setCAProperty(ContextAwareService.java:578) - [setProperty 01] Mutex is locked for AUTO_ROTATION
10-24 21:48:36.121 3520 3582 I CAE : setPropertyValue(AutoRotationRunner.java:119) - Device Type = 0.0
10-24 21:48:36.121 3520 3582 I CAE : setCAProperty(ContextAwareService.java:583) - result : true
10-24 21:48:36.121 24965 24977 D ScoverManager: unregisterListener
10-24 21:48:36.121 3520 3582 W CAE : setCAProperty(ContextAwareService.java:584) - [setProperty 02] Mutex is unlocked for AUTO_ROTATION
10-24 21:48:36.121 3520 3582 W CAE : registerCallback(ContextAwareService.java:144) - [regi 01] Mutex is locked for AUTO_ROTATION
10-24 21:48:36.121 3520 4750 D CoverManager.StateNotifier: unregisterCallback : binder = android.os.BinderProxy@72cf7b2, pid : 24965, uid : 1000
10-24 21:48:36.121 3520 3582 V CAE : start(ContextProvider.java:128)
10-24 21:48:36.121 3520 3582 V CAE : clear(AutoRotationRunner.java:182)
10-24 21:48:36.121 3520 3582 V CAE : enable(AutoRotationRunner.java:158)
10-24 21:48:36.121 3520 3582 I CAE : sendCmdToSensorHub(SensorHubCommManager.java:162) - -79, 7, 0, 0,
10-24 21:48:36.121 3520 3582 D SensorHubManager: SendSensorHubData: send data = -79, 7, 0, 0
10-24 21:48:36.121 3135 3182 D Sensorhubs: sendContextData: -79, 7, 0, 0
10-24 21:48:36.121 3520 3582 D CAE : getFaultDetectionResult(AutoRotationRunner.java:195) - true
10-24 21:48:36.121 3520 3582 I CAE : notifyCmdProcessResultObserver(ContextProvider.java:627) - CheckResult = 0, Cause = Success
10-24 21:48:36.131 3099 3099 D libEGL : eglInitialize EGLDisplay = 0x7fc6961138
10-24 21:48:36.141 3520 3582 D CAE : doCommendProcess(ContextAwareService.java:433) - complete notify the operation result.
10-24 21:48:36.141 3520 3582 I CAE : displayUsedCountForService(ContextAwareService.java:525) - totalCnt = 1, serviceCount = 1, subCollectionCount = 0
10-24 21:48:36.141 3520 3582 D CAE : showListenerList(ContextAwareService.java:366) - ===== Context Aware Service List =====
10-24 21:48:36.141 3520 3582 I CAE : showListenerList(ContextAwareService.java:375) - Listener : com.samsung.android.contextaware.manager.ContextAwareService$Listener@d9ba157, Service : ACTIVITY_TRACKER_CURRENT_INFO(1)
10-24 21:48:36.141 3520 3582 I CAE : showListenerList(ContextAwareService.java:375) - Listener : com.samsung.android.contextaware.manager.ContextAwareService$Listener@312f78, Service : ANY_MOTION_DETECTOR_RUNNER(1)
10-24 21:48:36.141 3520 3582 I CAE : showListenerList(ContextAwareService.java:375) - Listener : com.samsung.android.contextaware.manager.ContextAwareService$Listener@973bf6c, Service : AUTO_BRIGHTNESS(1)
10-24 21:48:36.141 3520 3582 I CAE : showListenerList(ContextAwareService.java:375) - Listener : com.samsung.android.contextaware.manager.ContextAwareService$Listener@7f08c6e, Service : AUTO_ROTATION(1)
10-24 21:48:36.141 3520 3582 W CAE : registerCallback(ContextAwareService.java:180) - [regi 02] Mutex is unlocked for AUTO_ROTATION
10-24 21:48:36.141 3520 3582 D SContextService: .registerCallback : 3, client=
10-24 21:48:36.141 3520 3582 D SContextService: ===== SContext Service List =====
10-24 21:48:36.141 3520 3582 D SContextService: Listener : android.hardware.scontext.SContextService$Listener@63ed7b7, Service : Any Motion Detector
10-24 21:48:36.141 3520 3582 D SContextService: Listener : android.hardware.scontext.SContextService$Listener@4239935, Service : Auto Brightness
10-24 21:48:36.141 3520 3582 D SContextService: Listener : android.hardware.scontext.SContextService$Listener@7497f0f, Service : Auto Rotation
10-24 21:48:36.141 3520 3582 D SContextManager: .registerListener : listener = com.android.server.policy.WindowOrientationListener$OrientationSensorJudge@ba52b2c, service=Auto Rotation
10-24 21:48:36.141 3520 4089 D lights : button : 1 +
10-24 21:48:36.141 3099 3099 D libEGL : eglInitialize EGLDisplay = 0x7fc6961138
10-24 21:48:36.151 3126 28101 I NuPlayerDecoder: [audio] saw output EOS
10-24 21:48:36.151 3126 28100 I NuPlayerRenderer: onQueueEOS audio finalResult : -1011
10-24 21:48:36.171 3520 4089 D lights : button : 1 -
10-24 21:48:36.171 3520 4091 D lights : lcd : 194 +
10-24 21:48:36.171 3520 4091 D lights : lcd : 194 -
10-24 21:48:36.201 26846 26846 D [WeatherWidget(1177)] WeatherService: {[EC3334F14841398C8B464A72D0E61AB7CD7E766A36D06043166FAD39187431A3E5A9A2F81BDF9068B74904E1B1CB54105852D15DF140785519A7380F7492004E]}
10-24 21:48:36.211 26846 26846 D [WeatherWidget(1177)] WeatherService: {[EC3334F14841398C8B464A72D0E61AB770C36DD78E32DEDB63A3D99CA69289B2]}
10-24 21:48:36.211 4371 4371 I PeopleStripeManager: isExistVisibleHandler false
10-24 21:48:36.211 4371 4371 I PeopleStripeManager: hideStripe
10-24 21:48:36.211 9741 9815 I BeaconManager: BleScanHelper.startBleScan - Start filter Scan(SCREEN_ON)
10-24 21:48:36.211 9741 9815 D BluetoothLeScanner: Start Scan
10-24 21:48:36.211 9741 9815 D BluetoothAdapter: STATE_BLE_ON
10-24 21:48:36.211 9741 9815 D BluetoothAdapter: appoCount is = 0
10-24 21:48:36.221 4130 4130 I ViewCaptureUtil: Capture the lockscreen
10-24 21:48:36.221 9741 9815 D BluetoothAdapter: STATE_BLE_ON
10-24 21:48:36.221 9741 9815 D BluetoothAdapter: STATE_BLE_ON
10-24 21:48:36.221 3126 28100 I NuPlayerRenderer: [audio] notifyEOS() End of Stream, delayUs : 280729
10-24 21:48:36.221 3126 28100 V AudioSink: stop
10-24 21:48:36.221 9741 9815 D BluetoothAdapter: STATE_BLE_ON
10-24 21:48:36.221 9741 9815 D BluetoothAdapter: appoCount is = 0
10-24 21:48:36.231 5755 10901 D BtGatt.GattService: registerClient() - UUID=a71b767e-ff9f-434f-b115-142c92c8077d
10-24 21:48:36.241 28133 28133 E Zygote : v2
10-24 21:48:36.241 28133 28133 I SELinux : Function: selinux_compare_spd_ram, index[1], SPD-policy is existed. and_ver=SEPF_SECMOBILE_6.0.1 ver=11
10-24 21:48:36.241 28133 28133 W SELinux : Function: selinux_compare_spd_ram, index[1], priority [2], priority version is VE=SEPF_SECMOBILE_6.0.1_0013
10-24 21:48:36.241 28133 28133 E Zygote : accessInfo : 0
10-24 21:48:36.251 28133 28133 W SELinux : SELinux: seapp_context_lookup: seinfo=platform, level=s0:c512,c768, pkgname=com.sec.android.sidesync30
10-24 21:48:36.251 26846 26846 D [WeatherWidget(1177)] WeatherService: {[CC14338CDEB270B60D640F786827F1174E9C2D8FFA6C9AA3CAB1358188AE0871]}
10-24 21:48:36.271 28133 28133 D TimaKeyStoreProvider: TimaSignature is unavailable
10-24 21:48:36.271 28133 28133 D ActivityThread: Added TimaKeyStore provider
10-24 21:48:36.271 5755 5917 D BtGatt.GattService: onClientRegistered() - UUID=a71b767e-ff9f-434f-b115-142c92c8077d, clientIf=5
10-24 21:48:36.281 9741 9755 D BluetoothLeScanner: onClientRegistered() - status=0 clientIf=5
10-24 21:48:36.281 5755 10900 D BtGatt.GattService: start scan with filters
10-24 21:48:36.281 5755 10900 D BluetoothAdapter: STATE_BLE_ON
10-24 21:48:36.281 5755 10900 D BluetoothAdapter: appoCount is = 0
10-24 21:48:36.281 5755 10900 D BluetoothAdapter: STATE_BLE_ON
10-24 21:48:36.281 5755 10900 D BtGatt.GattService: getScanSettings
10-24 21:48:36.291 5755 10900 D BtGatt.GattService: Is it foreground application = false
10-24 21:48:36.291 5755 10900 D BtGatt.GattService: Its a background application running with Low Power scan mode
10-24 21:48:36.301 5755 10900 D BtGatt.GattService: [GSIM LOG]: getActualScanMode (100/5 vs -2147483648/0)
10-24 21:48:36.301 28133 28133 I InjectionManager: Inside getClassLibPath + mLibMap{0=, 1=}
10-24 21:48:36.311 3099 4021 D libEGL : eglTerminate EGLDisplay = 0x7f8d6fee78
10-24 21:48:36.311 3099 4021 D libEGL : eglTerminate EGLDisplay = 0x7f8d6fee78
10-24 21:48:36.311 3099 3289 I SurfaceFlinger: id=131 Removed DolorFade (17/17)
10-24 21:48:36.311 3099 4094 I SurfaceFlinger: id=131 Removed DolorFade (-2/17)
10-24 21:48:36.311 5755 10900 D BtGatt.GattService: [GSIM LOG]: getCallingProcessName: com.samsung.android.beaconmanager
10-24 21:48:36.311 5755 10900 D BtGatt.GattService: [GSIM LOG]: getCallingProcessName: com.samsung.android.beaconmanager
10-24 21:48:36.311 28133 28133 I InjectionManager: Inside getClassLibPath caller
10-24 21:48:36.321 3520 3601 V KeyguardServiceDelegate: onScreenTurnedOn()
10-24 21:48:36.321 5755 5971 E BtGatt.GattService: [GSIM LOG]: gsimLogHandler: com.samsung.android.beaconmanager, msg: MESSAGE_START_SCAN
10-24 21:48:36.321 5755 5971 D BtGatt.GattService: [GSIM LOG]: gsimLogHandler: prevDate: 24, currDate: 24
10-24 21:48:36.321 5755 5940 D BtGatt.ScanManager: handling starting scan
10-24 21:48:36.321 5755 5940 D BluetoothAdapter: STATE_BLE_ON
10-24 21:48:36.321 4130 6604 D KeyguardViewMediator: notifyScreenTurnedOn
10-24 21:48:36.321 4130 4130 D KeyguardViewMediator: handleNotifyScreenTurnedOn
10-24 21:48:36.321 5755 5940 D BluetoothAdapter: STATE_BLE_ON
10-24 21:48:36.321 5755 5940 D BluetoothAdapter: appoCount is = 0
10-24 21:48:36.321 5755 5940 D BluetoothAdapter: STATE_BLE_ON
10-24 21:48:36.321 5755 5940 D BluetoothAdapter: STATE_BLE_ON
10-24 21:48:36.321 5755 5940 D BluetoothAdapter: appoCount is = 0
10-24 21:48:36.321 5755 5940 D BluetoothAdapter: STATE_BLE_ON
10-24 21:48:36.321 5755 5940 D BluetoothAdapter: STATE_BLE_ON
10-24 21:48:36.321 5755 5940 D BluetoothAdapter: appoCount is = 0
10-24 21:48:36.321 5755 5917 D BtGatt.GattService: onScanFilterEnableDisabled() - clientIf=5, status=0, action=1
10-24 21:48:36.321 5755 5917 D BtGatt.ScanManager: callback done for clientIf - 5 status - 0
10-24 21:48:36.321 5755 5940 D BtGatt.ScanManager: set filter index= 28 for clientIf= 5
10-24 21:48:36.321 5755 5940 D BtGatt.ScanManager: addFilterToController: 5
10-24 21:48:36.321 5755 5917 D BtGatt.GattService: onScanFilterConfig() - clientIf=5, action = 0 status = 0, filterType=5, availableSpace=47
10-24 21:48:36.321 5755 5917 D BtGatt.ScanManager: callback done for clientIf - 5 status - 0
10-24 21:48:36.321 5755 5940 D BtGatt.ScanManager: High Rssi Filter value is = -128
10-24 21:48:36.321 5755 5940 D BtGatt.ScanManager: Low Rssi Filter value is = -128
10-24 21:48:36.321 5755 5940 D BtGatt.ScanManager: configureFilterParamter 500 10000 1 0highRssiThreshold = -128lowRssiThreshold = -128matchmode is =1
10-24 21:48:36.321 5755 5917 D BtGatt.GattService: onScanFilterParamsConfigured() - clientIf=5, status=0, action=0, availableSpace=31
10-24 21:48:36.321 5755 5917 D BtGatt.ScanManager: callback done for clientIf - 5 status - 0
10-24 21:48:36.321 5755 5940 D BtGatt.ScanManager: set filter index= 29 for clientIf= 5
10-24 21:48:36.321 5755 5940 D BtGatt.ScanManager: addFilterToController: 5
10-24 21:48:36.321 5755 5917 D BtGatt.GattService: onScanFilterConfig() - clientIf=5, action = 0 status = 0, filterType=5, availableSpace=46
10-24 21:48:36.321 5755 5917 D BtGatt.ScanManager: callback done for clientIf - 5 status - 0
10-24 21:48:36.321 5755 5971 D BtGatt.GattService: [GSIM LOG]: increaseScanCount : com.samsung.android.beaconmanager : 19
10-24 21:48:36.321 5755 5971 D BtGatt.GattService: [GSIM LOG]: increaseScanCount : com.samsung.android.beaconmanager, com.samsung.android.beaconmanager
10-24 21:48:36.321 5755 5940 D BtGatt.ScanManager: High Rssi Filter value is = -128
10-24 21:48:36.321 5755 5940 D BtGatt.ScanManager: Low Rssi Filter value is = -128
10-24 21:48:36.321 5755 5940 D BtGatt.ScanManager: configureFilterParamter 500 10000 1 0highRssiThreshold = -128lowRssiThreshold = -128matchmode is =1
10-24 21:48:36.321 3099 3099 D libEGL : eglTerminate EGLDisplay = 0x7fc6961268
10-24 21:48:36.331 5755 5917 D BtGatt.GattService: onScanFilterParamsConfigured() - clientIf=5, status=0, action=0, availableSpace=30
10-24 21:48:36.331 5755 5917 D BtGatt.ScanManager: callback done for clientIf - 5 status - 0
10-24 21:48:36.331 5755 5940 D BtGatt.ScanManager: set filter index= 30 for clientIf= 5
10-24 21:48:36.331 5755 5940 D BtGatt.ScanManager: addFilterToController: 5
10-24 21:48:36.331 5755 5917 D BtGatt.GattService: onScanFilterConfig() - clientIf=5, action = 0 status = 0, filterType=5, availableSpace=45
10-24 21:48:36.331 5755 5917 D BtGatt.ScanManager: callback done for clientIf - 5 status - 0
10-24 21:48:36.331 5755 5940 D BtGatt.ScanManager: High Rssi Filter value is = -128
10-24 21:48:36.331 5755 5940 D BtGatt.ScanManager: Low Rssi Filter value is = -128
10-24 21:48:36.331 5755 5940 D BtGatt.ScanManager: configureFilterParamter 500 10000 1 0highRssiThreshold = -128lowRssiThreshold = -128matchmode is =1
10-24 21:48:36.331 5755 5917 D BtGatt.GattService: onScanFilterParamsConfigured() - clientIf=5, status=0, action=0, availableSpace=29
10-24 21:48:36.331 5755 5917 D BtGatt.ScanManager: callback done for clientIf - 5 status - 0
10-24 21:48:36.331 5755 5940 D BtGatt.ScanManager: set filter index= 31 for clientIf= 5
10-24 21:48:36.331 5755 5940 D BtGatt.ScanManager: addFilterToController: 5
10-24 21:48:36.331 5755 5917 D BtGatt.GattService: onScanFilterConfig() - clientIf=5, action = 0 status = 0, filterType=5, availableSpace=44
10-24 21:48:36.331 5755 5917 D BtGatt.ScanManager: callback done for clientIf - 5 status - 0
10-24 21:48:36.331 5755 5940 D BtGatt.ScanManager: High Rssi Filter value is = -128
10-24 21:48:36.331 5755 5940 D BtGatt.ScanManager: Low Rssi Filter value is = -128
10-24 21:48:36.331 5755 5940 D BtGatt.ScanManager: configureFilterParamter 500 10000 1 0highRssiThreshold = -128lowRssiThreshold = -128matchmode is =1
10-24 21:48:36.331 5755 5917 D BtGatt.GattService: onScanFilterParamsConfigured() - clientIf=5, status=0, action=0, availableSpace=28
10-24 21:48:36.331 5755 5917 D BtGatt.ScanManager: callback done for clientIf - 5 status - 0
10-24 21:48:36.331 5755 5940 D BtGatt.ScanManager: configureRegularScanParams() - queue=1
10-24 21:48:36.331 5755 5940 I BtGatt.ScanManager: custom scan scanMode = 100
10-24 21:48:36.331 5755 5940 I BtGatt.ScanManager: New scan mode custom scan scanInterval = 3120scanWindow = 160
10-24 21:48:36.331 5755 5940 E BtGatt.ScanManager: default value of curScanSetting 0 is choosen
10-24 21:48:36.331 5755 5940 I BtGatt.ScanManager: newScanMode = 5newcurScanSetting = 0
10-24 21:48:36.331 5755 5940 I BtGatt.ScanManager: comparing = 5 with = 0
10-24 21:48:36.331 5755 5940 D BtGatt.ScanManager: configureRegularScanParams() - ScanSetting Scan mode=100 mLastConfiguredScanSetting=-2147483648
10-24 21:48:36.331 5755 5940 D BtGatt.ScanManager: configureRegularScanParams - scanInterval = 4992configureRegularScanParams - scanWindow = 256
10-24 21:48:36.331 5755 5917 D BtGatt.GattService: onScanParamSetupCompleted() status=0, clientIf=5
10-24 21:48:36.331 5755 5917 D BtGatt.GattService: onScanParamSetupCompleted : 0
10-24 21:48:36.331 4130 4130 D SecKeyguardStatusView: onScreenTurnedOn()
10-24 21:48:36.341 28133 28133 D SideSync30_SideSync30App: [58:onCreate] onCreate() start
10-24 21:48:36.341 28133 28133 D SideSync30_ControlServerManager: [100:] ControlServerManager
10-24 21:48:36.341 28133 28133 D SideSync30_ControlClientManager: [73:] ControlClientManager
10-24 21:48:36.341 5755 5971 D BtGatt.GattService: [GSIM LOG]: increaseScanCount 4 Battery : com.samsung.android.beaconmanager : 492
10-24 21:48:36.341 28133 28133 D SideSync30_SideSync30App: [75:onCreate] onCreate() end
10-24 21:48:36.341 28133 28133 D InjectionManager: InjectionManager
10-24 21:48:36.341 28133 28133 D InjectionManager: fillFeatureStoreMap com.sec.android.sidesync30
10-24 21:48:36.341 5755 5971 D BtGatt.GattService: [GSIM LOG]: setScanTime : com.samsung.android.beaconmanager : 24622848
10-24 21:48:36.341 5755 5971 D BtGatt.GattService: [GSIM LOG]: setRequestedScanType : com.samsung.android.beaconmanager : 100
10-24 21:48:36.341 5755 5971 D BtGatt.GattService: [GSIM LOG]: setActualScanType : com.samsung.android.beaconmanager : 100
10-24 21:48:36.341 5755 5971 D BtGatt.GattService: [GSIM LOG]: updateScanTime: 0
10-24 21:48:36.341 5755 5971 D BtGatt.GattService: [GSIM LOG]: com.samsung.android.beaconmanager@Custom, R time : 254 => 254
10-24 21:48:36.341 5755 5971 D BtGatt.GattService: [GSIM LOG]: com.samsung.android.beaconmanager@Custom, A time : 254 => 254
10-24 21:48:36.341 5755 5971 D BtGatt.GattService: [GSIM LOG]: updateScanTime: 0
10-24 21:48:36.341 5755 5971 D BtGatt.GattService: [GSIM LOG]: com.samsung.android.beaconmanager@Custom, R time : 254 => 254
10-24 21:48:36.341 5755 5971 D BtGatt.GattService: [GSIM LOG]: com.samsung.android.beaconmanager@Custom, A time : 254 => 254
10-24 21:48:36.341 5755 5971 D BtGatt.GattService: [GSIM LOG]: setActualScanType : com.samsung.android.beaconmanager : 100
10-24 21:48:36.341 5755 5971 D BtGatt.GattService: [GSIM LOG]: updateScanTime: 0
10-24 21:48:36.341 5755 5971 D BtGatt.GattService: [GSIM LOG]: com.samsung.android.beaconmanager@Custom, R time : 254 => 254
10-24 21:48:36.341 5755 5971 D BtGatt.GattService: [GSIM LOG]: com.samsung.android.beaconmanager@Custom, A time : 254 => 254
10-24 21:48:36.341 5755 5971 D BtGatt.GattService: [GSIM LOG]: setScanTime : com.samsung.android.beaconmanager : 24622848
10-24 21:48:36.341 3520 3520 D SensorService: SensorEventConnection::SocketBufferSize, SystemSocketBufferSize - 102400, 2097152
10-24 21:48:36.341 3520 3520 I Sensors : Light old sensor_state 0, new sensor_state : 512 en : 1
10-24 21:48:36.351 3520 3520 D SensorManager: registerListener :: 6, TMD4093 RGB Sensor, 200000, 0,
10-24 21:48:36.351 28133 28133 I InjectionManager: Constructor com.sec.android.sidesync30, Feature store :{}
10-24 21:48:36.351 28133 28133 I InjectionManager: featureStore :{}
10-24 21:48:36.351 28133 28133 D SideSync30_SideSyncReceiver: [59:onReceive] onReceive() action : android.hardware.usb.action.USB_STATE
10-24 21:48:36.351 26592 26592 I WifiApBroadcastReceiver: onReceive: action com.samsung.settings.wifi.PLUG_STATE_CHANGED
10-24 21:48:36.361 26592 26592 I WifiApBroadcastReceiver: Plugged
10-24 21:48:36.361 3520 3976 I Sensors : #>LightSensor r=25 g=15 b=13 c=35 atime=245 again=64 lux=14
10-24 21:48:36.361 3520 3610 I Sensors : Light old sensor_state 512, new sensor_state : 0 en : 0
10-24 21:48:36.371 3520 3610 D SensorManager: unregisterListener ::
10-24 21:48:36.371 3520 3610 D lights : led_pattern : 3 +
10-24 21:48:36.371 3520 3610 D lights : led_pattern : 3 -
10-24 21:48:36.371 28133 28133 D SideSync30_ConnectionManager: [315:setConnectionState] setConnectionState state : 17
10-24 21:48:36.381 26494 26494 D PR.PopupuiReceiver: >> onReceive() : com.samsung.systemui.power.action.ACTION_CABLE_CONNECTED
10-24 21:48:36.381 3520 5770 D SecContentProvider2: query(), uri = -1 selection = getSealedState
10-24 21:48:36.381 3520 4928 D SecContentProvider2: query(), uri = 15 selection = getSealedHideNotificationMessages
10-24 21:48:36.381 3520 4533 D SecContentProvider2: query(), uri = 15 selection = getCheckCoverPopupState
10-24 21:48:36.381 26494 26494 I PR.PopupuiReceiver_KNOX: knoxSealedHideNotiMsg : 0, knoxCheckCoverPopupState : true
10-24 21:48:36.381 26494 26494 D PR.PopupuiReceiver: actionCableConnected()
10-24 21:48:36.381 26494 26494 I PR.PopupuiReceiver: Action cable connected ! on -
10-24 21:48:36.391 3520 3520 I CAE : handleMessage(CaPowerManager.java:188) - AP_WAKEUP
10-24 21:48:36.391 3520 3520 I CAE : updateApPowerStatus(SensorHubParserProvider.java:443) - AP_WAKEUP
10-24 21:48:36.391 3520 3520 I CAE : sendCmdToSensorHub(SensorHubCommManager.java:162) - -76, 13, -47, 0,
10-24 21:48:36.391 3520 3520 D SensorHubManager: SendSensorHubData: send data = -76, 13, -47, 0
10-24 21:48:36.391 28133 28133 D SideSync30_ConnectionManager: [105:getMainContolState] getMainContolState CONNECTED : 0, DISCONNECTED : 1 1
10-24 21:48:36.391 3135 3135 D Sensorhubs: sendContextData: -76, 13, -47, 0
10-24 21:48:36.421 28114 28114 E MTPRx : In MtpReceiverandroid.hardware.usb.action.USB_STATE
10-24 21:48:36.421 3520 4041 D SecContentProvider2: query(), uri = 14 selection = getSealedUsbMassStorageState
10-24 21:48:36.421 28114 28114 E MTPRx : check value of boot_completed is1
10-24 21:48:36.421 28114 28114 E MTPRx : check booting is completed_sys.boot_completed
10-24 21:48:36.421 28114 28114 E MTPRx : Sd-Card path/storage/Private
10-24 21:48:36.421 28114 28114 W MTPRx : value of connected istrue
10-24 21:48:36.421 28114 28114 W MTPRx : value of configured istrue
10-24 21:48:36.421 28114 28114 W MTPRx : value of mtpEnabled istrue
10-24 21:48:36.421 28114 28114 W MTPRx : value of ptpEnabled isfalse
10-24 21:48:36.421 28114 28114 W MTPRx : value of vzw_charging isfalse
10-24 21:48:36.421 28114 28114 W MTPRx : value of sec_charging isfalse
10-24 21:48:36.421 28114 28114 E MTPRx : Received USB_STATE with sdCardLaunch = 0
10-24 21:48:36.421 28114 28114 E MTPRx : mFirstTime: false
10-24 21:48:36.421 3126 5084 V MediaPlayerService: Create new media retriever from pid 5808
10-24 21:48:36.431 3126 19918 I OggExtractor: ~OggExtractor ++
10-24 21:48:36.431 3126 19918 I OggExtractor: ~MyOggExtractor ++
10-24 21:48:36.431 3126 19918 I OggExtractor: ~MyOggExtractor --
10-24 21:48:36.431 3126 19918 I OggExtractor: ~OggExtractor --
10-24 21:48:36.441 3135 3181 D Sensorhubs: readContextData: 1, 1, 48, 0, 0, 0, 56, 0, 0, 0, 14
10-24 21:48:36.441 3520 3520 D UniversalCredentialManagerService: inside mBReciever onReceive : android.intent.action.SCREEN_ON
10-24 21:48:36.441 3520 4008 D SensorHubManager: onGetSensorHubDataLocked: library(11) = 1, 1, 48, 0, 0, 0, 56, 0, 0, 0, 14
10-24 21:48:36.441 3520 4007 D CAE : onGetSensorHubData(SensorHubParserProvider.java:92) - onGetSensorHubData Event [event buffer len :11], AP_WAKEUP
10-24 21:48:36.441 3520 4007 I CAE : parse(SensorHubParserProvider.java:188) - buffer size = 11
10-24 21:48:36.441 3520 4007 I CAE : parse(SensorHubParserProvider.java:199) - 1, 1, 48, 0, 0, 0, 56, 0, 0, 0, 14,
10-24 21:48:36.441 3520 4007 D CAE : display(ContextProvider.java:375) - ================= AUTO_BRIGHTNESS =================
10-24 21:48:36.441 3520 4007 I CAE : display(ContextProvider.java:391) - Candela=[56], AmbientLux=[14]
10-24 21:48:36.441 3520 4010 D SContextService: updateSContext() : event = Auto Brightness
10-24 21:48:36.451 3520 3520 D UniversalCredentialManagerService: ****MSG_LOCK_STATUS_UPDATE block started****
10-24 21:48:36.451 3520 3520 D UniversalCredentialManagerService: notifyChangeToPlugin is called for Lock status update...
10-24 21:48:36.451 3520 3520 D UcmService: notifyChangeToPlugin event 15
10-24 21:48:36.451 3520 3520 D UcmService: checkCallerPermissionFor is called for method-notifyChangeToPlugin
10-24 21:48:36.451 3520 3520 I UcmService: checkIfNotify for cs Name = com.samsung.ucs.agent.boot:com.samsung.ucs.agent.boot Package name = com.samsung.ucs.agent.boot
10-24 21:48:36.451 3520 3520 D UcmService: notifying to unmanaged plugin
10-24 21:48:36.451 28114 28114 D : MTP: reading debug level property
10-24 21:48:36.451 5742 22682 D BootAgentService: notifyChange eventId-15
10-24 21:48:36.451 3520 3520 D UcmService: agentService com.samsung.ucs.agent.boot:com.samsung.ucs.agent.boot notify status - -1
10-24 21:48:36.451 3520 3520 D UcmService: agentService status--1
10-24 21:48:36.451 3520 3520 I UcmService: checkIfNotify for cs Name = com.sec.smartcard.manager:com.samsung.ucs.agent.baiMobile Package name = com.sec.smartcard.manager
10-24 21:48:36.451 3520 3520 D UcmService: notifying to unmanaged plugin
10-24 21:48:36.451 5715 22684 E ucsBai_agentService: notifyChange NOT SUPPORTED
10-24 21:48:36.451 3520 3520 D UcmService: agentService com.sec.smartcard.manager:com.samsung.ucs.agent.baiMobile notify status - 0
10-24 21:48:36.451 3520 3520 D UcmService: agentService status-0
10-24 21:48:36.451 3520 3520 D UniversalCredentialManagerService: ****MSG_LOCK_STATUS_UPDATE block ended****
10-24 21:48:36.451 3126 3802 V MediaPlayerService: Create new media retriever from pid 5808
10-24 21:48:36.451 28114 28114 E MTPJNIInterface: Getting CryptionKey from JAVA
10-24 21:48:36.451 3126 3126 I OggExtractor: ~OggExtractor ++
10-24 21:48:36.451 3126 3126 I OggExtractor: ~MyOggExtractor ++
10-24 21:48:36.451 3126 3126 I OggExtractor: ~MyOggExtractor --
10-24 21:48:36.451 3126 3126 I OggExtractor: ~OggExtractor --
10-24 21:48:36.451 28114 28114 E MTPRx : currentUserId is 0
10-24 21:48:36.461 3520 4091 D lights : lcd : 192 +
10-24 21:48:36.461 28114 28114 E MTPRx : mtpCurrentGlobalUserId is 0
10-24 21:48:36.461 28114 28114 E MTPRx : Start observing USB_STATE_MATCH
10-24 21:48:36.471 28114 28114 E MTPRx : usbMode is 0200
10-24 21:48:36.471 3520 4091 D lights : lcd : 192 -
10-24 21:48:36.471 28114 28114 I EngineeringModeManager: com.samsung.android.MtpApplication connects to EngineeringModeService.
10-24 21:48:36.471 28114 28114 I EngineeringModeManager: getStatus() is called.
10-24 21:48:36.471 3520 4091 D lights : lcd : 188 +
10-24 21:48:36.471 3520 3520 I WifiTrafficPoller: evaluateTrafficStatsPolling
10-24 21:48:36.481 3520 4046 D WifiStateMachine: handleScreenStateChanged, screen on, start periodic scan !!!
10-24 21:48:36.481 3520 4046 D WifiNative-wlan0: callSECApiBoolean - ID [11]
10-24 21:48:36.481 4319 4319 I wpa_supplicant: STOP_PERIODIC_SCAN command
10-24 21:48:36.491 3520 4091 D lights : lcd : 188 -
10-24 21:48:36.491 3520 3610 D lights : led_pattern : 0 +
10-24 21:48:36.491 3520 3520 D EdgeLight: Turning on edge light for notification (NotificationRecord(0x0f2f0f13: pkg=com.google.android.gm user=UserHandle{0} id=84315862 tag=null score=0 key=0|com.google.android.gm|84315862|null|10140: Notification(pri=0 contentView=null vibrate=null sound=content://settings/system/notification_sound tick defaults=0x4 flags=0x11 color=0xffdb4437 category=email actions=2 vis=PRIVATE publicVersion=Notification(pri=0 contentView=com.google.android.gm/0x10900a3 vibrate=null sound=null defaults=0x0 flags=0x0 color=0xffdb4437 category=email vis=PUBLIC secFlags=0x0 secPriority=0) secFlags=0x0 secPriority=0))) with color=ffffffff
10-24 21:48:36.491 3520 3610 D lights : led_pattern : 0 -
10-24 21:48:36.501 3520 4046 E WifiNative-wlan0: do suspend false
10-24 21:48:36.501 4371 9312 D PeopleNotiListenerService: onEdgeNotificationPosted() : pkg android, id=84315862
10-24 21:48:36.501 3520 4167 I ENGMODE : Java_com_android_server_EngineeringModeService_nativeGetStatus: EM Version - 1.0.0
10-24 21:48:36.501 4371 4371 I PeopleNotiListenerService: sendEdgeNotification:
10-24 21:48:36.501 3126 19918 D audio_hw_primary: adev_set_parameters: enter: kvpairs: screen_state=on
10-24 21:48:36.501 4371 4371 I PeopleStripeService: PeopleNotificationReceiver:2
10-24 21:48:36.501 3126 28096 I NuPlayerRenderer: reachedAudioEOS (1)
10-24 21:48:36.501 3126 28096 V NuPlayer: reached audio EOS
10-24 21:48:36.501 3126 28096 V NuPlayer: msg : 2, ext1 : 0, ext2 : 0
10-24 21:48:36.501 3126 28096 D NuPlayerDriver: notifyListener_l(0xed3df080), (2, 0, 0)
10-24 21:48:36.501 3126 28096 V MediaPlayerService: [52] notify (0xed627d00, 2, 0, 0)
10-24 21:48:36.501 3126 28096 V GenericSource: pause
10-24 21:48:36.501 3126 28096 V GenericSource: [Flag] clear 0x1 -> mFlags = 0x8
10-24 21:48:36.501 3126 28100 I NuPlayerRenderer: onPause
10-24 21:48:36.501 3126 28100 I MediaClock: setPlaybackRate rate : 0.000000
10-24 21:48:36.501 3126 28100 V AudioSink: stop
10-24 21:48:36.501 4130 22746 V MediaPlayer: message received msg=2, ext1=0, ext2=0
10-24 21:48:36.501 4371 4371 I PeopleStripeService: sendEdgeNotification peopleEnabled true lightingEnabled true edgeEnabled true
10-24 21:48:36.501 4371 4371 I PeopleStripeManager: postEdgeNotification
10-24 21:48:36.501 4371 4371 I PeopleDataManager: postNotification
10-24 21:48:36.501 4371 4371 I NotificationParser: getNotiType:android,led_indicator
10-24 21:48:36.501 4371 4371 D PeopleStripeManager: requestEdgeLighting:people=null,packageName=android supported false
10-24 21:48:36.501 4130 22746 V MediaPlayer: playback complete
10-24 21:48:36.501 4130 22746 V MediaPlayer: callback application
10-24 21:48:36.501 4130 22746 V MediaPlayer: back from callback
10-24 21:48:36.501 3520 4925 I MediaFocusControl: AudioFocus abandonAudioFocus() from android.media.AudioManager$7cd5494
10-24 21:48:36.501 28114 28114 D MTPRx : getUsbdebugStatus() is 0
10-24 21:48:36.501 4130 28094 I MediaPlayer: sendBroadcast CONTEXT_AWARE_MUSIC_INFO - type(complete) - id(52)
10-24 21:48:36.511 3126 3677 I APM::AudioPolicyManager: stopOutput() output 2, stream 5, session 177
10-24 21:48:36.511 3520 4046 D WifiStateMachine: analyze kernel wifi wakelock
10-24 21:48:36.511 3520 4046 D WifiStateMachine: file not found /proc/wakelocks
10-24 21:48:36.511 28114 28114 V MtpMediaDBManager: inside isExistGUID resulttrue
10-24 21:48:36.521 28114 28114 E MTPRx : is_Privatemode is NOT 1
10-24 21:48:36.521 28114 28114 W MTPRx : Phone is locked : true
10-24 21:48:36.521 28114 28114 W MTPRx : driverdisplay.trust Status = 0
10-24 21:48:36.531 3520 3520 E SContext.CaeProvider: setAttribute() : attribute is null!
10-24 21:48:36.531 3520 3520 W CAE : registerCallback(ContextAwareService.java:144) - [regi 01] Mutex is locked for ACTIVITY_TRACKER
10-24 21:48:36.531 3520 3520 V CAE : start(ContextProvider.java:128)
10-24 21:48:36.531 3520 3520 V CAE : clear(ActivityTrackerRunner.java:108)
10-24 21:48:36.531 3520 3520 V CAE : enable(ActivityTrackerRunner.java:84)
10-24 21:48:36.531 3520 3520 I CAE : sendCmdToSensorHub(SensorHubCommManager.java:162) - -79, 26, 0, 0, 0, 0, 0, 0, 0, 0, 4, 48, 36,
10-24 21:48:36.531 3520 3520 D SensorHubManager: SendSensorHubData: send data = -79, 26, 0, 0, 0, 0, 0, 0, 0, 0, 4, 48, 36
10-24 21:48:36.531 3135 6965 D Sensorhubs: sendContextData: -79, 26, 0, 0, 0, 0, 0, 0, 0, 0, 4, 48, 36
10-24 21:48:36.531 3135 3181 D Sensorhubs: readContextData: 1, 1, 7, 0
10-24 21:48:36.531 3520 4008 D SensorHubManager: onGetSensorHubDataLocked: library(4) = 1, 1, 7, 0
10-24 21:48:36.531 3520 3520 D CAE : getFaultDetectionResult(ActivityTrackerRunner.java:154) - true
10-24 21:48:36.531 3520 3520 I CAE : notifyCmdProcessResultObserver(ContextProvider.java:627) - CheckResult = 0, Cause = Success
10-24 21:48:36.531 3520 4007 D CAE : onGetSensorHubData(SensorHubParserProvider.java:92) - onGetSensorHubData Event [event buffer len :4], AP_WAKEUP
10-24 21:48:36.541 3520 4007 I CAE : parse(SensorHubParserProvider.java:188) - buffer size = 4
10-24 21:48:36.541 3520 4007 I CAE : parse(SensorHubParserProvider.java:199) - 1, 1, 7, 0,
10-24 21:48:36.541 3520 4007 D CAE : display(ContextProvider.java:375) - ================= AUTO_ROTATION =================
10-24 21:48:36.541 3520 4007 I CAE : display(ContextProvider.java:391) - Angle=[0]
10-24 21:48:36.541 3520 4010 D SContextService: updateSContext() : event = Auto Rotation
10-24 21:48:36.541 28114 28114 D MTPRx : Shared devices screen OFF completedfalse
10-24 21:48:36.541 28114 28114 E MTPRx : Sending NORMAL_BOOT to stack
10-24 21:48:36.541 28114 28114 E MTPJNIInterface: noti = 17
10-24 21:48:36.541 3520 3520 D CAE : doCommendProcess(ContextAwareService.java:433) - complete notify the operation result.
10-24 21:48:36.541 3520 3520 I CAE : displayUsedCountForService(ContextAwareService.java:525) - totalCnt = 1, serviceCount = 1, subCollectionCount = 0
10-24 21:48:36.551 3520 3520 D CAE : showListenerList(ContextAwareService.java:366) - ===== Context Aware Service List =====
10-24 21:48:36.551 3520 3520 I CAE : showListenerList(ContextAwareService.java:375) - Listener : com.samsung.android.contextaware.manager.ContextAwareService$Listener@d9ba157, Service : ACTIVITY_TRACKER_CURRENT_INFO(1)
10-24 21:48:36.551 3520 3520 I CAE : showListenerList(ContextAwareService.java:375) - Listener : com.samsung.android.contextaware.manager.ContextAwareService$Listener@d9ba157, Service : ACTIVITY_TRACKER(1)
10-24 21:48:36.551 3520 3520 I CAE : showListenerList(ContextAwareService.java:375) - Listener : com.samsung.android.contextaware.manager.ContextAwareService$Listener@312f78, Service : ANY_MOTION_DETECTOR_RUNNER(1)
10-24 21:48:36.551 3520 3520 I CAE : showListenerList(ContextAwareService.java:375) - Listener : com.samsung.android.contextaware.manager.ContextAwareService$Listener@973bf6c, Service : AUTO_BRIGHTNESS(1)
10-24 21:48:36.551 3520 3520 I CAE : showListenerList(ContextAwareService.java:375) - Listener : com.samsung.android.contextaware.manager.ContextAwareService$Listener@7f08c6e, Service : AUTO_ROTATION(1)
10-24 21:48:36.551 3520 3520 W CAE : registerCallback(ContextAwareService.java:180) - [regi 02] Mutex is unlocked for ACTIVITY_TRACKER
10-24 21:48:36.551 3520 3520 D SContextService: .registerCallback : 4, client=
10-24 21:48:36.551 3520 3520 D SContextService: ===== SContext Service List =====
10-24 21:48:36.551 3520 3520 D SContextService: Listener : android.hardware.scontext.SContextService$Listener@63ed7b7, Service : Any Motion Detector
10-24 21:48:36.551 3520 3520 D SContextService: Listener : android.hardware.scontext.SContextService$Listener@4239935, Service : Auto Brightness
10-24 21:48:36.551 3520 3520 D SContextService: Listener : android.hardware.scontext.SContextService$Listener@7497f0f, Service : Auto Rotation
10-24 21:48:36.551 3520 3520 D SContextService: Listener : android.hardware.scontext.SContextService$Listener@d71aec9, Service : Activity Tracker
10-24 21:48:36.551 3520 3520 D SContextManager: .registerListener : listener = com.android.server.wifi.WifiServiceImpl$11@3051ed0, service=Activity Tracker
10-24 21:48:36.551 3520 3520 W CAE : getContextInfo(ContextAwareService.java:457) - [getContext 01] Mutex is locked for ACTIVITY_TRACKER_CURRENT_INFO
10-24 21:48:36.551 3520 3520 V CAE : enable(ActivityTrackerCurrentInfoRunner.java:178)
10-24 21:48:36.551 3520 3520 V CAE : clear(ActivityTrackerCurrentInfoRunner.java:202)
10-24 21:48:36.551 3520 3520 I CAE : sendCmdToSensorHub(SensorHubCommManager.java:162) - -72, 26, 1, 0,
10-24 21:48:36.551 3520 3520 D SensorHubManager: SendSensorHubData: send data = -72, 26, 1, 0
10-24 21:48:36.551 3135 3182 D Sensorhubs: sendContextData: -72, 26, 1, 0
10-24 21:48:36.551 3126 4062 V MediaPlayerService: Create new media retriever from pid 5808
10-24 21:48:36.551 3520 3520 D CAE : getFaultDetectionResult(ActivityTrackerCurrentInfoRunner.java:214) - true
10-24 21:48:36.551 3520 3520 I CAE : notifyCmdProcessResultObserver(ContextProvider.java:627) - CheckResult = 0, Cause = Success
10-24 21:48:36.551 3520 4392 D SecContentProvider: query(), uri = 18 selection = isUsbMediaPlayerAvailable
10-24 21:48:36.551 3126 5084 I OggExtractor: ~OggExtractor ++
10-24 21:48:36.551 3126 5084 I OggExtractor: ~MyOggExtractor ++
10-24 21:48:36.551 3126 5084 I OggExtractor: ~MyOggExtractor --
10-24 21:48:36.551 3126 5084 I OggExtractor: ~OggExtractor --
10-24 21:48:36.551 28114 28114 E MTPRx : User is personal
10-24 21:48:36.561 28114 28114 E MTPRx : sending MTP_ICON_ENABLED to stack
10-24 21:48:36.561 3520 3520 W CAE : getContextInfo(ContextAwareService.java:511) - [getContext 02] Mutex is unlocked for ACTIVITY_TRACKER_CURRENT_INFO
10-24 21:48:36.561 3520 3520 D SContextService: requestToUpdate() : service = Activity Tracker
10-24 21:48:36.561 3520 3520 D SContextManager: .requestToUpdate : listener = com.android.server.wifi.WifiServiceImpl$11@3051ed0, service=Activity Tracker
10-24 21:48:36.561 28114 28114 E MTPRx : else part ... so first time!!!
10-24 21:48:36.561 28114 28114 E MTPPlaObsrvr: inside setContext()
10-24 21:48:36.561 28114 28114 E MTPPlaObsrvr: inside createplafiles
10-24 21:48:36.571 3135 3181 D Sensorhubs: readContextData: 1, 1, 26, 1, 1, 8, 62, 50, -1, 0
10-24 21:48:36.571 3520 4008 D SensorHubManager: onGetSensorHubDataLocked: library(10) = 1, 1, 26, 1, 1, 8, 62, 50, -1, 0
10-24 21:48:36.571 3520 4007 D CAE : onGetSensorHubData(SensorHubParserProvider.java:92) - onGetSensorHubData Event [event buffer len :10], AP_WAKEUP
10-24 21:48:36.571 3520 4007 I CAE : parse(SensorHubParserProvider.java:188) - buffer size = 10
10-24 21:48:36.571 3520 4007 I CAE : parse(SensorHubParserProvider.java:199) - 1, 1, 26, 1, 1, 8, 62, 50, -1, 0,
10-24 21:48:36.571 3520 4007 D CAE : display(ContextProvider.java:375) - ================= ACTIVITY_TRACKER =================
10-24 21:48:36.571 3520 4007 I CAE : display(ContextProvider.java:391) - Accuracy=[0], OperationMode=[0], ActivityType=[-1], TimeStamp=[1477370916579]
10-24 21:48:36.571 3520 4010 D SContextService: updateSContext() : event = Activity Tracker
10-24 21:48:36.581 3520 3577 D GpsLocationProvider: receive broadcast intent, action: android.intent.action.SCREEN_ON
10-24 21:48:36.581 3520 3577 D GpsLocationProvider: android_location_GpsLocationProvider_set_lcd_mode --> mode:1 ++
10-24 21:48:36.581 3520 3577 D libexercise: Exercise::setLcdMode mode=1 restoring=F
10-24 21:48:36.581 3158 3158 D gpsd : WakeLock(Acquire,GPSD)
10-24 21:48:36.581 3158 3158 D gpsd : WakeLock(Release,GPSD)
