10-24 22:04:09.391 4521 4521 V LauncherAppWidgetHostView: calculateWidgetSize: (target widgetsize) using w/h 1359 712 span 5 2 (widgetid 3) [current Gridsize : GRID_5x5]
10-24 22:04:09.401 4521 4521 D LauncherAppWidgetHostView: calculateWidgetSize() widget = T-Mobile TV(widget id = 3) result hostview size = 1771 x 927
10-24 22:04:09.401 4521 4521 D LauncherAppWidgetHostView: setResizeScaleResult() 1771/ 927 scaleToResize = 0.7673631(widget id = 3) --------- beginning of system
10-24 22:04:11.551 3520 4392 D BatteryService: online:4, current avg:-159, charge type:1, power sharing:false, high voltage charger:false, capacity:280000, batterySWSelfDischarging:false, current_now:-135
10-24 22:04:11.551 3520 3520 D BatteryService: Sending ACTION_BATTERY_CHANGED.
10-24 22:04:11.551 3520 3520 I MotionRecognitionService: Plugged
10-24 22:04:11.551 3520 3520 D MotionRecognitionService: cableConnection= 1
10-24 22:04:11.551 3520 3520 D MotionRecognitionService: setPowerConnected | current backoffstate = 1024 , state =1024
10-24 22:04:11.551 3520 3520 D MotionRecognitionService: skip setTransmitPower.
10-24 22:04:11.561 3520 3520 I Tethering: BATTERY_CHANGED, level = 99lowBatteryThreshold = 15
10-24 22:04:11.571 4130 4130 D KeyguardUpdateMonitor: received broadcast android.intent.action.BATTERY_CHANGED
10-24 22:04:11.571 4130 4130 D KeyguardUpdateMonitor: handleBatteryUpdate
10-24 22:04:11.571 4130 4130 D PowerUI : priorPlugType = 2 mPlugType = 2
10-24 22:04:11.571 4130 4130 D PowerUI.Notification: showChargingNotice oldChargingType : 1 currentChargingType : 1 oldChargingTime : 90000 mChargingTime : 90000
10-24 22:04:11.571 4130 4130 D PowerUI.Notification: There is no change about charging status, so return!
10-24 22:04:11.591 4590 4590 D BatteryMonitor: new battery level: 99
10-24 22:04:11.621 3520 8428 D SSRM:n : SIOP:: AP = 260, PST = 260 (W:30), CP = 230, CUR = 160, LCD = 19
10-24 22:04:11.631 4130 4130 D BatteryMeterView: ACTION_BATTERY_CHANGED : level:99 status:2 health:2
10-24 22:04:11.631 4130 4130 D BatteryMeterView: ACTION_BATTERY_CHANGED : level:99 status:2 health:2
10-24 22:04:15.331 4521 4521 V LauncherAppWidgetHostView: calculateWidgetSize: (target widgetsize) using w/h 1359 712 span 5 2 (widgetid 3) [current Gridsize : GRID_5x5]
10-24 22:04:15.331 4521 4521 D LauncherAppWidgetHostView: calculateWidgetSize() widget = T-Mobile TV(widget id = 3) result hostview size = 1771 x 927
10-24 22:04:15.331 4521 4521 D LauncherAppWidgetHostView: setResizeScaleResult() 1771/ 927 scaleToResize = 0.7673631(widget id = 3)
10-24 22:04:15.351 4521 21036 D ViewSystem: updateTemporaryMetaData() has done.
10-24 22:04:15.361 4521 4521 V LauncherAppWidgetHostView: calculateWidgetSize: (target widgetsize) using w/h 1359 712 span 5 2 (widgetid 3) [current Gridsize : GRID_5x5]
10-24 22:04:15.361 4521 4521 D LauncherAppWidgetHostView: calculateWidgetSize() widget = T-Mobile TV(widget id = 3) result hostview size = 1771 x 927
10-24 22:04:15.361 4521 4521 D LauncherAppWidgetHostView: setResizeScaleResult() 1771/ 927 scaleToResize = 0.7673631(widget id = 3)
10-24 22:04:15.381 4521 4521 V LauncherAppWidgetHostView: calculateWidgetSize: (target widgetsize) using w/h 1359 712 span 5 2 (widgetid 3) [current Gridsize : GRID_5x5]
10-24 22:04:15.381 4521 4521 D LauncherAppWidgetHostView: calculateWidgetSize() widget = T-Mobile TV(widget id = 3) result hostview size = 1771 x 927
10-24 22:04:15.381 4521 4521 D LauncherAppWidgetHostView: setResizeScaleResult() 1771/ 927 scaleToResize = 0.7673631(widget id = 3)
10-24 22:04:15.391 4521 21036 D ViewSystem: updateRemoteViews(1) has done.
10-24 22:04:15.401 4521 4521 V LauncherAppWidgetHostView: calculateWidgetSize: (target widgetsize) using w/h 1359 712 span 5 2 (widgetid 3) [current Gridsize : GRID_5x5]
10-24 22:04:15.401 4521 4521 D LauncherAppWidgetHostView: calculateWidgetSize() widget = T-Mobile TV(widget id = 3) result hostview size = 1771 x 927
10-24 22:04:15.401 4521 4521 D LauncherAppWidgetHostView: setResizeScaleResult() 1771/ 927 scaleToResize = 0.7673631(widget id = 3)
10-24 22:04:16.171 3520 4345 E Watchdog: !@Sync 306 [10-24 22:04:16.179]
10-24 22:04:16.361 3110 3777 E NetlinkEvent: NetlinkEvent::FindParam(): Parameter 'LABEL' not found
10-24 22:04:16.361 3110 3777 E NetlinkEvent: NetlinkEvent::FindParam(): Parameter 'UID' not found
10-24 22:04:21.331 4521 4521 V LauncherAppWidgetHostView: calculateWidgetSize: (target widgetsize) using w/h 1359 712 span 5 2 (widgetid 3) [current Gridsize : GRID_5x5]
10-24 22:04:21.331 4521 4521 D LauncherAppWidgetHostView: calculateWidgetSize() widget = T-Mobile TV(widget id = 3) result hostview size = 1771 x 927
10-24 22:04:21.331 4521 4521 D LauncherAppWidgetHostView: setResizeScaleResult() 1771/ 927 scaleToResize = 0.7673631(widget id = 3)
10-24 22:04:21.331 3110 3777 E NetlinkEvent: NetlinkEvent::FindParam(): Parameter 'LABEL' not found
10-24 22:04:21.331 3110 3777 E NetlinkEvent: NetlinkEvent::FindParam(): Parameter 'UID' not found
10-24 22:04:21.361 4521 21036 D ViewSystem: updateTemporaryMetaData() has done.
10-24 22:04:21.371 4521 4521 V LauncherAppWidgetHostView: calculateWidgetSize: (target widgetsize) using w/h 1359 712 span 5 2 (widgetid 3) [current Gridsize : GRID_5x5]
10-24 22:04:21.371 4521 4521 D LauncherAppWidgetHostView: calculateWidgetSize() widget = T-Mobile TV(widget id = 3) result hostview size = 1771 x 927
10-24 22:04:21.371 4521 4521 D LauncherAppWidgetHostView: setResizeScaleResult() 1771/ 927 scaleToResize = 0.7673631(widget id = 3)
10-24 22:04:21.381 4521 4521 V LauncherAppWidgetHostView: calculateWidgetSize: (target widgetsize) using w/h 1359 712 span 5 2 (widgetid 3) [current Gridsize : GRID_5x5]
10-24 22:04:21.381 4521 4521 D LauncherAppWidgetHostView: calculateWidgetSize() widget = T-Mobile TV(widget id = 3) result hostview size = 1771 x 927
10-24 22:04:21.381 4521 4521 D LauncherAppWidgetHostView: setResizeScaleResult() 1771/ 927 scaleToResize = 0.7673631(widget id = 3)
10-24 22:04:21.391 4521 21036 D ViewSystem: updateRemoteViews(2) has done.
10-24 22:04:21.411 4521 4521 V LauncherAppWidgetHostView: calculateWidgetSize: (target widgetsize) using w/h 1359 712 span 5 2 (widgetid 3) [current Gridsize : GRID_5x5]
10-24 22:04:21.411 4521 4521 D LauncherAppWidgetHostView: calculateWidgetSize() widget = T-Mobile TV(widget id = 3) result hostview size = 1771 x 927
10-24 22:04:21.411 4521 4521 D LauncherAppWidgetHostView: setResizeScaleResult() 1771/ 927 scaleToResize = 0.7673631(widget id = 3)
10-24 22:04:21.621 3520 3520 I Tethering: BATTERY_CHANGED, level = 99lowBatteryThreshold = 15
10-24 22:04:21.621 4130 4130 D KeyguardUpdateMonitor: received broadcast android.intent.action.BATTERY_CHANGED
10-24 22:04:21.621 4130 4130 D KeyguardUpdateMonitor: handleBatteryUpdate
10-24 22:04:21.621 3520 4534 D BatteryService: !@BatteryListener : batteryPropertiesChanged!
10-24 22:04:21.621 3520 4534 D BatteryService: level:99, scale:100, status:2, health:2, present:true, voltage: 4220, temperature: 253, technology: Li-ion, AC powered:false, USB powered:true, POGO powered:false, Wireless powered:false, icon:17303413, invalid charger:0, maxChargingCurrent:0
10-24 22:04:21.621 3520 4534 D BatteryService: online:4, current avg:-152, charge type:1, power sharing:false, high voltage charger:false, capacity:280000, batterySWSelfDischarging:false, current_now:-260
10-24 22:04:21.621 3520 3520 D BatteryService: Sending ACTION_BATTERY_CHANGED.
10-24 22:04:21.621 3520 3520 I MotionRecognitionService: Plugged
10-24 22:04:21.621 3520 3520 D MotionRecognitionService: cableConnection= 1
10-24 22:04:21.621 3520 3520 D MotionRecognitionService: setPowerConnected | current backoffstate = 1024 , state =1024
10-24 22:04:21.621 3520 3520 D MotionRecognitionService: skip setTransmitPower.
10-24 22:04:21.621 4130 4130 D PowerUI : priorPlugType = 2 mPlugType = 2
10-24 22:04:21.631 4590 4590 D BatteryMonitor: new battery level: 99
10-24 22:04:21.631 4130 4130 D PowerUI.Notification: showChargingNotice oldChargingType : 1 currentChargingType : 1 oldChargingTime : 90000 mChargingTime : 90000
10-24 22:04:21.631 4130 4130 D PowerUI.Notification: There is no change about charging status, so return!
10-24 22:04:21.631 4130 4130 D BatteryMeterView: ACTION_BATTERY_CHANGED : level:99 status:2 health:2
10-24 22:04:21.651 4130 4130 D BatteryMeterView: ACTION_BATTERY_CHANGED : level:99 status:2 health:2
10-24 22:04:21.681 3520 8428 D SSRM:n : SIOP:: AP = 260, PST = 260 (W:30), CP = 230, CUR = 153, LCD = 19
10-24 22:04:22.091 3520 4005 V AlarmManager: Expired Alarm result :4
10-24 22:04:22.131 3520 4928 V AlarmManager: remove PendingIntent] PendingIntent{849229a: PendingIntentRecord{15fab45 com.android.bluetooth broadcastIntent}}
10-24 22:04:22.141 3520 5770 V AlarmManager: remove PendingIntent] PendingIntent{ccad7cb: PendingIntentRecord{15fab45 com.android.bluetooth broadcastIntent}}
10-24 22:04:22.141 3520 4167 V AlarmManager: remove PendingIntent] PendingIntent{21feba8: PendingIntentRecord{15fab45 com.android.bluetooth broadcastIntent}}
10-24 22:04:22.151 3520 4850 V AlarmManager: remove PendingIntent] PendingIntent{d54b6c1: PendingIntentRecord{15fab45 com.android.bluetooth broadcastIntent}}
10-24 22:04:22.161 3520 4392 V AlarmManager: remove PendingIntent] PendingIntent{706ce66: PendingIntentRecord{15fab45 com.android.bluetooth broadcastIntent}}
10-24 22:04:22.161 3520 3543 V AlarmManager: remove PendingIntent] PendingIntent{9ad25a7: PendingIntentRecord{15fab45 com.android.bluetooth broadcastIntent}}
10-24 22:04:22.171 3520 5770 V AlarmManager: remove PendingIntent] PendingIntent{65c1a54: PendingIntentRecord{15fab45 com.android.bluetooth broadcastIntent}}
10-24 22:04:22.171 3520 4167 V AlarmManager: remove PendingIntent] PendingIntent{634fdfd: PendingIntentRecord{15fab45 com.android.bluetooth broadcastIntent}}
10-24 22:04:22.171 3520 4850 V AlarmManager: remove PendingIntent] PendingIntent{8a16af2: PendingIntentRecord{15fab45 com.android.bluetooth broadcastIntent}}
10-24 22:04:22.181 3520 4392 V AlarmManager: remove PendingIntent] PendingIntent{47c7543: PendingIntentRecord{15fab45 com.android.bluetooth broadcastIntent}}
10-24 22:04:22.181 3520 3543 V AlarmManager: remove PendingIntent] PendingIntent{98a87c0: PendingIntentRecord{15fab45 com.android.bluetooth broadcastIntent}}
10-24 22:04:22.191 3520 5770 V AlarmManager: remove PendingIntent] PendingIntent{3d87cf9: PendingIntentRecord{15fab45 com.android.bluetooth broadcastIntent}}
10-24 22:04:22.191 3520 4167 V AlarmManager: remove PendingIntent] PendingIntent{ad7443e: PendingIntentRecord{15fab45 com.android.bluetooth broadcastIntent}}
10-24 22:04:22.201 3520 3542 V AlarmManager: remove PendingIntent] PendingIntent{a67229f: PendingIntentRecord{15fab45 com.android.bluetooth broadcastIntent}}
10-24 22:04:22.201 3520 4392 V AlarmManager: remove PendingIntent] PendingIntent{705fec: PendingIntentRecord{15fab45 com.android.bluetooth broadcastIntent}}
10-24 22:04:22.201 3520 3543 V AlarmManager: remove PendingIntent] PendingIntent{99aefb5: PendingIntentRecord{15fab45 com.android.bluetooth broadcastIntent}}
10-24 22:04:22.211 3520 5770 V AlarmManager: remove PendingIntent] PendingIntent{6ff664a: PendingIntentRecord{15fab45 com.android.bluetooth broadcastIntent}}
10-24 22:04:22.211 3520 4167 V AlarmManager: remove PendingIntent] PendingIntent{32549bb: PendingIntentRecord{15fab45 com.android.bluetooth broadcastIntent}}
10-24 22:04:22.221 3520 3542 V AlarmManager: remove PendingIntent] PendingIntent{4f98ed8: PendingIntentRecord{15fab45 com.android.bluetooth broadcastIntent}}
10-24 22:04:22.221 3520 4392 V AlarmManager: remove PendingIntent] PendingIntent{ad7d231: PendingIntentRecord{15fab45 com.android.bluetooth broadcastIntent}}
10-24 22:04:22.221 3520 3543 V AlarmManager: remove PendingIntent] PendingIntent{2d59d16: PendingIntentRecord{15fab45 com.android.bluetooth broadcastIntent}}
10-24 22:04:22.231 3520 5770 V AlarmManager: remove PendingIntent] PendingIntent{fd4c697: PendingIntentRecord{15fab45 com.android.bluetooth broadcastIntent}}
10-24 22:04:22.231 3520 4167 V AlarmManager: remove PendingIntent] PendingIntent{1e4c084: PendingIntentRecord{15fab45 com.android.bluetooth broadcastIntent}}
10-24 22:04:22.241 3520 3542 V AlarmManager: remove PendingIntent] PendingIntent{b26606d: PendingIntentRecord{15fab45 com.android.bluetooth broadcastIntent}}
10-24 22:04:22.241 3520 4392 V AlarmManager: remove PendingIntent] PendingIntent{20674a2: PendingIntentRecord{15fab45 com.android.bluetooth broadcastIntent}}
10-24 22:04:22.251 3520 3543 V AlarmManager: remove PendingIntent] PendingIntent{b953533: PendingIntentRecord{15fab45 com.android.bluetooth broadcastIntent}}
10-24 22:04:22.261 3520 5770 V AlarmManager: remove PendingIntent] PendingIntent{d2f60f0: PendingIntentRecord{15fab45 com.android.bluetooth broadcastIntent}}
10-24 22:04:22.261 3520 4750 V AlarmManager: remove PendingIntent] PendingIntent{6559669: PendingIntentRecord{15fab45 com.android.bluetooth broadcastIntent}}
10-24 22:04:22.271 3520 3542 V AlarmManager: remove PendingIntent] PendingIntent{47b38ee: PendingIntentRecord{15fab45 com.android.bluetooth broadcastIntent}}
10-24 22:04:22.271 3520 4392 V AlarmManager: remove PendingIntent] PendingIntent{9e3f18f: PendingIntentRecord{15fab45 com.android.bluetooth broadcastIntent}}
10-24 22:04:22.281 3520 4604 V AlarmManager: remove PendingIntent] PendingIntent{d419c1c: PendingIntentRecord{15fab45 com.android.bluetooth broadcastIntent}}
10-24 22:04:22.281 3520 4645 V AlarmManager: remove PendingIntent] PendingIntent{c283025: PendingIntentRecord{15fab45 com.android.bluetooth broadcastIntent}}
10-24 22:04:22.291 3520 4750 V AlarmManager: remove PendingIntent] PendingIntent{d65f5fa: PendingIntentRecord{15fab45 com.android.bluetooth broadcastIntent}}
10-24 22:04:22.301 3520 4925 V AlarmManager: remove PendingIntent] PendingIntent{eb817ab: PendingIntentRecord{15fab45 com.android.bluetooth broadcastIntent}}
10-24 22:04:22.301 3520 4287 V AlarmManager: remove PendingIntent] PendingIntent{4da5e08: PendingIntentRecord{15fab45 com.android.bluetooth broadcastIntent}}
10-24 22:04:22.311 3520 4604 V AlarmManager: remove PendingIntent] PendingIntent{bd0a9a1: PendingIntentRecord{15fab45 com.android.bluetooth broadcastIntent}}
10-24 22:04:22.311 3520 4645 V AlarmManager: remove PendingIntent] PendingIntent{f0d77c6: PendingIntentRecord{15fab45 com.android.bluetooth broadcastIntent}}
10-24 22:04:22.321 3520 4850 V AlarmManager: remove PendingIntent] PendingIntent{c5e8387: PendingIntentRecord{15fab45 com.android.bluetooth broadcastIntent}}
10-24 22:04:22.331 3520 4534 V AlarmManager: remove PendingIntent] PendingIntent{1bb52b4: PendingIntentRecord{15fab45 com.android.bluetooth broadcastIntent}}
10-24 22:04:22.331 3520 3543 V AlarmManager: remove PendingIntent] PendingIntent{b2d3edd: PendingIntentRecord{15fab45 com.android.bluetooth broadcastIntent}}
10-24 22:04:22.341 3520 5770 V AlarmManager: remove PendingIntent] PendingIntent{7594a52: PendingIntentRecord{15fab45 com.android.bluetooth broadcastIntent}}
10-24 22:04:22.341 3520 4041 V AlarmManager: remove PendingIntent] PendingIntent{315d123: PendingIntentRecord{15fab45 com.android.bluetooth broadcastIntent}}
10-24 22:04:22.351 3520 4850 V AlarmManager: remove PendingIntent] PendingIntent{a14e620: PendingIntentRecord{15fab45 com.android.bluetooth broadcastIntent}}
10-24 22:04:22.361 3520 4534 V AlarmManager: remove PendingIntent] PendingIntent{5c3ebd9: PendingIntentRecord{15fab45 com.android.bluetooth broadcastIntent}}
10-24 22:04:22.361 3520 4928 V AlarmManager: remove PendingIntent] PendingIntent{91db99e: PendingIntentRecord{15fab45 com.android.bluetooth broadcastIntent}}
10-24 22:04:22.371 3520 5770 V AlarmManager: remove PendingIntent] PendingIntent{e6a5c7f: PendingIntentRecord{15fab45 com.android.bluetooth broadcastIntent}}
10-24 22:04:22.371 3520 4041 V AlarmManager: remove PendingIntent] PendingIntent{4b2444c: PendingIntentRecord{15fab45 com.android.bluetooth broadcastIntent}}
10-24 22:04:22.381 3520 4925 V AlarmManager: remove PendingIntent] PendingIntent{f7e6c95: PendingIntentRecord{15fab45 com.android.bluetooth broadcastIntent}}
10-24 22:04:22.391 3520 4287 V AlarmManager: remove PendingIntent] PendingIntent{e27d1aa: PendingIntentRecord{15fab45 com.android.bluetooth broadcastIntent}}
10-24 22:04:22.391 3520 4533 V AlarmManager: remove PendingIntent] PendingIntent{c52419b: PendingIntentRecord{15fab45 com.android.bluetooth broadcastIntent}}
10-24 22:04:22.401 3520 4041 V AlarmManager: remove PendingIntent] PendingIntent{7e55938: PendingIntentRecord{15fab45 com.android.bluetooth broadcastIntent}}
10-24 22:04:22.411 3520 4167 V AlarmManager: remove PendingIntent] PendingIntent{7263d11: PendingIntentRecord{15fab45 com.android.bluetooth broadcastIntent}}
10-24 22:04:22.421 3520 4534 V AlarmManager: remove PendingIntent] PendingIntent{e095e76: PendingIntentRecord{15fab45 com.android.bluetooth broadcastIntent}}
10-24 22:04:22.431 3520 4928 V AlarmManager: remove PendingIntent] PendingIntent{a095c77: PendingIntentRecord{15fab45 com.android.bluetooth broadcastIntent}}
10-24 22:04:22.441 3520 4645 V AlarmManager: remove PendingIntent] PendingIntent{b32d0e4: PendingIntentRecord{15fab45 com.android.bluetooth broadcastIntent}}
10-24 22:04:22.451 3520 4750 V AlarmManager: remove PendingIntent] PendingIntent{4a0994d: PendingIntentRecord{15fab45 com.android.bluetooth broadcastIntent}}
10-24 22:04:22.461 3520 4850 V AlarmManager: remove PendingIntent] PendingIntent{5a4ec02: PendingIntentRecord{15fab45 com.android.bluetooth broadcastIntent}}
10-24 22:04:22.471 3520 3543 V AlarmManager: remove PendingIntent] PendingIntent{2ad4913: PendingIntentRecord{15fab45 com.android.bluetooth broadcastIntent}}
10-24 22:04:22.481 3520 4533 V AlarmManager: remove PendingIntent] PendingIntent{7be1750: PendingIntentRecord{15fab45 com.android.bluetooth broadcastIntent}}
10-24 22:04:22.491 3520 4750 V AlarmManager: remove PendingIntent] PendingIntent{eea7d49: PendingIntentRecord{15fab45 com.android.bluetooth broadcastIntent}}
10-24 22:04:22.511 3520 4850 V AlarmManager: remove PendingIntent] PendingIntent{b79c64e: PendingIntentRecord{15fab45 com.android.bluetooth broadcastIntent}}
10-24 22:04:22.521 3520 3543 V AlarmManager: remove PendingIntent] PendingIntent{b99636f: PendingIntentRecord{15fab45 com.android.bluetooth broadcastIntent}}
10-24 22:04:22.541 3520 4533 V AlarmManager: remove PendingIntent] PendingIntent{375587c: PendingIntentRecord{15fab45 com.android.bluetooth broadcastIntent}}
10-24 22:04:22.561 3520 4041 V AlarmManager: remove PendingIntent] PendingIntent{5d4a505: PendingIntentRecord{15fab45 com.android.bluetooth broadcastIntent}}
10-24 22:04:22.581 3520 4167 V AlarmManager: remove PendingIntent] PendingIntent{caff95a: PendingIntentRecord{15fab45 com.android.bluetooth broadcastIntent}}
10-24 22:04:22.591 3520 5770 V AlarmManager: remove PendingIntent] PendingIntent{a82c78b: PendingIntentRecord{15fab45 com.android.bluetooth broadcastIntent}}
10-24 22:04:22.601 3520 4604 V AlarmManager: remove PendingIntent] PendingIntent{2fd8068: PendingIntentRecord{15fab45 com.android.bluetooth broadcastIntent}}
10-24 22:04:22.611 3520 3542 V AlarmManager: remove PendingIntent] PendingIntent{b7f8c81: PendingIntentRecord{15fab45 com.android.bluetooth broadcastIntent}}
10-24 22:04:22.621 3520 4167 V AlarmManager: remove PendingIntent] PendingIntent{ee45126: PendingIntentRecord{15fab45 com.android.bluetooth broadcastIntent}}
10-24 22:04:22.621 3520 5770 V AlarmManager: remove PendingIntent] PendingIntent{1545167: PendingIntentRecord{15fab45 com.android.bluetooth broadcastIntent}}
10-24 22:04:22.631 3520 4387 V AlarmManager: remove PendingIntent] PendingIntent{e5e3b14: PendingIntentRecord{15fab45 com.android.bluetooth broadcastIntent}}
10-24 22:04:22.641 3520 4041 V AlarmManager: remove PendingIntent] PendingIntent{9976fbd: PendingIntentRecord{15fab45 com.android.bluetooth broadcastIntent}}
10-24 22:04:22.641 3520 4850 V AlarmManager: remove PendingIntent] PendingIntent{2b459b2: PendingIntentRecord{15fab45 com.android.bluetooth broadcastIntent}}
10-24 22:04:22.651 3520 4925 V AlarmManager: remove PendingIntent] PendingIntent{bca9d03: PendingIntentRecord{15fab45 com.android.bluetooth broadcastIntent}}
10-24 22:04:22.651 3520 5770 V AlarmManager: remove PendingIntent] PendingIntent{46df480: PendingIntentRecord{15fab45 com.android.bluetooth broadcastIntent}}
10-24 22:04:22.661 3520 4750 V AlarmManager: remove PendingIntent] PendingIntent{e504ab9: PendingIntentRecord{15fab45 com.android.bluetooth broadcastIntent}}
10-24 22:04:22.671 3520 4534 V AlarmManager: remove PendingIntent] PendingIntent{30a5efe: PendingIntentRecord{15fab45 com.android.bluetooth broadcastIntent}}
10-24 22:04:22.671 3520 4392 V AlarmManager: remove PendingIntent] PendingIntent{ad0065f: PendingIntentRecord{15fab45 com.android.bluetooth broadcastIntent}}
10-24 22:04:22.681 3520 3543 V AlarmManager: remove PendingIntent] PendingIntent{8fdd8ac: PendingIntentRecord{15fab45 com.android.bluetooth broadcastIntent}}
10-24 22:04:22.691 3520 4387 V AlarmManager: remove PendingIntent] PendingIntent{d21d975: PendingIntentRecord{15fab45 com.android.bluetooth broadcastIntent}}
10-24 22:04:22.691 3520 4750 V AlarmManager: remove PendingIntent] PendingIntent{d296d0a: PendingIntentRecord{15fab45 com.android.bluetooth broadcastIntent}}
10-24 22:04:22.701 3520 4287 V AlarmManager: remove PendingIntent] PendingIntent{998a97b: PendingIntentRecord{15fab45 com.android.bluetooth broadcastIntent}}
10-24 22:04:22.721 3520 4167 V AlarmManager: remove PendingIntent] PendingIntent{9c5d398: PendingIntentRecord{15fab45 com.android.bluetooth broadcastIntent}}
10-24 22:04:22.741 3520 4645 V AlarmManager: remove PendingIntent] PendingIntent{f4397f1: PendingIntentRecord{15fab45 com.android.bluetooth broadcastIntent}}
10-24 22:04:22.751 3520 4533 V AlarmManager: remove PendingIntent] PendingIntent{d794fd6: PendingIntentRecord{15fab45 com.android.bluetooth broadcastIntent}}
10-24 22:04:22.751 3520 4534 V AlarmManager: remove PendingIntent] PendingIntent{87e6257: PendingIntentRecord{15fab45 com.android.bluetooth broadcastIntent}}
10-24 22:04:22.761 3520 4928 V AlarmManager: remove PendingIntent] PendingIntent{6109144: PendingIntentRecord{15fab45 com.android.bluetooth broadcastIntent}}
10-24 22:04:22.761 3520 3543 V AlarmManager: remove PendingIntent] PendingIntent{fe8c22d: PendingIntentRecord{15fab45 com.android.bluetooth broadcastIntent}}
10-24 22:04:22.771 3520 4387 V AlarmManager: remove PendingIntent] PendingIntent{d129362: PendingIntentRecord{15fab45 com.android.bluetooth broadcastIntent}}
10-24 22:04:22.781 3520 4750 V AlarmManager: remove PendingIntent] PendingIntent{99cccf3: PendingIntentRecord{15fab45 com.android.bluetooth broadcastIntent}}
10-24 22:04:22.821 3520 3530 I art : Background sticky concurrent mark sweep GC freed 124837(9MB) AllocSpace objects, 221(4MB) LOS objects, 24% free, 46MB/62MB, paused 3.896ms total 111.531ms
10-24 22:04:27.311 4521 4521 V LauncherAppWidgetHostView: calculateWidgetSize: (target widgetsize) using w/h 1359 712 span 5 2 (widgetid 3) [current Gridsize : GRID_5x5]
10-24 22:04:27.311 4521 4521 D LauncherAppWidgetHostView: calculateWidgetSize() widget = T-Mobile TV(widget id = 3) result hostview size = 1771 x 927
10-24 22:04:27.311 4521 4521 D LauncherAppWidgetHostView: setResizeScaleResult() 1771/ 927 scaleToResize = 0.7673631(widget id = 3)
10-24 22:04:31.691 3520 3520 I Tethering: BATTERY_CHANGED, level = 99lowBatteryThreshold = 15
10-24 22:04:31.691 3520 4387 D BatteryService: !@BatteryListener : batteryPropertiesChanged!
10-24 22:04:31.691 3520 4387 D BatteryService: level:99, scale:100, status:2, health:2, present:true, voltage: 4233, temperature: 253, technology: Li-ion, AC powered:false, USB powered:true, POGO powered:false, Wireless powered:false, icon:17303413, invalid charger:0, maxChargingCurrent:0
10-24 22:04:31.691 3520 4387 D BatteryService: online:4, current avg:-154, charge type:1, power sharing:false, high voltage charger:false, capacity:280000, batterySWSelfDischarging:false, current_now:-140
10-24 22:04:31.691 3520 3520 D BatteryService: Sending ACTION_BATTERY_CHANGED.
10-24 22:04:31.691 3520 3520 I MotionRecognitionService: Plugged
10-24 22:04:31.691 3520 3520 D MotionRecognitionService: cableConnection= 1
10-24 22:04:31.691 3520 3520 D MotionRecognitionService: setPowerConnected | current backoffstate = 1024 , state =1024
10-24 22:04:31.691 3520 3520 D MotionRecognitionService: skip setTransmitPower.
10-24 22:04:31.701 4130 4130 D KeyguardUpdateMonitor: received broadcast android.intent.action.BATTERY_CHANGED
10-24 22:04:31.701 4130 4130 D KeyguardUpdateMonitor: handleBatteryUpdate
10-24 22:04:31.701 4590 4590 D BatteryMonitor: new battery level: 99
10-24 22:04:31.701 4130 4130 D PowerUI : priorPlugType = 2 mPlugType = 2
10-24 22:04:31.701 4130 4130 D PowerUI.Notification: showChargingNotice oldChargingType : 1 currentChargingType : 1 oldChargingTime : 90000 mChargingTime : 90000
10-24 22:04:31.701 4130 4130 D PowerUI.Notification: There is no change about charging status, so return!
10-24 22:04:31.721 4130 4130 D BatteryMeterView: ACTION_BATTERY_CHANGED : level:99 status:2 health:2
10-24 22:04:31.721 4130 4130 D BatteryMeterView: ACTION_BATTERY_CHANGED : level:99 status:2 health:2
10-24 22:04:31.741 3520 8428 D SSRM:n : SIOP:: AP = 260, PST = 260 (W:30), CP = 231, CUR = 154, LCD = 19
10-24 22:04:33.331 4521 4521 V LauncherAppWidgetHostView: calculateWidgetSize: (target widgetsize) using w/h 1359 712 span 5 2 (widgetid 3) [current Gridsize : GRID_5x5]
10-24 22:04:33.331 4521 4521 D LauncherAppWidgetHostView: calculateWidgetSize() widget = T-Mobile TV(widget id = 3) result hostview size = 1771 x 927
10-24 22:04:33.331 4521 4521 D LauncherAppWidgetHostView: setResizeScaleResult() 1771/ 927 scaleToResize = 0.7673631(widget id = 3)
10-24 22:04:33.351 4521 21036 D ViewSystem: updateTemporaryMetaData() has done.
10-24 22:04:33.351 4521 4521 V LauncherAppWidgetHostView: calculateWidgetSize: (target widgetsize) using w/h 1359 712 span 5 2 (widgetid 3) [current Gridsize : GRID_5x5]
10-24 22:04:33.351 4521 4521 D LauncherAppWidgetHostView: calculateWidgetSize() widget = T-Mobile TV(widget id = 3) result hostview size = 1771 x 927
10-24 22:04:33.351 4521 4521 D LauncherAppWidgetHostView: setResizeScaleResult() 1771/ 927 scaleToResize = 0.7673631(widget id = 3)
10-24 22:04:33.361 4521 4521 V LauncherAppWidgetHostView: calculateWidgetSize: (target widgetsize) using w/h 1359 712 span 5 2 (widgetid 3) [current Gridsize : GRID_5x5]
10-24 22:04:33.371 4521 4521 D LauncherAppWidgetHostView: calculateWidgetSize() widget = T-Mobile TV(widget id = 3) result hostview size = 1771 x 927
10-24 22:04:33.371 4521 4521 D LauncherAppWidgetHostView: setResizeScaleResult() 1771/ 927 scaleToResize = 0.7673631(widget id = 3)
10-24 22:04:33.371 4521 21036 D ViewSystem: updateRemoteViews(4) has done.
10-24 22:04:33.391 4521 4521 V LauncherAppWidgetHostView: calculateWidgetSize: (target widgetsize) using w/h 1359 712 span 5 2 (widgetid 3) [current Gridsize : GRID_5x5]
10-24 22:04:33.391 4521 4521 D LauncherAppWidgetHostView: calculateWidgetSize() widget = T-Mobile TV(widget id = 3) result hostview size = 1771 x 927
10-24 22:04:33.391 4521 4521 D LauncherAppWidgetHostView: setResizeScaleResult() 1771/ 927 scaleToResize = 0.7673631(widget id = 3)
10-24 22:04:39.331 4521 4521 V LauncherAppWidgetHostView: calculateWidgetSize: (target widgetsize) using w/h 1359 712 span 5 2 (widgetid 3) [current Gridsize : GRID_5x5]
10-24 22:04:39.331 4521 4521 D LauncherAppWidgetHostView: calculateWidgetSize() widget = T-Mobile TV(widget id = 3) result hostview size = 1771 x 927
10-24 22:04:39.331 4521 4521 D LauncherAppWidgetHostView: setResizeScaleResult() 1771/ 927 scaleToResize = 0.7673631(widget id = 3)
10-24 22:04:39.351 4521 21036 D ViewSystem: updateTemporaryMetaData() has done.
10-24 22:04:39.361 4521 4521 V LauncherAppWidgetHostView: calculateWidgetSize: (target widgetsize) using w/h 1359 712 span 5 2 (widgetid 3) [current Gridsize : GRID_5x5]
10-24 22:04:39.361 4521 4521 D LauncherAppWidgetHostView: calculateWidgetSize() widget = T-Mobile TV(widget id = 3) result hostview size = 1771 x 927
10-24 22:04:39.361 4521 4521 D LauncherAppWidgetHostView: setResizeScaleResult() 1771/ 927 scaleToResize = 0.7673631(widget id = 3)
10-24 22:04:39.371 4521 4521 V LauncherAppWidgetHostView: calculateWidgetSize: (target widgetsize) using w/h 1359 712 span 5 2 (widgetid 3) [current Gridsize : GRID_5x5]
10-24 22:04:39.371 4521 4521 D LauncherAppWidgetHostView: calculateWidgetSize() widget = T-Mobile TV(widget id = 3) result hostview size = 1771 x 927
10-24 22:04:39.371 4521 4521 D LauncherAppWidgetHostView: setResizeScaleResult() 1771/ 927 scaleToResize = 0.7673631(widget id = 3)
10-24 22:04:39.381 4521 21036 D ViewSystem: updateRemoteViews(5) has done.
10-24 22:04:39.401 4521 4521 V LauncherAppWidgetHostView: calculateWidgetSize: (target widgetsize) using w/h 1359 712 span 5 2 (widgetid 3) [current Gridsize : GRID_5x5]
10-24 22:04:39.401 4521 4521 D LauncherAppWidgetHostView: calculateWidgetSize() widget = T-Mobile TV(widget id = 3) result hostview size = 1771 x 927
10-24 22:04:39.401 4521 4521 D LauncherAppWidgetHostView: setResizeScaleResult() 1771/ 927 scaleToResize = 0.7673631(widget id = 3)
10-24 22:04:40.031 4574 4612 D ContactsProvider_EventLog: contents_sample_state: [ contacts(4) data(27) accounts({com.google (2)=4}) accounts deleted({}) calls([]) ]
10-24 22:04:40.031 4574 4612 D ContactsProvider_EventLog: contents_sample_state: [ agr({[2]=4}) ]
10-24 22:04:41.741 3520 4850 D BatteryService: !@BatteryListener : batteryPropertiesChanged!
10-24 22:04:41.741 3520 4850 D BatteryService: level:99, scale:100, status:2, health:2, present:true, voltage: 4220, temperature: 253, technology: Li-ion, AC powered:false, USB powered:true, POGO powered:false, Wireless powered:false, icon:17303413, invalid charger:0, maxChargingCurrent:0
10-24 22:04:41.741 3520 4850 D BatteryService: online:4, current avg:-156, charge type:1, power sharing:false, high voltage charger:false, capacity:280000, batterySWSelfDischarging:false, current_now:-242
10-24 22:04:41.741 3520 3520 D BatteryService: Sending ACTION_BATTERY_CHANGED.
10-24 22:04:41.751 3520 3520 I Tethering: BATTERY_CHANGED, level = 99lowBatteryThreshold = 15
10-24 22:04:41.751 4130 4130 D KeyguardUpdateMonitor: received broadcast android.intent.action.BATTERY_CHANGED
10-24 22:04:41.751 4130 4130 D KeyguardUpdateMonitor: handleBatteryUpdate
10-24 22:04:41.751 3520 3520 I MotionRecognitionService: Plugged
10-24 22:04:41.751 3520 3520 D MotionRecognitionService: cableConnection= 1
10-24 22:04:41.751 3520 3520 D MotionRecognitionService: setPowerConnected | current backoffstate = 1024 , state =1024
10-24 22:04:41.751 3520 3520 D MotionRecognitionService: skip setTransmitPower.
10-24 22:04:41.751 4130 4130 D PowerUI : priorPlugType = 2 mPlugType = 2
10-24 22:04:41.751 4130 4130 D PowerUI.Notification: showChargingNotice oldChargingType : 1 currentChargingType : 1 oldChargingTime : 90000 mChargingTime : 90000
10-24 22:04:41.751 4130 4130 D PowerUI.Notification: There is no change about charging status, so return!
10-24 22:04:41.751 4130 4130 D BatteryMeterView: ACTION_BATTERY_CHANGED : level:99 status:2 health:2
10-24 22:04:41.761 4590 4590 D BatteryMonitor: new battery level: 99
10-24 22:04:41.781 4130 4130 D BatteryMeterView: ACTION_BATTERY_CHANGED : level:99 status:2 health:2
10-24 22:04:41.801 3520 8428 D SSRM:n : SIOP:: AP = 260, PST = 260 (W:30), CP = 231, CUR = 157, LCD = 19
10-24 22:04:45.331 4521 4521 V LauncherAppWidgetHostView: calculateWidgetSize: (target widgetsize) using w/h 1359 712 span 5 2 (widgetid 3) [current Gridsize : GRID_5x5]
10-24 22:04:45.331 4521 4521 D LauncherAppWidgetHostView: calculateWidgetSize() widget = T-Mobile TV(widget id = 3) result hostview size = 1771 x 927
10-24 22:04:45.331 4521 4521 D LauncherAppWidgetHostView: setResizeScaleResult() 1771/ 927 scaleToResize = 0.7673631(widget id = 3)
10-24 22:04:45.351 4521 21036 D ViewSystem: updateTemporaryMetaData() has done.
10-24 22:04:45.351 4521 4521 V LauncherAppWidgetHostView: calculateWidgetSize: (target widgetsize) using w/h 1359 712 span 5 2 (widgetid 3) [current Gridsize : GRID_5x5]
10-24 22:04:45.351 4521 4521 D LauncherAppWidgetHostView: calculateWidgetSize() widget = T-Mobile TV(widget id = 3) result hostview size = 1771 x 927
10-24 22:04:45.351 4521 4521 D LauncherAppWidgetHostView: setResizeScaleResult() 1771/ 927 scaleToResize = 0.7673631(widget id = 3)
10-24 22:04:45.361 4521 4521 V LauncherAppWidgetHostView: calculateWidgetSize: (target widgetsize) using w/h 1359 712 span 5 2 (widgetid 3) [current Gridsize : GRID_5x5]
10-24 22:04:45.361 4521 4521 D LauncherAppWidgetHostView: calculateWidgetSize() widget = T-Mobile TV(widget id = 3) result hostview size = 1771 x 927
10-24 22:04:45.361 4521 4521 D LauncherAppWidgetHostView: setResizeScaleResult() 1771/ 927 scaleToResize = 0.7673631(widget id = 3)
10-24 22:04:45.381 4521 21036 D ViewSystem: updateRemoteViews(0) has done.
10-24 22:04:45.391 4521 4521 V LauncherAppWidgetHostView: calculateWidgetSize: (target widgetsize) using w/h 1359 712 span 5 2 (widgetid 3) [current Gridsize : GRID_5x5]
10-24 22:04:45.391 4521 4521 D LauncherAppWidgetHostView: calculateWidgetSize() widget = T-Mobile TV(widget id = 3) result hostview size = 1771 x 927
10-24 22:04:45.391 4521 4521 D LauncherAppWidgetHostView: setResizeScaleResult() 1771/ 927 scaleToResize = 0.7673631(widget id = 3)
10-24 22:04:46.181 3520 4345 E Watchdog: !@Sync 307 [10-24 22:04:46.181]
10-24 22:04:51.341 4521 4521 V LauncherAppWidgetHostView: calculateWidgetSize: (target widgetsize) using w/h 1359 712 span 5 2 (widgetid 3) [current Gridsize : GRID_5x5]
10-24 22:04:51.341 4521 4521 D LauncherAppWidgetHostView: calculateWidgetSize() widget = T-Mobile TV(widget id = 3) result hostview size = 1771 x 927
10-24 22:04:51.341 4521 4521 D LauncherAppWidgetHostView: setResizeScaleResult() 1771/ 927 scaleToResize = 0.7673631(widget id = 3)
10-24 22:04:51.351 4521 21036 D ViewSystem: updateTemporaryMetaData() has done.
10-24 22:04:51.371 4521 4521 V LauncherAppWidgetHostView: calculateWidgetSize: (target widgetsize) using w/h 1359 712 span 5 2 (widgetid 3) [current Gridsize : GRID_5x5]
10-24 22:04:51.371 4521 4521 D LauncherAppWidgetHostView: calculateWidgetSize() widget = T-Mobile TV(widget id = 3) result hostview size = 1771 x 927
10-24 22:04:51.371 4521 4521 D LauncherAppWidgetHostView: setResizeScaleResult() 1771/ 927 scaleToResize = 0.7673631(widget id = 3)
10-24 22:04:51.391 4521 4521 V LauncherAppWidgetHostView: calculateWidgetSize: (target widgetsize) using w/h 1359 712 span 5 2 (widgetid 3) [current Gridsize : GRID_5x5]
10-24 22:04:51.391 4521 4521 D LauncherAppWidgetHostView: calculateWidgetSize() widget = T-Mobile TV(widget id = 3) result hostview size = 1771 x 927
10-24 22:04:51.391 4521 4521 D LauncherAppWidgetHostView: setResizeScaleResult() 1771/ 927 scaleToResize = 0.7673631(widget id = 3)
10-24 22:04:51.401 4521 21036 D ViewSystem: updateRemoteViews(1) has done.
10-24 22:04:51.421 4521 4521 V LauncherAppWidgetHostView: calculateWidgetSize: (target widgetsize) using w/h 1359 712 span 5 2 (widgetid 3) [current Gridsize : GRID_5x5]
10-24 22:04:51.421 4521 4521 D LauncherAppWidgetHostView: calculateWidgetSize() widget = T-Mobile TV(widget id = 3) result hostview size = 1771 x 927
10-24 22:04:51.421 4521 4521 D LauncherAppWidgetHostView: setResizeScaleResult() 1771/ 927 scaleToResize = 0.7673631(widget id = 3)
10-24 22:04:51.821 3520 3584 D BluetoothAdapter: STATE_BLE_ON
10-24 22:04:51.821 3520 4392 D BatteryService: !@BatteryListener : batteryPropertiesChanged!
10-24 22:04:51.821 3520 4392 D BatteryService: level:98, scale:100, status:2, health:2, present:true, voltage: 4231, temperature: 253, technology: Li-ion, AC powered:false, USB powered:true, POGO powered:false, Wireless powered:false, icon:17303413, invalid charger:0, maxChargingCurrent:0
10-24 22:04:51.821 3520 4392 D BatteryService: online:4, current avg:-155, charge type:1, power sharing:false, high voltage charger:false, capacity:280000, batterySWSelfDischarging:false, current_now:-137
10-24 22:04:51.821 3520 3520 D BatteryService: Sending ACTION_BATTERY_CHANGED.
10-24 22:04:51.861 3520 8428 D SSRM:n : SIOP:: AP = 260, PST = 260 (W:30), CP = 231, CUR = 156, LCD = 19
10-24 22:04:51.881 3520 3520 I Tethering: BATTERY_CHANGED, level = 98lowBatteryThreshold = 15
10-24 22:04:51.881 4130 4130 D KeyguardUpdateMonitor: received broadcast android.intent.action.BATTERY_CHANGED
10-24 22:04:51.881 3520 3601 D PowerManagerService: [PSM] lowPowerModeEnabled: false (mLowPowerModeSetting: false, mIsPowered: true, mAutoLowPowerModeConfigured: false, mBatteryLevel: 98, mLowBatteryTriggerLevel: 0)
10-24 22:04:51.881 3520 3520 I MotionRecognitionService: Plugged
10-24 22:04:51.881 3520 3520 D MotionRecognitionService: cableConnection= 1
10-24 22:04:51.881 3520 3520 D MotionRecognitionService: setPowerConnected | current backoffstate = 1024 , state =1024
10-24 22:04:51.881 3520 3520 D MotionRecognitionService: skip setTransmitPower.
10-24 22:04:51.891 4590 4590 D BatteryMonitor: new battery level: 98
10-24 22:04:51.891 4130 4130 D PowerUI : priorPlugType = 2 mPlugType = 2
10-24 22:04:51.891 4130 4130 D PowerUI.Notification: showChargingNotice oldChargingType : 1 currentChargingType : 1 oldChargingTime : 90000 mChargingTime : 120000
10-24 22:04:51.891 4130 4130 D PowerUI.Notification: showChargingNotification()
10-24 22:04:51.901 5329 5329 E MtpServerJNI: server is null in send_object_removed
10-24 22:04:51.901 3520 3543 D ApplicationPolicy: isStatusBarNotificationAllowedAsUser: packageName = com.android.systemui,userId = -1
10-24 22:04:51.901 4130 4130 D KeyguardUpdateMonitor: handleBatteryUpdate
10-24 22:04:51.901 4130 4130 D BatteryMeterView: ACTION_BATTERY_CHANGED : level:98 status:2 health:2
10-24 22:04:51.901 4130 4130 D BatteryMeterView: ACTION_BATTERY_CHANGED : level:98 status:2 health:2
10-24 22:04:51.911 3520 3520 D MARsPolicyManager: NotificationListenerService OngoingNotificationPosted : com.android.systemui
10-24 22:04:51.931 4346 4361 D CatchNotificationsService: onNotificationPosted
10-24 22:04:51.941 4130 4130 W ResourcesManager: getTopLevelResources: /system/priv-app/SystemUI/SystemUI.apk / 1.0 running in com.android.systemui rsrc of package com.android.systemui
10-24 22:04:51.951 26793 26819 D BadgeProvider: query, [selection] : null
10-24 22:04:51.951 4346 4361 E CatchNotificationsService: Invalid notification data
10-24 22:04:51.951 4130 4130 D PhoneStatusBar: setAreThereNotifications: N=5 any=true clearable=true
10-24 22:04:57.321 4521 4521 V LauncherAppWidgetHostView: calculateWidgetSize: (target widgetsize) using w/h 1359 712 span 5 2 (widgetid 3) [current Gridsize : GRID_5x5]
10-24 22:04:57.321 4521 4521 D LauncherAppWidgetHostView: calculateWidgetSize() widget = T-Mobile TV(widget id = 3) result hostview size = 1771 x 927
10-24 22:04:57.321 4521 4521 D LauncherAppWidgetHostView: setResizeScaleResult() 1771/ 927 scaleToResize = 0.7673631(widget id = 3)
10-24 22:04:57.341 4521 21036 D ViewSystem: updateTemporaryMetaData() has done.
10-24 22:04:57.341 4521 4521 V LauncherAppWidgetHostView: calculateWidgetSize: (target widgetsize) using w/h 1359 712 span 5 2 (widgetid 3) [current Gridsize : GRID_5x5]
10-24 22:04:57.341 4521 4521 D LauncherAppWidgetHostView: calculateWidgetSize() widget = T-Mobile TV(widget id = 3) result hostview size = 1771 x 927
10-24 22:04:57.341 4521 4521 D LauncherAppWidgetHostView: setResizeScaleResult() 1771/ 927 scaleToResize = 0.7673631(widget id = 3)
10-24 22:04:57.361 4521 4521 V LauncherAppWidgetHostView: calculateWidgetSize: (target widgetsize) using w/h 1359 712 span 5 2 (widgetid 3) [current Gridsize : GRID_5x5]
10-24 22:04:57.361 4521 4521 D LauncherAppWidgetHostView: calculateWidgetSize() widget = T-Mobile TV(widget id = 3) result hostview size = 1771 x 927
10-24 22:04:57.361 4521 4521 D LauncherAppWidgetHostView: setResizeScaleResult() 1771/ 927 scaleToResize = 0.7673631(widget id = 3)
10-24 22:04:57.381 4521 21036 D ViewSystem: updateRemoteViews(2) has done.
10-24 22:04:57.391 4521 4521 V LauncherAppWidgetHostView: calculateWidgetSize: (target widgetsize) using w/h 1359 712 span 5 2 (widgetid 3) [current Gridsize : GRID_5x5]
10-24 22:04:57.391 4521 4521 D LauncherAppWidgetHostView: calculateWidgetSize() widget = T-Mobile TV(widget id = 3) result hostview size = 1771 x 927
10-24 22:04:57.391 4521 4521 D LauncherAppWidgetHostView: setResizeScaleResult() 1771/ 927 scaleToResize = 0.7673631(widget id = 3)
10-24 22:04:58.271 3110 3777 E NetlinkEvent: NetlinkEvent::FindParam(): Parameter 'LABEL' not found
10-24 22:04:58.271 3110 3777 E NetlinkEvent: NetlinkEvent::FindParam(): Parameter 'UID' not found
10-24 22:04:59.991 3520 4005 V AlarmManager: Expired Alarm result :8
10-24 22:05:00.011 4130 4130 D KeyguardUpdateMonitor: received broadcast android.intent.action.TIME_TICK
10-24 22:05:00.011 4130 4130 D KeyguardUpdateMonitor: handleTimeUpdate
10-24 22:05:00.031 4130 4130 D Clock : received broadcast android.intent.action.TIME_TICK
10-24 22:05:00.091 4130 4130 D DateView: received broadcast android.intent.action.TIME_TICK
10-24 22:05:00.141 4521 4521 V LauncherAppWidgetHostView: calculateWidgetSize: (target widgetsize) using w/h 1359 347 span 5 1 (widgetid 6) [current Gridsize : GRID_5x5]
10-24 22:05:00.141 4521 4521 D LauncherAppWidgetHostView: calculateWidgetSize() widget = Weather and Clock(widget id = 6) result hostview size = 1771 x 452
10-24 22:05:00.141 4521 4521 D LauncherAppWidgetHostView: setResizeScaleResult() 1771/ 452 scaleToResize = 0.7673631(widget id = 6)
10-24 22:05:00.151 4521 4521 V LauncherAppWidgetHostView: calculateWidgetSize: (target widgetsize) using w/h 1359 347 span 5 1 (widgetid 2) [current Gridsize : GRID_5x5]
10-24 22:05:00.151 4521 4521 D LauncherAppWidgetHostView: calculateWidgetSize() widget = Google App(widget id = 2) result hostview size = 1771 x 452
10-24 22:05:00.151 4521 4521 D LauncherAppWidgetHostView: setResizeScaleResult() 1771/ 452 scaleToResize = 0.7673631(widget id = 2)
10-24 22:05:00.181 4521 4521 V LauncherAppWidgetHostView: calculateWidgetSize: (target widgetsize) using w/h 1359 347 span 5 1 (widgetid 6) [current Gridsize : GRID_5x5]
10-24 22:05:00.181 4521 4521 D LauncherAppWidgetHostView: calculateWidgetSize() widget = Weather and Clock(widget id = 6) result hostview size = 1771 x 452
10-24 22:05:00.181 4521 4521 D LauncherAppWidgetHostView: setResizeScaleResult() 1771/ 452 scaleToResize = 0.7673631(widget id = 6)
10-24 22:05:00.181 4521 4521 V LauncherAppWidgetHostView: calculateWidgetSize: (target widgetsize) using w/h 1359 347 span 5 1 (widgetid 2) [current Gridsize : GRID_5x5]
10-24 22:05:00.181 4521 4521 D LauncherAppWidgetHostView: calculateWidgetSize() widget = Google App(widget id = 2) result hostview size = 1771 x 452
10-24 22:05:00.181 4521 4521 D LauncherAppWidgetHostView: setResizeScaleResult() 1771/ 452 scaleToResize = 0.7673631(widget id = 2)
10-24 22:05:00.201 26846 26846 D [WeatherWidget(1177)] WeatherService: {[EC3334F14841398C8B464A72D0E61AB7CD7E766A36D06043166FAD39187431A3E5A9A2F81BDF9068B74904E1B1CB541044E6D58E921E578E1E6FAAF047CA8AFC]}
10-24 22:05:00.201 26846 26846 D [WeatherWidget(1177)] : {[3AE6950019B083611567B0F9442DB03E59646CBA355B4C260B75423E37A3701A]}
10-24 22:05:00.211 26846 26846 D [WeatherWidget(1177)] : {[3AE6950019B083611567B0F9442DB03E0F7D6DF8FAB8AEDDA9C52FD622CBE93BD3B3C821E02768ECE7D54B13E96560EDB802D29C56DFCCD38F937DDED36C9453E14ACC693F7BDF399FD0A06BF2D59F2E62F0159FCF8ED080A2244B7BC466DBEB]}
10-24 22:05:00.211 26846 26846 D [WeatherWidget(1177)] : {[DF00664B5BF2DD508EC3D0ADB8B43C9FB429631765284D8658CE62A4AFFAA963]}
10-24 22:05:01.391 3110 3777 E NetlinkEvent: NetlinkEvent::FindParam(): Parameter 'LABEL' not found
10-24 22:05:01.391 3110 3777 E NetlinkEvent: NetlinkEvent::FindParam(): Parameter 'UID' not found
10-24 22:05:01.881 3520 3520 I Tethering: BATTERY_CHANGED, level = 98lowBatteryThreshold = 15
10-24 22:05:01.881 3520 4534 D BatteryService: !@BatteryListener : batteryPropertiesChanged!
10-24 22:05:01.881 3520 4534 D BatteryService: level:98, scale:100, status:2, health:2, present:true, voltage: 4230, temperature: 253, technology: Li-ion, AC powered:false, USB powered:true, POGO powered:false, Wireless powered:false, icon:17303413, invalid charger:0, maxChargingCurrent:0
10-24 22:05:01.881 3520 4534 D BatteryService: online:4, current avg:-154, charge type:1, power sharing:false, high voltage charger:false, capacity:280000, batterySWSelfDischarging:false, current_now:-137
10-24 22:05:01.881 3520 3520 D BatteryService: Sending ACTION_BATTERY_CHANGED.
10-24 22:05:01.881 3520 3520 I MotionRecognitionService: Plugged
10-24 22:05:01.881 3520 3520 D MotionRecognitionService: cableConnection= 1
10-24 22:05:01.881 3520 3520 D MotionRecognitionService: setPowerConnected | current backoffstate = 1024 , state =1024
10-24 22:05:01.881 3520 3520 D MotionRecognitionService: skip setTransmitPower.
10-24 22:05:01.891 4130 4130 D KeyguardUpdateMonitor: received broadcast android.intent.action.BATTERY_CHANGED
10-24 22:05:01.891 4130 4130 D KeyguardUpdateMonitor: handleBatteryUpdate
10-24 22:05:01.891 4130 4130 D PowerUI : priorPlugType = 2 mPlugType = 2
10-24 22:05:01.891 4130 4130 D PowerUI.Notification: showChargingNotice oldChargingType : 1 currentChargingType : 1 oldChargingTime : 120000 mChargingTime : 120000
10-24 22:05:01.891 4130 4130 D PowerUI.Notification: There is no change about charging status, so return!
10-24 22:05:01.901 4590 4590 D BatteryMonitor: new battery level: 98
10-24 22:05:01.921 3520 8428 D SSRM:n : SIOP:: AP = 260, PST = 260 (W:30), CP = 231, CUR = 154, LCD = 19
10-24 22:05:01.931 4130 4130 D BatteryMeterView: ACTION_BATTERY_CHANGED : level:98 status:2 health:2
10-24 22:05:01.931 4130 4130 D BatteryMeterView: ACTION_BATTERY_CHANGED : level:98 status:2 health:2
10-24 22:05:01.961 3520 8428 D ConnectivityService: returning getNetworkInfo for network type 1 : [type: WIFI[] - WIFI, state: CONNECTED/CONNECTED, reason: (unspecified), extra: "wadiahome4712", roaming: false, failover: false, isAvailable: true]
10-24 22:05:03.171 3520 4005 V AlarmManager: Expired Alarm result :8
10-24 22:05:03.211 21569 28854 I AmazonVideo.util: ConfigManager.updateFromServerIfNecessary: Requesting update for 0 millis from now
10-24 22:05:03.211 21569 28854 I AmazonVideo.util: ConfigTaskScheduler.schedule: Scheduling refresh after 0 millis
10-24 22:05:03.211 21569 28854 I AmazonVideo.syncservice: SyncDispatcher.sync: Skipping sync component: EventManager
10-24 22:05:03.211 21569 21666 I AmazonVideo.util: ConfigManager.updateConfigFromServer: Told to update server config when no customer is logged in; ignoring request
10-24 22:05:03.311 4521 4521 V LauncherAppWidgetHostView: calculateWidgetSize: (target widgetsize) using w/h 1359 712 span 5 2 (widgetid 3) [current Gridsize : GRID_5x5]
10-24 22:05:03.311 4521 4521 D LauncherAppWidgetHostView: calculateWidgetSize() widget = T-Mobile TV(widget id = 3) result hostview size = 1771 x 927
10-24 22:05:03.311 4521 4521 D LauncherAppWidgetHostView: setResizeScaleResult() 1771/ 927 scaleToResize = 0.7673631(widget id = 3)
10-24 22:05:07.591 27575 27600 I Quasar : start to send events
10-24 22:05:09.341 4521 4521 V LauncherAppWidgetHostView: calculateWidgetSize: (target widgetsize) using w/h 1359 712 span 5 2 (widgetid 3) [current Gridsize : GRID_5x5]
10-24 22:05:09.341 4521 4521 D LauncherAppWidgetHostView: calculateWidgetSize() widget = T-Mobile TV(widget id = 3) result hostview size = 1771 x 927
10-24 22:05:09.341 4521 4521 D LauncherAppWidgetHostView: setResizeScaleResult() 1771/ 927 scaleToResize = 0.7673631(widget id = 3)
10-24 22:05:09.361 4521 21036 D ViewSystem: updateTemporaryMetaData() has done.
10-24 22:05:09.371 4521 4521 V LauncherAppWidgetHostView: calculateWidgetSize: (target widgetsize) using w/h 1359 712 span 5 2 (widgetid 3) [current Gridsize : GRID_5x5]
10-24 22:05:09.371 4521 4521 D LauncherAppWidgetHostView: calculateWidgetSize() widget = T-Mobile TV(widget id = 3) result hostview size = 1771 x 927
10-24 22:05:09.371 4521 4521 D LauncherAppWidgetHostView: setResizeScaleResult() 1771/ 927 scaleToResize = 0.7673631(widget id = 3)
10-24 22:05:09.381 4521 21036 D ViewSystem: updateRemoteViews(4) has done.
10-24 22:05:09.381 4521 4521 V LauncherAppWidgetHostView: calculateWidgetSize: (target widgetsize) using w/h 1359 712 span 5 2 (widgetid 3) [current Gridsize : GRID_5x5]
10-24 22:05:09.381 4521 4521 D LauncherAppWidgetHostView: calculateWidgetSize() widget = T-Mobile TV(widget id = 3) result hostview size = 1771 x 927
10-24 22:05:09.381 4521 4521 D LauncherAppWidgetHostView: setResizeScaleResult() 1771/ 927 scaleToResize = 0.7673631(widget id = 3)
10-24 22:05:09.401 4521 21036 D ViewSystem: updateRemoteViews(4) has done.
10-24 22:05:09.401 4521 4521 V LauncherAppWidgetHostView: calculateWidgetSize: (target widgetsize) using w/h 1359 712 span 5 2 (widgetid 3) [current Gridsize : GRID_5x5]
10-24 22:05:09.411 4521 4521 D LauncherAppWidgetHostView: calculateWidgetSize() widget = T-Mobile TV(widget id = 3) result hostview size = 1771 x 927
10-24 22:05:09.411 4521 4521 D LauncherAppWidgetHostView: setResizeScaleResult() 1771/ 927 scaleToResize = 0.7673631(widget id = 3)
10-24 22:05:11.951 3520 4534 D BatteryService: !@BatteryListener : batteryPropertiesChanged!
10-24 22:05:11.951 3520 4534 D BatteryService: level:98, scale:100, status:2, health:2, present:true, voltage: 4231, temperature: 253, technology: Li-ion, AC powered:false, USB powered:true, POGO powered:false, Wireless powered:false, icon:17303413, invalid charger:0, maxChargingCurrent:0
