10-25 21:50:24.402 4425 4425 D WfcPhoneStateListener: onCellLocationChanged()
10-25 21:50:24.412 4590 4711 D Mno : fromSalesCode: operator=TMB
10-25 21:50:24.592 3520 18585 I BatteryStatsDumper: Writing to database completed
10-25 21:50:29.322 4425 4425 D WfcPhoneStateListener: onSignalStrengthsChanged(): signal strength did not change
10-25 21:50:29.322 4130 4343 D NetworkController.MobileSignalController(0/2147483643): onSignalStrengthsChanged signalStrength=SignalStrength: 14 99 -14 -200 -14 -200 -1 99 2147483647 2147483647 2147483647 2147483647 2147483647 0x5 gsm|lte level=5
10-25 21:50:29.322 4130 4343 D NetworkController.MobileSignalController(0/2147483643): getMobileIconGroup(): 0
10-25 21:50:29.322 4130 4343 D NetworkController.MobileSignalController(0/2147483643): updateTMOMobileIconGroup(): 0
10-25 21:50:31.482 4574 4612 D ContactsProvider_EventLog: contents_sample_state: [ contacts(4) data(27) accounts({com.google (2)=4}) accounts deleted({}) calls([]) ]
10-25 21:50:31.482 4574 4612 D ContactsProvider_EventLog: contents_sample_state: [ agr({[2]=4}) ]
10-25 21:50:31.732 3520 3520 I Tethering: BATTERY_CHANGED, level = 100lowBatteryThreshold = 15
10-25 21:50:31.742 4130 4130 D KeyguardUpdateMonitor: received broadcast android.intent.action.BATTERY_CHANGED
10-25 21:50:31.742 4130 4130 D KeyguardUpdateMonitor: handleBatteryUpdate
10-25 21:50:31.752 4590 4590 D BatteryMonitor: new battery level: 100
10-25 21:50:41.792 3520 3520 I Tethering: BATTERY_CHANGED, level = 100lowBatteryThreshold = 15
10-25 21:50:41.792 4130 4130 D KeyguardUpdateMonitor: received broadcast android.intent.action.BATTERY_CHANGED
10-25 21:50:41.802 4130 4130 D KeyguardUpdateMonitor: handleBatteryUpdate
10-25 21:50:41.802 4590 4590 D BatteryMonitor: new battery level: 100
10-25 21:50:47.502 4590 4590 D PdnController: onCellLocationChanged:
10-25 21:50:47.502 4590 4590 D VolteServiceModule: onCellLocationChanged:
10-25 21:50:47.502 4130 4343 D NetworkController.MobileSignalController(0/2147483643): onCellLocationChanged
10-25 21:50:47.502 4590 4590 D RegistrationManagerBase: onCellLocationChanged:
10-25 21:50:47.502 4590 4711 D ResipRegistrationManager: handleMessage(): 24
10-25 21:50:47.502 4590 4711 D RegistrationManagerBase: handleMessage: what 24
10-25 21:50:47.502 4425 4425 D WfcPhoneStateListener: onCellLocationChanged()
10-25 21:50:47.522 4590 4711 D Mno : fromSalesCode: operator=TMB
10-25 21:50:51.852 3520 3520 I Tethering: BATTERY_CHANGED, level = 100lowBatteryThreshold = 15
10-25 21:50:51.862 4130 4130 D KeyguardUpdateMonitor: received broadcast android.intent.action.BATTERY_CHANGED
10-25 21:50:51.862 4130 4130 D KeyguardUpdateMonitor: handleBatteryUpdate
10-25 21:50:51.892 4590 4590 D BatteryMonitor: new battery level: 100
10-25 21:50:52.372 4425 4425 D WfcPhoneStateListener: onSignalStrengthsChanged(): signal strength did not change
10-25 21:50:52.372 4130 4343 D NetworkController.MobileSignalController(0/2147483643): onSignalStrengthsChanged signalStrength=SignalStrength: 15 99 -15 -200 -15 -200 -1 99 2147483647 2147483647 2147483647 2147483647 2147483647 0x5 gsm|lte level=5
10-25 21:50:52.372 4130 4343 D NetworkController.MobileSignalController(0/2147483643): getMobileIconGroup(): 0
10-25 21:50:52.372 4130 4343 D NetworkController.MobileSignalController(0/2147483643): updateTMOMobileIconGroup(): 0
10-25 21:50:56.262 22622 22687 I Metrics:BatchTransmitte: QueuePusher.sendBatches - Drained batch queue.; Number of HIGH queue batches sent: 0
10-25 21:51:00.002 4130 4130 D KeyguardUpdateMonitor: received broadcast android.intent.action.TIME_TICK
10-25 21:51:00.002 4130 4130 D KeyguardUpdateMonitor: handleTimeUpdate
10-25 21:51:00.022 4130 4130 D Clock : received broadcast android.intent.action.TIME_TICK
10-25 21:51:00.072 4130 4130 D DateView: received broadcast android.intent.action.TIME_TICK
10-25 21:51:00.182 18497 18497 D [WeatherWidget(1177)] WeatherService: {[EC3334F14841398C8B464A72D0E61AB7CD7E766A36D06043166FAD39187431A3E5A9A2F81BDF9068B74904E1B1CB541044E6D58E921E578E1E6FAAF047CA8AFC]}
10-25 21:51:00.182 18497 18497 D [WeatherWidget(1177)] : {[3AE6950019B083611567B0F9442DB03E59646CBA355B4C260B75423E37A3701A]}
10-25 21:51:00.192 18497 18497 D [WeatherWidget(1177)] : {[3AE6950019B083611567B0F9442DB03E0F7D6DF8FAB8AEDDA9C52FD622CBE93BD3B3C821E02768ECE7D54B13E96560EDB802D29C56DFCCD38F937DDED36C9453E14ACC693F7BDF399FD0A06BF2D59F2E62F0159FCF8ED080A2244B7BC466DBEB]}
10-25 21:51:00.192 18497 18497 D [WeatherWidget(1177)] : {[DF00664B5BF2DD508EC3D0ADB8B43C9FB429631765284D8658CE62A4AFFAA963]}
10-25 21:51:01.892 3520 3520 I Tethering: BATTERY_CHANGED, level = 100lowBatteryThreshold = 15
10-25 21:51:01.902 4130 4130 D KeyguardUpdateMonitor: received broadcast android.intent.action.BATTERY_CHANGED
10-25 21:51:01.902 4130 4130 D KeyguardUpdateMonitor: handleBatteryUpdate
10-25 21:51:01.902 4590 4590 D BatteryMonitor: new battery level: 100
10-25 21:51:01.942 16592 16634 I Quasar : start to send events
10-25 21:51:11.382 3135 3181 D Sensorhubs: readContextData: 1, 1, 26, 1, 1, 10, -110, 76, 1, 2
10-25 21:51:11.392 3520 4008 D SensorHubManager: onGetSensorHubDataLocked: library(10) = 1, 1, 26, 1, 1, 10, -110, 76, 1, 2
10-25 21:51:11.392 3520 4007 D CAE : onGetSensorHubData(SensorHubParserProvider.java:92) - onGetSensorHubData Event [event buffer len :10], AP_WAKEUP
10-25 21:51:11.392 3520 4007 I CAE : parse(SensorHubParserProvider.java:188) - buffer size = 10
10-25 21:51:11.392 3520 4007 I CAE : parse(SensorHubParserProvider.java:199) - 1, 1, 26, 1, 1, 10, -110, 76, 1, 2,
10-25 21:51:11.402 3520 4007 D CAE : display(ContextProvider.java:375) - ================= ACTIVITY_TRACKER =================
10-25 21:51:11.402 3520 4007 I CAE : display(ContextProvider.java:391) - Accuracy=[2], OperationMode=[0], ActivityType=[1], TimeStamp=[1477457470028]
10-25 21:51:11.402 3520 4010 D SContextService: updateSContext() : event = Activity Tracker
10-25 21:51:11.972 3520 3520 I Tethering: BATTERY_CHANGED, level = 100lowBatteryThreshold = 15
10-25 21:51:11.982 4130 4130 D KeyguardUpdateMonitor: received broadcast android.intent.action.BATTERY_CHANGED
10-25 21:51:11.982 4130 4130 D KeyguardUpdateMonitor: handleBatteryUpdate
10-25 21:51:12.002 4590 4590 D BatteryMonitor: new battery level: 100
10-25 21:51:18.002 3520 3988 I TLC_TIMA_PKM_measure_kernel: TIMA: response_id = 3
10-25 21:51:18.002 3520 3988 I TLC_TIMA_PKM_measure_kernel: TIMA: response ret = 0, result_ondemand = MSG=Kernel Verification Success;
10-25 21:51:22.012 3520 3520 I Tethering: BATTERY_CHANGED, level = 100lowBatteryThreshold = 15
10-25 21:51:22.022 4130 4130 D KeyguardUpdateMonitor: received broadcast android.intent.action.BATTERY_CHANGED
10-25 21:51:22.022 4130 4130 D KeyguardUpdateMonitor: handleBatteryUpdate
10-25 21:51:22.032 4590 4590 D BatteryMonitor: new battery level: 100
10-25 21:51:31.602 4574 4612 D ContactsProvider_EventLog: contents_sample_state: [ contacts(4) data(27) accounts({com.google (2)=4}) accounts deleted({}) calls([]) ]
10-25 21:51:31.602 4574 4612 D ContactsProvider_EventLog: contents_sample_state: [ agr({[2]=4}) ]
10-25 21:51:32.082 3520 3520 I Tethering: BATTERY_CHANGED, level = 100lowBatteryThreshold = 15
10-25 21:51:32.092 4130 4130 D KeyguardUpdateMonitor: received broadcast android.intent.action.BATTERY_CHANGED
10-25 21:51:32.092 4130 4130 D KeyguardUpdateMonitor: handleBatteryUpdate
10-25 21:51:32.102 4590 4590 D BatteryMonitor: new battery level: 100
10-25 21:51:42.132 3520 3520 I Tethering: BATTERY_CHANGED, level = 100lowBatteryThreshold = 15
10-25 21:51:42.142 4130 4130 D KeyguardUpdateMonitor: received broadcast android.intent.action.BATTERY_CHANGED
10-25 21:51:42.142 4130 4130 D KeyguardUpdateMonitor: handleBatteryUpdate
10-25 21:51:42.152 4590 4590 D BatteryMonitor: new battery level: 100
10-25 21:51:50.392 3135 3181 D Sensorhubs: readContextData: 1, 1, 26, 1, 1, 11, 42, -89, 1, 1
10-25 21:51:50.392 3520 4008 D SensorHubManager: onGetSensorHubDataLocked: library(10) = 1, 1, 26, 1, 1, 11, 42, -89, 1, 1
10-25 21:51:50.392 3520 4007 D CAE : onGetSensorHubData(SensorHubParserProvider.java:92) - onGetSensorHubData Event [event buffer len :10], AP_WAKEUP
10-25 21:51:50.392 3520 4007 I CAE : parse(SensorHubParserProvider.java:188) - buffer size = 10
10-25 21:51:50.392 3520 4007 I CAE : parse(SensorHubParserProvider.java:199) - 1, 1, 26, 1, 1, 11, 42, -89, 1, 1,
10-25 21:51:50.392 3520 4007 D CAE : display(ContextProvider.java:375) - ================= ACTIVITY_TRACKER =================
10-25 21:51:50.402 3520 4007 I CAE : display(ContextProvider.java:391) - Accuracy=[1], OperationMode=[0], ActivityType=[1], TimeStamp=[1477457509031]
10-25 21:51:50.402 3520 4010 D SContextService: updateSContext() : event = Activity Tracker
10-25 21:51:51.242 4130 4343 D NetworkController.MobileSignalController(0/2147483643): onSignalStrengthsChanged signalStrength=SignalStrength: 16 99 -16 -200 -16 -200 -1 99 2147483647 2147483647 2147483647 2147483647 2147483647 0x5 gsm|lte level=5
10-25 21:51:51.242 4130 4343 D NetworkController.MobileSignalController(0/2147483643): getMobileIconGroup(): 0
10-25 21:51:51.242 4130 4343 D NetworkController.MobileSignalController(0/2147483643): updateTMOMobileIconGroup(): 0
10-25 21:51:51.242 4425 4425 D WfcPhoneStateListener: onSignalStrengthsChanged(): signal strength did not change
10-25 21:51:52.202 3520 3520 I Tethering: BATTERY_CHANGED, level = 100lowBatteryThreshold = 15
10-25 21:51:52.212 4130 4130 D KeyguardUpdateMonitor: received broadcast android.intent.action.BATTERY_CHANGED
10-25 21:51:52.212 4130 4130 D KeyguardUpdateMonitor: handleBatteryUpdate
10-25 21:51:52.232 4590 4590 D BatteryMonitor: new battery level: 100
10-25 21:51:54.122 17152 18025 E : [mtp_simple_sink_thread, 321] !!!!!! read failed errno [5], error [I/O error]
10-25 21:51:54.132 17152 17152 W MTPRx : notification from stack 21
10-25 21:51:54.132 17152 17152 E MTPRx : Read Error Came false
10-25 21:51:54.132 17152 18025 E : [mtp_simple_sink_thread 368] read error [0] [Success]
10-25 21:51:54.132 17152 17152 E MTPRx : Read Error Came so calling usbRemoved()
10-25 21:51:54.132 3102 3176 D DataRouter: After the usb select
10-25 21:51:54.132 3102 3176 D DataRouter: read length is zero
10-25 21:51:54.132 17152 17223 E MTPRx : state from USB_STATE event DISCONNECTED
10-25 21:51:54.132 3520 3985 D SecContentProvider: insert(), uri = 2
10-25 21:51:54.132 17152 17152 W MTPRx : MTP_RUNNING_STATUS = 1
10-25 21:51:54.132 17152 17152 E MTPRx : sendbooster is false!
10-25 21:51:54.132 17152 17152 E MTPRx : In usbRemoved Status bar enabled
10-25 21:51:54.132 3102 3176 D DataRouter: dr_usb_deinit
10-25 21:51:54.132 17152 17152 V MtpMediaDBManager: inside getMyfilesDBList
10-25 21:51:54.132 3102 3176 D DataRouter: dr_usb_init
10-25 21:51:54.142 17152 17223 E MTPRx : stop observing and calling usbRemoved
10-25 21:51:54.142 3102 3176 E DataRouter: USB Interface is open with 0x7
10-25 21:51:54.142 17152 17223 W MTPRx : MTP_RUNNING_STATUS = 1
10-25 21:51:54.142 17152 17223 E MTPRx : sendbooster is false!
10-25 21:51:54.142 17152 17223 E MTPRx : In usbRemoved Status bar enabled
10-25 21:51:54.142 3102 3176 D DataRouter: USB interface is now configured for usb_fd = 0x7
10-25 21:51:54.142 17152 17223 V MtpMediaDBManager: inside getMyfilesDBList
10-25 21:51:54.162 17152 17152 E MtpMediaDBManager: updateMyfilesDB Count :0
10-25 21:51:54.162 17152 17152 V MtpMediaDBManager: start updateMyfilesDB
10-25 21:51:54.162 17152 17152 V MtpMediaDBManager: finish getMyfilesDBList
10-25 21:51:54.172 17152 17152 E MTPRx : Sending Broadcast finish
10-25 21:51:54.182 17152 17223 E MtpMediaDBManager: updateMyfilesDB Count :0
10-25 21:51:54.182 17152 17223 V MtpMediaDBManager: start updateMyfilesDB
10-25 21:51:54.182 17152 17223 V MtpMediaDBManager: finish getMyfilesDBList
10-25 21:51:54.212 17152 17223 E MTPRx : Sending Broadcast finish
10-25 21:51:54.232 17152 17152 E MtpService: onDestroy.
10-25 21:51:54.252 3520 3584 D BluetoothAdapter: STATE_BLE_ON
10-25 21:51:54.332 17152 17152 E MtpService: Unregister Mtp disable Receiver
10-25 21:51:54.332 17152 17152 E MtpService: Receiver not registered: com.samsung.android.MtpApplication.MtpService$1@eddc745
10-25 21:51:54.332 17152 17152 E MtpService: Unregister mtpEmergencyReceiver
10-25 21:51:54.332 17152 17152 E MtpService: Receiver not registered: com.samsung.android.MtpApplication.MtpService$2@b830e9a
10-25 21:51:54.332 17152 17152 E MtpService: unregistering mtpMediaReceiver in UnregisterAllIntent
10-25 21:51:54.332 17152 17152 E MtpService: Receiver not registered: com.samsung.android.MtpApplication.MtpService$3@6c09bbc
10-25 21:51:54.332 17152 17152 E MTPJNIInterface: noti = 3
10-25 21:51:54.352 17152 17152 D : USB_MTP_ENABLED AND usb_ptp_enabled!
10-25 21:51:54.352 17152 17152 D : __mtp_handler_eh_notify: USB plugged out.
10-25 21:51:54.352 17152 17152 D : [__mtp_handler_eh_notify:627] is_connected = 1 and is_enumeration_finished = 1
10-25 21:51:54.352 17152 17152 D : [__mtp_handler_eh_notify:668] Enumeration is Complete and hence exiting the Mtp App
10-25 21:51:54.362 17152 17152 D : gbin_sem_mtp semphore destroy successful
10-25 21:51:54.362 17152 17152 D : [__mtp_handler_eh_notify:732] sending event to event handler thread to close...
10-25 21:51:54.362 17152 17152 D : [__mtp_handler_eh_notify:741] starting mtp_deinitialize() ...
10-25 21:51:54.362 17152 17152 D : cleaning MP3 properties
10-25 21:51:54.362 17152 17152 D : cleaning WMA properties
10-25 21:51:54.362 17152 17152 D : cleaning WMV properties
10-25 21:51:54.362 17152 17152 D : cleaning ALBUM properties
10-25 21:51:54.362 17152 17152 D : cleaning default properties
10-25 21:51:54.362 17152 17152 D : [__mtp_handler_eh_notify:773] Checking for MMC_INSERTED and kill data threads ...
10-25 21:51:54.362 17152 17152 D : [__mtp_handler_eh_notify:784] calling mtp_g_fs_mtp_init() ...
10-25 21:51:54.362 17152 17152 D : ************** In mtp_g_fs_mtp_init to kill the threads
10-25 21:51:54.362 17152 17152 D : [mtp_g_fs_mtp_init] ********* gfs_mode = 0 mtp_clean_usb_driver
10-25 21:51:54.362 17152 17152 D : [mtp_g_fs_mtp_init] ************ Calling mtp_usb_mtp_finalize fn
10-25 21:51:54.362 17152 17152 E : ****** [mtp_usb_mtp_finalize 1269] mtp_close_fd Calling
10-25 21:51:54.362 17152 17152 E : [mtp_close_fd 127] fd = 25...
10-25 21:51:54.362 17152 17152 E : [mtp_close_fd 132] USB endpoint [25] closed...
10-25 21:51:54.362 17152 17152 E : ****** [mtp_usb_mtp_finalize 1272] Updating the gInitializeFlag Flag to FALSE
10-25 21:51:54.362 17152 17152 E : ****** [mtp_usb_mtp_finalize 1275] Calling mtp_stop_io
10-25 21:51:54.362 17152 17152 D : mtp_stop_io going to kill source thread, th_source value = 1
10-25 21:51:54.362 3520 3520 I Tethering: BATTERY_CHANGED, level = 100lowBatteryThreshold = 15
10-25 21:51:54.372 4590 4590 D BatteryMonitor: new battery level: 100
10-25 21:51:54.382 3520 4091 D lights : lcd : 56 +
10-25 21:51:54.382 3520 4091 D lights : lcd : 56 -
10-25 21:51:54.392 16548 16548 I SAAutoConnectionManager: Intent Action: android.intent.action.ACTION_POWER_DISCONNECTED
10-25 21:51:54.392 3520 4091 D lights : lcd : 89 +
10-25 21:51:54.392 3520 4091 D lights : lcd : 89 -
10-25 21:51:54.412 18632 18632 E Zygote : v2
10-25 21:51:54.412 18632 18632 I SELinux : Function: selinux_compare_spd_ram, index[1], SPD-policy is existed. and_ver=SEPF_SECMOBILE_6.0.1 ver=11
10-25 21:51:54.412 18632 18632 W SELinux : Function: selinux_compare_spd_ram, index[1], priority [2], priority version is VE=SEPF_SECMOBILE_6.0.1_0013
10-25 21:51:54.412 3520 4091 D lights : lcd : 122 +
10-25 21:51:54.412 3520 4091 D lights : lcd : 122 -
10-25 21:51:54.412 18632 18632 E Zygote : accessInfo : 0
10-25 21:51:54.412 18632 18632 W SELinux : SELinux: seapp_context_lookup: seinfo=platform, level=s0:c512,c768, pkgname=com.sec.app.TransmitPowerService
10-25 21:51:54.432 3520 4091 D lights : lcd : 155 +
10-25 21:51:54.432 3520 4091 D lights : lcd : 155 -
10-25 21:51:54.432 15292 15365 V mfl_ApiLib_CloudGatewaySignInUtils: ::isSignedIn()
10-25 21:51:54.432 15292 15365 V mfl_ApiLib_CloudGatewaySignInUtils: ::isSignedIn()
10-25 21:51:54.442 3520 4091 D lights : lcd : 189 +
10-25 21:51:54.442 3520 4091 D lights : lcd : 189 -
10-25 21:51:54.452 3520 3520 I Tethering: Unplugged
10-25 21:51:54.452 3520 3520 I CAE : handleMessage(CaPowerManager.java:197) - POWER_DISCONNECTED
10-25 21:51:54.452 3520 3520 I CAE : sendCmdToSensorHub(SensorHubCommManager.java:162) - -76, 13, -41, 0,
10-25 21:51:54.452 3520 3520 D SensorHubManager: SendSensorHubData: send data = -76, 13, -41, 0
10-25 21:51:54.452 3135 6965 D Sensorhubs: sendContextData: -76, 13, -41, 0
10-25 21:51:54.462 4130 4130 D KeyguardUpdateMonitor: received broadcast android.intent.action.BATTERY_CHANGED
10-25 21:51:54.462 3520 4091 D lights : lcd : 191 +
10-25 21:51:54.462 3520 4091 D lights : lcd : 191 -
10-25 21:51:54.462 3520 3520 D EdgeLight: Turning off
10-25 21:51:54.462 4130 4130 D KeyguardUpdateMonitor: handleBatteryUpdate
10-25 21:51:54.472 17268 17279 D CatchNotificationsService: onNotificationRemoved
10-25 21:51:54.472 17268 17279 D CatchNotificationsService: Notification removed
10-25 21:51:54.492 4371 9312 D PeopleNotiListenerService: onEdgeNotificationRemoved() : pkg android,id=0,extra=Bundle[mParcelledData.dataSize=112]
10-25 21:51:54.492 4371 4371 D PeopleNotiListenerService: removeEdgeNotification:Bundle[{samsung.notification.id=0, samsung.people.package_name=android, samsung.people.notification_type=led_indicator}]
10-25 21:51:54.492 4371 4371 I PeopleStripeService: PeopleNotificationReceiver:3
10-25 21:51:54.492 4371 9312 D PeopleNotiListenerService: onEdgeNotificationRemoved() : pkg com.android.systemui,id=2131624021,extra=Bundle[mParcelledData.dataSize=84]
10-25 21:51:54.492 18632 18632 D TimaKeyStoreProvider: TimaSignature is unavailable
10-25 21:51:54.492 18632 18632 D ActivityThread: Added TimaKeyStore provider
10-25 21:51:54.502 4130 4130 D PhoneStatusBar: removeNotification key=-1|com.android.systemui|2131624021|charging_state|10071 old=StatusBarNotification(pkg=com.android.systemui user=UserHandle{-1} id=2131624021 tag=charging_state score=-20 key=-1|com.android.systemui|2131624021|charging_state|10071: Notification(pri=-2 contentView=com.android.systemui/0x10900a3 vibrate=null sound=null defaults=0x0 flags=0xa color=0xff7792a9 category=sys vis=PUBLIC secFlags=0x0 secPriority=0))
10-25 21:51:54.502 4130 4130 D PhoneStatusBar: setAreThereNotifications: N=4 any=true clearable=true
10-25 21:51:54.502 4523 4523 I CocktailBarUiController: onUpdateCocktail: 4
10-25 21:51:54.502 4523 4523 I CocktailBarPanelManager: updatePanelItem: updateContainedPanel - 4
10-25 21:51:54.502 4523 4523 D CatchNotificationsView: setData
10-25 21:51:54.502 4523 4523 D CatchNotificationsView: Notification removed
10-25 21:51:54.502 4523 4523 D CatchNotificationsView: No notifications left to remove
10-25 21:51:54.502 4523 4523 D CatchNotificationsView: makeNoNotificationsPanel
10-25 21:51:54.512 4371 4371 I PeopleStripeService: sendEdgeNotification peopleEnabled true lightingEnabled true edgeEnabled true
10-25 21:51:54.512 4371 4371 I PeopleDataManager: removeNotification
10-25 21:51:54.512 4371 4371 I NotificationParser: getNotiType:android,led_indicator
10-25 21:51:54.512 4371 4371 D PeopleDataManager: removeNotiInfo: id =0,packageName=android,isEdgeNotification=true,key=null,removeAll=false
10-25 21:51:54.512 4371 4371 D PeopleDataManager: removeNotiInfo =null
10-25 21:51:54.512 4371 4371 D PeopleNotiListenerService: removeEdgeNotification:Bundle[{samsung.notification.id=2131624021, samsung.notification.type=normal, samsung.people.package_name=com.android.systemui}]
10-25 21:51:54.512 4371 4371 I PeopleStripeService: PeopleNotificationReceiver:3
10-25 21:51:54.512 4371 4371 I PeopleStripeService: sendEdgeNotification peopleEnabled true lightingEnabled true edgeEnabled true
10-25 21:51:54.512 4371 4371 I PeopleDataManager: removeNotification
10-25 21:51:54.512 4371 4371 I NotificationParser: getNotiType:com.android.systemui,null
10-25 21:51:54.512 4371 4371 D PeopleDataManager: removeNotiInfo: id =2131624021,packageName=com.android.systemui,isEdgeNotification=false,key=null,removeAll=false
10-25 21:51:54.512 4371 4371 D PeopleDataManager: removeNotiInfo =null
10-25 21:51:54.522 4523 4523 D PanelDescriptionView: updateHelpView: Apps edge2130903045 --> 2130903045 helpview reapplied:1
10-25 21:51:54.532 4523 4523 D CocktailBarUiController: postUpdatePanel: 257
10-25 21:51:54.562 18632 18632 I InjectionManager: Inside getClassLibPath + mLibMap{0=, 1=}
10-25 21:51:54.572 5329 18628 D MediaProvider: savePlaylistTableInBulkDeleter started
10-25 21:51:54.572 5329 18628 D MediaProvider: savePlaylistTableInBulkDeleter started - audio_playlists_map_personal_cache existed
10-25 21:51:54.572 5329 18628 D MediaProvider: savePlaylistTableInBulkDeleter started - audio_playlists_map_personal_cache is empty
10-25 21:51:54.572 5329 18628 D MediaProvider: savePlaylistTableInBulkDeleter finished
10-25 21:51:54.582 5329 18628 D MediaScanner: getExternalStorageSdPath return null
10-25 21:51:54.582 18632 18632 I InjectionManager: Inside getClassLibPath caller
10-25 21:51:54.592 18632 18632 W System : ClassLoader referenced unknown path: /system/priv-app/TransmitPowerService/lib/arm64
10-25 21:51:54.592 5329 18628 D MediaScanner: Prescan. DB items number : 197 DB_FILES_NUMBER_CACHING_LIMITATION : 7000 Caching mode : true
10-25 21:51:54.592 18632 18632 D InjectionManager: InjectionManager
10-25 21:51:54.592 18632 18632 D InjectionManager: fillFeatureStoreMap com.sec.app.TransmitPowerService
10-25 21:51:54.592 18632 18632 I InjectionManager: Constructor com.sec.app.TransmitPowerService, Feature store :{}
10-25 21:51:54.592 18632 18632 I InjectionManager: featureStore :{}
10-25 21:51:54.592 18632 18632 I DeviceStateReceiver: onReceive
10-25 21:51:54.592 18632 18632 V DeviceStateReceiver: beginStartingService
10-25 21:51:54.602 3520 3530 I art : Background partial concurrent mark sweep GC freed 76873(5MB) AllocSpace objects, 43(11MB) LOS objects, 24% free, 50MB/66MB, paused 6.662ms total 262.796ms
10-25 21:51:54.602 18632 18632 V RequestService: Creating TransmitPowerService
10-25 21:51:54.612 18632 18632 V RequestService: Starting #1: null
10-25 21:51:54.622 18632 18650 V RequestService: Handling incoming message: { when=-1ms what=0 arg1=1 obj=Intent { act=android.intent.action.ACTION_POWER_DISCONNECTED flg=0x4000010 cmp=com.sec.app.TransmitPowerService/.RequestService bqHint=4 } target=com.sec.app.TransmitPowerService.RequestService$ServiceHandler }
10-25 21:51:54.622 18652 18652 E Zygote : v2
10-25 21:51:54.622 18652 18652 I SELinux : Function: selinux_compare_spd_ram, index[1], SPD-policy is existed. and_ver=SEPF_SECMOBILE_6.0.1 ver=11
10-25 21:51:54.622 18652 18652 W SELinux : Function: selinux_compare_spd_ram, index[1], priority [2], priority version is VE=SEPF_SECMOBILE_6.0.1_0013
10-25 21:51:54.622 18652 18652 E Zygote : accessInfo : 0
10-25 21:51:54.662 18652 18652 D TimaKeyStoreProvider: TimaSignature is unavailable
10-25 21:51:54.662 18652 18652 D ActivityThread: Added TimaKeyStore provider
10-25 21:51:54.672 5329 18628 V MediaScanner: processDirectory : /storage/emulated/0
10-25 21:51:54.672 18632 18650 V DeviceStateReceiver: finishStartingService
10-25 21:51:54.682 5329 18628 I CMHServiceInterface: binding to CMH
10-25 21:51:54.682 18632 18632 V RequestService: Destroying TransmitPowerService
10-25 21:51:54.692 18652 18652 I InjectionManager: Inside getClassLibPath + mLibMap{0=, 1=}
10-25 21:51:54.702 17001 17001 E CMHService: [#CMH#] onCreate()
10-25 21:51:54.702 5329 18628 D CMHServiceInterface: Sending intent to CMH to update
10-25 21:51:54.702 18652 18652 I InjectionManager: Inside getClassLibPath caller
10-25 21:51:54.702 5329 5329 I CMHServiceInterface: CMHService connected
10-25 21:51:54.702 17001 18665 I Controller: [#CMH#] com.android.providers.media Update
10-25 21:51:54.712 17001 18665 E Controller: [#CMH#] Update failed CV: media_type=0 mime_type=null clusterDayId=-1 _size=0 title=data clusterId=-1 is_secretbox=0 is_drm=false date_modified=1477456830where:uri = ? args:[content://media/external/file/15]
10-25 21:51:54.712 18652 18652 W System : ClassLoader referenced unknown path: /system/app/KnoxSwitcher/lib/arm64
10-25 21:51:54.712 15292 15365 V mfl_ApiLib_CloudGatewaySignInUtils: ::isSignedIn()
10-25 21:51:54.712 5329 18628 D MediaScanner: Skipping:
10-25 21:51:54.712 5329 18628 D MediaScanner: 7klwibgf7fvntblfd7(7Budiwrd7dblb7
10-25 21:51:54.712 18652 18652 D KnoxUsageDB: getInstance - KnoxUsageDBHelper
10-25 21:51:54.712 18652 18652 D KnoxUsageDB: null == mDbHelperInstance - KnoxUsageDBHelper
10-25 21:51:54.722 18652 18652 D InjectionManager: InjectionManager
10-25 21:51:54.722 18652 18652 D InjectionManager: fillFeatureStoreMap com.sec.knox.switcher
10-25 21:51:54.722 18652 18652 I InjectionManager: Constructor com.sec.knox.switcher, Feature store :{}
10-25 21:51:54.722 18652 18652 I InjectionManager: featureStore :{}
10-25 21:51:54.722 18652 18652 I usagelog: received in receiver
10-25 21:51:54.722 18652 18652 I KnoxUsageLogPro: KnoxUsageReceiver onReceive :android.intent.action.ACTION_POWER_DISCONNECTED myUserId=0
10-25 21:51:54.722 18652 18652 I KnoxUsageLogPro: premStatus:2
10-25 21:51:54.732 5329 18628 D MediaScanner: Skipping:
10-25 21:51:54.732 5329 18628 D MediaScanner: 7klwibgf7fvntblfd7(7Budiwrd7waa7cwv5ebcfawws5sblbub7
10-25 21:51:54.732 18652 18652 I KnoxUsageLogPro: isEulaShown : false
10-25 21:51:54.732 18652 18652 I KnoxUsageLogPro: KnoxUsageReceiver onReceive : not Processible, just return
10-25 21:51:54.742 5329 18628 D MediaScanner: Skipping:
10-25 21:51:54.742 5329 18628 D MediaScanner: 7klwibgf7fvntblfd7(75ebcf7
10-25 21:51:54.752 18666 18666 E Zygote : v2
10-25 21:51:54.752 18666 18666 I SELinux : Function: selinux_compare_spd_ram, index[1], SPD-policy is existed. and_ver=SEPF_SECMOBILE_6.0.1 ver=11
10-25 21:51:54.752 18666 18666 W SELinux : Function: selinux_compare_spd_ram, index[1], priority [2], priority version is VE=SEPF_SECMOBILE_6.0.1_0013
10-25 21:51:54.752 5329 18628 D MediaScanner: Skipping:
10-25 21:51:54.752 5329 18628 D MediaScanner: 7klwibgf7fvntblfd7(7DCRV75lpnvaubrtk7
10-25 21:51:54.752 18666 18666 E Zygote : accessInfo : 0
10-25 21:51:54.752 5329 18628 D CMHServiceInterface: Sending intent to CMH to update
10-25 21:51:54.762 17001 18665 I Controller: [#CMH#] com.android.providers.media Update
10-25 21:51:54.762 17001 18665 E Controller: [#CMH#] Update failed CV: media_type=0 mime_type=null clusterDayId=-1 _size=0 title=Oculus clusterId=-1 is_secretbox=0 is_drm=false date_modified=1477456823where:uri = ? args:[content://media/external/file/52]
10-25 21:51:54.762 15292 15365 V mfl_ApiLib_CloudGatewaySignInUtils: ::isSignedIn()
10-25 21:51:54.772 5329 18628 D CMHServiceInterface: Sending intent to CMH to update
10-25 21:51:54.772 17001 18665 I Controller: [#CMH#] com.android.providers.media Update
10-25 21:51:54.772 17001 18665 E Controller: [#CMH#] Update failed CV: media_type=0 mime_type=null clusterDayId=-1 _size=52284 title=defaultDistortion clusterId=-1 is_secretbox=0 is_drm=false date_modified=1477456823where:uri = ? args:[content://media/external/file/56]
10-25 21:51:54.772 15292 15365 V mfl_ApiLib_CloudGatewaySignInUtils: ::isSignedIn()
10-25 21:51:54.782 18666 18666 D TimaKeyStoreProvider: TimaSignature is unavailable
10-25 21:51:54.782 18666 18666 D ActivityThread: Added TimaKeyStore provider
10-25 21:51:54.802 18666 18666 I InjectionManager: Inside getClassLibPath + mLibMap{0=, 1=}
10-25 21:51:54.812 18666 18666 I InjectionManager: Inside getClassLibPath caller
10-25 21:51:54.812 4509 4509 D CscUpdateService: sys.boot_completed is 1. Start update ringtone notification alarm
10-25 21:51:54.812 4509 4509 D CscUpdateService: PREF_RINGTONE_SET return 3
10-25 21:51:54.812 4509 4509 D CscUpdateService: PREF_NOTIFICATION_SET return 3
10-25 21:51:54.812 4509 4509 D CscUpdateService: PREF_ALARMTONE_SET return 3
10-25 21:51:54.822 5329 5329 D MediaProvider: Network connect success, Call RequestAddressThread
10-25 21:51:54.822 15292 15365 V mfl_ApiLib_CloudGatewaySignInUtils: ::isSignedIn()
10-25 21:51:54.822 5329 18679 D MediaProvider: There is no image files to update address and langagecode fields
10-25 21:51:54.822 18666 18666 W System : ClassLoader referenced unknown path: /system/app/Kies/lib/arm64
10-25 21:51:54.832 18666 18666 D InjectionManager: InjectionManager
10-25 21:51:54.832 18666 18666 D InjectionManager: fillFeatureStoreMap com.sec.android.Kies
10-25 21:51:54.832 18666 18666 I InjectionManager: Constructor com.sec.android.Kies, Feature store :{}
10-25 21:51:54.832 18666 18666 I InjectionManager: featureStore :{}
10-25 21:51:54.832 18666 18666 I SecKies-KiesReceiver: [APK BnR] Receive KIES_USB_DISCONNECT
10-25 21:51:54.832 15292 15365 V mfl_ApiLib_CloudGatewaySignInUtils: ::isSignedIn()
10-25 21:51:54.832 15292 15365 V mfl_ApiLib_CloudGatewaySignInUtils: ::isSignedIn()
10-25 21:51:54.842 5329 18628 D MediaProvider: savePlaylistTableInBulkDeleter started
10-25 21:51:54.842 5329 18628 D MediaProvider: savePlaylistTableInBulkDeleter started - audio_playlists_map_personal_cache existed
10-25 21:51:54.842 5329 18628 D MediaProvider: savePlaylistTableInBulkDeleter started - audio_playlists_map_personal_cache is empty
10-25 21:51:54.842 5329 18628 D MediaProvider: savePlaylistTableInBulkDeleter finished
10-25 21:51:54.852 5329 18628 D MediaScanner: getExternalStorageSdPath return null
10-25 21:51:54.852 5329 18628 D MediaScanner: Prescan. DB items number : 197 DB_FILES_NUMBER_CACHING_LIMITATION : 7000 Caching mode : true
10-25 21:51:54.872 5329 18628 V MediaScanner: processDirectory : /storage/emulated/0
10-25 21:51:54.882 5329 18628 D MediaScanner: Skipping:
10-25 21:51:54.882 5329 18628 D MediaScanner: 7klwibgf7fvntblfd7(7Budiwrd7dblb7
10-25 21:51:54.882 5329 18628 D MediaScanner: Skipping:
10-25 21:51:54.882 5329 18628 D MediaScanner: 7klwibgf7fvntblfd7(7Budiwrd7waa7cwv5ebcfawws5sblbub7
10-25 21:51:54.892 5329 18628 D MediaScanner: Skipping:
10-25 21:51:54.892 5329 18628 D MediaScanner: 7klwibgf7fvntblfd7(75ebcf7
10-25 21:51:54.892 5329 18628 D MediaScanner: Skipping:
10-25 21:51:54.892 5329 18628 D MediaScanner: 7klwibgf7fvntblfd7(7DCRV75lpnvaubrtk7
10-25 21:51:54.902 18681 18681 E Zygote : v2
10-25 21:51:54.902 18681 18681 I SELinux : Function: selinux_compare_spd_ram, index[1], SPD-policy is existed. and_ver=SEPF_SECMOBILE_6.0.1 ver=11
10-25 21:51:54.902 18681 18681 W SELinux : Function: selinux_compare_spd_ram, index[1], priority [2], priority version is VE=SEPF_SECMOBILE_6.0.1_0013
10-25 21:51:54.902 18681 18681 E Zygote : accessInfo : 0
10-25 21:51:54.902 18681 18681 W SELinux : SELinux: seapp_context_lookup: seinfo=default, level=s0:c512,c768, pkgname=com.facebook.katana
10-25 21:51:54.922 3520 3543 E RUNTIMEAASA: uid:10040 pm:android.permission.BATTERY_STATS accept!!!
10-25 21:51:54.922 3520 3543 D BluetoothAdapter: STATE_BLE_ON
10-25 21:51:54.932 18681 18681 D TimaKeyStoreProvider: TimaSignature is unavailable
10-25 21:51:54.932 18681 18681 D ActivityThread: Added TimaKeyStore provider
10-25 21:51:54.972 4509 4509 D CscUpdateService: sys.boot_completed is 1. Start update ringtone notification alarm
10-25 21:51:54.972 4509 4509 D CscUpdateService: PREF_RINGTONE_SET return 3
10-25 21:51:54.972 4509 4509 D CscUpdateService: PREF_NOTIFICATION_SET return 3
10-25 21:51:54.972 4509 4509 D CscUpdateService: PREF_ALARMTONE_SET return 3
10-25 21:51:54.972 5329 5329 D MediaProvider: Network connect success, Call RequestAddressThread
10-25 21:51:54.982 5329 18693 D MediaProvider: There is no image files to update address and langagecode fields
10-25 21:51:54.992 18681 18681 I InjectionManager: Inside getClassLibPath + mLibMap{0=, 1=}
10-25 21:51:55.012 18681 18681 I InjectionManager: Inside getClassLibPath caller
10-25 21:51:55.052 18681 18681 W System.err: remove failed: ENOENT (No such file or directory) : /data/user/0/com.facebook.katana/remedy_log
10-25 21:51:55.082 18681 18697 W System.err: remove failed: ENOENT (No such file or directory) : /data/user/0/com.facebook.katana/app_libs
10-25 21:51:55.222 18681 18697 I art : Thread[10,tid=18697,Native,Thread*=0xeb7bb000,peer=0x12d6d3a0,"EnsureDelegate"] recursive attempt to load library "/data/user/0/com.facebook.katana/lib-xzs/libfb.so"
10-25 21:51:55.282 18681 18697 V dalvik-internals: Hooking function _ZN3art12FaultManager35EnsureArtActionInFrontOfSignalChainEv
10-25 21:51:55.282 18681 18697 V dalvik-internals: hooked _ZN3art12FaultManager35EnsureArtActionInFrontOfSignalChainEv using trap ()
10-25 21:51:55.282 18681 18697 V dalvik-internals: hooked signal using trap ()
10-25 21:51:55.282 18681 18697 V dalvik-internals: hooked sysv_signal using trap ()
10-25 21:51:55.282 18681 18697 V dalvik-internals: hooked bsd_signal using trap ()
10-25 21:51:55.342 18681 18697 E linker : "/system/bin/app_process32": ignoring 2-entry DT_PREINIT_ARRAY in shared library!
10-25 21:51:55.342 18681 18697 V dalvik-internals: hooked sigaction using trap ()
10-25 21:51:55.382 18681 18697 V appstatelogger: Registered App State Logger stream with Breakpad
10-25 21:51:55.382 18681 18697 I dalvik-internals: installed sigmux crash handler for crash log
10-25 21:51:55.432 18681 18697 W MemoryReductionHack: Couldn't update the Loader
10-25 21:51:55.482 15292 15365 V mfl_ApiLib_CloudGatewaySignInUtils: ::isSignedIn()
10-25 21:51:55.642 3520 3520 D EdgeLight: Turning off
10-25 21:51:55.662 17268 17278 D CatchNotificationsService: onNotificationRemoved
10-25 21:51:55.662 17268 17278 D CatchNotificationsService: Notification removed
10-25 21:51:55.662 4130 4130 D PhoneStatusBar: removeNotification key=-1|android|17040366|null|1000 old=StatusBarNotification(pkg=android user=UserHandle{-1} id=17040366 tag=null score=-20 key=-1|android|17040366|null|1000: Notification(pri=-2 contentView=android/0x10900a3 vibrate=null sound=null tick defaults=0x0 flags=0x2 color=0xff7792a9 vis=PUBLIC secFlags=0x0 secPriority=0))
10-25 21:51:55.662 4130 4130 D PhoneStatusBar: setAreThereNotifications: N=3 any=true clearable=true
10-25 21:51:55.662 4371 4385 D PeopleNotiListenerService: onEdgeNotificationRemoved() : pkg android,id=0,extra=Bundle[mParcelledData.dataSize=112]
10-25 21:51:55.662 4371 4371 D PeopleNotiListenerService: removeEdgeNotification:Bundle[{samsung.notification.id=0, samsung.people.package_name=android, samsung.people.notification_type=led_indicator}]
10-25 21:51:55.662 4371 4371 I PeopleStripeService: PeopleNotificationReceiver:3
10-25 21:51:55.662 4371 4371 I PeopleStripeService: sendEdgeNotification peopleEnabled true lightingEnabled true edgeEnabled true
10-25 21:51:55.662 4371 4371 I PeopleDataManager: removeNotification
10-25 21:51:55.662 4371 4371 I NotificationParser: getNotiType:android,led_indicator
10-25 21:51:55.662 4371 4371 D PeopleDataManager: removeNotiInfo: id =0,packageName=android,isEdgeNotification=true,key=null,removeAll=false
10-25 21:51:55.662 4371 4371 D PeopleDataManager: removeNotiInfo =null
10-25 21:51:55.662 4371 4385 D PeopleNotiListenerService: onEdgeNotificationRemoved() : pkg android,id=17040366,extra=Bundle[mParcelledData.dataSize=84]
10-25 21:51:55.672 4371 4371 D PeopleNotiListenerService: removeEdgeNotification:Bundle[{samsung.notification.id=17040366, samsung.notification.type=normal, samsung.people.package_name=android}]
10-25 21:51:55.672 4371 4371 I PeopleStripeService: PeopleNotificationReceiver:3
10-25 21:51:55.672 4371 4371 I PeopleStripeService: sendEdgeNotification peopleEnabled true lightingEnabled true edgeEnabled true
10-25 21:51:55.672 4371 4371 I PeopleDataManager: removeNotification
10-25 21:51:55.672 4371 4371 I NotificationParser: getNotiType:android,null
10-25 21:51:55.672 4371 4371 D PeopleDataManager: removeNotiInfo: id =17040366,packageName=android,isEdgeNotification=false,key=null,removeAll=false
10-25 21:51:55.672 4371 4371 D PeopleDataManager: removeNotiInfo =null
10-25 21:51:55.672 4523 4523 I CocktailBarUiController: onUpdateCocktail: 4
10-25 21:51:55.672 4523 4523 I CocktailBarPanelManager: updatePanelItem: updateContainedPanel - 4
10-25 21:51:55.672 4523 4523 D CatchNotificationsView: setData
10-25 21:51:55.672 4523 4523 D CatchNotificationsView: Notification removed
10-25 21:51:55.672 4523 4523 D CatchNotificationsView: No notifications left to remove
10-25 21:51:55.672 4523 4523 D CatchNotificationsView: makeNoNotificationsPanel
10-25 21:51:55.672 4523 4523 D PanelDescriptionView: updateHelpView: Apps edge2130903045 --> 2130903045 helpview reapplied:1
10-25 21:51:55.682 4523 4523 D CocktailBarUiController: postUpdatePanel: 257
10-25 21:51:55.682 18681 18701 W StaticBindingVerifier: Verify
10-25 21:51:55.702 18707 18707 E Zygote : v2
10-25 21:51:55.702 18707 18707 I SELinux : Function: selinux_compare_spd_ram, index[1], SPD-policy is existed. and_ver=SEPF_SECMOBILE_6.0.1 ver=11
10-25 21:51:55.702 18707 18707 W SELinux : Function: selinux_compare_spd_ram, index[1], priority [2], priority version is VE=SEPF_SECMOBILE_6.0.1_0013
10-25 21:51:55.702 18707 18707 E Zygote : accessInfo : 0
10-25 21:51:55.742 18707 18707 D TimaKeyStoreProvider: TimaSignature is unavailable
10-25 21:51:55.742 18707 18707 D ActivityThread: Added TimaKeyStore provider
10-25 21:51:55.772 17001 17048 I ReschedulableTimer: [#CMH#] ReschedulableTimer started
10-25 21:51:55.782 18707 18707 I InjectionManager: Inside getClassLibPath + mLibMap{0=, 1=}
10-25 21:51:55.792 18707 18707 I InjectionManager: Inside getClassLibPath caller
10-25 21:51:55.802 18707 18707 W System : ClassLoader referenced unknown path: /system/priv-app/MtpApplication/lib/arm64
10-25 21:51:55.802 18707 18707 D InjectionManager: InjectionManager
10-25 21:51:55.802 18707 18707 D InjectionManager: fillFeatureStoreMap com.samsung.android.MtpApplication
10-25 21:51:55.802 18707 18707 I InjectionManager: Constructor com.samsung.android.MtpApplication, Feature store :{}
10-25 21:51:55.802 18707 18707 I InjectionManager: featureStore :{}
10-25 21:51:55.812 18707 18707 E MTPRx : In MtpReceiverandroid.hardware.usb.action.USB_STATE
10-25 21:51:55.822 3520 4925 D SecContentProvider2: query(), uri = 14 selection = getSealedUsbMassStorageState
10-25 21:51:55.822 18707 18707 E MTPRx : check value of boot_completed is1
10-25 21:51:55.822 18707 18707 D MTPRx : in initializeSettingsValues
10-25 21:51:55.822 18681 18724 W fb4a(:):QeInternalImpl: The sessioned store is not available. Are you fetching sessioned quick experiment data while the user is logged out?
10-25 21:51:55.842 18707 18707 E MTPRx : Sd-Card path/storage/Private
10-25 21:51:55.852 18707 18707 W System.err: remove failed: ENOENT (No such file or directory) : /storage/emulated/0/.mtp
10-25 21:51:55.852 18707 18707 E MTPRx : check booting is completed_sys.boot_completed
10-25 21:51:55.852 18707 18707 E MTPRx : Sd-Card path/storage/Private
10-25 21:51:55.852 18707 18707 W MTPRx : value of connected isfalse
10-25 21:51:55.852 18707 18707 W MTPRx : value of configured isfalse
10-25 21:51:55.852 18707 18707 W MTPRx : value of mtpEnabled istrue
10-25 21:51:55.852 18707 18707 W MTPRx : value of ptpEnabled isfalse
10-25 21:51:55.852 18707 18707 W MTPRx : value of vzw_charging isfalse
10-25 21:51:55.852 18707 18707 W MTPRx : value of sec_charging isfalse
10-25 21:51:55.852 18707 18707 E MTPRx : Received USB_STATE with sdCardLaunch = 0
10-25 21:51:55.852 18707 18707 E MTPRx : Unexpected Disconnection. call usbRemoved.
10-25 21:51:55.852 18707 18707 W MTPRx : MTP_RUNNING_STATUS = 0
10-25 21:51:55.852 18707 18707 E MTPRx : sendbooster is false!
10-25 21:51:55.852 18707 18707 E MTPRx : configured is false
10-25 21:51:55.872 18681 18681 D InjectionManager: InjectionManager
10-25 21:51:55.872 18681 18681 D InjectionManager: fillFeatureStoreMap com.facebook.katana
10-25 21:51:55.872 18681 18681 I InjectionManager: Constructor com.facebook.katana, Feature store :{}
10-25 21:51:55.872 18681 18681 I InjectionManager: featureStore :{}
10-25 21:51:55.922 3520 8428 I SurveyLogManager: REASON : REASON_BY_CHARGING_TYPE_CHANGE
10-25 21:51:55.922 4371 4383 D PeopleNotiListenerService: onEdgeNotificationRemoved() : pkg com.samsung.android.SettingsReceiver,id=151229,extra=Bundle[mParcelledData.dataSize=84]
10-25 21:51:55.922 4371 4371 D PeopleNotiListenerService: removeEdgeNotification:Bundle[{samsung.notification.id=151229, samsung.notification.type=normal, samsung.people.package_name=com.samsung.android.SettingsReceiver}]
10-25 21:51:55.922 4371 4371 I PeopleStripeService: PeopleNotificationReceiver:3
10-25 21:51:55.932 4371 4371 I PeopleStripeService: sendEdgeNotification peopleEnabled true lightingEnabled true edgeEnabled true
10-25 21:51:55.932 4371 4371 I PeopleDataManager: removeNotification
10-25 21:51:55.932 4371 4371 I NotificationParser: getNotiType:com.samsung.android.SettingsReceiver,null
10-25 21:51:55.932 4371 4371 D PeopleDataManager: removeNotiInfo: id =151229,packageName=com.samsung.android.SettingsReceiver,isEdgeNotification=false,key=null,removeAll=false
10-25 21:51:55.932 4371 4371 D PeopleDataManager: removeNotiInfo =null
10-25 21:51:55.942 3520 8428 D SurveyLogging: app_id = com.android.server.ssrm, feature = CHAR, extra = {"SIOP":"0", "PST_TMP":"270", "BAT_TMP":"261", "CHG_TMP":"267", "PA_TMP":"238", "BAT_LV":"100", "BAT_CUR":"129", "RSSI":"-81", "RAD_DAT":"0", "WIFI_DAT":"104557", "BRI":"19", "CHR_TYPE":"0", "KNOX":"false", "SCRN":"true", "RAD":"2", "CALL":"false", "CF":"-1", "GF":"-1", "CG":"70", "TOP_PROC":"system_server", "TOP_USE":"7", "FOR_PKG":"com.samsung.android.hmt.vrsvc"}
10-25 21:51:55.982 5110 5110 I CastMediaRouteProvider: in onDiscoveryRequestChanged: request=DiscoveryRequest{ selector=MediaRouteSelector{ controlCategories=[com.google.android.gms.cast.CATEGORY_CAST/805741C9] }, activeScan=false, isValid=true }
10-25 21:51:55.982 18746 18746 E Zygote : v2
10-25 21:51:55.992 18746 18746 I SELinux : Function: selinux_compare_spd_ram, index[1], SPD-policy is existed. and_ver=SEPF_SECMOBILE_6.0.1 ver=11
10-25 21:51:55.992 18746 18746 W SELinux : Function: selinux_compare_spd_ram, index[1], priority [2], priority version is VE=SEPF_SECMOBILE_6.0.1_0013
10-25 21:51:55.992 18746 18746 E Zygote : accessInfo : 0
10-25 21:51:55.992 18746 18746 W SELinux : SELinux: seapp_context_lookup: seinfo=platform, level=s0:c512,c768, pkgname=com.sec.android.sidesync30
10-25 21:51:56.022 18746 18746 D TimaKeyStoreProvider: TimaSignature is unavailable
10-25 21:51:56.022 18746 18746 D ActivityThread: Added TimaKeyStore provider
10-25 21:51:56.082 18758 18758 E Zygote : v2
10-25 21:51:56.082 18758 18758 I SELinux : Function: selinux_compare_spd_ram, index[1], SPD-policy is existed. and_ver=SEPF_SECMOBILE_6.0.1 ver=11
10-25 21:51:56.082 18758 18758 W SELinux : Function: selinux_compare_spd_ram, index[1], priority [2], priority version is VE=SEPF_SECMOBILE_6.0.1_0013
10-25 21:51:56.082 18746 18746 I InjectionManager: Inside getClassLibPath + mLibMap{0=, 1=}
10-25 21:51:56.082 18758 18758 E Zygote : accessInfo : 0
10-25 21:51:56.082 18758 18758 W SELinux : SELinux: seapp_context_lookup: seinfo=chrome, level=s0:c512,c768, pkgname=com.android.chrome
10-25 21:51:56.102 18746 18746 I InjectionManager: Inside getClassLibPath caller
10-25 21:51:56.112 5110 22137 W MdnsClient_Cast: Multicast lock held. Releasing. Subtypes:"805741C9,233637DE"
10-25 21:51:56.122 18746 18746 D SideSync30_SideSync30App: [58:onCreate] onCreate() start
10-25 21:51:56.122 18758 18758 D TimaKeyStoreProvider: TimaSignature is unavailable
10-25 21:51:56.122 18758 18758 D ActivityThread: Added TimaKeyStore provider
10-25 21:51:56.132 18746 18746 D SideSync30_ControlServerManager: [100:] ControlServerManager
10-25 21:51:56.132 18746 18746 D SideSync30_ControlClientManager: [73:] ControlClientManager
10-25 21:51:56.132 18746 18746 D SideSync30_SideSync30App: [75:onCreate] onCreate() end
10-25 21:51:56.132 18746 18746 D InjectionManager: InjectionManager
10-25 21:51:56.132 18746 18746 D InjectionManager: fillFeatureStoreMap com.sec.android.sidesync30
10-25 21:51:56.132 18746 18746 I InjectionManager: Constructor com.sec.android.sidesync30, Feature store :{}
10-25 21:51:56.132 18746 18746 I InjectionManager: featureStore :{}
10-25 21:51:56.132 5110 22137 W MdnsClient: unicast receiver thread is already dead.
10-25 21:51:56.132 18746 18746 D SideSync30_SideSyncReceiver: [59:onReceive] onReceive() action : android.hardware.usb.action.USB_STATE
10-25 21:51:56.142 18746 18746 D SideSync30_ConnectionManager: [315:setConnectionState] setConnectionState state : 16
10-25 21:51:56.142 3102 3176 D DataRouter: dr_usb_deinit
10-25 21:51:56.142 3102 3176 D DataRouter: Initialise USB and start the thread
10-25 21:51:56.142 3102 3176 D DataRouter: dr_usb_init
10-25 21:51:56.142 3102 3176 E DataRouter: USB Interface is open with 0x7
10-25 21:51:56.142 3102 3176 D DataRouter: USB interface is now configured for usb_fd = 0x7
10-25 21:51:56.142 3102 3176 D DataRouter: monitor_data_of_usb
10-25 21:51:56.142 3102 3176 D DataRouter: USB monitor thread launched, usb_fd= 0x7
10-25 21:51:56.142 3102 3176 D DataRouter: Before the usb select
10-25 21:51:56.152 5110 22137 W MdnsClient_Cast: #acquireLock. Multicast lock not held. Acquiring. Subtypes:"805741C9"
10-25 21:51:56.162 18746 18746 D SideSync30_ConnectionManager: [105:getMainContolState] getMainContolState CONNECTED : 0, DISCONNECTED : 1 1
10-25 21:51:56.162 18758 18758 I InjectionManager: Inside getClassLibPath + mLibMap{0=, 1=}
10-25 21:51:56.172 18758 18758 I InjectionManager: Inside getClassLibPath caller
10-25 21:51:56.192 18758 18758 W System.err: stat failed: ENOENT (No such file or directory) : /data/local/chrome-command-line
10-25 21:51:56.212 18758 18758 W DynamiteModule: Local module descriptor class for com.google.android.gms.googlecertificates not found.
10-25 21:51:56.232 18758 18758 I InjectionManager: Inside getClassLibPath caller
10-25 21:51:56.312 18758 18758 I DynamiteModule: Considering local module com.google.android.gms.googlecertificates:0 and remote module com.google.android.gms.googlecertificates:2
10-25 21:51:56.312 18758 18758 I DynamiteModule: Selected remote version of com.google.android.gms.googlecertificates, version >= 2
10-25 21:51:56.392 18775 18775 I dex2oat : /system/bin/dex2oat --compiler-filter=speed --dex-file=/data/data/com.google.android.gms/app_chimera/m/00000003/DynamiteModulesA_GmsCore_prodmnc_alldpi_release.apk --oat-file=/data/dalvik-cache/arm/data@data@com.google.android.gms@app_chimera@m@00000003@DynamiteModulesA_GmsCore_prodmnc_alldpi_release.apk@classes.dex
10-25 21:51:56.392 18775 18775 E dex2oat : Failed to create oat file: /data/dalvik-cache/arm/data@data@com.google.android.gms@app_chimera@m@00000003@DynamiteModulesA_GmsCore_prodmnc_alldpi_release.apk@classes.dex: Permission denied
10-25 21:51:56.392 18775 18775 I dex2oat : dex2oat took 1.801ms (threads: 8)
10-25 21:51:56.392 18758 18758 W art : Failed execv(/system/bin/dex2oat --runtime-arg -classpath --runtime-arg --instruction-set=arm --instruction-set-features=smp,div,atomic_ldrd_strd --runtime-arg -Xrelocate --boot-image=/system/framework/boot.art --runtime-arg -Xms64m --runtime-arg -Xmx512m --compiler-filter=speed --instruction-set-variant=cortex-a15 --instruction-set-features=default --dex-file=/data/data/com.google.android.gms/app_chimera/m/00000003/DynamiteModulesA_GmsCore_prodmnc_alldpi_release.apk --oat-file=/data/dalvik-cache/arm/data@data@com.google.android.gms@app_chimera@m@00000003@DynamiteModulesA_GmsCore_prodmnc_alldpi_release.apk@classes.dex) because non-0 exit status
10-25 21:51:56.532 18758 18758 W System : ClassLoader referenced unknown path: /data/user/0/com.google.android.gms/app_chimera/m/00000003/n/armeabi
10-25 21:51:56.612 18758 18758 D GoogleCertificatesImpl: Fetched 190 Google release certificates
10-25 21:51:56.642 18758 18758 D InjectionManager: InjectionManager
10-25 21:51:56.642 18758 18758 D InjectionManager: fillFeatureStoreMap com.android.chrome
10-25 21:51:56.642 18758 18758 I InjectionManager: Constructor com.android.chrome, Feature store :{}
10-25 21:51:56.642 18758 18758 I InjectionManager: featureStore :{}
10-25 21:51:56.682 18780 18780 E Zygote : v2
10-25 21:51:56.692 18780 18780 I SELinux : Function: selinux_compare_spd_ram, index[1], SPD-policy is existed. and_ver=SEPF_SECMOBILE_6.0.1 ver=11
10-25 21:51:56.692 18780 18780 W SELinux : Function: selinux_compare_spd_ram, index[1], priority [2], priority version is VE=SEPF_SECMOBILE_6.0.1_0013
10-25 21:51:56.692 18780 18780 E Zygote : accessInfo : 0
10-25 21:51:56.742 18780 18780 D TimaKeyStoreProvider: TimaSignature is unavailable
10-25 21:51:56.742 18780 18780 D ActivityThread: Added TimaKeyStore provider
10-25 21:51:56.772 18780 18780 I InjectionManager: Inside getClassLibPath + mLibMap{0=, 1=}
10-25 21:51:56.782 18780 18780 I InjectionManager: Inside getClassLibPath caller
10-25 21:51:56.832 18780 18780 W System : ClassLoader referenced unknown path: /system/priv-app/SecSettings2/lib/arm64
10-25 21:51:56.862 18780 18780 D SFinderConnectProvider: onCreate
10-25 21:51:56.952 18780 18780 I BNRClientProivder, VERSION : 1.7.5: register - xml6 quick_backup : ACCESSIBILITYSETTINGS, X6qErjsfs2, com.android.settings.accessibility.sharedaccessibility.scloud.BNRTask
10-25 21:51:56.952 18780 18780 I QBNRClientHelper: init SyncClientHelper : ACCESSIBILITYSETTINGS
10-25 21:51:56.952 18780 18780 I BNRClientProivder, VERSION : 1.7.5: register - xml6 quick_backup : CONNECTIONS, C0phMaUuZZ, com.android.settings.wifi.mobileap.WifiApBackupRestore
10-25 21:51:56.952 18780 18780 I QBNRClientHelper: init SyncClientHelper : CONNECTIONS
10-25 21:51:56.952 18780 18780 I BNRClientProivder, VERSION : 1.7.5: register - xml6 quick_backup : WiFi, C0phMaUuZZ, com.android.settings.wifi.WifiBackupRestore
10-25 21:51:56.952 18780 18780 I QBNRClientHelper: init SyncClientHelper : WiFi
10-25 21:51:56.972 18780 18780 D InjectionManager: InjectionManager
