10-25 21:40:55.362 3126 3796 I audio_hw_primary: set_spk_rx_mute mute(1), rx val=0
10-25 21:40:55.362 3126 3796 I audio_route:
10-25 21:40:55.362 3126 3796 I audio_route: > audio_route_reset :
10-25 21:40:55.362 3126 3796 I audio_route:
10-25 21:40:55.362 3126 3796 I audio_route: > audio_route_apply_path : "recognition-mic"
10-25 21:40:55.362 3126 3796 V audio_hw_primary: select_devices() input_route "recognition-mic"
10-25 21:40:55.362 3126 3796 I audio_route:
10-25 21:40:55.362 3126 3796 I audio_route: > audio_route_apply_path : "gain-recognition-mic"
10-25 21:40:55.362 3126 3796 V audio_hw_primary: select_devices() input_gain "gain-recognition-mic"
10-25 21:40:55.362 3126 3796 I audio_route:
10-25 21:40:55.362 3126 3796 I audio_route: > audio_route_update_mixer : +
10-25 21:40:55.392 3126 3796 I audio_route: > audio_route_update_mixer : changed(4) -
10-25 21:40:55.392 3126 3796 I audio_hw_primary: select_devices -
10-25 21:40:55.392 3126 3796 I audio_hw_primary: do_out_standby -
10-25 21:40:55.702 3520 3520 D EdgeLight: Turning off
10-25 21:40:55.722 17268 17278 D CatchNotificationsService: onNotificationRemoved
10-25 21:40:55.722 17268 17278 D CatchNotificationsService: Notification removed
10-25 21:40:55.722 4371 9312 D PeopleNotiListenerService: onEdgeNotificationRemoved() : pkg android,id=0,extra=Bundle[mParcelledData.dataSize=112]
10-25 21:40:55.722 4371 4371 D PeopleNotiListenerService: removeEdgeNotification:Bundle[{samsung.notification.id=0, samsung.people.package_name=android, samsung.people.notification_type=led_indicator}]
10-25 21:40:55.722 4371 4371 I PeopleStripeService: PeopleNotificationReceiver:3
10-25 21:40:55.722 4371 4371 I PeopleStripeService: sendEdgeNotification peopleEnabled true lightingEnabled true edgeEnabled true
10-25 21:40:55.722 4371 9312 D PeopleNotiListenerService: onEdgeNotificationRemoved() : pkg android,id=998563545,extra=Bundle[mParcelledData.dataSize=84]
10-25 21:40:55.722 4371 4371 I PeopleDataManager: removeNotification
10-25 21:40:55.722 4371 4371 I NotificationParser: getNotiType:android,led_indicator
10-25 21:40:55.722 4371 4371 D PeopleDataManager: removeNotiInfo: id =0,packageName=android,isEdgeNotification=true,key=null,removeAll=false
10-25 21:40:55.722 4371 4371 D PeopleDataManager: removeNotiInfo =null
10-25 21:40:55.722 4371 4371 D PeopleNotiListenerService: removeEdgeNotification:Bundle[{samsung.notification.id=998563545, samsung.notification.type=normal, samsung.people.package_name=android}]
10-25 21:40:55.732 4130 4130 D PhoneStatusBar: removeNotification key=-1|android|998563545|null|1000 old=StatusBarNotification(pkg=android user=UserHandle{-1} id=998563545 tag=null score=-20 key=-1|android|998563545|null|1000: Notification(pri=-2 contentView=android/0x10900a3 vibrate=null sound=null defaults=0x0 flags=0x2 color=0x00000000 vis=PUBLIC secFlags=0x0 secPriority=0))
10-25 21:40:55.732 4130 4130 D PhoneStatusBar: setAreThereNotifications: N=3 any=true clearable=true
10-25 21:40:55.732 4371 4371 I PeopleStripeService: PeopleNotificationReceiver:3
10-25 21:40:55.732 4371 4371 I PeopleStripeService: sendEdgeNotification peopleEnabled true lightingEnabled true edgeEnabled true
10-25 21:40:55.732 4371 4371 I PeopleDataManager: removeNotification
10-25 21:40:55.732 4371 4371 I NotificationParser: getNotiType:android,null
10-25 21:40:55.732 4371 4371 D PeopleDataManager: removeNotiInfo: id =998563545,packageName=android,isEdgeNotification=false,key=null,removeAll=false
10-25 21:40:55.732 4371 4371 D PeopleDataManager: removeNotiInfo =null
10-25 21:40:55.732 4523 4523 I CocktailBarUiController: onUpdateCocktail: 4
10-25 21:40:55.732 4523 4523 I CocktailBarPanelManager: updatePanelItem: updateContainedPanel - 4
10-25 21:40:55.732 4523 4523 D CatchNotificationsView: setData
10-25 21:40:55.732 4523 4523 D CatchNotificationsView: Notification removed
10-25 21:40:55.732 4523 4523 D CatchNotificationsView: No notifications left to remove
10-25 21:40:55.732 4523 4523 D CatchNotificationsView: makeNoNotificationsPanel
10-25 21:40:55.742 4523 4523 D PanelDescriptionView: updateHelpView: Apps edge2130903045 --> 2130903045 helpview reapplied:1
10-25 21:40:55.742 4523 4523 D CocktailBarUiController: postUpdatePanel: 257
10-25 21:40:55.882 4425 4425 D WfcPhoneStateListener: onSignalStrengthsChanged(): signal strength did not change
10-25 21:40:55.882 4130 4343 D NetworkController.MobileSignalController(0/2147483643): onSignalStrengthsChanged signalStrength=SignalStrength: 20 99 -20 -200 -20 -200 -1 99 2147483647 2147483647 2147483647 2147483647 2147483647 0x5 gsm|lte level=5
10-25 21:40:55.882 4130 4343 D NetworkController.MobileSignalController(0/2147483643): getMobileIconGroup(): 0
10-25 21:40:55.882 4130 4343 D NetworkController.MobileSignalController(0/2147483643): updateTMOMobileIconGroup(): 0
10-25 21:40:56.252 22622 22687 I Metrics:BatchTransmitte: QueuePusher.sendBatches - Drained batch queue.; Number of HIGH queue batches sent: 0
10-25 21:40:56.652 3520 3584 D BluetoothAdapter: STATE_BLE_ON
10-25 21:40:56.662 3520 3520 I Tethering: BATTERY_CHANGED, level = 100lowBatteryThreshold = 15
10-25 21:40:56.662 4130 4130 D KeyguardUpdateMonitor: received broadcast android.intent.action.BATTERY_CHANGED
10-25 21:40:56.662 4130 4130 D KeyguardUpdateMonitor: handleBatteryUpdate
10-25 21:40:56.672 4590 4590 D BatteryMonitor: new battery level: 100
10-25 21:40:56.682 16548 16548 I SAAutoConnectionManager: Intent Action: android.intent.action.ACTION_POWER_CONNECTED
10-25 21:40:56.692 3520 3520 I Tethering: Plugged
10-25 21:40:56.702 3520 3520 I CAE : handleMessage(CaPowerManager.java:193) - POWER_CONNECTED
10-25 21:40:56.702 3520 3520 I CAE : sendCmdToSensorHub(SensorHubCommManager.java:162) - -76, 13, -42, 0,
10-25 21:40:56.702 3520 3520 D SensorHubManager: SendSensorHubData: send data = -76, 13, -42, 0
10-25 21:40:56.702 16969 16969 I DeviceStateReceiver: onReceive
10-25 21:40:56.702 16969 16969 V DeviceStateReceiver: beginStartingService
10-25 21:40:56.702 3135 3182 D Sensorhubs: sendContextData: -76, 13, -42, 0
10-25 21:40:56.712 4130 4130 V Vibrator: Called vibrate(int, AudioAttributes, MagnitudeTypes) API - PUID: 10071, PackageName: com.android.systemui, MagnitudeType: TouchMagnitude
10-25 21:40:56.712 4130 4130 V Vibrator: vibrate - PUID: 10071, PackageName: com.android.systemui, type: 50027, mag: 8000, AudioAttr : null
10-25 21:40:56.732 4130 17877 V MediaPlayer-JNI: native_setup
10-25 21:40:56.732 4130 17877 V MediaPlayer: constructor
10-25 21:40:56.742 4130 17877 V MediaPlayer: setListener
10-25 21:40:56.742 4130 17877 V MediaPlayer-JNI: setParameter: key 1400
10-25 21:40:56.742 4130 17877 V MediaPlayer: MediaPlayer::setParameter(1400)
10-25 21:40:56.742 4130 17877 V MediaPlayer-JNI: setAudioStreamType: 5
10-25 21:40:56.742 4130 17877 V MediaPlayer: MediaPlayer::setAudioStreamType
10-25 21:40:56.742 4130 17877 V MediaPlayer-JNI: setDataSourceFD: fd 78
10-25 21:40:56.742 4130 17877 V MediaPlayer: setDataSource(78, 0, 576460752303423487)
10-25 21:40:56.742 4130 4130 D ViewRootImpl: #1 mView = com.android.systemui.power.ChargerAnimationView{53e2c0e V.E...... ......I. 0,0-0,0}
10-25 21:40:56.742 3126 3126 V MediaPlayerService: Create new client(188) from pid 4130, uid 10071,
10-25 21:40:56.742 3126 4063 V MediaPlayerService: setDataSource fd=31, offset=0, length=576460752303423487
10-25 21:40:56.742 3126 4063 V MediaPlayerService: st_dev = 65024
10-25 21:40:56.742 3126 4063 V MediaPlayerService: st_mode = 33188
10-25 21:40:56.742 3126 4063 V MediaPlayerService: st_uid = 0
10-25 21:40:56.742 3126 4063 V MediaPlayerService: st_gid = 0
10-25 21:40:56.742 3126 4063 V MediaPlayerService: st_size = 10868
10-25 21:40:56.742 3126 4063 V MediaPlayerService: calculated length = 10868
10-25 21:40:56.742 3126 4063 V MediaPlayerService: player type = 4
10-25 21:40:56.742 3126 4063 V NuPlayerDriver: NuPlayerDriver(0xf178bf40)
10-25 21:40:56.742 3126 4063 V AudioSink: AudioOutput(524)
10-25 21:40:56.742 3126 4063 V NuPlayerDriver: setDataSource(0xf178bf40) file(31)
10-25 21:40:56.742 3126 4063 V GenericSource: setDefault
10-25 21:40:56.742 3126 17880 V NuPlayer: kWhatSetAudioSink
10-25 21:40:56.752 3126 17880 V NuPlayer: kWhatSetDataSource
10-25 21:40:56.752 3520 4041 D ISSUE_DEBUG: InputChannelName : dbdfbba
10-25 21:40:56.762 15768 17881 W fb4a(:):UserScope: Called user scoped provider with no viewer. ViewerContextManager was created with no ViewerContext. Using EmptyViewerContextManager to return fake logged in instance.
10-25 21:40:56.762 15768 17881 W fb4a(:):UserScope: Called user scoped provider with no viewer. ViewerContextManager was created with no ViewerContext. Using EmptyViewerContextManager to return fake logged in instance.
10-25 21:40:56.762 15768 17881 W fb4a(:):QeInternalImpl: The sessioned store is not available. Are you fetching sessioned quick experiment data while the user is logged out?
10-25 21:40:56.762 3126 4062 V MediaPlayerService: [188] getParameter(31700)
10-25 21:40:56.762 4130 17877 V MediaPlayer-JNI: setLooping: 0
10-25 21:40:56.762 4130 17877 V MediaPlayer: MediaPlayer::setLooping
10-25 21:40:56.762 3126 3802 V MediaPlayerService: [188] setLooping(0)
10-25 21:40:56.762 4130 17877 V MediaPlayer: setVideoSurfaceTexture
10-25 21:40:56.772 16969 16969 V RequestService: Creating TransmitPowerService
10-25 21:40:56.772 3126 5080 V MediaPlayerService: [188] setVideoSurfaceTexture(0x0)
10-25 21:40:56.772 4130 17877 V MediaPlayer: prepare
10-25 21:40:56.772 3126 5084 V MediaPlayerService: [188] setParameter(1400)
10-25 21:40:56.772 3126 5084 V MediaPlayerService: setAudioAttributes_l() usage=5 content=4 flags=0x0 tags=
10-25 21:40:56.772 16969 16969 V RequestService: Starting #1: null
10-25 21:40:56.772 16969 17882 V RequestService: Handling incoming message: { when=0 what=0 arg1=1 obj=Intent { act=android.intent.action.ACTION_POWER_CONNECTED flg=0x4000010 cmp=com.sec.app.TransmitPowerService/.RequestService bqHint=4 } target=com.sec.app.TransmitPowerService.RequestService$ServiceHandler }
10-25 21:40:56.772 3126 19918 V MediaPlayerService: [188] prepareAsync
10-25 21:40:56.772 3126 19918 V NuPlayerDriver: prepareAsync(0xf178bf40)
10-25 21:40:56.772 3126 17880 V GenericSource: [Flag] set 0x8 -> mFlags = 0x8
10-25 21:40:56.772 3126 17884 V GenericSource: onPrepareAsync
10-25 21:40:56.772 3126 17884 I OggExtractor: OggSource::OggSource() mExtractor ref count = 4
10-25 21:40:56.772 3126 17884 I AnotherPacketSource: setFormat() audio
10-25 21:40:56.772 3126 17884 V GenericSource: setDefault
10-25 21:40:56.772 3126 17884 I GenericSource: ORmode enable : mUnsupportedAudio = 0 mUnsupportedVideo = 0 mHaveAudio = 1 mHaveVideo = 0
10-25 21:40:56.772 3126 17884 V GenericSource: onPrepareAsyncEvent() done
10-25 21:40:56.772 3126 17880 V NuPlayer: prepare posted successfully.
10-25 21:40:56.772 3126 17880 V NuPlayer: mUnsupportedAudio = 0, mUnsupportedVideo = 0, mHaveAudioTrack = 1, mHaveVideoTrack = 0
10-25 21:40:56.772 3126 17880 V NuPlayer: msg : 200, ext1 : 10973, ext2 : 0
10-25 21:40:56.772 3126 17880 D NuPlayerDriver: notifyListener_l(0xf178bf40), (200, 10973, 0)
10-25 21:40:56.772 3126 17880 V MediaPlayerService: [188] notify (0xec85a000, 200, 10973, 0)
10-25 21:40:56.772 3126 17880 V NuPlayer: extractMetadata Tracks : 1
10-25 21:40:56.772 3126 17880 V NuPlayer: enableInbandTextFromExtr
10-25 21:40:56.772 3126 17880 D NuPlayerDriver: notifyListener_l(0xf178bf40), (1, 0, 0)
10-25 21:40:56.772 3126 17880 V MediaPlayerService: [188] notify (0xec85a000, 1, 0, 0)
10-25 21:40:56.772 4130 1286 V MediaPlayer: message received msg=200, ext1=10973, ext2=0
10-25 21:40:56.772 4130 1286 W MediaPlayer: info/warning (10973, 0)
10-25 21:40:56.772 4130 1286 V MediaPlayer: callback application
10-25 21:40:56.772 4130 1286 V MediaPlayer: back from callback
10-25 21:40:56.772 4130 1286 V MediaPlayer: message received msg=1, ext1=0, ext2=0
10-25 21:40:56.772 16969 17882 V DeviceStateReceiver: finishStartingService
10-25 21:40:56.772 4130 1286 V MediaPlayer: prepared
10-25 21:40:56.772 4130 1286 V MediaPlayer: signal application thread
10-25 21:40:56.772 4130 1286 V MediaPlayer: callback application
10-25 21:40:56.772 4130 1286 V MediaPlayer: back from callback
10-25 21:40:56.772 4130 17877 V MediaPlayer: prepare complete - status=0
10-25 21:40:56.772 4130 17877 D MediaPlayer: setSubtitleAnchor in MediaPlayer
10-25 21:40:56.782 4130 17877 V MediaPlayer: invoke 68
10-25 21:40:56.782 16969 16969 V RequestService: Destroying TransmitPowerService
10-25 21:40:56.782 3126 3126 I MediaPlayerService: Client::invoke requestID=1
10-25 21:40:56.782 3126 3126 V NuPlayer: getTrackInfo
10-25 21:40:56.782 3520 4645 I MediaFocusControl: AudioFocus requestAudioFocus() from android.media.AudioManager$7cd5494 req=3flags=0x0
10-25 21:40:56.782 4130 17877 V MediaPlayer-JNI: start
10-25 21:40:56.782 4130 17877 V MediaPlayer: start
10-25 21:40:56.782 3126 3802 V MediaPlayerService: [188] setLooping(0)
10-25 21:40:56.782 3126 3802 V MediaPlayerService: [188] setVolume(1.000000, 1.000000)
10-25 21:40:56.782 3126 3802 V AudioSink: setVolume(1.000000, 1.000000)
10-25 21:40:56.782 3126 5084 V MediaPlayerService: [188] setAuxEffectSendLevel(0.000000)
10-25 21:40:56.782 3126 5084 V AudioSink: setAuxEffectSendLevel(0.000000)
10-25 21:40:56.782 3126 19918 V MediaPlayerService: [188] start
10-25 21:40:56.792 3126 19918 V MediaPlayerService: [188] start() ContextAware send information
10-25 21:40:56.792 3126 19918 E MediaPlayerService: WFD client is not created
10-25 21:40:56.792 3126 19918 V MediaPlayerService: getClientDuration
10-25 21:40:56.792 3126 19918 V MediaPlayerService: getDuration
10-25 21:40:56.792 3126 19918 V MediaPlayerService: [188] getDuration = 558
10-25 21:40:56.792 3126 19918 D NuPlayerDriver: start(0xf178bf40), state is 4, eos is 0
10-25 21:40:56.792 4130 8385 V MediaPlayer: message received msg=300, ext1=0, ext2=0
10-25 21:40:56.792 3126 17880 V NuPlayer: kWhatStart
10-25 21:40:56.792 3126 17880 I GenericSource: start
10-25 21:40:56.792 3126 17880 V NuPlayer: checkOffloadExceptions is true, call canOffloadStream
10-25 21:40:56.792 3126 17880 I MediaClock: setPlaybackRate rate : 1.000000
10-25 21:40:56.792 3126 17886 I NuPlayerRenderer: onConfigPlayback
10-25 21:40:56.792 3126 17886 I MediaClock: setPlaybackRate rate : 1.000000
10-25 21:40:56.792 4130 8385 V MediaPlayer: Received SEC_MM_PLAYER_CONTEXT_AWARE
10-25 21:40:56.792 4130 8385 V MediaPlayer: callback application
10-25 21:40:56.792 4130 8385 V MediaPlayer: back from callback
10-25 21:40:56.792 3126 17880 I NuPlayerRenderer: setDuration (558480)
10-25 21:40:56.792 3126 17880 V NuPlayer: scanning sources haveAudio=0, haveVideo=0
10-25 21:40:56.792 3126 17880 V NuPlayer: checkOffloadExceptions is true, call canOffloadStream
10-25 21:40:56.792 3126 17880 V NuPlayer: make Decoder (audio)
10-25 21:40:56.792 3126 17887 I ACodec : [] Now uninitialized
10-25 21:40:56.792 3126 17888 I ACodec : [OMX.google.vorbis.decoder] Now Loaded
10-25 21:40:56.792 3126 17888 E OMXNodeInstance: setConfig(12a:google.vorbis.decoder, ConfigPriority(0x6f800002)) RE: Undefined(0x80001001)
10-25 21:40:56.792 3126 17888 I ACodec : codec does not support config priority (err -2147483648)
10-25 21:40:56.792 3126 17888 I ACodec : >>> getPortFormat 16, OMX.google.vorbis.decoder
10-25 21:40:56.792 3126 17888 I MediaCodec: MediaCodec will operate in async mode
10-25 21:40:56.792 3126 17888 I ACodec : [OMX.google.vorbis.decoder] Now Loaded->Idle
10-25 21:40:56.792 3126 17888 I ACodec : [OMX.google.vorbis.decoder] Now Idle->Executing
10-25 21:40:56.792 17889 17889 E Zygote : v2
10-25 21:40:56.792 3126 17888 I ACodec : [OMX.google.vorbis.decoder] Now Executing
10-25 21:40:56.802 17889 17889 I SELinux : Function: selinux_compare_spd_ram, index[1], SPD-policy is existed. and_ver=SEPF_SECMOBILE_6.0.1 ver=11
10-25 21:40:56.802 17889 17889 W SELinux : Function: selinux_compare_spd_ram, index[1], priority [2], priority version is VE=SEPF_SECMOBILE_6.0.1_0013
10-25 21:40:56.802 17889 17889 E Zygote : accessInfo : 0
10-25 21:40:56.802 3126 17888 I ACodec : [OMX.google.vorbis.decoder] Now handling output port settings change
10-25 21:40:56.802 3126 17888 I ACodec : [OMX.google.vorbis.decoder] Now Executing
10-25 21:40:56.802 4130 17877 I MediaPlayer: sendBroadcast CONTEXT_AWARE_MUSIC_INFO - type(release) - id(184)
10-25 21:40:56.802 4130 17877 V MediaPlayer-JNI: release
10-25 21:40:56.802 4130 17877 V MediaPlayer: setListener
10-25 21:40:56.802 4130 17877 V MediaPlayer: disconnect
10-25 21:40:56.812 3126 3126 V MediaPlayerService: disconnect(184) from pid 4130
10-25 21:40:56.812 3126 3126 D NuPlayerDriver: reset(0xf178b5e0)
10-25 21:40:56.812 3126 3126 D NuPlayerDriver: notifyListener_l(0xf178b5e0), (8, 0, 0)
10-25 21:40:56.812 3126 17888 I ACodec : >>> getPortFormat 16, OMX.google.vorbis.decoder
10-25 21:40:56.812 3126 16047 V NuPlayer: kWhatReset
10-25 21:40:56.812 3126 16047 V NuPlayer: performDecoderFlush audio=2, video=2
10-25 21:40:56.812 3126 16047 V NuPlayer: [audio] flushDecoder needShutdown=1
10-25 21:40:56.812 3126 16047 V NuPlayer: postponing action mFlushingAudio=2, mFlushingVideo=0
10-25 21:40:56.812 3126 16047 V NuPlayer: mResetInProgress=1, mVideoEOS =0, mAudioEOS =0
10-25 21:40:56.812 3126 16047 V NuPlayer: (mAudioDecoder != NULL) = true, (mVideoDecoder != NULL) = false
10-25 21:40:56.812 3126 16052 I NuPlayerRenderer: flush audio, notifyComplete 1
10-25 21:40:56.812 3126 17887 I NuPlayerDecoder: [Audio] handleOutputFormatChange
10-25 21:40:56.812 3126 16052 D NuPlayerRenderer: signalTimeDiscontinuity() mHasAudio = 1 , mHasVideo = 0
10-25 21:40:56.812 3126 16051 I NuPlayerRenderer: flushing audio
10-25 21:40:56.812 3126 16051 I NuPlayerRenderer: onFlush mAudioDrainGeneration : 2
10-25 21:40:56.812 3126 16051 V AudioSink: flush
10-25 21:40:56.812 3126 16053 I ACodec : [OMX.google.vorbis.decoder] signalFlush
10-25 21:40:56.812 3126 16051 V AudioSink: stop
10-25 21:40:56.812 3126 16053 I ACodec : [OMX.google.vorbis.decoder] ExecutingState flushing now (codec owns 0/4 input, 0/4 output).
10-25 21:40:56.812 3126 16053 I ACodec : [OMX.google.vorbis.decoder] Now Flushing
10-25 21:40:56.812 3126 17886 I NuPlayerRenderer: openAudioSink: offloadOnly(0) offloadingAudio(0)
10-25 21:40:56.812 3126 17886 I NuPlayerRenderer: openAudioSink: open AudioSink in NON-offload mode audioFormat : 1, flags : 0
10-25 21:40:56.812 3126 16053 I ACodec : [OMX.google.vorbis.decoder] FlushingState onOMXEvent(0,1,0)
10-25 21:40:56.812 3126 17886 V AudioSink: +++ close
10-25 21:40:56.812 3126 16053 I ACodec : [OMX.google.vorbis.decoder] FlushingState onOMXEvent(0,1,1)
10-25 21:40:56.812 3126 17886 V AudioSink: --- close
10-25 21:40:56.812 3126 17886 I NuPlayerRenderer: checkAudioSinkPcmMsSetting 200
10-25 21:40:56.812 3126 17886 V AudioSink: open(44100, 2, 0x0, 1, 0, 524 0x0)
10-25 21:40:56.812 3126 16053 I ACodec : [OMX.google.vorbis.decoder] Now Executing
10-25 21:40:56.812 3126 16047 V NuPlayer: renderer audio flush completed.
10-25 21:40:56.812 3126 16047 V NuPlayer: decoder audio flush completed
10-25 21:40:56.812 3126 16047 V NuPlayer: initiating audio decoder shutdown
10-25 21:40:56.812 3126 17886 V AudioSink: no track available to recycle
10-25 21:40:56.812 3126 17886 V AudioSink: creating new AudioTrack
10-25 21:40:56.812 3126 16053 I ACodec : [OMX.google.vorbis.decoder] Now Executing->Idle
10-25 21:40:56.812 3126 17886 V AudioSink: deleteRecycledTrack_l
10-25 21:40:56.812 3126 17886 V AudioSink: setVolume
10-25 21:40:56.812 3126 17886 V AudioSink: open() DONE status 0
10-25 21:40:56.812 3126 17886 V AudioSink: setPlaybackRate(1.000000 1.000000 0 0)
10-25 21:40:56.812 3126 17886 V AudioSink: start
10-25 21:40:56.812 3126 17886 W AudioPolicyIntefaceImpl: Skipped to add effects on session 524
10-25 21:40:56.812 3126 17886 I APM::AudioPolicyManager: startOutput() output 2, stream 5, session 524
10-25 21:40:56.812 3126 16053 I ACodec : [OMX.google.vorbis.decoder] Now Idle->Loaded
10-25 21:40:56.812 3126 16053 I ACodec : [OMX.google.vorbis.decoder] Now Loaded
10-25 21:40:56.812 3126 16053 I ACodec : [OMX.google.vorbis.decoder] Now uninitialized
10-25 21:40:56.812 3126 16053 I ACodec : [] Now kWhatShutdownCompleted event : 6916
10-25 21:40:56.812 3126 16053 I MediaCodec: Codec shutdown complete
10-25 21:40:56.812 3126 16052 I NuPlayerDecoder: onShutdown notifyComplete : Yes
10-25 21:40:56.812 3126 16047 V NuPlayer: audio shutdown completed
10-25 21:40:56.812 3126 16047 V NuPlayer: both audio and video are flushed now.
10-25 21:40:56.812 3126 16047 V NuPlayer: Reset was postponed execute processDeferredActions
10-25 21:40:56.812 3126 16047 V NuPlayer: performReset
10-25 21:40:56.812 3126 16047 V GenericSource: stop()
10-25 21:40:56.812 3126 16047 V GenericSource: PREPARE_CANCELLED set to true
10-25 21:40:56.812 3126 16047 V GenericSource: [Flag] set 0x40 -> mFlags = 0x48
10-25 21:40:56.812 3126 16047 V GenericSource: [Flag] clear 0x8 -> mFlags = 0x40
10-25 21:40:56.812 3126 16047 V GenericSource: stop() end
10-25 21:40:56.812 3126 16047 V GenericSource: ~GenericSource()
10-25 21:40:56.812 3126 16047 I OggExtractor: OggSource::stop() mExtractor ref count = 2
10-25 21:40:56.812 3126 16047 I OggExtractor: ~OggSource --
10-25 21:40:56.812 3126 16047 D NuPlayerDriver: notifyResetComplete(0xf178b5e0)
10-25 21:40:56.812 3126 3126 V NuPlayerDriver: ~NuPlayerDriver(0xf178b5e0)
10-25 21:40:56.812 3126 3126 I OggExtractor: ~OggExtractor ++
10-25 21:40:56.812 3126 3126 I OggExtractor: ~MyOggExtractor ++
10-25 21:40:56.812 3126 3126 I OggExtractor: ~MyOggExtractor --
10-25 21:40:56.812 3126 3126 I OggExtractor: ~OggExtractor --
10-25 21:40:56.812 4130 17877 V MediaPlayer: destructor
10-25 21:40:56.822 3126 3794 D audio_hw_primary: out_set_parameters: enter: kvpairs: routing=2
10-25 21:40:56.822 3126 3794 D AudioFlinger: setCurDevice() 0x2
10-25 21:40:56.822 3126 4063 V MediaPlayerService: Client(184) destructor pid = 4130
10-25 21:40:56.822 4130 17877 V MediaPlayer: disconnect
10-25 21:40:56.822 3126 4063 V AudioSink: +++ close
10-25 21:40:56.822 4130 17877 V MediaPlayer: invoke 68
10-25 21:40:56.822 3126 5080 I MediaPlayerService: Client::invoke requestID=1
10-25 21:40:56.822 3126 5080 V NuPlayer: getTrackInfo
10-25 21:40:56.822 3126 4063 V AudioSink: --- close
10-25 21:40:56.822 3126 4063 V MediaPlayerService: disconnect(184) from pid 4130
10-25 21:40:56.822 4130 17877 I MediaPlayer: send context aware event
10-25 21:40:56.832 17889 17889 D TimaKeyStoreProvider: TimaSignature is unavailable
10-25 21:40:56.832 17889 17889 D ActivityThread: Added TimaKeyStore provider
10-25 21:40:56.832 4130 17877 I MediaPlayer: sendBroadcast CONTEXT_AWARE_MUSIC_INFO - type(start) - id (188)
10-25 21:40:56.842 3126 17886 I MediaClock: setThreshold mThresholdTimeUsForAnchor(200000)
10-25 21:40:56.842 3126 17886 I MediaClock: setPlaybackRate rate : 0.000000
10-25 21:40:56.842 3126 17886 I NuPlayerRenderer: onDrainAudioQueue() send kWhatPollingAudioStarted audio_out : 0
10-25 21:40:56.842 3126 17886 I NuPlayerRenderer: setAudioFirstAnchorTime mAudioFirstAnchorTimeMediaUs : -1, new mediaTimeUs : 13061
10-25 21:40:56.842 3126 17880 V NuPlayer: media rendering started
10-25 21:40:56.842 3126 17880 V NuPlayer: msg : 6, ext1 : 0, ext2 : 0
10-25 21:40:56.842 3126 17880 D NuPlayerDriver: notifyListener_l(0xf178bf40), (6, 0, 0)
10-25 21:40:56.842 3126 17880 V MediaPlayerService: [188] notify (0xec85a000, 6, 0, 0)
10-25 21:40:56.842 4130 4143 V MediaPlayer: message received msg=6, ext1=0, ext2=0
10-25 21:40:56.842 3126 3794 V audio_hw_primary: start_output_stream+, out->device : 00000002 , out->type = 0
10-25 21:40:56.842 4130 4143 V MediaPlayer: Received MEDIA_STARTED
10-25 21:40:56.842 4130 4143 V MediaPlayer: callback application
10-25 21:40:56.842 3126 3794 D audio_hw_primary: start_output_stream (0xed383420) out->pcm_device:8 out->config.rate:48000 out->config.format:0 out->period_size:960
10-25 21:40:56.842 3126 3794 D audio_hw_primary: start_output_stream (0xed383420) out->config.rate:48000 out->config.format:0 out->period_size:960
10-25 21:40:56.842 3126 3794 I audio_hw_primary: is_voice_wakeup : ret = 0 , wakeup_baby_cry_enabled = 0 , wakeup_mic_enabled = 0
10-25 21:40:56.842 3126 3794 I audio_hw_primary: get_input_snd_device_id device:0xc
10-25 21:40:56.842 3126 3794 V audio_hw_primary: select_devices output_scenario:0 input_scenario:26 out_snd_device 0x2 in_snd_device:0xc
10-25 21:40:56.842 3126 3794 I audio_route:
10-25 21:40:56.842 3126 3794 I audio_route: > audio_route_reset :
10-25 21:40:56.842 4130 4143 V MediaPlayer: back from callback
10-25 21:40:56.842 3126 3794 I audio_route:
10-25 21:40:56.842 3126 3794 I audio_route: > audio_route_apply_path : "recognition-mic"
10-25 21:40:56.842 4130 17877 V MediaPlayer-JNI: getCurrentPosition: 13 (msec)
10-25 21:40:56.842 4130 17877 V MediaPlayer-JNI: isPlaying: 1
10-25 21:40:56.842 3126 3794 V audio_hw_primary: select_devices() input_route "recognition-mic"
10-25 21:40:56.842 3126 3794 I audio_route:
10-25 21:40:56.842 3126 3794 I audio_route: > audio_route_apply_path : "media-speaker"
10-25 21:40:56.852 17889 17889 I InjectionManager: Inside getClassLibPath + mLibMap{0=, 1=}
10-25 21:40:56.862 17889 17889 I InjectionManager: Inside getClassLibPath caller
10-25 21:40:56.862 17889 17889 W System : ClassLoader referenced unknown path: /system/app/KnoxSwitcher/lib/arm64
10-25 21:40:56.862 17889 17889 D KnoxUsageDB: getInstance - KnoxUsageDBHelper
10-25 21:40:56.862 17889 17889 D KnoxUsageDB: null == mDbHelperInstance - KnoxUsageDBHelper
10-25 21:40:56.872 17889 17889 D InjectionManager: InjectionManager
10-25 21:40:56.872 17889 17889 D InjectionManager: fillFeatureStoreMap com.sec.knox.switcher
10-25 21:40:56.872 17889 17889 I InjectionManager: Constructor com.sec.knox.switcher, Feature store :{}
10-25 21:40:56.872 17889 17889 I InjectionManager: featureStore :{}
10-25 21:40:56.872 17889 17889 I usagelog: received in receiver
10-25 21:40:56.872 17889 17889 I KnoxUsageLogPro: KnoxUsageReceiver onReceive :android.intent.action.ACTION_POWER_CONNECTED myUserId=0
10-25 21:40:56.882 17889 17889 I KnoxUsageLogPro: premStatus:2
10-25 21:40:56.882 17889 17889 I KnoxUsageLogPro: isEulaShown : false
10-25 21:40:56.882 17889 17889 I KnoxUsageLogPro: KnoxUsageReceiver onReceive : not Processible, just return
10-25 21:40:56.902 3126 3794 V audio_hw_primary: select_devices() output_route "media-speaker"
10-25 21:40:56.902 3126 3794 I audio_route:
10-25 21:40:56.902 3126 3794 I audio_route: > audio_route_apply_path : "gain-recognition-mic"
10-25 21:40:56.902 3126 3794 V audio_hw_primary: select_devices() input_gain "gain-recognition-mic"
10-25 21:40:56.902 3126 3794 I audio_route:
10-25 21:40:56.902 3126 3794 I audio_route: > audio_route_apply_path : "gain-media-speaker"
10-25 21:40:56.902 3126 3794 V audio_hw_primary: select_devices() output_gain "gain-media-speaker"
10-25 21:40:56.902 3126 3794 I audio_route:
10-25 21:40:56.902 3126 3794 I audio_route: > audio_route_update_mixer : +
10-25 21:40:56.902 3126 3794 I audio_route: > audio_route_update_mixer : changed(0) -
10-25 21:40:56.902 3126 3794 I audio_hw_primary: select_devices -
10-25 21:40:56.902 3126 3794 V audio_hw_primary: start_output_stream-
10-25 21:40:56.912 3126 3794 I AudioMixer: create resampler src 44100, 2, dst 48000, 2
10-25 21:40:56.912 3126 3794 D SoundAliveResampler: [SoundAliveResampler] Init+++
10-25 21:40:56.912 4782 4782 E NetworkScheduler.SR: Invalid parameter app
10-25 21:40:56.912 4782 4782 E NetworkScheduler.SR: Invalid package name : Perhaps you didn't include a PendingIntent in the extras?
10-25 21:40:56.932 4782 4782 W ContentTaskController: Invalid task was provided to stopTracking.
10-25 21:40:56.932 3520 4287 E RUNTIMEAASA: uid:10040 pm:android.permission.BATTERY_STATS accept!!!
10-25 21:40:56.932 3520 4287 D BluetoothAdapter: STATE_BLE_ON
10-25 21:40:56.942 3126 17886 I NuPlayerRenderer: kWhatPollingAudioStarted clock running played_out : 11959 us, audio_out : 0 us, gap : 11959 us
10-25 21:40:56.942 3126 17886 I MediaClock: setPlaybackRate rate : 1.000000
10-25 21:40:56.962 3520 3985 D SecContentProvider: insert(), uri = 2
10-25 21:40:56.962 3520 3584 D SecContentProvider: query(), uri = 18 selection = isUsbMediaPlayerAvailable
10-25 21:40:56.962 17909 17909 E Zygote : v2
10-25 21:40:56.972 17909 17909 I SELinux : Function: selinux_compare_spd_ram, index[1], SPD-policy is existed. and_ver=SEPF_SECMOBILE_6.0.1 ver=11
10-25 21:40:56.972 17909 17909 W SELinux : Function: selinux_compare_spd_ram, index[1], priority [2], priority version is VE=SEPF_SECMOBILE_6.0.1_0013
10-25 21:40:56.972 17909 17909 E Zygote : accessInfo : 0
10-25 21:40:56.972 17909 17909 W SELinux : SELinux: seapp_context_lookup: seinfo=untrusted, level=s0:c512,c768, pkgname=com.google.android.youtube
10-25 21:40:56.982 3520 3584 D ApplicationPolicy: isStatusBarNotificationAllowedAsUser: packageName = android,userId = -1
10-25 21:40:56.982 3520 3985 D SecContentProvider: insert(), uri = 2
10-25 21:40:56.992 3126 3794 D AudioFlinger: mixer(0xee940000) throttle end: throttle time(54)
10-25 21:40:56.992 3520 3584 D SecContentProvider: query(), uri = 18 selection = isUsbMediaPlayerAvailable
10-25 21:40:56.992 5554 5554 D PackageUtils_v1.1.6: Package com.microsoft.office.onenote is signed with b9:25:13:6f:3e:a7:c0:a1:95:16:90:a1:ab:31:39:10:da:81:f4:09:94:a8:53:42:ec:62:28:88:f1:28:70:51
10-25 21:40:56.992 5554 5554 D PackageUtils_v1.1.6: Package com.microsoft.office.powerpoint is signed with b9:25:13:6f:3e:a7:c0:a1:95:16:90:a1:ab:31:39:10:da:81:f4:09:94:a8:53:42:ec:62:28:88:f1:28:70:51
10-25 21:40:57.002 17152 17152 E MTPRx : In MtpReceiverandroid.hardware.usb.action.USB_STATE
10-25 21:40:57.002 3520 4928 D SecContentProvider2: query(), uri = 14 selection = getSealedUsbMassStorageState
10-25 21:40:57.002 5554 5554 D PackageUtils_v1.1.6: Package com.microsoft.office.word is signed with b9:25:13:6f:3e:a7:c0:a1:95:16:90:a1:ab:31:39:10:da:81:f4:09:94:a8:53:42:ec:62:28:88:f1:28:70:51
10-25 21:40:57.002 5554 5554 D PackageUtils_v1.1.6: Package com.microsoft.office.excel is signed with b9:25:13:6f:3e:a7:c0:a1:95:16:90:a1:ab:31:39:10:da:81:f4:09:94:a8:53:42:ec:62:28:88:f1:28:70:51
10-25 21:40:57.012 17152 17152 E MTPRx : check value of boot_completed is1
10-25 21:40:57.012 17152 17152 E MTPRx : check booting is completed_sys.boot_completed
10-25 21:40:57.012 17268 17279 D CatchNotificationsService: onNotificationPosted
10-25 21:40:57.022 4130 4130 D PowerUI.ChargerAnimationView: Animation Started
10-25 21:40:57.022 3099 3099 I SurfaceFlinger: id=887 createSurf (1x1),1 flag=4,
10-25 21:40:57.022 17909 17909 D TimaKeyStoreProvider: TimaSignature is unavailable
10-25 21:40:57.022 17909 17909 D ActivityThread: Added TimaKeyStore provider
10-25 21:40:57.022 17152 17152 E MTPRx : Sd-Card path/storage/Private
10-25 21:40:57.022 17152 17152 W MTPRx : value of connected istrue
10-25 21:40:57.022 17152 17152 W MTPRx : value of configured isfalse
10-25 21:40:57.022 17152 17152 W MTPRx : value of mtpEnabled istrue
10-25 21:40:57.022 17152 17152 W MTPRx : value of ptpEnabled isfalse
10-25 21:40:57.022 17152 17152 W MTPRx : value of vzw_charging isfalse
10-25 21:40:57.022 17152 17152 W MTPRx : value of sec_charging isfalse
10-25 21:40:57.022 4130 4137 V MediaPlayer-JNI: native_finalize
10-25 21:40:57.022 4130 4137 V MediaPlayer-JNI: release
10-25 21:40:57.022 17152 17152 E MTPRx : Received USB_STATE with sdCardLaunch = 0
10-25 21:40:57.022 17152 17152 E MTPRx : configured is false
10-25 21:40:57.032 17228 17240 D BadgeProvider: query, [selection] : null
10-25 21:40:57.042 17909 17909 I InjectionManager: Inside getClassLibPath + mLibMap{0=, 1=}
10-25 21:40:57.042 4130 4323 D mali_winsys: new_window_surface returns 0x3000, [1440x2560]-format:1
10-25 21:40:57.062 17909 17909 I InjectionManager: Inside getClassLibPath caller
10-25 21:40:57.072 4130 4130 D KnoxNotification: ----- inflateViews : modified publicViewLocal -----
10-25 21:40:57.072 17268 17279 D CatchNotificationsSupportedAppsDBHelper: isDisabled value : false
10-25 21:40:57.072 3126 17887 I NuPlayerDecoder: End of Stream
10-25 21:40:57.072 17268 17279 D CatchNotificationsSupportedAppsDBHelper: isPackageSupported value : false
10-25 21:40:57.072 17268 17279 D CatchNotificationsService: Notification from package is not supported
10-25 21:40:57.072 4130 4130 D KnoxNotification: ----- inflateViews : modified KnoxViewLocal -----
10-25 21:40:57.082 4130 4130 D PhoneStatusBar: setAreThereNotifications: N=4 any=true clearable=true
10-25 21:40:57.082 4130 4130 D ViewRootImpl: MSG_RESIZED_REPORT: ci=Rect(0, 0 - 0, 0) vi=Rect(0, 84 - 0, 0) or=1
10-25 21:40:57.082 17923 17923 E Zygote : v2
10-25 21:40:57.082 17923 17923 I SELinux : Function: selinux_compare_spd_ram, index[1], SPD-policy is existed. and_ver=SEPF_SECMOBILE_6.0.1 ver=11
10-25 21:40:57.082 17923 17923 W SELinux : Function: selinux_compare_spd_ram, index[1], priority [2], priority version is VE=SEPF_SECMOBILE_6.0.1_0013
10-25 21:40:57.082 3520 4167 V WindowStateAnimator: Finishing drawing window Window{dbdfbba u0 d0 com.android.systemui}: mDrawState=DRAW_PENDING
10-25 21:40:57.082 17923 17923 E Zygote : accessInfo : 0
10-25 21:40:57.082 3099 3099 D libEGL : eglInitialize EGLDisplay = 0x7fc6961138
10-25 21:40:57.092 17923 17923 W SELinux : SELinux: seapp_context_lookup: seinfo=untrusted, level=s0:c512,c768, pkgname=com.google.android.apps.photos
10-25 21:40:57.112 17179 17179 D SideSync30_SideSyncReceiver: [59:onReceive] onReceive() action : android.hardware.usb.action.USB_STATE
10-25 21:40:57.112 17179 17179 D SideSync30_ConnectionManager: [315:setConnectionState] setConnectionState state : 17
10-25 21:40:57.122 17179 17179 D SideSync30_ConnectionManager: [105:getMainContolState] getMainContolState CONNECTED : 0, DISCONNECTED : 1 1
10-25 21:40:57.122 17923 17923 D TimaKeyStoreProvider: TimaSignature is unavailable
10-25 21:40:57.122 17923 17923 D ActivityThread: Added TimaKeyStore provider
10-25 21:40:57.122 3099 3099 D libEGL : eglInitialize EGLDisplay = 0x7fc6961138
10-25 21:40:57.122 17152 17152 E MTPRx : In MtpReceiverandroid.hardware.usb.action.USB_STATE
10-25 21:40:57.122 3520 5770 D SecContentProvider2: query(), uri = 14 selection = getSealedUsbMassStorageState
10-25 21:40:57.122 17152 17152 E MTPRx : check value of boot_completed is1
10-25 21:40:57.122 17152 17152 E MTPRx : check booting is completed_sys.boot_completed
10-25 21:40:57.132 17152 17152 E MTPRx : Sd-Card path/storage/Private
10-25 21:40:57.132 17152 17152 W MTPRx : value of connected istrue
10-25 21:40:57.132 17152 17152 W MTPRx : value of configured istrue
10-25 21:40:57.132 17152 17152 W MTPRx : value of mtpEnabled istrue
10-25 21:40:57.132 17152 17152 W MTPRx : value of ptpEnabled isfalse
10-25 21:40:57.132 17152 17152 W MTPRx : value of vzw_charging isfalse
10-25 21:40:57.132 17152 17152 W MTPRx : value of sec_charging isfalse
10-25 21:40:57.132 17152 17152 E MTPRx : Received USB_STATE with sdCardLaunch = 0
10-25 21:40:57.132 17152 17152 E MTPRx : mFirstTime: false
10-25 21:40:57.142 3099 3099 D libEGL : eglInitialize EGLDisplay = 0x7fc6961138
10-25 21:40:57.142 17923 17923 I InjectionManager: Inside getClassLibPath + mLibMap{0=, 1=}
10-25 21:40:57.152 3126 17887 I NuPlayerDecoder: [audio] saw output EOS
10-25 21:40:57.152 3126 17886 I NuPlayerRenderer: onQueueEOS audio finalResult : -1011
10-25 21:40:57.152 17923 17923 I InjectionManager: Inside getClassLibPath caller
10-25 21:40:57.162 17152 17152 D : MTP: reading debug level property
10-25 21:40:57.172 17152 17152 E MTPJNIInterface: Getting CryptionKey from JAVA
10-25 21:40:57.172 17152 17152 E MTPRx : currentUserId is 0
10-25 21:40:57.172 17152 17152 E MTPRx : mtpCurrentGlobalUserId is 0
10-25 21:40:57.172 17152 17152 E MTPRx : Start observing USB_STATE_MATCH
10-25 21:40:57.172 17152 17152 E MTPRx : usbMode is 0200
10-25 21:40:57.182 17152 17152 I EngineeringModeManager: com.samsung.android.MtpApplication connects to EngineeringModeService.
10-25 21:40:57.182 17152 17152 I EngineeringModeManager: getStatus() is called.
10-25 21:40:57.182 3520 4392 I ENGMODE : Java_com_android_server_EngineeringModeService_nativeGetStatus: EM Version - 1.0.0
10-25 21:40:57.182 17152 17152 D MTPRx : getUsbdebugStatus() is 0
10-25 21:40:57.192 17152 17152 V MtpMediaDBManager: inside isExistGUID resulttrue
10-25 21:40:57.192 17152 17152 E MTPRx : is_Privatemode is NOT 1
10-25 21:40:57.192 17152 17152 W MTPRx : driverdisplay.trust Status = 0
10-25 21:40:57.202 3126 17886 I NuPlayerRenderer: [audio] notifyEOS() End of Stream, delayUs : 287536
10-25 21:40:57.202 3126 17886 V AudioSink: stop
10-25 21:40:57.212 17152 17152 D MTPRx : Shared devices screen OFF completedfalse
10-25 21:40:57.212 17152 17152 E MTPRx : Sending NORMAL_BOOT to stack
10-25 21:40:57.212 17152 17152 E MTPJNIInterface: noti = 17
10-25 21:40:57.212 3520 4645 D SecContentProvider: query(), uri = 18 selection = isUsbMediaPlayerAvailable
10-25 21:40:57.222 17152 17152 E MTPRx : User is personal
10-25 21:40:57.222 17152 17152 E MTPRx : sending MTP_ICON_ENABLED to stack
10-25 21:40:57.232 17152 17152 E MTPRx : else part ... so first time!!!
10-25 21:40:57.232 17152 17152 E MTPPlaObsrvr: inside setContext()
10-25 21:40:57.232 17152 17152 E MTPPlaObsrvr: inside createplafiles
10-25 21:40:57.242 4521 4521 V LauncherAppWidgetHostView: calculateWidgetSize: (target widgetsize) using w/h 1359 347 span 5 1 (widgetid 6) [current Gridsize : GRID_5x5]
10-25 21:40:57.242 4521 4521 D LauncherAppWidgetHostView: calculateWidgetSize() widget = Weather and Clock(widget id = 6) result hostview size = 1771 x 452
10-25 21:40:57.242 4521 4521 D LauncherAppWidgetHostView: setResizeScaleResult() 1771/ 452 scaleToResize = 0.7673631(widget id = 6)
10-25 21:40:57.242 4521 4521 V LauncherAppWidgetHostView: calculateWidgetSize: (target widgetsize) using w/h 1359 347 span 5 1 (widgetid 2) [current Gridsize : GRID_5x5]
10-25 21:40:57.242 4521 4521 D LauncherAppWidgetHostView: calculateWidgetSize() widget = Google App(widget id = 2) result hostview size = 1771 x 452
10-25 21:40:57.242 4521 4521 D LauncherAppWidgetHostView: setResizeScaleResult() 1771/ 452 scaleToResize = 0.7673631(widget id = 2)
10-25 21:40:57.252 17947 17947 E Zygote : v2
10-25 21:40:57.252 3099 3099 D libEGL : eglInitialize EGLDisplay = 0x7fc6961138
10-25 21:40:57.252 17947 17947 I SELinux : Function: selinux_compare_spd_ram, index[1], SPD-policy is existed. and_ver=SEPF_SECMOBILE_6.0.1 ver=11
10-25 21:40:57.252 17947 17947 W SELinux : Function: selinux_compare_spd_ram, index[1], priority [2], priority version is VE=SEPF_SECMOBILE_6.0.1_0013
10-25 21:40:57.262 17947 17947 E Zygote : accessInfo : 0
10-25 21:40:57.262 17947 17947 W SELinux : SELinux: seapp_context_lookup: seinfo=untrusted, level=s0:c512,c768, pkgname=com.google.process.gapps
10-25 21:40:57.262 17909 17941 I InjectionManager: Inside getClassLibPath caller
10-25 21:40:57.272 17152 17152 E MTPPlaObsrvr: playlist count is0
10-25 21:40:57.272 17152 17152 E MTPPlaObsrvr: inside try branch createplafiles
10-25 21:40:57.272 17152 17152 E MTPPlaObsrvr: inside deleteing plas createplafiles
10-25 21:40:57.272 17152 17152 E MTPPlaObsrvr: Inside registerContentObserver
10-25 21:40:57.282 17152 17152 E MtpAdbObserver: inside setContext()
10-25 21:40:57.282 17152 17152 E MtpAdbObserver: Inside registerContentObserver
10-25 21:40:57.282 17152 17152 W Settings: Setting adb_enabled has moved from android.provider.Settings.System to android.provider.Settings.Global, returning read-only global URI.
10-25 21:40:57.282 17947 17947 D TimaKeyStoreProvider: TimaSignature is unavailable
10-25 21:40:57.282 17947 17947 D ActivityThread: Added TimaKeyStore provider
10-25 21:40:57.282 17152 17152 E MtpService: onCreate.
10-25 21:40:57.282 17152 17152 E MtpService: < MTP > Registering BroadCast receiver :::::
10-25 21:40:57.302 17152 17152 E MtpService: < MTP > Registering BroadCast registerBroadCastPolicyRec :::::
10-25 21:40:57.312 17152 17152 E MtpService: < MTP > Registering BroadCast registerBroadCastEmergencyRec :::::
10-25 21:40:57.312 17947 17947 I InjectionManager: Inside getClassLibPath + mLibMap{0=, 1=}
10-25 21:40:57.312 17909 17941 W linker : /data/app/com.google.android.gms-2/lib/arm64/libgmscore.so: unused DT entry: type 0x7ffffffd arg 0x885
10-25 21:40:57.332 17947 17947 I InjectionManager: Inside getClassLibPath caller
10-25 21:40:57.332 17152 17152 E MtpService: onStartCommand.
10-25 21:40:57.332 17152 17152 W MTPRx : calling native method
10-25 21:40:57.332 17152 17152 E MTPJNIInterface: < MTP > Registering BroadCast receiver :::::
10-25 21:40:57.342 17152 17959 E MtpService: handleMessage. msg= { when=0 what=0 arg1=1 obj=Intent { cmp=com.samsung.android.MtpApplication/.MtpService } target=com.samsung.android.MtpApplication.MtpService$ServiceHandler }
10-25 21:40:57.342 17947 17947 W System : ClassLoader referenced unknown path: /system/priv-app/GoogleServicesFramework/lib/arm64
10-25 21:40:57.352 17152 17152 E MTPJNIInterface: < MTP > Registering BroadCast receiver :::::::
10-25 21:40:57.362 17947 17947 I GservicesProvider: Gservices pushing to system: true; secure/global: true
10-25 21:40:57.362 17179 17179 D SideSync30_SideSyncReceiver: [59:onReceive] onReceive() action : android.hardware.usb.action.USB_STATE
10-25 21:40:57.362 17179 17179 D SideSync30_ConnectionManager: [315:setConnectionState] setConnectionState state : 17
10-25 21:40:57.362 17909 17941 W linker : /data/app/com.google.android.gms-2/lib/arm64/libconscrypt_gmscore_jni.so: unused DT entry: type 0x1d arg 0x80
10-25 21:40:57.362 17909 17941 W linker : /data/app/com.google.android.gms-2/lib/arm64/libconscrypt_gmscore_jni.so: unused DT entry: type 0x7ffffffd arg 0x169
10-25 21:40:57.372 17152 17152 E MTPJNIInterface: noti = 10
10-25 21:40:57.372 17179 17179 D SideSync30_ConnectionManager: [105:getMainContolState] getMainContolState CONNECTED : 0, DISCONNECTED : 1 1
10-25 21:40:57.372 17152 17152 W MTPRx : calling native method
10-25 21:40:57.372 17152 17152 E MTPRx : Checking the driver time out
10-25 21:40:57.372 17152 17152 E MTPJNIInterface: noti = 2
10-25 21:40:57.372 17152 17152 D : deleting sockets before message queue initialization
10-25 21:40:57.372 17909 17941 V JNIHelp : Registering com/google/android/gms/org/conscrypt/NativeCrypto's 239 native methods...
10-25 21:40:57.372 17152 17152 D : event handler thread is created, so set the flag
10-25 21:40:57.372 17152 17962 E : Unable to get Object Class and clearing cls 2 [int check_media_scanner_status() 594]
10-25 21:40:57.372 17152 17962 E MTPJNIInterface: Getting media scanner status0
10-25 21:40:57.382 17152 17152 E MTPRx : called native method
10-25 21:40:57.382 17152 17152 E MTPJNIInterface: setting Media scanner status0
10-25 21:40:57.382 17152 17152 E MTPJNIInterface: After setting Media scanner status0
10-25 21:40:57.382 17152 17152 E MtpService: onStartCommand.
10-25 21:40:57.382 17152 17152 W MTPRx : notification from stack 1
10-25 21:40:57.382 17152 17962 E MTPJNIInterface: DeviceName is Null in System
10-25 21:40:57.382 17152 17962 E MTPJNIInterface: DeviceName is Galaxy S6 edge+
10-25 21:40:57.382 17152 17962 E : memcpy failed [memCpy 111]
10-25 21:40:57.382 17152 17959 E MtpService: handleMessage. msg= { when=-3ms what=0 arg1=2 obj=Intent { cmp=com.samsung.android.MtpApplication/.MtpService } target=com.samsung.android.MtpApplication.MtpService$ServiceHandler }
10-25 21:40:57.382 5329 5329 D MtpService: starting MTP server in MTP mode
10-25 21:40:57.382 5329 5329 E MtpServerJNI: could not open MTP driver, errno: 2
10-25 21:40:57.392 17923 17923 D InjectionManager: InjectionManager
10-25 21:40:57.392 17923 17923 D InjectionManager: fillFeatureStoreMap com.google.android.apps.photos
10-25 21:40:57.392 17923 17923 I InjectionManager: Constructor com.google.android.apps.photos, Feature store :{}
10-25 21:40:57.392 17923 17923 I InjectionManager: featureStore :{}
10-25 21:40:57.392 17909 17941 I art : Rejecting re-init on previously-failed class java.lang.Class
10-25 21:40:57.392 17909 17941 I art : Rejecting re-init on previously-failed class java.lang.Class
10-25 21:40:57.402 5329 5329 D MtpService: Adding MTP storage 0x10001 at /storage/emulated/0
10-25 21:40:57.402 5329 5329 E MtpServerJNI: server is null in add_storage
10-25 21:40:57.402 5329 17963 E MtpServerJNI: server is null in run
10-25 21:40:57.402 5329 17963 E MtpServerJNI: server is null in cleanup
10-25 21:40:57.402 5329 5329 E MtpServerJNI: server is null in send_object_removed
10-25 21:40:57.412 17909 17941 I ProviderInstaller: Installed default security provider GmsCore_OpenSSL
10-25 21:40:57.412 17947 17947 I GoogleHttpClient: GMS http client unavailable, use old client
10-25 21:40:57.422 17909 17943 D DynamitePackage: Instantiated singleton DynamitePackage.
10-25 21:40:57.422 17909 17943 D DynamitePackage: Instantiating com.google.android.gms.ads.adshield.ChimeraAdShieldCreatorImpl
10-25 21:40:57.432 17947 17947 D InjectionManager: InjectionManager
10-25 21:40:57.432 17947 17947 D InjectionManager: fillFeatureStoreMap com.google.android.gsf
10-25 21:40:57.442 17947 17947 I InjectionManager: Constructor com.google.android.gsf, Feature store :{}
10-25 21:40:57.442 17947 17947 I InjectionManager: featureStore :{}
10-25 21:40:57.482 3126 17880 I NuPlayerRenderer: reachedAudioEOS (1)
10-25 21:40:57.482 3126 17880 V NuPlayer: reached audio EOS
10-25 21:40:57.482 3126 17880 V NuPlayer: msg : 2, ext1 : 0, ext2 : 0
10-25 21:40:57.482 3126 17880 D NuPlayerDriver: notifyListener_l(0xf178bf40), (2, 0, 0)
10-25 21:40:57.482 3126 17880 V MediaPlayerService: [188] notify (0xec85a000, 2, 0, 0)
10-25 21:40:57.482 3126 17880 V GenericSource: pause
10-25 21:40:57.482 3126 17880 V GenericSource: [Flag] clear 0x1 -> mFlags = 0x8
10-25 21:40:57.482 3126 17886 I NuPlayerRenderer: onPause
10-25 21:40:57.482 3126 17886 I MediaClock: setPlaybackRate rate : 0.000000
10-25 21:40:57.482 3126 17886 V AudioSink: stop
10-25 21:40:57.482 4130 2009 V MediaPlayer: message received msg=2, ext1=0, ext2=0
10-25 21:40:57.492 4130 2009 V MediaPlayer: playback complete
10-25 21:40:57.492 4130 2009 V MediaPlayer: callback application
10-25 21:40:57.492 4130 2009 V MediaPlayer: back from callback
10-25 21:40:57.492 3520 3542 I MediaFocusControl: AudioFocus abandonAudioFocus() from android.media.AudioManager$7cd5494
10-25 21:40:57.492 4130 17877 I MediaPlayer: sendBroadcast CONTEXT_AWARE_MUSIC_INFO - type(complete) - id(188)
10-25 21:40:57.502 3126 3677 I APM::AudioPolicyManager: stopOutput() output 2, stream 5, session 524
10-25 21:40:57.512 17987 17987 E Zygote : v2
10-25 21:40:57.512 17987 17987 I SELinux : Function: selinux_compare_spd_ram, index[1], SPD-policy is existed. and_ver=SEPF_SECMOBILE_6.0.1 ver=11
10-25 21:40:57.512 17987 17987 W SELinux : Function: selinux_compare_spd_ram, index[1], priority [2], priority version is VE=SEPF_SECMOBILE_6.0.1_0013
10-25 21:40:57.512 17987 17987 E Zygote : accessInfo : 0
10-25 21:40:57.512 17987 17987 W SELinux : SELinux: seapp_context_lookup: seinfo=chrome, level=s0:c512,c768, pkgname=com.android.chrome
10-25 21:40:57.532 17987 17987 D TimaKeyStoreProvider: TimaSignature is unavailable
10-25 21:40:57.532 17987 17987 D ActivityThread: Added TimaKeyStore provider
10-25 21:40:57.552 17987 17987 I InjectionManager: Inside getClassLibPath + mLibMap{0=, 1=}
10-25 21:40:57.552 17987 17987 I InjectionManager: Inside getClassLibPath caller
10-25 21:40:57.562 17987 17987 W System.err: stat failed: ENOENT (No such file or directory) : /data/local/chrome-command-line
10-25 21:40:57.582 17987 17987 W DynamiteModule: Local module descriptor class for com.google.android.gms.googlecertificates not found.
10-25 21:40:57.592 17987 17987 I InjectionManager: Inside getClassLibPath caller
10-25 21:40:57.632 17987 17987 I DynamiteModule: Considering local module com.google.android.gms.googlecertificates:0 and remote module com.google.android.gms.googlecertificates:2
10-25 21:40:57.632 17987 17987 I DynamiteModule: Selected remote version of com.google.android.gms.googlecertificates, version >= 2
10-25 21:40:57.672 17152 17962 E MTPJNIInterface: Status for mount/Unmount :unknown
10-25 21:40:57.672 17152 17962 E MTPJNIInterface: SDcard is not available
10-25 21:40:57.672 17909 17909 W InstanceID/Rpc: Found 10021
10-25 21:40:57.672 17152 17962 E MTPJNIInterface: Status for mount/Unmount :unknown
10-25 21:40:57.672 17152 17962 E MTPJNIInterface: SDcard is not available
10-25 21:40:57.672 17152 17962 E SQLiteLog: (21) API call with NULL database connection pointer
10-25 21:40:57.672 17152 17962 E SQLiteLog: (21) misuse at line 107734 of [2ef4f3a5b1]
10-25 21:40:57.672 17152 17962 E SQLiteLog: (21) API call with NULL database connection pointer
10-25 21:40:57.672 17152 17962 E SQLiteLog: (21) misuse at line 102845 of [2ef4f3a5b1]
10-25 21:40:57.672 17152 17962 E SQLiteLog: (21) API call with NULL database connection pointer
10-25 21:40:57.672 17152 17962 E SQLiteLog: (21) misuse at line 102845 of [2ef4f3a5b1]
10-25 21:40:57.672 17152 17962 E SQLiteLog: (21) API call with NULL database connection pointer
10-25 21:40:57.672 17152 17962 E SQLiteLog: (21) misuse at line 107734 of [2ef4f3a5b1]
10-25 21:40:57.672 17152 17152 W MTPRx : notification from stack 2
10-25 21:40:57.682 17152 18021 D : [mtp_init_device] Library open with 64 bits.
10-25 21:40:57.682 17152 18021 D : [mtp_init_device] Going to open(): /dev/usb_mtp_gadget
10-25 21:40:57.682 17152 18021 E : [mtp_init_device 733] After open the MTP fd = 25 and line = 733...
10-25 21:40:57.682 17152 18021 D : [mtp_init_device] IOCTL SET_MTP_USER_PID Sucesss
10-25 21:40:57.682 17152 18021 E : [sua_support_present:1325] returning false
10-25 21:40:57.682 17152 18021 D : *****Starting mtp_io()
10-25 21:40:57.682 17152 17152 W MTPRx : notification from stack 3
10-25 21:40:57.682 17152 18021 D : [mtp_start_io] source_thread Creation
10-25 21:40:57.682 17152 18021 D : [mtp_start_io] sink_thread Creation
