10-25 21:52:04.342 3520 4925 D SecContentProvider2: query(), uri = 15 selection = getLockScreenHiddenItems
10-25 21:52:04.342 4130 4130 D KeyguardCarrierText: updateCarrierText(): isMultiSIMState: false
10-25 21:52:04.342 4130 4130 D KeyguardCarrierText: updateDate slot by SubID
10-25 21:52:04.342 4130 4130 D KeyguardCarrierText: updateIntentData(): isMultiSIMState: falsesubId: 2147483643 phoneId:0plmn: Emergency onlySPN:
10-25 21:52:04.342 4130 4130 D KeyguardCarrierText: mSimState[0]ABSENT
10-25 21:52:04.342 4130 4130 D KeyguardCarrierText: mSimState[1]ABSENT
10-25 21:52:04.342 4130 4130 D KeyguardCarrierText: Getting plmn/spn sticky brdcst mPlmn:Emergency only / mSpn: phoneId:0 subId:2147483643 showPlmn: true showSpn:false
10-25 21:52:04.342 4130 4130 D KeyguardCarrierText: getStatusForIccState : SIM state = ABSENT
10-25 21:52:04.342 4130 4417 D WifiCallingTile: getMode : true
10-25 21:52:04.342 4130 4130 D KeyguardCarrierText: makeCarrierStringOnEmergencyCapable : mIsEmergencyCallCapable: true
10-25 21:52:04.342 4130 4130 D KeyguardCarrierText: concatenate : plmn = No SIM card, spn = Emergency only
10-25 21:52:04.342 4130 4130 D KeyguardCarrierText: getCarrierTextForSimState : SIM state = SimMissingcarrierText: No SIM card | Emergency only
10-25 21:52:04.342 4130 4130 D KeyguardCarrierText: Handling ABSENT , carrierTextForSimState = No SIM card | Emergency only
10-25 21:52:04.342 4130 4417 D AirplaneModeTile: getQSTileMultiState 2
10-25 21:52:04.342 4130 4417 D FlashlightTile: handleUpdateState : MultiState[visible=true,icon=ResourceIcon[resId=0x7f02035a],label=Flashlight,contentDescription=Flashlight Button Off.,dualLabelContentDescription=null,autoMirrorDrawable=false,secondaryLabel=null,textTruncate=true,value=2,bgValue=0] arg : null
10-25 21:52:04.342 4130 4130 D KeyguardCarrierText: updateCarrierText insertedMultiSim = false
10-25 21:52:04.342 4130 4130 D KeyguardCarrierText: updateCarrierText State: Absent SIM Number = 0
10-25 21:52:04.342 4371 4371 D PeopleStripeManager: onVisibilityChanged : 2
10-25 21:52:04.342 4371 4371 D PeopleStripeVisibilityController: setHiddenEdgePanel enable=true
10-25 21:52:04.342 4371 4371 I PeopleStripeVisibilityController: updateStripeVisible : State 1025 visible = 2
10-25 21:52:04.342 4371 4371 I PeopleStripeManager: hideStripe
10-25 21:52:04.342 18319 18353 D mali_winsys: new_window_surface returns 0x3000, [2560x1440]-format:1
10-25 21:52:04.352 4371 4371 I PeopleStripeManager: isExistVisibleHandler false
10-25 21:52:04.352 4371 4371 I PeopleStripeManager: hideStripe
10-25 21:52:04.352 3520 5770 V WindowStateAnimator: Finishing drawing window Window{8c3edc1 u0 d0 Mono background window}: mDrawState=DRAW_PENDING
10-25 21:52:04.352 4130 4130 D KeyguardCarrierText: Getting plmn/spn sticky brdcst for Absent case Emergency only/showPlmn: trueshowSpn: false phoneId:0 subId:2147483643
10-25 21:52:04.352 4130 4130 D KeyguardCarrierText: concatenate : plmn = Emergency only
10-25 21:52:04.352 4130 4130 D KeyguardCarrierText: makeCarrierStringOnEmergencyCapable : mIsEmergencyCallCapable: true
10-25 21:52:04.352 4130 4130 D KeyguardCarrierText: concatenate : plmn = No SIM card, spn = Emergency only
10-25 21:52:04.352 4130 4130 D KeyguardCarrierText: setText : displayText = No SIM card | Emergency only
10-25 21:52:04.362 4130 4130 D vol.SecVolumeDialog: updateWindowWidth lp.width=1420
10-25 21:52:04.362 4130 4130 D Clock : received broadcast android.intent.action.CONFIGURATION_CHANGED
10-25 21:52:04.362 18319 18353 D mali_winsys: new_window_surface returns 0x3000, [2560x1440]-format:1
10-25 21:52:04.362 3099 3099 D libEGL : eglInitialize EGLDisplay = 0x7fc6961138
10-25 21:52:04.362 3099 3099 D libEGL : eglTerminate EGLDisplay = 0x7fc69611c8
10-25 21:52:04.372 4130 4417 D PersonalModeTile: getMState state = 2
10-25 21:52:04.372 3520 4533 V WindowStateAnimator: Finishing drawing window Window{d1376cb u0 d0 Mono foreground window}: mDrawState=DRAW_PENDING
10-25 21:52:04.372 4130 4417 D NfcTile : getNfcTileState : nfcState 3
10-25 21:52:04.372 3099 3099 I SurfaceFlinger: id=896 createSurf (2560x1440),1 flag=404, NonoActivit
10-25 21:52:04.372 3520 4392 D InputDispatcher: Focus entered window: 18319
10-25 21:52:04.372 18319 18353 D mali_winsys: new_window_surface returns 0x3000, [2560x1440]-format:1
10-25 21:52:04.372 3520 3598 D PointerIcon: setMouseIconStyle1 pointerType: 1001 iconType:101 flag:0 pid:3520 uid:1000
10-25 21:52:04.372 3520 3598 D PointerIcon: setMouseCustomIcon IconType is same.101
10-25 21:52:04.372 3520 3598 D PointerIcon: setHoveringSpenIconStyle1 pointerType: 10001 iconType:1 flag:0 pid:3520 uid:1000
10-25 21:52:04.372 3520 3598 D PointerIcon: setHoveringSpenCustomIcon IconType is same.1
10-25 21:52:04.372 18319 18319 D VRSVC : (MonoScreenEvent.java:115) wtkw [cancelHideMonoForeground. canceled.]
10-25 21:52:04.372 18319 18319 D VRSVC : (MonoScreenEvent.java:116) yTqX [dismissMonoForegroundDelayed delayMillis=500 animate=true]
10-25 21:52:04.372 18319 18319 D VRSVC : (MonoActivity.java:78) onReceive [action=com.samsung.intent.action.HMT_DOCK_STICKY_EVENT sticky=true]
10-25 21:52:04.372 18319 18319 V VRSVC : (MonoActivity.java:81) onReceive [dockState=1]
10-25 21:52:04.372 18319 18319 D VRSVC : (MonoActivity.java:93) onReceive [action=com.samsung.intent.action.HMT_MOUNT_STICKY_EVENT sticky=true]
10-25 21:52:04.372 18319 18319 V VRSVC : (MonoActivity.java:96) onReceive [mountState=1]
10-25 21:52:04.372 18319 18319 V VRSVC : (MonoActivity.java:105) yTqX [handlePendingIntent mPendingIntents.size=1]
10-25 21:52:04.382 18319 18319 V VRSVC : (MonoActivity.java:113) yTqX [handlePendingIntent i=0 pIntent=Intent { act=android.intent.action.MAIN cat=[android.intent.category.LAUNCHER] flg=0x10200000 cmp=com.foo.ProductName/com.unity3d.player.UnityPlayerActivity (has extras) } mTopActivity=ComponentInfo{com.sec.android.app.launcher/com.sec.android.app.launcher.activities.LauncherActivity}]
10-25 21:52:04.382 18319 18319 V VRSVC : (MonoActivity.java:118) yTqX [taskAffinity2dActivity=com.sec.android.app.launcher taskAffinityVRActivity=com.foo.ProductName]
10-25 21:52:04.382 18319 18319 V VRSVC : (MonoActivity.java:125) yTqX [task affinity ok.]
10-25 21:52:04.382 18319 18319 I VRSVC : (MonoActivity.java:132) yTqX [mPendingIntent send! intent=Intent { act=android.intent.action.MAIN cat=[android.intent.category.LAUNCHER] flg=0x10200000 cmp=com.foo.ProductName/com.unity3d.player.UnityPlayerActivity (has extras) }]
10-25 21:52:04.382 3099 3289 D libEGL : eglTerminate EGLDisplay = 0x7f9107ee78
10-25 21:52:04.382 3099 3289 D libEGL : eglTerminate EGLDisplay = 0x7f9107ee78
10-25 21:52:04.382 4130 4323 D mali_winsys: new_window_surface returns 0x3000, [2560x84]-format:1
10-25 21:52:04.382 4130 4130 D KeyguardEffectViewController: onLayoutChange() v: com.android.keyguard.effect.EffectBehindView{1728aa1 I.E...... ......ID 0,0-2560,84 #7f0e0325 app:id/keyguard_effect_behind}, bottom : 84, oldBottom : 84
10-25 21:52:04.382 3099 3099 D libEGL : eglInitialize EGLDisplay = 0x7fc6961138
10-25 21:52:04.382 3099 3099 D libEGL : eglTerminate EGLDisplay = 0x7fc69611c8
10-25 21:52:04.382 4130 4130 W View : requestLayout() improperly called by com.android.systemui.qs.QSContainer{f2c55b1 V.E...... ......ID 0,406-2560,1058 #7f0e01b7 app:id/quick_settings_container} during layout: running second layout pass
10-25 21:52:04.382 4130 4130 I ViewRootImpl: requestLayout is already in process
10-25 21:52:04.382 3520 3598 D ViewRootImpl: #1 mView = com.android.internal.policy.PhoneWindow$DecorView{208db7c V.E...... R.....ID 0,0-0,0}
10-25 21:52:04.382 3520 3598 D ISSUE_DEBUG: InputChannelName : 9feb45a Starting com.foo.ProductName
10-25 21:52:04.392 3520 3543 V WindowStateAnimator: Finishing drawing window Window{80318d3 u0 d0 StatusBar}: mDrawState=DRAW_PENDING
10-25 21:52:04.392 4130 4130 D SecKeyguardClockView: HomeTimezone(): 1
10-25 21:52:04.392 4130 4130 D SecKeyguardClockView: isDualClockSetting, isHomeTimeZoneExist, isEasyUxOn, mIsNetworkRoaming: true, false, false, false
10-25 21:52:04.392 4130 4130 D SecKeyguardClockView: handleUpdateClock() >> START >> Text Single Clock will be inflated.
10-25 21:52:04.392 4371 4371 I PeopleStripeManager: isExistVisibleHandler false
10-25 21:52:04.392 4371 4371 I PeopleStripeManager: hideStripe
10-25 21:52:04.392 3099 3099 D libEGL : eglInitialize EGLDisplay = 0x7fc6961138
10-25 21:52:04.392 3099 3099 D libEGL : eglTerminate EGLDisplay = 0x7fc69611c8
10-25 21:52:04.402 3099 3099 I SurfaceFlinger: id=897 createSurf (1x1),2 flag=404, QroductName
10-25 21:52:04.402 3126 3677 I APM::AudioPolicyManager: stopOutput() output 4, stream 5, session 533
10-25 21:52:04.412 3520 3598 D ViewRootImpl: MSG_RESIZED_REPORT: ci=Rect(0, 0 - 0, 0) vi=Rect(0, 0 - 0, 0) or=2
10-25 21:52:04.442 3520 3598 V WindowStateAnimator: Finishing drawing window Window{9feb45a u0 d0 Starting com.foo.ProductName}: mDrawState=DRAW_PENDING
10-25 21:52:04.442 3099 3099 D libEGL : eglInitialize EGLDisplay = 0x7fc6961138
10-25 21:52:04.562 3135 3181 D Sensorhubs: readContextData: 1, 1, 7, 1
10-25 21:52:04.562 3520 4008 D SensorHubManager: onGetSensorHubDataLocked: library(4) = 1, 1, 7, 1
10-25 21:52:04.562 3520 4007 D CAE : onGetSensorHubData(SensorHubParserProvider.java:92) - onGetSensorHubData Event [event buffer len :4], AP_WAKEUP
10-25 21:52:04.562 3520 4007 I CAE : parse(SensorHubParserProvider.java:188) - buffer size = 4
10-25 21:52:04.562 3520 4007 I CAE : parse(SensorHubParserProvider.java:199) - 1, 1, 7, 1,
10-25 21:52:04.562 3520 4007 D CAE : display(ContextProvider.java:375) - ================= AUTO_ROTATION =================
10-25 21:52:04.562 3520 4007 I CAE : display(ContextProvider.java:391) - Angle=[1]
10-25 21:52:04.562 3520 4010 D SContextService: updateSContext() : event = Auto Rotation
10-25 21:52:04.682 3520 4287 D InputDispatcher: Focused application set to: xxxx
10-25 21:52:04.702 3520 4287 D InputDispatcher: Focus left window: 18319
10-25 21:52:04.702 18319 18319 V VRSVC : (MonoActivity.java:134) yTqX [send ok!]
10-25 21:52:04.702 3520 3598 D PointerIcon: setMouseIconStyle1 pointerType: 1001 iconType:101 flag:0 pid:3520 uid:1000
10-25 21:52:04.702 3520 3598 D PointerIcon: setMouseCustomIcon IconType is same.101
10-25 21:52:04.702 3520 3598 D PointerIcon: setHoveringSpenIconStyle1 pointerType: 10001 iconType:1 flag:0 pid:3520 uid:1000
10-25 21:52:04.702 3520 3598 D PointerIcon: setHoveringSpenCustomIcon IconType is same.1
10-25 21:52:04.712 4130 4130 V KeyguardUpdateMonitor: *** unregister callback for com.android.keyguard.status.KeyguardDateView$3@7bb505b
10-25 21:52:04.712 4130 4130 V KeyguardUpdateMonitor: *** unregister callback for com.android.keyguard.status.SecKeyguardClockSingleView$2@e4b100c
10-25 21:52:04.712 4130 4130 D Minikin : FontFamily bestFont == NULL, so return vacant FakedFont
10-25 21:52:04.712 4130 4130 D Minikin : FontFamily bestFont == NULL, so return vacant FakedFont
10-25 21:52:04.712 4130 4130 D Minikin : FontFamily bestFont == NULL, so return vacant FakedFont
10-25 21:52:04.712 3099 3099 D libEGL : eglInitialize EGLDisplay = 0x7fc6961138
10-25 21:52:04.712 4130 4130 D SecKeyguardClockSingleView: font effect info: null
10-25 21:52:04.712 4130 4130 V KeyguardUpdateMonitor: *** register callback for com.android.keyguard.status.SecKeyguardClockSingleView$2@ecd5f23
10-25 21:52:04.712 4130 4130 V KeyguardUpdateMonitor: *** unregister callback for null
10-25 21:52:04.712 3099 3099 D libEGL : eglInitialize EGLDisplay = 0x7fc6961138
10-25 21:52:04.722 4130 4130 V KeyguardUpdateMonitor: *** register callback for com.android.keyguard.status.KeyguardDateView$3@42d1f9e
10-25 21:52:04.722 4130 4130 V KeyguardUpdateMonitor: *** unregister callback for null
10-25 21:52:04.722 4130 4130 D SecKeyguardClockView: handleUpdateClock() << END << Clock is inflated.
10-25 21:52:04.732 3520 4925 V WindowStateAnimator: Finishing drawing window Window{c04f3e4 u0 d0 com.samsung.android.hmt.vrsvc/com.samsung.android.hmt.vrsvc.MonoActivity}: mDrawState=DRAW_PENDING
10-25 21:52:04.732 18319 18319 D ViewRootImpl: MSG_RESIZED_REPORT: ci=Rect(0, 0 - 0, 0) vi=Rect(0, 0 - 0, 0) or=2
10-25 21:52:04.732 3099 3099 D libEGL : eglInitialize EGLDisplay = 0x7fc6961138
10-25 21:52:04.732 3520 4041 D InputMethodManagerService: windowGainedFocus mCurrentFocusedUserId - 0 and mSecureKeypadEnabled-false
10-25 21:52:04.732 3099 3099 D libEGL : eglInitialize EGLDisplay = 0x7fc6961138
10-25 21:52:04.732 3520 3598 D KnoxTimeoutHandler: notifyActivityDrawn [MsgParam] userId: 0 fullscreen is true showWhenlocked is false
10-25 21:52:04.732 3520 3520 D KnoxTimeoutHandler: activityDrawn [MsgParam] userId: 0 fullscreen is true showWhenlocked is false
10-25 21:52:04.732 3520 3598 D KnoxTimeoutHandler: notifyActivityDrawn [MsgParam] userId: 0 fullscreen is true showWhenlocked is false
10-25 21:52:04.732 3520 3598 D KnoxTimeoutHandler: notifyActivityDrawn [MsgParam] userId: 0 fullscreen is true showWhenlocked is false
10-25 21:52:04.732 3520 3598 D KnoxTimeoutHandler: notifyActivityDrawn [MsgParam] userId: 0 fullscreen is true showWhenlocked is false
10-25 21:52:04.732 3520 3598 D KnoxTimeoutHandler: notifyActivityDrawn [MsgParam] userId: 0 fullscreen is true showWhenlocked is false
10-25 21:52:04.732 3520 3598 D KnoxTimeoutHandler: notifyActivityDrawn [MsgParam] userId: 0 fullscreen is true showWhenlocked is false
10-25 21:52:04.732 3520 3520 I KnoxTimeoutHandler: SD activityfalse
10-25 21:52:04.732 3520 3520 D KnoxTimeoutHandler: activityDrawn [MsgParam] userId: 0 fullscreen is true showWhenlocked is false
10-25 21:52:04.732 18319 18319 V VRSVC : (HmtSensorEvent.java:328) handleMessage [sensor open!]
10-25 21:52:04.732 13979 13979 D SamsungIME: IMPL finishInput
10-25 21:52:04.732 13979 13979 D SamsungIME: SwiftKeyWrapper writeDBdataToFileOnFinishInput
10-25 21:52:04.732 3520 3520 I KnoxTimeoutHandler: SD activityfalse
10-25 21:52:04.732 13979 13979 D SamsungIME: saveAndClear +
10-25 21:52:04.732 13979 13979 D SamsungIME: saveAndClear -
10-25 21:52:04.732 3520 3520 D KnoxTimeoutHandler: activityDrawn [MsgParam] userId: 0 fullscreen is true showWhenlocked is false
10-25 21:52:04.732 18319 18319 V VRSVC : (MonoActivity.java:259) onPause [onPause() destroyed=false finishing=false]
10-25 21:52:04.732 13979 13979 D SamsungIME: onStartInput: No inputType, No imeOption, isInputViewShown = false, isExtractViewShown = false, isShowInputRequested = false, isConfigChanged = false
10-25 21:52:04.732 3520 3520 I KnoxTimeoutHandler: SD activityfalse
10-25 21:52:04.732 3520 3520 D KnoxTimeoutHandler: activityDrawn [MsgParam] userId: 0 fullscreen is true showWhenlocked is false
10-25 21:52:04.732 3520 3520 I KnoxTimeoutHandler: SD activityfalse
10-25 21:52:04.732 3520 3520 D KnoxTimeoutHandler: activityDrawn [MsgParam] userId: 0 fullscreen is true showWhenlocked is false
10-25 21:52:04.732 3520 3520 I KnoxTimeoutHandler: SD activityfalse
10-25 21:52:04.732 3520 3520 D KnoxTimeoutHandler: activityDrawn [MsgParam] userId: 0 fullscreen is true showWhenlocked is false
10-25 21:52:04.732 3520 3520 I KnoxTimeoutHandler: SD activityfalse
10-25 21:52:04.742 18958 18958 E Zygote : v2
10-25 21:52:04.742 18958 18958 I SELinux : Function: selinux_compare_spd_ram, index[1], SPD-policy is existed. and_ver=SEPF_SECMOBILE_6.0.1 ver=11
10-25 21:52:04.742 18958 18958 W SELinux : Function: selinux_compare_spd_ram, index[1], priority [2], priority version is VE=SEPF_SECMOBILE_6.0.1_0013
10-25 21:52:04.742 18958 18958 E Zygote : accessInfo : 0
10-25 21:52:04.742 18958 18958 W SELinux : SELinux: seapp_context_lookup: seinfo=default, level=s0:c512,c768, pkgname=com.foo.ProductName
10-25 21:52:04.752 3520 3598 D KnoxTimeoutHandler: notifyActivityDrawn [MsgParam] userId: 0 fullscreen is true showWhenlocked is false
10-25 21:52:04.752 3520 3520 D KnoxTimeoutHandler: activityDrawn [MsgParam] userId: 0 fullscreen is true showWhenlocked is false
10-25 21:52:04.752 3520 3598 D ViewRootImpl: MSG_RESIZED_REPORT: ci=Rect(0, 0 - 0, 0) vi=Rect(0, 0 - 0, 0) or=2
10-25 21:52:04.752 3520 3520 I KnoxTimeoutHandler: SD activityfalse
10-25 21:52:04.752 3520 3543 V WindowStateAnimator: Finishing drawing window Window{c04f3e4 u0 d0 com.samsung.android.hmt.vrsvc/com.samsung.android.hmt.vrsvc.MonoActivity}: mDrawState=HAS_DRAWN
10-25 21:52:04.752 18319 18319 I Timeline: Timeline: Activity_idle id: android.os.BinderProxy@8f56e96 time:84965848
10-25 21:52:04.762 3520 3598 I Timeline: Timeline: Activity_windows_visible id: ActivityRecord{16eb5b4 u0 com.samsung.android.hmt.vrsvc/.MonoActivity t715} time:84965851
10-25 21:52:04.762 18958 18958 D TimaKeyStoreProvider: TimaSignature is unavailable
10-25 21:52:04.762 18958 18958 D ActivityThread: Added TimaKeyStore provider
10-25 21:52:04.762 3099 3099 D libEGL : eglInitialize EGLDisplay = 0x7fc6961138
10-25 21:52:04.782 3520 3598 V WindowStateAnimator: Finishing drawing window Window{a5a82d9 u0 d0 Starting com.samsung.android.hmt.vrsvc}: mDrawState=DRAW_PENDING
10-25 21:52:04.782 3520 3598 D ViewRootImpl: #3 mView = null
10-25 21:52:04.782 3099 4634 I SurfaceFlinger: id=894 Removed wrsvc (5/23)
10-25 21:52:04.782 3099 3099 D libEGL : eglInitialize EGLDisplay = 0x7fc6961138
10-25 21:52:04.782 3099 3287 I SurfaceFlinger: id=894 Removed wrsvc (-2/23)
10-25 21:52:04.782 3099 4094 D libEGL : eglTerminate EGLDisplay = 0x7f8b5c6e78
10-25 21:52:04.782 18958 18958 I InjectionManager: Inside getClassLibPath + mLibMap{0=, 1=}
10-25 21:52:04.782 3099 4094 D libEGL : eglTerminate EGLDisplay = 0x7f8b5c6e78
10-25 21:52:04.782 18958 18958 I InjectionManager: Inside getClassLibPath caller
10-25 21:52:04.792 3099 3099 I SurfaceFlinger: id=898 createSurf (2880x2560),-1 flag=20004, ClackSurfac
10-25 21:52:04.792 3099 3099 I SurfaceFlinger: id=899 createSurf (1440x5120),-1 flag=20004, ClackSurfac
10-25 21:52:04.792 3099 3099 I SurfaceFlinger: id=900 createSurf (2880x2560),-1 flag=20004, ClackSurfac
10-25 21:52:04.792 18958 18958 D InjectionManager: InjectionManager
10-25 21:52:04.792 18958 18958 D InjectionManager: fillFeatureStoreMap com.foo.ProductName
10-25 21:52:04.792 3099 3099 I SurfaceFlinger: id=901 createSurf (1440x5120),-1 flag=20004, ClackSurfac
10-25 21:52:04.792 18958 18958 I InjectionManager: Constructor com.foo.ProductName, Feature store :{}
10-25 21:52:04.792 18958 18958 I InjectionManager: featureStore :{}
10-25 21:52:04.792 3520 3598 D InputDispatcher: setInputDispatchMode: enabled=1, frozen=0
10-25 21:52:04.792 3520 4017 I InputDispatcher: Dropping event because there is no touchable window at (592, 1153).
10-25 21:52:04.792 3099 3289 I SurfaceFlinger: id=896 Removed NonoActivit (11/26)
10-25 21:52:04.792 3099 4634 I SurfaceFlinger: id=896 Removed NonoActivit (-2/26)
10-25 21:52:04.792 3099 3099 D libEGL : eglTerminate EGLDisplay = 0x7fc6961268
10-25 21:52:04.792 3099 3099 D libEGL : eglTerminate EGLDisplay = 0x7fc6961268
10-25 21:52:04.822 3520 4018 I InputReader: VRKeyboardInputMapper::process
10-25 21:52:04.822 3520 4018 D InputReader: Input event(50): value=1 when=84965918049000
10-25 21:52:04.822 3520 4018 I InputReader: VRKeyboardInputMapper::process
10-25 21:52:04.822 3520 4018 I InputReader: VRKeyboardInputMapper::process
10-25 21:52:04.822 3520 4018 E InputReader: Undefined HMT TA event, not broadcasting
10-25 21:52:04.822 3520 4018 D InputReader: TA Event -1 sent
10-25 21:52:04.832 18958 18958 D Activity: performCreate Call Injection manager
10-25 21:52:04.832 18958 18958 I InjectionManager: dispatchOnViewCreated > Target : com.unity3d.player.UnityPlayerActivity isFragment :false
10-25 21:52:04.842 18958 18958 D ViewRootImpl: #1 mView = com.android.internal.policy.PhoneWindow$DecorView{7010b77 I.E...... R.....ID 0,0-0,0}
10-25 21:52:04.842 3520 4750 D ISSUE_DEBUG: InputChannelName : bbd8ef1 com.foo.ProductName/com.unity3d.player.UnityPlayerActivity
10-25 21:52:04.842 3520 4167 D ActivityManager: post active user change for 0 fullscreen true isFloatingActivity() false isHomeActivity() false
10-25 21:52:04.842 3520 4167 D KnoxTimeoutHandler: postActiveUserChange [MsgParam] userId: 0 fullscreen is true showWhenlocked is false
10-25 21:52:04.842 3520 3520 D KnoxTimeoutHandler: handleActiveUserChange [MsgParam] userId: 0 fullscreen is true showWhenlocked is false
10-25 21:52:04.842 3520 3520 I KnoxTimeoutHandler: Shared devices show user statefalse
10-25 21:52:04.852 3099 3099 I SurfaceFlinger: id=902 createSurf (1x1),1 flag=4, VnityPlayer
10-25 21:52:04.852 3520 4018 I InputReader: VRKeyboardInputMapper::process
10-25 21:52:04.852 3520 4018 D InputReader: Input event(50): value=0 when=84965942058000
10-25 21:52:04.852 3520 4018 I InputReader: VRKeyboardInputMapper::process
10-25 21:52:04.852 3520 4018 V InputManager: notifyVRTAEventChanged event=1
10-25 21:52:04.852 3520 4018 D InputReader: TA Event 1 sent
10-25 21:52:04.852 3520 4018 I InputReader: VRKeyboardInputMapper::process
10-25 21:52:04.852 3520 4018 E InputReader: Undefined HMT TA event, not broadcasting
10-25 21:52:04.852 3520 4018 D InputReader: TA Event 1 sent
10-25 21:52:04.862 3520 4041 D InputDispatcher: Focus entered window: 18958
10-25 21:52:04.862 3520 3598 D PointerIcon: setMouseIconStyle1 pointerType: 1001 iconType:101 flag:0 pid:3520 uid:1000
10-25 21:52:04.862 3520 3598 D PointerIcon: setMouseCustomIcon IconType is same.101
10-25 21:52:04.862 3520 3598 D PointerIcon: setHoveringSpenIconStyle1 pointerType: 10001 iconType:1 flag:0 pid:3520 uid:1000
10-25 21:52:04.862 3520 3598 D PointerIcon: setHoveringSpenCustomIcon IconType is same.1
10-25 21:52:04.862 3520 3598 V InputManager: sendVRTAEventChanged event=1
10-25 21:52:04.862 3970 17522 V VRManagerServer: (VRManagerService.java:1760) QdBd [notifyDeviceEventChanged event=256(100)]
10-25 21:52:04.862 3970 17522 V VRManagerServer: (DeviceEventManager.java:67) wtkw [notifyTAEventChanged event=1]
10-25 21:52:04.862 18319 18319 V VRSVC : (HmtService.java:50) onStartCommand [onStartCommand() flags=0 startId=5 sys.hmt.connected=true]
10-25 21:52:04.862 18319 18897 V VRSVC : (HmtService.java:112) yTqX [onHandleIntent action=com.samsung.intent.action.HMT_TA_EVENT]
10-25 21:52:04.872 3099 3099 I SurfaceFlinger: id=903 createSurf (2560x1440),2 flag=404, TurfaceView
10-25 21:52:04.872 3520 4533 V WindowStateAnimator: Finishing drawing window Window{31ab157 u0 d0 SurfaceView}: mDrawState=DRAW_PENDING
10-25 21:52:04.872 18319 18897 D VRSVC : (HmtService.java:190) yTqX [handleIntentTA type=1 docked=true]
10-25 21:52:04.872 18319 18897 V VRSVC : (HmtDeviceEventManager.java:109) wtkw [OnDeviceEvent onTAEvent start.]
10-25 21:52:04.872 18319 18898 V VRSVC : (TAEvent.java:67) QdBd [[TA] handleIntentTA type=1 sys.hmt.connected=true taAttachedMoreThanOnce=false]
10-25 21:52:04.872 18319 18901 D VRSVC : (LogEvent.java:121) wtkw [OnDeviceEvent onTAEvent type=1 topActivity=com.foo.ProductName/com.unity3d.player.UnityPlayerActivity hmtConnected=true]
10-25 21:52:04.872 18319 18898 V VRSVC : (TAEvent.java:126) bcjL [[TA] TA was not connected. So ignore TADisconnected intent]
10-25 21:52:04.872 18319 18897 V VRSVC : (HmtDeviceEventManager.java:101) wtkw [OnDeviceEvent onTAEvent finished. elapsedTime=3]
10-25 21:52:04.872 3520 4928 V WindowStateAnimator: Finishing drawing window Window{31ab157 u0 d0 SurfaceView}: mDrawState=READY_TO_SHOW
10-25 21:52:04.882 18319 18319 D VRSVC : (MonoManager.java:37) wtkw [dismissMonoForeground]
10-25 21:52:04.882 3099 4094 D libEGL : eglTerminate EGLDisplay = 0x7f8b5c6e78
10-25 21:52:04.882 18319 18319 D ViewRootImpl: #3 mView = null
10-25 21:52:04.902 3520 4604 V WindowStateAnimator: Finishing drawing window Window{bbd8ef1 u0 d0 com.foo.ProductName/com.unity3d.player.UnityPlayerActivity}: mDrawState=DRAW_PENDING
10-25 21:52:04.902 18958 18958 D ViewRootImpl: MSG_RESIZED_REPORT: ci=Rect(0, 0 - 0, 0) vi=Rect(0, 0 - 0, 0) or=2
10-25 21:52:04.902 3520 4925 D InputMethodManagerService: windowGainedFocus mCurrentFocusedUserId - 0 and mSecureKeypadEnabled-false
10-25 21:52:04.902 3520 3598 D KnoxTimeoutHandler: notifyActivityDrawn [MsgParam] userId: 0 fullscreen is true showWhenlocked is false
10-25 21:52:04.902 3520 3520 D KnoxTimeoutHandler: activityDrawn [MsgParam] userId: 0 fullscreen is true showWhenlocked is false
10-25 21:52:04.902 3520 3598 I ActivityManager: Displayed com.foo.ProductName/com.unity3d.player.UnityPlayerActivity: +164ms (total +796ms)
10-25 21:52:04.902 3520 3598 I Timeline: Timeline: Activity_windows_visible id: ActivityRecord{ae34702 u0 com.foo.ProductName/com.unity3d.player.UnityPlayerActivity t716} time:84965995
10-25 21:52:04.902 3520 3598 D ViewRootImpl: #3 mView = null
10-25 21:52:04.902 3520 3520 I KnoxTimeoutHandler: SD activityfalse
10-25 21:52:04.902 13979 13979 D SamsungIME: IMPL finishInput
10-25 21:52:04.902 13979 13979 D SamsungIME: SwiftKeyWrapper writeDBdataToFileOnFinishInput
10-25 21:52:04.902 13979 13979 D SamsungIME: saveAndClear +
10-25 21:52:04.902 13979 13979 D SamsungIME: saveAndClear -
10-25 21:52:04.902 3520 3598 D KnoxTimeoutHandler: notifyActivityDrawn [MsgParam] userId: 0 fullscreen is true showWhenlocked is true
10-25 21:52:04.902 13979 13979 D SamsungIME: onStartInput: No inputType, No imeOption, isInputViewShown = false, isExtractViewShown = false, isShowInputRequested = false, isConfigChanged = false
10-25 21:52:04.902 3520 3520 D KnoxTimeoutHandler: activityDrawn [MsgParam] userId: 0 fullscreen is true showWhenlocked is true
10-25 21:52:04.902 3520 3520 I KnoxTimeoutHandler: SD activityfalse
10-25 21:52:04.912 3099 3099 D libEGL : eglInitialize EGLDisplay = 0x7fc6961138
10-25 21:52:04.912 3126 3677 I APM::AudioPolicyManager: stopOutput() output 4, stream 3, session 534
10-25 21:52:04.912 3520 4534 V WindowStateAnimator: Finishing drawing window Window{bbd8ef1 u0 d0 com.foo.ProductName/com.unity3d.player.UnityPlayerActivity}: mDrawState=HAS_DRAWN
10-25 21:52:04.912 3520 3598 D KnoxTimeoutHandler: notifyActivityDrawn [MsgParam] userId: 0 fullscreen is true showWhenlocked is true
10-25 21:52:04.912 3520 3520 D KnoxTimeoutHandler: activityDrawn [MsgParam] userId: 0 fullscreen is true showWhenlocked is true
10-25 21:52:04.912 3520 3520 I KnoxTimeoutHandler: SD activityfalse
10-25 21:52:04.932 3520 5770 D KnoxTimeoutHandler: notifyActivityDrawn [MsgParam] userId: 0 fullscreen is true showWhenlocked is true
10-25 21:52:04.932 3520 3520 D KnoxTimeoutHandler: activityDrawn [MsgParam] userId: 0 fullscreen is true showWhenlocked is true
10-25 21:52:04.932 3520 3520 I KnoxTimeoutHandler: SD activityfalse
10-25 21:52:04.932 18958 18958 I Timeline: Timeline: Activity_idle id: android.os.BinderProxy@7455395 time:84966023
10-25 21:52:04.932 18319 18319 V VRSVC : (MonoActivity.java:207) onSaveInstanceState [onSaveInstanceState()]
10-25 21:52:04.932 18319 18319 V VRSVC : (MonoActivity.java:269) onStop [onStop()]
10-25 21:52:04.932 18319 18319 V VRSVC : (WaitActivity.java:306) onDestroy [onDestroy() isDestroyed=true isFinishing=true]
10-25 21:52:04.932 18319 18319 D ViewRootImpl: #3 mView = null
10-25 21:52:04.932 3520 4928 D KnoxTimeoutHandler: notifyActivityDrawn [MsgParam] userId: 0 fullscreen is true showWhenlocked is true
10-25 21:52:04.932 3520 3520 D KnoxTimeoutHandler: activityDrawn [MsgParam] userId: 0 fullscreen is true showWhenlocked is true
10-25 21:52:04.932 3520 3520 I KnoxTimeoutHandler: SD activityfalse
10-25 21:52:04.962 18958 18971 E Unity : Unable to find AudioPluginOculusSpatializer
10-25 21:52:04.982 18958 18971 D libEGL : loaded /vendor/lib/egl/libGLES_mali.so
10-25 21:52:04.992 18958 18971 D libEGL : eglInitialize EGLDisplay = 0xeec6b33c
10-25 21:52:04.992 18958 18971 D : ro.exynos.dss isEnabled: 0
10-25 21:52:04.992 18958 18971 D libEGL : eglInitialize EGLDisplay = 0xeec6b304
10-25 21:52:04.992 18958 18971 D libEGL : eglInitialize EGLDisplay = 0xeec6b2e4
10-25 21:52:04.992 18958 18971 D : ro.exynos.dss isEnabled: 0
10-25 21:52:04.992 18958 18971 D : ro.exynos.dss isEnabled: 0
10-25 21:52:05.002 18958 18971 D Unity : GL_EXT_debug_marker GL_ARM_rgba8 GL_ARM_mali_shader_binary GL_OES_depth24 GL_OES_depth_texture GL_OES_depth_texture_cube_map GL_OES_packed_depth_stencil GL_OES_rgb8_rgba8 GL_EXT_read_format_bgra GL_OES_compressed_paletted_texture GL_OES_compressed_ETC1_RGB8_texture GL_OES_standard_derivatives GL_OES_EGL_image GL_OES_EGL_image_external GL_OES_EGL_sync GL_OES_texture_npot GL_OES_vertex_half_float GL_OES_required_internalformat GL_OES_vertex_array_object GL_OES_mapbuffer GL_EXT_texture_format_BGRA8888 GL_EXT_texture_rg GL_EXT_texture_type_2_10_10_10_REV GL_OES_fbo_render_mipmap GL_OES_element_index_uint GL_EXT_shadow_samplers GL_OES_texture_compression_astc GL_KHR_texture_compression_astc_ldr GL_KHR_texture_compression_astc_hdr GL_KHR_debug GL_EXT_occlusion_query_boolean GL_EXT_disjoint_timer_query GL_EXT_blend_minmax GL_EXT_discard_framebuffer GL_OES_get_program_binary GL_OES_texture_3D GL_EXT_texture_storage GL_EXT_multisampled_render_to_texture GL_OES_surfaceless_context GL_OES_texture_stencil8 GL_EXT_shade
10-25 21:52:05.002 18958 18971 D Unity : r_pixel_local_storage GL_ARM_shader_framebuffer_fetch GL_ARM_shader_framebuffer_fetch_depth_stencil GL_ARM_mali_program_binary GL_EXT_sRGB GL_EXT_sRGB_write_control GL_EXT_texture_sRGB_decode GL_KHR_blend_equation_advanced GL_KHR_blend_equation_advanced_coherent GL_OES_texture_storage_multisample_2d_array GL_OES_shader_image_atomic GL_EXT_robustness GL_EXT_draw_buffers_indexed GL_OES_draw_buffers_indexed GL_EXT_texture_border_clamp GL_OES_texture_border_clamp GL_EXT_texture_cube_map_array GL_OES_texture_cube_map_array GL_OES_sample_variables GL_OES_sample_shading GL_OES_shader_multisample_interpolation GL_EXT_shader_io_blocks GL_OES_shader_io_blocks GL_EXT_tessellation_shader GL_OES_tessellation_shader GL_EXT_primitive_bounding_box GL_OES_primitive_bounding_box GL_EXT_geometry_shader GL_OES_geometry_shader GL_ANDROID_extension_pack_es31a GL_EXT_gpu_shader5 GL_OES_gpu_shader5 GL_EXT_texture_buffer GL_OES_texture_buffer GL_EXT_copy_image GL_OES_copy_image GL_EXT_color_buffer_half_float GL_EXT_color_buffer_floa
10-25 21:52:05.002 18958 18971 D Unity : t GL_OVR_multiview GL_OVR_multiview2 GL_OVR_multiview_multisampled_render_to_texture
10-25 21:52:05.012 3520 3542 D KnoxTimeoutHandler: notifyActivityDrawn [MsgParam] userId: 0 fullscreen is true showWhenlocked is true
10-25 21:52:05.012 3520 3520 D KnoxTimeoutHandler: activityDrawn [MsgParam] userId: 0 fullscreen is true showWhenlocked is true
10-25 21:52:05.012 3520 3520 I KnoxTimeoutHandler: SD activityfalse
10-25 21:52:05.012 3520 3542 D KnoxTimeoutHandler: notifyActivityDrawn [MsgParam] userId: 0 fullscreen is true showWhenlocked is true
10-25 21:52:05.012 3520 3520 D KnoxTimeoutHandler: activityDrawn [MsgParam] userId: 0 fullscreen is true showWhenlocked is true
10-25 21:52:05.012 4130 4130 D PhoneStatusBar: setSystemUiVisibility vis=9706 mask=ffffffff oldVal=8000 newVal=9706 diff=1706
10-25 21:52:05.012 3520 3520 I KnoxTimeoutHandler: SD activityfalse
10-25 21:52:05.022 18958 18971 D libGLESv2: DTS_GLAPI : DTS is not allowed for Package : com.foo.ProductName
10-25 21:52:05.042 18319 18949 V VRSVC : (HmtSensorEvent.java:134) tWfk [handleMessageSendProximity send setProximity complete. initialized.]
10-25 21:52:05.052 3126 3802 W AudioPolicyIntefaceImpl: Skipped to add effects on session 535
10-25 21:52:05.052 3126 3802 I APM::AudioPolicyManager: startOutput() output 4, stream 3, session 535
10-25 21:52:05.052 3126 3796 D audio_hw_primary: out_set_parameters: enter: kvpairs: routing=2
10-25 21:52:05.052 3126 3796 I audio_hw_primary: out_set_parameters adev->out_device:2
10-25 21:52:05.052 3126 3796 V audio_hw_primary: select_devices output_scenario:0 input_scenario:-1 out_snd_device 0x2 in_snd_device:0x0
10-25 21:52:05.052 3126 3796 I audio_hw_primary: select_devices - do not update mixer_path
10-25 21:52:05.052 3126 3796 D AudioFlinger: setCurDevice() 0x2
10-25 21:52:05.052 18958 18971 W libc : pthread_create sched_setscheduler call failed: Operation not permitted
10-25 21:52:05.062 18958 18971 W libc : pthread_create sched_setscheduler call failed: Operation not permitted
10-25 21:52:05.092 3520 3598 D KnoxTimeoutHandler: notifyActivityDrawn [MsgParam] userId: 0 fullscreen is true showWhenlocked is true
10-25 21:52:05.092 3520 3520 D KnoxTimeoutHandler: activityDrawn [MsgParam] userId: 0 fullscreen is true showWhenlocked is true
10-25 21:52:05.092 3520 3520 I KnoxTimeoutHandler: SD activityfalse
10-25 21:52:05.092 3099 3287 I SurfaceFlinger: id=897 Removed QroductName (4/27)
10-25 21:52:05.102 3099 4634 I SurfaceFlinger: id=897 Removed QroductName (-2/27)
10-25 21:52:05.102 3520 3598 D KnoxTimeoutHandler: notifyActivityDrawn [MsgParam] userId: 0 fullscreen is true showWhenlocked is true
10-25 21:52:05.102 3520 3520 D KnoxTimeoutHandler: activityDrawn [MsgParam] userId: 0 fullscreen is true showWhenlocked is true
10-25 21:52:05.102 3520 3520 I KnoxTimeoutHandler: SD activityfalse
10-25 21:52:05.112 3099 3099 D libEGL : eglTerminate EGLDisplay = 0x7fc6961268
10-25 21:52:05.222 3099 4094 I SurfaceFlinger: id=895 Removed TcreenshotS (22/26)
10-25 21:52:05.222 3099 4634 I SurfaceFlinger: id=895 Removed TcreenshotS (-2/26)
10-25 21:52:05.232 3099 3287 I SurfaceFlinger: id=898 Removed ClackSurfac (22/25)
10-25 21:52:05.232 3099 4021 I SurfaceFlinger: id=899 Removed ClackSurfac (22/24)
10-25 21:52:05.232 3099 4094 I SurfaceFlinger: id=898 Removed ClackSurfac (-2/24)
10-25 21:52:05.232 3099 4634 I SurfaceFlinger: id=900 Removed ClackSurfac (22/23)
10-25 21:52:05.232 3099 4634 I SurfaceFlinger: id=899 Removed ClackSurfac (-2/23)
10-25 21:52:05.232 3099 4021 I SurfaceFlinger: id=900 Removed ClackSurfac (-2/23)
10-25 21:52:05.232 3099 3289 I SurfaceFlinger: id=901 Removed ClackSurfac (22/22)
10-25 21:52:05.232 3099 4094 I SurfaceFlinger: id=901 Removed ClackSurfac (-2/22)
10-25 21:52:05.232 3520 3598 D KnoxTimeoutHandler: notifyActivityDrawn [MsgParam] userId: 0 fullscreen is true showWhenlocked is true
10-25 21:52:05.232 3520 3520 D KnoxTimeoutHandler: activityDrawn [MsgParam] userId: 0 fullscreen is true showWhenlocked is true
10-25 21:52:05.232 3520 3520 I KnoxTimeoutHandler: SD activityfalse
10-25 21:52:05.242 3099 3099 D libEGL : eglTerminate EGLDisplay = 0x7fc6961238
10-25 21:52:05.262 3520 3543 E SensorService: getSensorList a sensor (HRM Ambient Light Canceling) without holding its required permission: com.samsung.permission.HRM_EXT
10-25 21:52:05.262 3520 3543 I SensorService: Skipped sensor HRM Ambient Light Canceling because it requires permission com.samsung.permission.HRM_EXT and app op -1
10-25 21:52:05.262 3520 3543 E SensorService: getSensorList a sensor (HRM Proximity detecting) without holding its required permission: com.samsung.permission.HRM_EXT
10-25 21:52:05.262 3520 3543 I SensorService: Skipped sensor HRM Proximity detecting because it requires permission com.samsung.permission.HRM_EXT and app op -1
10-25 21:52:05.262 3520 3543 W ServiceManager: Permission failure: android.permission.BODY_SENSORS from uid=10273 pid=18958
10-25 21:52:05.262 3520 3543 E SensorService: getSensorList a sensor (HRMLED IR) without holding its required permission: android.permission.BODY_SENSORS
10-25 21:52:05.262 3520 3543 I SensorService: Skipped sensor HRMLED IR because it requires permission android.permission.BODY_SENSORS and app op 56
10-25 21:52:05.262 3520 3543 W ServiceManager: Permission failure: android.permission.BODY_SENSORS from uid=10273 pid=18958
10-25 21:52:05.262 3520 3543 E SensorService: getSensorList a sensor (HRMLED RED) without holding its required permission: android.permission.BODY_SENSORS
10-25 21:52:05.262 3520 3543 I SensorService: Skipped sensor HRMLED RED because it requires permission android.permission.BODY_SENSORS and app op 56
10-25 21:52:05.262 3520 3543 E SensorService: getSensorList a sensor (MAX86900) without holding its required permission: com.samsung.permission.SSENSOR
10-25 21:52:05.262 3520 3543 I SensorService: Skipped sensor MAX86900 because it requires permission com.samsung.permission.SSENSOR and app op -1
10-25 21:52:05.262 3520 3543 E SensorService: getSensorList a sensor (HRM Sensor) without holding its required permission: com.samsung.permission.SSENSOR
10-25 21:52:05.262 3520 3543 I SensorService: Skipped sensor HRM Sensor because it requires permission com.samsung.permission.SSENSOR and app op -1
10-25 21:52:05.262 3520 3543 W ServiceManager: Permission failure: android.permission.BODY_SENSORS from uid=10273 pid=18958
10-25 21:52:05.262 3520 3543 E SensorService: getSensorList a sensor (HeartRate Sensor) without holding its required permission: android.permission.BODY_SENSORS
10-25 21:52:05.262 3520 3543 I SensorService: Skipped sensor HeartRate Sensor because it requires permission android.permission.BODY_SENSORS and app op 56
10-25 21:52:05.262 3520 4604 D SensorService: SensorEventConnection::SocketBufferSize, SystemSocketBufferSize - 102400, 2097152
10-25 21:52:05.262 3520 4645 I Sensors : Acc old sensor_state 0, new sensor_state : 1 en : 1
10-25 21:52:05.272 3520 4925 D WifiDisplayAdapter: getWifiDisplayStatusLocked: result=WifiDisplayStatus{featureState=2, scanState=0, activeDisplayState=0, activeDisplay=null, displays=[], sessionInfo=WifiDisplaySessionInfo: Client/Owner: Client GroupId: Passphrase: SessionId: 0 IP Address: , connectedState=-1, networkQoS=0}
10-25 21:52:05.272 3520 4850 D WifiDisplayAdapter: getWifiDisplayStatusLocked: result=WifiDisplayStatus{featureState=2, scanState=0, activeDisplayState=0, activeDisplay=null, displays=[], sessionInfo=WifiDisplaySessionInfo: Client/Owner: Client GroupId: Passphrase: SessionId: 0 IP Address: , connectedState=-1, networkQoS=0}
10-25 21:52:05.282 18958 18971 I OVRPlugin: JNI_OnLoad
10-25 21:52:05.282 3126 19918 W AudioPolicyIntefaceImpl: Skipped to add effects on session 536
10-25 21:52:05.282 3126 19918 I APM::AudioPolicyManager: startOutput() output 4, stream 3, session 536
10-25 21:52:05.282 18958 18971 W libc : pthread_create sched_setscheduler call failed: Operation not permitted
10-25 21:52:05.282 18958 18971 I E:\tw\d45da6eca52cc600\Software\OculusSDK\Integrations\Unity\Releases\si-1: OVR_InitRenderThread()
10-25 21:52:05.282 18958 18971 I SystemActivities: Loading SystemActivitiesReceiver class
10-25 21:52:05.282 18958 18971 I SystemActivities: Loading SystemActivities class
10-25 21:52:05.292 18958 18971 D ProximityReceiver: Registering Oculus System Activity receiver
10-25 21:52:05.292 18958 18971 I Loader : VrApi Loader Version: 1.0.3.1-232046-31326253 Jun 5 2016 18:07:06 Development
10-25 21:52:05.292 18958 18971 I VrApiLoader: Loading com.oculus.systemactivities version 1.10.1-41777333 code 41777333
10-25 21:52:05.292 18958 18971 I InjectionManager: Inside getClassLibPath caller
10-25 21:52:05.292 18958 18971 V VrDriverRouter: Routing VrApi to driver package
10-25 21:52:05.292 18958 18971 I InjectionManager: Inside getClassLibPath caller
10-25 21:52:05.292 18958 18971 V VrDriver: Loading 32-bit VrDriver...
10-25 21:52:05.302 18958 18971 I JniUtils: Using caller's JNIEnv
10-25 21:52:05.302 18958 18971 I VrApi : ----------- vrapi_Initialize ----------
10-25 21:52:05.302 18958 18971 D libEGL : eglInitialize EGLDisplay = 0xeec6addc
10-25 21:52:05.302 18958 18971 I JniUtils: Using caller's JNIEnv
10-25 21:52:05.302 18958 18971 D VrApi : onInitialize
10-25 21:52:05.302 18958 18971 D ScreenCaptureReceiver: startReceiver
10-25 21:52:05.312 18958 18971 D VrApi : VrApi::getScenario: 1
10-25 21:52:05.312 18958 18971 D LoggingService: Binding to logging service
10-25 21:52:05.312 18958 18971 D LoggingService: Logging Package version: 2.19.4
10-25 21:52:05.322 19034 19034 E Zygote : v2
10-25 21:52:05.322 19034 19034 I SELinux : Function: selinux_compare_spd_ram, index[1], SPD-policy is existed. and_ver=SEPF_SECMOBILE_6.0.1 ver=11
10-25 21:52:05.322 19034 19034 W SELinux : Function: selinux_compare_spd_ram, index[1], priority [2], priority version is VE=SEPF_SECMOBILE_6.0.1_0013
10-25 21:52:05.322 19034 19034 E Zygote : accessInfo : 0
10-25 21:52:05.322 19034 19034 W SELinux : SELinux: seapp_context_lookup: seinfo=default, level=s0:c512,c768, pkgname=com.oculus.horizon
10-25 21:52:05.322 18958 18971 I LocalPreferences: ovr_InitLocalPreferences devmode=false
10-25 21:52:05.322 18958 18971 D VrApi : hasVrPermissions
10-25 21:52:05.332 18958 18971 D VrApi : getDeviceProperty: device_model
10-25 21:52:05.332 19034 19034 D TimaKeyStoreProvider: TimaSignature is unavailable
10-25 21:52:05.332 19034 19034 D ActivityThread: Added TimaKeyStore provider
10-25 21:52:05.342 18958 18971 D VrApi : getVrHelperProperty: hmt_device_model: SM-R322
10-25 21:52:05.342 18958 18971 D VrApi : getDeviceProperty: replace_samsung
10-25 21:52:05.342 19034 19034 I InjectionManager: Inside getClassLibPath + mLibMap{0=, 1=}
10-25 21:52:05.342 3126 3677 I APM::AudioPolicyManager: stopOutput() output 4, stream 3, session 535
10-25 21:52:05.352 18958 18971 D VrApi : VrApi::getScenario: 1
10-25 21:52:05.352 19034 19034 I InjectionManager: Inside getClassLibPath caller
10-25 21:52:05.352 18958 18971 D VrApi : getDeviceProperty: device_gpu
10-25 21:52:05.352 18958 18971 D VrApi : getDeviceProperty: device_support_sdcard_path
10-25 21:52:05.352 3970 3999 V VRManagerServer: (VRManagerService.java:1469) AmLH [subSystemfuse path=/storage/emulated/0 state=mounted]
10-25 21:52:05.352 3970 3999 V VRManagerServer: (VRManagerService.java:1469) AmLH [subSystemprivate path=/storage/Private state=unmounted]
10-25 21:52:05.352 18958 18971 D VRManagerGearVR: Property Type device_support_sdcard_path is not supported.
10-25 21:52:05.352 18319 18934 D VRSVC : (DistortionFileProvider.java:70) openAssetFile [Uri=content://com.samsung.android.hmt.vrsvc.distortion mode=r model=SM-R322]
10-25 21:52:05.362 18319 18934 V VRSVC : (DistortionFileManager.java:104) wtkw [vr model=SM-R322 device=SM-G928T distortion=distortion/distortion_R322_G928.bin]
10-25 21:52:05.362 18319 18934 V VRSVC : (DistortionFileManager.java:54) yTqX [fileName=distortion/distortion_R322_G928.bin]
10-25 21:52:05.362 18319 18934 V VRSVC : (DistortionFileManager.java:140) yTqX [copyAssetToFile.. assetPath=distortion/distortion_R322_G928.bin file=/data/user/0/com.samsung.android.hmt.vrsvc/cache/distortion/distortion_R322_G928.bin overWrite=true]
10-25 21:52:05.362 18319 18934 V VRSVC : (DistortionFileManager.java:145) yTqX [delete /data/user/0/com.samsung.android.hmt.vrsvc/cache/distortion/distortion_R322_G928.bin]
10-25 21:52:05.362 19034 19034 V fb-UnpackingSoSource: locked dso store /data/user/0/com.oculus.horizon/lib-main
10-25 21:52:05.362 19034 19034 I fb-UnpackingSoSource: dso store is up-to-date: /data/user/0/com.oculus.horizon/lib-main
10-25 21:52:05.362 19034 19034 V fb-UnpackingSoSource: releasing dso store lock for /data/user/0/com.oculus.horizon/lib-main
10-25 21:52:05.362 18958 18971 I Distortion: Loaded distortion file from VRSVC
10-25 21:52:05.362 18958 18971 I Distortion: ovrDistortionMeshHeader::magic = 0x56347806
10-25 21:52:05.362 18958 18971 I Distortion: ovrDistortionMeshHeader::deviceModel = 0x472D4D53
10-25 21:52:05.362 18958 18971 I Distortion: ovrDistortionMeshHeader::headsetModel = 0x0
10-25 21:52:05.362 18958 18971 I Distortion: ovrDistortionMeshHeader::eyeBlocksWide = 32
10-25 21:52:05.362 18958 18971 I Distortion: ovrDistortionMeshHeader::eyeBlocksHigh = 32
10-25 21:52:05.362 18958 18971 I Distortion: ovrDistortionMeshHeader::lensSeparationMeters = 0.063000
10-25 21:52:05.362 18958 18971 I Distortion: ovrDistortionMeshHeader::horizontalOffsetMeters = 0.000000
10-25 21:52:05.362 18958 18971 I Distortion: ovrDistortionMeshHeader::displayWidthMeters = 0.125000
10-25 21:52:05.362 18958 18971 I Distortion: ovrDistortionMeshHeader::displayHeightMeters = 0.070700
10-25 21:52:05.362 18958 18971 I Distortion: ovrDistortionMeshHeader::displayWidthPixels = 2560
10-25 21:52:05.362 18958 18971 I Distortion: ovrDistortionMeshHeader::displayHeightPixels = 1440
10-25 21:52:05.362 18958 18971 I Distortion: ovrDistortionMeshHeader::eyeTextureWidthPixels = 1024
10-25 21:52:05.362 18958 18971 I Distortion: ovrDistortionMeshHeader::eyeTextureHeightPixels = 1024
10-25 21:52:05.362 18958 18971 I Distortion: ovrDistortionMeshHeader::eyeTextureFovDegreesX = 90
10-25 21:52:05.362 18958 18971 I Distortion: ovrDistortionMeshHeader::eyeTextureFovDegreesY = 90
10-25 21:52:05.362 18958 18971 I E:\tw\d45da6eca52cc600\Software\OculusSDK\Integrations\Unity\Releases\si-1: GL_EXTENSIONS:
10-25 21:52:05.362 18958 18971 I E:\tw\d45da6eca52cc600\Software\OculusSDK\Integrations\Unity\Releases\si-1: GL_EXT_debug_marker
10-25 21:52:05.362 18958 18971 I E:\tw\d45da6eca52cc600\Software\OculusSDK\Integrations\Unity\Releases\si-1: GL_ARM_rgba8
10-25 21:52:05.362 18958 18971 I E:\tw\d45da6eca52cc600\Software\OculusSDK\Integrations\Unity\Releases\si-1: GL_ARM_mali_shader_binary
10-25 21:52:05.362 18958 18971 I E:\tw\d45da6eca52cc600\Software\OculusSDK\Integrations\Unity\Releases\si-1: GL_OES_depth24
10-25 21:52:05.362 18958 18971 I E:\tw\d45da6eca52cc600\Software\OculusSDK\Integrations\Unity\Releases\si-1: GL_OES_depth_texture
10-25 21:52:05.362 18958 18971 I E:\tw\d45da6eca52cc600\Software\OculusSDK\Integrations\Unity\Releases\si-1: GL_OES_depth_texture_cube_map
10-25 21:52:05.362 18958 18971 I E:\tw\d45da6eca52cc600\Software\OculusSDK\Integrations\Unity\Releases\si-1: GL_OES_packed_depth_stencil
10-25 21:52:05.362 18958 18971 I E:\tw\d45da6eca52cc600\Software\OculusSDK\Integrations\Unity\Releases\si-1: GL_OES_rgb8_rgba8
10-25 21:52:05.362 18958 18971 I E:\tw\d45da6eca52cc600\Software\OculusSDK\Integrations\Unity\Releases\si-1: GL_EXT_read_format_bgra
10-25 21:52:05.362 18958 18971 I E:\tw\d45da6eca52cc600\Software\OculusSDK\Integrations\Unity\Releases\si-1: GL_OES_compressed_paletted_texture
10-25 21:52:05.362 18958 18971 I E:\tw\d45da6eca52cc600\Software\OculusSDK\Integrations\Unity\Releases\si-1: GL_OES_compressed_ETC1_RGB8_texture
10-25 21:52:05.362 18958 18971 I E:\tw\d45da6eca52cc600\Software\OculusSDK\Integrations\Unity\Releases\si-1: GL_OES_standard_derivatives
10-25 21:52:05.362 18958 18971 I E:\tw\d45da6eca52cc600\Software\OculusSDK\Integrations\Unity\Releases\si-1: GL_OES_EGL_image
10-25 21:52:05.362 18958 18971 I E:\tw\d45da6eca52cc600\Software\OculusSDK\Integrations\Unity\Releases\si-1: GL_OES_EGL_image_external
10-25 21:52:05.362 18958 18971 I E:\tw\d45da6eca52cc600\Software\OculusSDK\Integrations\Unity\Releases\si-1: GL_OES_EGL_sync
10-25 21:52:05.362 18958 18971 I E:\tw\d45da6eca52cc600\Software\OculusSDK\Integrations\Unity\Releases\si-1: GL_OES_texture_npot
10-25 21:52:05.362 18958 18971 I E:\tw\d45da6eca52cc600\Software\OculusSDK\Integrations\Unity\Releases\si-1: GL_OES_vertex_half_float
10-25 21:52:05.362 18958 18971 I E:\tw\d45da6eca52cc600\Software\OculusSDK\Integrations\Unity\Releases\si-1: GL_OES_required_internalformat
10-25 21:52:05.362 18958 18971 I E:\tw\d45da6eca52cc600\Software\OculusSDK\Integrations\Unity\Releases\si-1: GL_OES_vertex_array_object
10-25 21:52:05.362 18958 18971 I E:\tw\d45da6eca52cc600\Software\OculusSDK\Integrations\Unity\Releases\si-1: GL_OES_mapbuffer
10-25 21:52:05.362 18958 18971 I E:\tw\d45da6eca52cc600\Software\OculusSDK\Integrations\Unity\Releases\si-1: GL_EXT_texture_format_BGRA8888
10-25 21:52:05.362 18958 18971 I E:\tw\d45da6eca52cc600\Software\OculusSDK\Integrations\Unity\Releases\si-1: GL_EXT_texture_rg
10-25 21:52:05.362 18958 18971 I E:\tw\d45da6eca52cc600\Software\OculusSDK\Integrations\Unity\Releases\si-1: GL_EXT_texture_type_2_10_10_10_REV
10-25 21:52:05.362 18958 18971 I E:\tw\d45da6eca52cc600\Software\OculusSDK\Integrations\Unity\Releases\si-1: GL_OES_fbo_render_mipmap
10-25 21:52:05.362 18958 18971 I E:\tw\d45da6eca52cc600\Software\OculusSDK\Integrations\Unity\Releases\si-1: GL_OES_element_index_uint
10-25 21:52:05.362 18958 18971 I E:\tw\d45da6eca52cc600\Software\OculusSDK\Integrations\Unity\Releases\si-1: GL_EXT_shadow_samplers
10-25 21:52:05.362 18958 18971 I E:\tw\d45da6eca52cc600\Software\OculusSDK\Integrations\Unity\Releases\si-1: GL_OES_texture_compression_astc
10-25 21:52:05.362 18958 18971 I E:\tw\d45da6eca52cc600\Software\OculusSDK\Integrations\Unity\Releases\si-1: GL_KHR_texture_compression_astc_ldr
10-25 21:52:05.362 18958 18971 I E:\tw\d45da6eca52cc600\Software\OculusSDK\Integrations\Unity\Releases\si-1: GL_KHR_texture_compression_astc_hdr
10-25 21:52:05.362 18958 18971 I E:\tw\d45da6eca52cc600\Software\OculusSDK\Integrations\Unity\Releases\si-1: GL_KHR_debug
10-25 21:52:05.362 18958 18971 I E:\tw\d45da6eca52cc600\Software\OculusSDK\Integrations\Unity\Releases\si-1: GL_EXT_occlusion_query_boolean
10-25 21:52:05.362 18958 18971 I E:\tw\d45da6eca52cc600\Software\OculusSDK\Integrations\Unity\Releases\si-1: GL_EXT_disjoint_timer_query
10-25 21:52:05.362 18958 18971 I E:\tw\d45da6eca52cc600\Software\OculusSDK\Integrations\Unity\Releases\si-1: GL_EXT_blend_minmax
10-25 21:52:05.362 18958 18971 I E:\tw\d45da6eca52cc600\Software\OculusSDK\Integrations\Unity\Releases\si-1: GL_EXT_discard_framebuffer
10-25 21:52:05.362 18958 18971 I E:\tw\d45da6eca52cc600\Software\OculusSDK\Integrations\Unity\Releases\si-1: GL_OES_get_program_binary
10-25 21:52:05.362 18958 18971 I E:\tw\d45da6eca52cc600\Software\OculusSDK\Integrations\Unity\Releases\si-1: GL_OES_texture_3D
10-25 21:52:05.362 18958 18971 I E:\tw\d45da6eca52cc600\Software\OculusSDK\Integrations\Unity\Releases\si-1: GL_EXT_texture_storage
10-25 21:52:05.362 18958 18971 I E:\tw\d45da6eca52cc600\Software\OculusSDK\Integrations\Unity\Releases\si-1: GL_EXT_multisampled_render_to_texture
10-25 21:52:05.362 18958 18971 I E:\tw\d45da6eca52cc600\Software\OculusSDK\Integrations\Unity\Releases\si-1: GL_OES_surfaceless_context
10-25 21:52:05.362 18958 18971 I E:\tw\d45da6eca52cc600\Software\OculusSDK\Integrations\Unity\Releases\si-1: GL_OES_texture_stencil8
10-25 21:52:05.362 18958 18971 I E:\tw\d45da6eca52cc600\Software\OculusSDK\Integrations\Unity\Releases\si-1: GL_EXT_shader_pixel_local_storage
