10-25 21:46:45.832 3126 3126 I ExynosCamera: [CAM_ID(1)][]-INFO(release[1008]): wait m_fastenAeThread
10-25 21:46:45.832 3126 3126 I ExynosCamera: [CAM_ID(1)][]-INFO(release[1010]): wait m_fastenAeThread end
10-25 21:46:45.832 3126 3126 I ExynosCamera: [CAM_ID(1)][]-INFO(m_stopCompanion[18698]): wait m_companionThread
10-25 21:46:45.832 3126 3126 I ExynosCamera: [CAM_ID(1)][]-INFO(m_stopCompanion[18700]): wait m_companionThread end
10-25 21:46:45.832 3126 3126 D ExynosCameraNode: [CAM_ID(1)][companion]-DEBUG(close[269]): close
10-25 21:46:45.832 3126 3126 D ExynosCamera: [CAM_ID(1)][]-DEBUG(m_stopCompanion):Companion Node(109) closed
10-25 21:46:45.832 3126 3126 D ExynosCamera: [CAM_ID(1)][]-DEBUG(m_stopCompanion[18719]):duration time( 0 msec)
10-25 21:46:45.832 3126 3126 D ExynosCameraFrameManager: [CAM_ID(1)][FRAME MANAGER]-stop(736): frameManager already stop!!
10-25 21:46:45.832 3126 3126 I ExynosCamera: [CAM_ID(1)][]-INFO(m_deinitFrameFactory[936]): -IN-
10-25 21:46:45.832 3126 3126 D ExynosCamera: [CAM_ID(1)][]-DEBUG(m_deinitFrameFactory[950]): m_frameFactory index(0) and index(1) are same instance, set index(1) = NULL
10-25 21:46:45.832 3126 3126 I ExynosCameraFrameFactory: [CAM_ID(1)][ExynosCameraFrameFactory3aaIspTpu]-INFO(destroy[51])
10-25 21:46:45.832 3126 3126 D ExynosCameraPipeFlite: [CAM_ID(1)][PIPE_FLITE]-DEBUG(destroy[94])
10-25 21:46:45.832 3126 3126 D ExynosCameraPipeFlite: [CAM_ID(1)]-DEBUG(m_destroyNode[149]): delete g_nodeRefCount[1] : (1)
10-25 21:46:45.832 3126 3126 D ExynosCameraNode: [CAM_ID(1)][FLITE]-DEBUG(close[269]): close
10-25 21:46:45.832 3126 3126 D ExynosCameraPipeFlite: [CAM_ID(1)][PIPE_FLITE]-DEBUG(destroy):Node(CAPTURE_NODE, m_nodeNum : 101, m_sensorIds : 21) closed
10-25 21:46:45.832 3126 3126 I ExynosCameraPipeFlite: [CAM_ID(1)][PIPE_FLITE]-INFO(destroy[119]):destroy() is succeed (0)
10-25 21:46:45.832 3126 3126 D ExynosCameraPipeFlite: [CAM_ID(1)][PIPE_FLITE]-DEBUG(destroy[94])
10-25 21:46:45.832 3126 3126 I ExynosCameraPipeFlite: [CAM_ID(1)][PIPE_FLITE]-INFO(destroy[119]):destroy() is succeed (0)
10-25 21:46:45.832 3126 3126 D ExynosCameraFrameFactory: [CAM_ID(1)][ExynosCameraFrameFactory3aaIspTpu]-DEBUG(destroy):Pipe(0) destroyed
10-25 21:46:45.832 3126 3126 D ExynosCameraMCPipe: [CAM_ID(1)][PIPE_3AA]-DEBUG(destroy[85])
10-25 21:46:45.832 3126 3126 D ExynosCameraNode: [CAM_ID(1)][3AA_PREVIEW]-DEBUG(close[269]): close
10-25 21:46:45.832 3126 3126 D ExynosCameraMCPipe: [CAM_ID(1)][PIPE_3AA]-DEBUG(destroy[107]):Main node(3AA_PREVIEW, sensorIds:1378816) closed
10-25 21:46:45.832 3126 3126 D ExynosCameraNode: [CAM_ID(1)][3AA_CAPTURE]-DEBUG(close[269]): close
10-25 21:46:45.832 3126 3126 D ExynosCameraMCPipe: [CAM_ID(1)][PIPE_3AA]-DEBUG(destroy[107]):Main node(3AA_CAPTURE, sensorIds:1378816) closed
10-25 21:46:45.832 3126 3126 D ExynosCameraNode: [CAM_ID(1)][3AA_OUTPUT]-DEBUG(close[269]): close
10-25 21:46:45.842 3126 3126 D ExynosCameraMCPipe: [CAM_ID(1)][PIPE_3AA]-DEBUG(destroy[107]):Main node(3AA_OUTPUT, sensorIds:1376529) closed
10-25 21:46:45.842 3126 3126 D ExynosCameraMCPipe: [CAM_ID(1)][PIPE_3AA]-DEBUG(destroy[125]):Node destroyed
10-25 21:46:45.842 3126 3126 I ExynosCameraMCPipe: [CAM_ID(1)][PIPE_3AA]-INFO(destroy[137]):destroy() is succeed, Pipe(1)
10-25 21:46:45.842 3126 3126 D ExynosCameraMCPipe: [CAM_ID(1)][PIPE_3AA]-DEBUG(destroy[85])
10-25 21:46:45.842 3126 3126 D ExynosCameraMCPipe: [CAM_ID(1)][PIPE_3AA]-DEBUG(destroy[125]):Node destroyed
10-25 21:46:45.842 3126 3126 I ExynosCameraMCPipe: [CAM_ID(1)][PIPE_3AA]-INFO(destroy[137]):destroy() is succeed, Pipe(1)
10-25 21:46:45.842 3126 3126 D ExynosCameraFrameFactory: [CAM_ID(1)][ExynosCameraFrameFactory3aaIspTpu]-DEBUG(destroy):Pipe(1) destroyed
10-25 21:46:45.842 3126 3126 D ExynosCameraMCPipe: [CAM_ID(1)][PIPE_ISP]-DEBUG(destroy[85])
10-25 21:46:45.842 3126 3126 D ExynosCameraNode: [CAM_ID(1)][SCP_PREVIEW]-DEBUG(close[269]): close
10-25 21:46:45.842 3126 3126 D ExynosCameraMCPipe: [CAM_ID(1)][PIPE_ISP]-DEBUG(destroy[107]):Main node(SCP_PREVIEW, sensorIds:1384464) closed
10-25 21:46:45.842 3126 3126 D ExynosCameraNode: [CAM_ID(1)][ISP_OUTPUT]-DEBUG(close[269]): close
10-25 21:46:45.842 3126 3126 D ExynosCameraMCPipe: [CAM_ID(1)][PIPE_ISP]-DEBUG(destroy[107]):Main node(ISP_OUTPUT, sensorIds:1379328) closed
10-25 21:46:45.842 3126 3126 D ExynosCameraNode: [CAM_ID(1)][ISP_PREVIEW]-DEBUG(close[269]): close
10-25 21:46:45.842 3126 3126 D ExynosCameraMCPipe: [CAM_ID(1)][PIPE_ISP]-DEBUG(destroy[121]):secondary node(ISP_PREVIEW, sensorIds:1383952) closed
10-25 21:46:45.842 3126 3126 D ExynosCameraMCPipe: [CAM_ID(1)][PIPE_ISP]-DEBUG(destroy[125]):Node destroyed
10-25 21:46:45.842 3126 3126 I ExynosCameraMCPipe: [CAM_ID(1)][PIPE_ISP]-INFO(destroy[137]):destroy() is succeed, Pipe(4)
10-25 21:46:45.842 3126 3126 D ExynosCameraMCPipe: [CAM_ID(1)][PIPE_ISP]-DEBUG(destroy[85])
10-25 21:46:45.842 3126 3126 D ExynosCameraMCPipe: [CAM_ID(1)][PIPE_ISP]-DEBUG(destroy[125]):Node destroyed
10-25 21:46:45.842 3126 3126 I ExynosCameraMCPipe: [CAM_ID(1)][PIPE_ISP]-INFO(destroy[137]):destroy() is succeed, Pipe(4)
10-25 21:46:45.842 3126 3126 D ExynosCameraFrameFactory: [CAM_ID(1)][ExynosCameraFrameFactory3aaIspTpu]-DEBUG(destroy):Pipe(4) destroyed
10-25 21:46:45.842 3126 3126 D ExynosCameraMCPipe: [CAM_ID(1)][PIPE_DIS]-DEBUG(destroy[85])
10-25 21:46:45.842 3126 3126 D ExynosCameraNode: [CAM_ID(1)][DIS_OUTPUT]-DEBUG(close[269]): close
10-25 21:46:45.882 3126 3126 D ExynosCameraMCPipe: [CAM_ID(1)][PIPE_DIS]-DEBUG(destroy[121]):secondary node(DIS_OUTPUT, sensorIds:1384464) closed
10-25 21:46:45.882 3126 3126 D ExynosCameraMCPipe: [CAM_ID(1)][PIPE_DIS]-DEBUG(destroy[125]):Node destroyed
10-25 21:46:45.882 3126 3126 I ExynosCameraMCPipe: [CAM_ID(1)][PIPE_DIS]-INFO(destroy[137]):destroy() is succeed, Pipe(-1)
10-25 21:46:45.882 3126 3126 D ExynosCameraMCPipe: [CAM_ID(1)][PIPE_DIS]-DEBUG(destroy[85])
10-25 21:46:45.882 3126 3126 D ExynosCameraMCPipe: [CAM_ID(1)][PIPE_DIS]-DEBUG(destroy[125]):Node destroyed
10-25 21:46:45.882 3126 3126 I ExynosCameraMCPipe: [CAM_ID(1)][PIPE_DIS]-INFO(destroy[137]):destroy() is succeed, Pipe(-1)
10-25 21:46:45.882 3126 3126 D ExynosCameraFrameFactory: [CAM_ID(1)][ExynosCameraFrameFactory3aaIspTpu]-DEBUG(destroy):Pipe(10) destroyed
10-25 21:46:45.882 3126 3126 E libcsc : csc_deinit:: unsupported csc_hw_type
10-25 21:46:45.882 3126 3126 I ExynosCameraPipeGSC: [CAM_ID(1)][PIPE_GSC]-INFO(destroy[64]):destroy() is succeed (12)
10-25 21:46:45.882 3126 3126 I ExynosCameraPipeGSC: [CAM_ID(1)][PIPE_GSC]-INFO(destroy[64]):destroy() is succeed (12)
10-25 21:46:45.882 3126 3126 D ExynosCameraFrameFactory: [CAM_ID(1)][ExynosCameraFrameFactory3aaIspTpu]-DEBUG(destroy):Pipe(12) destroyed
10-25 21:46:45.882 3126 3126 E libcsc : csc_deinit:: unsupported csc_hw_type
10-25 21:46:45.882 3126 3126 I ExynosCameraPipeGSC: [CAM_ID(1)][PIPE_GSC_VIDEO]-INFO(destroy[64]):destroy() is succeed (13)
10-25 21:46:45.882 3126 3126 I ExynosCameraPipeGSC: [CAM_ID(1)][PIPE_GSC_VIDEO]-INFO(destroy[64]):destroy() is succeed (13)
10-25 21:46:45.882 3126 3126 D ExynosCameraFrameFactory: [CAM_ID(1)][ExynosCameraFrameFactory3aaIspTpu]-DEBUG(destroy):Pipe(13) destroyed
10-25 21:46:45.882 3126 3126 D ExynosCameraFrameFactory: [CAM_ID(1)][ExynosCameraFrameFactory3aaIspTpu]-DEBUG(m_setCreate[104]) setCreate old(true) new(false)
10-25 21:46:45.882 3126 3126 I ExynosCameraFrameFactory: [CAM_ID(1)][ExynosCameraFrameFactory3aaIspTpu]-INFO(destroy[51])
10-25 21:46:45.882 3126 3126 D ExynosCameraFrameFactory: [CAM_ID(1)][ExynosCameraFrameFactory3aaIspTpu]-DEBUG(m_setCreate[104]) setCreate old(false) new(false)
10-25 21:46:45.882 3126 3126 I ExynosCameraFrameFactory: [CAM_ID(1)][ExynosCameraFrameFactory3aaIspTpu]-INFO(destroy[51])
10-25 21:46:45.882 3126 3126 D ExynosCameraFrameFactory: [CAM_ID(1)][ExynosCameraFrameFactory3aaIspTpu]-DEBUG(m_setCreate[104]) setCreate old(false) new(false)
10-25 21:46:45.882 3126 3126 I ExynosCameraFrameFactory: [CAM_ID(1)][ExynosCameraFrameFactory3aaIspTpu]-INFO(destroy[51])
10-25 21:46:45.882 3126 3126 D ExynosCameraFrameFactory: [CAM_ID(1)][ExynosCameraFrameFactory3aaIspTpu]-DEBUG(m_setCreate[104]) setCreate old(false) new(false)
10-25 21:46:45.882 3126 3126 D ExynosCamera: [CAM_ID(1)][]-DEBUG(m_deinitFrameFactory[963]):m_frameFactory[0] destroyed
10-25 21:46:45.882 3126 3126 I ExynosCameraFrameFactory: [CAM_ID(1)][ExynosCameraFrameFactory3aaIspOtf]-INFO(destroy[51])
10-25 21:46:45.882 3126 3126 D ExynosCameraFrameFactory: [CAM_ID(1)][ExynosCameraFrameFactory3aaIspOtf]-DEBUG(m_setCreate[104]) setCreate old(false) new(false)
10-25 21:46:45.882 3126 3126 I ExynosCameraFrameFactory: [CAM_ID(1)][ExynosCameraFrameFactory3aaIspOtf]-INFO(destroy[51])
10-25 21:46:45.882 3126 3126 D ExynosCameraFrameFactory: [CAM_ID(1)][ExynosCameraFrameFactory3aaIspOtf]-DEBUG(m_setCreate[104]) setCreate old(false) new(false)
10-25 21:46:45.882 3126 3126 I ExynosCameraFrameFactory: [CAM_ID(1)][ExynosCameraFrameFactory3aaIspOtf]-INFO(destroy[51])
10-25 21:46:45.882 3126 3126 D ExynosCameraFrameFactory: [CAM_ID(1)][ExynosCameraFrameFactory3aaIspOtf]-DEBUG(m_setCreate[104]) setCreate old(false) new(false)
10-25 21:46:45.882 3126 3126 D ExynosCamera: [CAM_ID(1)][]-DEBUG(m_deinitFrameFactory[963]):m_frameFactory[2] destroyed
10-25 21:46:45.882 3126 3126 I ExynosCameraFrameFactory: [CAM_ID(1)][ExynosCameraFrameFactory3aaIspOtfTpu]-INFO(destroy[51])
10-25 21:46:45.882 3126 3126 D ExynosCameraFrameFactory: [CAM_ID(1)][ExynosCameraFrameFactory3aaIspOtfTpu]-DEBUG(m_setCreate[104]) setCreate old(false) new(false)
10-25 21:46:45.882 3126 3126 I ExynosCameraFrameFactory: [CAM_ID(1)][ExynosCameraFrameFactory3aaIspOtfTpu]-INFO(destroy[51])
10-25 21:46:45.882 3126 3126 D ExynosCameraFrameFactory: [CAM_ID(1)][ExynosCameraFrameFactory3aaIspOtfTpu]-DEBUG(m_setCreate[104]) setCreate old(false) new(false)
10-25 21:46:45.882 3126 3126 I ExynosCameraFrameFactory: [CAM_ID(1)][ExynosCameraFrameFactory3aaIspOtfTpu]-INFO(destroy[51])
10-25 21:46:45.882 3126 3126 D ExynosCameraFrameFactory: [CAM_ID(1)][ExynosCameraFrameFactory3aaIspOtfTpu]-DEBUG(m_setCreate[104]) setCreate old(false) new(false)
10-25 21:46:45.882 3126 3126 D ExynosCamera: [CAM_ID(1)][]-DEBUG(m_deinitFrameFactory[963]):m_frameFactory[3] destroyed
10-25 21:46:45.882 3126 3126 I ExynosCameraFrameFactory: [CAM_ID(1)][FrameFactoryFrontDualPreview]-INFO(destroy[51])
10-25 21:46:45.882 3126 3126 D ExynosCameraFrameFactory: [CAM_ID(1)][FrameFactoryFrontDualPreview]-DEBUG(m_setCreate[104]) setCreate old(false) new(false)
10-25 21:46:45.882 3126 3126 I ExynosCameraFrameFactory: [CAM_ID(1)][FrameFactoryFrontDualPreview]-INFO(destroy[51])
10-25 21:46:45.882 3126 3126 D ExynosCameraFrameFactory: [CAM_ID(1)][FrameFactoryFrontDualPreview]-DEBUG(m_setCreate[104]) setCreate old(false) new(false)
10-25 21:46:45.882 3126 3126 D ExynosCamera: [CAM_ID(1)][]-DEBUG(m_deinitFrameFactory[963]):m_frameFactory[6] destroyed
10-25 21:46:45.882 3126 3126 I ExynosCameraFrameFactory: [CAM_ID(1)][FrameFactoryReprocessing]-INFO(destroy[51])
10-25 21:46:45.882 3126 3126 D ExynosCameraFrameFactory: [CAM_ID(1)][FrameFactoryReprocessing]-DEBUG(m_setCreate[104]) setCreate old(false) new(false)
10-25 21:46:45.882 3126 3126 D ExynosCameraFrameFactory: [CAM_ID(1)][FrameFactoryReprocessing]-DEBUG(m_setCreate[104]) setCreate old(false) new(false)
10-25 21:46:45.882 3126 3126 I ExynosCameraFrameFactory: [CAM_ID(1)][FrameFactoryReprocessing]-INFO(destroy[51])
10-25 21:46:45.882 3126 3126 D ExynosCameraFrameFactory: [CAM_ID(1)][FrameFactoryReprocessing]-DEBUG(m_setCreate[104]) setCreate old(false) new(false)
10-25 21:46:45.882 3126 3126 D ExynosCamera: [CAM_ID(1)][]-DEBUG(m_deinitFrameFactory[963]):m_frameFactory[7] destroyed
10-25 21:46:45.882 3126 3126 I ExynosCamera: [CAM_ID(1)][]-INFO(m_deinitFrameFactory[972]): -OUT-
10-25 21:46:45.882 3126 3126 D ExynosCameraPipeJpeg: DEBUG:duration time( 49 msec):(m_deinitFrameFactory)
10-25 21:46:45.882 3126 3126 D ExynosCamera: [CAM_ID(1)][]-DEBUG(release):Parameters(Id=1) destroyed
10-25 21:46:45.882 3126 3126 I ExynosCamera: [CAM_ID(1)][]-INFO(m_releaseBuffers[16307]):release buffer
10-25 21:46:45.882 3126 3126 D ExynosCameraBufferManager: [CAM_ID(1)][BAYER_BUF]-DEBUG(deinit[116]):IN..
10-25 21:46:45.882 3126 3126 I ExynosCameraBufferManager: [CAM_ID(1)][BAYER_BUF]-INFO(putBuffer[554]):bufIndex=0 is already in (available state)
10-25 21:46:45.882 3126 3126 I ExynosCameraBufferManager: [CAM_ID(1)][BAYER_BUF]-INFO(putBuffer[554]):bufIndex=1 is already in (available state)
10-25 21:46:45.882 3126 3126 I ExynosCameraBufferManager: [CAM_ID(1)][BAYER_BUF]-INFO(putBuffer[554]):bufIndex=2 is already in (available state)
10-25 21:46:45.882 3126 3126 I ExynosCameraBufferManager: [CAM_ID(1)][BAYER_BUF]-INFO(putBuffer[554]):bufIndex=3 is already in (available state)
10-25 21:46:45.882 3126 3126 I ExynosCameraBufferManager: [CAM_ID(1)][BAYER_BUF]-INFO(putBuffer[554]):bufIndex=4 is already in (available state)
10-25 21:46:45.882 3126 3126 I ExynosCameraBufferManager: [CAM_ID(1)][BAYER_BUF]-INFO(putBuffer[554]):bufIndex=5 is already in (available state)
10-25 21:46:45.882 3126 3126 D ExynosCameraBufferManager: [CAM_ID(1)][BAYER_BUF]-DEBUG(m_free[252]):Free the buffer (m_allocatedBufCount=6) --- dumpBufferInfo ---
10-25 21:46:45.882 3126 3126 I ExynosCameraBufferManager: [CAM_ID(1)][BAYER_BUF]-INFO(dumpBufferInfo[1244]):[m_buffer[0].fd[0]=57] .addr=0x0 .size=8184960 .position=0 .permission=1]
10-25 21:46:45.882 3126 3126 I ExynosCameraBufferManager: [CAM_ID(1)][BAYER_BUF]-INFO(dumpBufferInfo[1244]):[m_buffer[0].fd[1]=63] .addr=0xef71e000 .size=32768 .position=0 .permission=1]
10-25 21:46:45.882 3126 3126 I ExynosCameraBufferManager: [CAM_ID(1)][BAYER_BUF]-INFO(dumpBufferInfo[1244]):[m_buffer[1].fd[0]=58] .addr=0x0 .size=8184960 .position=0 .permission=1]
10-25 21:46:45.882 3126 3126 I ExynosCameraBufferManager: [CAM_ID(1)][BAYER_BUF]-INFO(dumpBufferInfo[1244]):[m_buffer[1].fd[1]=64] .addr=0xed201000 .size=32768 .position=0 .permission=1]
10-25 21:46:45.882 3126 3126 I ExynosCameraBufferManager: [CAM_ID(1)][BAYER_BUF]-INFO(dumpBufferInfo[1244]):[m_buffer[2].fd[0]=59] .addr=0x0 .size=8184960 .position=0 .permission=1]
10-25 21:46:45.882 3126 3126 I ExynosCameraBufferManager: [CAM_ID(1)][BAYER_BUF]-INFO(dumpBufferInfo[1244]):[m_buffer[2].fd[1]=65] .addr=0xed004000 .size=32768 .position=0 .permission=1]
10-25 21:46:45.882 3126 3126 I ExynosCameraBufferManager: [CAM_ID(1)][BAYER_BUF]-INFO(dumpBufferInfo[1244]):[m_buffer[3].fd[0]=60] .addr=0x0 .size=8184960 .position=0 .permission=1]
10-25 21:46:45.882 3126 3126 I ExynosCameraBufferManager: [CAM_ID(1)][BAYER_BUF]-INFO(dumpBufferInfo[1244]):[m_buffer[3].fd[1]=66] .addr=0xecfb8000 .size=32768 .position=0 .permission=1]
10-25 21:46:45.882 3126 3126 I ExynosCameraBufferManager: [CAM_ID(1)][BAYER_BUF]-INFO(dumpBufferInfo[1244]):[m_buffer[4].fd[0]=61] .addr=0x0 .size=8184960 .position=0 .permission=1]
10-25 21:46:45.882 3126 3126 I ExynosCameraBufferManager: [CAM_ID(1)][BAYER_BUF]-INFO(dumpBufferInfo[1244]):[m_buffer[4].fd[1]=67] .addr=0xecfb0000 .size=32768 .position=0 .permission=1]
10-25 21:46:45.882 3126 3126 I ExynosCameraBufferManager: [CAM_ID(1)][BAYER_BUF]-INFO(dumpBufferInfo[1244]):[m_buffer[5].fd[0]=62] .addr=0x0 .size=8184960 .position=0 .permission=1]
10-25 21:46:45.882 3126 3126 I ExynosCameraBufferManager: [CAM_ID(1)][BAYER_BUF]-INFO(dumpBufferInfo[1244]):[m_buffer[5].fd[1]=68] .addr=0xecfa8000 .size=32768 .position=0 .permission=1]
10-25 21:46:45.882 3126 3126 D ExynosCameraBufferManager: [CAM_ID(1)][BAYER_BUF]-DEBUG(m_free[255]):------------------------------------------------------
10-25 21:46:45.882 3126 3126 D ExynosCameraBufferManager: [CAM_ID(1)][BAYER_BUF]-DEBUG(m_free[282]):Free the buffer succeeded (m_allocatedBufCount=0)
10-25 21:46:45.882 3126 3126 D ExynosCameraPipeJpeg: DEBUG:duration time( 1 msec):(m_free)
10-25 21:46:45.882 3126 3126 D ExynosCameraBufferManager: [CAM_ID(1)][BAYER_BUF]-DEBUG(deinit[141]):OUT..
10-25 21:46:45.882 3126 3126 D ExynosCameraBufferManager: [CAM_ID(1)][FLITE_BUF]-DEBUG(deinit[116]):IN..
10-25 21:46:45.882 3126 3126 I ExynosCameraBufferManager: [CAM_ID(1)][FLITE_BUF]-INFO(deinit[119]:OUT.. Buffer is not allocated
10-25 21:46:45.882 3126 3126 D ExynosCameraBufferManager: [CAM_ID(1)][3A1_BUF]-DEBUG(deinit[116]):IN..
10-25 21:46:45.882 3126 3126 I ExynosCameraBufferManager: [CAM_ID(1)][3A1_BUF]-INFO(putBuffer[554]):bufIndex=0 is already in (available state)
10-25 21:46:45.882 3126 3126 I ExynosCameraBufferManager: [CAM_ID(1)][3A1_BUF]-INFO(putBuffer[554]):bufIndex=1 is already in (available state)
10-25 21:46:45.882 3126 3126 I ExynosCameraBufferManager: [CAM_ID(1)][3A1_BUF]-INFO(putBuffer[554]):bufIndex=2 is already in (available state)
10-25 21:46:45.882 3126 3126 I ExynosCameraBufferManager: [CAM_ID(1)][3A1_BUF]-INFO(putBuffer[554]):bufIndex=3 is already in (available state)
10-25 21:46:45.882 3126 3126 I ExynosCameraBufferManager: [CAM_ID(1)][3A1_BUF]-INFO(putBuffer[554]):bufIndex=4 is already in (available state)
10-25 21:46:45.882 3126 3126 I ExynosCameraBufferManager: [CAM_ID(1)][3A1_BUF]-INFO(putBuffer[554]):bufIndex=5 is already in (available state)
10-25 21:46:45.882 3126 3126 D ExynosCameraBufferManager: [CAM_ID(1)][3A1_BUF]-DEBUG(m_free[252]):Free the buffer (m_allocatedBufCount=6) --- dumpBufferInfo ---
10-25 21:46:45.882 3126 3126 I ExynosCameraBufferManager: [CAM_ID(1)][3A1_BUF]-INFO(dumpBufferInfo[1244]):[m_buffer[0].fd[0]=71] .addr=0x0 .size=4096 .position=0 .permission=1]
10-25 21:46:45.882 3126 3126 I ExynosCameraBufferManager: [CAM_ID(1)][3A1_BUF]-INFO(dumpBufferInfo[1244]):[m_buffer[0].fd[1]=79] .addr=0xecfa0000 .size=32768 .position=0 .permission=1]
10-25 21:46:45.892 3126 3126 I ExynosCameraBufferManager: [CAM_ID(1)][3A1_BUF]-INFO(dumpBufferInfo[1244]):[m_buffer[1].fd[0]=73] .addr=0x0 .size=4096 .position=0 .permission=1]
10-25 21:46:45.892 3126 3126 I ExynosCameraBufferManager: [CAM_ID(1)][3A1_BUF]-INFO(dumpBufferInfo[1244]):[m_buffer[1].fd[1]=80] .addr=0xecf98000 .size=32768 .position=0 .permission=1]
10-25 21:46:45.892 3126 3126 I ExynosCameraBufferManager: [CAM_ID(1)][3A1_BUF]-INFO(dumpBufferInfo[1244]):[m_buffer[2].fd[0]=74] .addr=0x0 .size=4096 .position=0 .permission=1]
10-25 21:46:45.892 3126 3126 I ExynosCameraBufferManager: [CAM_ID(1)][3A1_BUF]-INFO(dumpBufferInfo[1244]):[m_buffer[2].fd[1]=81] .addr=0xecf43000 .size=32768 .position=0 .permission=1]
10-25 21:46:45.892 3126 3126 I ExynosCameraBufferManager: [CAM_ID(1)][3A1_BUF]-INFO(dumpBufferInfo[1244]):[m_buffer[3].fd[0]=75] .addr=0x0 .size=4096 .position=0 .permission=1]
10-25 21:46:45.892 3126 3126 I ExynosCameraBufferManager: [CAM_ID(1)][3A1_BUF]-INFO(dumpBufferInfo[1244]):[m_buffer[3].fd[1]=83] .addr=0xebd3a000 .size=32768 .position=0 .permission=1]
10-25 21:46:45.892 3126 3126 I ExynosCameraBufferManager: [CAM_ID(1)][3A1_BUF]-INFO(dumpBufferInfo[1244]):[m_buffer[4].fd[0]=76] .addr=0x0 .size=4096 .position=0 .permission=1]
10-25 21:46:45.892 3126 3126 I ExynosCameraBufferManager: [CAM_ID(1)][3A1_BUF]-INFO(dumpBufferInfo[1244]):[m_buffer[4].fd[1]=84] .addr=0xebd32000 .size=32768 .position=0 .permission=1]
10-25 21:46:45.892 3126 3126 I ExynosCameraBufferManager: [CAM_ID(1)][3A1_BUF]-INFO(dumpBufferInfo[1244]):[m_buffer[5].fd[0]=78] .addr=0x0 .size=4096 .position=0 .permission=1]
10-25 21:46:45.892 3126 3126 I ExynosCameraBufferManager: [CAM_ID(1)][3A1_BUF]-INFO(dumpBufferInfo[1244]):[m_buffer[5].fd[1]=85] .addr=0xebd2a000 .size=32768 .position=0 .permission=1]
10-25 21:46:45.892 3126 3126 D ExynosCameraBufferManager: [CAM_ID(1)][3A1_BUF]-DEBUG(m_free[255]):------------------------------------------------------
10-25 21:46:45.892 3126 3126 D ExynosCameraBufferManager: [CAM_ID(1)][3A1_BUF]-DEBUG(m_free[282]):Free the buffer succeeded (m_allocatedBufCount=0)
10-25 21:46:45.892 3126 3126 D ExynosCameraPipeJpeg: DEBUG:duration time( 1 msec):(m_free)
10-25 21:46:45.892 3126 3126 D ExynosCameraBufferManager: [CAM_ID(1)][3A1_BUF]-DEBUG(deinit[141]):OUT..
10-25 21:46:45.892 3126 3126 D ExynosCameraBufferManager: [CAM_ID(1)][ISP_BUF]-DEBUG(deinit[116]):IN..
10-25 21:46:45.892 3126 3126 I ExynosCameraBufferManager: [CAM_ID(1)][ISP_BUF]-INFO(deinit[119]:OUT.. Buffer is not allocated
10-25 21:46:45.892 3126 3126 D ExynosCameraBufferManager: [CAM_ID(1)][HW_DIS_BUF]-DEBUG(deinit[116]):IN..
10-25 21:46:45.892 3126 3126 I ExynosCameraBufferManager: [CAM_ID(1)][HW_DIS_BUF]-INFO(deinit[119]:OUT.. Buffer is not allocated
10-25 21:46:45.892 3126 3126 D ExynosCameraBufferManager: [CAM_ID(1)][SCP_BUF]-DEBUG(deinit[116]):IN..
10-25 21:46:45.892 3126 3126 I ExynosCameraBufferManager: [CAM_ID(1)][SCP_BUF]-INFO(deinit[119]:OUT.. Buffer is not allocated
10-25 21:46:45.892 3126 3126 D ExynosCameraBufferManager: [CAM_ID(1)][ISP_RE_BUF]-DEBUG(deinit[116]):IN..
10-25 21:46:45.892 3126 3126 I ExynosCameraBufferManager: [CAM_ID(1)][ISP_RE_BUF]-INFO(deinit[119]:OUT.. Buffer is not allocated
10-25 21:46:45.892 3126 3126 D ExynosCameraBufferManager: [CAM_ID(1)][SCC_RE_BUF]-DEBUG(deinit[116]):IN..
10-25 21:46:45.892 3126 3126 I ExynosCameraBufferManager: [CAM_ID(1)][SCC_RE_BUF]-INFO(deinit[119]:OUT.. Buffer is not allocated
10-25 21:46:45.892 3126 3126 D ExynosCameraBufferManager: [CAM_ID(1)][SCC_BUF]-DEBUG(deinit[116]):IN..
10-25 21:46:45.892 3126 3126 I ExynosCameraBufferManager: [CAM_ID(1)][SCC_BUF]-INFO(deinit[119]:OUT.. Buffer is not allocated
10-25 21:46:45.892 3126 3126 D ExynosCameraBufferManager: [CAM_ID(1)][GSC_BUF]-DEBUG(deinit[116]):IN..
10-25 21:46:45.892 3126 3126 I ExynosCameraBufferManager: [CAM_ID(1)][GSC_BUF]-INFO(deinit[119]:OUT.. Buffer is not allocated
10-25 21:46:45.892 3126 3126 D ExynosCameraBufferManager: [CAM_ID(1)][POSTPICTURE_GSC_BUF]-DEBUG(deinit[116]):IN..
10-25 21:46:45.892 3126 3126 I ExynosCameraBufferManager: [CAM_ID(1)][POSTPICTURE_GSC_BUF]-INFO(deinit[119]:OUT.. Buffer is not allocated
10-25 21:46:45.892 3126 3126 D ExynosCameraBufferManager: [CAM_ID(1)][THUMBNAIL_GSC_BUF]-DEBUG(deinit[116]):IN..
10-25 21:46:45.892 3126 3126 I ExynosCameraBufferManager: [CAM_ID(1)][THUMBNAIL_GSC_BUF]-INFO(deinit[119]:OUT.. Buffer is not allocated
10-25 21:46:45.892 3126 3126 D ExynosCameraBufferManager: [CAM_ID(1)][JPEG_BUF]-DEBUG(deinit[116]):IN..
10-25 21:46:45.892 3126 3126 I ExynosCameraBufferManager: [CAM_ID(1)][JPEG_BUF]-INFO(deinit[119]:OUT.. Buffer is not allocated
10-25 21:46:45.892 3126 3126 D ExynosCameraBufferManager: [CAM_ID(1)][REC_BUF]-DEBUG(deinit[116]):IN..
10-25 21:46:45.892 3126 3126 I ExynosCameraBufferManager: [CAM_ID(1)][REC_BUF]-INFO(deinit[119]:OUT.. Buffer is not allocated
10-25 21:46:45.892 3126 3126 D ExynosCameraBufferManager: [CAM_ID(1)][PREVIEW_CB_BUF]-DEBUG(deinit[116]):IN..
10-25 21:46:45.892 3126 3126 I ExynosCameraBufferManager: [CAM_ID(1)][PREVIEW_CB_BUF]-INFO(deinit[119]:OUT.. Buffer is not allocated
10-25 21:46:45.892 3126 3126 D ExynosCameraBufferManager: [CAM_ID(1)][HIGH_RESOLUTION_CB_BUF]-DEBUG(deinit[116]):IN..
10-25 21:46:45.892 3126 3126 I ExynosCameraBufferManager: [CAM_ID(1)][HIGH_RESOLUTION_CB_BUF]-INFO(deinit[119]:OUT.. Buffer is not allocated
10-25 21:46:45.892 3126 3126 D ExynosCameraBufferManager: [CAM_ID(1)][VDIS_BUF]-DEBUG(deinit[116]):IN..
10-25 21:46:45.892 3126 3126 I ExynosCameraBufferManager: [CAM_ID(1)][VDIS_BUF]-INFO(deinit[119]:OUT.. Buffer is not allocated
10-25 21:46:45.892 3126 3126 I ExynosCamera: [CAM_ID(1)][]-INFO(m_releaseBuffers[16375]):free buffer done
10-25 21:46:45.892 3126 3126 D ExynosCamera: [CAM_ID(1)][]-DEBUG(release):FrameFactoryQ destroyed
10-25 21:46:45.892 3126 3126 D ExynosCameraBufferManager: [CAM_ID(1)][BAYER_BUF]-DEBUG(deinit[116]):IN..
10-25 21:46:45.892 3126 3126 I ExynosCameraBufferManager: [CAM_ID(1)][BAYER_BUF]-INFO(deinit[119]:OUT.. Buffer is not allocated
10-25 21:46:45.892 3126 3126 D ExynosCameraBufferManager: [CAM_ID(1)][BAYER_BUF]-DEBUG(deinit[116]):IN..
10-25 21:46:45.892 3126 3126 I ExynosCameraBufferManager: [CAM_ID(1)][BAYER_BUF]-INFO(deinit[119]:OUT.. Buffer is not allocated
10-25 21:46:45.892 3126 3126 D ExynosCamera: [CAM_ID(1)][]-DEBUG(release):BufferManager(bayerBufferMgr) destroyed
10-25 21:46:45.892 3126 3126 D ExynosCameraBufferManager: [CAM_ID(1)][FLITE_BUF]-DEBUG(deinit[116]):IN..
10-25 21:46:45.892 3126 3126 I ExynosCameraBufferManager: [CAM_ID(1)][FLITE_BUF]-INFO(deinit[119]:OUT.. Buffer is not allocated
10-25 21:46:45.892 3126 3126 D ExynosCameraBufferManager: [CAM_ID(1)][FLITE_BUF]-DEBUG(deinit[116]):IN..
10-25 21:46:45.892 3126 3126 I ExynosCameraBufferManager: [CAM_ID(1)][FLITE_BUF]-INFO(deinit[119]:OUT.. Buffer is not allocated
10-25 21:46:45.892 3126 3126 D ExynosCamera: [CAM_ID(1)][]-DEBUG(release):BufferManager(m_fliteBufferMgr) destroyed
10-25 21:46:45.892 3126 3126 D ExynosCameraBufferManager: [CAM_ID(1)][3A1_BUF]-DEBUG(deinit[116]):IN..
10-25 21:46:45.892 3126 3126 I ExynosCameraBufferManager: [CAM_ID(1)][3A1_BUF]-INFO(deinit[119]:OUT.. Buffer is not allocated
10-25 21:46:45.892 3126 3126 D ExynosCameraBufferManager: [CAM_ID(1)][3A1_BUF]-DEBUG(deinit[116]):IN..
10-25 21:46:45.892 3126 3126 I ExynosCameraBufferManager: [CAM_ID(1)][3A1_BUF]-INFO(deinit[119]:OUT.. Buffer is not allocated
10-25 21:46:45.892 3126 3126 D ExynosCamera: [CAM_ID(1)][]-DEBUG(release):BufferManager(3aaBufferMgr) destroyed
10-25 21:46:45.892 3126 3126 D ExynosCameraBufferManager: [CAM_ID(1)][ISP_BUF]-DEBUG(deinit[116]):IN..
10-25 21:46:45.892 3126 3126 I ExynosCameraBufferManager: [CAM_ID(1)][ISP_BUF]-INFO(deinit[119]:OUT.. Buffer is not allocated
10-25 21:46:45.892 3126 3126 D ExynosCameraBufferManager: [CAM_ID(1)][ISP_BUF]-DEBUG(deinit[116]):IN..
10-25 21:46:45.892 3126 3126 I ExynosCameraBufferManager: [CAM_ID(1)][ISP_BUF]-INFO(deinit[119]:OUT.. Buffer is not allocated
10-25 21:46:45.892 3126 3126 D ExynosCamera: [CAM_ID(1)][]-DEBUG(release):BufferManager(ispBufferMgr) destroyed
10-25 21:46:45.892 3126 3126 D ExynosCameraBufferManager: [CAM_ID(1)][HW_DIS_BUF]-DEBUG(deinit[116]):IN..
10-25 21:46:45.892 3126 3126 I ExynosCameraBufferManager: [CAM_ID(1)][HW_DIS_BUF]-INFO(deinit[119]:OUT.. Buffer is not allocated
10-25 21:46:45.892 3126 3126 D ExynosCameraBufferManager: [CAM_ID(1)][HW_DIS_BUF]-DEBUG(deinit[116]):IN..
10-25 21:46:45.892 3126 3126 I ExynosCameraBufferManager: [CAM_ID(1)][HW_DIS_BUF]-INFO(deinit[119]:OUT.. Buffer is not allocated
10-25 21:46:45.892 3126 3126 D ExynosCamera: [CAM_ID(1)][]-DEBUG(release):BufferManager(m_hwDisBufferMgr) destroyed
10-25 21:46:45.892 3126 3126 D ExynosCameraBufferManager: [CAM_ID(1)][SCP_BUF]-DEBUG(deinit[116]):IN..
10-25 21:46:45.892 3126 3126 I ExynosCameraBufferManager: [CAM_ID(1)][SCP_BUF]-INFO(deinit[119]:OUT.. Buffer is not allocated
10-25 21:46:45.892 3126 3126 D ExynosCameraBufferManager: [CAM_ID(1)][SCP_BUF]-DEBUG(deinit[116]):IN..
10-25 21:46:45.892 3126 3126 I ExynosCameraBufferManager: [CAM_ID(1)][SCP_BUF]-INFO(deinit[119]:OUT.. Buffer is not allocated
10-25 21:46:45.892 3126 3126 D ExynosCamera: [CAM_ID(1)][]-DEBUG(release):BufferManager(scpBufferMgr) destroyed
10-25 21:46:45.892 3126 3126 D ExynosCameraBufferManager: [CAM_ID(1)][DZOOM_SCALER_BUF]-DEBUG(deinit[116]):IN..
10-25 21:46:45.892 3126 3126 I ExynosCameraBufferManager: [CAM_ID(1)][DZOOM_SCALER_BUF]-INFO(deinit[119]:OUT.. Buffer is not allocated
10-25 21:46:45.892 3126 3126 D ExynosCameraBufferManager: [CAM_ID(1)][DZOOM_SCALER_BUF]-DEBUG(deinit[116]):IN..
10-25 21:46:45.892 3126 3126 I ExynosCameraBufferManager: [CAM_ID(1)][DZOOM_SCALER_BUF]-INFO(deinit[119]:OUT.. Buffer is not allocated
10-25 21:46:45.892 3126 3126 D ExynosCamera: [CAM_ID(1)][]-DEBUG(release):BufferManager(m_zoomScalerBufferMgr) destroyed
10-25 21:46:45.892 3126 3126 D ExynosCameraBufferManager: [CAM_ID(1)][ISP_RE_BUF]-DEBUG(deinit[116]):IN..
10-25 21:46:45.892 3126 3126 I ExynosCameraBufferManager: [CAM_ID(1)][ISP_RE_BUF]-INFO(deinit[119]:OUT.. Buffer is not allocated
10-25 21:46:45.892 3126 3126 D ExynosCameraBufferManager: [CAM_ID(1)][ISP_RE_BUF]-DEBUG(deinit[116]):IN..
10-25 21:46:45.892 3126 3126 I ExynosCameraBufferManager: [CAM_ID(1)][ISP_RE_BUF]-INFO(deinit[119]:OUT.. Buffer is not allocated
10-25 21:46:45.892 3126 3126 D ExynosCamera: [CAM_ID(1)][]-DEBUG(release):BufferManager(ispReprocessingBufferMgr) destroyed
10-25 21:46:45.892 3126 3126 D ExynosCameraBufferManager: [CAM_ID(1)][SCC_RE_BUF]-DEBUG(deinit[116]):IN..
10-25 21:46:45.892 3126 3126 I ExynosCameraBufferManager: [CAM_ID(1)][SCC_RE_BUF]-INFO(deinit[119]:OUT.. Buffer is not allocated
10-25 21:46:45.892 3126 3126 D ExynosCameraBufferManager: [CAM_ID(1)][SCC_RE_BUF]-DEBUG(deinit[116]):IN..
10-25 21:46:45.892 3126 3126 I ExynosCameraBufferManager: [CAM_ID(1)][SCC_RE_BUF]-INFO(deinit[119]:OUT.. Buffer is not allocated
10-25 21:46:45.892 3126 3126 D ExynosCamera: [CAM_ID(1)][]-DEBUG(release):BufferManager(sccReprocessingBufferMgr) destroyed
10-25 21:46:45.892 3126 3126 D ExynosCameraBufferManager: [CAM_ID(1)][SCC_BUF]-DEBUG(deinit[116]):IN..
10-25 21:46:45.892 3126 3126 I ExynosCameraBufferManager: [CAM_ID(1)][SCC_BUF]-INFO(deinit[119]:OUT.. Buffer is not allocated
10-25 21:46:45.892 3126 3126 D ExynosCameraBufferManager: [CAM_ID(1)][SCC_BUF]-DEBUG(deinit[116]):IN..
10-25 21:46:45.892 3126 3126 I ExynosCameraBufferManager: [CAM_ID(1)][SCC_BUF]-INFO(deinit[119]:OUT.. Buffer is not allocated
10-25 21:46:45.892 3126 3126 D ExynosCamera: [CAM_ID(1)][]-DEBUG(release):BufferManager(sccBufferMgr) destroyed
10-25 21:46:45.892 3126 3126 D ExynosCameraBufferManager: [CAM_ID(1)][GSC_BUF]-DEBUG(deinit[116]):IN..
10-25 21:46:45.892 3126 3126 I ExynosCameraBufferManager: [CAM_ID(1)][GSC_BUF]-INFO(deinit[119]:OUT.. Buffer is not allocated
10-25 21:46:45.892 3126 3126 D ExynosCameraBufferManager: [CAM_ID(1)][GSC_BUF]-DEBUG(deinit[116]):IN..
10-25 21:46:45.892 3126 3126 I ExynosCameraBufferManager: [CAM_ID(1)][GSC_BUF]-INFO(deinit[119]:OUT.. Buffer is not allocated
10-25 21:46:45.892 3126 3126 D ExynosCamera: [CAM_ID(1)][]-DEBUG(release):BufferManager(gscBufferMgr) destroyed
10-25 21:46:45.892 3126 3126 D ExynosCameraBufferManager: [CAM_ID(1)][POSTPICTURE_GSC_BUF]-DEBUG(deinit[116]):IN..
10-25 21:46:45.892 3126 3126 I ExynosCameraBufferManager: [CAM_ID(1)][POSTPICTURE_GSC_BUF]-INFO(deinit[119]:OUT.. Buffer is not allocated
10-25 21:46:45.892 3126 3126 D ExynosCameraBufferManager: [CAM_ID(1)][POSTPICTURE_GSC_BUF]-DEBUG(deinit[116]):IN..
10-25 21:46:45.892 3126 3126 I ExynosCameraBufferManager: [CAM_ID(1)][POSTPICTURE_GSC_BUF]-INFO(deinit[119]:OUT.. Buffer is not allocated
10-25 21:46:45.892 3126 3126 D ExynosCamera: [CAM_ID(1)][]-DEBUG(release):BufferManager(m_postPictureGscBufferMgr) destroyed
10-25 21:46:45.892 3126 3126 D ExynosCameraBufferManager: [CAM_ID(1)][THUMBNAIL_GSC_BUF]-DEBUG(deinit[116]):IN..
10-25 21:46:45.892 3126 3126 I ExynosCameraBufferManager: [CAM_ID(1)][THUMBNAIL_GSC_BUF]-INFO(deinit[119]:OUT.. Buffer is not allocated
10-25 21:46:45.892 3126 3126 D ExynosCameraBufferManager: [CAM_ID(1)][THUMBNAIL_GSC_BUF]-DEBUG(deinit[116]):IN..
10-25 21:46:45.892 3126 3126 I ExynosCameraBufferManager: [CAM_ID(1)][THUMBNAIL_GSC_BUF]-INFO(deinit[119]:OUT.. Buffer is not allocated
10-25 21:46:45.892 3126 3126 D ExynosCamera: [CAM_ID(1)][]-DEBUG(release):BufferManager(m_thumbnailGscBufferMgr) destroyed
10-25 21:46:45.892 3126 3126 D ExynosCameraBufferManager: [CAM_ID(1)][JPEG_BUF]-DEBUG(deinit[116]):IN..
10-25 21:46:45.892 3126 3126 I ExynosCameraBufferManager: [CAM_ID(1)][JPEG_BUF]-INFO(deinit[119]:OUT.. Buffer is not allocated
10-25 21:46:45.892 3126 3126 D ExynosCameraBufferManager: [CAM_ID(1)][JPEG_BUF]-DEBUG(deinit[116]):IN..
10-25 21:46:45.892 3126 3126 I ExynosCameraBufferManager: [CAM_ID(1)][JPEG_BUF]-INFO(deinit[119]:OUT.. Buffer is not allocated
10-25 21:46:45.892 3126 3126 D ExynosCamera: [CAM_ID(1)][]-DEBUG(release):BufferManager(jpegBufferMgr) destroyed
10-25 21:46:45.892 3126 3126 D ExynosCameraBufferManager: [CAM_ID(1)][PREVIEW_CB_BUF]-DEBUG(deinit[116]):IN..
10-25 21:46:45.892 3126 3126 I ExynosCameraBufferManager: [CAM_ID(1)][PREVIEW_CB_BUF]-INFO(deinit[119]:OUT.. Buffer is not allocated
10-25 21:46:45.892 3126 3126 D ExynosCameraBufferManager: [CAM_ID(1)][PREVIEW_CB_BUF]-DEBUG(deinit[116]):IN..
10-25 21:46:45.892 3126 3126 I ExynosCameraBufferManager: [CAM_ID(1)][PREVIEW_CB_BUF]-INFO(deinit[119]:OUT.. Buffer is not allocated
10-25 21:46:45.892 3126 3126 D ExynosCamera: [CAM_ID(1)][]-DEBUG(release):BufferManager(previewCallbackBufferMgr) destroyed
10-25 21:46:45.892 3126 3126 D ExynosCameraBufferManager: [CAM_ID(1)][HIGH_RESOLUTION_CB_BUF]-DEBUG(deinit[116]):IN..
10-25 21:46:45.892 3126 3126 I ExynosCameraBufferManager: [CAM_ID(1)][HIGH_RESOLUTION_CB_BUF]-INFO(deinit[119]:OUT.. Buffer is not allocated
10-25 21:46:45.902 3126 3126 D ExynosCameraBufferManager: [CAM_ID(1)][HIGH_RESOLUTION_CB_BUF]-DEBUG(deinit[116]):IN..
10-25 21:46:45.902 3126 3126 I ExynosCameraBufferManager: [CAM_ID(1)][HIGH_RESOLUTION_CB_BUF]-INFO(deinit[119]:OUT.. Buffer is not allocated
10-25 21:46:45.902 3126 3126 D ExynosCamera: [CAM_ID(1)][]-DEBUG(release):BufferManager(m_highResolutionCallbackBufferMgr) destroyed
10-25 21:46:45.902 3126 3126 D ExynosCameraBufferManager: [CAM_ID(1)][REC_BUF]-DEBUG(deinit[116]):IN..
10-25 21:46:45.902 3126 3126 I ExynosCameraBufferManager: [CAM_ID(1)][REC_BUF]-INFO(deinit[119]:OUT.. Buffer is not allocated
10-25 21:46:45.902 3126 3126 D ExynosCameraBufferManager: [CAM_ID(1)][REC_BUF]-DEBUG(deinit[116]):IN..
10-25 21:46:45.902 3126 3126 I ExynosCameraBufferManager: [CAM_ID(1)][REC_BUF]-INFO(deinit[119]:OUT.. Buffer is not allocated
10-25 21:46:45.902 3126 3126 D ExynosCamera: [CAM_ID(1)][]-DEBUG(release):BufferManager(recordingBufferMgr) destroyed
10-25 21:46:45.902 3126 3126 D ExynosCameraBufferManager: [CAM_ID(1)][VDIS_BUF]-DEBUG(deinit[116]):IN..
10-25 21:46:45.902 3126 3126 I ExynosCameraBufferManager: [CAM_ID(1)][VDIS_BUF]-INFO(deinit[119]:OUT.. Buffer is not allocated
10-25 21:46:45.902 3126 3126 D ExynosCameraBufferManager: [CAM_ID(1)][VDIS_BUF]-DEBUG(deinit[116]):IN..
10-25 21:46:45.902 3126 3126 I ExynosCameraBufferManager: [CAM_ID(1)][VDIS_BUF]-INFO(deinit[119]:OUT.. Buffer is not allocated
10-25 21:46:45.902 3126 3126 D ExynosCamera: VDIS_HAL(release):BufferManager(m_swVDIS_BufferMgr) destroyed
10-25 21:46:45.902 3126 3126 D UniPlugin: uni_plugin_unload is called!
10-25 21:46:45.902 3126 3126 D UniPlugin: __uni_plugin_unload is called!
10-25 21:46:45.902 3126 3126 D UniPlugin: temp->name:SmartFocusplugin
10-25 21:46:45.902 3126 3126 D UniPlugin: ~UniPlugin is called!
10-25 21:46:45.902 3126 3126 D UniPlugin: uni_plugin_unload is called!
10-25 21:46:45.902 3126 3126 D UniPlugin: __uni_plugin_unload is called!
10-25 21:46:45.902 3126 3126 D UniPlugin: temp->name:JpegQtableplugin
10-25 21:46:45.902 3126 3126 D UniPlugin: ~UniPlugin is called!
10-25 21:46:45.902 3126 3126 D UniPlugin: uni_plugin_unload is called!
10-25 21:46:45.902 3126 3126 D UniPlugin: __uni_plugin_unload is called!
10-25 21:46:45.902 3126 3126 D UniPlugin: temp->name:BlurDetectionplugin
10-25 21:46:45.902 3126 3126 D UniPlugin: ~UniPlugin is called!
10-25 21:46:45.902 3126 3126 D UniPlugin: uni_plugin_unload is called!
10-25 21:46:45.902 3126 3126 D UniPlugin: __uni_plugin_unload is called!
10-25 21:46:45.902 3126 3126 D UniPlugin: temp->name:LLSplugin
10-25 21:46:45.902 3126 3126 D UniPlugin: ~UniPlugin is called!
10-25 21:46:45.902 3126 3126 D ExynosCameraFrameManager: [CAM_ID(1)][FRAME MANAGER]-DEBUG(~ExynosCameraFrameManager): FrameManager DELETE(name(FRAME MANAGER) cameraid(1) mode(2)
10-25 21:46:45.912 3126 3126 D ExynosCameraFrameManager: [CAM_ID(1)][CREATE FRAME WORKER]-DEBUG(~CreateWorker): Worker DELETE(name(CREATE FRAME WORKER) cameraid(1) mode(2)
10-25 21:46:45.912 3126 3126 D ExynosCameraFrameManager: [CAM_ID(1)][DELETE FRAME WORKER]-DEBUG(~DeleteWorker): Worker DELETE(name(DELETE FRAME WORKER) cameraid(1) mode(2)
10-25 21:46:45.912 3126 3126 D ExynosCameraFrameManager: [CAM_ID(1)][FRAME MANAGER]-DEBUG(m_deinit[961]): delete m_lock
10-25 21:46:45.912 3126 3126 D ExynosCameraFrameManager: [CAM_ID(1)][FRAME MANAGER]-DEBUG(m_deinit[966]): delete m_keybox
10-25 21:46:45.912 3126 3126 I ExynosCamera: [CAM_ID(1)][]-INFO(release[1476]): -OUT-
10-25 21:46:45.912 3126 3126 I ExynosCamera3Interface: INFO(HAL_camera_device_release[1134]):camera(1) out from release()
10-25 21:46:45.912 3126 3126 I ExynosCamera3Interface: INFO(HAL_camera_device_release[1138]):camera(1) unlocked..
10-25 21:46:45.912 3126 3126 I ExynosCamera3Interface: INFO(HAL_camera_device_release[1143]):camera(1) out
10-25 21:46:45.912 3126 3126 D ExynosCamera3Interface: DEBUG:duration time( 73 msec):(HAL_camera_device_release)
10-25 21:46:45.912 3126 3126 D SecCameraCoreManager: SecCameraCoreManager destroyed: pid=3126
10-25 21:46:45.912 3126 3126 I ShotSingle: ShotSingle destroyed E : pid=3126
10-25 21:46:45.912 3126 3126 I ShotSingle: Wait for compressed image callback to be done.
10-25 21:46:45.912 3126 3126 I ShotSingle: Wait done. (0s. 0ms.) with [0, 22]
10-25 21:46:45.912 3126 3126 I ShotSingle: ShotSingle destroyed X
10-25 21:46:45.912 3126 3126 I ShotCommon: ShotCommon destroyed: pid=3126
10-25 21:46:45.912 3126 3126 I CameraFlashlight: Destroying camera 1
10-25 21:46:45.912 3126 3126 I ExynosCamera3Interface: INFO(HAL_camera_device_close[728]): in
10-25 21:46:45.912 3126 3126 I ExynosCamera3Interface: INFO(HAL_camera_device_close[734]):camera(1)
10-25 21:46:45.912 3126 3126 D ExynosCamera3Interface: DEBUG(check_camera_state):camera(1) state(3) checking...
10-25 21:46:45.912 3126 3126 D ExynosCamera3Interface: DEBUG(check_camera_state):camera(1) state(2:RELEASED->3:CLOSED) is valid
10-25 21:46:45.912 3126 3126 I ExynosCamera3Interface: INFO(HAL_camera_device_close[744]):camera(1) locked..
10-25 21:46:45.912 3126 3126 I ExynosCamera3Interface: INFO(HAL_camera_device_close[747]):camera(1) unlocked..
10-25 21:46:45.912 3126 3126 I ExynosCamera: [CAM_ID(1)][]-INFO(release[1003]): -IN-
10-25 21:46:45.912 3126 3126 I ExynosCamera: [CAM_ID(1)][]-INFO(release[1008]): wait m_fastenAeThread
10-25 21:46:45.912 3126 3126 I ExynosCamera: [CAM_ID(1)][]-INFO(release[1010]): wait m_fastenAeThread end
10-25 21:46:45.912 3126 3126 I ExynosCamera: [CAM_ID(1)][]-INFO(m_stopCompanion[18698]): wait m_companionThread
10-25 21:46:45.912 3126 3126 I ExynosCamera: [CAM_ID(1)][]-INFO(m_stopCompanion[18700]): wait m_companionThread end
10-25 21:46:45.912 3126 3126 I ExynosCamera: [CAM_ID(1)][]-INFO(m_deinitFrameFactory[936]): -IN-
10-25 21:46:45.912 3126 3126 I ExynosCamera: [CAM_ID(1)][]-INFO(m_deinitFrameFactory[972]): -OUT-
10-25 21:46:45.912 3126 3126 D ExynosCameraPipeJpeg: DEBUG:duration time( 0 msec):(m_deinitFrameFactory)
10-25 21:46:45.912 3126 3126 I ExynosCamera: [CAM_ID(1)][]-INFO(m_releaseBuffers[16307]):release buffer
10-25 21:46:45.912 3126 3126 I ExynosCamera: [CAM_ID(1)][]-INFO(m_releaseBuffers[16375]):free buffer done
10-25 21:46:45.912 3126 3126 I ExynosCamera: [CAM_ID(1)][]-INFO(release[1476]): -OUT-
10-25 21:46:45.912 3126 3126 D SecCameraPreviewFrameScheduler: (m_release[173] m_vsyncPeriod=0, Drop Count 0)
10-25 21:46:45.912 3126 3126 I ExynosCamera3Interface: INFO(HAL_camera_device_close[755]):camera(1)
10-25 21:46:45.912 3126 3126 I ExynosCamera3Interface: INFO(HAL_camera_device_close[758]): out
10-25 21:46:45.912 3126 3126 D ExynosCamera3Interface: DEBUG:duration time( 1 msec):(HAL_camera_device_close)
10-25 21:46:45.912 3126 3126 V CameraService: Client::disconnect
10-25 21:46:45.922 3126 3126 I CameraService: disconnect: Disconnected client for camera 1 for PID 28775
10-25 21:46:45.922 3126 3802 V CameraService: ~Client
10-25 21:46:45.922 3126 3802 V CameraService: Client::disconnect
10-25 21:46:45.922 3126 3802 V CameraService: ~BasicClient
10-25 21:46:45.922 3126 18417 V MediaPlayer: disconnect
10-25 21:46:45.922 3126 18417 V MediaPlayerService: disconnect(192) from pid 3126
10-25 21:46:45.922 3126 18417 D NuPlayerDriver: reset(0xed3dd1e0)
10-25 21:46:45.922 3126 18417 D NuPlayerDriver: notifyListener_l(0xed3dd1e0), (8, 0, 0)
10-25 21:46:45.922 3126 18378 V NuPlayer: kWhatReset
10-25 21:46:45.922 3126 18378 V NuPlayer: performReset
10-25 21:46:45.922 3126 18378 V GenericSource: stop()
10-25 21:46:45.922 3126 18378 V GenericSource: PREPARE_CANCELLED set to true
10-25 21:46:45.922 3126 18378 V GenericSource: [Flag] set 0x40 -> mFlags = 0x48
10-25 21:46:45.922 3126 18378 V GenericSource: [Flag] clear 0x8 -> mFlags = 0x40
10-25 21:46:45.922 3126 18378 V GenericSource: stop() end
10-25 21:46:45.922 3126 18378 V GenericSource: ~GenericSource()
10-25 21:46:45.922 3126 18378 I OggExtractor: OggSource::stop() mExtractor ref count = 2
10-25 21:46:45.922 3126 18378 I OggExtractor: ~OggSource --
10-25 21:46:45.922 3126 18378 D NuPlayerDriver: notifyResetComplete(0xed3dd1e0)
10-25 21:46:45.922 3126 18417 V NuPlayerDriver: ~NuPlayerDriver(0xed3dd1e0)
10-25 21:46:45.922 3126 18417 I OggExtractor: ~OggExtractor ++
10-25 21:46:45.922 3126 18417 I OggExtractor: ~MyOggExtractor ++
10-25 21:46:45.922 3126 18417 I OggExtractor: ~MyOggExtractor --
10-25 21:46:45.922 3126 18417 I OggExtractor: ~OggExtractor --
10-25 21:46:45.922 3126 18417 V MediaPlayerService: Client(192) destructor pid = 3126
10-25 21:46:45.922 3126 18417 V AudioSink: +++ close
10-25 21:46:45.922 3126 18417 V AudioSink: --- close
10-25 21:46:45.922 3126 18417 V MediaPlayerService: disconnect(192) from pid 3126
10-25 21:46:45.922 3126 18417 V MediaPlayer: destructor
10-25 21:46:45.922 3126 18417 V MediaPlayer: disconnect
10-25 21:46:45.922 3126 18417 V MediaPlayer: disconnect
10-25 21:46:45.922 3126 18417 V MediaPlayerService: disconnect(193) from pid 3126
10-25 21:46:45.922 3126 18417 D NuPlayerDriver: reset(0xed3dd460)
10-25 21:46:45.922 3126 18417 D NuPlayerDriver: notifyListener_l(0xed3dd460), (8, 0, 0)
10-25 21:46:45.922 3126 18381 V NuPlayer: kWhatReset
10-25 21:46:45.922 3126 18381 V NuPlayer: performReset
10-25 21:46:45.922 3126 18381 V GenericSource: stop()
10-25 21:46:45.922 3126 18381 V GenericSource: PREPARE_CANCELLED set to true
10-25 21:46:45.922 3126 18381 V GenericSource: [Flag] set 0x40 -> mFlags = 0x48
10-25 21:46:45.922 3126 18381 V GenericSource: [Flag] clear 0x8 -> mFlags = 0x40
10-25 21:46:45.922 3126 18381 V GenericSource: stop() end
10-25 21:46:45.922 3126 18381 V GenericSource: ~GenericSource()
10-25 21:46:45.922 3126 18381 I OggExtractor: OggSource::stop() mExtractor ref count = 2
10-25 21:46:45.922 3126 18381 I OggExtractor: ~OggSource --
10-25 21:46:45.922 3126 18381 D NuPlayerDriver: notifyResetComplete(0xed3dd460)
10-25 21:46:45.922 3126 18417 V NuPlayerDriver: ~NuPlayerDriver(0xed3dd460)
10-25 21:46:45.922 3520 3603 E SmartFaceManager: checkForSmartStay X: false
10-25 21:46:45.922 3126 18417 I OggExtractor: ~OggExtractor ++
10-25 21:46:45.922 3126 18417 I OggExtractor: ~MyOggExtractor ++
10-25 21:46:45.922 3126 18417 I OggExtractor: ~MyOggExtractor --
10-25 21:46:45.922 3126 18417 I OggExtractor: ~OggExtractor --
10-25 21:46:45.922 3520 3603 E SmartFaceManager: Listener is null
10-25 21:46:45.922 3126 18417 V MediaPlayerService: Client(193) destructor pid = 3126
10-25 21:46:45.922 3126 18417 V AudioSink: +++ close
10-25 21:46:45.922 3126 18417 V AudioSink: --- close
10-25 21:46:45.922 3126 18417 V MediaPlayerService: disconnect(193) from pid 3126
10-25 21:46:45.922 3126 18417 V MediaPlayer: destructor
10-25 21:46:45.922 3126 18417 V MediaPlayer: disconnect
10-25 21:46:45.922 3126 18417 V MediaPlayer: disconnect
10-25 21:46:45.922 3126 18417 V MediaPlayerService: disconnect(194) from pid 3126
10-25 21:46:45.922 3126 18417 D NuPlayerDriver: reset(0xed3de040)
10-25 21:46:45.922 3126 18417 D NuPlayerDriver: notifyListener_l(0xed3de040), (8, 0, 0)
10-25 21:46:45.922 3126 18383 V NuPlayer: kWhatReset
10-25 21:46:45.922 3126 18383 V NuPlayer: performReset
10-25 21:46:45.922 3126 18383 V GenericSource: stop()
10-25 21:46:45.922 3126 18383 V GenericSource: PREPARE_CANCELLED set to true
10-25 21:46:45.922 3126 18383 V GenericSource: [Flag] set 0x40 -> mFlags = 0x48
10-25 21:46:45.922 3126 18383 V GenericSource: [Flag] clear 0x8 -> mFlags = 0x40
10-25 21:46:45.922 3126 18383 V GenericSource: stop() end
10-25 21:46:45.922 3126 18383 V GenericSource: ~GenericSource()
10-25 21:46:45.922 3126 18383 I OggExtractor: OggSource::stop() mExtractor ref count = 2
10-25 21:46:45.922 3126 18383 I OggExtractor: ~OggSource --
10-25 21:46:45.922 3126 18383 D NuPlayerDriver: notifyResetComplete(0xed3de040)
10-25 21:46:45.922 3126 18417 V NuPlayerDriver: ~NuPlayerDriver(0xed3de040)
10-25 21:46:45.922 3126 18417 I OggExtractor: ~OggExtractor ++
10-25 21:46:45.922 3126 18417 I OggExtractor: ~MyOggExtractor ++
10-25 21:46:45.922 3126 18417 I OggExtractor: ~MyOggExtractor --
10-25 21:46:45.922 3126 18417 I OggExtractor: ~OggExtractor --
10-25 21:46:45.922 3126 18417 V MediaPlayerService: Client(194) destructor pid = 3126
10-25 21:46:45.922 3126 18417 V AudioSink: +++ close
10-25 21:46:45.922 3126 18417 V AudioSink: --- close
10-25 21:46:45.922 3126 18417 V MediaPlayerService: disconnect(194) from pid 3126
10-25 21:46:45.922 3126 18417 V MediaPlayer: destructor
10-25 21:46:45.922 3126 18417 V MediaPlayer: disconnect
10-25 21:46:47.652 3520 4091 D lights : lcd : 169 +
10-25 21:46:47.662 3520 4091 D lights : lcd : 169 -
10-25 21:46:47.672 3520 4091 D lights : lcd : 136 +
10-25 21:46:47.672 3520 4091 D lights : lcd : 136 -
10-25 21:46:47.692 3520 4091 D lights : lcd : 103 +
10-25 21:46:47.692 3520 4091 D lights : lcd : 103 -
10-25 21:46:47.702 3520 4091 D lights : lcd : 70 +
10-25 21:46:47.702 3520 4091 D lights : lcd : 70 -
10-25 21:46:47.722 3520 4091 D lights : lcd : 37 +
10-25 21:46:47.722 3520 4091 D lights : lcd : 37 -
10-25 21:46:47.732 3520 4091 D lights : lcd : 19 +
10-25 21:46:47.742 3520 4091 D lights : lcd : 19 -
10-25 21:46:50.462 3520 3520 I Tethering: BATTERY_CHANGED, level = 100lowBatteryThreshold = 15
10-25 21:46:50.472 4130 4130 D KeyguardUpdateMonitor: received broadcast android.intent.action.BATTERY_CHANGED
10-25 21:46:50.482 4130 4130 D KeyguardUpdateMonitor: handleBatteryUpdate
10-25 21:46:50.482 4590 4590 D BatteryMonitor: new battery level: 100
10-25 21:47:00.002 4130 4130 D KeyguardUpdateMonitor: received broadcast android.intent.action.TIME_TICK
10-25 21:47:00.002 4130 4130 D KeyguardUpdateMonitor: handleTimeUpdate
10-25 21:47:00.022 4130 4130 D Clock : received broadcast android.intent.action.TIME_TICK
10-25 21:47:00.082 4130 4130 D DateView: received broadcast android.intent.action.TIME_TICK
10-25 21:47:00.162 21059 21059 D [WeatherWidget(1177)] WeatherService: {[EC3334F14841398C8B464A72D0E61AB7CD7E766A36D06043166FAD39187431A3E5A9A2F81BDF9068B74904E1B1CB541044E6D58E921E578E1E6FAAF047CA8AFC]}
10-25 21:47:00.162 21059 21059 D [WeatherWidget(1177)] : {[3AE6950019B083611567B0F9442DB03E59646CBA355B4C260B75423E37A3701A]}
10-25 21:47:00.172 21059 21059 D [WeatherWidget(1177)] : {[3AE6950019B083611567B0F9442DB03E0F7D6DF8FAB8AEDDA9C52FD622CBE93BD3B3C821E02768ECE7D54B13E96560EDB802D29C56DFCCD38F937DDED36C9453E14ACC693F7BDF399FD0A06BF2D59F2E62F0159FCF8ED080A2244B7BC466DBEB]}
10-25 21:47:00.172 21059 21059 D [WeatherWidget(1177)] : {[DF00664B5BF2DD508EC3D0ADB8B43C9FB429631765284D8658CE62A4AFFAA963]}
10-25 21:47:00.522 3520 3520 I Tethering: BATTERY_CHANGED, level = 100lowBatteryThreshold = 15
10-25 21:47:00.532 4130 4130 D KeyguardUpdateMonitor: received broadcast android.intent.action.BATTERY_CHANGED
10-25 21:47:00.532 4130 4130 D KeyguardUpdateMonitor: handleBatteryUpdate
10-25 21:47:00.552 4590 4590 D BatteryMonitor: new battery level: 100
10-25 21:47:01.932 16592 16634 I Quasar : start to send events
10-25 21:47:10.582 3520 3520 I Tethering: BATTERY_CHANGED, level = 100lowBatteryThreshold = 15
10-25 21:47:10.592 4130 4130 D KeyguardUpdateMonitor: received broadcast android.intent.action.BATTERY_CHANGED
10-25 21:47:10.592 4130 4130 D KeyguardUpdateMonitor: handleBatteryUpdate
10-25 21:47:10.602 4590 4590 D BatteryMonitor: new battery level: 100
10-25 21:47:20.662 3520 3520 I Tethering: BATTERY_CHANGED, level = 100lowBatteryThreshold = 15
10-25 21:47:20.662 4130 4130 D KeyguardUpdateMonitor: received broadcast android.intent.action.BATTERY_CHANGED
10-25 21:47:20.662 4130 4130 D KeyguardUpdateMonitor: handleBatteryUpdate
10-25 21:47:20.672 4590 4590 D BatteryMonitor: new battery level: 100
10-25 21:47:30.692 3520 3520 I Tethering: BATTERY_CHANGED, level = 100lowBatteryThreshold = 15
10-25 21:47:30.702 4130 4130 D KeyguardUpdateMonitor: received broadcast android.intent.action.BATTERY_CHANGED
10-25 21:47:30.702 4130 4130 D KeyguardUpdateMonitor: handleBatteryUpdate
10-25 21:47:30.722 4590 4590 D BatteryMonitor: new battery level: 100
10-25 21:47:30.942 4574 4612 D ContactsProvider_EventLog: contents_sample_state: [ contacts(4) data(27) accounts({com.google (2)=4}) accounts deleted({}) calls([]) ]
10-25 21:47:30.942 4574 4612 D ContactsProvider_EventLog: contents_sample_state: [ agr({[2]=4}) ]
10-25 21:47:35.262 22622 18436 I AmazonVideo.util: ConfigManager.updateFromServerIfNecessary: Requesting update for 0 millis from now
10-25 21:47:35.262 22622 18436 I AmazonVideo.util: ConfigTaskScheduler.schedule: Scheduling refresh after 0 millis
10-25 21:47:35.262 22622 18436 I AmazonVideo.syncservice: SyncDispatcher.sync: Skipping sync component: EventManager
10-25 21:47:35.262 22622 22779 I AmazonVideo.util: ConfigManager.updateConfigFromServer: Told to update server config when no customer is logged in; ignoring request
10-25 21:47:40.732 3520 3520 I Tethering: BATTERY_CHANGED, level = 100lowBatteryThreshold = 15
10-25 21:47:40.732 4130 4130 D KeyguardUpdateMonitor: received broadcast android.intent.action.BATTERY_CHANGED
10-25 21:47:40.732 4130 4130 D KeyguardUpdateMonitor: handleBatteryUpdate
10-25 21:47:40.742 4590 4590 D BatteryMonitor: new battery level: 100
10-25 21:47:50.812 3520 3520 I Tethering: BATTERY_CHANGED, level = 100lowBatteryThreshold = 15
10-25 21:47:50.822 4130 4130 D KeyguardUpdateMonitor: received broadcast android.intent.action.BATTERY_CHANGED
10-25 21:47:50.822 4130 4130 D KeyguardUpdateMonitor: handleBatteryUpdate
