10-25 21:52:05.932 18958 19079 I VrApi_Clocks: SetSchedFifo( tid=18971, pri=1 ) succeeded
10-25 21:52:05.932 18958 19079 D VrApi : setSchedFifoStatic tid:18971 pto:1
10-25 21:52:05.932 4130 4130 D KnoxNotification: ----- inflateViews : modified KnoxViewLocal -----
10-25 21:52:05.932 3970 19126 V VRManagerServer: (VRManagerService.java:707) snDW [Found pkg:foo.ProductName pid=18958]
10-25 21:52:05.932 3970 17522 V VRManagerServer: (VRManagerService.java:401) yTqX [setThreadSchedFifo pkg=com.foo.ProductName pid=18958 tid=18971 prio=1]
10-25 21:52:05.932 3970 17522 V VRManagerServer: (VRManagerService.java:405) yTqX [setAffinity pid=18971 cpus=[4, 5, 6, 7]]
10-25 21:52:05.932 3970 19126 V VRManagerServer: (VRManagerService.java:731) yTqX [setAffinity pid=18991 cpus=[0, 1, 2, 3]]
10-25 21:52:05.932 3970 19126 V VRManagerServer: (VRManagerService.java:731) yTqX [setAffinity pid=18993 cpus=[0, 1, 2, 3]]
10-25 21:52:05.932 3520 5770 D PackageManager: setEnabledSetting : userId = 0 packageName = com.facebook.appmanager cmp = com.facebook.oxygen.appmanager.nekodirect.NekoDirectService newState = 2 callingPackage = 10128
10-25 21:52:05.932 18958 19079 D VRManagerGearVR: VRManager set thread priority to 1
10-25 21:52:05.932 18958 19079 I VrApi_Clocks: SetSchedFifo( tid=18971, pri=1 ) succeeded
10-25 21:52:05.932 18958 19079 W TimeWarp: VSync 5013054: eye=1,late=20.7ms,over=0.0ms,CPU=0.5ms,GPU>=0.0
10-25 21:52:05.942 3970 19126 V VRManagerServer: (VRManagerService.java:731) yTqX [setAffinity pid=18994 cpus=[0, 1, 2, 3]]
10-25 21:52:05.942 18958 19079 W TimeWarp: VSync 5013055: eye=1,late=5.1ms,over=0.0ms,CPU=1.0ms,GPU>=2.3
10-25 21:52:05.942 4130 4130 D PhoneStatusBar: setAreThereNotifications: N=4 any=true clearable=true
10-25 21:52:05.942 3970 19126 V VRManagerServer: (VRManagerService.java:731) yTqX [setAffinity pid=19013 cpus=[0, 1, 2, 3]]
10-25 21:52:05.942 3520 4041 D PackageManager: setEnabledSetting : userId = 0 packageName = com.facebook.appmanager cmp = com.facebook.oxygen.appmanager.nekodirect.progress.ProgressContentProvider newState = 2 callingPackage = 10128
10-25 21:52:05.942 3970 19126 V VRManagerServer: (VRManagerService.java:731) yTqX [setAffinity pid=19014 cpus=[0, 1, 2, 3]]
10-25 21:52:05.942 3970 19126 V VRManagerServer: (VRManagerService.java:731) yTqX [setAffinity pid=19015 cpus=[0, 1, 2, 3]]
10-25 21:52:05.952 3970 19126 V VRManagerServer: (VRManagerService.java:731) yTqX [setAffinity pid=19016 cpus=[0, 1, 2, 3]]
10-25 21:52:05.952 3970 19126 V VRManagerServer: (VRManagerService.java:731) yTqX [setAffinity pid=19017 cpus=[0, 1, 2, 3]]
10-25 21:52:05.952 3970 19126 V VRManagerServer: (VRManagerService.java:731) yTqX [setAffinity pid=19018 cpus=[0, 1, 2, 3]]
10-25 21:52:05.952 3970 19126 V VRManagerServer: (VRManagerService.java:731) yTqX [setAffinity pid=19019 cpus=[0, 1, 2, 3]]
10-25 21:52:05.952 3970 19126 V VRManagerServer: (VRManagerService.java:731) yTqX [setAffinity pid=19020 cpus=[0, 1, 2, 3]]
10-25 21:52:05.952 3970 19126 V VRManagerServer: (VRManagerService.java:731) yTqX [setAffinity pid=19021 cpus=[0, 1, 2, 3]]
10-25 21:52:05.962 3970 19126 V VRManagerServer: (VRManagerService.java:731) yTqX [setAffinity pid=19022 cpus=[0, 1, 2, 3]]
10-25 21:52:05.962 3970 19126 V VRManagerServer: (VRManagerService.java:731) yTqX [setAffinity pid=19023 cpus=[0, 1, 2, 3]]
10-25 21:52:05.962 3970 19126 V VRManagerServer: (VRManagerService.java:731) yTqX [setAffinity pid=19024 cpus=[0, 1, 2, 3]]
10-25 21:52:05.962 3970 19126 V VRManagerServer: (VRManagerService.java:731) yTqX [setAffinity pid=19025 cpus=[0, 1, 2, 3]]
10-25 21:52:05.962 3970 19126 V VRManagerServer: (VRManagerService.java:731) yTqX [setAffinity pid=19026 cpus=[0, 1, 2, 3]]
10-25 21:52:05.962 3970 19126 V VRManagerServer: (VRManagerService.java:731) yTqX [setAffinity pid=19027 cpus=[0, 1, 2, 3]]
10-25 21:52:05.972 3970 19126 V VRManagerServer: (VRManagerService.java:731) yTqX [setAffinity pid=19028 cpus=[0, 1, 2, 3]]
10-25 21:52:06.062 3520 3530 I art : Background partial concurrent mark sweep GC freed 68779(3MB) AllocSpace objects, 10(280KB) LOS objects, 24% free, 50MB/66MB, paused 2.924ms total 298.652ms
10-25 21:52:06.312 18319 18949 D VRSVC_log: GetFeatureReport [10][0]
10-25 21:52:06.312 18319 18949 D VRSVC_log: nativeGetUn: GetFeatureReport ret is 64
10-25 21:52:06.312 18319 18949 D VRSVC_log: mUN : R00240G2HAD0
10-25 21:52:06.312 18319 18949 D VRSVC_log: UTF8 WARNING: NewStringUTF input is R00240G2HAD0
10-25 21:52:06.322 18319 18949 V VRSVC : (HmtSensorEvent.java:209) MFdC [getSerial() uuid=R00240G2HAD0 uuidOnPhone=R00240G2HAD0]
10-25 21:52:06.322 18319 18949 V VRSVC : (HmtSensorEvent.java:216) MFdC [Already have same UUID uuidOnPhone=R00240G2HAD0 serial=RFAGC07MZVB]
10-25 21:52:06.432 18958 19046 I OVR : DeviceManagerThread - event 43 (0Hz) (Tid=19046)
10-25 21:52:06.632 18958 19098 I VrApi : FPS=0,Prd=0ms,Tear=0,Early=0,Stale=0,VSnc=0,Lat=1,CPU4/GPU=2/2,800/420MHz,OC=FF,TA=F0/F0/F0/F0,SP=F/F/F/F,Mem=1026MHz,Free=1433MB,PSM=0,PLS=0,Temp=26.3C/26.5C
10-25 21:52:06.922 3520 3598 D KnoxTimeoutHandler: notifyActivityDrawn [MsgParam] userId: 0 fullscreen is true showWhenlocked is true
10-25 21:52:06.922 3520 3520 D KnoxTimeoutHandler: activityDrawn [MsgParam] userId: 0 fullscreen is true showWhenlocked is true
10-25 21:52:06.922 3099 4021 I SurfaceFlinger: id=890 Removed Nono foregr (12/21)
10-25 21:52:06.922 3099 3287 I SurfaceFlinger: id=890 Removed Nono foregr (-2/21)
10-25 21:52:06.922 3520 3520 I KnoxTimeoutHandler: SD activityfalse
10-25 21:52:06.932 3520 3598 D KnoxTimeoutHandler: notifyActivityDrawn [MsgParam] userId: 0 fullscreen is true showWhenlocked is true
10-25 21:52:06.932 3520 3520 D KnoxTimeoutHandler: activityDrawn [MsgParam] userId: 0 fullscreen is true showWhenlocked is true
10-25 21:52:06.932 3520 3520 I KnoxTimeoutHandler: SD activityfalse
10-25 21:52:06.932 3099 3099 D libEGL : eglTerminate EGLDisplay = 0x7fc6961268
10-25 21:52:07.242 18319 18319 V VRSVC : (SamsungDiagnosticEvent.java:405) QdBd [mLastTopActivity null ignored.]
10-25 21:52:07.262 18319 18935 I System.out: (HTTPLog)-Static: isSBSettingEnabled false
10-25 21:52:07.262 18319 18935 I System.out: (HTTPLog)-Static: isSBSettingEnabled false
10-25 21:52:07.392 3520 4096 W System.err: remove failed: ENOENT (No such file or directory) : /data/system/recent_tasks/716_task.xml.bak
10-25 21:52:07.432 18958 19046 I OVR : DeviceManagerThread - event 43 (498Hz) (Tid=19046)
10-25 21:52:07.622 18958 19098 I VrApi : FPS=3,Prd=5ms,Tear=2,Early=0,Stale=4,VSnc=0,Lat=1,CPU4/GPU=2/2,800/420MHz,OC=FF,TA=F0/F0/F0/F0,SP=F/F/F/F,Mem=1026MHz,Free=1433MB,PSM=0,PLS=0,Temp=26.3C/26.5C
10-25 21:52:08.432 18958 19046 I OVR : DeviceManagerThread - event 43 (500Hz) (Tid=19046)
10-25 21:52:08.622 18958 19098 I VrApi : FPS=60,Prd=48ms,Tear=2,Early=58,Stale=3,VSnc=1,Lat=1,CPU4/GPU=2/2,800/420MHz,OC=FF,TA=F0/F0/F0/F0,SP=F/F/F/F,Mem=1026MHz,Free=1433MB,PSM=0,PLS=0,Temp=26.3C/26.5C
10-25 21:52:08.792 18319 18319 V VRSVC : (KeyguardControlEvent.java:52) handleMessage [handleMessage() what:0]
10-25 21:52:08.792 18319 18319 V VRSVC : (KeyguardDisableManager.java:55) QdBd [disableKeyguard]
10-25 21:52:08.792 4130 2009 D KeyguardViewMediator: setKeyguardEnabled(false)
10-25 21:52:08.792 3520 3598 I art : Starting a blocking GC Explicit
10-25 21:52:09.062 3520 3598 I art : Explicit concurrent mark sweep GC freed 13329(851KB) AllocSpace objects, 7(140KB) LOS objects, 24% free, 49MB/65MB, paused 2.739ms total 264.823ms
10-25 21:52:09.152 4130 4343 D NetworkController.MobileSignalController(0/2147483643): onSignalStrengthsChanged signalStrength=SignalStrength: 17 99 -17 -200 -17 -200 -1 99 2147483647 2147483647 2147483647 2147483647 2147483647 0x5 gsm|lte level=5
10-25 21:52:09.152 4130 4343 D NetworkController.MobileSignalController(0/2147483643): getMobileIconGroup(): 0
10-25 21:52:09.152 4130 4343 D NetworkController.MobileSignalController(0/2147483643): updateTMOMobileIconGroup(): 0
10-25 21:52:09.152 4425 4425 D WfcPhoneStateListener: onSignalStrengthsChanged(): signal strength did not change
10-25 21:52:09.432 18958 19046 I OVR : DeviceManagerThread - event 43 (498Hz) (Tid=19046)
10-25 21:52:09.622 18958 19098 I VrApi : FPS=60,Prd=50ms,Tear=0,Early=60,Stale=0,VSnc=1,Lat=1,CPU4/GPU=2/2,800/420MHz,OC=FF,TA=F0/F0/F0/F0,SP=F/F/F/F,Mem=1026MHz,Free=1435MB,PSM=0,PLS=0,Temp=26.3C/26.5C
10-25 21:52:09.852 3520 3520 I Tethering: BATTERY_CHANGED, level = 100lowBatteryThreshold = 15
10-25 21:52:09.852 4130 4130 D KeyguardUpdateMonitor: received broadcast android.intent.action.BATTERY_CHANGED
10-25 21:52:09.852 4130 4130 D KeyguardUpdateMonitor: handleBatteryUpdate
10-25 21:52:09.862 4590 4590 D BatteryMonitor: new battery level: 100
10-25 21:52:09.872 18319 18319 D VRSVC : (BatteryEvent.java:72) onReceive [intent action=android.intent.action.BATTERY_CHANGED isInitialStickyBroadcast=false]
10-25 21:52:09.872 18319 18319 V VRSVC : (BatteryEvent.java:86) yTqX [handleIntentBattery batteryLevel=100 batteryStatus=3 batteryPlugged=0 batteryTemperature=263]
10-25 21:52:09.872 18319 18319 D VRSVC : (SamsungDiagnosticEvent.java:294) onReceive [intent action=android.intent.action.BATTERY_CHANGED isInitialStickyBroadcast=false]
10-25 21:52:10.352 18958 19134 I System.out: (HTTPLog)-Static: isSBSettingEnabled false
10-25 21:52:10.352 18958 19134 I System.out: (HTTPLog)-Static: isSBSettingEnabled false
10-25 21:52:10.362 3110 3781 D EnterpriseController: netId is 0
10-25 21:52:10.362 3110 3781 D Netd : getNetworkForDns: using netid 502 for uid 10273
10-25 21:52:10.402 18958 19079 W TimeWarp: VSync 5013324: eye=1,late=0.0ms,over=0.0ms,CPU=0.5ms,GPU>=7.8
10-25 21:52:10.412 18958 19079 D VrApi : setSchedFifoStatic tid:18971 pto:0
10-25 21:52:10.422 3970 3998 V VRManagerServer: (VRManagerService.java:401) yTqX [setThreadSchedFifo pkg=com.foo.ProductName pid=18958 tid=18971 prio=0]
10-25 21:52:10.422 3970 3998 V VRManagerServer: (VRManagerService.java:405) yTqX [setAffinity pid=18971 cpus=[4, 5, 6, 7]]
10-25 21:52:10.422 18958 19079 D VRManagerGearVR: VRManager set thread priority to 0
10-25 21:52:10.422 18958 19079 I VrApi_Clocks: SetSchedFifo( tid=18971, pri=0 ) succeeded
10-25 21:52:10.422 18958 19079 D VrApi : setSchedFifoStatic tid:18971 pto:0
10-25 21:52:10.422 3970 3999 V VRManagerServer: (VRManagerService.java:401) yTqX [setThreadSchedFifo pkg=com.foo.ProductName pid=18958 tid=18971 prio=0]
10-25 21:52:10.432 3970 3999 V VRManagerServer: (VRManagerService.java:405) yTqX [setAffinity pid=18971 cpus=[4, 5, 6, 7]]
10-25 21:52:10.432 18958 19079 D VRManagerGearVR: VRManager set thread priority to 0
10-25 21:52:10.432 18958 19079 I VrApi_Clocks: SetSchedFifo( tid=18971, pri=0 ) succeeded
10-25 21:52:10.432 18958 19079 W TimeWarp: VSync 5013325: eye=1,late=20.8ms,over=0.0ms,CPU=0.9ms,GPU>=0.0
10-25 21:52:10.432 18958 19046 I OVR : DeviceManagerThread - event 43 (500Hz) (Tid=19046)
10-25 21:52:10.432 18958 19079 W TimeWarp: VSync 5013326: eye=1,late=6.1ms,over=0.0ms,CPU=0.8ms,GPU>=1.4
10-25 21:52:10.582 18958 19079 W TimeWarp: VSync 5013335: eye=1,late=0.0ms,over=0.0ms,CPU=1.1ms,GPU>=7.2
10-25 21:52:10.622 18958 19098 I VrApi : FPS=61,Prd=50ms,Tear=0,Early=61,Stale=0,VSnc=1,Lat=1,CPU4/GPU=2/2,1000/420MHz,OC=FF,TA=F0/F0/F0/F0,SP=F/F/N/N,Mem=1026MHz,Free=1400MB,PSM=0,PLS=0,Temp=26.3C/27.0C
10-25 21:52:10.632 18958 19079 D VrApi : setSchedFifoStatic tid:18971 pto:1
10-25 21:52:10.642 3970 3998 V VRManagerServer: (VRManagerService.java:401) yTqX [setThreadSchedFifo pkg=com.foo.ProductName pid=18958 tid=18971 prio=1]
10-25 21:52:10.642 3970 3998 V VRManagerServer: (VRManagerService.java:405) yTqX [setAffinity pid=18971 cpus=[4, 5, 6, 7]]
10-25 21:52:10.642 18958 19079 D VRManagerGearVR: VRManager set thread priority to 1
10-25 21:52:10.642 18958 19079 I VrApi_Clocks: SetSchedFifo( tid=18971, pri=1 ) succeeded
10-25 21:52:10.642 18958 19079 D VrApi : setSchedFifoStatic tid:18971 pto:1
10-25 21:52:10.642 3970 3999 V VRManagerServer: (VRManagerService.java:401) yTqX [setThreadSchedFifo pkg=com.foo.ProductName pid=18958 tid=18971 prio=1]
10-25 21:52:10.642 3970 3999 V VRManagerServer: (VRManagerService.java:405) yTqX [setAffinity pid=18971 cpus=[4, 5, 6, 7]]
10-25 21:52:10.652 18958 19079 D VRManagerGearVR: VRManager set thread priority to 1
10-25 21:52:10.652 18958 19079 I VrApi_Clocks: SetSchedFifo( tid=18971, pri=1 ) succeeded
10-25 21:52:10.652 18958 19079 W TimeWarp: VSync 5013339: eye=1,late=6.6ms,over=0.0ms,CPU=0.7ms,GPU>=1.1
10-25 21:52:10.742 18958 19079 D VrApi : setSchedFifoStatic tid:18971 pto:0
10-25 21:52:10.742 3970 17298 V VRManagerServer: (VRManagerService.java:401) yTqX [setThreadSchedFifo pkg=com.foo.ProductName pid=18958 tid=18971 prio=0]
10-25 21:52:10.742 3970 17298 V VRManagerServer: (VRManagerService.java:405) yTqX [setAffinity pid=18971 cpus=[4, 5, 6, 7]]
10-25 21:52:10.752 18958 19079 D VRManagerGearVR: VRManager set thread priority to 0
10-25 21:52:10.752 18958 19079 I VrApi_Clocks: SetSchedFifo( tid=18971, pri=0 ) succeeded
10-25 21:52:10.752 18958 19079 D VrApi : setSchedFifoStatic tid:18971 pto:0
10-25 21:52:10.752 3970 17522 V VRManagerServer: (VRManagerService.java:401) yTqX [setThreadSchedFifo pkg=com.foo.ProductName pid=18958 tid=18971 prio=0]
10-25 21:52:10.752 3970 17522 V VRManagerServer: (VRManagerService.java:405) yTqX [setAffinity pid=18971 cpus=[4, 5, 6, 7]]
10-25 21:52:10.752 18958 19079 D VRManagerGearVR: VRManager set thread priority to 0
10-25 21:52:10.752 18958 19079 I VrApi_Clocks: SetSchedFifo( tid=18971, pri=0 ) succeeded
10-25 21:52:10.762 18958 19079 W TimeWarp: VSync 5013345: eye=1,late=13.3ms,over=0.0ms,CPU=1.3ms,GPU>=0.0
10-25 21:52:10.802 18958 19079 D VrApi : setSchedFifoStatic tid:18971 pto:1
10-25 21:52:10.802 3970 3999 V VRManagerServer: (VRManagerService.java:401) yTqX [setThreadSchedFifo pkg=com.foo.ProductName pid=18958 tid=18971 prio=1]
10-25 21:52:10.802 3970 3999 V VRManagerServer: (VRManagerService.java:405) yTqX [setAffinity pid=18971 cpus=[4, 5, 6, 7]]
10-25 21:52:10.812 18958 19079 D VRManagerGearVR: VRManager set thread priority to 1
10-25 21:52:10.812 18958 19079 I VrApi_Clocks: SetSchedFifo( tid=18971, pri=1 ) succeeded
10-25 21:52:10.812 18958 19079 D VrApi : setSchedFifoStatic tid:18971 pto:1
10-25 21:52:10.812 3970 3998 V VRManagerServer: (VRManagerService.java:401) yTqX [setThreadSchedFifo pkg=com.foo.ProductName pid=18958 tid=18971 prio=1]
10-25 21:52:10.812 3970 3998 V VRManagerServer: (VRManagerService.java:405) yTqX [setAffinity pid=18971 cpus=[4, 5, 6, 7]]
10-25 21:52:10.812 18958 19079 D VRManagerGearVR: VRManager set thread priority to 1
10-25 21:52:10.812 18958 19079 I VrApi_Clocks: SetSchedFifo( tid=18971, pri=1 ) succeeded
10-25 21:52:10.822 18958 19079 W TimeWarp: VSync 5013349: eye=1,late=6.0ms,over=0.0ms,CPU=0.7ms,GPU>=1.6
10-25 21:52:10.852 4130 4343 D NetworkController.MobileSignalController(0/2147483643): onSignalStrengthsChanged signalStrength=SignalStrength: 16 99 -16 -200 -16 -200 -1 99 2147483647 2147483647 2147483647 2147483647 2147483647 0x5 gsm|lte level=5
10-25 21:52:10.852 4130 4343 D NetworkController.MobileSignalController(0/2147483643): getMobileIconGroup(): 0
10-25 21:52:10.852 4130 4343 D NetworkController.MobileSignalController(0/2147483643): updateTMOMobileIconGroup(): 0
10-25 21:52:10.852 4425 4425 D WfcPhoneStateListener: onSignalStrengthsChanged(): signal strength did not change
10-25 21:52:10.902 18958 19079 D VrApi : setSchedFifoStatic tid:18971 pto:0
10-25 21:52:10.902 3970 17298 V VRManagerServer: (VRManagerService.java:401) yTqX [setThreadSchedFifo pkg=com.foo.ProductName pid=18958 tid=18971 prio=0]
10-25 21:52:10.912 3970 17298 V VRManagerServer: (VRManagerService.java:405) yTqX [setAffinity pid=18971 cpus=[4, 5, 6, 7]]
10-25 21:52:10.912 18958 19079 D VRManagerGearVR: VRManager set thread priority to 0
10-25 21:52:10.912 18958 19079 I VrApi_Clocks: SetSchedFifo( tid=18971, pri=0 ) succeeded
10-25 21:52:10.912 18958 19079 D VrApi : setSchedFifoStatic tid:18971 pto:0
10-25 21:52:10.912 3970 3999 V VRManagerServer: (VRManagerService.java:401) yTqX [setThreadSchedFifo pkg=com.foo.ProductName pid=18958 tid=18971 prio=0]
10-25 21:52:10.912 3970 3999 V VRManagerServer: (VRManagerService.java:405) yTqX [setAffinity pid=18971 cpus=[4, 5, 6, 7]]
10-25 21:52:10.922 18958 19079 D VRManagerGearVR: VRManager set thread priority to 0
10-25 21:52:10.922 18958 19079 I VrApi_Clocks: SetSchedFifo( tid=18971, pri=0 ) succeeded
10-25 21:52:10.922 18958 19079 W TimeWarp: VSync 5013355: eye=1,late=8.8ms,over=0.0ms,CPU=0.8ms,GPU>=0.0
10-25 21:52:10.972 18958 19079 D VrApi : setSchedFifoStatic tid:18971 pto:1
10-25 21:52:10.972 3970 3998 V VRManagerServer: (VRManagerService.java:401) yTqX [setThreadSchedFifo pkg=com.foo.ProductName pid=18958 tid=18971 prio=1]
10-25 21:52:10.972 3970 3998 V VRManagerServer: (VRManagerService.java:405) yTqX [setAffinity pid=18971 cpus=[4, 5, 6, 7]]
10-25 21:52:10.972 18958 19079 D VRManagerGearVR: VRManager set thread priority to 1
10-25 21:52:10.972 18958 19079 I VrApi_Clocks: SetSchedFifo( tid=18971, pri=1 ) succeeded
10-25 21:52:10.972 18958 19079 D VrApi : setSchedFifoStatic tid:18971 pto:1
10-25 21:52:10.982 3970 17522 V VRManagerServer: (VRManagerService.java:401) yTqX [setThreadSchedFifo pkg=com.foo.ProductName pid=18958 tid=18971 prio=1]
10-25 21:52:10.982 3970 17522 V VRManagerServer: (VRManagerService.java:405) yTqX [setAffinity pid=18971 cpus=[4, 5, 6, 7]]
10-25 21:52:10.982 18958 19079 D VRManagerGearVR: VRManager set thread priority to 1
10-25 21:52:10.982 18958 19079 I VrApi_Clocks: SetSchedFifo( tid=18971, pri=1 ) succeeded
10-25 21:52:10.982 18958 19079 W TimeWarp: VSync 5013359: eye=1,late=7.4ms,over=0.0ms,CPU=0.5ms,GPU>=0.5
10-25 21:52:11.062 18958 19079 D VrApi : setSchedFifoStatic tid:18971 pto:0
10-25 21:52:11.072 3970 17298 V VRManagerServer: (VRManagerService.java:401) yTqX [setThreadSchedFifo pkg=com.foo.ProductName pid=18958 tid=18971 prio=0]
10-25 21:52:11.072 3970 17298 V VRManagerServer: (VRManagerService.java:405) yTqX [setAffinity pid=18971 cpus=[4, 5, 6, 7]]
10-25 21:52:11.072 18958 19079 D VRManagerGearVR: VRManager set thread priority to 0
10-25 21:52:11.072 18958 19079 I VrApi_Clocks: SetSchedFifo( tid=18971, pri=0 ) succeeded
10-25 21:52:11.072 18958 19079 D VrApi : setSchedFifoStatic tid:18971 pto:0
10-25 21:52:11.082 3970 3999 V VRManagerServer: (VRManagerService.java:401) yTqX [setThreadSchedFifo pkg=com.foo.ProductName pid=18958 tid=18971 prio=0]
10-25 21:52:11.082 3970 3999 V VRManagerServer: (VRManagerService.java:405) yTqX [setAffinity pid=18971 cpus=[4, 5, 6, 7]]
10-25 21:52:11.082 18958 19079 D VRManagerGearVR: VRManager set thread priority to 0
10-25 21:52:11.082 18958 19079 I VrApi_Clocks: SetSchedFifo( tid=18971, pri=0 ) succeeded
10-25 21:52:11.082 18958 19079 W TimeWarp: VSync 5013365: eye=1,late=8.7ms,over=0.0ms,CPU=0.6ms,GPU>=0.0
10-25 21:52:11.132 18958 19079 D VrApi : setSchedFifoStatic tid:18971 pto:1
10-25 21:52:11.142 3970 3998 V VRManagerServer: (VRManagerService.java:401) yTqX [setThreadSchedFifo pkg=com.foo.ProductName pid=18958 tid=18971 prio=1]
10-25 21:52:11.142 3970 3998 V VRManagerServer: (VRManagerService.java:405) yTqX [setAffinity pid=18971 cpus=[4, 5, 6, 7]]
10-25 21:52:11.142 18958 19079 D VRManagerGearVR: VRManager set thread priority to 1
10-25 21:52:11.142 18958 19079 I VrApi_Clocks: SetSchedFifo( tid=18971, pri=1 ) succeeded
10-25 21:52:11.142 18958 19079 D VrApi : setSchedFifoStatic tid:18971 pto:1
10-25 21:52:11.152 3970 17522 V VRManagerServer: (VRManagerService.java:401) yTqX [setThreadSchedFifo pkg=com.foo.ProductName pid=18958 tid=18971 prio=1]
10-25 21:52:11.152 3970 17522 V VRManagerServer: (VRManagerService.java:405) yTqX [setAffinity pid=18971 cpus=[4, 5, 6, 7]]
10-25 21:52:11.152 18958 19079 D VRManagerGearVR: VRManager set thread priority to 1
10-25 21:52:11.152 18958 19079 I VrApi_Clocks: SetSchedFifo( tid=18971, pri=1 ) succeeded
10-25 21:52:11.152 18958 19079 W TimeWarp: VSync 5013369: eye=1,late=12.6ms,over=0.0ms,CPU=0.4ms,GPU>=0.0
10-25 21:52:11.232 18958 19079 D VrApi : setSchedFifoStatic tid:18971 pto:0
10-25 21:52:11.232 3970 17298 V VRManagerServer: (VRManagerService.java:401) yTqX [setThreadSchedFifo pkg=com.foo.ProductName pid=18958 tid=18971 prio=0]
10-25 21:52:11.232 3970 17298 V VRManagerServer: (VRManagerService.java:405) yTqX [setAffinity pid=18971 cpus=[4, 5, 6, 7]]
10-25 21:52:11.242 18958 19079 D VRManagerGearVR: VRManager set thread priority to 0
10-25 21:52:11.242 18958 19079 I VrApi_Clocks: SetSchedFifo( tid=18971, pri=0 ) succeeded
10-25 21:52:11.242 18958 19079 D VrApi : setSchedFifoStatic tid:18971 pto:0
10-25 21:52:11.242 3970 3999 V VRManagerServer: (VRManagerService.java:401) yTqX [setThreadSchedFifo pkg=com.foo.ProductName pid=18958 tid=18971 prio=0]
10-25 21:52:11.242 3970 3999 V VRManagerServer: (VRManagerService.java:405) yTqX [setAffinity pid=18971 cpus=[4, 5, 6, 7]]
10-25 21:52:11.242 18958 19079 D VRManagerGearVR: VRManager set thread priority to 0
10-25 21:52:11.242 18958 19079 I VrApi_Clocks: SetSchedFifo( tid=18971, pri=0 ) succeeded
10-25 21:52:11.252 18958 19079 W TimeWarp: VSync 5013375: eye=1,late=6.6ms,over=0.0ms,CPU=0.5ms,GPU>=1.2
10-25 21:52:11.262 18958 19141 I System.out: (HTTPLog)-Static: isSBSettingEnabled false
10-25 21:52:11.262 18958 19141 I System.out: (HTTPLog)-Static: isSBSettingEnabled false
10-25 21:52:11.262 3110 3781 D EnterpriseController: netId is 0
10-25 21:52:11.262 3110 3781 D Netd : getNetworkForDns: using netid 502 for uid 10273
10-25 21:52:11.262 18958 19079 W TimeWarp: VSync 5013376: eye=1,late=0.0ms,over=0.1ms,CPU=0.5ms,GPU>=7.6
10-25 21:52:11.262 18958 19079 D VrApi : setSchedFifoStatic tid:18971 pto:1
10-25 21:52:11.272 3970 3998 V VRManagerServer: (VRManagerService.java:401) yTqX [setThreadSchedFifo pkg=com.foo.ProductName pid=18958 tid=18971 prio=1]
10-25 21:52:11.272 3970 3998 V VRManagerServer: (VRManagerService.java:405) yTqX [setAffinity pid=18971 cpus=[4, 5, 6, 7]]
10-25 21:52:11.272 18958 19079 D VRManagerGearVR: VRManager set thread priority to 1
10-25 21:52:11.272 18958 19079 I VrApi_Clocks: SetSchedFifo( tid=18971, pri=1 ) succeeded
10-25 21:52:11.272 18958 19079 D VrApi : setSchedFifoStatic tid:18971 pto:1
10-25 21:52:11.282 3970 17522 V VRManagerServer: (VRManagerService.java:401) yTqX [setThreadSchedFifo pkg=com.foo.ProductName pid=18958 tid=18971 prio=1]
10-25 21:52:11.282 3970 17522 V VRManagerServer: (VRManagerService.java:405) yTqX [setAffinity pid=18971 cpus=[4, 5, 6, 7]]
10-25 21:52:11.282 18958 19079 D VRManagerGearVR: VRManager set thread priority to 1
10-25 21:52:11.282 18958 19079 I VrApi_Clocks: SetSchedFifo( tid=18971, pri=1 ) succeeded
10-25 21:52:11.282 18958 19079 W TimeWarp: VSync 5013377: eye=1,late=8.2ms,over=0.0ms,CPU=0.4ms,GPU>=0.0
10-25 21:52:11.362 18958 19079 D VrApi : setSchedFifoStatic tid:18971 pto:0
10-25 21:52:11.372 3970 3999 V VRManagerServer: (VRManagerService.java:401) yTqX [setThreadSchedFifo pkg=com.foo.ProductName pid=18958 tid=18971 prio=0]
10-25 21:52:11.372 3970 3999 V VRManagerServer: (VRManagerService.java:405) yTqX [setAffinity pid=18971 cpus=[4, 5, 6, 7]]
10-25 21:52:11.372 18958 19079 D VRManagerGearVR: VRManager set thread priority to 0
10-25 21:52:11.372 18958 19079 I VrApi_Clocks: SetSchedFifo( tid=18971, pri=0 ) succeeded
10-25 21:52:11.372 18958 19079 D VrApi : setSchedFifoStatic tid:18971 pto:0
10-25 21:52:11.372 3970 17298 V VRManagerServer: (VRManagerService.java:401) yTqX [setThreadSchedFifo pkg=com.foo.ProductName pid=18958 tid=18971 prio=0]
10-25 21:52:11.372 3970 17298 V VRManagerServer: (VRManagerService.java:405) yTqX [setAffinity pid=18971 cpus=[4, 5, 6, 7]]
10-25 21:52:11.382 18958 19079 D VRManagerGearVR: VRManager set thread priority to 0
10-25 21:52:11.382 18958 19079 I VrApi_Clocks: SetSchedFifo( tid=18971, pri=0 ) succeeded
10-25 21:52:11.382 18958 19079 W TimeWarp: VSync 5013383: eye=1,late=5.9ms,over=0.0ms,CPU=0.5ms,GPU>=2.0
10-25 21:52:11.402 18958 19079 D VrApi : setSchedFifoStatic tid:18971 pto:1
10-25 21:52:11.402 3970 3998 V VRManagerServer: (VRManagerService.java:401) yTqX [setThreadSchedFifo pkg=com.foo.ProductName pid=18958 tid=18971 prio=1]
10-25 21:52:11.402 3970 3998 V VRManagerServer: (VRManagerService.java:405) yTqX [setAffinity pid=18971 cpus=[4, 5, 6, 7]]
10-25 21:52:11.402 18958 19079 D VRManagerGearVR: VRManager set thread priority to 1
10-25 21:52:11.402 18958 19079 I VrApi_Clocks: SetSchedFifo( tid=18971, pri=1 ) succeeded
10-25 21:52:11.402 18958 19079 D VrApi : setSchedFifoStatic tid:18971 pto:1
10-25 21:52:11.412 3970 17522 V VRManagerServer: (VRManagerService.java:401) yTqX [setThreadSchedFifo pkg=com.foo.ProductName pid=18958 tid=18971 prio=1]
10-25 21:52:11.412 3970 17522 V VRManagerServer: (VRManagerService.java:405) yTqX [setAffinity pid=18971 cpus=[4, 5, 6, 7]]
10-25 21:52:11.412 18958 19079 D VRManagerGearVR: VRManager set thread priority to 1
10-25 21:52:11.412 18958 19079 I VrApi_Clocks: SetSchedFifo( tid=18971, pri=1 ) succeeded
10-25 21:52:11.412 18958 19079 W TimeWarp: VSync 5013385: eye=1,late=6.1ms,over=0.0ms,CPU=0.5ms,GPU>=1.7
10-25 21:52:11.432 18958 19046 I OVR : DeviceManagerThread - event 43 (500Hz) (Tid=19046)
10-25 21:52:11.502 18958 19079 D VrApi : setSchedFifoStatic tid:18971 pto:0
10-25 21:52:11.502 3970 3999 V VRManagerServer: (VRManagerService.java:401) yTqX [setThreadSchedFifo pkg=com.foo.ProductName pid=18958 tid=18971 prio=0]
10-25 21:52:11.502 3970 3999 V VRManagerServer: (VRManagerService.java:405) yTqX [setAffinity pid=18971 cpus=[4, 5, 6, 7]]
10-25 21:52:11.502 18958 19079 D VRManagerGearVR: VRManager set thread priority to 0
10-25 21:52:11.502 18958 19079 I VrApi_Clocks: SetSchedFifo( tid=18971, pri=0 ) succeeded
10-25 21:52:11.502 18958 19079 D VrApi : setSchedFifoStatic tid:18971 pto:0
10-25 21:52:11.512 3970 3998 V VRManagerServer: (VRManagerService.java:401) yTqX [setThreadSchedFifo pkg=com.foo.ProductName pid=18958 tid=18971 prio=0]
10-25 21:52:11.512 3970 3998 V VRManagerServer: (VRManagerService.java:405) yTqX [setAffinity pid=18971 cpus=[4, 5, 6, 7]]
10-25 21:52:11.512 18958 19079 D VRManagerGearVR: VRManager set thread priority to 0
10-25 21:52:11.512 18958 19079 I VrApi_Clocks: SetSchedFifo( tid=18971, pri=0 ) succeeded
10-25 21:52:11.512 18958 19079 W TimeWarp: VSync 5013391: eye=1,late=7.6ms,over=0.0ms,CPU=0.4ms,GPU>=0.3
10-25 21:52:11.532 18958 19079 D VrApi : setSchedFifoStatic tid:18971 pto:1
10-25 21:52:11.532 3970 17298 V VRManagerServer: (VRManagerService.java:401) yTqX [setThreadSchedFifo pkg=com.foo.ProductName pid=18958 tid=18971 prio=1]
10-25 21:52:11.532 3970 17298 V VRManagerServer: (VRManagerService.java:405) yTqX [setAffinity pid=18971 cpus=[4, 5, 6, 7]]
10-25 21:52:11.542 18958 19079 D VRManagerGearVR: VRManager set thread priority to 1
10-25 21:52:11.542 18958 19079 I VrApi_Clocks: SetSchedFifo( tid=18971, pri=1 ) succeeded
10-25 21:52:11.542 18958 19079 D VrApi : setSchedFifoStatic tid:18971 pto:1
10-25 21:52:11.542 3970 3999 V VRManagerServer: (VRManagerService.java:401) yTqX [setThreadSchedFifo pkg=com.foo.ProductName pid=18958 tid=18971 prio=1]
10-25 21:52:11.542 3970 3999 V VRManagerServer: (VRManagerService.java:405) yTqX [setAffinity pid=18971 cpus=[4, 5, 6, 7]]
10-25 21:52:11.542 18958 19079 D VRManagerGearVR: VRManager set thread priority to 1
10-25 21:52:11.542 18958 19079 I VrApi_Clocks: SetSchedFifo( tid=18971, pri=1 ) succeeded
10-25 21:52:11.552 18958 19079 W TimeWarp: VSync 5013393: eye=1,late=7.5ms,over=0.0ms,CPU=0.4ms,GPU>=0.4
10-25 21:52:11.622 18958 19098 I VrApi : FPS=60,Prd=50ms,Tear=0,Early=60,Stale=0,VSnc=1,Lat=1,CPU4/GPU=2/2,1000/420MHz,OC=FF,TA=F0/F0/F0/F0,SP=F/F/F/F,Mem=1026MHz,Free=1396MB,PSM=0,PLS=0,Temp=26.3C/27.0C
10-25 21:52:11.632 18958 19079 D VrApi : setSchedFifoStatic tid:18971 pto:0
10-25 21:52:11.632 3970 3999 V VRManagerServer: (VRManagerService.java:401) yTqX [setThreadSchedFifo pkg=com.foo.ProductName pid=18958 tid=18971 prio=0]
10-25 21:52:11.632 3970 3999 V VRManagerServer: (VRManagerService.java:405) yTqX [setAffinity pid=18971 cpus=[4, 5, 6, 7]]
10-25 21:52:11.642 18958 19079 D VRManagerGearVR: VRManager set thread priority to 0
10-25 21:52:11.642 18958 19079 I VrApi_Clocks: SetSchedFifo( tid=18971, pri=0 ) succeeded
10-25 21:52:11.642 18958 19079 D VrApi : setSchedFifoStatic tid:18971 pto:0
10-25 21:52:11.642 3970 17298 V VRManagerServer: (VRManagerService.java:401) yTqX [setThreadSchedFifo pkg=com.foo.ProductName pid=18958 tid=18971 prio=0]
10-25 21:52:11.642 3970 17298 V VRManagerServer: (VRManagerService.java:405) yTqX [setAffinity pid=18971 cpus=[4, 5, 6, 7]]
10-25 21:52:11.642 18958 19079 D VRManagerGearVR: VRManager set thread priority to 0
10-25 21:52:11.642 18958 19079 I VrApi_Clocks: SetSchedFifo( tid=18971, pri=0 ) succeeded
10-25 21:52:11.642 18958 19079 W TimeWarp: VSync 5013399: eye=1,late=6.7ms,over=0.0ms,CPU=0.6ms,GPU>=1.0
10-25 21:52:11.652 18958 19079 D VrApi : setSchedFifoStatic tid:18971 pto:1
10-25 21:52:11.652 3970 17522 V VRManagerServer: (VRManagerService.java:401) yTqX [setThreadSchedFifo pkg=com.foo.ProductName pid=18958 tid=18971 prio=1]
10-25 21:52:11.652 3970 17522 V VRManagerServer: (VRManagerService.java:405) yTqX [setAffinity pid=18971 cpus=[4, 5, 6, 7]]
10-25 21:52:11.652 18958 19143 I System.out: (HTTPLog)-Static: isSBSettingEnabled false
10-25 21:52:11.652 18958 19143 I System.out: (HTTPLog)-Static: isSBSettingEnabled false
10-25 21:52:11.652 18958 19079 D VRManagerGearVR: VRManager set thread priority to 1
10-25 21:52:11.652 18958 19079 I VrApi_Clocks: SetSchedFifo( tid=18971, pri=1 ) succeeded
10-25 21:52:11.652 18958 19079 D VrApi : setSchedFifoStatic tid:18971 pto:1
10-25 21:52:11.662 3970 3998 V VRManagerServer: (VRManagerService.java:401) yTqX [setThreadSchedFifo pkg=com.foo.ProductName pid=18958 tid=18971 prio=1]
10-25 21:52:11.662 3970 3998 V VRManagerServer: (VRManagerService.java:405) yTqX [setAffinity pid=18971 cpus=[4, 5, 6, 7]]
10-25 21:52:11.662 18958 19079 D VRManagerGearVR: VRManager set thread priority to 1
10-25 21:52:11.662 18958 19079 I VrApi_Clocks: SetSchedFifo( tid=18971, pri=1 ) succeeded
10-25 21:52:11.662 18958 19079 W TimeWarp: VSync 5013400: eye=1,late=9.1ms,over=0.0ms,CPU=0.4ms,GPU>=0.0
10-25 21:52:11.842 18958 18971 I TimeWarp: WarpSwap: usleep( 93 )
10-25 21:52:12.132 18958 19079 D VrApi : setSchedFifoStatic tid:18971 pto:0
10-25 21:52:12.132 3970 3999 V VRManagerServer: (VRManagerService.java:401) yTqX [setThreadSchedFifo pkg=com.foo.ProductName pid=18958 tid=18971 prio=0]
10-25 21:52:12.132 3970 3999 V VRManagerServer: (VRManagerService.java:405) yTqX [setAffinity pid=18971 cpus=[4, 5, 6, 7]]
10-25 21:52:12.132 18958 19079 D VRManagerGearVR: VRManager set thread priority to 0
10-25 21:52:12.132 18958 19079 I VrApi_Clocks: SetSchedFifo( tid=18971, pri=0 ) succeeded
10-25 21:52:12.132 18958 19079 D VrApi : setSchedFifoStatic tid:18971 pto:0
10-25 21:52:12.142 3970 17298 V VRManagerServer: (VRManagerService.java:401) yTqX [setThreadSchedFifo pkg=com.foo.ProductName pid=18958 tid=18971 prio=0]
10-25 21:52:12.142 3970 17298 V VRManagerServer: (VRManagerService.java:405) yTqX [setAffinity pid=18971 cpus=[4, 5, 6, 7]]
10-25 21:52:12.142 18958 19079 D VRManagerGearVR: VRManager set thread priority to 0
10-25 21:52:12.142 18958 19079 I VrApi_Clocks: SetSchedFifo( tid=18971, pri=0 ) succeeded
10-25 21:52:12.142 18958 19079 W TimeWarp: VSync 5013429: eye=1,late=7.3ms,over=0.0ms,CPU=0.4ms,GPU>=0.7
10-25 21:52:12.142 18958 19079 D VrApi : setSchedFifoStatic tid:18971 pto:1
10-25 21:52:12.152 3970 17522 V VRManagerServer: (VRManagerService.java:401) yTqX [setThreadSchedFifo pkg=com.foo.ProductName pid=18958 tid=18971 prio=1]
10-25 21:52:12.152 3970 17522 V VRManagerServer: (VRManagerService.java:405) yTqX [setAffinity pid=18971 cpus=[4, 5, 6, 7]]
10-25 21:52:12.152 18958 19079 D VRManagerGearVR: VRManager set thread priority to 1
10-25 21:52:12.152 18958 19079 I VrApi_Clocks: SetSchedFifo( tid=18971, pri=1 ) succeeded
10-25 21:52:12.152 18958 19079 D VrApi : setSchedFifoStatic tid:18971 pto:1
10-25 21:52:12.152 3970 3998 V VRManagerServer: (VRManagerService.java:401) yTqX [setThreadSchedFifo pkg=com.foo.ProductName pid=18958 tid=18971 prio=1]
10-25 21:52:12.152 3970 3998 V VRManagerServer: (VRManagerService.java:405) yTqX [setAffinity pid=18971 cpus=[4, 5, 6, 7]]
10-25 21:52:12.162 18958 19079 D VRManagerGearVR: VRManager set thread priority to 1
10-25 21:52:12.162 18958 19079 I VrApi_Clocks: SetSchedFifo( tid=18971, pri=1 ) succeeded
10-25 21:52:12.162 18958 19079 W TimeWarp: VSync 5013430: eye=1,late=6.8ms,over=0.0ms,CPU=0.4ms,GPU>=1.1
10-25 21:52:12.242 18958 19079 D VrApi : setSchedFifoStatic tid:18971 pto:0
10-25 21:52:12.252 3970 3999 V VRManagerServer: (VRManagerService.java:401) yTqX [setThreadSchedFifo pkg=com.foo.ProductName pid=18958 tid=18971 prio=0]
10-25 21:52:12.252 3970 3999 V VRManagerServer: (VRManagerService.java:405) yTqX [setAffinity pid=18971 cpus=[4, 5, 6, 7]]
10-25 21:52:12.252 18958 19079 D VRManagerGearVR: VRManager set thread priority to 0
10-25 21:52:12.252 18958 19079 I VrApi_Clocks: SetSchedFifo( tid=18971, pri=0 ) succeeded
10-25 21:52:12.252 18958 19079 D VrApi : setSchedFifoStatic tid:18971 pto:0
10-25 21:52:12.252 3970 17298 V VRManagerServer: (VRManagerService.java:401) yTqX [setThreadSchedFifo pkg=com.foo.ProductName pid=18958 tid=18971 prio=0]
10-25 21:52:12.252 3970 17298 V VRManagerServer: (VRManagerService.java:405) yTqX [setAffinity pid=18971 cpus=[4, 5, 6, 7]]
10-25 21:52:12.262 18958 19079 D VRManagerGearVR: VRManager set thread priority to 0
10-25 21:52:12.262 18958 19079 I VrApi_Clocks: SetSchedFifo( tid=18971, pri=0 ) succeeded
10-25 21:52:12.262 18958 19079 W TimeWarp: VSync 5013436: eye=1,late=6.8ms,over=0.0ms,CPU=0.4ms,GPU>=1.1
10-25 21:52:12.262 18958 19079 D VrApi : setSchedFifoStatic tid:18971 pto:1
10-25 21:52:12.262 3970 17522 V VRManagerServer: (VRManagerService.java:401) yTqX [setThreadSchedFifo pkg=com.foo.ProductName pid=18958 tid=18971 prio=1]
10-25 21:52:12.262 3970 17522 V VRManagerServer: (VRManagerService.java:405) yTqX [setAffinity pid=18971 cpus=[4, 5, 6, 7]]
10-25 21:52:12.272 18958 19079 D VRManagerGearVR: VRManager set thread priority to 1
10-25 21:52:12.272 18958 19079 I VrApi_Clocks: SetSchedFifo( tid=18971, pri=1 ) succeeded
10-25 21:52:12.272 18958 19079 D VrApi : setSchedFifoStatic tid:18971 pto:1
10-25 21:52:12.272 3970 3998 V VRManagerServer: (VRManagerService.java:401) yTqX [setThreadSchedFifo pkg=com.foo.ProductName pid=18958 tid=18971 prio=1]
10-25 21:52:12.272 3970 3998 V VRManagerServer: (VRManagerService.java:405) yTqX [setAffinity pid=18971 cpus=[4, 5, 6, 7]]
10-25 21:52:12.272 18958 19079 D VRManagerGearVR: VRManager set thread priority to 1
10-25 21:52:12.272 18958 19079 I VrApi_Clocks: SetSchedFifo( tid=18971, pri=1 ) succeeded
10-25 21:52:12.272 18958 19079 W TimeWarp: VSync 5013437: eye=1,late=7.1ms,over=0.0ms,CPU=0.4ms,GPU>=0.8
10-25 21:52:12.362 18958 19079 D VrApi : setSchedFifoStatic tid:18971 pto:0
10-25 21:52:12.362 3970 17298 V VRManagerServer: (VRManagerService.java:401) yTqX [setThreadSchedFifo pkg=com.foo.ProductName pid=18958 tid=18971 prio=0]
10-25 21:52:12.362 3970 17298 V VRManagerServer: (VRManagerService.java:405) yTqX [setAffinity pid=18971 cpus=[4, 5, 6, 7]]
10-25 21:52:12.372 18958 19079 D VRManagerGearVR: VRManager set thread priority to 0
10-25 21:52:12.372 18958 19079 I VrApi_Clocks: SetSchedFifo( tid=18971, pri=0 ) succeeded
10-25 21:52:12.372 18958 19079 D VrApi : setSchedFifoStatic tid:18971 pto:0
10-25 21:52:12.372 3970 3999 V VRManagerServer: (VRManagerService.java:401) yTqX [setThreadSchedFifo pkg=com.foo.ProductName pid=18958 tid=18971 prio=0]
10-25 21:52:12.372 3970 3999 V VRManagerServer: (VRManagerService.java:405) yTqX [setAffinity pid=18971 cpus=[4, 5, 6, 7]]
10-25 21:52:12.372 18958 19079 D VRManagerGearVR: VRManager set thread priority to 0
10-25 21:52:12.372 18958 19079 I VrApi_Clocks: SetSchedFifo( tid=18971, pri=0 ) succeeded
10-25 21:52:12.372 18958 19079 W TimeWarp: VSync 5013443: eye=1,late=6.9ms,over=0.0ms,CPU=0.4ms,GPU>=1.0
10-25 21:52:12.392 18958 19079 W TimeWarp: VSync 5013444: eye=1,late=0.0ms,over=0.1ms,CPU=0.4ms,GPU>=7.9
10-25 21:52:12.392 18958 19079 D VrApi : setSchedFifoStatic tid:18971 pto:1
10-25 21:52:12.392 3970 17522 V VRManagerServer: (VRManagerService.java:401) yTqX [setThreadSchedFifo pkg=com.foo.ProductName pid=18958 tid=18971 prio=1]
10-25 21:52:12.402 3970 17522 V VRManagerServer: (VRManagerService.java:405) yTqX [setAffinity pid=18971 cpus=[4, 5, 6, 7]]
10-25 21:52:12.402 18958 19079 D VRManagerGearVR: VRManager set thread priority to 1
10-25 21:52:12.402 18958 19079 I VrApi_Clocks: SetSchedFifo( tid=18971, pri=1 ) succeeded
10-25 21:52:12.402 18958 19079 D VrApi : setSchedFifoStatic tid:18971 pto:1
10-25 21:52:12.402 3970 3998 V VRManagerServer: (VRManagerService.java:401) yTqX [setThreadSchedFifo pkg=com.foo.ProductName pid=18958 tid=18971 prio=1]
10-25 21:52:12.402 3970 3998 V VRManagerServer: (VRManagerService.java:405) yTqX [setAffinity pid=18971 cpus=[4, 5, 6, 7]]
10-25 21:52:12.402 18958 19079 D VRManagerGearVR: VRManager set thread priority to 1
10-25 21:52:12.402 18958 19079 I VrApi_Clocks: SetSchedFifo( tid=18971, pri=1 ) succeeded
10-25 21:52:12.412 18958 19079 W TimeWarp: VSync 5013445: eye=1,late=5.4ms,over=0.0ms,CPU=0.4ms,GPU>=2.5
10-25 21:52:12.432 18958 19046 I OVR : DeviceManagerThread - event 43 (500Hz) (Tid=19046)
10-25 21:52:12.492 18958 19079 D VrApi : setSchedFifoStatic tid:18971 pto:0
10-25 21:52:12.492 3970 17298 V VRManagerServer: (VRManagerService.java:401) yTqX [setThreadSchedFifo pkg=com.foo.ProductName pid=18958 tid=18971 prio=0]
10-25 21:52:12.502 3970 17298 V VRManagerServer: (VRManagerService.java:405) yTqX [setAffinity pid=18971 cpus=[4, 5, 6, 7]]
10-25 21:52:12.502 18958 19079 D VRManagerGearVR: VRManager set thread priority to 0
10-25 21:52:12.502 18958 19079 I VrApi_Clocks: SetSchedFifo( tid=18971, pri=0 ) succeeded
10-25 21:52:12.502 18958 19079 D VrApi : setSchedFifoStatic tid:18971 pto:0
10-25 21:52:12.502 3970 3999 V VRManagerServer: (VRManagerService.java:401) yTqX [setThreadSchedFifo pkg=com.foo.ProductName pid=18958 tid=18971 prio=0]
10-25 21:52:12.502 3970 3999 V VRManagerServer: (VRManagerService.java:405) yTqX [setAffinity pid=18971 cpus=[4, 5, 6, 7]]
10-25 21:52:12.502 18958 19079 D VRManagerGearVR: VRManager set thread priority to 0
10-25 21:52:12.512 18958 19079 I VrApi_Clocks: SetSchedFifo( tid=18971, pri=0 ) succeeded
10-25 21:52:12.512 18958 19079 W TimeWarp: VSync 5013451: eye=1,late=6.5ms,over=0.0ms,CPU=0.4ms,GPU>=1.5
10-25 21:52:12.522 18958 18971 I TimeWarp: WarpSwap: usleep( 196 )
10-25 21:52:12.522 18958 19079 W TimeWarp: VSync 5013452: eye=1,late=0.0ms,over=0.1ms,CPU=0.4ms,GPU>=7.9
10-25 21:52:12.522 18958 19079 D VrApi : setSchedFifoStatic tid:18971 pto:1
10-25 21:52:12.532 3970 17522 V VRManagerServer: (VRManagerService.java:401) yTqX [setThreadSchedFifo pkg=com.foo.ProductName pid=18958 tid=18971 prio=1]
10-25 21:52:12.532 3970 17522 V VRManagerServer: (VRManagerService.java:405) yTqX [setAffinity pid=18971 cpus=[4, 5, 6, 7]]
10-25 21:52:12.532 18958 19079 D VRManagerGearVR: VRManager set thread priority to 1
10-25 21:52:12.532 18958 19079 I VrApi_Clocks: SetSchedFifo( tid=18971, pri=1 ) succeeded
10-25 21:52:12.532 18958 19079 D VrApi : setSchedFifoStatic tid:18971 pto:1
10-25 21:52:12.532 3970 3998 V VRManagerServer: (VRManagerService.java:401) yTqX [setThreadSchedFifo pkg=com.foo.ProductName pid=18958 tid=18971 prio=1]
10-25 21:52:12.542 3970 3998 V VRManagerServer: (VRManagerService.java:405) yTqX [setAffinity pid=18971 cpus=[4, 5, 6, 7]]
10-25 21:52:12.542 18958 19079 D VRManagerGearVR: VRManager set thread priority to 1
10-25 21:52:12.542 18958 19079 I VrApi_Clocks: SetSchedFifo( tid=18971, pri=1 ) succeeded
10-25 21:52:12.542 18958 19079 W TimeWarp: VSync 5013453: eye=1,late=7.6ms,over=0.0ms,CPU=0.4ms,GPU>=0.3
10-25 21:52:12.622 18958 19098 I VrApi : FPS=27,Prd=48ms,Tear=8,Early=25,Stale=37,VSnc=1,Lat=1,CPU4/GPU=2/2,1000/420MHz,OC=FF,TA=F0/F0/F0/F0,SP=F/F/F/F,Mem=1026MHz,Free=1389MB,PSM=0,PLS=0,Temp=26.3C/27.0C
10-25 21:52:12.622 18958 19079 D VrApi : setSchedFifoStatic tid:18971 pto:0
10-25 21:52:12.632 3970 3999 V VRManagerServer: (VRManagerService.java:401) yTqX [setThreadSchedFifo pkg=com.foo.ProductName pid=18958 tid=18971 prio=0]
10-25 21:52:12.632 3970 3999 V VRManagerServer: (VRManagerService.java:405) yTqX [setAffinity pid=18971 cpus=[4, 5, 6, 7]]
10-25 21:52:12.632 18958 19079 D VRManagerGearVR: VRManager set thread priority to 0
10-25 21:52:12.632 18958 19079 I VrApi_Clocks: SetSchedFifo( tid=18971, pri=0 ) succeeded
10-25 21:52:12.632 18958 19079 D VrApi : setSchedFifoStatic tid:18971 pto:0
10-25 21:52:12.632 3970 3998 V VRManagerServer: (VRManagerService.java:401) yTqX [setThreadSchedFifo pkg=com.foo.ProductName pid=18958 tid=18971 prio=0]
10-25 21:52:12.632 3970 3998 V VRManagerServer: (VRManagerService.java:405) yTqX [setAffinity pid=18971 cpus=[4, 5, 6, 7]]
10-25 21:52:12.642 18958 19079 D VRManagerGearVR: VRManager set thread priority to 0
10-25 21:52:12.642 18958 19079 I VrApi_Clocks: SetSchedFifo( tid=18971, pri=0 ) succeeded
10-25 21:52:12.642 18958 19079 W TimeWarp: VSync 5013459: eye=1,late=6.0ms,over=0.0ms,CPU=0.4ms,GPU>=1.9
10-25 21:52:12.652 18958 18971 I TimeWarp: WarpSwap: usleep( 376 )
10-25 21:52:12.662 18958 19079 W TimeWarp: VSync 5013460: eye=1,late=0.0ms,over=0.1ms,CPU=0.4ms,GPU>=7.8
10-25 21:52:12.662 18958 19079 D VrApi : setSchedFifoStatic tid:18971 pto:1
10-25 21:52:12.662 3970 17298 V VRManagerServer: (VRManagerService.java:401) yTqX [setThreadSchedFifo pkg=com.foo.ProductName pid=18958 tid=18971 prio=1]
10-25 21:52:12.662 3970 17298 V VRManagerServer: (VRManagerService.java:405) yTqX [setAffinity pid=18971 cpus=[4, 5, 6, 7]]
10-25 21:52:12.662 18958 19079 D VRManagerGearVR: VRManager set thread priority to 1
10-25 21:52:12.662 18958 19079 I VrApi_Clocks: SetSchedFifo( tid=18971, pri=1 ) succeeded
10-25 21:52:12.662 18958 19079 D VrApi : setSchedFifoStatic tid:18971 pto:1
10-25 21:52:12.672 3970 17522 V VRManagerServer: (VRManagerService.java:401) yTqX [setThreadSchedFifo pkg=com.foo.ProductName pid=18958 tid=18971 prio=1]
10-25 21:52:12.672 3970 17522 V VRManagerServer: (VRManagerService.java:405) yTqX [setAffinity pid=18971 cpus=[4, 5, 6, 7]]
10-25 21:52:12.682 18958 19079 D VRManagerGearVR: VRManager set thread priority to 1
10-25 21:52:12.682 18958 19079 I VrApi_Clocks: SetSchedFifo( tid=18971, pri=1 ) succeeded
10-25 21:52:12.682 18958 19079 W TimeWarp: VSync 5013461: eye=1,late=11.1ms,over=0.0ms,CPU=0.4ms,GPU>=0.0
10-25 21:52:12.762 18958 19079 D VrApi : setSchedFifoStatic tid:18971 pto:0
10-25 21:52:12.762 3970 3998 V VRManagerServer: (VRManagerService.java:401) yTqX [setThreadSchedFifo pkg=com.foo.ProductName pid=18958 tid=18971 prio=0]
10-25 21:52:12.762 3970 3998 V VRManagerServer: (VRManagerService.java:405) yTqX [setAffinity pid=18971 cpus=[4, 5, 6, 7]]
10-25 21:52:12.762 18958 19079 D VRManagerGearVR: VRManager set thread priority to 0
10-25 21:52:12.762 18958 19079 I VrApi_Clocks: SetSchedFifo( tid=18971, pri=0 ) succeeded
10-25 21:52:12.762 18958 19079 D VrApi : setSchedFifoStatic tid:18971 pto:0
10-25 21:52:12.772 3970 17298 V VRManagerServer: (VRManagerService.java:401) yTqX [setThreadSchedFifo pkg=com.foo.ProductName pid=18958 tid=18971 prio=0]
10-25 21:52:12.772 3970 17298 V VRManagerServer: (VRManagerService.java:405) yTqX [setAffinity pid=18971 cpus=[4, 5, 6, 7]]
10-25 21:52:12.772 18958 19079 D VRManagerGearVR: VRManager set thread priority to 0
10-25 21:52:12.772 18958 19079 I VrApi_Clocks: SetSchedFifo( tid=18971, pri=0 ) succeeded
10-25 21:52:12.772 18958 19079 W TimeWarp: VSync 5013467: eye=1,late=7.1ms,over=0.0ms,CPU=0.4ms,GPU>=0.9
10-25 21:52:12.772 18958 19079 D VrApi : setSchedFifoStatic tid:18971 pto:1
10-25 21:52:12.782 3970 3999 V VRManagerServer: (VRManagerService.java:401) yTqX [setThreadSchedFifo pkg=com.foo.ProductName pid=18958 tid=18971 prio=1]
10-25 21:52:12.782 3970 3999 V VRManagerServer: (VRManagerService.java:405) yTqX [setAffinity pid=18971 cpus=[4, 5, 6, 7]]
10-25 21:52:12.782 18958 19079 D VRManagerGearVR: VRManager set thread priority to 1
10-25 21:52:12.782 18958 19079 I VrApi_Clocks: SetSchedFifo( tid=18971, pri=1 ) succeeded
10-25 21:52:12.782 18958 19079 D VrApi : setSchedFifoStatic tid:18971 pto:1
10-25 21:52:12.782 3970 3998 V VRManagerServer: (VRManagerService.java:401) yTqX [setThreadSchedFifo pkg=com.foo.ProductName pid=18958 tid=18971 prio=1]
10-25 21:52:12.782 3970 3998 V VRManagerServer: (VRManagerService.java:405) yTqX [setAffinity pid=18971 cpus=[4, 5, 6, 7]]
10-25 21:52:12.792 18958 19079 D VRManagerGearVR: VRManager set thread priority to 1
10-25 21:52:12.792 18958 19079 I VrApi_Clocks: SetSchedFifo( tid=18971, pri=1 ) succeeded
10-25 21:52:12.792 18958 19079 W TimeWarp: VSync 5013468: eye=1,late=6.7ms,over=0.0ms,CPU=0.4ms,GPU>=1.2
10-25 21:52:12.872 18958 19079 D VrApi : setSchedFifoStatic tid:18971 pto:0
10-25 21:52:12.882 3970 17522 V VRManagerServer: (VRManagerService.java:401) yTqX [setThreadSchedFifo pkg=com.foo.ProductName pid=18958 tid=18971 prio=0]
10-25 21:52:12.882 3970 17522 V VRManagerServer: (VRManagerService.java:405) yTqX [setAffinity pid=18971 cpus=[4, 5, 6, 7]]
10-25 21:52:12.882 18958 19079 D VRManagerGearVR: VRManager set thread priority to 0
10-25 21:52:12.882 18958 19079 I VrApi_Clocks: SetSchedFifo( tid=18971, pri=0 ) succeeded
10-25 21:52:12.882 18958 19079 D VrApi : setSchedFifoStatic tid:18971 pto:0
10-25 21:52:12.882 3970 17298 V VRManagerServer: (VRManagerService.java:401) yTqX [setThreadSchedFifo pkg=com.foo.ProductName pid=18958 tid=18971 prio=0]
10-25 21:52:12.882 3970 17298 V VRManagerServer: (VRManagerService.java:405) yTqX [setAffinity pid=18971 cpus=[4, 5, 6, 7]]
10-25 21:52:12.892 18958 19079 D VRManagerGearVR: VRManager set thread priority to 0
10-25 21:52:12.892 18958 19079 I VrApi_Clocks: SetSchedFifo( tid=18971, pri=0 ) succeeded
10-25 21:52:12.892 18958 19079 W TimeWarp: VSync 5013474: eye=1,late=7.7ms,over=0.0ms,CPU=0.4ms,GPU>=0.2
10-25 21:52:12.892 18958 19079 D VrApi : setSchedFifoStatic tid:18971 pto:1
10-25 21:52:12.892 3970 3999 V VRManagerServer: (VRManagerService.java:401) yTqX [setThreadSchedFifo pkg=com.foo.ProductName pid=18958 tid=18971 prio=1]
10-25 21:52:12.892 3970 3999 V VRManagerServer: (VRManagerService.java:405) yTqX [setAffinity pid=18971 cpus=[4, 5, 6, 7]]
10-25 21:52:12.902 18958 19079 D VRManagerGearVR: VRManager set thread priority to 1
10-25 21:52:12.902 18958 19079 I VrApi_Clocks: SetSchedFifo( tid=18971, pri=1 ) succeeded
10-25 21:52:12.902 18958 19079 D VrApi : setSchedFifoStatic tid:18971 pto:1
10-25 21:52:12.902 3970 3998 V VRManagerServer: (VRManagerService.java:401) yTqX [setThreadSchedFifo pkg=com.foo.ProductName pid=18958 tid=18971 prio=1]
10-25 21:52:12.902 3970 3998 V VRManagerServer: (VRManagerService.java:405) yTqX [setAffinity pid=18971 cpus=[4, 5, 6, 7]]
10-25 21:52:12.902 18958 19079 D VRManagerGearVR: VRManager set thread priority to 1
10-25 21:52:12.902 18958 19079 I VrApi_Clocks: SetSchedFifo( tid=18971, pri=1 ) succeeded
10-25 21:52:12.912 18958 19079 W TimeWarp: VSync 5013475: eye=1,late=7.8ms,over=0.0ms,CPU=0.4ms,GPU>=0.1
10-25 21:52:12.992 18958 19079 D VrApi : setSchedFifoStatic tid:18971 pto:0
10-25 21:52:12.992 3970 17522 V VRManagerServer: (VRManagerService.java:401) yTqX [setThreadSchedFifo pkg=com.foo.ProductName pid=18958 tid=18971 prio=0]
10-25 21:52:12.992 3970 17522 V VRManagerServer: (VRManagerService.java:405) yTqX [setAffinity pid=18971 cpus=[4, 5, 6, 7]]
10-25 21:52:13.002 18958 19079 D VRManagerGearVR: VRManager set thread priority to 0
10-25 21:52:13.002 18958 19079 I VrApi_Clocks: SetSchedFifo( tid=18971, pri=0 ) succeeded
10-25 21:52:13.002 18958 19079 D VrApi : setSchedFifoStatic tid:18971 pto:0
10-25 21:52:13.002 3970 17298 V VRManagerServer: (VRManagerService.java:401) yTqX [setThreadSchedFifo pkg=com.foo.ProductName pid=18958 tid=18971 prio=0]
10-25 21:52:13.002 3970 17298 V VRManagerServer: (VRManagerService.java:405) yTqX [setAffinity pid=18971 cpus=[4, 5, 6, 7]]
10-25 21:52:13.002 18958 19079 D VRManagerGearVR: VRManager set thread priority to 0
10-25 21:52:13.002 18958 19079 I VrApi_Clocks: SetSchedFifo( tid=18971, pri=0 ) succeeded
10-25 21:52:13.002 18958 19079 W TimeWarp: VSync 5013481: eye=1,late=7.1ms,over=0.0ms,CPU=0.4ms,GPU>=0.8
10-25 21:52:13.012 18958 19079 D VrApi : setSchedFifoStatic tid:18971 pto:1
10-25 21:52:13.012 3970 3999 V VRManagerServer: (VRManagerService.java:401) yTqX [setThreadSchedFifo pkg=com.foo.ProductName pid=18958 tid=18971 prio=1]
10-25 21:52:13.012 3970 3999 V VRManagerServer: (VRManagerService.java:405) yTqX [setAffinity pid=18971 cpus=[4, 5, 6, 7]]
10-25 21:52:13.012 18958 19079 D VRManagerGearVR: VRManager set thread priority to 1
10-25 21:52:13.012 18958 19079 I VrApi_Clocks: SetSchedFifo( tid=18971, pri=1 ) succeeded
10-25 21:52:13.012 18958 19079 D VrApi : setSchedFifoStatic tid:18971 pto:1
10-25 21:52:13.022 3970 17522 V VRManagerServer: (VRManagerService.java:401) yTqX [setThreadSchedFifo pkg=com.foo.ProductName pid=18958 tid=18971 prio=1]
10-25 21:52:13.022 3970 17522 V VRManagerServer: (VRManagerService.java:405) yTqX [setAffinity pid=18971 cpus=[4, 5, 6, 7]]
10-25 21:52:13.022 18958 19079 D VRManagerGearVR: VRManager set thread priority to 1
10-25 21:52:13.022 18958 19079 I VrApi_Clocks: SetSchedFifo( tid=18971, pri=1 ) succeeded
10-25 21:52:13.022 18958 19079 W TimeWarp: VSync 5013482: eye=1,late=7.8ms,over=0.0ms,CPU=0.4ms,GPU>=0.1
10-25 21:52:13.102 18958 19079 D VrApi : setSchedFifoStatic tid:18971 pto:0
10-25 21:52:13.112 3970 17298 V VRManagerServer: (VRManagerService.java:401) yTqX [setThreadSchedFifo pkg=com.foo.ProductName pid=18958 tid=18971 prio=0]
10-25 21:52:13.112 3970 17298 V VRManagerServer: (VRManagerService.java:405) yTqX [setAffinity pid=18971 cpus=[4, 5, 6, 7]]
