10-25 21:52:24.232 3970 3998 V VRManagerServer: (VRManagerService.java:401) yTqX [setThreadSchedFifo pkg=com.foo.ProductName pid=18958 tid=18971 prio=1]
10-25 21:52:24.232 3970 3998 V VRManagerServer: (VRManagerService.java:405) yTqX [setAffinity pid=18971 cpus=[4, 5, 6, 7]]
10-25 21:52:24.232 18958 19079 D VRManagerGearVR: VRManager set thread priority to 1
10-25 21:52:24.232 18958 19079 I VrApi_Clocks: SetSchedFifo( tid=18971, pri=1 ) succeeded
10-25 21:52:24.232 18958 19079 W TimeWarp: VSync 5014158: eye=1,late=6.5ms,over=0.0ms,CPU=0.4ms,GPU>=1.4
10-25 21:52:24.332 18958 19079 D VrApi : setSchedFifoStatic tid:18971 pto:0
10-25 21:52:24.342 3970 17522 V VRManagerServer: (VRManagerService.java:401) yTqX [setThreadSchedFifo pkg=com.foo.ProductName pid=18958 tid=18971 prio=0]
10-25 21:52:24.342 3970 17522 V VRManagerServer: (VRManagerService.java:405) yTqX [setAffinity pid=18971 cpus=[4, 5, 6, 7]]
10-25 21:52:24.342 18958 19079 D VRManagerGearVR: VRManager set thread priority to 0
10-25 21:52:24.342 18958 19079 I VrApi_Clocks: SetSchedFifo( tid=18971, pri=0 ) succeeded
10-25 21:52:24.342 18958 19079 D VrApi : setSchedFifoStatic tid:18971 pto:0
10-25 21:52:24.342 3970 3999 V VRManagerServer: (VRManagerService.java:401) yTqX [setThreadSchedFifo pkg=com.foo.ProductName pid=18958 tid=18971 prio=0]
10-25 21:52:24.352 3970 3999 V VRManagerServer: (VRManagerService.java:405) yTqX [setAffinity pid=18971 cpus=[4, 5, 6, 7]]
10-25 21:52:24.352 18958 19079 D VRManagerGearVR: VRManager set thread priority to 0
10-25 21:52:24.352 18958 19079 I VrApi_Clocks: SetSchedFifo( tid=18971, pri=0 ) succeeded
10-25 21:52:24.352 18958 19079 W TimeWarp: VSync 5014165: eye=1,late=7.7ms,over=0.0ms,CPU=0.4ms,GPU>=0.2
10-25 21:52:24.372 18958 19079 W TimeWarp: VSync 5014166: eye=1,late=0.0ms,over=0.1ms,CPU=0.4ms,GPU>=7.9
10-25 21:52:24.372 18958 19079 D VrApi : setSchedFifoStatic tid:18971 pto:1
10-25 21:52:24.372 3970 17298 V VRManagerServer: (VRManagerService.java:401) yTqX [setThreadSchedFifo pkg=com.foo.ProductName pid=18958 tid=18971 prio=1]
10-25 21:52:24.372 3970 17298 V VRManagerServer: (VRManagerService.java:405) yTqX [setAffinity pid=18971 cpus=[4, 5, 6, 7]]
10-25 21:52:24.382 18958 19079 D VRManagerGearVR: VRManager set thread priority to 1
10-25 21:52:24.382 18958 19079 I VrApi_Clocks: SetSchedFifo( tid=18971, pri=1 ) succeeded
10-25 21:52:24.382 18958 19079 D VrApi : setSchedFifoStatic tid:18971 pto:1
10-25 21:52:24.382 3970 3998 V VRManagerServer: (VRManagerService.java:401) yTqX [setThreadSchedFifo pkg=com.foo.ProductName pid=18958 tid=18971 prio=1]
10-25 21:52:24.382 3970 3998 V VRManagerServer: (VRManagerService.java:405) yTqX [setAffinity pid=18971 cpus=[4, 5, 6, 7]]
10-25 21:52:24.382 18958 19079 D VRManagerGearVR: VRManager set thread priority to 1
10-25 21:52:24.382 18958 19079 I VrApi_Clocks: SetSchedFifo( tid=18971, pri=1 ) succeeded
10-25 21:52:24.382 18958 19079 W TimeWarp: VSync 5014167: eye=1,late=6.3ms,over=0.0ms,CPU=0.4ms,GPU>=1.6
10-25 21:52:24.442 18958 19046 I OVR : DeviceManagerThread - event 43 (500Hz) (Tid=19046)
10-25 21:52:24.452 18958 19079 W TimeWarp: VSync 5014171: eye=1,late=0.0ms,over=0.1ms,CPU=0.4ms,GPU>=7.9
10-25 21:52:24.472 18958 19079 D VrApi : setSchedFifoStatic tid:18971 pto:0
10-25 21:52:24.472 3970 17522 V VRManagerServer: (VRManagerService.java:401) yTqX [setThreadSchedFifo pkg=com.foo.ProductName pid=18958 tid=18971 prio=0]
10-25 21:52:24.472 3970 17522 V VRManagerServer: (VRManagerService.java:405) yTqX [setAffinity pid=18971 cpus=[4, 5, 6, 7]]
10-25 21:52:24.472 18958 19079 D VRManagerGearVR: VRManager set thread priority to 0
10-25 21:52:24.472 18958 19079 I VrApi_Clocks: SetSchedFifo( tid=18971, pri=0 ) succeeded
10-25 21:52:24.472 18958 19079 D VrApi : setSchedFifoStatic tid:18971 pto:0 --------- beginning of system
10-25 21:52:24.472 3520 4041 V VRManagerService: ---- demoteProcessThread 'com.foo.ProductName' requestPriority(pid=18958, tid=18971, prio=0 ----
10-25 21:52:24.482 3970 3999 V VRManagerServer: (VRManagerService.java:401) yTqX [setThreadSchedFifo pkg=com.foo.ProductName pid=18958 tid=18971 prio=0]
10-25 21:52:24.482 3970 3999 V VRManagerServer: (VRManagerService.java:405) yTqX [setAffinity pid=18971 cpus=[4, 5, 6, 7]]
10-25 21:52:24.482 18958 19079 D VRManagerGearVR: VRManager set thread priority to 0
10-25 21:52:24.482 18958 19079 I VrApi_Clocks: SetSchedFifo( tid=18971, pri=0 ) succeeded
10-25 21:52:24.482 18958 18971 I TimeWarp: WarpSwap: usleep( 240 )
10-25 21:52:24.482 18958 19079 W TimeWarp: VSync 5014173: eye=1,late=5.4ms,over=0.0ms,CPU=0.4ms,GPU>=2.5
10-25 21:52:24.482 18958 19079 D VrApi : setSchedFifoStatic tid:18971 pto:1
10-25 21:52:24.482 3520 4925 V VRManagerService: ---- demoteProcessThread 'com.foo.ProductName' requestPriority(pid=18958, tid=18971, prio=0 ----
10-25 21:52:24.492 3970 3998 V VRManagerServer: (VRManagerService.java:401) yTqX [setThreadSchedFifo pkg=com.foo.ProductName pid=18958 tid=18971 prio=1]
10-25 21:52:24.492 3970 3998 V VRManagerServer: (VRManagerService.java:405) yTqX [setAffinity pid=18971 cpus=[4, 5, 6, 7]]
10-25 21:52:24.492 18958 19079 D VRManagerGearVR: VRManager set thread priority to 1
10-25 21:52:24.492 18958 19079 I VrApi_Clocks: SetSchedFifo( tid=18971, pri=1 ) succeeded
10-25 21:52:24.492 18958 19079 D VrApi : setSchedFifoStatic tid:18971 pto:1
10-25 21:52:24.492 3970 17522 V VRManagerServer: (VRManagerService.java:401) yTqX [setThreadSchedFifo pkg=com.foo.ProductName pid=18958 tid=18971 prio=1]
10-25 21:52:24.492 3520 4928 V VRManagerService: ---- elevateProcessThread 'com.foo.ProductName' requestPriority(pid=18958, tid=18971, prio=1 ----
10-25 21:52:24.502 3970 17522 V VRManagerServer: (VRManagerService.java:405) yTqX [setAffinity pid=18971 cpus=[4, 5, 6, 7]]
10-25 21:52:24.502 18958 19079 D VRManagerGearVR: VRManager set thread priority to 1
10-25 21:52:24.502 18958 19079 I VrApi_Clocks: SetSchedFifo( tid=18971, pri=1 ) succeeded
10-25 21:52:24.502 18958 19079 W TimeWarp: VSync 5014174: eye=1,late=7.8ms,over=0.0ms,CPU=0.4ms,GPU>=0.0
10-25 21:52:24.502 3520 4645 V VRManagerService: ---- elevateProcessThread 'com.foo.ProductName' requestPriority(pid=18958, tid=18971, prio=1 ----
10-25 21:52:24.562 3135 3181 D Sensorhubs: readContextData: 1, 1, 26, 1, 1, 11, -80, 39, 4, 0
10-25 21:52:24.562 3520 4008 D SensorHubManager: onGetSensorHubDataLocked: library(10) = 1, 1, 26, 1, 1, 11, -80, 39, 4, 0
10-25 21:52:24.562 3520 4007 D CAE : onGetSensorHubData(SensorHubParserProvider.java:92) - onGetSensorHubData Event [event buffer len :10], AP_WAKEUP
10-25 21:52:24.562 3520 4007 I CAE : parse(SensorHubParserProvider.java:188) - buffer size = 10
10-25 21:52:24.562 3520 4007 I CAE : parse(SensorHubParserProvider.java:199) - 1, 1, 26, 1, 1, 11, -80, 39, 4, 0,
10-25 21:52:24.562 3520 4007 D CAE : display(ContextProvider.java:375) - ================= ACTIVITY_TRACKER =================
10-25 21:52:24.562 3520 4007 I CAE : display(ContextProvider.java:391) - Accuracy=[0], OperationMode=[0], ActivityType=[4], TimeStamp=[1477457543207]
10-25 21:52:24.562 3520 4010 D SContextService: updateSContext() : event = Activity Tracker
10-25 21:52:24.562 3520 3520 D WifiService: mActivityTrackerListener: onSContextChanged(): 25
10-25 21:52:24.562 3520 3520 D WifiService: [ACTIVITY_STATUS_VEHICLE] LOW
10-25 21:52:24.582 18958 19079 D VrApi : setSchedFifoStatic tid:18971 pto:0
10-25 21:52:24.592 3970 17298 V VRManagerServer: (VRManagerService.java:401) yTqX [setThreadSchedFifo pkg=com.foo.ProductName pid=18958 tid=18971 prio=0]
10-25 21:52:24.592 3970 17298 V VRManagerServer: (VRManagerService.java:405) yTqX [setAffinity pid=18971 cpus=[4, 5, 6, 7]]
10-25 21:52:24.592 18958 19079 D VRManagerGearVR: VRManager set thread priority to 0
10-25 21:52:24.592 18958 19079 I VrApi_Clocks: SetSchedFifo( tid=18971, pri=0 ) succeeded
10-25 21:52:24.592 18958 19079 D VrApi : setSchedFifoStatic tid:18971 pto:0
10-25 21:52:24.592 3970 3998 V VRManagerServer: (VRManagerService.java:401) yTqX [setThreadSchedFifo pkg=com.foo.ProductName pid=18958 tid=18971 prio=0]
10-25 21:52:24.592 3970 3998 V VRManagerServer: (VRManagerService.java:405) yTqX [setAffinity pid=18971 cpus=[4, 5, 6, 7]]
10-25 21:52:24.592 3520 4387 V VRManagerService: ---- demoteProcessThread 'com.foo.ProductName' requestPriority(pid=18958, tid=18971, prio=0 ----
10-25 21:52:24.602 18958 19079 D VRManagerGearVR: VRManager set thread priority to 0
10-25 21:52:24.602 18958 19079 I VrApi_Clocks: SetSchedFifo( tid=18971, pri=0 ) succeeded
10-25 21:52:24.602 18958 19079 W TimeWarp: VSync 5014180: eye=1,late=7.2ms,over=0.0ms,CPU=0.5ms,GPU>=0.7
10-25 21:52:24.602 3520 3543 V VRManagerService: ---- demoteProcessThread 'com.foo.ProductName' requestPriority(pid=18958, tid=18971, prio=0 ----
10-25 21:52:24.622 18958 19079 D VrApi : setSchedFifoStatic tid:18971 pto:1
10-25 21:52:24.622 18958 19098 I VrApi : FPS=8,Prd=45ms,Tear=21,Early=0,Stale=65,VSnc=1,Lat=1,CPU4/GPU=2/2,1000/420MHz,OC=FF,TA=F0/F0/F0/F0,SP=F/F/N/N,Mem=1026MHz,Free=1367MB,PSM=0,PLS=0,Temp=26.3C/27.5C
10-25 21:52:24.622 3970 17298 V VRManagerServer: (VRManagerService.java:401) yTqX [setThreadSchedFifo pkg=com.foo.ProductName pid=18958 tid=18971 prio=1]
10-25 21:52:24.622 3970 17298 V VRManagerServer: (VRManagerService.java:405) yTqX [setAffinity pid=18971 cpus=[4, 5, 6, 7]]
10-25 21:52:24.622 18958 19079 D VRManagerGearVR: VRManager set thread priority to 1
10-25 21:52:24.622 18958 19079 I VrApi_Clocks: SetSchedFifo( tid=18971, pri=1 ) succeeded
10-25 21:52:24.622 18958 19079 D VrApi : setSchedFifoStatic tid:18971 pto:1
10-25 21:52:24.622 3520 5770 V VRManagerService: ---- elevateProcessThread 'com.foo.ProductName' requestPriority(pid=18958, tid=18971, prio=1 ----
10-25 21:52:24.632 3970 3998 V VRManagerServer: (VRManagerService.java:401) yTqX [setThreadSchedFifo pkg=com.foo.ProductName pid=18958 tid=18971 prio=1]
10-25 21:52:24.632 3970 3998 V VRManagerServer: (VRManagerService.java:405) yTqX [setAffinity pid=18971 cpus=[4, 5, 6, 7]]
10-25 21:52:24.632 18958 19079 D VRManagerGearVR: VRManager set thread priority to 1
10-25 21:52:24.632 18958 19079 I VrApi_Clocks: SetSchedFifo( tid=18971, pri=1 ) succeeded
10-25 21:52:24.632 18958 19079 W TimeWarp: VSync 5014182: eye=1,late=5.7ms,over=0.0ms,CPU=0.4ms,GPU>=2.2
10-25 21:52:24.632 3520 4392 V VRManagerService: ---- elevateProcessThread 'com.foo.ProductName' requestPriority(pid=18958, tid=18971, prio=1 ----
10-25 21:52:24.722 18958 19079 D VrApi : setSchedFifoStatic tid:18971 pto:0
10-25 21:52:24.722 3970 3999 V VRManagerServer: (VRManagerService.java:401) yTqX [setThreadSchedFifo pkg=com.foo.ProductName pid=18958 tid=18971 prio=0]
10-25 21:52:24.722 3970 3999 V VRManagerServer: (VRManagerService.java:405) yTqX [setAffinity pid=18971 cpus=[4, 5, 6, 7]]
10-25 21:52:24.722 18958 19079 D VRManagerGearVR: VRManager set thread priority to 0
10-25 21:52:24.722 18958 19079 I VrApi_Clocks: SetSchedFifo( tid=18971, pri=0 ) succeeded
10-25 21:52:24.722 18958 19079 D VrApi : setSchedFifoStatic tid:18971 pto:0
10-25 21:52:24.722 3520 3542 V VRManagerService: ---- demoteProcessThread 'com.foo.ProductName' requestPriority(pid=18958, tid=18971, prio=0 ----
10-25 21:52:24.732 3970 17298 V VRManagerServer: (VRManagerService.java:401) yTqX [setThreadSchedFifo pkg=com.foo.ProductName pid=18958 tid=18971 prio=0]
10-25 21:52:24.732 3970 17298 V VRManagerServer: (VRManagerService.java:405) yTqX [setAffinity pid=18971 cpus=[4, 5, 6, 7]]
10-25 21:52:24.732 18958 19079 D VRManagerGearVR: VRManager set thread priority to 0
10-25 21:52:24.732 18958 19079 I VrApi_Clocks: SetSchedFifo( tid=18971, pri=0 ) succeeded
10-25 21:52:24.732 18958 19079 W TimeWarp: VSync 5014188: eye=1,late=6.1ms,over=0.0ms,CPU=0.4ms,GPU>=1.8
10-25 21:52:24.732 18958 19079 D VrApi : setSchedFifoStatic tid:18971 pto:1
10-25 21:52:24.732 3520 4604 V VRManagerService: ---- demoteProcessThread 'com.foo.ProductName' requestPriority(pid=18958, tid=18971, prio=0 ----
10-25 21:52:24.742 3970 17522 V VRManagerServer: (VRManagerService.java:401) yTqX [setThreadSchedFifo pkg=com.foo.ProductName pid=18958 tid=18971 prio=1]
10-25 21:52:24.742 3970 17522 V VRManagerServer: (VRManagerService.java:405) yTqX [setAffinity pid=18971 cpus=[4, 5, 6, 7]]
10-25 21:52:24.742 18958 19079 D VRManagerGearVR: VRManager set thread priority to 1
10-25 21:52:24.742 18958 19079 I VrApi_Clocks: SetSchedFifo( tid=18971, pri=1 ) succeeded
10-25 21:52:24.742 18958 19079 D VrApi : setSchedFifoStatic tid:18971 pto:1
10-25 21:52:24.742 3970 17298 V VRManagerServer: (VRManagerService.java:401) yTqX [setThreadSchedFifo pkg=com.foo.ProductName pid=18958 tid=18971 prio=1]
10-25 21:52:24.742 3970 17298 V VRManagerServer: (VRManagerService.java:405) yTqX [setAffinity pid=18971 cpus=[4, 5, 6, 7]]
10-25 21:52:24.742 3520 4850 V VRManagerService: ---- elevateProcessThread 'com.foo.ProductName' requestPriority(pid=18958, tid=18971, prio=1 ----
10-25 21:52:24.752 18958 19079 D VRManagerGearVR: VRManager set thread priority to 1
10-25 21:52:24.752 18958 19079 I VrApi_Clocks: SetSchedFifo( tid=18971, pri=1 ) succeeded
10-25 21:52:24.752 18958 19079 W TimeWarp: VSync 5014189: eye=1,late=7.8ms,over=0.0ms,CPU=0.4ms,GPU>=0.1
10-25 21:52:24.752 3520 4287 V VRManagerService: ---- elevateProcessThread 'com.foo.ProductName' requestPriority(pid=18958, tid=18971, prio=1 ----
10-25 21:52:24.822 18958 19079 W TimeWarp: VSync 5014193: eye=1,late=0.0ms,over=0.1ms,CPU=0.4ms,GPU>=7.9
10-25 21:52:24.832 18958 19079 D VrApi : setSchedFifoStatic tid:18971 pto:0
10-25 21:52:24.842 3970 3999 V VRManagerServer: (VRManagerService.java:401) yTqX [setThreadSchedFifo pkg=com.foo.ProductName pid=18958 tid=18971 prio=0]
10-25 21:52:24.842 3970 3999 V VRManagerServer: (VRManagerService.java:405) yTqX [setAffinity pid=18971 cpus=[4, 5, 6, 7]]
10-25 21:52:24.842 18958 19079 D VRManagerGearVR: VRManager set thread priority to 0
10-25 21:52:24.842 18958 19079 I VrApi_Clocks: SetSchedFifo( tid=18971, pri=0 ) succeeded
10-25 21:52:24.842 18958 19079 D VrApi : setSchedFifoStatic tid:18971 pto:0
10-25 21:52:24.842 3970 3998 V VRManagerServer: (VRManagerService.java:401) yTqX [setThreadSchedFifo pkg=com.foo.ProductName pid=18958 tid=18971 prio=0]
10-25 21:52:24.842 3970 3998 V VRManagerServer: (VRManagerService.java:405) yTqX [setAffinity pid=18971 cpus=[4, 5, 6, 7]]
10-25 21:52:24.842 3520 4534 V VRManagerService: ---- demoteProcessThread 'com.foo.ProductName' requestPriority(pid=18958, tid=18971, prio=0 ----
10-25 21:52:24.852 18958 19079 D VRManagerGearVR: VRManager set thread priority to 0
10-25 21:52:24.852 18958 19079 I VrApi_Clocks: SetSchedFifo( tid=18971, pri=0 ) succeeded
10-25 21:52:24.852 18958 19079 W TimeWarp: VSync 5014195: eye=1,late=6.4ms,over=0.0ms,CPU=0.4ms,GPU>=1.6
10-25 21:52:24.852 3520 4041 V VRManagerService: ---- demoteProcessThread 'com.foo.ProductName' requestPriority(pid=18958, tid=18971, prio=0 ----
10-25 21:52:24.862 18958 19079 W TimeWarp: VSync 5014196: eye=1,late=0.0ms,over=0.1ms,CPU=0.4ms,GPU>=7.9
10-25 21:52:24.872 18958 19079 D VrApi : setSchedFifoStatic tid:18971 pto:1
10-25 21:52:24.872 3970 17522 V VRManagerServer: (VRManagerService.java:401) yTqX [setThreadSchedFifo pkg=com.foo.ProductName pid=18958 tid=18971 prio=1]
10-25 21:52:24.872 3970 17522 V VRManagerServer: (VRManagerService.java:405) yTqX [setAffinity pid=18971 cpus=[4, 5, 6, 7]]
10-25 21:52:24.872 18958 19079 D VRManagerGearVR: VRManager set thread priority to 1
10-25 21:52:24.872 18958 19079 I VrApi_Clocks: SetSchedFifo( tid=18971, pri=1 ) succeeded
10-25 21:52:24.872 18958 19079 D VrApi : setSchedFifoStatic tid:18971 pto:1
10-25 21:52:24.872 3970 17298 V VRManagerServer: (VRManagerService.java:401) yTqX [setThreadSchedFifo pkg=com.foo.ProductName pid=18958 tid=18971 prio=1]
10-25 21:52:24.872 3520 4925 V VRManagerService: ---- elevateProcessThread 'com.foo.ProductName' requestPriority(pid=18958, tid=18971, prio=1 ----
10-25 21:52:24.882 3970 17298 V VRManagerServer: (VRManagerService.java:405) yTqX [setAffinity pid=18971 cpus=[4, 5, 6, 7]]
10-25 21:52:24.882 18958 19079 D VRManagerGearVR: VRManager set thread priority to 1
10-25 21:52:24.882 18958 19079 I VrApi_Clocks: SetSchedFifo( tid=18971, pri=1 ) succeeded
10-25 21:52:24.882 18958 19079 W TimeWarp: VSync 5014197: eye=1,late=6.4ms,over=0.0ms,CPU=0.4ms,GPU>=1.5
10-25 21:52:24.882 3520 4928 V VRManagerService: ---- elevateProcessThread 'com.foo.ProductName' requestPriority(pid=18958, tid=18971, prio=1 ----
10-25 21:52:24.952 18958 19079 W TimeWarp: VSync 5014201: eye=1,late=0.0ms,over=0.1ms,CPU=0.4ms,GPU>=7.9
10-25 21:52:24.962 18958 19079 D VrApi : setSchedFifoStatic tid:18971 pto:0
10-25 21:52:24.972 3970 3998 V VRManagerServer: (VRManagerService.java:401) yTqX [setThreadSchedFifo pkg=com.foo.ProductName pid=18958 tid=18971 prio=0]
10-25 21:52:24.972 3970 3998 V VRManagerServer: (VRManagerService.java:405) yTqX [setAffinity pid=18971 cpus=[4, 5, 6, 7]]
10-25 21:52:24.972 18958 19079 D VRManagerGearVR: VRManager set thread priority to 0
10-25 21:52:24.972 18958 19079 I VrApi_Clocks: SetSchedFifo( tid=18971, pri=0 ) succeeded
10-25 21:52:24.972 18958 19079 D VrApi : setSchedFifoStatic tid:18971 pto:0
10-25 21:52:24.972 3970 17522 V VRManagerServer: (VRManagerService.java:401) yTqX [setThreadSchedFifo pkg=com.foo.ProductName pid=18958 tid=18971 prio=0]
10-25 21:52:24.972 3520 4645 V VRManagerService: ---- demoteProcessThread 'com.foo.ProductName' requestPriority(pid=18958, tid=18971, prio=0 ----
10-25 21:52:24.982 3970 17522 V VRManagerServer: (VRManagerService.java:405) yTqX [setAffinity pid=18971 cpus=[4, 5, 6, 7]]
10-25 21:52:24.982 18958 19079 D VRManagerGearVR: VRManager set thread priority to 0
10-25 21:52:24.982 18958 19079 I VrApi_Clocks: SetSchedFifo( tid=18971, pri=0 ) succeeded
10-25 21:52:24.982 18958 19079 W TimeWarp: VSync 5014203: eye=1,late=7.0ms,over=0.0ms,CPU=0.4ms,GPU>=0.9
10-25 21:52:24.982 18958 19079 D VrApi : setSchedFifoStatic tid:18971 pto:1
10-25 21:52:24.982 3520 4387 V VRManagerService: ---- demoteProcessThread 'com.foo.ProductName' requestPriority(pid=18958, tid=18971, prio=0 ----
10-25 21:52:24.992 3970 3999 V VRManagerServer: (VRManagerService.java:401) yTqX [setThreadSchedFifo pkg=com.foo.ProductName pid=18958 tid=18971 prio=1]
10-25 21:52:24.992 3970 3999 V VRManagerServer: (VRManagerService.java:405) yTqX [setAffinity pid=18971 cpus=[4, 5, 6, 7]]
10-25 21:52:24.992 18958 19079 D VRManagerGearVR: VRManager set thread priority to 1
10-25 21:52:24.992 18958 19079 I VrApi_Clocks: SetSchedFifo( tid=18971, pri=1 ) succeeded
10-25 21:52:24.992 18958 19079 D VrApi : setSchedFifoStatic tid:18971 pto:1
10-25 21:52:24.992 3970 17298 V VRManagerServer: (VRManagerService.java:401) yTqX [setThreadSchedFifo pkg=com.foo.ProductName pid=18958 tid=18971 prio=1]
10-25 21:52:24.992 3970 17298 V VRManagerServer: (VRManagerService.java:405) yTqX [setAffinity pid=18971 cpus=[4, 5, 6, 7]]
10-25 21:52:24.992 3520 3543 V VRManagerService: ---- elevateProcessThread 'com.foo.ProductName' requestPriority(pid=18958, tid=18971, prio=1 ----
10-25 21:52:25.002 18958 19079 D VRManagerGearVR: VRManager set thread priority to 1
10-25 21:52:25.002 18958 19079 I VrApi_Clocks: SetSchedFifo( tid=18971, pri=1 ) succeeded
10-25 21:52:25.002 18958 19079 W TimeWarp: VSync 5014204: eye=1,late=8.0ms,over=0.0ms,CPU=0.4ms,GPU>=0.0
10-25 21:52:25.002 3520 4533 V VRManagerService: ---- elevateProcessThread 'com.foo.ProductName' requestPriority(pid=18958, tid=18971, prio=1 ----
10-25 21:52:25.082 18958 19079 D VrApi : setSchedFifoStatic tid:18971 pto:0
10-25 21:52:25.082 3970 3998 V VRManagerServer: (VRManagerService.java:401) yTqX [setThreadSchedFifo pkg=com.foo.ProductName pid=18958 tid=18971 prio=0]
10-25 21:52:25.082 3970 3998 V VRManagerServer: (VRManagerService.java:405) yTqX [setAffinity pid=18971 cpus=[4, 5, 6, 7]]
10-25 21:52:25.092 18958 19079 D VRManagerGearVR: VRManager set thread priority to 0
10-25 21:52:25.092 18958 19079 I VrApi_Clocks: SetSchedFifo( tid=18971, pri=0 ) succeeded
10-25 21:52:25.092 18958 19079 D VrApi : setSchedFifoStatic tid:18971 pto:0
10-25 21:52:25.092 3970 17522 V VRManagerServer: (VRManagerService.java:401) yTqX [setThreadSchedFifo pkg=com.foo.ProductName pid=18958 tid=18971 prio=0]
10-25 21:52:25.092 3970 17522 V VRManagerServer: (VRManagerService.java:405) yTqX [setAffinity pid=18971 cpus=[4, 5, 6, 7]]
10-25 21:52:25.092 18958 19079 D VRManagerGearVR: VRManager set thread priority to 0
10-25 21:52:25.092 18958 19079 I VrApi_Clocks: SetSchedFifo( tid=18971, pri=0 ) succeeded
10-25 21:52:25.092 3520 4167 V VRManagerService: ---- demoteProcessThread 'com.foo.ProductName' requestPriority(pid=18958, tid=18971, prio=0 ----
10-25 21:52:25.092 3520 4750 V VRManagerService: ---- demoteProcessThread 'com.foo.ProductName' requestPriority(pid=18958, tid=18971, prio=0 ----
10-25 21:52:25.102 18958 19079 W TimeWarp: VSync 5014210: eye=1,late=5.8ms,over=0.0ms,CPU=0.4ms,GPU>=2.1
10-25 21:52:25.112 18958 19079 D VrApi : setSchedFifoStatic tid:18971 pto:1
10-25 21:52:25.122 3970 3999 V VRManagerServer: (VRManagerService.java:401) yTqX [setThreadSchedFifo pkg=com.foo.ProductName pid=18958 tid=18971 prio=1]
10-25 21:52:25.122 3970 3999 V VRManagerServer: (VRManagerService.java:405) yTqX [setAffinity pid=18971 cpus=[4, 5, 6, 7]]
10-25 21:52:25.122 18958 19079 D VRManagerGearVR: VRManager set thread priority to 1
10-25 21:52:25.122 18958 19079 I VrApi_Clocks: SetSchedFifo( tid=18971, pri=1 ) succeeded
10-25 21:52:25.122 18958 19079 D VrApi : setSchedFifoStatic tid:18971 pto:1
10-25 21:52:25.122 3970 17298 V VRManagerServer: (VRManagerService.java:401) yTqX [setThreadSchedFifo pkg=com.foo.ProductName pid=18958 tid=18971 prio=1]
10-25 21:52:25.122 3970 17298 V VRManagerServer: (VRManagerService.java:405) yTqX [setAffinity pid=18971 cpus=[4, 5, 6, 7]]
10-25 21:52:25.122 3520 5770 V VRManagerService: ---- elevateProcessThread 'com.foo.ProductName' requestPriority(pid=18958, tid=18971, prio=1 ----
10-25 21:52:25.132 18958 19079 D VRManagerGearVR: VRManager set thread priority to 1
10-25 21:52:25.132 18958 19079 I VrApi_Clocks: SetSchedFifo( tid=18971, pri=1 ) succeeded
10-25 21:52:25.132 3520 4392 V VRManagerService: ---- elevateProcessThread 'com.foo.ProductName' requestPriority(pid=18958, tid=18971, prio=1 ----
10-25 21:52:25.152 3520 3603 D PowerManagerService: [smart stay] handleSmartStay
10-25 21:52:25.152 3520 3603 D PowerManagerService: [smart stay] handleSmartStay : skip smart stay because of screen bright wake lock
10-25 21:52:25.212 18958 19079 D VrApi : setSchedFifoStatic tid:18971 pto:0
10-25 21:52:25.222 3970 3998 V VRManagerServer: (VRManagerService.java:401) yTqX [setThreadSchedFifo pkg=com.foo.ProductName pid=18958 tid=18971 prio=0]
10-25 21:52:25.222 3970 3998 V VRManagerServer: (VRManagerService.java:405) yTqX [setAffinity pid=18971 cpus=[4, 5, 6, 7]]
10-25 21:52:25.222 18958 19079 D VRManagerGearVR: VRManager set thread priority to 0
10-25 21:52:25.222 18958 19079 I VrApi_Clocks: SetSchedFifo( tid=18971, pri=0 ) succeeded
10-25 21:52:25.222 18958 19079 D VrApi : setSchedFifoStatic tid:18971 pto:0
10-25 21:52:25.222 3970 3999 V VRManagerServer: (VRManagerService.java:401) yTqX [setThreadSchedFifo pkg=com.foo.ProductName pid=18958 tid=18971 prio=0]
10-25 21:52:25.222 3970 3999 V VRManagerServer: (VRManagerService.java:405) yTqX [setAffinity pid=18971 cpus=[4, 5, 6, 7]]
10-25 21:52:25.222 3520 3542 V VRManagerService: ---- demoteProcessThread 'com.foo.ProductName' requestPriority(pid=18958, tid=18971, prio=0 ----
10-25 21:52:25.232 18958 19079 D VRManagerGearVR: VRManager set thread priority to 0
10-25 21:52:25.232 18958 19079 I VrApi_Clocks: SetSchedFifo( tid=18971, pri=0 ) succeeded
10-25 21:52:25.232 18958 19079 W TimeWarp: VSync 5014218: eye=1,late=6.8ms,over=0.0ms,CPU=0.4ms,GPU>=1.1
10-25 21:52:25.232 18958 19079 D VrApi : setSchedFifoStatic tid:18971 pto:1
10-25 21:52:25.232 3970 17298 V VRManagerServer: (VRManagerService.java:401) yTqX [setThreadSchedFifo pkg=com.foo.ProductName pid=18958 tid=18971 prio=1]
10-25 21:52:25.232 3520 4604 V VRManagerService: ---- demoteProcessThread 'com.foo.ProductName' requestPriority(pid=18958, tid=18971, prio=0 ----
10-25 21:52:25.242 3970 17298 V VRManagerServer: (VRManagerService.java:405) yTqX [setAffinity pid=18971 cpus=[4, 5, 6, 7]]
10-25 21:52:25.242 18958 19079 D VRManagerGearVR: VRManager set thread priority to 1
10-25 21:52:25.242 18958 19079 I VrApi_Clocks: SetSchedFifo( tid=18971, pri=1 ) succeeded
10-25 21:52:25.242 18958 19079 D VrApi : setSchedFifoStatic tid:18971 pto:1
10-25 21:52:25.242 3970 17522 V VRManagerServer: (VRManagerService.java:401) yTqX [setThreadSchedFifo pkg=com.foo.ProductName pid=18958 tid=18971 prio=1]
10-25 21:52:25.242 3970 17522 V VRManagerServer: (VRManagerService.java:405) yTqX [setAffinity pid=18971 cpus=[4, 5, 6, 7]]
10-25 21:52:25.242 3520 4850 V VRManagerService: ---- elevateProcessThread 'com.foo.ProductName' requestPriority(pid=18958, tid=18971, prio=1 ----
10-25 21:52:25.252 18958 19079 D VRManagerGearVR: VRManager set thread priority to 1
10-25 21:52:25.252 18958 19079 I VrApi_Clocks: SetSchedFifo( tid=18971, pri=1 ) succeeded
10-25 21:52:25.252 18958 19079 W TimeWarp: VSync 5014219: eye=1,late=8.2ms,over=0.0ms,CPU=0.4ms,GPU>=0.0
10-25 21:52:25.252 3520 4287 V VRManagerService: ---- elevateProcessThread 'com.foo.ProductName' requestPriority(pid=18958, tid=18971, prio=1 ----
10-25 21:52:25.332 18958 19079 D VrApi : setSchedFifoStatic tid:18971 pto:0
10-25 21:52:25.332 3970 3998 V VRManagerServer: (VRManagerService.java:401) yTqX [setThreadSchedFifo pkg=com.foo.ProductName pid=18958 tid=18971 prio=0]
10-25 21:52:25.332 3970 3998 V VRManagerServer: (VRManagerService.java:405) yTqX [setAffinity pid=18971 cpus=[4, 5, 6, 7]]
10-25 21:52:25.342 18958 19079 D VRManagerGearVR: VRManager set thread priority to 0
10-25 21:52:25.342 18958 19079 I VrApi_Clocks: SetSchedFifo( tid=18971, pri=0 ) succeeded
10-25 21:52:25.342 18958 19079 D VrApi : setSchedFifoStatic tid:18971 pto:0
10-25 21:52:25.342 3970 3999 V VRManagerServer: (VRManagerService.java:401) yTqX [setThreadSchedFifo pkg=com.foo.ProductName pid=18958 tid=18971 prio=0]
10-25 21:52:25.342 3970 3999 V VRManagerServer: (VRManagerService.java:405) yTqX [setAffinity pid=18971 cpus=[4, 5, 6, 7]]
10-25 21:52:25.342 18958 19079 D VRManagerGearVR: VRManager set thread priority to 0
10-25 21:52:25.342 18958 19079 I VrApi_Clocks: SetSchedFifo( tid=18971, pri=0 ) succeeded
10-25 21:52:25.342 3520 4534 V VRManagerService: ---- demoteProcessThread 'com.foo.ProductName' requestPriority(pid=18958, tid=18971, prio=0 ----
10-25 21:52:25.342 3520 4041 V VRManagerService: ---- demoteProcessThread 'com.foo.ProductName' requestPriority(pid=18958, tid=18971, prio=0 ----
10-25 21:52:25.352 18958 19079 W TimeWarp: VSync 5014225: eye=1,late=6.4ms,over=0.0ms,CPU=0.4ms,GPU>=1.6
10-25 21:52:25.362 18958 19079 D VrApi : setSchedFifoStatic tid:18971 pto:1
10-25 21:52:25.372 3970 17298 V VRManagerServer: (VRManagerService.java:401) yTqX [setThreadSchedFifo pkg=com.foo.ProductName pid=18958 tid=18971 prio=1]
10-25 21:52:25.372 3970 17298 V VRManagerServer: (VRManagerService.java:405) yTqX [setAffinity pid=18971 cpus=[4, 5, 6, 7]]
10-25 21:52:25.372 18958 19079 D VRManagerGearVR: VRManager set thread priority to 1
10-25 21:52:25.372 18958 19079 I VrApi_Clocks: SetSchedFifo( tid=18971, pri=1 ) succeeded
10-25 21:52:25.372 18958 19079 D VrApi : setSchedFifoStatic tid:18971 pto:1
10-25 21:52:25.372 3970 17522 V VRManagerServer: (VRManagerService.java:401) yTqX [setThreadSchedFifo pkg=com.foo.ProductName pid=18958 tid=18971 prio=1]
10-25 21:52:25.372 3970 17522 V VRManagerServer: (VRManagerService.java:405) yTqX [setAffinity pid=18971 cpus=[4, 5, 6, 7]]
10-25 21:52:25.372 3520 4925 V VRManagerService: ---- elevateProcessThread 'com.foo.ProductName' requestPriority(pid=18958, tid=18971, prio=1 ----
10-25 21:52:25.382 18958 19079 D VRManagerGearVR: VRManager set thread priority to 1
10-25 21:52:25.382 18958 19079 I VrApi_Clocks: SetSchedFifo( tid=18971, pri=1 ) succeeded
10-25 21:52:25.382 18958 19079 W TimeWarp: VSync 5014227: eye=1,late=5.8ms,over=0.0ms,CPU=0.4ms,GPU>=2.1
10-25 21:52:25.382 3520 4928 V VRManagerService: ---- elevateProcessThread 'com.foo.ProductName' requestPriority(pid=18958, tid=18971, prio=1 ----
10-25 21:52:25.452 18958 19046 I OVR : DeviceManagerThread - event 43 (498Hz) (Tid=19046)
10-25 21:52:25.462 18958 19079 D VrApi : setSchedFifoStatic tid:18971 pto:0
10-25 21:52:25.472 3970 3999 V VRManagerServer: (VRManagerService.java:401) yTqX [setThreadSchedFifo pkg=com.foo.ProductName pid=18958 tid=18971 prio=0]
10-25 21:52:25.472 3970 3999 V VRManagerServer: (VRManagerService.java:405) yTqX [setAffinity pid=18971 cpus=[4, 5, 6, 7]]
10-25 21:52:25.472 18958 19079 D VRManagerGearVR: VRManager set thread priority to 0
10-25 21:52:25.472 18958 19079 I VrApi_Clocks: SetSchedFifo( tid=18971, pri=0 ) succeeded
10-25 21:52:25.472 18958 19079 D VrApi : setSchedFifoStatic tid:18971 pto:0
10-25 21:52:25.472 3970 3998 V VRManagerServer: (VRManagerService.java:401) yTqX [setThreadSchedFifo pkg=com.foo.ProductName pid=18958 tid=18971 prio=0]
10-25 21:52:25.472 3970 3998 V VRManagerServer: (VRManagerService.java:405) yTqX [setAffinity pid=18971 cpus=[4, 5, 6, 7]]
10-25 21:52:25.472 3520 4645 V VRManagerService: ---- demoteProcessThread 'com.foo.ProductName' requestPriority(pid=18958, tid=18971, prio=0 ----
10-25 21:52:25.482 18958 19079 D VRManagerGearVR: VRManager set thread priority to 0
10-25 21:52:25.482 18958 19079 I VrApi_Clocks: SetSchedFifo( tid=18971, pri=0 ) succeeded
10-25 21:52:25.482 18958 19079 W TimeWarp: VSync 5014233: eye=1,late=5.6ms,over=0.0ms,CPU=0.4ms,GPU>=2.4
10-25 21:52:25.482 18958 19079 D VrApi : setSchedFifoStatic tid:18971 pto:1
10-25 21:52:25.482 3970 17298 V VRManagerServer: (VRManagerService.java:401) yTqX [setThreadSchedFifo pkg=com.foo.ProductName pid=18958 tid=18971 prio=1]
10-25 21:52:25.482 3970 17298 V VRManagerServer: (VRManagerService.java:405) yTqX [setAffinity pid=18971 cpus=[4, 5, 6, 7]]
10-25 21:52:25.482 3520 4387 V VRManagerService: ---- demoteProcessThread 'com.foo.ProductName' requestPriority(pid=18958, tid=18971, prio=0 ----
10-25 21:52:25.492 18958 19079 D VRManagerGearVR: VRManager set thread priority to 1
10-25 21:52:25.492 18958 19079 I VrApi_Clocks: SetSchedFifo( tid=18971, pri=1 ) succeeded
10-25 21:52:25.492 18958 19079 D VrApi : setSchedFifoStatic tid:18971 pto:1
10-25 21:52:25.492 3970 17522 V VRManagerServer: (VRManagerService.java:401) yTqX [setThreadSchedFifo pkg=com.foo.ProductName pid=18958 tid=18971 prio=1]
10-25 21:52:25.492 3970 17522 V VRManagerServer: (VRManagerService.java:405) yTqX [setAffinity pid=18971 cpus=[4, 5, 6, 7]]
10-25 21:52:25.492 18958 19079 D VRManagerGearVR: VRManager set thread priority to 1
10-25 21:52:25.492 18958 19079 I VrApi_Clocks: SetSchedFifo( tid=18971, pri=1 ) succeeded
10-25 21:52:25.492 18958 19079 W TimeWarp: VSync 5014234: eye=1,late=5.7ms,over=0.0ms,CPU=0.4ms,GPU>=2.3
10-25 21:52:25.492 3520 3543 V VRManagerService: ---- elevateProcessThread 'com.foo.ProductName' requestPriority(pid=18958, tid=18971, prio=1 ----
10-25 21:52:25.492 3520 4533 V VRManagerService: ---- elevateProcessThread 'com.foo.ProductName' requestPriority(pid=18958, tid=18971, prio=1 ----
10-25 21:52:25.602 18958 19079 D VrApi : setSchedFifoStatic tid:18971 pto:0
10-25 21:52:25.602 3970 3999 V VRManagerServer: (VRManagerService.java:401) yTqX [setThreadSchedFifo pkg=com.foo.ProductName pid=18958 tid=18971 prio=0]
10-25 21:52:25.602 3970 3999 V VRManagerServer: (VRManagerService.java:405) yTqX [setAffinity pid=18971 cpus=[4, 5, 6, 7]]
10-25 21:52:25.602 18958 19079 D VRManagerGearVR: VRManager set thread priority to 0
10-25 21:52:25.602 18958 19079 I VrApi_Clocks: SetSchedFifo( tid=18971, pri=0 ) succeeded
10-25 21:52:25.602 18958 19079 D VrApi : setSchedFifoStatic tid:18971 pto:0
10-25 21:52:25.602 3520 4167 V VRManagerService: ---- demoteProcessThread 'com.foo.ProductName' requestPriority(pid=18958, tid=18971, prio=0 ----
10-25 21:52:25.612 3970 3998 V VRManagerServer: (VRManagerService.java:401) yTqX [setThreadSchedFifo pkg=com.foo.ProductName pid=18958 tid=18971 prio=0]
10-25 21:52:25.612 3970 3998 V VRManagerServer: (VRManagerService.java:405) yTqX [setAffinity pid=18971 cpus=[4, 5, 6, 7]]
10-25 21:52:25.612 18958 19079 D VRManagerGearVR: VRManager set thread priority to 0
10-25 21:52:25.612 18958 19079 I VrApi_Clocks: SetSchedFifo( tid=18971, pri=0 ) succeeded
10-25 21:52:25.612 18958 19079 W TimeWarp: VSync 5014241: eye=1,late=6.1ms,over=0.0ms,CPU=0.4ms,GPU>=1.9
10-25 21:52:25.612 3520 4750 V VRManagerService: ---- demoteProcessThread 'com.foo.ProductName' requestPriority(pid=18958, tid=18971, prio=0 ----
10-25 21:52:25.622 18958 19098 I VrApi : FPS=7,Prd=48ms,Tear=19,Early=0,Stale=58,VSnc=1,Lat=1,CPU4/GPU=2/2,1000/420MHz,OC=FF,TA=F0/F0/F0/F0,SP=F/F/N/N,Mem=1026MHz,Free=1367MB,PSM=0,PLS=0,Temp=26.3C/27.5C
10-25 21:52:25.632 18958 19079 D VrApi : setSchedFifoStatic tid:18971 pto:1
10-25 21:52:25.632 3970 3999 V VRManagerServer: (VRManagerService.java:401) yTqX [setThreadSchedFifo pkg=com.foo.ProductName pid=18958 tid=18971 prio=1]
10-25 21:52:25.632 3970 3999 V VRManagerServer: (VRManagerService.java:405) yTqX [setAffinity pid=18971 cpus=[4, 5, 6, 7]]
10-25 21:52:25.642 18958 19079 D VRManagerGearVR: VRManager set thread priority to 1
10-25 21:52:25.642 18958 19079 I VrApi_Clocks: SetSchedFifo( tid=18971, pri=1 ) succeeded
10-25 21:52:25.642 18958 19079 D VrApi : setSchedFifoStatic tid:18971 pto:1
10-25 21:52:25.642 3970 3998 V VRManagerServer: (VRManagerService.java:401) yTqX [setThreadSchedFifo pkg=com.foo.ProductName pid=18958 tid=18971 prio=1]
10-25 21:52:25.642 3970 3998 V VRManagerServer: (VRManagerService.java:405) yTqX [setAffinity pid=18971 cpus=[4, 5, 6, 7]]
10-25 21:52:25.642 18958 19079 D VRManagerGearVR: VRManager set thread priority to 1
10-25 21:52:25.642 18958 19079 I VrApi_Clocks: SetSchedFifo( tid=18971, pri=1 ) succeeded
10-25 21:52:25.642 18958 19079 W TimeWarp: VSync 5014243: eye=1,late=7.0ms,over=0.0ms,CPU=0.4ms,GPU>=0.9
10-25 21:52:25.642 3520 4604 V VRManagerService: ---- elevateProcessThread 'com.foo.ProductName' requestPriority(pid=18958, tid=18971, prio=1 ----
10-25 21:52:25.642 3520 4850 V VRManagerService: ---- elevateProcessThread 'com.foo.ProductName' requestPriority(pid=18958, tid=18971, prio=1 ----
10-25 21:52:25.732 18958 19079 D VrApi : setSchedFifoStatic tid:18971 pto:0
10-25 21:52:25.732 3970 17522 V VRManagerServer: (VRManagerService.java:401) yTqX [setThreadSchedFifo pkg=com.foo.ProductName pid=18958 tid=18971 prio=0]
10-25 21:52:25.732 3970 17522 V VRManagerServer: (VRManagerService.java:405) yTqX [setAffinity pid=18971 cpus=[4, 5, 6, 7]]
10-25 21:52:25.742 18958 19079 D VRManagerGearVR: VRManager set thread priority to 0
10-25 21:52:25.742 18958 19079 I VrApi_Clocks: SetSchedFifo( tid=18971, pri=0 ) succeeded
10-25 21:52:25.742 18958 19079 D VrApi : setSchedFifoStatic tid:18971 pto:0
10-25 21:52:25.742 3970 17298 V VRManagerServer: (VRManagerService.java:401) yTqX [setThreadSchedFifo pkg=com.foo.ProductName pid=18958 tid=18971 prio=0]
10-25 21:52:25.742 3970 17298 V VRManagerServer: (VRManagerService.java:405) yTqX [setAffinity pid=18971 cpus=[4, 5, 6, 7]]
10-25 21:52:25.742 18958 19079 D VRManagerGearVR: VRManager set thread priority to 0
10-25 21:52:25.742 18958 19079 I VrApi_Clocks: SetSchedFifo( tid=18971, pri=0 ) succeeded
10-25 21:52:25.742 18958 19079 W TimeWarp: VSync 5014249: eye=1,late=7.9ms,over=0.0ms,CPU=0.4ms,GPU>=0.0
10-25 21:52:25.742 3520 4287 V VRManagerService: ---- demoteProcessThread 'com.foo.ProductName' requestPriority(pid=18958, tid=18971, prio=0 ----
10-25 21:52:25.742 3520 4534 V VRManagerService: ---- demoteProcessThread 'com.foo.ProductName' requestPriority(pid=18958, tid=18971, prio=0 ----
10-25 21:52:25.782 18958 19079 D VrApi : setSchedFifoStatic tid:18971 pto:1
10-25 21:52:25.782 3970 3998 V VRManagerServer: (VRManagerService.java:401) yTqX [setThreadSchedFifo pkg=com.foo.ProductName pid=18958 tid=18971 prio=1]
10-25 21:52:25.782 3970 3998 V VRManagerServer: (VRManagerService.java:405) yTqX [setAffinity pid=18971 cpus=[4, 5, 6, 7]]
10-25 21:52:25.792 18958 19079 D VRManagerGearVR: VRManager set thread priority to 1
10-25 21:52:25.792 18958 19079 I VrApi_Clocks: SetSchedFifo( tid=18971, pri=1 ) succeeded
10-25 21:52:25.792 18958 19079 D VrApi : setSchedFifoStatic tid:18971 pto:1
10-25 21:52:25.792 3970 3999 V VRManagerServer: (VRManagerService.java:401) yTqX [setThreadSchedFifo pkg=com.foo.ProductName pid=18958 tid=18971 prio=1]
10-25 21:52:25.792 3970 3999 V VRManagerServer: (VRManagerService.java:405) yTqX [setAffinity pid=18971 cpus=[4, 5, 6, 7]]
10-25 21:52:25.792 18958 19079 D VRManagerGearVR: VRManager set thread priority to 1
10-25 21:52:25.792 18958 19079 I VrApi_Clocks: SetSchedFifo( tid=18971, pri=1 ) succeeded
10-25 21:52:25.792 18958 19079 W TimeWarp: VSync 5014252: eye=1,late=7.5ms,over=0.0ms,CPU=0.4ms,GPU>=0.6
10-25 21:52:25.792 3520 4041 V VRManagerService: ---- elevateProcessThread 'com.foo.ProductName' requestPriority(pid=18958, tid=18971, prio=1 ----
10-25 21:52:25.792 3520 4925 V VRManagerService: ---- elevateProcessThread 'com.foo.ProductName' requestPriority(pid=18958, tid=18971, prio=1 ----
10-25 21:52:25.882 18958 19079 D VrApi : setSchedFifoStatic tid:18971 pto:0
10-25 21:52:25.882 3970 17522 V VRManagerServer: (VRManagerService.java:401) yTqX [setThreadSchedFifo pkg=com.foo.ProductName pid=18958 tid=18971 prio=0]
10-25 21:52:25.882 3970 17522 V VRManagerServer: (VRManagerService.java:405) yTqX [setAffinity pid=18971 cpus=[4, 5, 6, 7]]
10-25 21:52:25.882 18958 19079 D VRManagerGearVR: VRManager set thread priority to 0
10-25 21:52:25.882 18958 19079 I VrApi_Clocks: SetSchedFifo( tid=18971, pri=0 ) succeeded
10-25 21:52:25.882 18958 19079 D VrApi : setSchedFifoStatic tid:18971 pto:0
10-25 21:52:25.882 3520 4928 V VRManagerService: ---- demoteProcessThread 'com.foo.ProductName' requestPriority(pid=18958, tid=18971, prio=0 ----
10-25 21:52:25.892 3970 17298 V VRManagerServer: (VRManagerService.java:401) yTqX [setThreadSchedFifo pkg=com.foo.ProductName pid=18958 tid=18971 prio=0]
10-25 21:52:25.892 3970 17298 V VRManagerServer: (VRManagerService.java:405) yTqX [setAffinity pid=18971 cpus=[4, 5, 6, 7]]
10-25 21:52:25.892 18958 19079 D VRManagerGearVR: VRManager set thread priority to 0
10-25 21:52:25.892 18958 19079 I VrApi_Clocks: SetSchedFifo( tid=18971, pri=0 ) succeeded
10-25 21:52:25.892 18958 19079 W TimeWarp: VSync 5014258: eye=1,late=7.8ms,over=0.0ms,CPU=0.4ms,GPU>=0.2
10-25 21:52:25.892 3520 4645 V VRManagerService: ---- demoteProcessThread 'com.foo.ProductName' requestPriority(pid=18958, tid=18971, prio=0 ----
10-25 21:52:25.932 18958 19079 D VrApi : setSchedFifoStatic tid:18971 pto:1
10-25 21:52:25.932 3970 3998 V VRManagerServer: (VRManagerService.java:401) yTqX [setThreadSchedFifo pkg=com.foo.ProductName pid=18958 tid=18971 prio=1]
10-25 21:52:25.932 3970 3998 V VRManagerServer: (VRManagerService.java:405) yTqX [setAffinity pid=18971 cpus=[4, 5, 6, 7]]
10-25 21:52:25.932 3520 4387 V VRManagerService: ---- elevateProcessThread 'com.foo.ProductName' requestPriority(pid=18958, tid=18971, prio=1 ----
10-25 21:52:25.942 18958 19079 D VRManagerGearVR: VRManager set thread priority to 1
10-25 21:52:25.942 18958 19079 I VrApi_Clocks: SetSchedFifo( tid=18971, pri=1 ) succeeded
10-25 21:52:25.942 18958 19079 D VrApi : setSchedFifoStatic tid:18971 pto:1
10-25 21:52:25.942 3970 17522 V VRManagerServer: (VRManagerService.java:401) yTqX [setThreadSchedFifo pkg=com.foo.ProductName pid=18958 tid=18971 prio=1]
10-25 21:52:25.942 3970 17522 V VRManagerServer: (VRManagerService.java:405) yTqX [setAffinity pid=18971 cpus=[4, 5, 6, 7]]
10-25 21:52:25.942 18958 19079 D VRManagerGearVR: VRManager set thread priority to 1
10-25 21:52:25.942 18958 19079 I VrApi_Clocks: SetSchedFifo( tid=18971, pri=1 ) succeeded
10-25 21:52:25.942 18958 19079 W TimeWarp: VSync 5014261: eye=1,late=7.9ms,over=0.0ms,CPU=0.4ms,GPU>=0.0
10-25 21:52:25.942 3520 3543 V VRManagerService: ---- elevateProcessThread 'com.foo.ProductName' requestPriority(pid=18958, tid=18971, prio=1 ----
10-25 21:52:26.032 18958 19079 D VrApi : setSchedFifoStatic tid:18971 pto:0
10-25 21:52:26.032 3970 3999 V VRManagerServer: (VRManagerService.java:401) yTqX [setThreadSchedFifo pkg=com.foo.ProductName pid=18958 tid=18971 prio=0]
10-25 21:52:26.032 3970 3999 V VRManagerServer: (VRManagerService.java:405) yTqX [setAffinity pid=18971 cpus=[4, 5, 6, 7]]
10-25 21:52:26.032 18958 19079 D VRManagerGearVR: VRManager set thread priority to 0
10-25 21:52:26.032 18958 19079 I VrApi_Clocks: SetSchedFifo( tid=18971, pri=0 ) succeeded
10-25 21:52:26.032 18958 19079 D VrApi : setSchedFifoStatic tid:18971 pto:0
10-25 21:52:26.032 3520 5770 V VRManagerService: ---- demoteProcessThread 'com.foo.ProductName' requestPriority(pid=18958, tid=18971, prio=0 ----
10-25 21:52:26.042 3970 17298 V VRManagerServer: (VRManagerService.java:401) yTqX [setThreadSchedFifo pkg=com.foo.ProductName pid=18958 tid=18971 prio=0]
10-25 21:52:26.042 3970 17298 V VRManagerServer: (VRManagerService.java:405) yTqX [setAffinity pid=18971 cpus=[4, 5, 6, 7]]
10-25 21:52:26.042 18958 19079 D VRManagerGearVR: VRManager set thread priority to 0
10-25 21:52:26.042 18958 19079 I VrApi_Clocks: SetSchedFifo( tid=18971, pri=0 ) succeeded
10-25 21:52:26.042 18958 19079 W TimeWarp: VSync 5014267: eye=1,late=7.9ms,over=0.0ms,CPU=0.4ms,GPU>=0.0
10-25 21:52:26.042 3520 4392 V VRManagerService: ---- demoteProcessThread 'com.foo.ProductName' requestPriority(pid=18958, tid=18971, prio=0 ----
10-25 21:52:26.082 18958 19079 D VrApi : setSchedFifoStatic tid:18971 pto:1
10-25 21:52:26.082 3970 3998 V VRManagerServer: (VRManagerService.java:401) yTqX [setThreadSchedFifo pkg=com.foo.ProductName pid=18958 tid=18971 prio=1]
10-25 21:52:26.082 3970 3998 V VRManagerServer: (VRManagerService.java:405) yTqX [setAffinity pid=18971 cpus=[4, 5, 6, 7]]
10-25 21:52:26.082 18958 19079 D VRManagerGearVR: VRManager set thread priority to 1
10-25 21:52:26.082 18958 19079 I VrApi_Clocks: SetSchedFifo( tid=18971, pri=1 ) succeeded
10-25 21:52:26.082 18958 19079 D VrApi : setSchedFifoStatic tid:18971 pto:1
10-25 21:52:26.082 3520 3542 V VRManagerService: ---- elevateProcessThread 'com.foo.ProductName' requestPriority(pid=18958, tid=18971, prio=1 ----
10-25 21:52:26.092 3970 3999 V VRManagerServer: (VRManagerService.java:401) yTqX [setThreadSchedFifo pkg=com.foo.ProductName pid=18958 tid=18971 prio=1]
10-25 21:52:26.092 3970 3999 V VRManagerServer: (VRManagerService.java:405) yTqX [setAffinity pid=18971 cpus=[4, 5, 6, 7]]
10-25 21:52:26.092 18958 19079 D VRManagerGearVR: VRManager set thread priority to 1
10-25 21:52:26.092 18958 19079 I VrApi_Clocks: SetSchedFifo( tid=18971, pri=1 ) succeeded
10-25 21:52:26.092 18958 19079 W TimeWarp: VSync 5014270: eye=1,late=7.3ms,over=0.0ms,CPU=0.4ms,GPU>=0.7
10-25 21:52:26.092 3520 4604 V VRManagerService: ---- elevateProcessThread 'com.foo.ProductName' requestPriority(pid=18958, tid=18971, prio=1 ----
10-25 21:52:26.182 18958 19079 D VrApi : setSchedFifoStatic tid:18971 pto:0
10-25 21:52:26.182 3970 17522 V VRManagerServer: (VRManagerService.java:401) yTqX [setThreadSchedFifo pkg=com.foo.ProductName pid=18958 tid=18971 prio=0]
10-25 21:52:26.182 3970 17522 V VRManagerServer: (VRManagerService.java:405) yTqX [setAffinity pid=18971 cpus=[4, 5, 6, 7]]
10-25 21:52:26.182 18958 19079 D VRManagerGearVR: VRManager set thread priority to 0
10-25 21:52:26.182 18958 19079 I VrApi_Clocks: SetSchedFifo( tid=18971, pri=0 ) succeeded
10-25 21:52:26.182 18958 19079 D VrApi : setSchedFifoStatic tid:18971 pto:0
10-25 21:52:26.182 3520 4850 V VRManagerService: ---- demoteProcessThread 'com.foo.ProductName' requestPriority(pid=18958, tid=18971, prio=0 ----
10-25 21:52:26.192 3970 3998 V VRManagerServer: (VRManagerService.java:401) yTqX [setThreadSchedFifo pkg=com.foo.ProductName pid=18958 tid=18971 prio=0]
10-25 21:52:26.192 3970 3998 V VRManagerServer: (VRManagerService.java:405) yTqX [setAffinity pid=18971 cpus=[4, 5, 6, 7]]
10-25 21:52:26.192 18958 19079 D VRManagerGearVR: VRManager set thread priority to 0
10-25 21:52:26.192 18958 19079 I VrApi_Clocks: SetSchedFifo( tid=18971, pri=0 ) succeeded
10-25 21:52:26.192 18958 19079 W TimeWarp: VSync 5014276: eye=1,late=8.0ms,over=0.0ms,CPU=0.4ms,GPU>=0.0
10-25 21:52:26.192 3520 4287 V VRManagerService: ---- demoteProcessThread 'com.foo.ProductName' requestPriority(pid=18958, tid=18971, prio=0 ----
10-25 21:52:26.232 18958 19079 D VrApi : setSchedFifoStatic tid:18971 pto:1
10-25 21:52:26.232 3970 17298 V VRManagerServer: (VRManagerService.java:401) yTqX [setThreadSchedFifo pkg=com.foo.ProductName pid=18958 tid=18971 prio=1]
10-25 21:52:26.232 3970 17298 V VRManagerServer: (VRManagerService.java:405) yTqX [setAffinity pid=18971 cpus=[4, 5, 6, 7]]
10-25 21:52:26.232 18958 19079 D VRManagerGearVR: VRManager set thread priority to 1
10-25 21:52:26.232 18958 19079 I VrApi_Clocks: SetSchedFifo( tid=18971, pri=1 ) succeeded
10-25 21:52:26.232 18958 19079 D VrApi : setSchedFifoStatic tid:18971 pto:1
10-25 21:52:26.232 3520 4534 V VRManagerService: ---- elevateProcessThread 'com.foo.ProductName' requestPriority(pid=18958, tid=18971, prio=1 ----
10-25 21:52:26.242 3970 3999 V VRManagerServer: (VRManagerService.java:401) yTqX [setThreadSchedFifo pkg=com.foo.ProductName pid=18958 tid=18971 prio=1]
10-25 21:52:26.242 3970 3999 V VRManagerServer: (VRManagerService.java:405) yTqX [setAffinity pid=18971 cpus=[4, 5, 6, 7]]
10-25 21:52:26.242 18958 19079 D VRManagerGearVR: VRManager set thread priority to 1
10-25 21:52:26.242 18958 19079 I VrApi_Clocks: SetSchedFifo( tid=18971, pri=1 ) succeeded
10-25 21:52:26.242 18958 19079 W TimeWarp: VSync 5014279: eye=1,late=8.0ms,over=0.0ms,CPU=0.4ms,GPU>=0.0
10-25 21:52:26.242 3520 4041 V VRManagerService: ---- elevateProcessThread 'com.foo.ProductName' requestPriority(pid=18958, tid=18971, prio=1 ----
10-25 21:52:26.292 18958 19079 W TimeWarp: VSync 5014282: eye=1,late=0.0ms,over=0.0ms,CPU=0.3ms,GPU>=8.1
10-25 21:52:26.312 3520 8428 D SSRM:n : SIOP:: AP = 330, PST = 277 (W:18), CP = 255, CUR = 696, LCD = 191
10-25 21:52:26.322 18958 19079 D VrApi : setSchedFifoStatic tid:18971 pto:0
10-25 21:52:26.332 3970 17522 V VRManagerServer: (VRManagerService.java:401) yTqX [setThreadSchedFifo pkg=com.foo.ProductName pid=18958 tid=18971 prio=0]
10-25 21:52:26.332 3970 17522 V VRManagerServer: (VRManagerService.java:405) yTqX [setAffinity pid=18971 cpus=[4, 5, 6, 7]]
10-25 21:52:26.332 18958 19079 D VRManagerGearVR: VRManager set thread priority to 0
10-25 21:52:26.332 18958 19079 I VrApi_Clocks: SetSchedFifo( tid=18971, pri=0 ) succeeded
10-25 21:52:26.332 18958 19079 D VrApi : setSchedFifoStatic tid:18971 pto:0
10-25 21:52:26.332 3520 4925 V VRManagerService: ---- demoteProcessThread 'com.foo.ProductName' requestPriority(pid=18958, tid=18971, prio=0 ----
10-25 21:52:26.342 3970 3998 V VRManagerServer: (VRManagerService.java:401) yTqX [setThreadSchedFifo pkg=com.foo.ProductName pid=18958 tid=18971 prio=0]
10-25 21:52:26.342 3970 3998 V VRManagerServer: (VRManagerService.java:405) yTqX [setAffinity pid=18971 cpus=[4, 5, 6, 7]]
10-25 21:52:26.342 18958 19079 D VRManagerGearVR: VRManager set thread priority to 0
10-25 21:52:26.342 18958 19079 I VrApi_Clocks: SetSchedFifo( tid=18971, pri=0 ) succeeded
10-25 21:52:26.342 18958 19079 W TimeWarp: VSync 5014285: eye=1,late=8.2ms,over=0.0ms,CPU=0.5ms,GPU>=0.1
10-25 21:52:26.342 3520 4928 V VRManagerService: ---- demoteProcessThread 'com.foo.ProductName' requestPriority(pid=18958, tid=18971, prio=0 ----
10-25 21:52:26.372 18958 19079 D VrApi : setSchedFifoStatic tid:18971 pto:1
10-25 21:52:26.382 3970 17298 V VRManagerServer: (VRManagerService.java:401) yTqX [setThreadSchedFifo pkg=com.foo.ProductName pid=18958 tid=18971 prio=1]
10-25 21:52:26.382 3970 17298 V VRManagerServer: (VRManagerService.java:405) yTqX [setAffinity pid=18971 cpus=[4, 5, 6, 7]]
10-25 21:52:26.382 18958 19079 D VRManagerGearVR: VRManager set thread priority to 1
10-25 21:52:26.382 18958 19079 I VrApi_Clocks: SetSchedFifo( tid=18971, pri=1 ) succeeded
10-25 21:52:26.382 18958 19079 D VrApi : setSchedFifoStatic tid:18971 pto:1
10-25 21:52:26.382 3520 4645 V VRManagerService: ---- elevateProcessThread 'com.foo.ProductName' requestPriority(pid=18958, tid=18971, prio=1 ----
10-25 21:52:26.392 3970 3999 V VRManagerServer: (VRManagerService.java:401) yTqX [setThreadSchedFifo pkg=com.foo.ProductName pid=18958 tid=18971 prio=1]
10-25 21:52:26.392 3970 3999 V VRManagerServer: (VRManagerService.java:405) yTqX [setAffinity pid=18971 cpus=[4, 5, 6, 7]]
10-25 21:52:26.392 18958 19079 D VRManagerGearVR: VRManager set thread priority to 1
10-25 21:52:26.392 18958 19079 I VrApi_Clocks: SetSchedFifo( tid=18971, pri=1 ) succeeded
10-25 21:52:26.392 18958 19079 W TimeWarp: VSync 5014288: eye=1,late=10.0ms,over=0.0ms,CPU=0.4ms,GPU>=0.0
10-25 21:52:26.392 3520 4387 V VRManagerService: ---- elevateProcessThread 'com.foo.ProductName' requestPriority(pid=18958, tid=18971, prio=1 ----
10-25 21:52:26.442 18958 19079 W TimeWarp: VSync 5014291: eye=1,late=0.0ms,over=0.1ms,CPU=0.3ms,GPU>=8.0
10-25 21:52:26.452 18958 19046 I OVR : DeviceManagerThread - event 43 (500Hz) (Tid=19046)
10-25 21:52:26.472 18958 19079 D VrApi : setSchedFifoStatic tid:18971 pto:0
10-25 21:52:26.482 3970 17522 V VRManagerServer: (VRManagerService.java:401) yTqX [setThreadSchedFifo pkg=com.foo.ProductName pid=18958 tid=18971 prio=0]
10-25 21:52:26.482 3970 17522 V VRManagerServer: (VRManagerService.java:405) yTqX [setAffinity pid=18971 cpus=[4, 5, 6, 7]]
10-25 21:52:26.482 18958 19079 D VRManagerGearVR: VRManager set thread priority to 0
10-25 21:52:26.482 18958 19079 I VrApi_Clocks: SetSchedFifo( tid=18971, pri=0 ) succeeded
10-25 21:52:26.482 18958 19079 D VrApi : setSchedFifoStatic tid:18971 pto:0
