10-25 21:52:21.102 18958 19079 W TimeWarp: VSync 5013969: eye=1,late=7.6ms,over=0.0ms,CPU=0.4ms,GPU>=0.3
10-25 21:52:21.172 19289 19289 D ACRA : ACRA init; reportURL: https://www.facebook.com/mobile/generic_android_crash_logs/1548792348668883
10-25 21:52:21.172 19289 19289 D ACRA : ACRA is enabled for com.oculus.home, intializing...
10-25 21:52:21.262 18958 19079 W TimeWarp: VSync 5013979: eye=1,late=0.0ms,over=0.0ms,CPU=0.4ms,GPU>=7.8
10-25 21:52:21.302 18958 19079 W TimeWarp: VSync 5013981: eye=1,late=0.0ms,over=0.0ms,CPU=0.4ms,GPU>=8.0
10-25 21:52:21.312 18958 19079 W TimeWarp: VSync 5013982: eye=1,late=0.0ms,over=0.0ms,CPU=0.4ms,GPU>=7.9
10-25 21:52:21.392 19289 19289 D InjectionManager: InjectionManager
10-25 21:52:21.392 19289 19289 D InjectionManager: fillFeatureStoreMap com.oculus.home
10-25 21:52:21.392 19289 19289 I InjectionManager: Constructor com.oculus.home, Feature store :{}
10-25 21:52:21.392 19289 19289 I InjectionManager: featureStore :{}
10-25 21:52:21.442 18958 19046 I OVR : DeviceManagerThread - event 43 (500Hz) (Tid=19046)
10-25 21:52:21.452 18958 18958 I Vsync : Choreographer doFrame callback delayed by 3.9 milliseconds
10-25 21:52:21.622 18958 19098 I VrApi : FPS=7,Prd=46ms,Tear=13,Early=0,Stale=58,VSnc=1,Lat=1,CPU4/GPU=2/2,1000/420MHz,OC=FF,TA=F0/F0/F0/F0,SP=F/F/F/F,Mem=1026MHz,Free=1367MB,PSM=0,PLS=0,Temp=26.3C/27.5C
10-25 21:52:21.682 18958 19079 D VrApi : setSchedFifoStatic tid:18971 pto:0
10-25 21:52:21.682 3970 17298 V VRManagerServer: (VRManagerService.java:401) yTqX [setThreadSchedFifo pkg=com.foo.ProductName pid=18958 tid=18971 prio=0]
10-25 21:52:21.682 3970 17298 V VRManagerServer: (VRManagerService.java:405) yTqX [setAffinity pid=18971 cpus=[4, 5, 6, 7]]
10-25 21:52:21.692 18958 19079 D VRManagerGearVR: VRManager set thread priority to 0
10-25 21:52:21.692 18958 19079 I VrApi_Clocks: SetSchedFifo( tid=18971, pri=0 ) succeeded
10-25 21:52:21.692 18958 19079 D VrApi : setSchedFifoStatic tid:18971 pto:0
10-25 21:52:21.692 3970 3998 V VRManagerServer: (VRManagerService.java:401) yTqX [setThreadSchedFifo pkg=com.foo.ProductName pid=18958 tid=18971 prio=0]
10-25 21:52:21.692 3970 3998 V VRManagerServer: (VRManagerService.java:405) yTqX [setAffinity pid=18971 cpus=[4, 5, 6, 7]]
10-25 21:52:21.692 18958 19079 D VRManagerGearVR: VRManager set thread priority to 0
10-25 21:52:21.692 18958 19079 I VrApi_Clocks: SetSchedFifo( tid=18971, pri=0 ) succeeded
10-25 21:52:21.702 18958 19079 W TimeWarp: VSync 5014005: eye=1,late=6.6ms,over=0.0ms,CPU=0.4ms,GPU>=1.3
10-25 21:52:21.702 18958 19079 D VrApi : setSchedFifoStatic tid:18971 pto:1
10-25 21:52:21.702 3970 17522 V VRManagerServer: (VRManagerService.java:401) yTqX [setThreadSchedFifo pkg=com.foo.ProductName pid=18958 tid=18971 prio=1]
10-25 21:52:21.702 3970 17522 V VRManagerServer: (VRManagerService.java:405) yTqX [setAffinity pid=18971 cpus=[4, 5, 6, 7]]
10-25 21:52:21.712 18958 19079 D VRManagerGearVR: VRManager set thread priority to 1
10-25 21:52:21.712 18958 19079 I VrApi_Clocks: SetSchedFifo( tid=18971, pri=1 ) succeeded
10-25 21:52:21.712 18958 19079 D VrApi : setSchedFifoStatic tid:18971 pto:1
10-25 21:52:21.712 3970 3999 V VRManagerServer: (VRManagerService.java:401) yTqX [setThreadSchedFifo pkg=com.foo.ProductName pid=18958 tid=18971 prio=1]
10-25 21:52:21.712 3970 3999 V VRManagerServer: (VRManagerService.java:405) yTqX [setAffinity pid=18971 cpus=[4, 5, 6, 7]]
10-25 21:52:21.712 18958 19079 D VRManagerGearVR: VRManager set thread priority to 1
10-25 21:52:21.712 18958 19079 I VrApi_Clocks: SetSchedFifo( tid=18971, pri=1 ) succeeded
10-25 21:52:21.712 18958 19079 W TimeWarp: VSync 5014006: eye=1,late=7.5ms,over=0.0ms,CPU=0.4ms,GPU>=0.4
10-25 21:52:21.802 18958 19079 D VrApi : setSchedFifoStatic tid:18971 pto:0
10-25 21:52:21.802 3970 3998 V VRManagerServer: (VRManagerService.java:401) yTqX [setThreadSchedFifo pkg=com.foo.ProductName pid=18958 tid=18971 prio=0]
10-25 21:52:21.802 3970 3998 V VRManagerServer: (VRManagerService.java:405) yTqX [setAffinity pid=18971 cpus=[4, 5, 6, 7]]
10-25 21:52:21.802 18958 19079 D VRManagerGearVR: VRManager set thread priority to 0
10-25 21:52:21.802 18958 19079 I VrApi_Clocks: SetSchedFifo( tid=18971, pri=0 ) succeeded
10-25 21:52:21.802 18958 19079 D VrApi : setSchedFifoStatic tid:18971 pto:0
10-25 21:52:21.812 3970 17298 V VRManagerServer: (VRManagerService.java:401) yTqX [setThreadSchedFifo pkg=com.foo.ProductName pid=18958 tid=18971 prio=0]
10-25 21:52:21.812 3970 17298 V VRManagerServer: (VRManagerService.java:405) yTqX [setAffinity pid=18971 cpus=[4, 5, 6, 7]]
10-25 21:52:21.812 18958 19079 D VRManagerGearVR: VRManager set thread priority to 0
10-25 21:52:21.812 18958 19079 I VrApi_Clocks: SetSchedFifo( tid=18971, pri=0 ) succeeded
10-25 21:52:21.812 18958 19079 W TimeWarp: VSync 5014012: eye=1,late=7.5ms,over=0.0ms,CPU=0.4ms,GPU>=0.6
10-25 21:52:21.812 18958 19079 D VrApi : setSchedFifoStatic tid:18971 pto:1
10-25 21:52:21.822 3970 3999 V VRManagerServer: (VRManagerService.java:401) yTqX [setThreadSchedFifo pkg=com.foo.ProductName pid=18958 tid=18971 prio=1]
10-25 21:52:21.822 3970 3999 V VRManagerServer: (VRManagerService.java:405) yTqX [setAffinity pid=18971 cpus=[4, 5, 6, 7]]
10-25 21:52:21.822 18958 19079 D VRManagerGearVR: VRManager set thread priority to 1
10-25 21:52:21.822 18958 19079 I VrApi_Clocks: SetSchedFifo( tid=18971, pri=1 ) succeeded
10-25 21:52:21.822 18958 19079 D VrApi : setSchedFifoStatic tid:18971 pto:1
10-25 21:52:21.822 3970 3998 V VRManagerServer: (VRManagerService.java:401) yTqX [setThreadSchedFifo pkg=com.foo.ProductName pid=18958 tid=18971 prio=1]
10-25 21:52:21.822 3970 3998 V VRManagerServer: (VRManagerService.java:405) yTqX [setAffinity pid=18971 cpus=[4, 5, 6, 7]]
10-25 21:52:21.832 18958 19079 D VRManagerGearVR: VRManager set thread priority to 1
10-25 21:52:21.832 18958 19079 I VrApi_Clocks: SetSchedFifo( tid=18971, pri=1 ) succeeded
10-25 21:52:21.832 18958 19079 W TimeWarp: VSync 5014013: eye=1,late=6.7ms,over=0.0ms,CPU=0.4ms,GPU>=1.2
10-25 21:52:21.902 18958 19079 W TimeWarp: VSync 5014017: eye=1,late=0.0ms,over=0.1ms,CPU=0.4ms,GPU>=7.9
10-25 21:52:21.912 18958 19079 D VrApi : setSchedFifoStatic tid:18971 pto:0
10-25 21:52:21.922 3970 17522 V VRManagerServer: (VRManagerService.java:401) yTqX [setThreadSchedFifo pkg=com.foo.ProductName pid=18958 tid=18971 prio=0]
10-25 21:52:21.922 3970 17522 V VRManagerServer: (VRManagerService.java:405) yTqX [setAffinity pid=18971 cpus=[4, 5, 6, 7]]
10-25 21:52:21.922 18958 19079 D VRManagerGearVR: VRManager set thread priority to 0
10-25 21:52:21.922 18958 19079 I VrApi_Clocks: SetSchedFifo( tid=18971, pri=0 ) succeeded
10-25 21:52:21.922 18958 19079 D VrApi : setSchedFifoStatic tid:18971 pto:0
10-25 21:52:21.922 3970 17298 V VRManagerServer: (VRManagerService.java:401) yTqX [setThreadSchedFifo pkg=com.foo.ProductName pid=18958 tid=18971 prio=0]
10-25 21:52:21.922 3970 17298 V VRManagerServer: (VRManagerService.java:405) yTqX [setAffinity pid=18971 cpus=[4, 5, 6, 7]]
10-25 21:52:21.932 18958 19079 D VRManagerGearVR: VRManager set thread priority to 0
10-25 21:52:21.932 18958 19079 I VrApi_Clocks: SetSchedFifo( tid=18971, pri=0 ) succeeded
10-25 21:52:21.932 18958 18971 I TimeWarp: WarpSwap: usleep( 794 )
10-25 21:52:21.932 18958 19079 W TimeWarp: VSync 5014019: eye=1,late=5.9ms,over=0.0ms,CPU=0.4ms,GPU>=2.1
10-25 21:52:21.932 18958 19079 D VrApi : setSchedFifoStatic tid:18971 pto:1
10-25 21:52:21.932 3970 3999 V VRManagerServer: (VRManagerService.java:401) yTqX [setThreadSchedFifo pkg=com.foo.ProductName pid=18958 tid=18971 prio=1]
10-25 21:52:21.932 3970 3999 V VRManagerServer: (VRManagerService.java:405) yTqX [setAffinity pid=18971 cpus=[4, 5, 6, 7]]
10-25 21:52:21.942 18958 19079 D VRManagerGearVR: VRManager set thread priority to 1
10-25 21:52:21.942 18958 19079 I VrApi_Clocks: SetSchedFifo( tid=18971, pri=1 ) succeeded
10-25 21:52:21.942 18958 19079 D VrApi : setSchedFifoStatic tid:18971 pto:1
10-25 21:52:21.942 3970 3998 V VRManagerServer: (VRManagerService.java:401) yTqX [setThreadSchedFifo pkg=com.foo.ProductName pid=18958 tid=18971 prio=1]
10-25 21:52:21.942 3970 3998 V VRManagerServer: (VRManagerService.java:405) yTqX [setAffinity pid=18971 cpus=[4, 5, 6, 7]]
10-25 21:52:21.952 4130 4343 D NetworkController.MobileSignalController(0/2147483643): onSignalStrengthsChanged signalStrength=SignalStrength: 19 99 -19 -200 -19 -200 -1 99 2147483647 2147483647 2147483647 2147483647 2147483647 0x5 gsm|lte level=5
10-25 21:52:21.952 4130 4343 D NetworkController.MobileSignalController(0/2147483643): getMobileIconGroup(): 0
10-25 21:52:21.952 4130 4343 D NetworkController.MobileSignalController(0/2147483643): updateTMOMobileIconGroup(): 0
10-25 21:52:21.952 4425 4425 D WfcPhoneStateListener: onSignalStrengthsChanged(): signal strength did not change
10-25 21:52:21.952 18958 19079 D VRManagerGearVR: VRManager set thread priority to 1
10-25 21:52:21.952 18958 19079 I VrApi_Clocks: SetSchedFifo( tid=18971, pri=1 ) succeeded
10-25 21:52:21.952 18958 19079 W TimeWarp: VSync 5014020: eye=1,late=15.2ms,over=0.0ms,CPU=0.4ms,GPU>=0.0
10-25 21:52:21.962 18958 18958 I Vsync : Vsync 5014021: Choreographer: 1 x 15.19 ms (60.29 Hz, at 84983.057)
10-25 21:52:21.982 18958 19079 W TimeWarp: VSync 5014022: eye=1,late=0.0ms,over=0.1ms,CPU=0.3ms,GPU>=8.0
10-25 21:52:22.002 18958 18958 I Vsync : Vsync 5014023: Choreographer: 1 x 18.00 ms (60.33 Hz, at 84983.090)
10-25 21:52:22.032 18958 19079 D VrApi : setSchedFifoStatic tid:18971 pto:0
10-25 21:52:22.032 3970 17522 V VRManagerServer: (VRManagerService.java:401) yTqX [setThreadSchedFifo pkg=com.foo.ProductName pid=18958 tid=18971 prio=0]
10-25 21:52:22.032 3970 17522 V VRManagerServer: (VRManagerService.java:405) yTqX [setAffinity pid=18971 cpus=[4, 5, 6, 7]]
10-25 21:52:22.042 18958 19079 D VRManagerGearVR: VRManager set thread priority to 0
10-25 21:52:22.042 18958 19079 I VrApi_Clocks: SetSchedFifo( tid=18971, pri=0 ) succeeded
10-25 21:52:22.042 18958 19079 D VrApi : setSchedFifoStatic tid:18971 pto:0
10-25 21:52:22.042 3970 17298 V VRManagerServer: (VRManagerService.java:401) yTqX [setThreadSchedFifo pkg=com.foo.ProductName pid=18958 tid=18971 prio=0]
10-25 21:52:22.042 3970 17298 V VRManagerServer: (VRManagerService.java:405) yTqX [setAffinity pid=18971 cpus=[4, 5, 6, 7]]
10-25 21:52:22.042 18958 19079 D VRManagerGearVR: VRManager set thread priority to 0
10-25 21:52:22.042 18958 19079 I VrApi_Clocks: SetSchedFifo( tid=18971, pri=0 ) succeeded
10-25 21:52:22.042 18958 19079 W TimeWarp: VSync 5014026: eye=1,late=5.9ms,over=0.0ms,CPU=0.4ms,GPU>=1.9
10-25 21:52:22.062 18958 19079 D VrApi : setSchedFifoStatic tid:18971 pto:1
10-25 21:52:22.062 3970 3999 V VRManagerServer: (VRManagerService.java:401) yTqX [setThreadSchedFifo pkg=com.foo.ProductName pid=18958 tid=18971 prio=1]
10-25 21:52:22.072 3970 3999 V VRManagerServer: (VRManagerService.java:405) yTqX [setAffinity pid=18971 cpus=[4, 5, 6, 7]]
10-25 21:52:22.072 18958 19079 D VRManagerGearVR: VRManager set thread priority to 1
10-25 21:52:22.072 18958 19079 I VrApi_Clocks: SetSchedFifo( tid=18971, pri=1 ) succeeded
10-25 21:52:22.072 18958 19079 D VrApi : setSchedFifoStatic tid:18971 pto:1
10-25 21:52:22.072 3970 3998 V VRManagerServer: (VRManagerService.java:401) yTqX [setThreadSchedFifo pkg=com.foo.ProductName pid=18958 tid=18971 prio=1]
10-25 21:52:22.072 3970 3998 V VRManagerServer: (VRManagerService.java:405) yTqX [setAffinity pid=18971 cpus=[4, 5, 6, 7]]
10-25 21:52:22.082 18958 19079 D VRManagerGearVR: VRManager set thread priority to 1
10-25 21:52:22.082 18958 19079 I VrApi_Clocks: SetSchedFifo( tid=18971, pri=1 ) succeeded
10-25 21:52:22.082 18958 19079 W TimeWarp: VSync 5014028: eye=1,late=6.4ms,over=0.0ms,CPU=0.4ms,GPU>=1.5
10-25 21:52:22.162 18958 19079 D VrApi : setSchedFifoStatic tid:18971 pto:0
10-25 21:52:22.162 3970 17298 V VRManagerServer: (VRManagerService.java:401) yTqX [setThreadSchedFifo pkg=com.foo.ProductName pid=18958 tid=18971 prio=0]
10-25 21:52:22.172 3970 17298 V VRManagerServer: (VRManagerService.java:405) yTqX [setAffinity pid=18971 cpus=[4, 5, 6, 7]]
10-25 21:52:22.172 18958 19079 D VRManagerGearVR: VRManager set thread priority to 0
10-25 21:52:22.172 18958 19079 I VrApi_Clocks: SetSchedFifo( tid=18971, pri=0 ) succeeded
10-25 21:52:22.172 18958 19079 D VrApi : setSchedFifoStatic tid:18971 pto:0
10-25 21:52:22.172 3970 17522 V VRManagerServer: (VRManagerService.java:401) yTqX [setThreadSchedFifo pkg=com.foo.ProductName pid=18958 tid=18971 prio=0]
10-25 21:52:22.172 3970 17522 V VRManagerServer: (VRManagerService.java:405) yTqX [setAffinity pid=18971 cpus=[4, 5, 6, 7]]
10-25 21:52:22.172 18958 19079 D VRManagerGearVR: VRManager set thread priority to 0
10-25 21:52:22.172 18958 19079 I VrApi_Clocks: SetSchedFifo( tid=18971, pri=0 ) succeeded
10-25 21:52:22.182 18958 19079 W TimeWarp: VSync 5014034: eye=1,late=6.0ms,over=0.0ms,CPU=0.5ms,GPU>=2.0
10-25 21:52:22.192 18958 19079 D VrApi : setSchedFifoStatic tid:18971 pto:1
10-25 21:52:22.202 3970 3999 V VRManagerServer: (VRManagerService.java:401) yTqX [setThreadSchedFifo pkg=com.foo.ProductName pid=18958 tid=18971 prio=1]
10-25 21:52:22.202 3970 3999 V VRManagerServer: (VRManagerService.java:405) yTqX [setAffinity pid=18971 cpus=[4, 5, 6, 7]]
10-25 21:52:22.202 18958 19079 D VRManagerGearVR: VRManager set thread priority to 1
10-25 21:52:22.202 18958 19079 I VrApi_Clocks: SetSchedFifo( tid=18971, pri=1 ) succeeded
10-25 21:52:22.202 18958 19079 D VrApi : setSchedFifoStatic tid:18971 pto:1
10-25 21:52:22.212 3970 3998 V VRManagerServer: (VRManagerService.java:401) yTqX [setThreadSchedFifo pkg=com.foo.ProductName pid=18958 tid=18971 prio=1]
10-25 21:52:22.212 3970 3998 V VRManagerServer: (VRManagerService.java:405) yTqX [setAffinity pid=18971 cpus=[4, 5, 6, 7]]
10-25 21:52:22.212 18958 19079 D VRManagerGearVR: VRManager set thread priority to 1
10-25 21:52:22.212 18958 19079 I VrApi_Clocks: SetSchedFifo( tid=18971, pri=1 ) succeeded
10-25 21:52:22.212 18958 19079 W TimeWarp: VSync 5014036: eye=1,late=9.8ms,over=0.0ms,CPU=0.4ms,GPU>=0.0
10-25 21:52:22.292 18958 19079 D VrApi : setSchedFifoStatic tid:18971 pto:0
10-25 21:52:22.302 3970 17298 V VRManagerServer: (VRManagerService.java:401) yTqX [setThreadSchedFifo pkg=com.foo.ProductName pid=18958 tid=18971 prio=0]
10-25 21:52:22.302 3970 17298 V VRManagerServer: (VRManagerService.java:405) yTqX [setAffinity pid=18971 cpus=[4, 5, 6, 7]]
10-25 21:52:22.302 18958 19079 D VRManagerGearVR: VRManager set thread priority to 0
10-25 21:52:22.302 18958 19079 I VrApi_Clocks: SetSchedFifo( tid=18971, pri=0 ) succeeded
10-25 21:52:22.302 18958 19079 D VrApi : setSchedFifoStatic tid:18971 pto:0
10-25 21:52:22.302 3970 17522 V VRManagerServer: (VRManagerService.java:401) yTqX [setThreadSchedFifo pkg=com.foo.ProductName pid=18958 tid=18971 prio=0]
10-25 21:52:22.302 3970 17522 V VRManagerServer: (VRManagerService.java:405) yTqX [setAffinity pid=18971 cpus=[4, 5, 6, 7]]
10-25 21:52:22.312 18958 19079 D VRManagerGearVR: VRManager set thread priority to 0
10-25 21:52:22.312 18958 19079 I VrApi_Clocks: SetSchedFifo( tid=18971, pri=0 ) succeeded
10-25 21:52:22.312 18958 19079 W TimeWarp: VSync 5014042: eye=1,late=6.7ms,over=0.0ms,CPU=0.4ms,GPU>=1.2
10-25 21:52:22.332 18958 19079 W TimeWarp: VSync 5014043: eye=1,late=0.0ms,over=0.0ms,CPU=0.4ms,GPU>=8.0
10-25 21:52:22.332 18958 19079 D VrApi : setSchedFifoStatic tid:18971 pto:1
10-25 21:52:22.332 3970 3999 V VRManagerServer: (VRManagerService.java:401) yTqX [setThreadSchedFifo pkg=com.foo.ProductName pid=18958 tid=18971 prio=1]
10-25 21:52:22.332 3970 3999 V VRManagerServer: (VRManagerService.java:405) yTqX [setAffinity pid=18971 cpus=[4, 5, 6, 7]]
10-25 21:52:22.332 18958 19079 D VRManagerGearVR: VRManager set thread priority to 1
10-25 21:52:22.332 18958 19079 I VrApi_Clocks: SetSchedFifo( tid=18971, pri=1 ) succeeded
10-25 21:52:22.342 18958 19079 D VrApi : setSchedFifoStatic tid:18971 pto:1
10-25 21:52:22.342 3970 3998 V VRManagerServer: (VRManagerService.java:401) yTqX [setThreadSchedFifo pkg=com.foo.ProductName pid=18958 tid=18971 prio=1]
10-25 21:52:22.342 3970 3998 V VRManagerServer: (VRManagerService.java:405) yTqX [setAffinity pid=18971 cpus=[4, 5, 6, 7]]
10-25 21:52:22.342 18958 19079 D VRManagerGearVR: VRManager set thread priority to 1
10-25 21:52:22.342 18958 19079 I VrApi_Clocks: SetSchedFifo( tid=18971, pri=1 ) succeeded
10-25 21:52:22.342 18958 19079 W TimeWarp: VSync 5014044: eye=1,late=7.2ms,over=0.0ms,CPU=0.4ms,GPU>=0.8
10-25 21:52:22.392 18958 19079 W TimeWarp: VSync 5014047: eye=1,late=0.0ms,over=0.1ms,CPU=0.3ms,GPU>=8.0
10-25 21:52:22.432 18958 19079 D VrApi : setSchedFifoStatic tid:18971 pto:0
10-25 21:52:22.432 3970 17298 V VRManagerServer: (VRManagerService.java:401) yTqX [setThreadSchedFifo pkg=com.foo.ProductName pid=18958 tid=18971 prio=0]
10-25 21:52:22.432 3970 17298 V VRManagerServer: (VRManagerService.java:405) yTqX [setAffinity pid=18971 cpus=[4, 5, 6, 7]]
10-25 21:52:22.432 18958 19079 D VRManagerGearVR: VRManager set thread priority to 0
10-25 21:52:22.432 18958 19079 I VrApi_Clocks: SetSchedFifo( tid=18971, pri=0 ) succeeded
10-25 21:52:22.442 18958 19079 D VrApi : setSchedFifoStatic tid:18971 pto:0
10-25 21:52:22.442 3970 3999 V VRManagerServer: (VRManagerService.java:401) yTqX [setThreadSchedFifo pkg=com.foo.ProductName pid=18958 tid=18971 prio=0]
10-25 21:52:22.442 3970 3999 V VRManagerServer: (VRManagerService.java:405) yTqX [setAffinity pid=18971 cpus=[4, 5, 6, 7]]
10-25 21:52:22.442 18958 19046 I OVR : DeviceManagerThread - event 43 (499Hz) (Tid=19046)
10-25 21:52:22.442 18958 19079 D VRManagerGearVR: VRManager set thread priority to 0
10-25 21:52:22.442 18958 19079 I VrApi_Clocks: SetSchedFifo( tid=18971, pri=0 ) succeeded
10-25 21:52:22.442 18958 19079 W TimeWarp: VSync 5014050: eye=1,late=7.9ms,over=0.0ms,CPU=0.4ms,GPU>=0.0
10-25 21:52:22.482 18958 19079 D VrApi : setSchedFifoStatic tid:18971 pto:1
10-25 21:52:22.482 3970 17522 V VRManagerServer: (VRManagerService.java:401) yTqX [setThreadSchedFifo pkg=com.foo.ProductName pid=18958 tid=18971 prio=1]
10-25 21:52:22.482 3970 17522 V VRManagerServer: (VRManagerService.java:405) yTqX [setAffinity pid=18971 cpus=[4, 5, 6, 7]]
10-25 21:52:22.482 18958 19079 D VRManagerGearVR: VRManager set thread priority to 1
10-25 21:52:22.482 18958 19079 I VrApi_Clocks: SetSchedFifo( tid=18971, pri=1 ) succeeded
10-25 21:52:22.482 18958 19079 D VrApi : setSchedFifoStatic tid:18971 pto:1
10-25 21:52:22.492 3970 3998 V VRManagerServer: (VRManagerService.java:401) yTqX [setThreadSchedFifo pkg=com.foo.ProductName pid=18958 tid=18971 prio=1]
10-25 21:52:22.492 3970 3998 V VRManagerServer: (VRManagerService.java:405) yTqX [setAffinity pid=18971 cpus=[4, 5, 6, 7]]
10-25 21:52:22.492 18958 19079 D VRManagerGearVR: VRManager set thread priority to 1
10-25 21:52:22.492 18958 19079 I VrApi_Clocks: SetSchedFifo( tid=18971, pri=1 ) succeeded
10-25 21:52:22.492 18958 19079 W TimeWarp: VSync 5014053: eye=1,late=7.5ms,over=0.0ms,CPU=0.4ms,GPU>=0.6
10-25 21:52:22.582 18958 19079 D VrApi : setSchedFifoStatic tid:18971 pto:0
10-25 21:52:22.582 3970 17298 V VRManagerServer: (VRManagerService.java:401) yTqX [setThreadSchedFifo pkg=com.foo.ProductName pid=18958 tid=18971 prio=0]
10-25 21:52:22.582 3970 17298 V VRManagerServer: (VRManagerService.java:405) yTqX [setAffinity pid=18971 cpus=[4, 5, 6, 7]]
10-25 21:52:22.582 18958 19079 D VRManagerGearVR: VRManager set thread priority to 0
10-25 21:52:22.582 18958 19079 I VrApi_Clocks: SetSchedFifo( tid=18971, pri=0 ) succeeded
10-25 21:52:22.582 18958 19079 D VrApi : setSchedFifoStatic tid:18971 pto:0
10-25 21:52:22.592 3970 17522 V VRManagerServer: (VRManagerService.java:401) yTqX [setThreadSchedFifo pkg=com.foo.ProductName pid=18958 tid=18971 prio=0]
10-25 21:52:22.592 3970 17522 V VRManagerServer: (VRManagerService.java:405) yTqX [setAffinity pid=18971 cpus=[4, 5, 6, 7]]
10-25 21:52:22.592 18958 19079 D VRManagerGearVR: VRManager set thread priority to 0
10-25 21:52:22.592 18958 19079 I VrApi_Clocks: SetSchedFifo( tid=18971, pri=0 ) succeeded
10-25 21:52:22.592 18958 19079 W TimeWarp: VSync 5014059: eye=1,late=7.3ms,over=0.0ms,CPU=0.4ms,GPU>=0.7
10-25 21:52:22.622 18958 19098 I VrApi : FPS=8,Prd=51ms,Tear=14,Early=0,Stale=62,VSnc=1,Lat=1,CPU4/GPU=2/2,1000/420MHz,OC=FF,TA=F0/F0/F0/F0,SP=F/F/N/N,Mem=1026MHz,Free=1367MB,PSM=0,PLS=0,Temp=26.3C/27.5C
10-25 21:52:22.632 18958 19079 W TimeWarp: VSync 5014061: eye=1,late=0.0ms,over=0.1ms,CPU=0.5ms,GPU>=7.9
10-25 21:52:22.632 18958 19079 D VrApi : setSchedFifoStatic tid:18971 pto:1
10-25 21:52:22.632 3970 3998 V VRManagerServer: (VRManagerService.java:401) yTqX [setThreadSchedFifo pkg=com.foo.ProductName pid=18958 tid=18971 prio=1]
10-25 21:52:22.632 3970 3998 V VRManagerServer: (VRManagerService.java:405) yTqX [setAffinity pid=18971 cpus=[4, 5, 6, 7]]
10-25 21:52:22.632 18958 19079 D VRManagerGearVR: VRManager set thread priority to 1
10-25 21:52:22.632 18958 19079 I VrApi_Clocks: SetSchedFifo( tid=18971, pri=1 ) succeeded
10-25 21:52:22.632 18958 19079 D VrApi : setSchedFifoStatic tid:18971 pto:1
10-25 21:52:22.642 3970 17522 V VRManagerServer: (VRManagerService.java:401) yTqX [setThreadSchedFifo pkg=com.foo.ProductName pid=18958 tid=18971 prio=1]
10-25 21:52:22.642 3970 17522 V VRManagerServer: (VRManagerService.java:405) yTqX [setAffinity pid=18971 cpus=[4, 5, 6, 7]]
10-25 21:52:22.642 18958 19079 D VRManagerGearVR: VRManager set thread priority to 1
10-25 21:52:22.642 18958 19079 I VrApi_Clocks: SetSchedFifo( tid=18971, pri=1 ) succeeded
10-25 21:52:22.642 18958 19079 W TimeWarp: VSync 5014062: eye=1,late=6.0ms,over=0.0ms,CPU=0.4ms,GPU>=2.0
10-25 21:52:22.732 18958 19079 D VrApi : setSchedFifoStatic tid:18971 pto:0
10-25 21:52:22.732 3970 3999 V VRManagerServer: (VRManagerService.java:401) yTqX [setThreadSchedFifo pkg=com.foo.ProductName pid=18958 tid=18971 prio=0]
10-25 21:52:22.732 3970 3999 V VRManagerServer: (VRManagerService.java:405) yTqX [setAffinity pid=18971 cpus=[4, 5, 6, 7]]
10-25 21:52:22.732 18958 19079 D VRManagerGearVR: VRManager set thread priority to 0
10-25 21:52:22.732 18958 19079 I VrApi_Clocks: SetSchedFifo( tid=18971, pri=0 ) succeeded
10-25 21:52:22.732 18958 19079 D VrApi : setSchedFifoStatic tid:18971 pto:0
10-25 21:52:22.732 3970 3998 V VRManagerServer: (VRManagerService.java:401) yTqX [setThreadSchedFifo pkg=com.foo.ProductName pid=18958 tid=18971 prio=0]
10-25 21:52:22.742 3970 3998 V VRManagerServer: (VRManagerService.java:405) yTqX [setAffinity pid=18971 cpus=[4, 5, 6, 7]]
10-25 21:52:22.742 18958 19079 D VRManagerGearVR: VRManager set thread priority to 0
10-25 21:52:22.742 18958 19079 I VrApi_Clocks: SetSchedFifo( tid=18971, pri=0 ) succeeded
10-25 21:52:22.742 18958 18971 I TimeWarp: WarpSwap: usleep( 195 )
10-25 21:52:22.742 18958 19079 W TimeWarp: VSync 5014068: eye=1,late=6.7ms,over=0.0ms,CPU=0.4ms,GPU>=1.3
10-25 21:52:22.742 18958 19079 D VrApi : setSchedFifoStatic tid:18971 pto:1
10-25 21:52:22.752 3970 17298 V VRManagerServer: (VRManagerService.java:401) yTqX [setThreadSchedFifo pkg=com.foo.ProductName pid=18958 tid=18971 prio=1]
10-25 21:52:22.752 3970 17298 V VRManagerServer: (VRManagerService.java:405) yTqX [setAffinity pid=18971 cpus=[4, 5, 6, 7]]
10-25 21:52:22.752 18958 19079 D VRManagerGearVR: VRManager set thread priority to 1
10-25 21:52:22.752 18958 19079 I VrApi_Clocks: SetSchedFifo( tid=18971, pri=1 ) succeeded
10-25 21:52:22.752 18958 19079 D VrApi : setSchedFifoStatic tid:18971 pto:1
10-25 21:52:22.752 3970 17522 V VRManagerServer: (VRManagerService.java:401) yTqX [setThreadSchedFifo pkg=com.foo.ProductName pid=18958 tid=18971 prio=1]
10-25 21:52:22.752 3970 17522 V VRManagerServer: (VRManagerService.java:405) yTqX [setAffinity pid=18971 cpus=[4, 5, 6, 7]]
10-25 21:52:22.762 18958 19079 D VRManagerGearVR: VRManager set thread priority to 1
10-25 21:52:22.762 18958 19079 I VrApi_Clocks: SetSchedFifo( tid=18971, pri=1 ) succeeded
10-25 21:52:22.762 18958 19079 W TimeWarp: VSync 5014069: eye=1,late=9.9ms,over=0.0ms,CPU=0.4ms,GPU>=0.0
10-25 21:52:22.842 18958 19079 D VrApi : setSchedFifoStatic tid:18971 pto:0
10-25 21:52:22.842 3970 3999 V VRManagerServer: (VRManagerService.java:401) yTqX [setThreadSchedFifo pkg=com.foo.ProductName pid=18958 tid=18971 prio=0]
10-25 21:52:22.852 3970 3999 V VRManagerServer: (VRManagerService.java:405) yTqX [setAffinity pid=18971 cpus=[4, 5, 6, 7]]
10-25 21:52:22.852 18958 19079 D VRManagerGearVR: VRManager set thread priority to 0
10-25 21:52:22.852 18958 19079 I VrApi_Clocks: SetSchedFifo( tid=18971, pri=0 ) succeeded
10-25 21:52:22.852 18958 19079 D VrApi : setSchedFifoStatic tid:18971 pto:0
10-25 21:52:22.852 3970 3998 V VRManagerServer: (VRManagerService.java:401) yTqX [setThreadSchedFifo pkg=com.foo.ProductName pid=18958 tid=18971 prio=0]
10-25 21:52:22.852 3970 3998 V VRManagerServer: (VRManagerService.java:405) yTqX [setAffinity pid=18971 cpus=[4, 5, 6, 7]]
10-25 21:52:22.862 18958 19079 D VRManagerGearVR: VRManager set thread priority to 0
10-25 21:52:22.862 18958 19079 I VrApi_Clocks: SetSchedFifo( tid=18971, pri=0 ) succeeded
10-25 21:52:22.862 18958 19079 W TimeWarp: VSync 5014075: eye=1,late=6.3ms,over=0.0ms,CPU=0.4ms,GPU>=1.6
10-25 21:52:22.872 18958 19079 D VrApi : setSchedFifoStatic tid:18971 pto:1
10-25 21:52:22.882 3970 17298 V VRManagerServer: (VRManagerService.java:401) yTqX [setThreadSchedFifo pkg=com.foo.ProductName pid=18958 tid=18971 prio=1]
10-25 21:52:22.882 3970 17298 V VRManagerServer: (VRManagerService.java:405) yTqX [setAffinity pid=18971 cpus=[4, 5, 6, 7]]
10-25 21:52:22.882 18958 19079 D VRManagerGearVR: VRManager set thread priority to 1
10-25 21:52:22.882 18958 19079 I VrApi_Clocks: SetSchedFifo( tid=18971, pri=1 ) succeeded
10-25 21:52:22.882 18958 19079 D VrApi : setSchedFifoStatic tid:18971 pto:1
10-25 21:52:22.882 3970 17522 V VRManagerServer: (VRManagerService.java:401) yTqX [setThreadSchedFifo pkg=com.foo.ProductName pid=18958 tid=18971 prio=1]
10-25 21:52:22.892 3970 17522 V VRManagerServer: (VRManagerService.java:405) yTqX [setAffinity pid=18971 cpus=[4, 5, 6, 7]]
10-25 21:52:22.892 18958 19079 D VRManagerGearVR: VRManager set thread priority to 1
10-25 21:52:22.892 18958 19079 I VrApi_Clocks: SetSchedFifo( tid=18971, pri=1 ) succeeded
10-25 21:52:22.892 18958 19079 W TimeWarp: VSync 5014077: eye=1,late=7.0ms,over=0.0ms,CPU=0.4ms,GPU>=0.9
10-25 21:52:22.972 18958 19079 D VrApi : setSchedFifoStatic tid:18971 pto:0
10-25 21:52:22.982 3970 3999 V VRManagerServer: (VRManagerService.java:401) yTqX [setThreadSchedFifo pkg=com.foo.ProductName pid=18958 tid=18971 prio=0]
10-25 21:52:22.982 3970 3999 V VRManagerServer: (VRManagerService.java:405) yTqX [setAffinity pid=18971 cpus=[4, 5, 6, 7]]
10-25 21:52:22.982 18958 19079 D VRManagerGearVR: VRManager set thread priority to 0
10-25 21:52:22.982 18958 19079 I VrApi_Clocks: SetSchedFifo( tid=18971, pri=0 ) succeeded
10-25 21:52:22.982 18958 19079 D VrApi : setSchedFifoStatic tid:18971 pto:0
10-25 21:52:22.982 3970 3998 V VRManagerServer: (VRManagerService.java:401) yTqX [setThreadSchedFifo pkg=com.foo.ProductName pid=18958 tid=18971 prio=0]
10-25 21:52:22.982 3970 3998 V VRManagerServer: (VRManagerService.java:405) yTqX [setAffinity pid=18971 cpus=[4, 5, 6, 7]]
10-25 21:52:22.992 18958 19079 D VRManagerGearVR: VRManager set thread priority to 0
10-25 21:52:22.992 18958 19079 I VrApi_Clocks: SetSchedFifo( tid=18971, pri=0 ) succeeded
10-25 21:52:22.992 18958 19079 W TimeWarp: VSync 5014083: eye=1,late=6.9ms,over=0.0ms,CPU=0.4ms,GPU>=1.0
10-25 21:52:23.012 18958 19079 W TimeWarp: VSync 5014084: eye=1,late=0.0ms,over=0.1ms,CPU=0.4ms,GPU>=7.9
10-25 21:52:23.012 18958 19079 D VrApi : setSchedFifoStatic tid:18971 pto:1
10-25 21:52:23.012 3970 17298 V VRManagerServer: (VRManagerService.java:401) yTqX [setThreadSchedFifo pkg=com.foo.ProductName pid=18958 tid=18971 prio=1]
10-25 21:52:23.012 3970 17298 V VRManagerServer: (VRManagerService.java:405) yTqX [setAffinity pid=18971 cpus=[4, 5, 6, 7]]
10-25 21:52:23.012 18958 19079 D VRManagerGearVR: VRManager set thread priority to 1
10-25 21:52:23.012 18958 19079 I VrApi_Clocks: SetSchedFifo( tid=18971, pri=1 ) succeeded
10-25 21:52:23.012 18958 19079 D VrApi : setSchedFifoStatic tid:18971 pto:1
10-25 21:52:23.022 3970 17522 V VRManagerServer: (VRManagerService.java:401) yTqX [setThreadSchedFifo pkg=com.foo.ProductName pid=18958 tid=18971 prio=1]
10-25 21:52:23.022 3970 17522 V VRManagerServer: (VRManagerService.java:405) yTqX [setAffinity pid=18971 cpus=[4, 5, 6, 7]]
10-25 21:52:23.022 18958 19079 D VRManagerGearVR: VRManager set thread priority to 1
10-25 21:52:23.022 18958 19079 I VrApi_Clocks: SetSchedFifo( tid=18971, pri=1 ) succeeded
10-25 21:52:23.022 18958 19079 W TimeWarp: VSync 5014085: eye=1,late=6.1ms,over=0.0ms,CPU=0.4ms,GPU>=1.8
10-25 21:52:23.112 18958 19079 D VrApi : setSchedFifoStatic tid:18971 pto:0
10-25 21:52:23.112 3970 3999 V VRManagerServer: (VRManagerService.java:401) yTqX [setThreadSchedFifo pkg=com.foo.ProductName pid=18958 tid=18971 prio=0]
10-25 21:52:23.112 3970 3999 V VRManagerServer: (VRManagerService.java:405) yTqX [setAffinity pid=18971 cpus=[4, 5, 6, 7]]
10-25 21:52:23.112 18958 19079 D VRManagerGearVR: VRManager set thread priority to 0
10-25 21:52:23.112 18958 19079 I VrApi_Clocks: SetSchedFifo( tid=18971, pri=0 ) succeeded
10-25 21:52:23.112 18958 19079 D VrApi : setSchedFifoStatic tid:18971 pto:0
10-25 21:52:23.122 3970 3998 V VRManagerServer: (VRManagerService.java:401) yTqX [setThreadSchedFifo pkg=com.foo.ProductName pid=18958 tid=18971 prio=0]
10-25 21:52:23.122 3970 3998 V VRManagerServer: (VRManagerService.java:405) yTqX [setAffinity pid=18971 cpus=[4, 5, 6, 7]]
10-25 21:52:23.122 18958 19079 D VRManagerGearVR: VRManager set thread priority to 0
10-25 21:52:23.122 18958 19079 I VrApi_Clocks: SetSchedFifo( tid=18971, pri=0 ) succeeded
10-25 21:52:23.122 18958 19079 W TimeWarp: VSync 5014091: eye=1,late=6.7ms,over=0.0ms,CPU=0.4ms,GPU>=1.2
10-25 21:52:23.142 18958 19079 D VrApi : setSchedFifoStatic tid:18971 pto:1
10-25 21:52:23.142 3970 17298 V VRManagerServer: (VRManagerService.java:401) yTqX [setThreadSchedFifo pkg=com.foo.ProductName pid=18958 tid=18971 prio=1]
10-25 21:52:23.142 3970 17298 V VRManagerServer: (VRManagerService.java:405) yTqX [setAffinity pid=18971 cpus=[4, 5, 6, 7]]
10-25 21:52:23.152 18958 19079 D VRManagerGearVR: VRManager set thread priority to 1
10-25 21:52:23.152 18958 19079 I VrApi_Clocks: SetSchedFifo( tid=18971, pri=1 ) succeeded
10-25 21:52:23.152 18958 19079 D VrApi : setSchedFifoStatic tid:18971 pto:1
10-25 21:52:23.152 3970 3999 V VRManagerServer: (VRManagerService.java:401) yTqX [setThreadSchedFifo pkg=com.foo.ProductName pid=18958 tid=18971 prio=1]
10-25 21:52:23.152 3970 3999 V VRManagerServer: (VRManagerService.java:405) yTqX [setAffinity pid=18971 cpus=[4, 5, 6, 7]]
10-25 21:52:23.152 18958 19079 D VRManagerGearVR: VRManager set thread priority to 1
10-25 21:52:23.152 18958 19079 I VrApi_Clocks: SetSchedFifo( tid=18971, pri=1 ) succeeded
10-25 21:52:23.162 18958 19079 W TimeWarp: VSync 5014093: eye=1,late=6.9ms,over=0.0ms,CPU=0.4ms,GPU>=1.0
10-25 21:52:23.212 18958 19079 W TimeWarp: VSync 5014096: eye=1,late=0.0ms,over=0.2ms,CPU=0.3ms,GPU>=7.8
10-25 21:52:23.242 18958 19079 D VrApi : setSchedFifoStatic tid:18971 pto:0
10-25 21:52:23.242 3970 17522 V VRManagerServer: (VRManagerService.java:401) yTqX [setThreadSchedFifo pkg=com.foo.ProductName pid=18958 tid=18971 prio=0]
10-25 21:52:23.242 3970 17522 V VRManagerServer: (VRManagerService.java:405) yTqX [setAffinity pid=18971 cpus=[4, 5, 6, 7]]
10-25 21:52:23.252 18958 19079 D VRManagerGearVR: VRManager set thread priority to 0
10-25 21:52:23.252 18958 19079 I VrApi_Clocks: SetSchedFifo( tid=18971, pri=0 ) succeeded
10-25 21:52:23.252 18958 19079 D VrApi : setSchedFifoStatic tid:18971 pto:0
10-25 21:52:23.252 3970 3998 V VRManagerServer: (VRManagerService.java:401) yTqX [setThreadSchedFifo pkg=com.foo.ProductName pid=18958 tid=18971 prio=0]
10-25 21:52:23.252 3970 3998 V VRManagerServer: (VRManagerService.java:405) yTqX [setAffinity pid=18971 cpus=[4, 5, 6, 7]]
10-25 21:52:23.252 18958 19079 D VRManagerGearVR: VRManager set thread priority to 0
10-25 21:52:23.252 18958 19079 I VrApi_Clocks: SetSchedFifo( tid=18971, pri=0 ) succeeded
10-25 21:52:23.262 18958 19079 W TimeWarp: VSync 5014099: eye=1,late=7.8ms,over=0.0ms,CPU=0.5ms,GPU>=0.0
10-25 21:52:23.292 18958 19079 D VrApi : setSchedFifoStatic tid:18971 pto:1
10-25 21:52:23.292 3970 17298 V VRManagerServer: (VRManagerService.java:401) yTqX [setThreadSchedFifo pkg=com.foo.ProductName pid=18958 tid=18971 prio=1]
10-25 21:52:23.292 3970 17298 V VRManagerServer: (VRManagerService.java:405) yTqX [setAffinity pid=18971 cpus=[4, 5, 6, 7]]
10-25 21:52:23.302 18958 19079 D VRManagerGearVR: VRManager set thread priority to 1
10-25 21:52:23.302 18958 19079 I VrApi_Clocks: SetSchedFifo( tid=18971, pri=1 ) succeeded
10-25 21:52:23.302 18958 19079 D VrApi : setSchedFifoStatic tid:18971 pto:1
10-25 21:52:23.302 3970 3999 V VRManagerServer: (VRManagerService.java:401) yTqX [setThreadSchedFifo pkg=com.foo.ProductName pid=18958 tid=18971 prio=1]
10-25 21:52:23.302 3970 3999 V VRManagerServer: (VRManagerService.java:405) yTqX [setAffinity pid=18971 cpus=[4, 5, 6, 7]]
10-25 21:52:23.302 18958 19079 D VRManagerGearVR: VRManager set thread priority to 1
10-25 21:52:23.302 18958 19079 I VrApi_Clocks: SetSchedFifo( tid=18971, pri=1 ) succeeded
10-25 21:52:23.312 18958 19079 W TimeWarp: VSync 5014102: eye=1,late=6.8ms,over=0.0ms,CPU=0.4ms,GPU>=1.1
10-25 21:52:23.392 18958 19079 D VrApi : setSchedFifoStatic tid:18971 pto:0
10-25 21:52:23.392 3970 3998 V VRManagerServer: (VRManagerService.java:401) yTqX [setThreadSchedFifo pkg=com.foo.ProductName pid=18958 tid=18971 prio=0]
10-25 21:52:23.392 3970 3998 V VRManagerServer: (VRManagerService.java:405) yTqX [setAffinity pid=18971 cpus=[4, 5, 6, 7]]
10-25 21:52:23.402 18958 19079 D VRManagerGearVR: VRManager set thread priority to 0
10-25 21:52:23.402 18958 19079 I VrApi_Clocks: SetSchedFifo( tid=18971, pri=0 ) succeeded
10-25 21:52:23.402 18958 19079 D VrApi : setSchedFifoStatic tid:18971 pto:0
10-25 21:52:23.402 3970 17522 V VRManagerServer: (VRManagerService.java:401) yTqX [setThreadSchedFifo pkg=com.foo.ProductName pid=18958 tid=18971 prio=0]
10-25 21:52:23.402 3970 17522 V VRManagerServer: (VRManagerService.java:405) yTqX [setAffinity pid=18971 cpus=[4, 5, 6, 7]]
10-25 21:52:23.402 18958 19079 D VRManagerGearVR: VRManager set thread priority to 0
10-25 21:52:23.402 18958 19079 I VrApi_Clocks: SetSchedFifo( tid=18971, pri=0 ) succeeded
10-25 21:52:23.412 18958 19079 W TimeWarp: VSync 5014108: eye=1,late=8.1ms,over=0.0ms,CPU=0.4ms,GPU>=0.1
10-25 21:52:23.432 18958 18971 I TimeWarp: WarpSwap: usleep( 689 )
10-25 21:52:23.442 18958 19079 W TimeWarp: VSync 5014110: eye=1,late=0.0ms,over=0.1ms,CPU=0.4ms,GPU>=7.8
10-25 21:52:23.442 18958 19079 D VrApi : setSchedFifoStatic tid:18971 pto:1
10-25 21:52:23.442 18958 19046 I OVR : DeviceManagerThread - event 43 (500Hz) (Tid=19046)
10-25 21:52:23.442 3970 17298 V VRManagerServer: (VRManagerService.java:401) yTqX [setThreadSchedFifo pkg=com.foo.ProductName pid=18958 tid=18971 prio=1]
10-25 21:52:23.442 3970 17298 V VRManagerServer: (VRManagerService.java:405) yTqX [setAffinity pid=18971 cpus=[4, 5, 6, 7]]
10-25 21:52:23.452 18958 19079 D VRManagerGearVR: VRManager set thread priority to 1
10-25 21:52:23.452 18958 19079 I VrApi_Clocks: SetSchedFifo( tid=18971, pri=1 ) succeeded
10-25 21:52:23.452 18958 19079 D VrApi : setSchedFifoStatic tid:18971 pto:1
10-25 21:52:23.452 3970 3998 V VRManagerServer: (VRManagerService.java:401) yTqX [setThreadSchedFifo pkg=com.foo.ProductName pid=18958 tid=18971 prio=1]
10-25 21:52:23.452 3970 3998 V VRManagerServer: (VRManagerService.java:405) yTqX [setAffinity pid=18971 cpus=[4, 5, 6, 7]]
10-25 21:52:23.452 18958 19079 D VRManagerGearVR: VRManager set thread priority to 1
10-25 21:52:23.452 18958 19079 I VrApi_Clocks: SetSchedFifo( tid=18971, pri=1 ) succeeded
10-25 21:52:23.452 18958 19079 W TimeWarp: VSync 5014111: eye=1,late=8.2ms,over=0.0ms,CPU=0.4ms,GPU>=0.0
10-25 21:52:23.542 18958 19079 D VrApi : setSchedFifoStatic tid:18971 pto:0
10-25 21:52:23.542 3970 3999 V VRManagerServer: (VRManagerService.java:401) yTqX [setThreadSchedFifo pkg=com.foo.ProductName pid=18958 tid=18971 prio=0]
10-25 21:52:23.542 3970 3999 V VRManagerServer: (VRManagerService.java:405) yTqX [setAffinity pid=18971 cpus=[4, 5, 6, 7]]
10-25 21:52:23.552 18958 19079 D VRManagerGearVR: VRManager set thread priority to 0
10-25 21:52:23.552 18958 19079 I VrApi_Clocks: SetSchedFifo( tid=18971, pri=0 ) succeeded
10-25 21:52:23.552 18958 19079 D VrApi : setSchedFifoStatic tid:18971 pto:0
10-25 21:52:23.552 3970 17522 V VRManagerServer: (VRManagerService.java:401) yTqX [setThreadSchedFifo pkg=com.foo.ProductName pid=18958 tid=18971 prio=0]
10-25 21:52:23.552 3970 17522 V VRManagerServer: (VRManagerService.java:405) yTqX [setAffinity pid=18971 cpus=[4, 5, 6, 7]]
10-25 21:52:23.552 18958 19079 D VRManagerGearVR: VRManager set thread priority to 0
10-25 21:52:23.552 18958 19079 I VrApi_Clocks: SetSchedFifo( tid=18971, pri=0 ) succeeded
10-25 21:52:23.552 18958 19079 W TimeWarp: VSync 5014117: eye=1,late=6.7ms,over=0.0ms,CPU=0.4ms,GPU>=1.2
10-25 21:52:23.572 18958 19079 W TimeWarp: VSync 5014118: eye=1,late=0.0ms,over=0.1ms,CPU=0.4ms,GPU>=7.9
10-25 21:52:23.572 18958 19079 D VrApi : setSchedFifoStatic tid:18971 pto:1
10-25 21:52:23.572 3970 17298 V VRManagerServer: (VRManagerService.java:401) yTqX [setThreadSchedFifo pkg=com.foo.ProductName pid=18958 tid=18971 prio=1]
10-25 21:52:23.582 3970 17298 V VRManagerServer: (VRManagerService.java:405) yTqX [setAffinity pid=18971 cpus=[4, 5, 6, 7]]
10-25 21:52:23.582 18958 19079 D VRManagerGearVR: VRManager set thread priority to 1
10-25 21:52:23.582 18958 19079 I VrApi_Clocks: SetSchedFifo( tid=18971, pri=1 ) succeeded
10-25 21:52:23.582 18958 19079 D VrApi : setSchedFifoStatic tid:18971 pto:1
10-25 21:52:23.582 3970 3998 V VRManagerServer: (VRManagerService.java:401) yTqX [setThreadSchedFifo pkg=com.foo.ProductName pid=18958 tid=18971 prio=1]
10-25 21:52:23.582 3970 3998 V VRManagerServer: (VRManagerService.java:405) yTqX [setAffinity pid=18971 cpus=[4, 5, 6, 7]]
10-25 21:52:23.582 18958 19079 D VRManagerGearVR: VRManager set thread priority to 1
10-25 21:52:23.582 18958 19079 I VrApi_Clocks: SetSchedFifo( tid=18971, pri=1 ) succeeded
10-25 21:52:23.592 18958 19079 W TimeWarp: VSync 5014119: eye=1,late=6.1ms,over=0.0ms,CPU=0.4ms,GPU>=1.8
10-25 21:52:23.622 18958 19098 I VrApi : FPS=9,Prd=48ms,Tear=12,Early=0,Stale=58,VSnc=1,Lat=1,CPU4/GPU=2/2,1000/420MHz,OC=FF,TA=F0/F0/F0/F0,SP=F/F/F/F,Mem=1026MHz,Free=1368MB,PSM=0,PLS=0,Temp=26.3C/27.5C
10-25 21:52:23.672 18958 19079 D VrApi : setSchedFifoStatic tid:18971 pto:0
10-25 21:52:23.672 3970 17298 V VRManagerServer: (VRManagerService.java:401) yTqX [setThreadSchedFifo pkg=com.foo.ProductName pid=18958 tid=18971 prio=0]
10-25 21:52:23.682 3970 17298 V VRManagerServer: (VRManagerService.java:405) yTqX [setAffinity pid=18971 cpus=[4, 5, 6, 7]]
10-25 21:52:23.682 18958 19079 D VRManagerGearVR: VRManager set thread priority to 0
10-25 21:52:23.682 18958 19079 I VrApi_Clocks: SetSchedFifo( tid=18971, pri=0 ) succeeded
10-25 21:52:23.682 18958 19079 D VrApi : setSchedFifoStatic tid:18971 pto:0
10-25 21:52:23.682 3970 3998 V VRManagerServer: (VRManagerService.java:401) yTqX [setThreadSchedFifo pkg=com.foo.ProductName pid=18958 tid=18971 prio=0]
10-25 21:52:23.682 3970 3998 V VRManagerServer: (VRManagerService.java:405) yTqX [setAffinity pid=18971 cpus=[4, 5, 6, 7]]
10-25 21:52:23.682 18958 19079 D VRManagerGearVR: VRManager set thread priority to 0
10-25 21:52:23.682 18958 19079 I VrApi_Clocks: SetSchedFifo( tid=18971, pri=0 ) succeeded
10-25 21:52:23.692 18958 19079 W TimeWarp: VSync 5014125: eye=1,late=6.1ms,over=0.0ms,CPU=0.4ms,GPU>=1.9
10-25 21:52:23.702 18958 19079 W TimeWarp: VSync 5014126: eye=1,late=0.0ms,over=0.2ms,CPU=0.4ms,GPU>=7.9
10-25 21:52:23.702 18958 19079 D VrApi : setSchedFifoStatic tid:18971 pto:1
10-25 21:52:23.712 3970 3999 V VRManagerServer: (VRManagerService.java:401) yTqX [setThreadSchedFifo pkg=com.foo.ProductName pid=18958 tid=18971 prio=1]
10-25 21:52:23.712 3970 3999 V VRManagerServer: (VRManagerService.java:405) yTqX [setAffinity pid=18971 cpus=[4, 5, 6, 7]]
10-25 21:52:23.712 18958 19079 D VRManagerGearVR: VRManager set thread priority to 1
10-25 21:52:23.712 18958 19079 I VrApi_Clocks: SetSchedFifo( tid=18971, pri=1 ) succeeded
10-25 21:52:23.712 18958 19079 D VrApi : setSchedFifoStatic tid:18971 pto:1
10-25 21:52:23.712 3970 17522 V VRManagerServer: (VRManagerService.java:401) yTqX [setThreadSchedFifo pkg=com.foo.ProductName pid=18958 tid=18971 prio=1]
10-25 21:52:23.712 3970 17522 V VRManagerServer: (VRManagerService.java:405) yTqX [setAffinity pid=18971 cpus=[4, 5, 6, 7]]
10-25 21:52:23.722 18958 19079 D VRManagerGearVR: VRManager set thread priority to 1
10-25 21:52:23.722 18958 19079 I VrApi_Clocks: SetSchedFifo( tid=18971, pri=1 ) succeeded
10-25 21:52:23.722 18958 19079 W TimeWarp: VSync 5014127: eye=1,late=6.9ms,over=0.0ms,CPU=0.4ms,GPU>=1.0
10-25 21:52:23.802 18958 19079 D VrApi : setSchedFifoStatic tid:18971 pto:0
10-25 21:52:23.812 3970 3998 V VRManagerServer: (VRManagerService.java:401) yTqX [setThreadSchedFifo pkg=com.foo.ProductName pid=18958 tid=18971 prio=0]
10-25 21:52:23.812 3970 3998 V VRManagerServer: (VRManagerService.java:405) yTqX [setAffinity pid=18971 cpus=[4, 5, 6, 7]]
10-25 21:52:23.812 18958 19079 D VRManagerGearVR: VRManager set thread priority to 0
10-25 21:52:23.812 18958 19079 I VrApi_Clocks: SetSchedFifo( tid=18971, pri=0 ) succeeded
10-25 21:52:23.812 18958 19079 D VrApi : setSchedFifoStatic tid:18971 pto:0
10-25 21:52:23.812 3970 17298 V VRManagerServer: (VRManagerService.java:401) yTqX [setThreadSchedFifo pkg=com.foo.ProductName pid=18958 tid=18971 prio=0]
10-25 21:52:23.812 3970 17298 V VRManagerServer: (VRManagerService.java:405) yTqX [setAffinity pid=18971 cpus=[4, 5, 6, 7]]
10-25 21:52:23.822 18958 19079 D VRManagerGearVR: VRManager set thread priority to 0
10-25 21:52:23.822 18958 19079 I VrApi_Clocks: SetSchedFifo( tid=18971, pri=0 ) succeeded
10-25 21:52:23.822 18958 19079 W TimeWarp: VSync 5014133: eye=1,late=6.0ms,over=0.0ms,CPU=0.4ms,GPU>=1.9
10-25 21:52:23.842 18958 19079 D VrApi : setSchedFifoStatic tid:18971 pto:1
10-25 21:52:23.842 3970 3999 V VRManagerServer: (VRManagerService.java:401) yTqX [setThreadSchedFifo pkg=com.foo.ProductName pid=18958 tid=18971 prio=1]
10-25 21:52:23.842 3970 3999 V VRManagerServer: (VRManagerService.java:405) yTqX [setAffinity pid=18971 cpus=[4, 5, 6, 7]]
10-25 21:52:23.842 18958 19079 D VRManagerGearVR: VRManager set thread priority to 1
10-25 21:52:23.842 18958 19079 I VrApi_Clocks: SetSchedFifo( tid=18971, pri=1 ) succeeded
10-25 21:52:23.842 18958 19079 D VrApi : setSchedFifoStatic tid:18971 pto:1
10-25 21:52:23.852 3970 17522 V VRManagerServer: (VRManagerService.java:401) yTqX [setThreadSchedFifo pkg=com.foo.ProductName pid=18958 tid=18971 prio=1]
10-25 21:52:23.852 3970 17522 V VRManagerServer: (VRManagerService.java:405) yTqX [setAffinity pid=18971 cpus=[4, 5, 6, 7]]
10-25 21:52:23.852 18958 19079 D VRManagerGearVR: VRManager set thread priority to 1
10-25 21:52:23.852 18958 19079 I VrApi_Clocks: SetSchedFifo( tid=18971, pri=1 ) succeeded
10-25 21:52:23.852 18958 19079 W TimeWarp: VSync 5014135: eye=1,late=6.5ms,over=0.0ms,CPU=0.4ms,GPU>=1.4
10-25 21:52:23.942 18958 19079 D VrApi : setSchedFifoStatic tid:18971 pto:0
10-25 21:52:23.942 3970 17298 V VRManagerServer: (VRManagerService.java:401) yTqX [setThreadSchedFifo pkg=com.foo.ProductName pid=18958 tid=18971 prio=0]
10-25 21:52:23.942 3970 17298 V VRManagerServer: (VRManagerService.java:405) yTqX [setAffinity pid=18971 cpus=[4, 5, 6, 7]]
10-25 21:52:23.942 18958 19079 D VRManagerGearVR: VRManager set thread priority to 0
10-25 21:52:23.942 18958 19079 I VrApi_Clocks: SetSchedFifo( tid=18971, pri=0 ) succeeded
10-25 21:52:23.942 18958 19079 D VrApi : setSchedFifoStatic tid:18971 pto:0
10-25 21:52:23.952 3970 3998 V VRManagerServer: (VRManagerService.java:401) yTqX [setThreadSchedFifo pkg=com.foo.ProductName pid=18958 tid=18971 prio=0]
10-25 21:52:23.952 3970 3998 V VRManagerServer: (VRManagerService.java:405) yTqX [setAffinity pid=18971 cpus=[4, 5, 6, 7]]
10-25 21:52:23.952 18958 19079 D VRManagerGearVR: VRManager set thread priority to 0
10-25 21:52:23.952 18958 19079 I VrApi_Clocks: SetSchedFifo( tid=18971, pri=0 ) succeeded
10-25 21:52:23.952 18958 19079 W TimeWarp: VSync 5014141: eye=1,late=7.4ms,over=0.0ms,CPU=0.4ms,GPU>=0.5
10-25 21:52:23.972 18958 19079 D VrApi : setSchedFifoStatic tid:18971 pto:1
10-25 21:52:23.972 3970 3999 V VRManagerServer: (VRManagerService.java:401) yTqX [setThreadSchedFifo pkg=com.foo.ProductName pid=18958 tid=18971 prio=1]
10-25 21:52:23.972 3970 3999 V VRManagerServer: (VRManagerService.java:405) yTqX [setAffinity pid=18971 cpus=[4, 5, 6, 7]]
10-25 21:52:23.982 18958 19079 D VRManagerGearVR: VRManager set thread priority to 1
10-25 21:52:23.982 18958 19079 I VrApi_Clocks: SetSchedFifo( tid=18971, pri=1 ) succeeded
10-25 21:52:23.982 18958 19079 D VrApi : setSchedFifoStatic tid:18971 pto:1
10-25 21:52:23.982 3970 17522 V VRManagerServer: (VRManagerService.java:401) yTqX [setThreadSchedFifo pkg=com.foo.ProductName pid=18958 tid=18971 prio=1]
10-25 21:52:23.982 3970 17522 V VRManagerServer: (VRManagerService.java:405) yTqX [setAffinity pid=18971 cpus=[4, 5, 6, 7]]
10-25 21:52:23.982 18958 19079 D VRManagerGearVR: VRManager set thread priority to 1
10-25 21:52:23.982 18958 19079 I VrApi_Clocks: SetSchedFifo( tid=18971, pri=1 ) succeeded
10-25 21:52:23.992 18958 19079 W TimeWarp: VSync 5014143: eye=1,late=5.9ms,over=0.0ms,CPU=0.4ms,GPU>=2.1
10-25 21:52:24.072 18958 19079 D VrApi : setSchedFifoStatic tid:18971 pto:0
10-25 21:52:24.072 3970 17298 V VRManagerServer: (VRManagerService.java:401) yTqX [setThreadSchedFifo pkg=com.foo.ProductName pid=18958 tid=18971 prio=0]
10-25 21:52:24.072 3970 17298 V VRManagerServer: (VRManagerService.java:405) yTqX [setAffinity pid=18971 cpus=[4, 5, 6, 7]]
10-25 21:52:24.082 18958 19079 D VRManagerGearVR: VRManager set thread priority to 0
10-25 21:52:24.082 18958 19079 I VrApi_Clocks: SetSchedFifo( tid=18971, pri=0 ) succeeded
10-25 21:52:24.082 18958 19079 D VrApi : setSchedFifoStatic tid:18971 pto:0
10-25 21:52:24.082 3970 3999 V VRManagerServer: (VRManagerService.java:401) yTqX [setThreadSchedFifo pkg=com.foo.ProductName pid=18958 tid=18971 prio=0]
10-25 21:52:24.082 3970 3999 V VRManagerServer: (VRManagerService.java:405) yTqX [setAffinity pid=18971 cpus=[4, 5, 6, 7]]
10-25 21:52:24.082 18958 19079 D VRManagerGearVR: VRManager set thread priority to 0
10-25 21:52:24.082 18958 19079 I VrApi_Clocks: SetSchedFifo( tid=18971, pri=0 ) succeeded
10-25 21:52:24.092 18958 19079 W TimeWarp: VSync 5014149: eye=1,late=7.0ms,over=0.0ms,CPU=0.4ms,GPU>=1.1
10-25 21:52:24.102 18958 19079 D VrApi : setSchedFifoStatic tid:18971 pto:1
10-25 21:52:24.112 3970 3998 V VRManagerServer: (VRManagerService.java:401) yTqX [setThreadSchedFifo pkg=com.foo.ProductName pid=18958 tid=18971 prio=1]
10-25 21:52:24.112 3970 3998 V VRManagerServer: (VRManagerService.java:405) yTqX [setAffinity pid=18971 cpus=[4, 5, 6, 7]]
10-25 21:52:24.112 18958 19079 D VRManagerGearVR: VRManager set thread priority to 1
10-25 21:52:24.112 18958 19079 I VrApi_Clocks: SetSchedFifo( tid=18971, pri=1 ) succeeded
10-25 21:52:24.112 18958 19079 D VrApi : setSchedFifoStatic tid:18971 pto:1
10-25 21:52:24.112 3970 17298 V VRManagerServer: (VRManagerService.java:401) yTqX [setThreadSchedFifo pkg=com.foo.ProductName pid=18958 tid=18971 prio=1]
10-25 21:52:24.112 3970 17298 V VRManagerServer: (VRManagerService.java:405) yTqX [setAffinity pid=18971 cpus=[4, 5, 6, 7]]
10-25 21:52:24.122 18958 19079 D VRManagerGearVR: VRManager set thread priority to 1
10-25 21:52:24.122 18958 19079 I VrApi_Clocks: SetSchedFifo( tid=18971, pri=1 ) succeeded
10-25 21:52:24.122 18958 19079 W TimeWarp: VSync 5014151: eye=1,late=6.4ms,over=0.0ms,CPU=0.4ms,GPU>=1.6
10-25 21:52:24.202 18958 19079 D VrApi : setSchedFifoStatic tid:18971 pto:0
10-25 21:52:24.202 3970 17522 V VRManagerServer: (VRManagerService.java:401) yTqX [setThreadSchedFifo pkg=com.foo.ProductName pid=18958 tid=18971 prio=0]
10-25 21:52:24.212 3970 17522 V VRManagerServer: (VRManagerService.java:405) yTqX [setAffinity pid=18971 cpus=[4, 5, 6, 7]]
10-25 21:52:24.212 18958 19079 D VRManagerGearVR: VRManager set thread priority to 0
10-25 21:52:24.212 18958 19079 I VrApi_Clocks: SetSchedFifo( tid=18971, pri=0 ) succeeded
10-25 21:52:24.212 18958 19079 D VrApi : setSchedFifoStatic tid:18971 pto:0
10-25 21:52:24.212 3970 3999 V VRManagerServer: (VRManagerService.java:401) yTqX [setThreadSchedFifo pkg=com.foo.ProductName pid=18958 tid=18971 prio=0]
10-25 21:52:24.212 3970 3999 V VRManagerServer: (VRManagerService.java:405) yTqX [setAffinity pid=18971 cpus=[4, 5, 6, 7]]
10-25 21:52:24.222 18958 19079 D VRManagerGearVR: VRManager set thread priority to 0
10-25 21:52:24.222 18958 19079 I VrApi_Clocks: SetSchedFifo( tid=18971, pri=0 ) succeeded
10-25 21:52:24.222 18958 19079 W TimeWarp: VSync 5014157: eye=1,late=5.8ms,over=0.0ms,CPU=0.7ms,GPU>=1.7
10-25 21:52:24.222 18958 19079 D VrApi : setSchedFifoStatic tid:18971 pto:1
10-25 21:52:24.222 3970 17298 V VRManagerServer: (VRManagerService.java:401) yTqX [setThreadSchedFifo pkg=com.foo.ProductName pid=18958 tid=18971 prio=1]
10-25 21:52:24.222 3970 17298 V VRManagerServer: (VRManagerService.java:405) yTqX [setAffinity pid=18971 cpus=[4, 5, 6, 7]]
10-25 21:52:24.232 18958 19079 D VRManagerGearVR: VRManager set thread priority to 1
10-25 21:52:24.232 18958 19079 I VrApi_Clocks: SetSchedFifo( tid=18971, pri=1 ) succeeded
10-25 21:52:24.232 18958 19079 D VrApi : setSchedFifoStatic tid:18971 pto:1
