10-25 21:52:26.482 3520 3543 V VRManagerService: ---- demoteProcessThread 'com.foo.ProductName' requestPriority(pid=18958, tid=18971, prio=0 ----
10-25 21:52:26.492 3970 17298 V VRManagerServer: (VRManagerService.java:401) yTqX [setThreadSchedFifo pkg=com.foo.ProductName pid=18958 tid=18971 prio=0]
10-25 21:52:26.492 3970 17298 V VRManagerServer: (VRManagerService.java:405) yTqX [setAffinity pid=18971 cpus=[4, 5, 6, 7]]
10-25 21:52:26.492 18958 19079 D VRManagerGearVR: VRManager set thread priority to 0
10-25 21:52:26.492 18958 19079 I VrApi_Clocks: SetSchedFifo( tid=18971, pri=0 ) succeeded
10-25 21:52:26.492 18958 19079 W TimeWarp: VSync 5014294: eye=1,late=8.0ms,over=0.0ms,CPU=0.4ms,GPU>=0.0
10-25 21:52:26.492 3520 4167 V VRManagerService: ---- demoteProcessThread 'com.foo.ProductName' requestPriority(pid=18958, tid=18971, prio=0 ----
10-25 21:52:26.522 18958 19079 D VrApi : setSchedFifoStatic tid:18971 pto:1
10-25 21:52:26.532 3970 3998 V VRManagerServer: (VRManagerService.java:401) yTqX [setThreadSchedFifo pkg=com.foo.ProductName pid=18958 tid=18971 prio=1]
10-25 21:52:26.532 3970 3998 V VRManagerServer: (VRManagerService.java:405) yTqX [setAffinity pid=18971 cpus=[4, 5, 6, 7]]
10-25 21:52:26.532 18958 19079 D VRManagerGearVR: VRManager set thread priority to 1
10-25 21:52:26.532 18958 19079 I VrApi_Clocks: SetSchedFifo( tid=18971, pri=1 ) succeeded
10-25 21:52:26.532 18958 19079 D VrApi : setSchedFifoStatic tid:18971 pto:1
10-25 21:52:26.532 3970 3999 V VRManagerServer: (VRManagerService.java:401) yTqX [setThreadSchedFifo pkg=com.foo.ProductName pid=18958 tid=18971 prio=1]
10-25 21:52:26.532 3520 4533 V VRManagerService: ---- elevateProcessThread 'com.foo.ProductName' requestPriority(pid=18958, tid=18971, prio=1 ----
10-25 21:52:26.542 3970 3999 V VRManagerServer: (VRManagerService.java:405) yTqX [setAffinity pid=18971 cpus=[4, 5, 6, 7]]
10-25 21:52:26.542 18958 19079 D VRManagerGearVR: VRManager set thread priority to 1
10-25 21:52:26.542 18958 19079 I VrApi_Clocks: SetSchedFifo( tid=18971, pri=1 ) succeeded
10-25 21:52:26.542 18958 19079 W TimeWarp: VSync 5014297: eye=1,late=7.2ms,over=0.0ms,CPU=0.4ms,GPU>=0.7
10-25 21:52:26.542 3520 4750 V VRManagerService: ---- elevateProcessThread 'com.foo.ProductName' requestPriority(pid=18958, tid=18971, prio=1 ----
10-25 21:52:26.622 18958 19098 I VrApi : FPS=8,Prd=47ms,Tear=20,Early=0,Stale=61,VSnc=1,Lat=1,CPU4/GPU=2/2,1000/420MHz,OC=FF,TA=F0/F0/F0/F0,SP=F/F/F/F,Mem=1026MHz,Free=1368MB,PSM=0,PLS=0,Temp=26.3C/28.0C
10-25 21:52:26.622 18958 19079 D VrApi : setSchedFifoStatic tid:18971 pto:0
10-25 21:52:26.632 3970 3998 V VRManagerServer: (VRManagerService.java:401) yTqX [setThreadSchedFifo pkg=com.foo.ProductName pid=18958 tid=18971 prio=0]
10-25 21:52:26.632 3970 3998 V VRManagerServer: (VRManagerService.java:405) yTqX [setAffinity pid=18971 cpus=[4, 5, 6, 7]]
10-25 21:52:26.632 18958 19079 D VRManagerGearVR: VRManager set thread priority to 0
10-25 21:52:26.632 18958 19079 I VrApi_Clocks: SetSchedFifo( tid=18971, pri=0 ) succeeded
10-25 21:52:26.632 18958 19079 D VrApi : setSchedFifoStatic tid:18971 pto:0
10-25 21:52:26.632 3970 3999 V VRManagerServer: (VRManagerService.java:401) yTqX [setThreadSchedFifo pkg=com.foo.ProductName pid=18958 tid=18971 prio=0]
10-25 21:52:26.632 3520 4604 V VRManagerService: ---- demoteProcessThread 'com.foo.ProductName' requestPriority(pid=18958, tid=18971, prio=0 ----
10-25 21:52:26.642 3970 3999 V VRManagerServer: (VRManagerService.java:405) yTqX [setAffinity pid=18971 cpus=[4, 5, 6, 7]]
10-25 21:52:26.642 18958 19079 D VRManagerGearVR: VRManager set thread priority to 0
10-25 21:52:26.642 18958 19079 I VrApi_Clocks: SetSchedFifo( tid=18971, pri=0 ) succeeded
10-25 21:52:26.642 18958 19079 W TimeWarp: VSync 5014303: eye=1,late=7.9ms,over=0.0ms,CPU=0.4ms,GPU>=0.0
10-25 21:52:26.642 3520 4850 V VRManagerService: ---- demoteProcessThread 'com.foo.ProductName' requestPriority(pid=18958, tid=18971, prio=0 ----
10-25 21:52:26.672 18958 19079 W TimeWarp: VSync 5014305: eye=1,late=0.0ms,over=0.0ms,CPU=0.4ms,GPU>=8.0
10-25 21:52:26.672 18958 19079 D VrApi : setSchedFifoStatic tid:18971 pto:1
10-25 21:52:26.682 3970 17522 V VRManagerServer: (VRManagerService.java:401) yTqX [setThreadSchedFifo pkg=com.foo.ProductName pid=18958 tid=18971 prio=1]
10-25 21:52:26.682 3970 17522 V VRManagerServer: (VRManagerService.java:405) yTqX [setAffinity pid=18971 cpus=[4, 5, 6, 7]]
10-25 21:52:26.682 18958 19079 D VRManagerGearVR: VRManager set thread priority to 1
10-25 21:52:26.682 18958 19079 I VrApi_Clocks: SetSchedFifo( tid=18971, pri=1 ) succeeded
10-25 21:52:26.682 18958 19079 D VrApi : setSchedFifoStatic tid:18971 pto:1
10-25 21:52:26.682 3970 17298 V VRManagerServer: (VRManagerService.java:401) yTqX [setThreadSchedFifo pkg=com.foo.ProductName pid=18958 tid=18971 prio=1]
10-25 21:52:26.682 3970 17298 V VRManagerServer: (VRManagerService.java:405) yTqX [setAffinity pid=18971 cpus=[4, 5, 6, 7]]
10-25 21:52:26.682 3520 4287 V VRManagerService: ---- elevateProcessThread 'com.foo.ProductName' requestPriority(pid=18958, tid=18971, prio=1 ----
10-25 21:52:26.692 18958 19079 D VRManagerGearVR: VRManager set thread priority to 1
10-25 21:52:26.692 18958 19079 I VrApi_Clocks: SetSchedFifo( tid=18971, pri=1 ) succeeded
10-25 21:52:26.692 3520 4534 V VRManagerService: ---- elevateProcessThread 'com.foo.ProductName' requestPriority(pid=18958, tid=18971, prio=1 ----
10-25 21:52:26.772 18958 19079 D VrApi : setSchedFifoStatic tid:18971 pto:0
10-25 21:52:26.782 3970 3998 V VRManagerServer: (VRManagerService.java:401) yTqX [setThreadSchedFifo pkg=com.foo.ProductName pid=18958 tid=18971 prio=0]
10-25 21:52:26.782 3970 3998 V VRManagerServer: (VRManagerService.java:405) yTqX [setAffinity pid=18971 cpus=[4, 5, 6, 7]]
10-25 21:52:26.782 18958 19079 D VRManagerGearVR: VRManager set thread priority to 0
10-25 21:52:26.782 18958 19079 I VrApi_Clocks: SetSchedFifo( tid=18971, pri=0 ) succeeded
10-25 21:52:26.782 18958 19079 D VrApi : setSchedFifoStatic tid:18971 pto:0
10-25 21:52:26.782 3970 3999 V VRManagerServer: (VRManagerService.java:401) yTqX [setThreadSchedFifo pkg=com.foo.ProductName pid=18958 tid=18971 prio=0]
10-25 21:52:26.782 3970 3999 V VRManagerServer: (VRManagerService.java:405) yTqX [setAffinity pid=18971 cpus=[4, 5, 6, 7]]
10-25 21:52:26.782 3520 4041 V VRManagerService: ---- demoteProcessThread 'com.foo.ProductName' requestPriority(pid=18958, tid=18971, prio=0 ----
10-25 21:52:26.792 18958 19079 D VRManagerGearVR: VRManager set thread priority to 0
10-25 21:52:26.792 18958 19079 I VrApi_Clocks: SetSchedFifo( tid=18971, pri=0 ) succeeded
10-25 21:52:26.792 18958 19079 W TimeWarp: VSync 5014312: eye=1,late=5.9ms,over=0.0ms,CPU=0.4ms,GPU>=2.1
10-25 21:52:26.792 18958 19079 D VrApi : setSchedFifoStatic tid:18971 pto:1
10-25 21:52:26.792 3970 17522 V VRManagerServer: (VRManagerService.java:401) yTqX [setThreadSchedFifo pkg=com.foo.ProductName pid=18958 tid=18971 prio=1]
10-25 21:52:26.792 3970 17522 V VRManagerServer: (VRManagerService.java:405) yTqX [setAffinity pid=18971 cpus=[4, 5, 6, 7]]
10-25 21:52:26.792 3520 4925 V VRManagerService: ---- demoteProcessThread 'com.foo.ProductName' requestPriority(pid=18958, tid=18971, prio=0 ----
10-25 21:52:26.802 18958 19079 D VRManagerGearVR: VRManager set thread priority to 1
10-25 21:52:26.802 18958 19079 I VrApi_Clocks: SetSchedFifo( tid=18971, pri=1 ) succeeded
10-25 21:52:26.802 18958 19079 D VrApi : setSchedFifoStatic tid:18971 pto:1
10-25 21:52:26.802 3970 17298 V VRManagerServer: (VRManagerService.java:401) yTqX [setThreadSchedFifo pkg=com.foo.ProductName pid=18958 tid=18971 prio=1]
10-25 21:52:26.802 3970 17298 V VRManagerServer: (VRManagerService.java:405) yTqX [setAffinity pid=18971 cpus=[4, 5, 6, 7]]
10-25 21:52:26.802 18958 19079 D VRManagerGearVR: VRManager set thread priority to 1
10-25 21:52:26.802 18958 19079 I VrApi_Clocks: SetSchedFifo( tid=18971, pri=1 ) succeeded
10-25 21:52:26.802 3520 4928 V VRManagerService: ---- elevateProcessThread 'com.foo.ProductName' requestPriority(pid=18958, tid=18971, prio=1 ----
10-25 21:52:26.802 3520 4645 V VRManagerService: ---- elevateProcessThread 'com.foo.ProductName' requestPriority(pid=18958, tid=18971, prio=1 ----
10-25 21:52:26.812 18958 19079 W TimeWarp: VSync 5014313: eye=1,late=6.9ms,over=0.0ms,CPU=0.4ms,GPU>=1.0
10-25 21:52:26.992 18958 19079 D VrApi : setSchedFifoStatic tid:18971 pto:0
10-25 21:52:26.992 3970 3999 V VRManagerServer: (VRManagerService.java:401) yTqX [setThreadSchedFifo pkg=com.foo.ProductName pid=18958 tid=18971 prio=0]
10-25 21:52:26.992 3970 3999 V VRManagerServer: (VRManagerService.java:405) yTqX [setAffinity pid=18971 cpus=[4, 5, 6, 7]]
10-25 21:52:27.002 18958 19079 D VRManagerGearVR: VRManager set thread priority to 0
10-25 21:52:27.002 18958 19079 I VrApi_Clocks: SetSchedFifo( tid=18971, pri=0 ) succeeded
10-25 21:52:27.002 18958 19079 D VrApi : setSchedFifoStatic tid:18971 pto:0
10-25 21:52:27.002 3970 3998 V VRManagerServer: (VRManagerService.java:401) yTqX [setThreadSchedFifo pkg=com.foo.ProductName pid=18958 tid=18971 prio=0]
10-25 21:52:27.002 3970 3998 V VRManagerServer: (VRManagerService.java:405) yTqX [setAffinity pid=18971 cpus=[4, 5, 6, 7]]
10-25 21:52:27.002 18958 19079 D VRManagerGearVR: VRManager set thread priority to 0
10-25 21:52:27.002 18958 19079 I VrApi_Clocks: SetSchedFifo( tid=18971, pri=0 ) succeeded
10-25 21:52:27.002 18958 19079 W TimeWarp: VSync 5014325: eye=1,late=7.3ms,over=0.0ms,CPU=0.4ms,GPU>=0.6
10-25 21:52:27.002 3520 4387 V VRManagerService: ---- demoteProcessThread 'com.foo.ProductName' requestPriority(pid=18958, tid=18971, prio=0 ----
10-25 21:52:27.002 3520 3543 V VRManagerService: ---- demoteProcessThread 'com.foo.ProductName' requestPriority(pid=18958, tid=18971, prio=0 ----
10-25 21:52:27.012 18958 19079 D VrApi : setSchedFifoStatic tid:18971 pto:1
10-25 21:52:27.012 3970 17522 V VRManagerServer: (VRManagerService.java:401) yTqX [setThreadSchedFifo pkg=com.foo.ProductName pid=18958 tid=18971 prio=1]
10-25 21:52:27.012 3970 17522 V VRManagerServer: (VRManagerService.java:405) yTqX [setAffinity pid=18971 cpus=[4, 5, 6, 7]]
10-25 21:52:27.012 18958 19079 D VRManagerGearVR: VRManager set thread priority to 1
10-25 21:52:27.012 18958 19079 I VrApi_Clocks: SetSchedFifo( tid=18971, pri=1 ) succeeded
10-25 21:52:27.012 18958 19079 D VrApi : setSchedFifoStatic tid:18971 pto:1
10-25 21:52:27.012 3520 4167 V VRManagerService: ---- elevateProcessThread 'com.foo.ProductName' requestPriority(pid=18958, tid=18971, prio=1 ----
10-25 21:52:27.022 3970 3999 V VRManagerServer: (VRManagerService.java:401) yTqX [setThreadSchedFifo pkg=com.foo.ProductName pid=18958 tid=18971 prio=1]
10-25 21:52:27.022 3970 3999 V VRManagerServer: (VRManagerService.java:405) yTqX [setAffinity pid=18971 cpus=[4, 5, 6, 7]]
10-25 21:52:27.022 18958 19079 D VRManagerGearVR: VRManager set thread priority to 1
10-25 21:52:27.022 18958 19079 I VrApi_Clocks: SetSchedFifo( tid=18971, pri=1 ) succeeded
10-25 21:52:27.022 18958 19079 W TimeWarp: VSync 5014326: eye=1,late=7.2ms,over=0.0ms,CPU=0.4ms,GPU>=0.7
10-25 21:52:27.022 3520 4533 V VRManagerService: ---- elevateProcessThread 'com.foo.ProductName' requestPriority(pid=18958, tid=18971, prio=1 ----
10-25 21:52:27.102 18958 19079 W TimeWarp: VSync 5014331: eye=1,late=0.0ms,over=0.0ms,CPU=0.4ms,GPU>=7.9
10-25 21:52:27.452 18958 19046 I OVR : DeviceManagerThread - event 43 (500Hz) (Tid=19046)
10-25 21:52:27.622 18958 19098 I VrApi : FPS=7,Prd=46ms,Tear=14,Early=0,Stale=58,VSnc=1,Lat=1,CPU4/GPU=2/2,900/420MHz,OC=FF,TA=F0/F0/F0/F0,SP=F/F/F/F,Mem=1026MHz,Free=1369MB,PSM=0,PLS=0,Temp=26.3C/28.0C
10-25 21:52:27.982 18958 18958 I Vsync : Vsync 5014384: Choreographer: 1 x 15.39 ms (60.29 Hz, at 84989.079)
10-25 21:52:28.022 18958 18958 I Vsync : Vsync 5014386: Choreographer: 1 x 17.79 ms (60.33 Hz, at 84989.112)
10-25 21:52:28.102 3520 3601 D PowerManagerService: [s] UserActivityState : 1 -> 2
10-25 21:52:28.332 18958 19079 W TimeWarp: VSync 5014405: eye=1,late=0.0ms,over=0.0ms,CPU=0.3ms,GPU>=8.0
10-25 21:52:28.452 18958 19046 I OVR : DeviceManagerThread - event 43 (498Hz) (Tid=19046)
10-25 21:52:28.462 18958 19079 W TimeWarp: VSync 5014413: eye=1,late=0.0ms,over=0.1ms,CPU=0.4ms,GPU>=7.9
10-25 21:52:28.482 18958 19079 D VrApi : setSchedFifoStatic tid:18971 pto:0
10-25 21:52:28.482 3970 3999 V VRManagerServer: (VRManagerService.java:401) yTqX [setThreadSchedFifo pkg=com.foo.ProductName pid=18958 tid=18971 prio=0]
10-25 21:52:28.492 3970 3999 V VRManagerServer: (VRManagerService.java:405) yTqX [setAffinity pid=18971 cpus=[4, 5, 6, 7]]
10-25 21:52:28.492 18958 19079 D VRManagerGearVR: VRManager set thread priority to 0
10-25 21:52:28.492 18958 19079 I VrApi_Clocks: SetSchedFifo( tid=18971, pri=0 ) succeeded
10-25 21:52:28.492 18958 19079 D VrApi : setSchedFifoStatic tid:18971 pto:0
10-25 21:52:28.492 3970 3998 V VRManagerServer: (VRManagerService.java:401) yTqX [setThreadSchedFifo pkg=com.foo.ProductName pid=18958 tid=18971 prio=0]
10-25 21:52:28.492 3970 3998 V VRManagerServer: (VRManagerService.java:405) yTqX [setAffinity pid=18971 cpus=[4, 5, 6, 7]]
10-25 21:52:28.492 3520 4850 V VRManagerService: ---- demoteProcessThread 'com.foo.ProductName' requestPriority(pid=18958, tid=18971, prio=0 ----
10-25 21:52:28.502 18958 19079 D VRManagerGearVR: VRManager set thread priority to 0
10-25 21:52:28.502 18958 19079 I VrApi_Clocks: SetSchedFifo( tid=18971, pri=0 ) succeeded
10-25 21:52:28.502 18958 19079 W TimeWarp: VSync 5014415: eye=1,late=7.0ms,over=0.0ms,CPU=0.4ms,GPU>=1.0
10-25 21:52:28.502 18958 19079 D VrApi : setSchedFifoStatic tid:18971 pto:1
10-25 21:52:28.502 3970 17298 V VRManagerServer: (VRManagerService.java:401) yTqX [setThreadSchedFifo pkg=com.foo.ProductName pid=18958 tid=18971 prio=1]
10-25 21:52:28.502 3970 17298 V VRManagerServer: (VRManagerService.java:405) yTqX [setAffinity pid=18971 cpus=[4, 5, 6, 7]]
10-25 21:52:28.502 3520 4287 V VRManagerService: ---- demoteProcessThread 'com.foo.ProductName' requestPriority(pid=18958, tid=18971, prio=0 ----
10-25 21:52:28.512 18958 19079 D VRManagerGearVR: VRManager set thread priority to 1
10-25 21:52:28.512 18958 19079 I VrApi_Clocks: SetSchedFifo( tid=18971, pri=1 ) succeeded
10-25 21:52:28.512 18958 19079 D VrApi : setSchedFifoStatic tid:18971 pto:1
10-25 21:52:28.512 3970 17522 V VRManagerServer: (VRManagerService.java:401) yTqX [setThreadSchedFifo pkg=com.foo.ProductName pid=18958 tid=18971 prio=1]
10-25 21:52:28.512 3970 17522 V VRManagerServer: (VRManagerService.java:405) yTqX [setAffinity pid=18971 cpus=[4, 5, 6, 7]]
10-25 21:52:28.512 18958 19079 D VRManagerGearVR: VRManager set thread priority to 1
10-25 21:52:28.512 18958 19079 I VrApi_Clocks: SetSchedFifo( tid=18971, pri=1 ) succeeded
10-25 21:52:28.512 18958 19079 W TimeWarp: VSync 5014416: eye=1,late=7.4ms,over=0.0ms,CPU=0.4ms,GPU>=0.5
10-25 21:52:28.512 3520 4534 V VRManagerService: ---- elevateProcessThread 'com.foo.ProductName' requestPriority(pid=18958, tid=18971, prio=1 ----
10-25 21:52:28.512 3520 4041 V VRManagerService: ---- elevateProcessThread 'com.foo.ProductName' requestPriority(pid=18958, tid=18971, prio=1 ----
10-25 21:52:28.602 18958 19079 D VrApi : setSchedFifoStatic tid:18971 pto:0
10-25 21:52:28.602 3970 3998 V VRManagerServer: (VRManagerService.java:401) yTqX [setThreadSchedFifo pkg=com.foo.ProductName pid=18958 tid=18971 prio=0]
10-25 21:52:28.602 3970 3998 V VRManagerServer: (VRManagerService.java:405) yTqX [setAffinity pid=18971 cpus=[4, 5, 6, 7]]
10-25 21:52:28.602 18958 19079 D VRManagerGearVR: VRManager set thread priority to 0
10-25 21:52:28.602 18958 19079 I VrApi_Clocks: SetSchedFifo( tid=18971, pri=0 ) succeeded
10-25 21:52:28.602 18958 19079 D VrApi : setSchedFifoStatic tid:18971 pto:0
10-25 21:52:28.602 3520 4925 V VRManagerService: ---- demoteProcessThread 'com.foo.ProductName' requestPriority(pid=18958, tid=18971, prio=0 ----
10-25 21:52:28.612 3970 3999 V VRManagerServer: (VRManagerService.java:401) yTqX [setThreadSchedFifo pkg=com.foo.ProductName pid=18958 tid=18971 prio=0]
10-25 21:52:28.612 3970 3999 V VRManagerServer: (VRManagerService.java:405) yTqX [setAffinity pid=18971 cpus=[4, 5, 6, 7]]
10-25 21:52:28.612 18958 19079 D VRManagerGearVR: VRManager set thread priority to 0
10-25 21:52:28.612 18958 19079 I VrApi_Clocks: SetSchedFifo( tid=18971, pri=0 ) succeeded
10-25 21:52:28.612 18958 19079 W TimeWarp: VSync 5014422: eye=1,late=7.5ms,over=0.0ms,CPU=0.4ms,GPU>=0.4
10-25 21:52:28.612 18958 19079 D VrApi : setSchedFifoStatic tid:18971 pto:1
10-25 21:52:28.612 3520 4928 V VRManagerService: ---- demoteProcessThread 'com.foo.ProductName' requestPriority(pid=18958, tid=18971, prio=0 ----
10-25 21:52:28.622 3970 17522 V VRManagerServer: (VRManagerService.java:401) yTqX [setThreadSchedFifo pkg=com.foo.ProductName pid=18958 tid=18971 prio=1]
10-25 21:52:28.622 3970 17522 V VRManagerServer: (VRManagerService.java:405) yTqX [setAffinity pid=18971 cpus=[4, 5, 6, 7]]
10-25 21:52:28.622 18958 19098 I VrApi : FPS=8,Prd=46ms,Tear=15,Early=0,Stale=64,VSnc=1,Lat=1,CPU4/GPU=2/2,1000/420MHz,OC=FF,TA=F0/F0/F0/F0,SP=F/F/N/N,Mem=1026MHz,Free=1368MB,PSM=0,PLS=0,Temp=26.3C/28.0C
10-25 21:52:28.622 18958 19079 D VRManagerGearVR: VRManager set thread priority to 1
10-25 21:52:28.622 18958 19079 I VrApi_Clocks: SetSchedFifo( tid=18971, pri=1 ) succeeded
10-25 21:52:28.622 18958 19079 D VrApi : setSchedFifoStatic tid:18971 pto:1
10-25 21:52:28.622 3520 3543 V VRManagerService: ---- elevateProcessThread 'com.foo.ProductName' requestPriority(pid=18958, tid=18971, prio=1 ----
10-25 21:52:28.632 3970 3999 V VRManagerServer: (VRManagerService.java:401) yTqX [setThreadSchedFifo pkg=com.foo.ProductName pid=18958 tid=18971 prio=1]
10-25 21:52:28.632 3970 3999 V VRManagerServer: (VRManagerService.java:405) yTqX [setAffinity pid=18971 cpus=[4, 5, 6, 7]]
10-25 21:52:28.632 18958 19079 D VRManagerGearVR: VRManager set thread priority to 1
10-25 21:52:28.632 18958 19079 I VrApi_Clocks: SetSchedFifo( tid=18971, pri=1 ) succeeded
10-25 21:52:28.632 18958 19079 W TimeWarp: VSync 5014423: eye=1,late=8.4ms,over=0.0ms,CPU=0.4ms,GPU>=0.1
10-25 21:52:28.632 3520 4750 V VRManagerService: ---- elevateProcessThread 'com.foo.ProductName' requestPriority(pid=18958, tid=18971, prio=1 ----
10-25 21:52:28.712 18958 19079 D VrApi : setSchedFifoStatic tid:18971 pto:0
10-25 21:52:28.722 3970 17298 V VRManagerServer: (VRManagerService.java:401) yTqX [setThreadSchedFifo pkg=com.foo.ProductName pid=18958 tid=18971 prio=0]
10-25 21:52:28.722 3970 17298 V VRManagerServer: (VRManagerService.java:405) yTqX [setAffinity pid=18971 cpus=[4, 5, 6, 7]]
10-25 21:52:28.722 18958 19079 D VRManagerGearVR: VRManager set thread priority to 0
10-25 21:52:28.722 18958 19079 I VrApi_Clocks: SetSchedFifo( tid=18971, pri=0 ) succeeded
10-25 21:52:28.722 18958 19079 D VrApi : setSchedFifoStatic tid:18971 pto:0
10-25 21:52:28.722 3970 3998 V VRManagerServer: (VRManagerService.java:401) yTqX [setThreadSchedFifo pkg=com.foo.ProductName pid=18958 tid=18971 prio=0]
10-25 21:52:28.722 3970 3998 V VRManagerServer: (VRManagerService.java:405) yTqX [setAffinity pid=18971 cpus=[4, 5, 6, 7]]
10-25 21:52:28.722 3520 3542 V VRManagerService: ---- demoteProcessThread 'com.foo.ProductName' requestPriority(pid=18958, tid=18971, prio=0 ----
10-25 21:52:28.732 18958 19079 D VRManagerGearVR: VRManager set thread priority to 0
10-25 21:52:28.732 18958 19079 I VrApi_Clocks: SetSchedFifo( tid=18971, pri=0 ) succeeded
10-25 21:52:28.732 18958 19079 W TimeWarp: VSync 5014429: eye=1,late=7.1ms,over=0.0ms,CPU=0.4ms,GPU>=0.8
10-25 21:52:28.732 3520 4604 V VRManagerService: ---- demoteProcessThread 'com.foo.ProductName' requestPriority(pid=18958, tid=18971, prio=0 ----
10-25 21:52:28.752 18958 19079 D VrApi : setSchedFifoStatic tid:18971 pto:1
10-25 21:52:28.752 3970 17522 V VRManagerServer: (VRManagerService.java:401) yTqX [setThreadSchedFifo pkg=com.foo.ProductName pid=18958 tid=18971 prio=1]
10-25 21:52:28.752 3970 17522 V VRManagerServer: (VRManagerService.java:405) yTqX [setAffinity pid=18971 cpus=[4, 5, 6, 7]]
10-25 21:52:28.752 18958 19079 D VRManagerGearVR: VRManager set thread priority to 1
10-25 21:52:28.752 18958 19079 I VrApi_Clocks: SetSchedFifo( tid=18971, pri=1 ) succeeded
10-25 21:52:28.752 18958 19079 D VrApi : setSchedFifoStatic tid:18971 pto:1
10-25 21:52:28.752 3520 4850 V VRManagerService: ---- elevateProcessThread 'com.foo.ProductName' requestPriority(pid=18958, tid=18971, prio=1 ----
10-25 21:52:28.762 3970 3999 V VRManagerServer: (VRManagerService.java:401) yTqX [setThreadSchedFifo pkg=com.foo.ProductName pid=18958 tid=18971 prio=1]
10-25 21:52:28.762 3970 3999 V VRManagerServer: (VRManagerService.java:405) yTqX [setAffinity pid=18971 cpus=[4, 5, 6, 7]]
10-25 21:52:28.762 18958 19079 D VRManagerGearVR: VRManager set thread priority to 1
10-25 21:52:28.762 18958 19079 I VrApi_Clocks: SetSchedFifo( tid=18971, pri=1 ) succeeded
10-25 21:52:28.762 18958 19079 W TimeWarp: VSync 5014431: eye=1,late=6.7ms,over=0.0ms,CPU=0.4ms,GPU>=1.3
10-25 21:52:28.762 3520 4287 V VRManagerService: ---- elevateProcessThread 'com.foo.ProductName' requestPriority(pid=18958, tid=18971, prio=1 ----
10-25 21:52:28.852 18958 19079 D VrApi : setSchedFifoStatic tid:18971 pto:0
10-25 21:52:28.852 3970 17298 V VRManagerServer: (VRManagerService.java:401) yTqX [setThreadSchedFifo pkg=com.foo.ProductName pid=18958 tid=18971 prio=0]
10-25 21:52:28.852 3970 17298 V VRManagerServer: (VRManagerService.java:405) yTqX [setAffinity pid=18971 cpus=[4, 5, 6, 7]]
10-25 21:52:28.852 18958 19079 D VRManagerGearVR: VRManager set thread priority to 0
10-25 21:52:28.852 18958 19079 I VrApi_Clocks: SetSchedFifo( tid=18971, pri=0 ) succeeded
10-25 21:52:28.852 18958 19079 D VrApi : setSchedFifoStatic tid:18971 pto:0
10-25 21:52:28.852 3520 4534 V VRManagerService: ---- demoteProcessThread 'com.foo.ProductName' requestPriority(pid=18958, tid=18971, prio=0 ----
10-25 21:52:28.862 3970 17522 V VRManagerServer: (VRManagerService.java:401) yTqX [setThreadSchedFifo pkg=com.foo.ProductName pid=18958 tid=18971 prio=0]
10-25 21:52:28.862 3970 17522 V VRManagerServer: (VRManagerService.java:405) yTqX [setAffinity pid=18971 cpus=[4, 5, 6, 7]]
10-25 21:52:28.862 18958 19079 D VRManagerGearVR: VRManager set thread priority to 0
10-25 21:52:28.862 18958 19079 I VrApi_Clocks: SetSchedFifo( tid=18971, pri=0 ) succeeded
10-25 21:52:28.862 18958 19079 W TimeWarp: VSync 5014437: eye=1,late=6.6ms,over=0.0ms,CPU=0.4ms,GPU>=1.3
10-25 21:52:28.862 3520 4041 V VRManagerService: ---- demoteProcessThread 'com.foo.ProductName' requestPriority(pid=18958, tid=18971, prio=0 ----
10-25 21:52:28.882 18958 19079 D VrApi : setSchedFifoStatic tid:18971 pto:1
10-25 21:52:28.882 3970 3998 V VRManagerServer: (VRManagerService.java:401) yTqX [setThreadSchedFifo pkg=com.foo.ProductName pid=18958 tid=18971 prio=1]
10-25 21:52:28.882 3970 3998 V VRManagerServer: (VRManagerService.java:405) yTqX [setAffinity pid=18971 cpus=[4, 5, 6, 7]]
10-25 21:52:28.882 3520 4925 V VRManagerService: ---- elevateProcessThread 'com.foo.ProductName' requestPriority(pid=18958, tid=18971, prio=1 ----
10-25 21:52:28.892 18958 19079 D VRManagerGearVR: VRManager set thread priority to 1
10-25 21:52:28.892 18958 19079 I VrApi_Clocks: SetSchedFifo( tid=18971, pri=1 ) succeeded
10-25 21:52:28.892 18958 19079 D VrApi : setSchedFifoStatic tid:18971 pto:1
10-25 21:52:28.892 3970 17298 V VRManagerServer: (VRManagerService.java:401) yTqX [setThreadSchedFifo pkg=com.foo.ProductName pid=18958 tid=18971 prio=1]
10-25 21:52:28.892 3970 17298 V VRManagerServer: (VRManagerService.java:405) yTqX [setAffinity pid=18971 cpus=[4, 5, 6, 7]]
10-25 21:52:28.892 18958 19079 D VRManagerGearVR: VRManager set thread priority to 1
10-25 21:52:28.892 18958 19079 I VrApi_Clocks: SetSchedFifo( tid=18971, pri=1 ) succeeded
10-25 21:52:28.892 3520 4928 V VRManagerService: ---- elevateProcessThread 'com.foo.ProductName' requestPriority(pid=18958, tid=18971, prio=1 ----
10-25 21:52:28.982 18958 19079 D VrApi : setSchedFifoStatic tid:18971 pto:0
10-25 21:52:28.982 3970 3999 V VRManagerServer: (VRManagerService.java:401) yTqX [setThreadSchedFifo pkg=com.foo.ProductName pid=18958 tid=18971 prio=0]
10-25 21:52:28.982 3970 3999 V VRManagerServer: (VRManagerService.java:405) yTqX [setAffinity pid=18971 cpus=[4, 5, 6, 7]]
10-25 21:52:28.982 18958 19079 D VRManagerGearVR: VRManager set thread priority to 0
10-25 21:52:28.982 18958 19079 I VrApi_Clocks: SetSchedFifo( tid=18971, pri=0 ) succeeded
10-25 21:52:28.982 18958 19079 D VrApi : setSchedFifoStatic tid:18971 pto:0
10-25 21:52:28.982 3520 4645 V VRManagerService: ---- demoteProcessThread 'com.foo.ProductName' requestPriority(pid=18958, tid=18971, prio=0 ----
10-25 21:52:28.992 3970 17522 V VRManagerServer: (VRManagerService.java:401) yTqX [setThreadSchedFifo pkg=com.foo.ProductName pid=18958 tid=18971 prio=0]
10-25 21:52:28.992 3970 17522 V VRManagerServer: (VRManagerService.java:405) yTqX [setAffinity pid=18971 cpus=[4, 5, 6, 7]]
10-25 21:52:28.992 18958 19079 D VRManagerGearVR: VRManager set thread priority to 0
10-25 21:52:28.992 18958 19079 I VrApi_Clocks: SetSchedFifo( tid=18971, pri=0 ) succeeded
10-25 21:52:28.992 3520 4167 V VRManagerService: ---- demoteProcessThread 'com.foo.ProductName' requestPriority(pid=18958, tid=18971, prio=0 ----
10-25 21:52:29.012 18958 19079 D VrApi : setSchedFifoStatic tid:18971 pto:1
10-25 21:52:29.022 3970 17298 V VRManagerServer: (VRManagerService.java:401) yTqX [setThreadSchedFifo pkg=com.foo.ProductName pid=18958 tid=18971 prio=1]
10-25 21:52:29.022 3970 17298 V VRManagerServer: (VRManagerService.java:405) yTqX [setAffinity pid=18971 cpus=[4, 5, 6, 7]]
10-25 21:52:29.022 18958 19079 D VRManagerGearVR: VRManager set thread priority to 1
10-25 21:52:29.022 18958 19079 I VrApi_Clocks: SetSchedFifo( tid=18971, pri=1 ) succeeded
10-25 21:52:29.022 18958 19079 D VrApi : setSchedFifoStatic tid:18971 pto:1
10-25 21:52:29.022 3970 3998 V VRManagerServer: (VRManagerService.java:401) yTqX [setThreadSchedFifo pkg=com.foo.ProductName pid=18958 tid=18971 prio=1]
10-25 21:52:29.022 3970 3998 V VRManagerServer: (VRManagerService.java:405) yTqX [setAffinity pid=18971 cpus=[4, 5, 6, 7]]
10-25 21:52:29.022 3520 4387 V VRManagerService: ---- elevateProcessThread 'com.foo.ProductName' requestPriority(pid=18958, tid=18971, prio=1 ----
10-25 21:52:29.032 18958 19079 D VRManagerGearVR: VRManager set thread priority to 1
10-25 21:52:29.032 18958 19079 I VrApi_Clocks: SetSchedFifo( tid=18971, pri=1 ) succeeded
10-25 21:52:29.032 18958 19079 W TimeWarp: VSync 5014447: eye=1,late=7.4ms,over=0.0ms,CPU=0.4ms,GPU>=0.6
10-25 21:52:29.032 3520 4533 V VRManagerService: ---- elevateProcessThread 'com.foo.ProductName' requestPriority(pid=18958, tid=18971, prio=1 ----
10-25 21:52:29.112 18958 19079 D VrApi : setSchedFifoStatic tid:18971 pto:0
10-25 21:52:29.112 3970 3999 V VRManagerServer: (VRManagerService.java:401) yTqX [setThreadSchedFifo pkg=com.foo.ProductName pid=18958 tid=18971 prio=0]
10-25 21:52:29.122 3970 3999 V VRManagerServer: (VRManagerService.java:405) yTqX [setAffinity pid=18971 cpus=[4, 5, 6, 7]]
10-25 21:52:29.122 18958 19079 D VRManagerGearVR: VRManager set thread priority to 0
10-25 21:52:29.122 18958 19079 I VrApi_Clocks: SetSchedFifo( tid=18971, pri=0 ) succeeded
10-25 21:52:29.122 18958 19079 D VrApi : setSchedFifoStatic tid:18971 pto:0
10-25 21:52:29.122 3970 17522 V VRManagerServer: (VRManagerService.java:401) yTqX [setThreadSchedFifo pkg=com.foo.ProductName pid=18958 tid=18971 prio=0]
10-25 21:52:29.122 3970 17522 V VRManagerServer: (VRManagerService.java:405) yTqX [setAffinity pid=18971 cpus=[4, 5, 6, 7]]
10-25 21:52:29.122 3520 3543 V VRManagerService: ---- demoteProcessThread 'com.foo.ProductName' requestPriority(pid=18958, tid=18971, prio=0 ----
10-25 21:52:29.132 18958 19079 D VRManagerGearVR: VRManager set thread priority to 0
10-25 21:52:29.132 18958 19079 I VrApi_Clocks: SetSchedFifo( tid=18971, pri=0 ) succeeded
10-25 21:52:29.132 18958 19079 W TimeWarp: VSync 5014453: eye=1,late=7.3ms,over=0.0ms,CPU=0.6ms,GPU>=0.4
10-25 21:52:29.132 3520 4750 V VRManagerService: ---- demoteProcessThread 'com.foo.ProductName' requestPriority(pid=18958, tid=18971, prio=0 ----
10-25 21:52:29.162 18958 19079 D VrApi : setSchedFifoStatic tid:18971 pto:1
10-25 21:52:29.162 3970 3998 V VRManagerServer: (VRManagerService.java:401) yTqX [setThreadSchedFifo pkg=com.foo.ProductName pid=18958 tid=18971 prio=1]
10-25 21:52:29.172 3970 3998 V VRManagerServer: (VRManagerService.java:405) yTqX [setAffinity pid=18971 cpus=[4, 5, 6, 7]]
10-25 21:52:29.172 18958 19079 D VRManagerGearVR: VRManager set thread priority to 1
10-25 21:52:29.172 18958 19079 I VrApi_Clocks: SetSchedFifo( tid=18971, pri=1 ) succeeded
10-25 21:52:29.172 18958 19079 D VrApi : setSchedFifoStatic tid:18971 pto:1
10-25 21:52:29.172 3970 17298 V VRManagerServer: (VRManagerService.java:401) yTqX [setThreadSchedFifo pkg=com.foo.ProductName pid=18958 tid=18971 prio=1]
10-25 21:52:29.172 3970 17298 V VRManagerServer: (VRManagerService.java:405) yTqX [setAffinity pid=18971 cpus=[4, 5, 6, 7]]
10-25 21:52:29.172 3520 5770 V VRManagerService: ---- elevateProcessThread 'com.foo.ProductName' requestPriority(pid=18958, tid=18971, prio=1 ----
10-25 21:52:29.182 18958 19079 D VRManagerGearVR: VRManager set thread priority to 1
10-25 21:52:29.182 18958 19079 I VrApi_Clocks: SetSchedFifo( tid=18971, pri=1 ) succeeded
10-25 21:52:29.182 18958 19079 W TimeWarp: VSync 5014456: eye=1,late=7.8ms,over=0.0ms,CPU=0.4ms,GPU>=0.2
10-25 21:52:29.182 3520 4392 V VRManagerService: ---- elevateProcessThread 'com.foo.ProductName' requestPriority(pid=18958, tid=18971, prio=1 ----
10-25 21:52:29.262 18958 19079 D VrApi : setSchedFifoStatic tid:18971 pto:0
10-25 21:52:29.262 3970 17522 V VRManagerServer: (VRManagerService.java:401) yTqX [setThreadSchedFifo pkg=com.foo.ProductName pid=18958 tid=18971 prio=0]
10-25 21:52:29.272 3970 17522 V VRManagerServer: (VRManagerService.java:405) yTqX [setAffinity pid=18971 cpus=[4, 5, 6, 7]]
10-25 21:52:29.272 18958 19079 D VRManagerGearVR: VRManager set thread priority to 0
10-25 21:52:29.272 18958 19079 I VrApi_Clocks: SetSchedFifo( tid=18971, pri=0 ) succeeded
10-25 21:52:29.272 18958 19079 D VrApi : setSchedFifoStatic tid:18971 pto:0
10-25 21:52:29.272 3970 3999 V VRManagerServer: (VRManagerService.java:401) yTqX [setThreadSchedFifo pkg=com.foo.ProductName pid=18958 tid=18971 prio=0]
10-25 21:52:29.272 3970 3999 V VRManagerServer: (VRManagerService.java:405) yTqX [setAffinity pid=18971 cpus=[4, 5, 6, 7]]
10-25 21:52:29.272 3520 4604 V VRManagerService: ---- demoteProcessThread 'com.foo.ProductName' requestPriority(pid=18958, tid=18971, prio=0 ----
10-25 21:52:29.282 18958 19079 D VRManagerGearVR: VRManager set thread priority to 0
10-25 21:52:29.282 18958 19079 I VrApi_Clocks: SetSchedFifo( tid=18971, pri=0 ) succeeded
10-25 21:52:29.282 18958 19079 W TimeWarp: VSync 5014462: eye=1,late=7.3ms,over=0.0ms,CPU=0.4ms,GPU>=0.7
10-25 21:52:29.282 3520 4850 V VRManagerService: ---- demoteProcessThread 'com.foo.ProductName' requestPriority(pid=18958, tid=18971, prio=0 ----
10-25 21:52:29.302 3135 3181 D Sensorhubs: readContextData: 1, 1, 26, 1, 1, 11, -62, -85, 4, 1
10-25 21:52:29.302 3520 4008 D SensorHubManager: onGetSensorHubDataLocked: library(10) = 1, 1, 26, 1, 1, 11, -62, -85, 4, 1
10-25 21:52:29.302 3520 4007 D CAE : onGetSensorHubData(SensorHubParserProvider.java:92) - onGetSensorHubData Event [event buffer len :10], AP_WAKEUP
10-25 21:52:29.302 3520 4007 I CAE : parse(SensorHubParserProvider.java:188) - buffer size = 10
10-25 21:52:29.302 3520 4007 I CAE : parse(SensorHubParserProvider.java:199) - 1, 1, 26, 1, 1, 11, -62, -85, 4, 1,
10-25 21:52:29.302 3520 4007 D CAE : display(ContextProvider.java:375) - ================= ACTIVITY_TRACKER =================
10-25 21:52:29.302 3520 4007 I CAE : display(ContextProvider.java:391) - Accuracy=[1], OperationMode=[0], ActivityType=[4], TimeStamp=[1477457547947]
10-25 21:52:29.302 3520 4010 D SContextService: updateSContext() : event = Activity Tracker
10-25 21:52:29.302 3520 3520 D WifiService: mActivityTrackerListener: onSContextChanged(): 25
10-25 21:52:29.302 3520 3520 D WifiService: [ACTIVITY_STATUS_VEHICLE] MID or HIGH
10-25 21:52:29.302 3520 3520 D WifiService: startMs : 1477457549318
10-25 21:52:29.312 18958 19079 D VrApi : setSchedFifoStatic tid:18971 pto:1
10-25 21:52:29.312 3970 3998 V VRManagerServer: (VRManagerService.java:401) yTqX [setThreadSchedFifo pkg=com.foo.ProductName pid=18958 tid=18971 prio=1]
10-25 21:52:29.312 3970 3998 V VRManagerServer: (VRManagerService.java:405) yTqX [setAffinity pid=18971 cpus=[4, 5, 6, 7]]
10-25 21:52:29.322 18958 19079 D VRManagerGearVR: VRManager set thread priority to 1
10-25 21:52:29.322 18958 19079 I VrApi_Clocks: SetSchedFifo( tid=18971, pri=1 ) succeeded
10-25 21:52:29.322 18958 19079 D VrApi : setSchedFifoStatic tid:18971 pto:1
10-25 21:52:29.322 3970 17298 V VRManagerServer: (VRManagerService.java:401) yTqX [setThreadSchedFifo pkg=com.foo.ProductName pid=18958 tid=18971 prio=1]
10-25 21:52:29.322 3970 17298 V VRManagerServer: (VRManagerService.java:405) yTqX [setAffinity pid=18971 cpus=[4, 5, 6, 7]]
10-25 21:52:29.322 18958 19079 D VRManagerGearVR: VRManager set thread priority to 1
10-25 21:52:29.322 18958 19079 I VrApi_Clocks: SetSchedFifo( tid=18971, pri=1 ) succeeded
10-25 21:52:29.322 3520 4287 V VRManagerService: ---- elevateProcessThread 'com.foo.ProductName' requestPriority(pid=18958, tid=18971, prio=1 ----
10-25 21:52:29.322 3520 4534 V VRManagerService: ---- elevateProcessThread 'com.foo.ProductName' requestPriority(pid=18958, tid=18971, prio=1 ----
10-25 21:52:29.412 18958 19079 D VrApi : setSchedFifoStatic tid:18971 pto:0
10-25 21:52:29.412 3970 17522 V VRManagerServer: (VRManagerService.java:401) yTqX [setThreadSchedFifo pkg=com.foo.ProductName pid=18958 tid=18971 prio=0]
10-25 21:52:29.412 3970 17522 V VRManagerServer: (VRManagerService.java:405) yTqX [setAffinity pid=18971 cpus=[4, 5, 6, 7]]
10-25 21:52:29.422 18958 19079 D VRManagerGearVR: VRManager set thread priority to 0
10-25 21:52:29.422 18958 19079 I VrApi_Clocks: SetSchedFifo( tid=18971, pri=0 ) succeeded
10-25 21:52:29.422 18958 19079 D VrApi : setSchedFifoStatic tid:18971 pto:0
10-25 21:52:29.422 3970 3998 V VRManagerServer: (VRManagerService.java:401) yTqX [setThreadSchedFifo pkg=com.foo.ProductName pid=18958 tid=18971 prio=0]
10-25 21:52:29.422 3970 3998 V VRManagerServer: (VRManagerService.java:405) yTqX [setAffinity pid=18971 cpus=[4, 5, 6, 7]]
10-25 21:52:29.422 3520 4041 V VRManagerService: ---- demoteProcessThread 'com.foo.ProductName' requestPriority(pid=18958, tid=18971, prio=0 ----
10-25 21:52:29.422 3520 4925 V VRManagerService: ---- demoteProcessThread 'com.foo.ProductName' requestPriority(pid=18958, tid=18971, prio=0 ----
10-25 21:52:29.432 18958 19079 D VRManagerGearVR: VRManager set thread priority to 0
10-25 21:52:29.432 18958 19079 I VrApi_Clocks: SetSchedFifo( tid=18971, pri=0 ) succeeded
10-25 21:52:29.432 18958 19079 W TimeWarp: VSync 5014471: eye=1,late=7.4ms,over=0.0ms,CPU=0.5ms,GPU>=0.5
10-25 21:52:29.432 18958 19079 D VrApi : setSchedFifoStatic tid:18971 pto:1
10-25 21:52:29.432 3970 17298 V VRManagerServer: (VRManagerService.java:401) yTqX [setThreadSchedFifo pkg=com.foo.ProductName pid=18958 tid=18971 prio=1]
10-25 21:52:29.432 3970 17298 V VRManagerServer: (VRManagerService.java:405) yTqX [setAffinity pid=18971 cpus=[4, 5, 6, 7]]
10-25 21:52:29.432 3520 4928 V VRManagerService: ---- elevateProcessThread 'com.foo.ProductName' requestPriority(pid=18958, tid=18971, prio=1 ----
10-25 21:52:29.442 18958 19079 D VRManagerGearVR: VRManager set thread priority to 1
10-25 21:52:29.442 18958 19079 I VrApi_Clocks: SetSchedFifo( tid=18971, pri=1 ) succeeded
10-25 21:52:29.442 18958 19079 D VrApi : setSchedFifoStatic tid:18971 pto:1
10-25 21:52:29.442 3970 3999 V VRManagerServer: (VRManagerService.java:401) yTqX [setThreadSchedFifo pkg=com.foo.ProductName pid=18958 tid=18971 prio=1]
10-25 21:52:29.442 3970 3999 V VRManagerServer: (VRManagerService.java:405) yTqX [setAffinity pid=18971 cpus=[4, 5, 6, 7]]
10-25 21:52:29.442 18958 19079 D VRManagerGearVR: VRManager set thread priority to 1
10-25 21:52:29.442 18958 19079 I VrApi_Clocks: SetSchedFifo( tid=18971, pri=1 ) succeeded
10-25 21:52:29.442 18958 19079 W TimeWarp: VSync 5014472: eye=1,late=6.8ms,over=0.0ms,CPU=0.4ms,GPU>=1.1
10-25 21:52:29.442 3520 4645 V VRManagerService: ---- elevateProcessThread 'com.foo.ProductName' requestPriority(pid=18958, tid=18971, prio=1 ----
10-25 21:52:29.452 18958 19046 I OVR : DeviceManagerThread - event 43 (500Hz) (Tid=19046)
10-25 21:52:29.532 18958 19079 D VrApi : setSchedFifoStatic tid:18971 pto:0
10-25 21:52:29.532 3970 17522 V VRManagerServer: (VRManagerService.java:401) yTqX [setThreadSchedFifo pkg=com.foo.ProductName pid=18958 tid=18971 prio=0]
10-25 21:52:29.532 3970 17522 V VRManagerServer: (VRManagerService.java:405) yTqX [setAffinity pid=18971 cpus=[4, 5, 6, 7]]
10-25 21:52:29.532 18958 19079 D VRManagerGearVR: VRManager set thread priority to 0
10-25 21:52:29.532 18958 19079 I VrApi_Clocks: SetSchedFifo( tid=18971, pri=0 ) succeeded
10-25 21:52:29.532 18958 19079 D VrApi : setSchedFifoStatic tid:18971 pto:0
10-25 21:52:29.532 3520 4167 V VRManagerService: ---- demoteProcessThread 'com.foo.ProductName' requestPriority(pid=18958, tid=18971, prio=0 ----
10-25 21:52:29.542 3970 3998 V VRManagerServer: (VRManagerService.java:401) yTqX [setThreadSchedFifo pkg=com.foo.ProductName pid=18958 tid=18971 prio=0]
10-25 21:52:29.542 3970 3998 V VRManagerServer: (VRManagerService.java:405) yTqX [setAffinity pid=18971 cpus=[4, 5, 6, 7]]
10-25 21:52:29.542 18958 19079 D VRManagerGearVR: VRManager set thread priority to 0
10-25 21:52:29.542 18958 19079 I VrApi_Clocks: SetSchedFifo( tid=18971, pri=0 ) succeeded
10-25 21:52:29.542 18958 19079 W TimeWarp: VSync 5014478: eye=1,late=7.0ms,over=0.0ms,CPU=0.4ms,GPU>=0.9
10-25 21:52:29.542 18958 19079 D VrApi : setSchedFifoStatic tid:18971 pto:1
10-25 21:52:29.542 3520 4387 V VRManagerService: ---- demoteProcessThread 'com.foo.ProductName' requestPriority(pid=18958, tid=18971, prio=0 ----
10-25 21:52:29.552 3970 17298 V VRManagerServer: (VRManagerService.java:401) yTqX [setThreadSchedFifo pkg=com.foo.ProductName pid=18958 tid=18971 prio=1]
10-25 21:52:29.552 3970 17298 V VRManagerServer: (VRManagerService.java:405) yTqX [setAffinity pid=18971 cpus=[4, 5, 6, 7]]
10-25 21:52:29.552 18958 19079 D VRManagerGearVR: VRManager set thread priority to 1
10-25 21:52:29.552 18958 19079 I VrApi_Clocks: SetSchedFifo( tid=18971, pri=1 ) succeeded
10-25 21:52:29.552 18958 19079 D VrApi : setSchedFifoStatic tid:18971 pto:1
10-25 21:52:29.552 3970 17522 V VRManagerServer: (VRManagerService.java:401) yTqX [setThreadSchedFifo pkg=com.foo.ProductName pid=18958 tid=18971 prio=1]
10-25 21:52:29.552 3970 17522 V VRManagerServer: (VRManagerService.java:405) yTqX [setAffinity pid=18971 cpus=[4, 5, 6, 7]]
10-25 21:52:29.552 3520 4533 V VRManagerService: ---- elevateProcessThread 'com.foo.ProductName' requestPriority(pid=18958, tid=18971, prio=1 ----
10-25 21:52:29.562 18958 19079 D VRManagerGearVR: VRManager set thread priority to 1
10-25 21:52:29.562 18958 19079 I VrApi_Clocks: SetSchedFifo( tid=18971, pri=1 ) succeeded
10-25 21:52:29.562 18958 19079 W TimeWarp: VSync 5014479: eye=1,late=6.3ms,over=0.0ms,CPU=0.4ms,GPU>=1.7
10-25 21:52:29.562 3520 3543 V VRManagerService: ---- elevateProcessThread 'com.foo.ProductName' requestPriority(pid=18958, tid=18971, prio=1 ----
10-25 21:52:29.622 18958 19098 I VrApi : FPS=14,Prd=49ms,Tear=3,Early=0,Stale=56,VSnc=1,Lat=1,CPU4/GPU=2/2,1000/420MHz,OC=FF,TA=F0/F0/F0/F0,SP=F/F/F/F,Mem=1026MHz,Free=1369MB,PSM=0,PLS=0,Temp=26.3C/28.0C
10-25 21:52:29.632 4130 4343 D NetworkController.MobileSignalController(0/2147483643): onSignalStrengthsChanged signalStrength=SignalStrength: 20 99 -20 -200 -20 -200 -1 99 2147483647 2147483647 2147483647 2147483647 2147483647 0x5 gsm|lte level=5
10-25 21:52:29.632 4130 4343 D NetworkController.MobileSignalController(0/2147483643): getMobileIconGroup(): 0
10-25 21:52:29.632 4130 4343 D NetworkController.MobileSignalController(0/2147483643): updateTMOMobileIconGroup(): 0
10-25 21:52:29.632 4425 4425 D WfcPhoneStateListener: onSignalStrengthsChanged(): signal strength did not change
10-25 21:52:30.452 18958 19046 I OVR : DeviceManagerThread - event 43 (500Hz) (Tid=19046)
10-25 21:52:30.542 18958 19079 W TimeWarp: VSync 5014538: eye=1,late=0.0ms,over=0.1ms,CPU=0.4ms,GPU>=7.9
10-25 21:52:30.622 18958 19098 I VrApi : FPS=12,Prd=49ms,Tear=9,Early=0,Stale=66,VSnc=1,Lat=1,CPU4/GPU=2/2,1000/420MHz,OC=FF,TA=F0/F0/F0/F0,SP=F/F/F/F,Mem=1026MHz,Free=1369MB,PSM=0,PLS=0,Temp=26.3C/28.0C
10-25 21:52:31.102 18958 18958 I Vsync : Vsync 5014572: Choreographer: 1 x 15.52 ms (60.30 Hz, at 84992.197)
10-25 21:52:31.142 18958 18958 I Vsync : Vsync 5014574: Choreographer: 1 x 17.66 ms (60.33 Hz, at 84992.230)
10-25 21:52:31.402 3135 3181 D Sensorhubs: readContextData: 1, 1, 26, 1, 1, 11, -54, -33, 4, 0
10-25 21:52:31.402 3520 4008 D SensorHubManager: onGetSensorHubDataLocked: library(10) = 1, 1, 26, 1, 1, 11, -54, -33, 4, 0
10-25 21:52:31.402 3520 4007 D CAE : onGetSensorHubData(SensorHubParserProvider.java:92) - onGetSensorHubData Event [event buffer len :10], AP_WAKEUP
10-25 21:52:31.402 3520 4007 I CAE : parse(SensorHubParserProvider.java:188) - buffer size = 10
10-25 21:52:31.402 3520 4007 I CAE : parse(SensorHubParserProvider.java:199) - 1, 1, 26, 1, 1, 11, -54, -33, 4, 0,
10-25 21:52:31.402 3520 4007 D CAE : display(ContextProvider.java:375) - ================= ACTIVITY_TRACKER =================
10-25 21:52:31.402 3520 4007 I CAE : display(ContextProvider.java:391) - Accuracy=[0], OperationMode=[0], ActivityType=[4], TimeStamp=[1477457550047]
10-25 21:52:31.402 3520 4010 D SContextService: updateSContext() : event = Activity Tracker
10-25 21:52:31.402 3520 3520 D WifiService: mActivityTrackerListener: onSContextChanged(): 25
10-25 21:52:31.402 3520 3520 D WifiService: [ACTIVITY_STATUS_VEHICLE] LOW
10-25 21:52:31.462 18958 19046 I OVR : DeviceManagerThread - event 43 (497Hz) (Tid=19046)
10-25 21:52:31.622 18958 19098 I VrApi : FPS=8,Prd=46ms,Tear=8,Early=0,Stale=56,VSnc=1,Lat=1,CPU4/GPU=2/2,1000/420MHz,OC=FF,TA=F0/F0/F0/F0,SP=F/F/F/F,Mem=1026MHz,Free=1369MB,PSM=0,PLS=0,Temp=26.3C/28.0C
10-25 21:52:31.702 4574 4612 D ContactsProvider_EventLog: contents_sample_state: [ contacts(4) data(27) accounts({com.google (2)=4}) accounts deleted({}) calls([]) ]
10-25 21:52:31.702 4574 4612 D ContactsProvider_EventLog: contents_sample_state: [ agr({[2]=4}) ]
10-25 21:52:32.332 18958 19079 W TimeWarp: VSync 5014646: eye=1,late=0.0ms,over=0.0ms,CPU=0.4ms,GPU>=7.8
10-25 21:52:32.352 18958 19079 D VrApi : setSchedFifoStatic tid:18971 pto:0
10-25 21:52:32.352 3970 17298 V VRManagerServer: (VRManagerService.java:401) yTqX [setThreadSchedFifo pkg=com.foo.ProductName pid=18958 tid=18971 prio=0]
10-25 21:52:32.352 3970 17298 V VRManagerServer: (VRManagerService.java:405) yTqX [setAffinity pid=18971 cpus=[4, 5, 6, 7]]
10-25 21:52:32.352 18958 19079 D VRManagerGearVR: VRManager set thread priority to 0
10-25 21:52:32.352 18958 19079 I VrApi_Clocks: SetSchedFifo( tid=18971, pri=0 ) succeeded
10-25 21:52:32.352 18958 19079 D VrApi : setSchedFifoStatic tid:18971 pto:0
10-25 21:52:32.352 3520 4850 V VRManagerService: ---- demoteProcessThread 'com.foo.ProductName' requestPriority(pid=18958, tid=18971, prio=0 ----
10-25 21:52:32.362 3970 17522 V VRManagerServer: (VRManagerService.java:401) yTqX [setThreadSchedFifo pkg=com.foo.ProductName pid=18958 tid=18971 prio=0]
10-25 21:52:32.362 3970 17522 V VRManagerServer: (VRManagerService.java:405) yTqX [setAffinity pid=18971 cpus=[4, 5, 6, 7]]
10-25 21:52:32.362 18958 19079 D VRManagerGearVR: VRManager set thread priority to 0
10-25 21:52:32.362 18958 19079 I VrApi_Clocks: SetSchedFifo( tid=18971, pri=0 ) succeeded
10-25 21:52:32.362 18958 19079 W TimeWarp: VSync 5014648: eye=1,late=7.8ms,over=0.0ms,CPU=0.5ms,GPU>=0.0
10-25 21:52:32.362 18958 19079 D VrApi : setSchedFifoStatic tid:18971 pto:1
10-25 21:52:32.362 3520 4041 V VRManagerService: ---- demoteProcessThread 'com.foo.ProductName' requestPriority(pid=18958, tid=18971, prio=0 ----
10-25 21:52:32.372 3970 3999 V VRManagerServer: (VRManagerService.java:401) yTqX [setThreadSchedFifo pkg=com.foo.ProductName pid=18958 tid=18971 prio=1]
10-25 21:52:32.372 3970 3999 V VRManagerServer: (VRManagerService.java:405) yTqX [setAffinity pid=18971 cpus=[4, 5, 6, 7]]
10-25 21:52:32.372 18958 19079 D VRManagerGearVR: VRManager set thread priority to 1
10-25 21:52:32.372 18958 19079 I VrApi_Clocks: SetSchedFifo( tid=18971, pri=1 ) succeeded
10-25 21:52:32.372 18958 19079 D VrApi : setSchedFifoStatic tid:18971 pto:1
10-25 21:52:32.372 3970 17298 V VRManagerServer: (VRManagerService.java:401) yTqX [setThreadSchedFifo pkg=com.foo.ProductName pid=18958 tid=18971 prio=1]
10-25 21:52:32.372 3970 17298 V VRManagerServer: (VRManagerService.java:405) yTqX [setAffinity pid=18971 cpus=[4, 5, 6, 7]]
10-25 21:52:32.372 3520 4925 V VRManagerService: ---- elevateProcessThread 'com.foo.ProductName' requestPriority(pid=18958, tid=18971, prio=1 ----
10-25 21:52:32.382 18958 19079 D VRManagerGearVR: VRManager set thread priority to 1
10-25 21:52:32.382 18958 19079 I VrApi_Clocks: SetSchedFifo( tid=18971, pri=1 ) succeeded
10-25 21:52:32.382 18958 19079 W TimeWarp: VSync 5014649: eye=1,late=7.7ms,over=0.0ms,CPU=0.4ms,GPU>=0.3
10-25 21:52:32.382 3520 4928 V VRManagerService: ---- elevateProcessThread 'com.foo.ProductName' requestPriority(pid=18958, tid=18971, prio=1 ----
10-25 21:52:32.462 18958 19046 I OVR : DeviceManagerThread - event 43 (500Hz) (Tid=19046)
10-25 21:52:32.462 18958 19079 D VrApi : setSchedFifoStatic tid:18971 pto:0
10-25 21:52:32.472 3970 3998 V VRManagerServer: (VRManagerService.java:401) yTqX [setThreadSchedFifo pkg=com.foo.ProductName pid=18958 tid=18971 prio=0]
10-25 21:52:32.472 3970 3998 V VRManagerServer: (VRManagerService.java:405) yTqX [setAffinity pid=18971 cpus=[4, 5, 6, 7]]
10-25 21:52:32.472 18958 19079 D VRManagerGearVR: VRManager set thread priority to 0
10-25 21:52:32.472 18958 19079 I VrApi_Clocks: SetSchedFifo( tid=18971, pri=0 ) succeeded
10-25 21:52:32.472 18958 19079 D VrApi : setSchedFifoStatic tid:18971 pto:0
10-25 21:52:32.472 3970 17522 V VRManagerServer: (VRManagerService.java:401) yTqX [setThreadSchedFifo pkg=com.foo.ProductName pid=18958 tid=18971 prio=0]
10-25 21:52:32.472 3970 17522 V VRManagerServer: (VRManagerService.java:405) yTqX [setAffinity pid=18971 cpus=[4, 5, 6, 7]]
10-25 21:52:32.472 3520 4645 V VRManagerService: ---- demoteProcessThread 'com.foo.ProductName' requestPriority(pid=18958, tid=18971, prio=0 ----
10-25 21:52:32.482 18958 19079 D VRManagerGearVR: VRManager set thread priority to 0
10-25 21:52:32.482 18958 19079 I VrApi_Clocks: SetSchedFifo( tid=18971, pri=0 ) succeeded
10-25 21:52:32.482 18958 19079 W TimeWarp: VSync 5014655: eye=1,late=7.0ms,over=0.0ms,CPU=0.5ms,GPU>=0.8
10-25 21:52:32.482 18958 19079 D VrApi : setSchedFifoStatic tid:18971 pto:1
10-25 21:52:32.482 3970 3999 V VRManagerServer: (VRManagerService.java:401) yTqX [setThreadSchedFifo pkg=com.foo.ProductName pid=18958 tid=18971 prio=1]
10-25 21:52:32.482 3970 3999 V VRManagerServer: (VRManagerService.java:405) yTqX [setAffinity pid=18971 cpus=[4, 5, 6, 7]]
10-25 21:52:32.482 3520 4167 V VRManagerService: ---- demoteProcessThread 'com.foo.ProductName' requestPriority(pid=18958, tid=18971, prio=0 ----
10-25 21:52:32.492 18958 19079 D VRManagerGearVR: VRManager set thread priority to 1
10-25 21:52:32.492 18958 19079 I VrApi_Clocks: SetSchedFifo( tid=18971, pri=1 ) succeeded
10-25 21:52:32.492 18958 19079 D VrApi : setSchedFifoStatic tid:18971 pto:1
10-25 21:52:32.492 3970 17298 V VRManagerServer: (VRManagerService.java:401) yTqX [setThreadSchedFifo pkg=com.foo.ProductName pid=18958 tid=18971 prio=1]
10-25 21:52:32.492 3970 17298 V VRManagerServer: (VRManagerService.java:405) yTqX [setAffinity pid=18971 cpus=[4, 5, 6, 7]]
10-25 21:52:32.492 18958 19079 D VRManagerGearVR: VRManager set thread priority to 1
10-25 21:52:32.492 18958 19079 I VrApi_Clocks: SetSchedFifo( tid=18971, pri=1 ) succeeded
10-25 21:52:32.492 18958 19079 W TimeWarp: VSync 5014656: eye=1,late=7.2ms,over=0.0ms,CPU=0.4ms,GPU>=0.7
10-25 21:52:32.492 3520 4387 V VRManagerService: ---- elevateProcessThread 'com.foo.ProductName' requestPriority(pid=18958, tid=18971, prio=1 ----
10-25 21:52:32.492 3520 4533 V VRManagerService: ---- elevateProcessThread 'com.foo.ProductName' requestPriority(pid=18958, tid=18971, prio=1 ----
10-25 21:52:32.582 18958 19079 D VrApi : setSchedFifoStatic tid:18971 pto:0
10-25 21:52:32.582 3970 17522 V VRManagerServer: (VRManagerService.java:401) yTqX [setThreadSchedFifo pkg=com.foo.ProductName pid=18958 tid=18971 prio=0]
10-25 21:52:32.582 3970 17522 V VRManagerServer: (VRManagerService.java:405) yTqX [setAffinity pid=18971 cpus=[4, 5, 6, 7]]
10-25 21:52:32.582 18958 19079 D VRManagerGearVR: VRManager set thread priority to 0
10-25 21:52:32.582 3520 3543 V VRManagerService: ---- demoteProcessThread 'com.foo.ProductName' requestPriority(pid=18958, tid=18971, prio=0 ----
10-25 21:52:32.592 18958 19079 I VrApi_Clocks: SetSchedFifo( tid=18971, pri=0 ) succeeded
10-25 21:52:32.592 18958 19079 D VrApi : setSchedFifoStatic tid:18971 pto:0
10-25 21:52:32.592 3970 3998 V VRManagerServer: (VRManagerService.java:401) yTqX [setThreadSchedFifo pkg=com.foo.ProductName pid=18958 tid=18971 prio=0]
10-25 21:52:32.592 3970 3998 V VRManagerServer: (VRManagerService.java:405) yTqX [setAffinity pid=18971 cpus=[4, 5, 6, 7]]
10-25 21:52:32.592 18958 19079 D VRManagerGearVR: VRManager set thread priority to 0
10-25 21:52:32.592 18958 19079 I VrApi_Clocks: SetSchedFifo( tid=18971, pri=0 ) succeeded
10-25 21:52:32.592 18958 19079 W TimeWarp: VSync 5014662: eye=1,late=6.1ms,over=0.0ms,CPU=0.4ms,GPU>=1.8
