10-25 21:46:00.172 4521 4521 D LauncherAppWidgetHostView: setResizeScaleResult() 1771/ 452 scaleToResize = 0.7673631(widget id = 6)
10-25 21:46:00.172 4521 4521 V LauncherAppWidgetHostView: calculateWidgetSize: (target widgetsize) using w/h 1359 347 span 5 1 (widgetid 2) [current Gridsize : GRID_5x5]
10-25 21:46:00.172 4521 4521 D LauncherAppWidgetHostView: calculateWidgetSize() widget = Google App(widget id = 2) result hostview size = 1771 x 452
10-25 21:46:00.172 4521 4521 D LauncherAppWidgetHostView: setResizeScaleResult() 1771/ 452 scaleToResize = 0.7673631(widget id = 2)
10-25 21:46:00.212 4521 4521 V LauncherAppWidgetHostView: calculateWidgetSize: (target widgetsize) using w/h 1359 347 span 5 1 (widgetid 6) [current Gridsize : GRID_5x5]
10-25 21:46:00.212 4521 4521 D LauncherAppWidgetHostView: calculateWidgetSize() widget = Weather and Clock(widget id = 6) result hostview size = 1771 x 452
10-25 21:46:00.212 4521 4521 D LauncherAppWidgetHostView: setResizeScaleResult() 1771/ 452 scaleToResize = 0.7673631(widget id = 6)
10-25 21:46:00.212 4521 4521 V LauncherAppWidgetHostView: calculateWidgetSize: (target widgetsize) using w/h 1359 347 span 5 1 (widgetid 2) [current Gridsize : GRID_5x5]
10-25 21:46:00.212 4521 4521 D LauncherAppWidgetHostView: calculateWidgetSize() widget = Google App(widget id = 2) result hostview size = 1771 x 452
10-25 21:46:00.212 4521 4521 D LauncherAppWidgetHostView: setResizeScaleResult() 1771/ 452 scaleToResize = 0.7673631(widget id = 2)
10-25 21:46:00.232 3520 3584 D BluetoothAdapter: STATE_BLE_ON
10-25 21:46:00.242 21059 21059 D [WeatherWidget(1177)] WeatherService: {[EC3334F14841398C8B464A72D0E61AB7CD7E766A36D06043166FAD39187431A3E5A9A2F81BDF9068B74904E1B1CB541044E6D58E921E578E1E6FAAF047CA8AFC]}
10-25 21:46:00.242 21059 21059 D [WeatherWidget(1177)] : {[3AE6950019B083611567B0F9442DB03E59646CBA355B4C260B75423E37A3701A]}
10-25 21:46:00.252 21059 21059 D [WeatherWidget(1177)] : {[3AE6950019B083611567B0F9442DB03E0F7D6DF8FAB8AEDDA9C52FD622CBE93BD3B3C821E02768ECE7D54B13E96560EDB802D29C56DFCCD38F937DDED36C9453E14ACC693F7BDF399FD0A06BF2D59F2E62F0159FCF8ED080A2244B7BC466DBEB]}
10-25 21:46:00.252 21059 21059 D [WeatherWidget(1177)] : {[DF00664B5BF2DD508EC3D0ADB8B43C9FB429631765284D8658CE62A4AFFAA963]}
10-25 21:46:01.932 16592 16634 I Quasar : start to send events
10-25 21:46:05.162 4521 4521 V LauncherAppWidgetHostView: calculateWidgetSize: (target widgetsize) using w/h 1359 712 span 5 2 (widgetid 3) [current Gridsize : GRID_5x5]
10-25 21:46:05.162 4521 4521 D LauncherAppWidgetHostView: calculateWidgetSize() widget = T-Mobile TV(widget id = 3) result hostview size = 1771 x 927
10-25 21:46:05.162 4521 4521 D LauncherAppWidgetHostView: setResizeScaleResult() 1771/ 927 scaleToResize = 0.7673631(widget id = 3)
10-25 21:46:10.202 3520 3520 I Tethering: BATTERY_CHANGED, level = 100lowBatteryThreshold = 15
10-25 21:46:10.212 4130 4130 D KeyguardUpdateMonitor: received broadcast android.intent.action.BATTERY_CHANGED
10-25 21:46:10.212 4130 4130 D KeyguardUpdateMonitor: handleBatteryUpdate
10-25 21:46:10.212 4590 4590 D BatteryMonitor: new battery level: 100
10-25 21:46:11.142 4521 4521 V LauncherAppWidgetHostView: calculateWidgetSize: (target widgetsize) using w/h 1359 712 span 5 2 (widgetid 3) [current Gridsize : GRID_5x5]
10-25 21:46:11.142 4521 4521 D LauncherAppWidgetHostView: calculateWidgetSize() widget = T-Mobile TV(widget id = 3) result hostview size = 1771 x 927
10-25 21:46:11.142 4521 4521 D LauncherAppWidgetHostView: setResizeScaleResult() 1771/ 927 scaleToResize = 0.7673631(widget id = 3)
10-25 21:46:15.802 3520 3988 I TLC_TIMA_PKM_measure_kernel: TIMA: response_id = 3
10-25 21:46:15.802 3520 3988 I TLC_TIMA_PKM_measure_kernel: TIMA: response ret = 0, result_ondemand = MSG=Kernel Verification Success;
10-25 21:46:17.152 4521 4521 V LauncherAppWidgetHostView: calculateWidgetSize: (target widgetsize) using w/h 1359 712 span 5 2 (widgetid 3) [current Gridsize : GRID_5x5]
10-25 21:46:17.152 4521 4521 D LauncherAppWidgetHostView: calculateWidgetSize() widget = T-Mobile TV(widget id = 3) result hostview size = 1771 x 927
10-25 21:46:17.152 4521 4521 D LauncherAppWidgetHostView: setResizeScaleResult() 1771/ 927 scaleToResize = 0.7673631(widget id = 3)
10-25 21:46:18.622 3520 4018 D InputReader: Input event(4): value=1 when=84619715564000
10-25 21:46:18.622 3520 4018 D InputReader: Input event(4): value=1 when=84619715564000
10-25 21:46:18.622 3520 4018 I InputReader: Touch event's action is 0x0 (deviceType=0) [pCnt=1, s=0.1014 ] when=84619715564000
10-25 21:46:18.622 3520 4018 D InputReader: lastThreadEndTime = 84592783477751, currentThreadStartTime = 84592783498918, diff = 0
10-25 21:46:18.622 3520 4017 I InputDispatcher: Delivering touch to (4130): action: 0x4, toolType: 1
10-25 21:46:18.622 3520 4017 I InputDispatcher: Delivering touch to (4521): action: 0x0, toolType: 1
10-25 21:46:18.622 3520 4017 I InputDispatcher: Delivering touch to (4130): action: 0x0, toolType: 1
10-25 21:46:18.622 4521 4521 D ViewRootImpl: ViewPostImeInputStage processPointer 0
10-25 21:46:18.622 4521 4521 D capture : ----destroy
10-25 21:46:18.622 4521 4521 I Launcher.HomeView: stopCaptureByItemClick
10-25 21:46:18.622 3520 4089 D lights : button : 1 +
10-25 21:46:18.632 3135 3181 D Sensorhubs: readContextData: 1, 1, 26, 1, 1, 6, 26, -77, 1, 1
10-25 21:46:18.632 3520 4008 D SensorHubManager: onGetSensorHubDataLocked: library(10) = 1, 1, 26, 1, 1, 6, 26, -77, 1, 1
10-25 21:46:18.632 3520 4007 D CAE : onGetSensorHubData(SensorHubParserProvider.java:92) - onGetSensorHubData Event [event buffer len :10], AP_WAKEUP
10-25 21:46:18.632 3520 4007 I CAE : parse(SensorHubParserProvider.java:188) - buffer size = 10
10-25 21:46:18.632 3520 4007 I CAE : parse(SensorHubParserProvider.java:199) - 1, 1, 26, 1, 1, 6, 26, -77, 1, 1,
10-25 21:46:18.632 3520 4007 D CAE : display(ContextProvider.java:375) - ================= ACTIVITY_TRACKER =================
10-25 21:46:18.632 3520 4007 I CAE : display(ContextProvider.java:391) - Accuracy=[1], OperationMode=[0], ActivityType=[1], TimeStamp=[1477457177267]
10-25 21:46:18.632 3520 4010 D SContextService: updateSContext() : event = Activity Tracker
10-25 21:46:18.662 3520 4089 D lights : button : 1 -
10-25 21:46:18.662 3520 4091 D lights : lcd : 31 +
10-25 21:46:18.672 3520 4091 D lights : lcd : 31 -
10-25 21:46:18.672 3520 4091 D lights : lcd : 97 +
10-25 21:46:18.672 3520 4091 D lights : lcd : 97 -
10-25 21:46:18.692 3520 4091 D lights : lcd : 142 +
10-25 21:46:18.702 3520 4091 D lights : lcd : 142 -
10-25 21:46:18.712 3520 4091 D lights : lcd : 175 +
10-25 21:46:18.722 3520 4091 D lights : lcd : 175 -
10-25 21:46:18.722 3520 4091 D lights : lcd : 191 +
10-25 21:46:18.732 3520 4091 D lights : lcd : 191 -
10-25 21:46:18.742 3520 4018 D InputReader: Input event(4): value=0 when=84619832078000
10-25 21:46:18.742 3520 4018 D InputReader: Input event(4): value=0 when=84619832078000
10-25 21:46:18.742 3520 4018 I InputReader: Touch event's action is 0x1 (deviceType=0) [pCnt=1, s=] when=84619832078000
10-25 21:46:18.742 3520 4017 I InputDispatcher: Delivering touch to (4521): action: 0x1, toolType: 1
10-25 21:46:18.742 3520 4017 I InputDispatcher: Delivering touch to (4130): action: 0x1, toolType: 1
10-25 21:46:18.742 4521 4521 D ViewRootImpl: ViewPostImeInputStage processPointer 1
10-25 21:46:18.742 3520 4604 V AudioService: AudioService playSoundEffect Type : 0, volume : -1.0
10-25 21:46:18.742 3520 4061 V AudioService: received MSG_PLAY_SOUND_EFFECT onPlaySoundEffect start
10-25 21:46:18.742 3126 5080 I APM::AudioPolicyManager: getSituationVolume: isBTConnected:0 isHeadConnected:0
10-25 21:46:18.742 3126 19918 W AudioPolicyIntefaceImpl: Skipped to add effects on session 528
10-25 21:46:18.742 3126 19918 I APM::AudioPolicyManager: startOutput() output 4, stream 1, session 528
10-25 21:46:18.742 4521 4521 D capture : ----destroy
10-25 21:46:18.752 22727 22727 I MicroDetector: Keeping mic open: false
10-25 21:46:18.752 22727 17855 I DeviceStateChecker: DeviceStateChecker cancelled
10-25 21:46:18.752 4521 4521 D Launcher.Workspace: exitWidgetResizeMode. isClearResizeFrame is false
10-25 21:46:18.752 4521 4521 D MenuView: MenuView collectShowAllAppsAnimators
10-25 21:46:18.752 4521 4521 D Launcher.HomeView: HomeView collectShowAllAppsAnimators
10-25 21:46:18.752 22727 17854 I MicroRecognitionRunner: Stopping hotword detection.
10-25 21:46:18.752 4521 4521 D Launcher.MenuAppsGrid: onConfigurationChanged MobileKeyboardChanged : false
10-25 21:46:18.752 22727 18306 I AudioController: internalShutdown
10-25 21:46:18.752 22727 22878 W SearchService: Abort, client detached.
10-25 21:46:18.752 22727 18306 I MicrophoneInputStream: mic_close com.google.android.apps.gsa.speech.audio.ae@d00aa23
10-25 21:46:18.752 22727 17858 E AudioRecord-JNI: Error -4 during AudioRecord native read
10-25 21:46:18.752 4521 4521 D Launcher.MenuAppsGrid: updateGridSize:GRID_5x5 cellWidth:287 cellHeight:441
10-25 21:46:18.752 3126 3796 D audio_hw_primary: out_set_parameters: enter: kvpairs: routing=2
10-25 21:46:18.752 3126 3796 D AudioFlinger: setCurDevice() 0x2
10-25 21:46:18.762 3126 4063 I APM::AudioPolicyManager: stopInput() input 523
10-25 21:46:18.762 3126 17866 I audio_hw_primary: do_in_standby : in->standby 0
10-25 21:46:18.772 22727 17864 I MicroRecognitionRunner: Detection finished
10-25 21:46:18.772 22727 18307 I GrammarCompilationSvcCt: Grammar compilation alarm set for interval 604800000
10-25 21:46:18.792 3126 17866 V audio_hw_primary: select_devices output_scenario:-1 input_scenario:-1 out_snd_device 0x0 in_snd_device:0x0
10-25 21:46:18.792 3126 17866 I audio_route:
10-25 21:46:18.792 3126 17866 I audio_route: > audio_route_reset :
10-25 21:46:18.792 3126 17866 I audio_route:
10-25 21:46:18.792 3126 17866 I audio_route: > audio_route_update_mixer : +
10-25 21:46:18.812 3126 17866 I audio_route: > audio_route_update_mixer : changed(5) -
10-25 21:46:18.812 3126 17866 I audio_hw_primary: select_devices -
10-25 21:46:18.812 3126 3796 V audio_hw_primary: start_output_stream+, out->device : 00000002 , out->type = 1
10-25 21:46:18.822 3126 4062 V audio_hw_primary: stop_voice_note_recording
10-25 21:46:18.822 3126 4062 E audio_hw_primary: adev_close_input_stream, set jack_in to null
10-25 21:46:18.852 4521 4521 D Launcher.MenuAppsGrid: handleStateChange: (new)NORMAL(old)UNKNOWN
10-25 21:46:18.902 13979 13979 D SamsungIME: IMPL finishInput
10-25 21:46:18.902 13979 13979 D SamsungIME: SwiftKeyWrapper writeDBdataToFileOnFinishInput
10-25 21:46:18.902 13979 13979 D SamsungIME: saveAndClear +
10-25 21:46:18.902 13979 13979 D SamsungIME: saveAndClear -
10-25 21:46:18.912 3126 3796 D audio_hw_primary: start_output_stream (0xf17eca80) out->pcm_device:6 out->config.rate:48000 out->config.format:0 out->period_size:240
10-25 21:46:18.912 3126 3796 D audio_hw_primary: start_output_stream (0xf17eca80) out->config.rate:48000 out->config.format:0 out->period_size:240
10-25 21:46:18.912 3126 3796 V audio_hw_primary: select_devices output_scenario:0 input_scenario:-1 out_snd_device 0x2 in_snd_device:0x0
10-25 21:46:18.912 3126 3796 I audio_route:
10-25 21:46:18.912 3126 3796 I audio_route: > audio_route_reset :
10-25 21:46:18.912 3126 3796 I audio_route:
10-25 21:46:18.912 3126 3796 I audio_route: > audio_route_apply_path : "media-speaker"
10-25 21:46:18.912 13979 13979 D SamsungIME: onStartInput: No inputType, No imeOption, isInputViewShown = false, isExtractViewShown = false, isShowInputRequested = false, isConfigChanged = true
10-25 21:46:19.012 3126 3796 V audio_hw_primary: select_devices() output_route "media-speaker"
10-25 21:46:19.012 3126 3796 I audio_route:
10-25 21:46:19.012 3126 3796 I audio_route: > audio_route_apply_path : "gain-media-speaker"
10-25 21:46:19.012 3126 3796 V audio_hw_primary: select_devices() output_gain "gain-media-speaker"
10-25 21:46:19.012 3126 3796 I audio_route:
10-25 21:46:19.012 3126 3796 I audio_route: > audio_route_update_mixer : +
10-25 21:46:19.012 3126 3796 I audio_route: > audio_route_update_mixer : changed(0) -
10-25 21:46:19.012 3126 3796 I audio_hw_primary: select_devices -
10-25 21:46:19.012 3126 3796 V audio_hw_primary: start_output_stream-
10-25 21:46:19.102 3126 3677 I APM::AudioPolicyManager: stopOutput() output 4, stream 1, session 528
10-25 21:46:19.292 4521 4521 D Launcher: finishShowAllApps
10-25 21:46:20.142 3520 4089 D lights : button : 0 +
10-25 21:46:20.162 3520 4089 D lights : button : 0 -
10-25 21:46:20.272 3520 3520 I Tethering: BATTERY_CHANGED, level = 100lowBatteryThreshold = 15
10-25 21:46:20.282 4130 4130 D KeyguardUpdateMonitor: received broadcast android.intent.action.BATTERY_CHANGED
10-25 21:46:20.282 4130 4130 D KeyguardUpdateMonitor: handleBatteryUpdate
10-25 21:46:20.292 4590 4590 D BatteryMonitor: new battery level: 100
10-25 21:46:22.082 3126 3796 I audio_hw_primary: do_out_standby +
10-25 21:46:22.102 3126 3796 D audio_hw_primary: output_devices devices:0
10-25 21:46:22.102 3126 3796 D audio_hw_primary: output_devices devices:0
10-25 21:46:22.102 3126 3796 V audio_hw_primary: select_devices output_scenario:-1 input_scenario:-1 out_snd_device 0x0 in_snd_device:0x0
10-25 21:46:22.102 3126 3796 I audio_hw_primary: set_spk_rx_mute mute(1), rx val=0
10-25 21:46:22.102 3126 3796 I audio_route:
10-25 21:46:22.102 3126 3796 I audio_route: > audio_route_reset :
10-25 21:46:22.102 3126 3796 I audio_route:
10-25 21:46:22.102 3126 3796 I audio_route: > audio_route_update_mixer : +
10-25 21:46:22.172 3126 3796 I audio_route: > audio_route_update_mixer : changed(4) -
10-25 21:46:22.172 3126 3796 I audio_hw_primary: select_devices -
10-25 21:46:22.172 3126 3796 I audio_hw_primary: do_out_standby -
10-25 21:46:23.152 4521 4521 V LauncherAppWidgetHostView: calculateWidgetSize: (target widgetsize) using w/h 1359 712 span 5 2 (widgetid 3) [current Gridsize : GRID_5x5]
10-25 21:46:23.152 4521 4521 D LauncherAppWidgetHostView: calculateWidgetSize() widget = T-Mobile TV(widget id = 3) result hostview size = 1771 x 927
10-25 21:46:23.152 4521 4521 D LauncherAppWidgetHostView: setResizeScaleResult() 1771/ 927 scaleToResize = 0.7673631(widget id = 3)
10-25 21:46:23.642 3520 4018 D InputReader: Input event(4): value=1 when=84624729288000
10-25 21:46:23.642 3520 4018 D InputReader: Input event(4): value=1 when=84624729288000
10-25 21:46:23.642 3520 4018 I InputReader: Touch event's action is 0x0 (deviceType=0) [pCnt=1, s=0.1015 ] when=84624729288000
10-25 21:46:23.642 3520 4018 D InputReader: lastThreadEndTime = 84622785151724, currentThreadStartTime = 84622785165432, diff = 0
10-25 21:46:23.642 3520 4017 I InputDispatcher: Delivering touch to (4130): action: 0x4, toolType: 1
10-25 21:46:23.642 3520 4017 I InputDispatcher: Delivering touch to (4521): action: 0x0, toolType: 1
10-25 21:46:23.642 3520 4017 I InputDispatcher: Delivering touch to (4130): action: 0x0, toolType: 1
10-25 21:46:23.642 4521 4521 D ViewRootImpl: ViewPostImeInputStage processPointer 0
10-25 21:46:23.642 3520 4089 D lights : button : 1 +
10-25 21:46:23.662 4521 4521 I Launcher.PagedView: determineScrollingStart : mTouchState=0, mIsPageMoving=false
10-25 21:46:23.672 3520 4089 D lights : button : 1 -
10-25 21:46:23.682 4521 4521 I Launcher.PagedView: determineScrollingStart : mTouchState=0, mIsPageMoving=false
10-25 21:46:23.692 4521 4521 I Launcher.PagedView: determineScrollingStart : mTouchState=0, mIsPageMoving=false
10-25 21:46:23.712 4521 4521 I Launcher.PagedView: determineScrollingStart : mTouchState=0, mIsPageMoving=false
10-25 21:46:23.732 3520 4018 D InputReader: Input event(4): value=0 when=84624822891000
10-25 21:46:23.732 3520 4018 D InputReader: Input event(4): value=0 when=84624822891000
10-25 21:46:23.732 3520 4018 I InputReader: Touch event's action is 0x1 (deviceType=0) [pCnt=1, s=] when=84624822891000
10-25 21:46:23.732 3520 4017 I InputDispatcher: Delivering touch to (4521): action: 0x1, toolType: 1
10-25 21:46:23.732 3520 4017 I InputDispatcher: Delivering touch to (4130): action: 0x1, toolType: 1
10-25 21:46:23.732 4521 4521 I Launcher.PagedView: determineScrollingStart : mTouchState=0, mIsPageMoving=false
10-25 21:46:23.732 4521 4521 D ViewRootImpl: ViewPostImeInputStage processPointer 1
10-25 21:46:23.732 3520 4750 V AudioService: AudioService playSoundEffect Type : 0, volume : -1.0
10-25 21:46:23.732 3520 4061 V AudioService: received MSG_PLAY_SOUND_EFFECT onPlaySoundEffect start
10-25 21:46:23.732 3126 3126 I APM::AudioPolicyManager: getSituationVolume: isBTConnected:0 isHeadConnected:0
10-25 21:46:23.742 3126 5084 W AudioPolicyIntefaceImpl: Skipped to add effects on session 529
10-25 21:46:23.742 3126 5084 I APM::AudioPolicyManager: startOutput() output 4, stream 1, session 529
10-25 21:46:23.742 3126 3796 D audio_hw_primary: out_set_parameters: enter: kvpairs: routing=2
10-25 21:46:23.742 3126 3796 D AudioFlinger: setCurDevice() 0x2
10-25 21:46:23.742 4521 4521 I Timeline: Timeline: Activity_launch_request id:com.foo.ProductName time:84624839
10-25 21:46:23.752 3126 3796 V audio_hw_primary: start_output_stream+, out->device : 00000002 , out->type = 1
10-25 21:46:23.762 18319 18319 E Zygote : v2
10-25 21:46:23.762 18319 18319 I SELinux : Function: selinux_compare_spd_ram, index[1], SPD-policy is existed. and_ver=SEPF_SECMOBILE_6.0.1 ver=11
10-25 21:46:23.762 18319 18319 W SELinux : Function: selinux_compare_spd_ram, index[1], priority [2], priority version is VE=SEPF_SECMOBILE_6.0.1_0013
10-25 21:46:23.762 18319 18319 E Zygote : accessInfo : 0
10-25 21:46:23.782 18319 18319 D TimaKeyStoreProvider: TimaSignature is unavailable
10-25 21:46:23.782 18319 18319 D ActivityThread: Added TimaKeyStore provider
10-25 21:46:23.792 18319 18319 I InjectionManager: Inside getClassLibPath + mLibMap{0=, 1=}
10-25 21:46:23.792 18319 18319 I InjectionManager: Inside getClassLibPath caller
10-25 21:46:23.802 18319 18319 V VRSVC : (VRServiceApplication.java:15) onCreate [onCreate() elapsedTime=1]
10-25 21:46:23.802 18319 18319 D InjectionManager: InjectionManager
10-25 21:46:23.802 18319 18319 D InjectionManager: fillFeatureStoreMap com.samsung.android.hmt.vrsvc
10-25 21:46:23.802 18319 18319 I InjectionManager: Constructor com.samsung.android.hmt.vrsvc, Feature store :{}
10-25 21:46:23.802 18319 18319 I InjectionManager: featureStore :{}
10-25 21:46:23.802 18319 18319 V VRSVC : (HmtReceiverMarshmallow.java:19) onReceive [onReceive action=com.samsung.intent.action.HMT_PENDING_LAUNCH]
10-25 21:46:23.802 18319 18319 D VRSVC : (HmtReceiver.java:113) yTqX [handleCancelLaunching=hmt]
10-25 21:46:23.812 3126 3796 D audio_hw_primary: start_output_stream (0xf17eca80) out->pcm_device:6 out->config.rate:48000 out->config.format:0 out->period_size:240
10-25 21:46:23.812 3126 3796 D audio_hw_primary: start_output_stream (0xf17eca80) out->config.rate:48000 out->config.format:0 out->period_size:240
10-25 21:46:23.812 3126 3796 V audio_hw_primary: select_devices output_scenario:0 input_scenario:-1 out_snd_device 0x2 in_snd_device:0x0
10-25 21:46:23.812 3126 3796 I audio_route:
10-25 21:46:23.812 3126 3796 I audio_route: > audio_route_reset :
10-25 21:46:23.812 3126 3796 I audio_route:
10-25 21:46:23.812 3126 3796 I audio_route: > audio_route_apply_path : "media-speaker"
10-25 21:46:23.812 18319 18319 V VRSVC : (HmtService.java:31) onCreate [onCreate]
10-25 21:46:23.812 18319 18319 V VRSVC : (StereoView.java:113) wtkw [swap width-height]
10-25 21:46:23.812 18319 18319 V VRSVC : (StereoView.java:121) wtkw [widthPixel=2560 heightPixel=1440 screenWidth=12.5 screenHeight=7.100013 xdpi=520.192 ydpi=515.154 mScreenHalfWidthCm=6.25]
10-25 21:46:23.822 18319 18319 V VRSVC : (StereoView.java:348) setInterpupillaryDistance [setInterpupillaryDistance interpupillaryDistance=5.75 mInterpupillaryDistancePixel=51]
10-25 21:46:23.822 18319 18319 V VRSVC : (DockEventFactory.java:118) QdBd [OnDeviceEventListener set UserDockEvent]
10-25 21:46:23.832 18319 18319 V VRSVC : (PrefMigrationEvent.java:139) [Pref version=9]
10-25 21:46:23.842 18319 18319 E BluetoothHeadset: BTStateChangeCB is registed
10-25 21:46:23.852 18319 18319 V VRSVC : (HmtDeviceEventManager.java:109) wtkw [OnDeviceEvent onCreate start.]
10-25 21:46:23.852 18319 18339 V VRSVC : (WakeLockControlEvent.java:26) yTqX [acquire vr service wakelock]
10-25 21:46:23.862 18319 18339 V VRSVC : (KeyguardControlEvent.java:83) yTqX [isSecureKeyGuardLocked isKeyguardSecure=false isKeyguardLocked=false]
10-25 21:46:23.862 18319 18336 D VRSVC : (LogEvent.java:31) QdBd [OnDeviceEvent onCreate topActivity=com.sec.android.app.launcher/.activities.LauncherActivity hmtConnected=false versionCode=256000000 versionName=2.5.60 hashCode=81420711 VRAPI=11 currentUser=0]
10-25 21:46:23.862 18319 18339 V VRSVC : (KeyguardControlEvent.java:84) wtkw [isNormalKeyGuardLocked isKeyguardSecure=false isKeyguardLocked=false]
10-25 21:46:23.862 18319 18339 V VRSVC : (KeyguardControlEvent.java:86) QdBd [isSecureKeyguardLocked=false isNormalKeyguardLocked=false]
10-25 21:46:23.872 18319 18342 V MediaPlayer: decode(24, 3054064, 17007)
10-25 21:46:23.882 3126 4063 I OggExtractor: OggSource::OggSource() mExtractor ref count = 4
10-25 21:46:23.882 18319 18337 V VRSVC : (SetupWizardEvent.java:152) yTqX [scenario=1(1)]
10-25 21:46:23.882 18319 18344 V MediaPlayer: decode(26, 3071120, 14070)
10-25 21:46:23.882 3126 3126 I OggExtractor: OggSource::OggSource() mExtractor ref count = 4
10-25 21:46:23.882 3126 4063 I OMXCodec: Attempting to allocate OMX node 'OMX.google.vorbis.decoder'
10-25 21:46:23.882 3126 3126 I OMXCodec: Attempting to allocate OMX node 'OMX.google.vorbis.decoder'
10-25 21:46:23.882 3126 4063 I OMXCodec: Successfully allocated OMX node 'OMX.google.vorbis.decoder'
10-25 21:46:23.882 3126 3796 V audio_hw_primary: select_devices() output_route "media-speaker"
10-25 21:46:23.882 3126 3796 I audio_route:
10-25 21:46:23.882 3126 3796 I audio_route: > audio_route_apply_path : "gain-media-speaker"
10-25 21:46:23.882 3126 3126 I OMXCodec: Successfully allocated OMX node 'OMX.google.vorbis.decoder'
10-25 21:46:23.882 3126 3126 I OMXCodec: >>>UHQA initOutputFormat 16
10-25 21:46:23.882 3126 4063 I OMXCodec: >>>UHQA initOutputFormat 16
10-25 21:46:23.882 3126 3126 I OMXCodec: [OMX.google.vorbis.decoder] OMXCodec::start mState=1
10-25 21:46:23.882 3126 4063 I OMXCodec: [OMX.google.vorbis.decoder] OMXCodec::start mState=1
10-25 21:46:23.882 3126 3126 I OMXCodec: [OMX.google.vorbis.decoder] allocating 4 buffers of size 8192 on input port
10-25 21:46:23.882 3126 4063 I OMXCodec: [OMX.google.vorbis.decoder] allocating 4 buffers of size 8192 on input port
10-25 21:46:23.882 3126 3796 V audio_hw_primary: select_devices() output_gain "gain-media-speaker"
10-25 21:46:23.882 3126 3796 I audio_route:
10-25 21:46:23.882 3126 3796 I audio_route: > audio_route_update_mixer : +
10-25 21:46:23.882 3126 3796 I audio_route: > audio_route_update_mixer : changed(0) -
10-25 21:46:23.882 3126 3796 I audio_hw_primary: select_devices -
10-25 21:46:23.882 3126 3796 V audio_hw_primary: start_output_stream-
10-25 21:46:23.882 3126 3126 I OMXCodec: [OMX.google.vorbis.decoder] allocating 4 buffers of size 32768 on output port
10-25 21:46:23.882 3126 18348 I OMXCodec: [OMX.google.vorbis.decoder] Now Idle. Component sends idle done Event
10-25 21:46:23.882 18319 18337 W VRSVC : (Util.java:575) wtkw [unknown networkOperator=]
10-25 21:46:23.882 3126 4063 I OMXCodec: [OMX.google.vorbis.decoder] allocating 4 buffers of size 32768 on output port
10-25 21:46:23.882 3126 18346 I OMXCodec: [OMX.google.vorbis.decoder] Now Idle. Component sends idle done Event
10-25 21:46:23.892 18319 18337 V VRSVC : (SetupWizardEvent.java:162) yTqX [isScenarioChanged prevMCC=0 currentMCC=0 isForce=false]
10-25 21:46:23.892 18319 18337 I VRSVC : (SetupWizardEvent.java:165) yTqX [sim unrecognized. scenario not changed]
10-25 21:46:23.892 3126 18346 I OMXCodec: [OMX.google.vorbis.decoder] 0onCmdComplete mState = 7
10-25 21:46:23.892 3126 18346 I OMXCodec: [OMX.google.vorbis.decoder] PORT_DISABLED(1)
10-25 21:46:23.892 3126 18346 I OMXCodec: >>>UHQA initOutputFormat 16
10-25 21:46:23.892 3126 18346 I OMXCodec: [OMX.google.vorbis.decoder] allocating 4 buffers of size 32768 on output port
10-25 21:46:23.892 3126 18348 I OMXCodec: [OMX.google.vorbis.decoder] 0onCmdComplete mState = 7
10-25 21:46:23.892 3126 18348 I OMXCodec: [OMX.google.vorbis.decoder] PORT_DISABLED(1)
10-25 21:46:23.892 3126 18348 I OMXCodec: >>>UHQA initOutputFormat 16
10-25 21:46:23.892 3126 18348 I OMXCodec: [OMX.google.vorbis.decoder] allocating 4 buffers of size 32768 on output port
10-25 21:46:23.892 3126 18346 I OMXCodec: [OMX.google.vorbis.decoder] End Of Stream
10-25 21:46:23.892 3126 4063 I SoundExtractor: extract() reached EOS
10-25 21:46:23.892 3126 4063 I OMXCodec: [OMX.google.vorbis.decoder] stop mState=4
10-25 21:46:23.892 3126 4063 I OMXCodec: [OMX.google.vorbis.decoder] stop() sendCommand(299, OMX_CommandStateSet, OMX_StateIdle)
10-25 21:46:23.892 3126 18346 I OMXCodec: [OMX.google.vorbis.decoder] Now Idle. Component sends idle done Event
10-25 21:46:23.892 3126 4063 I OMXCodec: [OMX.google.vorbis.decoder] stopOmxComponent_l() mstate = 1
10-25 21:46:23.892 3126 4063 I OggExtractor: OggSource::stop() mExtractor ref count = 1
10-25 21:46:23.892 3126 4063 I OggExtractor: OggSource::~OggSource() mExtractor !mStarted ref count = 1
10-25 21:46:23.892 3126 4063 I OggExtractor: ~OggSource --
10-25 21:46:23.892 3126 4063 I OggExtractor: ~OggExtractor ++
10-25 21:46:23.892 3126 4063 I OggExtractor: ~MyOggExtractor ++
10-25 21:46:23.892 3126 4063 I OggExtractor: ~MyOggExtractor --
10-25 21:46:23.892 3126 4063 I OggExtractor: ~OggExtractor --
10-25 21:46:23.892 3126 18348 I OMXCodec: [OMX.google.vorbis.decoder] End Of Stream
10-25 21:46:23.892 3126 3126 I SoundExtractor: extract() reached EOS
10-25 21:46:23.892 3126 3126 I OMXCodec: [OMX.google.vorbis.decoder] stop mState=4
10-25 21:46:23.892 3126 3126 I OMXCodec: [OMX.google.vorbis.decoder] stop() sendCommand(300, OMX_CommandStateSet, OMX_StateIdle)
10-25 21:46:23.892 3126 18348 I OMXCodec: [OMX.google.vorbis.decoder] Now Idle. Component sends idle done Event
10-25 21:46:23.892 3126 3126 I OMXCodec: [OMX.google.vorbis.decoder] stopOmxComponent_l() mstate = 1
10-25 21:46:23.892 3126 3126 I OggExtractor: OggSource::stop() mExtractor ref count = 1
10-25 21:46:23.892 3126 3126 I OggExtractor: OggSource::~OggSource() mExtractor !mStarted ref count = 1
10-25 21:46:23.892 3126 3126 I OggExtractor: ~OggSource --
10-25 21:46:23.892 3126 3126 I OggExtractor: ~OggExtractor ++
10-25 21:46:23.892 3126 3126 I OggExtractor: ~MyOggExtractor ++
10-25 21:46:23.892 3126 3126 I OggExtractor: ~MyOggExtractor --
10-25 21:46:23.892 3126 3126 I OggExtractor: ~OggExtractor --
10-25 21:46:23.902 18319 18337 V VRSVC : (SetupWizardEvent.java:146) yTqX [setupWizardComplete=1 LAST_SDK_INT=23 elapsedTime=44]
10-25 21:46:23.902 18319 18337 V VRSVC : (SetupWizardEvent.java:147) yTqX [developerMode=false demoMode=false]
10-25 21:46:23.902 18319 18319 V VRSVC : (HmtDeviceEventManager.java:101) wtkw [OnDeviceEvent onCreate finished. elapsedTime=46]
10-25 21:46:23.902 18319 18319 V VRSVC : (HmtService.java:50) onStartCommand [onStartCommand() flags=0 startId=1 sys.hmt.connected=false]
10-25 21:46:23.902 18319 18331 V VRSVC : (HmtService.java:112) yTqX [onHandleIntent action=com.samsung.intent.action.HMT_PENDING_LAUNCH_EVENT]
10-25 21:46:23.902 18319 18319 D VRSVC : (PhoneStateEvent.java:61) yTqX [registerPhoneListener]
10-25 21:46:23.902 18319 18331 V VRSVC : (HmtDeviceEventManager.java:109) wtkw [OnDeviceEvent onLaunchCancelled start.]
10-25 21:46:23.902 18319 18319 D VRSVC : (BatteryEvent.java:72) onReceive [intent action=android.intent.action.BATTERY_CHANGED isInitialStickyBroadcast=true]
10-25 21:46:23.902 18319 18336 D VRSVC : (PendingLaunchEvent.java:44) yTqX [reason=hmt developerMode=false setupWizardComplete=1]
10-25 21:46:23.902 18319 18319 V VRSVC : (BatteryEvent.java:86) yTqX [handleIntentBattery batteryLevel=100 batteryStatus=2 batteryPlugged=2 batteryTemperature=265]
10-25 21:46:23.902 18319 18338 D VRSVC : (LogEvent.java:171) yTqX [onLaunchCancelled reason=hmt pendingIntent=PendingIntent{28c524a: android.os.BinderProxy@60dc5bb} pIntent=Intent { act=android.intent.action.MAIN cat=[android.intent.category.LAUNCHER] flg=0x10200000 cmp=com.foo.ProductName/com.unity3d.player.UnityPlayerActivity (has extras) } topActivity=com.sec.android.app.launcher/.activities.LauncherActivity hmtConnected=false]
10-25 21:46:23.902 18319 18336 V VRSVC : (PendingLaunchEvent.java:79) yTqX [showInsertHMTPopup intent=Intent { act=android.intent.action.MAIN cat=[android.intent.category.LAUNCHER] flg=0x10200000 cmp=com.foo.ProductName/com.unity3d.player.UnityPlayerActivity (has extras) } pendingIntent=PendingIntent{28c524a: android.os.BinderProxy@60dc5bb}]
10-25 21:46:23.902 18319 18319 D VRSVC : (WifiEvent.java:72) onReceive [intent action=android.net.wifi.STATE_CHANGE]
10-25 21:46:23.902 18319 18336 I VRSVC : (PendingLaunchEvent.java:95) yTqX [start WaitActivity topActivity=ComponentInfo{com.sec.android.app.launcher/com.sec.android.app.launcher.activities.LauncherActivity}]
10-25 21:46:23.902 18319 18319 V VRSVC : (SoundUtil.java:77) onLoadComplete [onLoadComplete sampleId=1 status=0]
10-25 21:46:23.902 18319 18319 V VRSVC : (SoundUtil.java:77) onLoadComplete [onLoadComplete sampleId=1 status=0]
10-25 21:46:23.912 18319 18319 V VRSVC : (PhoneStateEvent.java:114) onCallStateChanged [onCallStateChanged ignored]
10-25 21:46:23.912 18319 18336 V VRSVC : (PendingLaunchEvent.java:106) yTqX [newPendingIntent=PendingIntent{fbe5ad8: android.os.BinderProxy@ecaae31}]
10-25 21:46:23.912 18319 18336 I Timeline: Timeline: Activity_launch_request id:com.samsung.android.hmt.vrsvc time:84625001
10-25 21:46:23.912 4521 4521 D Launcher: onPause, Launcher: 137483200
10-25 21:46:23.912 4521 4521 D Launcher.HomeView: onPause
10-25 21:46:23.912 4521 4521 D Launcher.Workspace: exitWidgetResizeMode. isClearResizeFrame is false
10-25 21:46:23.912 3520 4392 D InputDispatcher: Focused application set to: xxxx
10-25 21:46:23.912 3520 4392 D InputDispatcher: Focus left window: 4521
10-25 21:46:23.912 18319 18331 V VRSVC : (HmtDeviceEventManager.java:101) wtkw [OnDeviceEvent onLaunchCancelled finished. elapsedTime=12]
10-25 21:46:23.922 4216 4216 V CenterBarWindowService: noteResumeComponent /arrangeState : 0
10-25 21:46:23.932 18319 18319 V VRSVC : (WaitActivity.java:82) onCreate [onCreate()]
10-25 21:46:23.972 3126 3677 I APM::AudioPolicyManager: stopOutput() output 4, stream 1, session 529
10-25 21:46:24.032 3520 3598 D ViewRootImpl: #1 mView = com.android.internal.policy.PhoneWindow$DecorView{897b8ae V.E...... R.....ID 0,0-0,0}
10-25 21:46:24.032 3520 3598 D ISSUE_DEBUG: InputChannelName : 94b81dc Starting com.samsung.android.hmt.vrsvc
10-25 21:46:24.032 3520 3598 D PointerIcon: setMouseIconStyle1 pointerType: 1001 iconType:101 flag:0 pid:3520 uid:1000
10-25 21:46:24.032 3520 3598 D PointerIcon: setMouseCustomIcon IconType is same.101
10-25 21:46:24.032 3520 3598 D PointerIcon: setHoveringSpenIconStyle1 pointerType: 10001 iconType:1 flag:0 pid:3520 uid:1000
10-25 21:46:24.032 3520 3598 D PointerIcon: setHoveringSpenCustomIcon IconType is same.1
10-25 21:46:24.052 3099 3099 I SurfaceFlinger: id=888 createSurf (1x1),1 flag=404, wrsvc
10-25 21:46:24.062 4130 4130 D WallpaperService: MSG_WINDOW_RESIZED
10-25 21:46:24.062 3520 3598 D ViewRootImpl: MSG_RESIZED_REPORT: ci=Rect(0, 0 - 0, 0) vi=Rect(0, 0 - 0, 0) or=1
10-25 21:46:24.062 4130 4130 V WallpaperService: Wallpaper size has changed: (2560, 2560
10-25 21:46:24.092 3520 3598 V WindowStateAnimator: Finishing drawing window Window{94b81dc u0 d0 Starting com.samsung.android.hmt.vrsvc}: mDrawState=DRAW_PENDING
10-25 21:46:24.092 4130 4130 D PanelView: updateQsState
10-25 21:46:24.092 4130 4130 D KeyguardCircleAffordanceView: setPreviewView: mRight=false,preview=null
10-25 21:46:24.092 4130 4130 D KeyguardCircleAffordanceView: setPreviewView: mRight=true,preview=null
10-25 21:46:24.092 4130 4130 D KeyguardSwipeHelper: reset()
10-25 21:46:24.092 4130 4130 D KeyguardUnlockEventHandler: reset()
10-25 21:46:24.092 4130 4130 D KeyguardSwipeHelper: resetChildViewVI()
10-25 21:46:24.092 4130 4130 D PhoneStatusBar: setSystemUiVisibility vis=8000 mask=ffffffff oldVal=8600 newVal=8000 diff=600
10-25 21:46:24.092 3099 3099 D libEGL : eglInitialize EGLDisplay = 0x7fc6961138
10-25 21:46:24.102 3099 3287 D libEGL : eglTerminate EGLDisplay = 0x7f912c0e78
10-25 21:46:24.102 3099 3287 D libEGL : eglTerminate EGLDisplay = 0x7f912c0e78
10-25 21:46:24.112 18319 18319 V VRSVC : (WaitActivity.java:92) onCreate [pending_intent intent=Intent { act=android.intent.action.MAIN cat=[android.intent.category.LAUNCHER] flg=0x10200000 cmp=com.foo.ProductName/com.unity3d.player.UnityPlayerActivity (has extras) } pendingIntents=[PendingIntent{ab793ab: android.os.BinderProxy@6a2a08}]]
10-25 21:46:24.112 18319 18319 V VRSVC : (WaitActivity.java:101) onCreate [topActivity=ComponentInfo{com.sec.android.app.launcher/com.sec.android.app.launcher.activities.LauncherActivity}]
10-25 21:46:24.122 18319 18319 D Activity: performCreate Call Injection manager
10-25 21:46:24.122 18319 18319 I InjectionManager: dispatchOnViewCreated > Target : com.samsung.android.hmt.vrsvc.WaitActivity isFragment :false
10-25 21:46:24.122 18319 18319 V VRSVC : (WaitActivity.java:248) onResume [onResume() isDestroyed=false isFinishing=false]
10-25 21:46:24.132 18319 18319 D ViewRootImpl: #1 mView = com.android.internal.policy.PhoneWindow$DecorView{47bdeb4 I.E...... R.....ID 0,0-0,0}
10-25 21:46:24.132 18319 18353 D OpenGLRenderer: Use EGL_SWAP_BEHAVIOR_PRESERVED: true
10-25 21:46:24.132 3520 4392 D ISSUE_DEBUG: InputChannelName : 89399e3 com.samsung.android.hmt.vrsvc/com.samsung.android.hmt.vrsvc.WaitActivity
10-25 21:46:24.132 3520 4533 D ActivityManager: post active user change for 0 fullscreen true isFloatingActivity() false isHomeActivity() false
10-25 21:46:24.132 3520 4533 D KnoxTimeoutHandler: postActiveUserChange [MsgParam] userId: 0 fullscreen is true showWhenlocked is false
10-25 21:46:24.132 3520 3520 D KnoxTimeoutHandler: handleActiveUserChange [MsgParam] userId: 0 fullscreen is true showWhenlocked is false
10-25 21:46:24.132 18319 18319 V VRSVC : (HmtService.java:88) onDestroy [onDestroy]
10-25 21:46:24.132 18319 18319 D VRSVC : (HmtService.java:89) ZzLN [closeWindow]
10-25 21:46:24.132 3520 3520 I KnoxTimeoutHandler: Shared devices show user statefalse
10-25 21:46:24.132 18319 18319 V VRSVC : (HmtDeviceEventManager.java:109) wtkw [OnDeviceEvent onDestroy start.]
10-25 21:46:24.132 18319 18338 V VRSVC : (SoundUtil.java:56) QdBd [release()]
10-25 21:46:24.132 18319 18336 V VRSVC : (WakeLockControlEvent.java:44) wtkw [release vr service wakelock]
10-25 21:46:24.142 18319 18339 D VRSVC : (LogEvent.java:152) fFHb [OnDeviceEvent onDestroy topActivity=com.samsung.android.hmt.vrsvc/.WaitActivity hmtConnected=false versionCode=256000000 versionName=2.5.60 hashCode=81420711 VRAPI=11 currentUser=0]
10-25 21:46:24.142 18319 18319 V VRSVC : (HmtDeviceEventManager.java:101) wtkw [OnDeviceEvent onDestroy finished. elapsedTime=5]
10-25 21:46:24.152 3099 3099 I SurfaceFlinger: id=889 createSurf (1440x2560),1 flag=404, XaitActivit
10-25 21:46:24.172 3520 4392 D InputDispatcher: Focus entered window: 18319
10-25 21:46:24.172 3520 3598 D PointerIcon: setMouseIconStyle1 pointerType: 1001 iconType:101 flag:0 pid:3520 uid:1000
10-25 21:46:24.172 3520 3598 D PointerIcon: setMouseCustomIcon IconType is same.101
10-25 21:46:24.172 3520 3598 D PointerIcon: setHoveringSpenIconStyle1 pointerType: 10001 iconType:1 flag:0 pid:3520 uid:1000
10-25 21:46:24.172 3520 3598 D PointerIcon: setHoveringSpenCustomIcon IconType is same.1
10-25 21:46:24.202 18319 18353 D libEGL : loaded /vendor/lib64/egl/libGLES_mali.so
10-25 21:46:24.212 18319 18353 D libEGL : eglInitialize EGLDisplay = 0x7f76880178
10-25 21:46:24.212 18319 18353 I OpenGLRenderer: Initialized EGL, version 1.4
10-25 21:46:24.212 18319 18353 D : ro.exynos.dss isEnabled: 0
10-25 21:46:24.222 18319 18353 D mali_winsys: new_window_surface returns 0x3000, [1440x2560]-format:1
10-25 21:46:24.222 18319 18319 D VRSVC : (PopupManager.java:277) BRMq [removeStereoViewWindow() already StereoView detached]
10-25 21:46:24.222 18319 18319 D VRSVC : (MonoScreenEvent.java:67) wtkw [dismissMonoForeground]
10-25 21:46:24.222 18319 18319 I VRSVC : (MonoManager.java:174) wtkw [foreground not exist!]
10-25 21:46:24.222 18319 18319 D VRSVC : (MonoScreenEvent.java:71) QdBd [dismissMonoBackground]
10-25 21:46:24.222 18319 18319 I VRSVC : (MonoManager.java:185) QdBd [background not exist!]
10-25 21:46:24.222 18319 18319 D VRSVC : (PhoneStateEvent.java:71) wtkw [unregisterPhoneListener]
10-25 21:46:24.222 18319 18353 D libGLESv1: DTS_GLAPI : DTS is not allowed for Package : com.samsung.android.hmt.vrsvc
10-25 21:46:24.252 3520 3542 V WindowStateAnimator: Finishing drawing window Window{89399e3 u0 d0 com.samsung.android.hmt.vrsvc/com.samsung.android.hmt.vrsvc.WaitActivity}: mDrawState=DRAW_PENDING
10-25 21:46:24.252 18319 18319 D ViewRootImpl: MSG_RESIZED_REPORT: ci=Rect(0, 0 - 0, 0) vi=Rect(0, 0 - 0, 0) or=1
10-25 21:46:24.252 3520 3543 D InputMethodManagerService: windowGainedFocus mCurrentFocusedUserId - 0 and mSecureKeypadEnabled-false
10-25 21:46:24.252 3520 3598 D KnoxTimeoutHandler: notifyActivityDrawn [MsgParam] userId: 0 fullscreen is true showWhenlocked is false
10-25 21:46:24.252 3520 3520 D KnoxTimeoutHandler: activityDrawn [MsgParam] userId: 0 fullscreen is true showWhenlocked is false
10-25 21:46:24.252 3520 3598 I ActivityManager: Displayed com.samsung.android.hmt.vrsvc/.WaitActivity: +338ms
10-25 21:46:24.252 3520 3598 D ViewRootImpl: #3 mView = null
10-25 21:46:24.252 3520 3520 I KnoxTimeoutHandler: SD activityfalse
10-25 21:46:24.252 13979 13979 D SamsungIME: IMPL finishInput
10-25 21:46:24.252 13979 13979 D SamsungIME: SwiftKeyWrapper writeDBdataToFileOnFinishInput
10-25 21:46:24.252 13979 13979 D SamsungIME: saveAndClear +
10-25 21:46:24.252 13979 13979 D SamsungIME: saveAndClear -
10-25 21:46:24.252 13979 13979 D SamsungIME: onStartInput: No inputType, No imeOption, isInputViewShown = false, isExtractViewShown = false, isShowInputRequested = false, isConfigChanged = true
10-25 21:46:24.262 3099 3099 D libEGL : eglInitialize EGLDisplay = 0x7fc6961138
10-25 21:46:24.262 3520 4928 V WindowStateAnimator: Finishing drawing window Window{89399e3 u0 d0 com.samsung.android.hmt.vrsvc/com.samsung.android.hmt.vrsvc.WaitActivity}: mDrawState=HAS_DRAWN
10-25 21:46:24.262 18319 18319 I Timeline: Timeline: Activity_idle id: android.os.BinderProxy@3285a1 time:84625358
10-25 21:46:24.282 3099 3099 D libEGL : eglInitialize EGLDisplay = 0x7fc6961138
10-25 21:46:24.412 3520 3598 I Timeline: Timeline: Activity_windows_visible id: ActivityRecord{1f060f1 u0 com.samsung.android.hmt.vrsvc/.WaitActivity t714} time:84625505
10-25 21:46:24.412 4521 4521 D Launcher.HomeView: onStop
10-25 21:46:24.412 4521 4521 D capture : ----destroy
10-25 21:46:24.422 3520 3598 D KnoxTimeoutHandler: notifyActivityDrawn [MsgParam] userId: 0 fullscreen is true showWhenlocked is false
10-25 21:46:24.422 3520 3520 D KnoxTimeoutHandler: activityDrawn [MsgParam] userId: 0 fullscreen is true showWhenlocked is false
10-25 21:46:24.422 3520 3520 I KnoxTimeoutHandler: SD activityfalse
10-25 21:46:24.432 4521 4521 D Launcher: onTrimMemory. Level: 20
10-25 21:46:24.442 3099 3287 I SurfaceFlinger: id=888 Removed wrsvc (6/20)
10-25 21:46:24.442 3099 4094 I SurfaceFlinger: id=888 Removed wrsvc (-2/20)
10-25 21:46:24.462 3099 3099 D libEGL : eglTerminate EGLDisplay = 0x7fc6961268
10-25 21:46:24.482 3099 4021 I SurfaceFlinger: id=882 Removed MauncherAct (2/19)
10-25 21:46:24.482 3099 4094 I SurfaceFlinger: id=882 Removed MauncherAct (-2/19)
10-25 21:46:24.482 4130 4130 D ImageWallpaper: onVisibilityChanged:false
10-25 21:46:24.492 3099 3099 D libEGL : eglTerminate EGLDisplay = 0x7fc6961268
10-25 21:46:25.142 3520 4089 D lights : button : 0 +
10-25 21:46:25.172 3520 4089 D lights : button : 0 -
10-25 21:46:26.922 3520 4096 W System.err: remove failed: ENOENT (No such file or directory) : /data/system/recent_tasks/714_task.xml.bak
10-25 21:46:26.942 3126 3796 I audio_hw_primary: do_out_standby +
10-25 21:46:26.972 3126 3796 D audio_hw_primary: output_devices devices:0
10-25 21:46:26.972 3126 3796 D audio_hw_primary: output_devices devices:0
10-25 21:46:26.972 3126 3796 V audio_hw_primary: select_devices output_scenario:-1 input_scenario:-1 out_snd_device 0x0 in_snd_device:0x0
10-25 21:46:26.972 3126 3796 I audio_hw_primary: set_spk_rx_mute mute(1), rx val=0
10-25 21:46:26.972 3126 3796 I audio_route:
10-25 21:46:26.972 3126 3796 I audio_route: > audio_route_reset :
10-25 21:46:26.972 3126 3796 I audio_route:
10-25 21:46:26.972 3126 3796 I audio_route: > audio_route_update_mixer : +
10-25 21:46:27.012 3126 3796 I audio_route: > audio_route_update_mixer : changed(4) -
10-25 21:46:27.012 3126 3796 I audio_hw_primary: select_devices -
10-25 21:46:27.012 3126 3796 I audio_hw_primary: do_out_standby -
10-25 21:46:30.332 3520 3520 I Tethering: BATTERY_CHANGED, level = 100lowBatteryThreshold = 15
10-25 21:46:30.332 4130 4130 D KeyguardUpdateMonitor: received broadcast android.intent.action.BATTERY_CHANGED
10-25 21:46:30.332 4130 4130 D KeyguardUpdateMonitor: handleBatteryUpdate
10-25 21:46:30.352 4590 4590 D BatteryMonitor: new battery level: 100
10-25 21:46:30.602 4574 4612 D ContactsProvider_EventLog: contents_sample_state: [ contacts(4) data(27) accounts({com.google (2)=4}) accounts deleted({}) calls([]) ]
10-25 21:46:30.602 4574 4612 D ContactsProvider_EventLog: contents_sample_state: [ agr({[2]=4}) ]
10-25 21:46:30.832 4574 4612 E ContactsProvider_EventLog: Flush buffer to file cnt : 10 size : 2Kb duration : 216ms lastUpdatedAfter : 180570ms
10-25 21:46:40.392 3520 3520 I Tethering: BATTERY_CHANGED, level = 100lowBatteryThreshold = 15
10-25 21:46:40.402 4130 4130 D KeyguardUpdateMonitor: received broadcast android.intent.action.BATTERY_CHANGED
10-25 21:46:40.402 4130 4130 D KeyguardUpdateMonitor: handleBatteryUpdate
10-25 21:46:40.412 4590 4590 D BatteryMonitor: new battery level: 100
10-25 21:46:44.692 3520 3603 E SmartFaceManager: checkForSmartStay S
10-25 21:46:44.692 3520 3603 D SmartFaceManager: Sending smart-stay-framecount-reset: to service
10-25 21:46:44.732 28775 28793 E SecCamera-JNI-Java: SecCamera.open()
10-25 21:46:44.732 3126 5084 I CameraService: CameraService::connect call (PID 28775 "com.samsung.android.smartface", camera ID 1) for HAL version default and Camera API version 1
10-25 21:46:44.742 3520 4533 I EDMNativeHelperService: isCameraEnabled
10-25 21:46:44.742 3126 5084 E CameraService: companion_disable property set to enable
10-25 21:46:44.752 3126 5084 I CameraService: Country code is USA
10-25 21:46:44.752 3126 5084 V CameraService: startCameraOps: Start camera ops, package name = com.samsung.android.smartface, client UID = 1000
10-25 21:46:44.752 3126 18377 V MediaPlayer: constructor
10-25 21:46:44.752 3126 18377 E Parcel : Reading a NULL string not supported here.
10-25 21:46:44.752 3126 18377 V MediaPlayerService: Create new client(192) from pid 3126, uid 1013,
10-25 21:46:44.752 3126 18377 I MediaPlayerService: Setting player type to NuPlayer
10-25 21:46:44.752 3126 18377 V MediaPlayerService: player type = 4
10-25 21:46:44.752 3126 18377 V NuPlayerDriver: NuPlayerDriver(0xed3dd1e0)
10-25 21:46:44.752 3126 18377 V AudioSink: AudioOutput(530)
10-25 21:46:44.752 3126 18377 V NuPlayerDriver: setDataSource(0xed3dd1e0) url()
10-25 21:46:44.752 3126 18377 V GenericSource: setDefault
10-25 21:46:44.752 3126 18377 V NuPlayer: url=/system/media/audio/ui/Shutter.ogg
10-25 21:46:44.752 3126 18378 V NuPlayer: kWhatSetAudioSink
10-25 21:46:44.752 3126 18378 V NuPlayer: kWhatSetDataSource
10-25 21:46:44.752 3126 18377 V MediaPlayerService: [192] getParameter(31700)
10-25 21:46:44.752 3126 18377 V MediaPlayer: MediaPlayer::setAudioStreamType
10-25 21:46:44.752 3126 18377 V MediaPlayer: prepare
10-25 21:46:44.752 3126 18377 V MediaPlayerService: [192] setAudioStreamType(1)
10-25 21:46:44.752 3126 18377 V MediaPlayerService: [192] prepareAsync
10-25 21:46:44.752 3126 18377 V NuPlayerDriver: prepareAsync(0xed3dd1e0)
10-25 21:46:44.752 3126 18378 V GenericSource: [Flag] set 0x8 -> mFlags = 0x8
10-25 21:46:44.762 3126 18379 V GenericSource: onPrepareAsync
10-25 21:46:44.762 3126 5084 D SecCameraCoreManager: !@ SecCameraCoreManager created: pid=3126, cameraId=1
10-25 21:46:44.762 3126 5084 E SecCameraCoreManager: initialize1
10-25 21:46:44.762 3126 5084 I SecCameraCoreManager: Opening camera 1
10-25 21:46:44.762 3126 5084 I Samsung_HAL_V1: [OpenLagacy_v1][610] name(1) cameraId(1) EnableLog_v1(0)
10-25 21:46:44.762 3126 5084 I ExynosCamera3Interface: INFO(HAL_open_legacy[443]):in =====
10-25 21:46:44.762 3126 5084 I ExynosCamera3Interface: INFO(HAL_open_legacy[463]):out =====
10-25 21:46:44.762 3126 5084 I ExynosCamera3Interface: INFO(HAL_camera_device_open[624]):camera(1) in
10-25 21:46:44.762 3126 5084 D ExynosCamera3Interface: DEBUG(check_camera_state):camera(1) state(1) checking...
10-25 21:46:44.762 3126 5084 D ExynosCamera3Interface: DEBUG(check_camera_state):camera(1) state(3:CLOSED->1:OPENED) is valid
10-25 21:46:44.762 3126 5084 D ExynosCamera3Interface: DEBUG(HAL_camera_device_open):open camera 1
10-25 21:46:44.762 3126 5084 E ExynosCamera: Build Date is (Aug 29 2016) (20:29:56)
10-25 21:46:44.762 3126 5084 D ExynosCameraUtils: DEBUG(checkAndroidVersion[2056]): Tartget Android version (4.4), build version (6.0.1)
10-25 21:46:44.762 3126 5084 I ExynosCamera: [CAM_ID(1)][]-INFO(ExynosCamera):cameraId(1), use_companion(1)
10-25 21:46:44.762 3126 5084 D ExynosCamera: [CAM_ID(1)][]-DEBUG(ExynosCamera): companionThread starts
10-25 21:46:44.762 3126 5084 D ExynosCameraSensorInfo: createSensorInfo[34] sensor ID(21)
10-25 21:46:44.762 3126 5084 I ExynosCameraParameters: [CAM_ID(1)][ParametersFront]-DEBUG(m_setParamCropRegion):size0(2592, 1950, 2560, 1920)
10-25 21:46:44.762 3126 18380 I ExynosCamera: [CAM_ID(1)][]-INFO(m_companionThreadFunc[11646]):
10-25 21:46:44.762 3126 5084 I ExynosCameraParameters: [CAM_ID(1)][ParametersFront]-DEBUG(m_setParamCropRegion):size(0, 0, 2592, 1950), level(0)
10-25 21:46:44.762 3126 5084 I ExynosCameraParameters: [CAM_ID(1)][ParametersFront]-INFO(setDefaultCameraInfo[616])
10-25 21:46:44.762 3126 5084 D ExynosCameraParameters: [CAM_ID(1)][ParametersFront]-DEBUG(m_setBnsScaleRatio[3998]): This camera does not support BNS
10-25 21:46:44.762 3126 5084 D ExynosCameraParameters: [CAM_ID(1)][ParametersFront]-DEBUG(m_setBnsScaleRatio[4007]): update BNS ratio(0 -> 1000)
10-25 21:46:44.762 3126 5084 I ExynosCameraParameters: [CAM_ID(1)][ParametersFront]-INFO(setDefaultParameter[631])
10-25 21:46:44.762 3126 5084 D ExynosCameraParameters: [CAM_ID(1)][ParametersFront]-DEBUG(setDefaultParameter): Default preview size is 1920x1080
10-25 21:46:44.762 3126 5084 D ExynosCameraParameters: [CAM_ID(1)][ParametersFront]-DEBUG(setDefaultParameter): KEY_SUPPORTED_VIDEO_SIZES 1920x1080,1440x1080,1088x1088,1280x720,960x720,800x450,720x480,640x480,480x320,352x288,320x240,256x144,176x144
10-25 21:46:44.762 3126 5084 D ExynosCameraParameters: [CAM_ID(1)][ParametersFront]-DEBUG(setDefaultParameter): Max video size is 1920x1080
10-25 21:46:44.762 3126 5084 D ExynosCameraParameters: [CAM_ID(1)][ParametersFront]-DEBUG(setDefaultParameter): Default video size is 1920x1080
10-25 21:46:44.762 3126 5084 I ExynosCameraParameters: [CAM_ID(1)][ParametersFront]-INFO(setDefaultParameter[703]):video_frame_foramt == YUV420SP
10-25 21:46:44.762 3126 5084 D ExynosCameraParameters: [CAM_ID(1)][ParametersFront]-DEBUG(setDefaultParameter): Default picture size is 2592x1458
10-25 21:46:44.772 3126 5084 D ExynosCameraParameters: [CAM_ID(1)][ParametersFront]-m_antiBanding = 60hz
10-25 21:46:44.772 3126 18379 I OggExtractor: OggSource::OggSource() mExtractor ref count = 4
10-25 21:46:44.772 3126 5084 I ExynosCameraParameters: INFO(setDefaultParameter):getMaxZoomLevel(31)
10-25 21:46:44.772 3126 18379 I AnotherPacketSource: setFormat() audio
10-25 21:46:44.772 3126 18379 V GenericSource: setDefault
10-25 21:46:44.772 3126 18380 D ExynosCameraNode: [CAM_ID(1)][companion]-DEBUG(open[251]): Node(109)(/dev/video109) opened. m_fd(40)
10-25 21:46:44.772 3126 18379 I GenericSource: ORmode enable : mUnsupportedAudio = 0 mUnsupportedVideo = 0 mHaveAudio = 1 mHaveVideo = 0
10-25 21:46:44.772 3126 18380 D ExynosCamera: [CAM_ID(1)][]-DEBUG(m_companionThreadFunc):Companion Node(109) opened running)
10-25 21:46:44.772 3126 18379 V GenericSource: onPrepareAsyncEvent() done
10-25 21:46:44.772 3126 5084 I ExynosCameraParameters: [CAM_ID(1)][ParametersFront]-INFO(getPreviewFpsRange[1144]):minFpsRange=15, maxFpsRange=30
10-25 21:46:44.772 3126 18378 V NuPlayer: prepare posted successfully.
10-25 21:46:44.772 3126 18378 V NuPlayer: mUnsupportedAudio = 0, mUnsupportedVideo = 0, mHaveAudioTrack = 1, mHaveVideoTrack = 0
10-25 21:46:44.772 3126 18378 V NuPlayer: msg : 200, ext1 : 10973, ext2 : 0
10-25 21:46:44.772 3126 5084 I ExynosCameraParameters: [CAM_ID(1)][ParametersFront]-INFO(setDefaultParameter):supportedFpsList=(15000,15000),(24000,24000),(15000,30000),(30000,30000)
10-25 21:46:44.772 3126 18378 D NuPlayerDriver: notifyListener_l(0xed3dd1e0), (200, 10973, 0)
10-25 21:46:44.772 3126 18378 V MediaPlayerService: [192] notify (0xec85aa00, 200, 10973, 0)
10-25 21:46:44.772 3126 18378 V MediaPlayer: message received msg=200, ext1=10973, ext2=0
10-25 21:46:44.772 3126 5084 D ExynosCameraParameters: [CAM_ID(1)][ParametersFront]-DEBUG(setParameters):intelligent_mode : -1
10-25 21:46:44.772 3126 5084 D ExynosCameraParameters: [CAM_ID(1)][ParametersFront]-DEBUG(setParameters):intelligent_mode(-1) getVisionMode(0)
