10-25 21:40:57.682 17152 18021 D : [mtp_start_io:407] sink thread created so set th_sink
10-25 21:40:57.682 17152 17152 W MTPRx : notification from stack 14
10-25 21:40:57.682 17152 17152 E MTPRx : Open session has come remove the Message false
10-25 21:40:57.682 17152 18022 E SQLiteLog: (1) no such table: system
10-25 21:40:57.682 17152 18022 E SQLiteLog: (1) no such table: global
10-25 21:40:57.692 17152 17152 V MtpMediaDBManager: inside isExistGUID resulttrue
10-25 21:40:57.692 17152 17152 W MTPRx : Phone is already authorized.
10-25 21:40:57.692 17152 17152 W MTPRx : Phone is unlocked.
10-25 21:40:57.692 17152 17152 E MTPJNIInterface: noti = 13
10-25 21:40:57.692 17152 18022 E MTPJNIInterface: Value of device_name is Galaxy S6 edge+
10-25 21:40:57.702 17152 17152 E MTPRx : in startDBupdate
10-25 21:40:57.702 17152 17152 W MTPRx : notification from stack 3
10-25 21:40:57.702 17152 18031 V MtpMediaDBManager: inside deleteFilesTable
10-25 21:40:57.702 18016 18016 I dex2oat : /system/bin/dex2oat --compiler-filter=speed --dex-file=/data/data/com.google.android.gms/app_chimera/m/00000003/DynamiteModulesA_GmsCore_prodmnc_alldpi_release.apk --oat-file=/data/dalvik-cache/arm/data@data@com.google.android.gms@app_chimera@m@00000003@DynamiteModulesA_GmsCore_prodmnc_alldpi_release.apk@classes.dex
10-25 21:40:57.702 18016 18016 E dex2oat : Failed to create oat file: /data/dalvik-cache/arm/data@data@com.google.android.gms@app_chimera@m@00000003@DynamiteModulesA_GmsCore_prodmnc_alldpi_release.apk@classes.dex: Permission denied
10-25 21:40:57.702 18016 18016 I dex2oat : dex2oat took 394.292us (threads: 8)
10-25 21:40:57.702 17987 17987 W art : Failed execv(/system/bin/dex2oat --runtime-arg -classpath --runtime-arg --instruction-set=arm --instruction-set-features=smp,div,atomic_ldrd_strd --runtime-arg -Xrelocate --boot-image=/system/framework/boot.art --runtime-arg -Xms64m --runtime-arg -Xmx512m --compiler-filter=speed --instruction-set-variant=cortex-a15 --instruction-set-features=default --dex-file=/data/data/com.google.android.gms/app_chimera/m/00000003/DynamiteModulesA_GmsCore_prodmnc_alldpi_release.apk --oat-file=/data/dalvik-cache/arm/data@data@com.google.android.gms@app_chimera@m@00000003@DynamiteModulesA_GmsCore_prodmnc_alldpi_release.apk@classes.dex) because non-0 exit status
10-25 21:40:57.702 4521 4521 V LauncherAppWidgetHostView: calculateWidgetSize: (target widgetsize) using w/h 1359 347 span 5 1 (widgetid 6) [current Gridsize : GRID_5x5]
10-25 21:40:57.702 4521 4521 D LauncherAppWidgetHostView: calculateWidgetSize() widget = Weather and Clock(widget id = 6) result hostview size = 1771 x 452
10-25 21:40:57.702 4521 4521 D LauncherAppWidgetHostView: setResizeScaleResult() 1771/ 452 scaleToResize = 0.7673631(widget id = 6)
10-25 21:40:57.712 4521 4521 V LauncherAppWidgetHostView: calculateWidgetSize: (target widgetsize) using w/h 1359 347 span 5 1 (widgetid 2) [current Gridsize : GRID_5x5]
10-25 21:40:57.712 4521 4521 D LauncherAppWidgetHostView: calculateWidgetSize() widget = Google App(widget id = 2) result hostview size = 1771 x 452
10-25 21:40:57.712 4521 4521 D LauncherAppWidgetHostView: setResizeScaleResult() 1771/ 452 scaleToResize = 0.7673631(widget id = 2)
10-25 21:40:57.712 17152 18031 V MtpMediaDBManager: inside Thread updateFilesTable
10-25 21:40:57.722 17152 18022 E : mtp_get_storage_ids_mtp_handle : START !!
10-25 21:40:57.722 17152 18031 E MtpMediaDBManager: count : 197
10-25 21:40:57.742 17152 18031 E MtpMediaDBManager: Index 0 requested, with a size of 0
10-25 21:40:57.752 17152 18031 E MtpMediaDBManager: Index 0 requested, with a size of 0
10-25 21:40:57.762 17152 18031 E MtpMediaDBManager: Index 0 requested, with a size of 0
10-25 21:40:57.772 17152 18031 E MtpMediaDBManager: Index 0 requested, with a size of 0
10-25 21:40:57.782 17987 17987 W System : ClassLoader referenced unknown path: /data/user/0/com.google.android.gms/app_chimera/m/00000003/n/armeabi
10-25 21:40:57.782 17152 18031 E MtpMediaDBManager: Index 0 requested, with a size of 0
10-25 21:40:57.792 17152 18031 E MtpMediaDBManager: Index 0 requested, with a size of 0
10-25 21:40:57.812 17152 18031 E MtpMediaDBManager: Index 0 requested, with a size of 0
10-25 21:40:57.812 17152 18031 E MtpMediaDBManager: Index 0 requested, with a size of 0
10-25 21:40:57.812 17152 18031 E MtpMediaDBManager: Index 0 requested, with a size of 0
10-25 21:40:57.822 17152 18031 E MtpMediaDBManager: Index 0 requested, with a size of 0
10-25 21:40:57.842 17152 18031 E MtpMediaDBManager: Index 0 requested, with a size of 0
10-25 21:40:57.852 17152 18031 E MtpMediaDBManager: Index 0 requested, with a size of 0
10-25 21:40:57.852 17987 17987 D GoogleCertificatesImpl: Fetched 190 Google release certificates
10-25 21:40:57.862 17152 18031 E MtpMediaDBManager: Index 0 requested, with a size of 0
10-25 21:40:57.862 3520 4850 D WifiDisplayAdapter: getWifiDisplayStatusLocked: result=WifiDisplayStatus{featureState=2, scanState=0, activeDisplayState=0, activeDisplay=null, displays=[], sessionInfo=WifiDisplaySessionInfo: Client/Owner: Client GroupId: Passphrase: SessionId: 0 IP Address: , connectedState=-1, networkQoS=0}
10-25 21:40:57.862 17152 18031 E MtpMediaDBManager: Index 0 requested, with a size of 0
10-25 21:40:57.872 17152 18031 E MtpMediaDBManager: Index 0 requested, with a size of 0
10-25 21:40:57.882 17152 18031 E MtpMediaDBManager: Index 0 requested, with a size of 0
10-25 21:40:57.882 3520 4287 D WifiDisplayAdapter: getWifiDisplayStatusLocked: result=WifiDisplayStatus{featureState=2, scanState=0, activeDisplayState=0, activeDisplay=null, displays=[], sessionInfo=WifiDisplaySessionInfo: Client/Owner: Client GroupId: Passphrase: SessionId: 0 IP Address: , connectedState=-1, networkQoS=0}
10-25 21:40:57.892 17987 17987 D InjectionManager: InjectionManager
10-25 21:40:57.892 17987 17987 D InjectionManager: fillFeatureStoreMap com.android.chrome
10-25 21:40:57.892 17987 17987 I InjectionManager: Constructor com.android.chrome, Feature store :{}
10-25 21:40:57.892 17987 17987 I InjectionManager: featureStore :{}
10-25 21:40:57.902 3520 3530 I art : Background partial concurrent mark sweep GC freed 31809(1934KB) AllocSpace objects, 14(592KB) LOS objects, 24% free, 49MB/65MB, paused 1.726ms total 159.169ms
10-25 21:40:57.902 15857 15857 I WifiApBroadcastReceiver: onReceive: action com.samsung.settings.wifi.PLUG_STATE_CHANGED
10-25 21:40:57.902 15857 15857 I WifiApBroadcastReceiver: Plugged
10-25 21:40:57.902 17152 18031 E MtpMediaDBManager: Index 0 requested, with a size of 0
10-25 21:40:57.912 17100 17100 D PR.PopupuiReceiver: >> onReceive() : com.samsung.systemui.power.action.ACTION_CABLE_CONNECTED
10-25 21:40:57.912 3520 4645 D SecContentProvider2: query(), uri = -1 selection = getSealedState
10-25 21:40:57.912 3520 4041 D SecContentProvider2: query(), uri = 15 selection = getSealedHideNotificationMessages
10-25 21:40:57.912 3520 4167 D SecContentProvider2: query(), uri = 15 selection = getCheckCoverPopupState
10-25 21:40:57.912 17100 17100 I PR.PopupuiReceiver_KNOX: knoxSealedHideNotiMsg : 0, knoxCheckCoverPopupState : true
10-25 21:40:57.912 17100 17100 D PR.PopupuiReceiver: actionCableConnected()
10-25 21:40:57.912 17100 17100 I PR.PopupuiReceiver: Action cable connected ! on -
10-25 21:40:57.912 17909 17909 D InjectionManager: InjectionManager
10-25 21:40:57.912 17909 17909 D InjectionManager: fillFeatureStoreMap com.google.android.youtube
10-25 21:40:57.912 17909 17909 I InjectionManager: Constructor com.google.android.youtube, Feature store :{}
10-25 21:40:57.912 17909 17909 I InjectionManager: featureStore :{}
10-25 21:40:57.922 3126 3802 V MediaPlayerService: Create new media retriever from pid 5808
10-25 21:40:57.922 17152 18031 E MtpMediaDBManager: Index 0 requested, with a size of 0
10-25 21:40:57.922 3126 4062 I OggExtractor: ~OggExtractor ++
10-25 21:40:57.922 3126 4062 I OggExtractor: ~MyOggExtractor ++
10-25 21:40:57.922 3126 4062 I OggExtractor: ~MyOggExtractor --
10-25 21:40:57.922 3126 4062 I OggExtractor: ~OggExtractor --
10-25 21:40:57.942 17909 18056 I System.out: (HTTPLog)-Static: isSBSettingEnabled false
10-25 21:40:57.942 17909 18056 I System.out: (HTTPLog)-Static: isSBSettingEnabled false
10-25 21:40:57.942 3126 4063 V MediaPlayerService: Create new media retriever from pid 5808
10-25 21:40:57.952 17152 18031 E MtpMediaDBManager: Index 0 requested, with a size of 0
10-25 21:40:57.952 3110 3781 D EnterpriseController: netId is 0
10-25 21:40:57.952 3110 3781 D Netd : getNetworkForDns: using netid 502 for uid 10209
10-25 21:40:57.952 3126 5080 I OggExtractor: ~OggExtractor ++
10-25 21:40:57.952 3126 5080 I OggExtractor: ~MyOggExtractor ++
10-25 21:40:57.952 3126 5080 I OggExtractor: ~MyOggExtractor --
10-25 21:40:57.952 3126 5080 I OggExtractor: ~OggExtractor --
10-25 21:40:57.962 17152 18031 E MtpMediaDBManager: Index 0 requested, with a size of 0
10-25 21:40:57.962 17909 17909 D ConnectivityManager: requestNetwork; getAppId(CallingUid) : 10209, CallingPid : 17909
10-25 21:40:57.962 4782 4782 W ContentTaskController: Invalid newTask was provided to startTracking.
10-25 21:40:57.972 17152 18031 E MtpMediaDBManager: Index 0 requested, with a size of 0
10-25 21:40:57.982 17152 18031 W MtpMediaDBManager: sending db update complete noti to stack
10-25 21:40:57.982 17152 18031 E MTPJNIInterface: noti = 29
10-25 21:40:57.982 3520 4645 D ActivityManager: The following uid has registered to recieve broadcast for proxy related updates 10209
10-25 21:40:58.002 3110 3781 D EnterpriseController: netId is 0
10-25 21:40:58.002 3110 3781 D Netd : getNetworkForDns: using netid 502 for uid 10209
10-25 21:40:58.002 3520 4533 D ActivityManager: The following uid has registered to recieve broadcast for proxy related updates 10209
10-25 21:40:58.002 3126 4062 V MediaPlayerService: Create new media retriever from pid 5808
10-25 21:40:58.002 3126 5084 I OggExtractor: ~OggExtractor ++
10-25 21:40:58.002 3126 5084 I OggExtractor: ~MyOggExtractor ++
10-25 21:40:58.002 3126 5084 I OggExtractor: ~MyOggExtractor --
10-25 21:40:58.002 3126 5084 I OggExtractor: ~OggExtractor --
10-25 21:40:58.012 3520 4387 D WifiDisplayAdapter: getWifiDisplayStatusLocked: result=WifiDisplayStatus{featureState=2, scanState=0, activeDisplayState=0, activeDisplay=null, displays=[], sessionInfo=WifiDisplaySessionInfo: Client/Owner: Client GroupId: Passphrase: SessionId: 0 IP Address: , connectedState=-1, networkQoS=0}
10-25 21:40:58.022 3520 8428 I SurveyLogManager: REASON : REASON_BY_CHARGING_TYPE_CHANGE
10-25 21:40:58.022 17001 17001 I ServiceManager: [#CMH#] Disconnected to Service com.samsung.faceservice.FaceService
10-25 21:40:58.032 3520 8428 D SurveyLogging: app_id = com.android.server.ssrm, feature = CHAR, extra = {"SIOP":"0", "PST_TMP":"319", "BAT_TMP":"267", "CHG_TMP":"316", "PA_TMP":"268", "BAT_LV":"100", "BAT_CUR":"722", "RSSI":"-73", "RAD_DAT":"0", "WIFI_DAT":"110119", "BRI":"191", "CHR_TYPE":"2", "KNOX":"false", "SCRN":"true", "RAD":"2", "CALL":"false", "CF":"-1", "GF":"-1", "CG":"70", "TOP_PROC":"system_server", "TOP_USE":"11", "FOR_PKG":"com.sec.android.app.launcher"}
10-25 21:40:58.042 17001 17001 I ServiceManager: [#CMH#] Disconnected to Service com.samsung.enhanceservice.EnhanceService
10-25 21:40:58.042 5110 5110 I CastMediaRouteProvider: in onDiscoveryRequestChanged: request=DiscoveryRequest{ selector=MediaRouteSelector{ controlCategories=[com.google.android.gms.cast.CATEGORY_CAST/805741C9, com.google.android.gms.cast.CATEGORY_CAST/233637DE] }, activeScan=false, isValid=true }
10-25 21:40:58.042 3110 3781 D EnterpriseController: netId is 0
10-25 21:40:58.042 3110 3781 D Netd : getNetworkForDns: using netid 502 for uid 10209
10-25 21:40:58.052 5110 6835 W MdnsClient_Cast: Multicast lock held. Releasing. Subtypes:"805741C9"
10-25 21:40:58.052 5110 6835 W MdnsClient: unicast receiver thread is already dead.
10-25 21:40:58.052 5110 6835 W MdnsClient_Cast: #acquireLock. Multicast lock not held. Acquiring. Subtypes:"805741C9,233637DE"
10-25 21:40:58.242 3520 3520 I Tethering: BATTERY_CHANGED, level = 100lowBatteryThreshold = 15
10-25 21:40:58.242 4130 4130 D KeyguardUpdateMonitor: received broadcast android.intent.action.BATTERY_CHANGED
10-25 21:40:58.242 4130 4130 D KeyguardUpdateMonitor: handleBatteryUpdate
10-25 21:40:58.242 4590 4590 D BatteryMonitor: new battery level: 100
10-25 21:40:58.292 3135 3181 D Sensorhubs: readContextData: 1, 1, 7, -1
10-25 21:40:58.292 3520 4008 D SensorHubManager: onGetSensorHubDataLocked: library(4) = 1, 1, 7, -1
10-25 21:40:58.292 3520 4007 D CAE : onGetSensorHubData(SensorHubParserProvider.java:92) - onGetSensorHubData Event [event buffer len :4], AP_WAKEUP
10-25 21:40:58.292 3520 4007 I CAE : parse(SensorHubParserProvider.java:188) - buffer size = 4
10-25 21:40:58.292 3520 4007 I CAE : parse(SensorHubParserProvider.java:199) - 1, 1, 7, -1,
10-25 21:40:58.292 3520 4007 D CAE : display(ContextProvider.java:375) - ================= AUTO_ROTATION =================
10-25 21:40:58.292 3520 4007 I CAE : display(ContextProvider.java:391) - Angle=[-1]
10-25 21:40:58.292 3520 4010 D SContextService: updateSContext() : event = Auto Rotation
10-25 21:40:58.362 4130 4130 D PowerUI.ChargerAnimationView: Animation is running
10-25 21:40:58.462 4130 4130 D PowerUI.ChargerAnimationView: Animation stop
10-25 21:40:58.472 3099 4094 D libEGL : eglTerminate EGLDisplay = 0x7f8b5c6e78
10-25 21:40:58.472 3099 4094 D libEGL : eglTerminate EGLDisplay = 0x7f8b5c6e78
10-25 21:40:58.482 3520 4850 D ApplicationPolicy: isStatusBarNotificationAllowedAsUser: packageName = com.android.systemui,userId = -1
10-25 21:40:58.482 3099 3289 I SurfaceFlinger: id=887 Removed (10/19)
10-25 21:40:58.482 3099 3289 I SurfaceFlinger: id=887 Removed (-2/19)
10-25 21:40:58.492 4130 4130 D ViewRootImpl: #3 mView = null
10-25 21:40:58.502 3099 3099 D libEGL : eglTerminate EGLDisplay = 0x7fc6961268
10-25 21:40:58.512 17268 17278 D CatchNotificationsService: onNotificationPosted
10-25 21:40:58.532 17228 17239 D BadgeProvider: query, [selection] : null
10-25 21:40:58.532 17268 17278 E CatchNotificationsService: Invalid notification data
10-25 21:40:58.542 4130 4130 D KnoxNotification: ----- inflateViews : modified publicViewLocal -----
10-25 21:40:58.542 3110 3781 D EnterpriseController: netId is 0
10-25 21:40:58.542 3110 3781 D Netd : getNetworkForDns: using netid 502 for uid 10209
10-25 21:40:58.562 4130 4130 D KnoxNotification: ----- inflateViews : modified KnoxViewLocal -----
10-25 21:40:58.562 4130 4130 D PhoneStatusBar: setAreThereNotifications: N=5 any=true clearable=true
10-25 21:40:58.862 4521 4521 V LauncherAppWidgetHostView: calculateWidgetSize: (target widgetsize) using w/h 1359 712 span 5 2 (widgetid 3) [current Gridsize : GRID_5x5]
10-25 21:40:58.862 4521 4521 D LauncherAppWidgetHostView: calculateWidgetSize() widget = T-Mobile TV(widget id = 3) result hostview size = 1771 x 927
10-25 21:40:58.872 4521 4521 D LauncherAppWidgetHostView: setResizeScaleResult() 1771/ 927 scaleToResize = 0.7673631(widget id = 3)
10-25 21:40:59.042 18083 18083 E Zygote : v2
10-25 21:40:59.042 18083 18083 I SELinux : Function: selinux_compare_spd_ram, index[1], SPD-policy is existed. and_ver=SEPF_SECMOBILE_6.0.1 ver=11
10-25 21:40:59.042 18083 18083 W SELinux : Function: selinux_compare_spd_ram, index[1], priority [2], priority version is VE=SEPF_SECMOBILE_6.0.1_0013
10-25 21:40:59.042 18083 18083 E Zygote : accessInfo : 0
10-25 21:40:59.042 18083 18083 W SELinux : SELinux: seapp_context_lookup: seinfo=platform, level=s0:c512,c768, pkgname=com.samsung.faceservice
10-25 21:40:59.082 18083 18083 D TimaKeyStoreProvider: TimaSignature is unavailable
10-25 21:40:59.082 18083 18083 D ActivityThread: Added TimaKeyStore provider
10-25 21:40:59.102 18083 18083 I InjectionManager: Inside getClassLibPath + mLibMap{0=, 1=}
10-25 21:40:59.112 18083 18083 I InjectionManager: Inside getClassLibPath caller
10-25 21:40:59.122 18083 18083 W System : ClassLoader referenced unknown path: /system/priv-app/FaceService/lib/arm64
10-25 21:40:59.122 18083 18083 D InjectionManager: InjectionManager
10-25 21:40:59.122 18083 18083 D InjectionManager: fillFeatureStoreMap com.samsung.faceservice
10-25 21:40:59.122 18083 18083 I InjectionManager: Constructor com.samsung.faceservice, Feature store :{}
10-25 21:40:59.122 18083 18083 I InjectionManager: featureStore :{}
10-25 21:40:59.132 18083 18083 I FaceService: [FaceService] onBind() called
10-25 21:40:59.172 18083 18083 I FaceRecognition: create new instance
10-25 21:40:59.322 18083 18083 I SAIV_FACE: create face recognition engine - 20151223
10-25 21:40:59.322 18083 18083 I SAIV_FACE: feature size : 1024
10-25 21:40:59.322 18083 18083 I SAIV_FACE: File : /data/user/0/com.samsung.faceservice/face/face_data
10-25 21:40:59.352 18083 18083 I [smart_cropping]: SmartCropping.cpp(150): SmartCropping(): : SCE 1302 build
10-25 21:40:59.352 18083 18083 I [smart_cropping]: SmartCropping.cpp(169): SmartCropping(): :
10-25 21:40:59.352 18083 18083 I [smart_cropping]: SmartCropping.cpp(169): SmartCropping(): : SCE ContrastSaliency
10-25 21:40:59.352 17001 17001 I ServiceManager: [#CMH#] Bound to Package com.samsung.faceservice
10-25 21:40:59.992 4130 4130 D KeyguardUpdateMonitor: received broadcast android.intent.action.TIME_TICK
10-25 21:40:59.992 4130 4130 D KeyguardUpdateMonitor: handleTimeUpdate
10-25 21:41:00.012 4130 4130 D Clock : received broadcast android.intent.action.TIME_TICK
10-25 21:41:00.082 4130 4130 D DateView: received broadcast android.intent.action.TIME_TICK
10-25 21:41:00.142 4521 4521 V LauncherAppWidgetHostView: calculateWidgetSize: (target widgetsize) using w/h 1359 347 span 5 1 (widgetid 6) [current Gridsize : GRID_5x5]
10-25 21:41:00.142 4521 4521 D LauncherAppWidgetHostView: calculateWidgetSize() widget = Weather and Clock(widget id = 6) result hostview size = 1771 x 452
10-25 21:41:00.142 4521 4521 D LauncherAppWidgetHostView: setResizeScaleResult() 1771/ 452 scaleToResize = 0.7673631(widget id = 6)
10-25 21:41:00.142 4521 4521 V LauncherAppWidgetHostView: calculateWidgetSize: (target widgetsize) using w/h 1359 347 span 5 1 (widgetid 2) [current Gridsize : GRID_5x5]
10-25 21:41:00.142 4521 4521 D LauncherAppWidgetHostView: calculateWidgetSize() widget = Google App(widget id = 2) result hostview size = 1771 x 452
10-25 21:41:00.142 4521 4521 D LauncherAppWidgetHostView: setResizeScaleResult() 1771/ 452 scaleToResize = 0.7673631(widget id = 2)
10-25 21:41:00.172 4521 4521 V LauncherAppWidgetHostView: calculateWidgetSize: (target widgetsize) using w/h 1359 347 span 5 1 (widgetid 6) [current Gridsize : GRID_5x5]
10-25 21:41:00.172 4521 4521 D LauncherAppWidgetHostView: calculateWidgetSize() widget = Weather and Clock(widget id = 6) result hostview size = 1771 x 452
10-25 21:41:00.172 4521 4521 D LauncherAppWidgetHostView: setResizeScaleResult() 1771/ 452 scaleToResize = 0.7673631(widget id = 6)
10-25 21:41:00.172 4521 4521 V LauncherAppWidgetHostView: calculateWidgetSize: (target widgetsize) using w/h 1359 347 span 5 1 (widgetid 2) [current Gridsize : GRID_5x5]
10-25 21:41:00.172 4521 4521 D LauncherAppWidgetHostView: calculateWidgetSize() widget = Google App(widget id = 2) result hostview size = 1771 x 452
10-25 21:41:00.172 4521 4521 D LauncherAppWidgetHostView: setResizeScaleResult() 1771/ 452 scaleToResize = 0.7673631(widget id = 2)
10-25 21:41:00.192 21059 21059 D [WeatherWidget(1177)] WeatherService: {[EC3334F14841398C8B464A72D0E61AB7CD7E766A36D06043166FAD39187431A3E5A9A2F81BDF9068B74904E1B1CB541044E6D58E921E578E1E6FAAF047CA8AFC]}
10-25 21:41:00.192 21059 21059 D [WeatherWidget(1177)] : {[3AE6950019B083611567B0F9442DB03E59646CBA355B4C260B75423E37A3701A]}
10-25 21:41:00.202 21059 21059 D [WeatherWidget(1177)] : {[3AE6950019B083611567B0F9442DB03E0F7D6DF8FAB8AEDDA9C52FD622CBE93BD3B3C821E02768ECE7D54B13E96560EDB802D29C56DFCCD38F937DDED36C9453E14ACC693F7BDF399FD0A06BF2D59F2E62F0159FCF8ED080A2244B7BC466DBEB]}
10-25 21:41:00.212 21059 21059 D [WeatherWidget(1177)] : {[DF00664B5BF2DD508EC3D0ADB8B43C9FB429631765284D8658CE62A4AFFAA963]}
10-25 21:41:00.372 17001 17048 I ReschedulableTimer: [#CMH#] ReschedulableTimer started
10-25 21:41:00.392 3126 3794 I audio_hw_primary: do_out_standby +
10-25 21:41:00.392 3126 3794 D audio_hw_primary: [MAXIM] NO DSM LOG 0
10-25 21:41:00.412 3126 3794 D audio_hw_primary: output_devices devices:0
10-25 21:41:00.412 3126 3794 D audio_hw_primary: output_devices devices:0
10-25 21:41:00.412 3126 3794 I audio_hw_primary: is_voice_wakeup : ret = 0 , wakeup_baby_cry_enabled = 0 , wakeup_mic_enabled = 0
10-25 21:41:00.412 3126 3794 I audio_hw_primary: get_input_snd_device_id device:0xc
10-25 21:41:00.412 3126 3794 V audio_hw_primary: select_devices output_scenario:-1 input_scenario:26 out_snd_device 0x0 in_snd_device:0xc
10-25 21:41:00.412 3126 3794 I audio_hw_primary: set_spk_rx_mute mute(1), rx val=0
10-25 21:41:00.412 3126 3794 I audio_route:
10-25 21:41:00.412 3126 3794 I audio_route: > audio_route_reset :
10-25 21:41:00.412 3126 3794 I audio_route:
10-25 21:41:00.412 3126 3794 I audio_route: > audio_route_apply_path : "recognition-mic"
10-25 21:41:00.412 3126 3794 V audio_hw_primary: select_devices() input_route "recognition-mic"
10-25 21:41:00.412 3126 3794 I audio_route:
10-25 21:41:00.412 3126 3794 I audio_route: > audio_route_apply_path : "gain-recognition-mic"
10-25 21:41:00.412 3126 3794 V audio_hw_primary: select_devices() input_gain "gain-recognition-mic"
10-25 21:41:00.412 3126 3794 I audio_route:
10-25 21:41:00.412 3126 3794 I audio_route: > audio_route_update_mixer : +
10-25 21:41:00.452 3126 3794 I audio_route: > audio_route_update_mixer : changed(4) -
10-25 21:41:00.452 3126 3794 I audio_hw_primary: select_devices -
10-25 21:41:00.452 3126 3794 I audio_hw_primary: do_out_standby -
10-25 21:41:00.532 3520 3620 D PackageManager: [MSG] SEND_PENDING_BROADCAST
10-25 21:41:00.582 4130 4130 D ShortcutManager: onReceive : android.intent.action.PACKAGE_CHANGED
10-25 21:41:00.602 3520 4018 I InputReader: Reconfiguring input devices. changes=0x00000010
10-25 21:41:00.612 4371 4371 I PeoplePackageManager: onReceive:android.intent.action.PACKAGE_CHANGED
10-25 21:41:00.612 4371 4371 D CircleReceiver: CircleReceiver intentAction : android.intent.action.PACKAGE_CHANGED
10-25 21:41:00.612 4371 4371 D CircleReceiver: actionFilter-action : android.intent.action.PACKAGE_CHANGED
10-25 21:41:00.612 4371 4371 D CircleReceiver: checkContactState() => true
10-25 21:41:00.622 17268 17268 I CatchNotificationsService: mPackageChangedReceiver : onReceive action = android.intent.action.PACKAGE_CHANGED
10-25 21:41:00.632 17268 17268 D CatchNotificationsSupportedAppsDBHelper: Package doesn't have start activity, skip
10-25 21:41:00.652 17686 17686 I AppsEdgeBroadcastReceiver: onReceive: android.intent.action.PACKAGE_CHANGED
10-25 21:41:00.662 4130 4130 D ShortcutManager: onReceive : android.intent.action.PACKAGE_CHANGED
10-25 21:41:00.662 3520 4018 I InputReader: Reconfiguring input devices. changes=0x00000010
10-25 21:41:00.672 4371 4371 I PeoplePackageManager: onReceive:android.intent.action.PACKAGE_CHANGED
10-25 21:41:00.672 4371 4371 D CircleReceiver: CircleReceiver intentAction : android.intent.action.PACKAGE_CHANGED
10-25 21:41:00.672 4371 4371 D CircleReceiver: actionFilter-action : android.intent.action.PACKAGE_CHANGED
10-25 21:41:00.672 4371 4371 D CircleReceiver: checkContactState() => true
10-25 21:41:00.682 17268 17268 I CatchNotificationsService: mPackageChangedReceiver : onReceive action = android.intent.action.PACKAGE_CHANGED
10-25 21:41:00.682 17268 17268 D CatchNotificationsSupportedAppsDBHelper: Package doesn't have start activity, skip
10-25 21:41:00.722 17702 17702 I TaskEdgeBroadcastReceiver: onReceive:android.intent.action.PACKAGE_CHANGED
10-25 21:41:00.722 4494 4494 D ApduServiceInfo: seId: 0
10-25 21:41:00.732 4494 4494 D ApduServiceInfo: seId: 0
10-25 21:41:00.742 3520 3577 D EnterpriseDeviceManagerService: Package has changed for user 0
10-25 21:41:00.742 3520 3577 D EnterpriseDeviceManagerService: Admin package name: com.google.android.gms
10-25 21:41:00.752 17716 17716 D FileShare-Server: ServerBroadcastReceiver.onReceive - action android.intent.action.PACKAGE_CHANGED // package:com.samsung.android.app.galaxyfinder
10-25 21:41:00.772 17742 17742 D PackageIntentReceiver: onReceive::android.intent.action.PACKAGE_CHANGED
10-25 21:41:00.772 17742 17742 D PackageIntentReceiver: ACTION_PACKAGE_CHANGED : com.samsung.android.app.galaxyfinder
10-25 21:41:00.772 17742 17742 D PackageIntentReceiver: Not GearManger package!
10-25 21:41:00.782 4494 18098 D RegisteredComponentCache: Collect Tech packages for Knox
10-25 21:41:00.792 4494 4494 D ApduServiceInfo: seId: 0
10-25 21:41:00.792 4494 4494 D ApduServiceInfo: seId: 0
10-25 21:41:00.792 16548 16548 I SAPackageEventReceiver: The current enabled state for com.samsung.android.app.galaxyfinder : 1
10-25 21:41:00.792 16548 16548 D SAPackageEventReceiver: registerService : com.samsung.android.app.galaxyfinder
10-25 21:41:00.832 3520 3520 D UcmService: onReceive android.intent.action.PACKAGE_CHANGED
10-25 21:41:00.832 3520 3520 D UcmService: Package update in userId-0 and uid-10041
10-25 21:41:00.832 4494 18099 D RegisteredComponentCache: Collect Tech packages for Knox
10-25 21:41:00.832 3520 4067 D UcmService: *****refreshAgentList userId-0 is called***
10-25 21:41:00.832 3520 4067 D UcmService: resolveAllowedAgents for user 0
10-25 21:41:00.832 3520 4067 D UcmService: found com.sec.smartcard.manager
10-25 21:41:00.832 3520 4067 D UcmService: found com.samsung.ucs.agent.boot
10-25 21:41:00.832 3520 4067 D UcmService: mPersistentServices size is 2
10-25 21:41:00.832 3520 4067 D UcmService: -------Processing started for agentPackageName----- -com.sec.smartcard.manager
10-25 21:41:00.832 3520 4067 D UcmService: agentPackageName -com.sec.smartcard.manager is an active plugin
10-25 21:41:00.832 3520 4067 D UcmService: Check if caller has UCS Plugin permission...
10-25 21:41:00.832 3520 4067 D UcmService: Agent has UCS PLUGIN permission. Processing further...
10-25 21:41:00.832 3520 4067 D UcmService: -------Processing started for agentPackageName----- -com.samsung.ucs.agent.boot
10-25 21:41:00.832 3520 4067 D UcmService: agentPackageName -com.samsung.ucs.agent.boot is an active plugin
10-25 21:41:00.832 3520 4067 D UcmService: Check if caller has UCS Plugin permission...
10-25 21:41:00.832 3520 4067 D UcmService: Agent has UCS PLUGIN permission. Processing further...
10-25 21:41:00.832 3520 4067 D UcmService: agentPackageName com.samsung.ucs.agent.boot is system storage. Checking system signature
10-25 21:41:00.832 3520 4067 D UcmService: Signature match
10-25 21:41:00.832 3520 4067 D UcmService: Valid system storage found is com.samsung.ucs.agent.boot
10-25 21:41:00.842 3520 4067 D UcmService: readPersistentServicesLocked is called...
10-25 21:41:00.842 3520 4067 D UcmService: PersistentServices key-com.sec.smartcard.manager:com.samsung.ucs.agent.baiMobile
10-25 21:41:00.842 3520 4067 D UcmService: PersistentServices value-10195
10-25 21:41:00.842 3520 4067 D UcmService: PersistentServices key-com.samsung.ucs.agent.boot:com.samsung.ucs.agent.boot
10-25 21:41:00.842 3520 4067 D UcmService: PersistentServices value-1000
10-25 21:41:00.932 3520 3520 D UcmService: onReceive android.intent.action.PACKAGE_CHANGED
10-25 21:41:00.932 3520 3520 D UcmService: Package update in userId-0 and uid-1000
10-25 21:41:00.932 3520 4067 D UcmService: *****refreshAgentList userId-0 is called***
10-25 21:41:00.932 3520 4067 D UcmService: resolveAllowedAgents for user 0
10-25 21:41:00.932 3520 4067 D UcmService: found com.sec.smartcard.manager
10-25 21:41:00.932 3520 4067 D UcmService: found com.samsung.ucs.agent.boot
10-25 21:41:00.932 3520 4067 D UcmService: mPersistentServices size is 2
10-25 21:41:00.932 3520 4067 D UcmService: -------Processing started for agentPackageName----- -com.sec.smartcard.manager
10-25 21:41:00.932 3520 4067 D UcmService: agentPackageName -com.sec.smartcard.manager is an active plugin
10-25 21:41:00.932 3520 4067 D UcmService: Check if caller has UCS Plugin permission...
10-25 21:41:00.932 3520 4067 D UcmService: Agent has UCS PLUGIN permission. Processing further...
10-25 21:41:00.932 3520 4067 D UcmService: -------Processing started for agentPackageName----- -com.samsung.ucs.agent.boot
10-25 21:41:00.932 3520 4067 D UcmService: agentPackageName -com.samsung.ucs.agent.boot is an active plugin
10-25 21:41:00.932 3520 4067 D UcmService: Check if caller has UCS Plugin permission...
10-25 21:41:00.932 3520 4067 D UcmService: Agent has UCS PLUGIN permission. Processing further...
10-25 21:41:00.932 3520 4067 D UcmService: agentPackageName com.samsung.ucs.agent.boot is system storage. Checking system signature
10-25 21:41:00.932 3520 4067 D UcmService: Signature match
10-25 21:41:00.932 3520 4067 D UcmService: Valid system storage found is com.samsung.ucs.agent.boot
10-25 21:41:00.942 22727 18108 I UpdateIcingCorporaServi: Updating corpora: APPS=com.samsung.android.app.galaxyfinder, CONTACTS=MAYBE
10-25 21:41:00.942 3520 4067 D UcmService: readPersistentServicesLocked is called...
10-25 21:41:00.942 3520 4067 D UcmService: PersistentServices key-com.sec.smartcard.manager:com.samsung.ucs.agent.baiMobile
10-25 21:41:00.942 3520 4067 D UcmService: PersistentServices value-10195
10-25 21:41:00.942 3520 4067 D UcmService: PersistentServices key-com.samsung.ucs.agent.boot:com.samsung.ucs.agent.boot
10-25 21:41:00.942 3520 4067 D UcmService: PersistentServices value-1000
10-25 21:41:00.972 3520 4750 D PackageManager: setEnabledSetting : userId = 0 packageName = com.google.android.gms cmp = com.google.android.gms.icing.proxy.SmsMonitor newState = 1 callingPackage = 10021
10-25 21:41:01.022 4521 4521 E Launcher.Model: onPackageChanged :com.samsung.android.app.galaxyfinder
10-25 21:41:01.022 4521 4601 D LauncherApps: getActivityList callingUid: 0 user: 0
10-25 21:41:01.032 4521 4601 D LauncherApps: getActivityList callingUid: 0 user: 0
10-25 21:41:01.032 22727 18108 I UpdateIcingCorporaServi: UpdateCorporaTask done [took 88 ms] updated apps [took 88 ms]
10-25 21:41:01.032 4521 4601 D Launcher.MenuWidgetsLoader: packageChanged : com.samsung.android.app.galaxyfinder
10-25 21:41:01.032 4521 4521 D Launcher.MenuWidgetsLoader: MenuWidgetLoade-loadMenuWidgets : false
10-25 21:41:01.032 4521 10878 D Launcher.MenuWidgetsLoader: MenuWidgetLoader-start : com.android.launcher2.MenuWidgetsLoader$LoadMenuWidgetsTask@c139d73 , false
10-25 21:41:01.072 3520 4750 D GraphicsStats: Buffer count: 8
10-25 21:41:01.082 3099 3099 W libEGL : EGLNativeWindowType 0x7f91413e10 disconnect failed
10-25 21:41:01.102 3099 3099 E VirtualDisplaySurface: VirtualDisplaySurface is deleted,WFDMode 0
10-25 21:41:01.102 4521 4521 E Launcher.Model: onPackageChanged :com.samsung.android.hmt.vrsvc
10-25 21:41:01.102 4521 4601 D LauncherApps: getActivityList callingUid: 0 user: 0
10-25 21:41:01.122 4521 4601 D LauncherApps: getActivityList callingUid: 0 user: 0
10-25 21:41:01.122 4521 4601 D Launcher.MenuWidgetsLoader: packageChanged : com.samsung.android.hmt.vrsvc
10-25 21:41:01.122 4521 4521 D Launcher.MenuWidgetsLoader: MenuWidgetLoade-loadMenuWidgets : false
10-25 21:41:01.142 5110 6835 I Icing : Usage reports 0 indexed 0 rejected 0 imm upload false
10-25 21:41:01.162 5110 18109 W IcingInternalCorpora: getNumBytesRead when not calculated.
10-25 21:41:01.162 4521 4521 D Launcher.MenuWidgetsLoader: MenuWidgetLoader-cancel : com.android.launcher2.MenuWidgetsLoader$LoadMenuWidgetsTask@c139d73 , false
10-25 21:41:01.162 4521 4521 D Launcher.MenuWidgetsLoader: packageChanged : com.samsung.android.app.galaxyfinder
10-25 21:41:01.162 4521 10878 D Launcher.MenuWidgetsLoader: MenuWidgetLoader-start : com.android.launcher2.MenuWidgetsLoader$LoadMenuWidgetsTask@8454430 , false
10-25 21:41:01.172 5110 6835 I Icing : Usage reports 0 indexed 0 rejected 0 imm upload false
10-25 21:41:01.192 17686 17686 I AppsEdgeBroadcastReceiver: onReceive: android.intent.action.PACKAGE_CHANGED
10-25 21:41:01.212 3135 3181 D Sensorhubs: readContextData: 1, 1, 26, 1, 1, 1, 66, -58, 1, 0
10-25 21:41:01.212 3520 4008 D SensorHubManager: onGetSensorHubDataLocked: library(10) = 1, 1, 26, 1, 1, 1, 66, -58, 1, 0
10-25 21:41:01.212 3520 4007 D CAE : onGetSensorHubData(SensorHubParserProvider.java:92) - onGetSensorHubData Event [event buffer len :10], AP_WAKEUP
10-25 21:41:01.212 3520 4007 I CAE : parse(SensorHubParserProvider.java:188) - buffer size = 10
10-25 21:41:01.212 3520 4007 I CAE : parse(SensorHubParserProvider.java:199) - 1, 1, 26, 1, 1, 1, 66, -58, 1, 0,
10-25 21:41:01.212 3520 4007 D CAE : display(ContextProvider.java:375) - ================= ACTIVITY_TRACKER =================
10-25 21:41:01.212 3520 4007 I CAE : display(ContextProvider.java:391) - Accuracy=[0], OperationMode=[0], ActivityType=[1], TimeStamp=[1477456859846]
10-25 21:41:01.212 3520 4010 D SContextService: updateSContext() : event = Activity Tracker
10-25 21:41:01.212 3520 3520 D WifiStateMachine: setWifiScanMove bMove = 0
10-25 21:41:01.212 3520 3520 I WifiStateMachine: not vehicle, sendMessageDelayed CMD_SET_SCAN_MOVE with 0
10-25 21:41:01.212 3520 4046 I WifiStateMachine: DriverStartedState :: CMD_SET_SCAN_MOVE(0)
10-25 21:41:01.212 4319 4319 I wpa_supplicant: @@wpa_supplicant_set_scan_move : set [0]
10-25 21:41:01.232 17702 17702 I TaskEdgeBroadcastReceiver: onReceive:android.intent.action.PACKAGE_CHANGED
10-25 21:41:01.242 17716 17716 D FileShare-Server: ServerBroadcastReceiver.onReceive - action android.intent.action.PACKAGE_CHANGED // package:com.samsung.android.hmt.vrsvc
10-25 21:41:01.242 4521 4521 D Launcher.MenuWidgetsLoader: MenuWidgetLoader-done : com.android.launcher2.MenuWidgetsLoader$LoadMenuWidgetsTask@8454430 , update : false , size : 54
10-25 21:41:01.272 17742 17742 D PackageIntentReceiver: onReceive::android.intent.action.PACKAGE_CHANGED
10-25 21:41:01.272 17742 17742 D PackageIntentReceiver: ACTION_PACKAGE_CHANGED : com.samsung.android.hmt.vrsvc
10-25 21:41:01.272 17742 17742 D PackageIntentReceiver: Not GearManger package!
10-25 21:41:01.282 16548 16548 I SAPackageEventReceiver: The current enabled state for com.samsung.android.hmt.vrsvc : 0
10-25 21:41:01.282 16548 16548 D SAPackageEventReceiver: registerService : com.samsung.android.hmt.vrsvc
10-25 21:41:01.372 22727 18114 I UpdateIcingCorporaServi: Updating corpora: APPS=com.samsung.android.hmt.vrsvc, CONTACTS=MAYBE
10-25 21:41:01.392 5110 6835 I Icing : Usage reports 0 indexed 0 rejected 0 imm upload false
10-25 21:41:01.412 5110 6835 I Icing : Usage reports 0 indexed 0 rejected 0 imm upload false
10-25 21:41:01.432 22727 18114 I UpdateIcingCorporaServi: UpdateCorporaTask done [took 65 ms] updated apps [took 65 ms]
10-25 21:41:01.462 16592 16634 I Quasar : start to send events
10-25 21:41:01.482 16592 16634 I System.out: (HTTPLog)-Static: isSBSettingEnabled false
10-25 21:41:01.482 16592 16634 I System.out: (HTTPLog)-Static: isSBSettingEnabled false
10-25 21:41:01.492 3110 3781 D EnterpriseController: netId is 0
10-25 21:41:01.492 3110 3781 D Netd : getNetworkForDns: using netid 502 for uid 10013
10-25 21:41:01.932 16592 16634 I Quasar : 200:Total 1 client events logged
10-25 21:41:02.172 5110 22137 I Icing : Indexing 84F31B9B811550257F8E65DCF03199089E575834 from com.google.android.gms
10-25 21:41:02.182 5110 22137 I Icing : Indexing done 84F31B9B811550257F8E65DCF03199089E575834
10-25 21:41:02.412 5110 6835 I Icing : Indexing 84F31B9B811550257F8E65DCF03199089E575834 from com.google.android.gms
10-25 21:41:02.422 5110 6835 I Icing : Indexing done 84F31B9B811550257F8E65DCF03199089E575834
10-25 21:41:03.032 22727 22727 I GrammarCompilationSvcCt: #startService for null, APP_NAMES.
10-25 21:41:03.052 22727 18123 I ContextCompilationHandl: Compiling grammar for: en-US, type=APP_NAMES
10-25 21:41:03.112 5110 6496 I Icing : Query from com.google.android.googlequicksearchbox package restrict com.google.android.gms start 0 num 1000
10-25 21:41:03.132 5110 22137 I Icing : Usage reports 0 indexed 0 rejected 0 imm upload true
10-25 21:41:03.132 5110 22137 I Icing : Usage reports 0 indexed 0 rejected 0 imm upload true
10-25 21:41:03.432 22727 18123 E native : :0 Cannot transform: lighting01
10-25 21:41:03.432 22727 18123 W native : :0 Cannot transform: lighting01
10-25 21:41:03.432 22727 18123 E native : :0 Cannot transform: test_demo01
10-25 21:41:03.432 22727 18123 W native : :0 Cannot transform: test_demo01
10-25 21:41:03.482 22727 18123 W native : :0 Phrase not compiled:
10-25 21:41:03.482 22727 18123 W native : written_phrase {
10-25 21:41:03.482 22727 18123 W native : weight: 1
10-25 21:41:03.482 22727 18123 W native : written_word: "lighting01"
10-25 21:41:03.482 22727 18123 W native : original_phrase: "lighting01"
10-25 21:41:03.482 22727 18123 W native : }
10-25 21:41:03.482 22727 18123 W native : spoken_phrase {
10-25 21:41:03.482 22727 18123 W native : spoken_forms {
10-25 21:41:03.482 22727 18123 W native : variant: "lighting01"
10-25 21:41:03.482 22727 18123 W native : }
10-25 21:41:03.482 22727 18123 W native : }
10-25 21:41:03.482 22727 18123 W native :
10-25 21:41:03.482 22727 18123 W native : Unknown grapheme: '0'
10-25 21:41:03.482 22727 18123 W native : :0 Phrase not compiled:
10-25 21:41:03.482 22727 18123 W native : written_phrase {
10-25 21:41:03.482 22727 18123 W native : weight: 1
10-25 21:41:03.482 22727 18123 W native : written_word: "test_demo01"
10-25 21:41:03.482 22727 18123 W native : original_phrase: "test_demo01"
10-25 21:41:03.482 22727 18123 W native : }
10-25 21:41:03.482 22727 18123 W native : spoken_phrase {
10-25 21:41:03.482 22727 18123 W native : spoken_forms {
10-25 21:41:03.482 22727 18123 W native : variant: "testdemo01"
10-25 21:41:03.482 22727 18123 W native : }
10-25 21:41:03.482 22727 18123 W native : }
10-25 21:41:03.482 22727 18123 W native :
10-25 21:41:03.482 22727 18123 W native : Unknown grapheme: '0'
10-25 21:41:03.562 4425 4425 D WfcPhoneStateListener: onSignalStrengthsChanged(): signal strength did not change
10-25 21:41:03.562 4130 4343 D NetworkController.MobileSignalController(0/2147483643): onSignalStrengthsChanged signalStrength=SignalStrength: 18 99 -18 -200 -18 -200 -1 99 2147483647 2147483647 2147483647 2147483647 2147483647 0x5 gsm|lte level=5
10-25 21:41:03.562 4130 4343 D NetworkController.MobileSignalController(0/2147483643): getMobileIconGroup(): 0
10-25 21:41:03.562 4130 4343 D NetworkController.MobileSignalController(0/2147483643): updateTMOMobileIconGroup(): 0
10-25 21:41:03.602 3520 3520 I Tethering: BATTERY_CHANGED, level = 100lowBatteryThreshold = 15
10-25 21:41:03.602 4130 4130 D KeyguardUpdateMonitor: received broadcast android.intent.action.BATTERY_CHANGED
10-25 21:41:03.602 4130 4130 D KeyguardUpdateMonitor: handleBatteryUpdate
10-25 21:41:03.612 4590 4590 D BatteryMonitor: new battery level: 100
10-25 21:41:04.882 4521 4521 V LauncherAppWidgetHostView: calculateWidgetSize: (target widgetsize) using w/h 1359 712 span 5 2 (widgetid 3) [current Gridsize : GRID_5x5]
10-25 21:41:04.882 4521 4521 D LauncherAppWidgetHostView: calculateWidgetSize() widget = T-Mobile TV(widget id = 3) result hostview size = 1771 x 927
10-25 21:41:04.882 4521 4521 D LauncherAppWidgetHostView: setResizeScaleResult() 1771/ 927 scaleToResize = 0.7673631(widget id = 3)
10-25 21:41:06.192 3135 3181 D Sensorhubs: readContextData: 1, 1, 26, 1, 1, 1, 86, 58, 1, 1
10-25 21:41:06.202 3520 4008 D SensorHubManager: onGetSensorHubDataLocked: library(10) = 1, 1, 26, 1, 1, 1, 86, 58, 1, 1
10-25 21:41:06.202 3520 4007 D CAE : onGetSensorHubData(SensorHubParserProvider.java:92) - onGetSensorHubData Event [event buffer len :10], AP_WAKEUP
10-25 21:41:06.202 3520 4007 I CAE : parse(SensorHubParserProvider.java:188) - buffer size = 10
10-25 21:41:06.202 3520 4007 I CAE : parse(SensorHubParserProvider.java:199) - 1, 1, 26, 1, 1, 1, 86, 58, 1, 1,
10-25 21:41:06.202 3520 4007 D CAE : display(ContextProvider.java:375) - ================= ACTIVITY_TRACKER =================
10-25 21:41:06.202 3520 4007 I CAE : display(ContextProvider.java:391) - Accuracy=[1], OperationMode=[0], ActivityType=[1], TimeStamp=[1477456864826]
10-25 21:41:06.202 3520 4010 D SContextService: updateSContext() : event = Activity Tracker
10-25 21:41:07.272 17378 17580 I System.out: (HTTPLog)-Static: isSBSettingEnabled false
10-25 21:41:07.272 17378 17580 I System.out: (HTTPLog)-Static: isSBSettingEnabled false
10-25 21:41:07.272 3110 3781 D EnterpriseController: netId is 0
10-25 21:41:07.272 3110 3781 D Netd : getNetworkForDns: using netid 502 for uid 10220
10-25 21:41:07.582 17378 17580 I WakeupUtil: Call Home wakeup for: DO_LOGGING
10-25 21:41:08.322 3520 3520 I Tethering: BATTERY_CHANGED, level = 100lowBatteryThreshold = 15
10-25 21:41:08.322 4130 4130 D KeyguardUpdateMonitor: received broadcast android.intent.action.BATTERY_CHANGED
10-25 21:41:08.322 4130 4130 D KeyguardUpdateMonitor: handleBatteryUpdate
10-25 21:41:08.352 4590 4590 D BatteryMonitor: new battery level: 100
10-25 21:41:09.072 18130 18130 E Zygote : v2
10-25 21:41:09.072 18130 18130 I SELinux : Function: selinux_compare_spd_ram, index[1], SPD-policy is existed. and_ver=SEPF_SECMOBILE_6.0.1 ver=11
10-25 21:41:09.072 18130 18130 W SELinux : Function: selinux_compare_spd_ram, index[1], priority [2], priority version is VE=SEPF_SECMOBILE_6.0.1_0013
10-25 21:41:09.072 18130 18130 E Zygote : accessInfo : 0
10-25 21:41:09.072 18130 18130 W SELinux : SELinux: seapp_context_lookup: seinfo=platform, level=s0:c512,c768, pkgname=com.samsung.enhanceservice
10-25 21:41:09.112 18130 18130 D TimaKeyStoreProvider: TimaSignature is unavailable
10-25 21:41:09.112 18130 18130 D ActivityThread: Added TimaKeyStore provider
10-25 21:41:09.142 18130 18130 I InjectionManager: Inside getClassLibPath + mLibMap{0=, 1=}
10-25 21:41:09.152 18130 18130 I InjectionManager: Inside getClassLibPath caller
10-25 21:41:09.162 18130 18130 W System : ClassLoader referenced unknown path: /system/priv-app/EnhanceService/lib/arm64
10-25 21:41:09.162 18130 18130 D InjectionManager: InjectionManager
10-25 21:41:09.162 18130 18130 D InjectionManager: fillFeatureStoreMap com.samsung.enhanceservice
10-25 21:41:09.162 18130 18130 I InjectionManager: Constructor com.samsung.enhanceservice, Feature store :{}
10-25 21:41:09.162 18130 18130 I InjectionManager: featureStore :{}
10-25 21:41:09.172 18130 18130 I EnhanceService: [EnhanceService] onbind () called
10-25 21:41:09.182 17001 17001 I ServiceManager: [#CMH#] Bound to Package com.samsung.enhanceservice
10-25 21:41:09.192 18130 18130 I EnhanceService: [EnhanceService] onSetResponseHandler () called
10-25 21:41:10.192 17001 17048 I ReschedulableTimer: [#CMH#] ReschedulableTimer started
10-25 21:41:10.882 4521 4521 V LauncherAppWidgetHostView: calculateWidgetSize: (target widgetsize) using w/h 1359 712 span 5 2 (widgetid 3) [current Gridsize : GRID_5x5]
10-25 21:41:10.882 4521 4521 D LauncherAppWidgetHostView: calculateWidgetSize() widget = T-Mobile TV(widget id = 3) result hostview size = 1771 x 927
10-25 21:41:10.882 4521 4521 D LauncherAppWidgetHostView: setResizeScaleResult() 1771/ 927 scaleToResize = 0.7673631(widget id = 3)
10-25 21:41:16.902 4521 4521 V LauncherAppWidgetHostView: calculateWidgetSize: (target widgetsize) using w/h 1359 712 span 5 2 (widgetid 3) [current Gridsize : GRID_5x5]
10-25 21:41:16.902 4521 4521 D LauncherAppWidgetHostView: calculateWidgetSize() widget = T-Mobile TV(widget id = 3) result hostview size = 1771 x 927
10-25 21:41:16.902 4521 4521 D LauncherAppWidgetHostView: setResizeScaleResult() 1771/ 927 scaleToResize = 0.7673631(widget id = 3)
10-25 21:41:17.712 3520 3603 E SmartFaceManager: checkForSmartStay S
10-25 21:41:17.722 3520 3603 D SmartFaceManager: Sending smart-stay-framecount-reset: to service
10-25 21:41:17.762 28775 28793 E SecCamera-JNI-Java: SecCamera.open()
10-25 21:41:17.772 3126 5080 I CameraService: CameraService::connect call (PID 28775 "com.samsung.android.smartface", camera ID 1) for HAL version default and Camera API version 1
10-25 21:41:17.772 3520 4604 I EDMNativeHelperService: isCameraEnabled
10-25 21:41:17.782 3126 5080 E CameraService: companion_disable property set to enable
10-25 21:41:17.792 3126 5080 I CameraService: Country code is USA
10-25 21:41:17.792 3126 5080 V CameraService: startCameraOps: Start camera ops, package name = com.samsung.android.smartface, client UID = 1000
10-25 21:41:17.792 3126 18143 V MediaPlayer: constructor
10-25 21:41:17.792 3126 18143 E Parcel : Reading a NULL string not supported here.
10-25 21:41:17.792 3126 18143 V MediaPlayerService: Create new client(189) from pid 3126, uid 1013,
10-25 21:41:17.792 3126 18143 I MediaPlayerService: Setting player type to NuPlayer
10-25 21:41:17.792 3126 18143 V MediaPlayerService: player type = 4
10-25 21:41:17.792 3126 18143 V NuPlayerDriver: NuPlayerDriver(0xf178c080)
10-25 21:41:17.792 3126 18143 V AudioSink: AudioOutput(525)
10-25 21:41:17.792 3126 18144 V NuPlayer: kWhatSetAudioSink
10-25 21:41:17.792 3126 18143 V NuPlayerDriver: setDataSource(0xf178c080) url()
10-25 21:41:17.792 3126 18143 V GenericSource: setDefault
10-25 21:41:17.792 3126 18143 V NuPlayer: url=/system/media/audio/ui/Shutter.ogg
10-25 21:41:17.792 3126 18144 V NuPlayer: kWhatSetDataSource
10-25 21:41:17.792 3126 18143 V MediaPlayerService: [189] getParameter(31700)
10-25 21:41:17.792 3126 18143 V MediaPlayer: MediaPlayer::setAudioStreamType
10-25 21:41:17.792 3126 18143 V MediaPlayer: prepare
10-25 21:41:17.792 3126 18143 V MediaPlayerService: [189] setAudioStreamType(1)
10-25 21:41:17.792 3126 18143 V MediaPlayerService: [189] prepareAsync
10-25 21:41:17.792 3126 18143 V NuPlayerDriver: prepareAsync(0xf178c080)
10-25 21:41:17.802 3126 18144 V GenericSource: [Flag] set 0x8 -> mFlags = 0x8
10-25 21:41:17.802 3126 18145 V GenericSource: onPrepareAsync
10-25 21:41:17.802 3126 5080 D SecCameraCoreManager: !@ SecCameraCoreManager created: pid=3126, cameraId=1
10-25 21:41:17.802 3126 5080 E SecCameraCoreManager: initialize1
10-25 21:41:17.802 3126 5080 I SecCameraCoreManager: Opening camera 1
10-25 21:41:17.802 3126 5080 I Samsung_HAL_V1: [OpenLagacy_v1][610] name(1) cameraId(1) EnableLog_v1(0)
10-25 21:41:17.802 3126 5080 I ExynosCamera3Interface: INFO(HAL_open_legacy[443]):in =====
10-25 21:41:17.802 3126 5080 I ExynosCamera3Interface: INFO(HAL_open_legacy[463]):out =====
10-25 21:41:17.802 3126 5080 I ExynosCamera3Interface: INFO(HAL_camera_device_open[624]):camera(1) in
10-25 21:41:17.802 3126 5080 D ExynosCamera3Interface: DEBUG(check_camera_state):camera(1) state(1) checking...
10-25 21:41:17.802 3126 5080 D ExynosCamera3Interface: DEBUG(check_camera_state):camera(1) state(3:CLOSED->1:OPENED) is valid
10-25 21:41:17.802 3126 5080 D ExynosCamera3Interface: DEBUG(HAL_camera_device_open):open camera 1
10-25 21:41:17.802 3126 5080 E ExynosCamera: Build Date is (Aug 29 2016) (20:29:56)
10-25 21:41:17.802 3126 5080 D ExynosCameraUtils: DEBUG(checkAndroidVersion[2056]): Tartget Android version (4.4), build version (6.0.1)
10-25 21:41:17.802 3126 5080 I ExynosCamera: [CAM_ID(1)][]-INFO(ExynosCamera):cameraId(1), use_companion(1)
10-25 21:41:17.802 3126 5080 D ExynosCamera: [CAM_ID(1)][]-DEBUG(ExynosCamera): companionThread starts
10-25 21:41:17.802 3126 18145 I OggExtractor: OggSource::OggSource() mExtractor ref count = 4
10-25 21:41:17.802 3126 18145 I AnotherPacketSource: setFormat() audio
10-25 21:41:17.802 3126 18145 V GenericSource: setDefault
10-25 21:41:17.802 3126 18145 I GenericSource: ORmode enable : mUnsupportedAudio = 0 mUnsupportedVideo = 0 mHaveAudio = 1 mHaveVideo = 0
10-25 21:41:17.802 3126 18144 V NuPlayer: prepare posted successfully.
10-25 21:41:17.802 3126 18145 V GenericSource: onPrepareAsyncEvent() done
10-25 21:41:17.802 3126 5080 D ExynosCameraSensorInfo: createSensorInfo[34] sensor ID(21)
10-25 21:41:17.812 3126 18144 V NuPlayer: mUnsupportedAudio = 0, mUnsupportedVideo = 0, mHaveAudioTrack = 1, mHaveVideoTrack = 0
10-25 21:41:17.812 3126 18144 V NuPlayer: msg : 200, ext1 : 10973, ext2 : 0
10-25 21:41:17.812 3126 18144 D NuPlayerDriver: notifyListener_l(0xf178c080), (200, 10973, 0)
10-25 21:41:17.812 3126 18144 V MediaPlayerService: [189] notify (0xe8954580, 200, 10973, 0)
10-25 21:41:17.812 3126 18144 V MediaPlayer: message received msg=200, ext1=10973, ext2=0
10-25 21:41:17.812 3126 18144 W MediaPlayer: info/warning (10973, 0)
10-25 21:41:17.812 3126 18144 V NuPlayer: extractMetadata Tracks : 1
10-25 21:41:17.812 3126 18144 V NuPlayer: enableInbandTextFromExtr
10-25 21:41:17.812 3126 18144 D NuPlayerDriver: notifyListener_l(0xf178c080), (1, 0, 0)
10-25 21:41:17.812 3126 18144 V MediaPlayerService: [189] notify (0xe8954580, 1, 0, 0)
10-25 21:41:17.812 3126 18144 V MediaPlayer: message received msg=1, ext1=0, ext2=0
10-25 21:41:17.812 3126 18144 V MediaPlayer: prepared
10-25 21:41:17.812 3126 18144 V MediaPlayer: signal application thread
10-25 21:41:17.812 3126 18143 V MediaPlayer: prepare complete - status=0
10-25 21:41:17.812 3126 18143 V MediaPlayer: constructor
10-25 21:41:17.812 3126 18143 E Parcel : Reading a NULL string not supported here.
10-25 21:41:17.812 3126 18143 V MediaPlayerService: Create new client(190) from pid 3126, uid 1013,
10-25 21:41:17.812 3126 18143 I MediaPlayerService: Setting player type to NuPlayer
10-25 21:41:17.812 3126 18143 V MediaPlayerService: player type = 4
10-25 21:41:17.812 3126 5080 I ExynosCameraParameters: [CAM_ID(1)][ParametersFront]-DEBUG(m_setParamCropRegion):size0(2592, 1950, 2560, 1920)
10-25 21:41:17.812 3126 5080 I ExynosCameraParameters: [CAM_ID(1)][ParametersFront]-DEBUG(m_setParamCropRegion):size(0, 0, 2592, 1950), level(0)
10-25 21:41:17.812 3126 18143 V NuPlayerDriver: NuPlayerDriver(0xf178cee0)
10-25 21:41:17.812 3126 18146 I ExynosCamera: [CAM_ID(1)][]-INFO(m_companionThreadFunc[11646]):
10-25 21:41:17.812 3126 5080 I ExynosCameraParameters: [CAM_ID(1)][ParametersFront]-INFO(setDefaultCameraInfo[616])
