10-25 21:52:39.332 4523 4523 D TrayStateController: putInputRect mDynamicInputRegion=4221932@LastEvent=t=1477457523914Rect(18, 0 - 67, 588),Rect=Rect(0, 0 - 0, 0)
10-25 21:52:39.332 4523 4523 D TrayStateController: putInputRect mDynamicInputRegion=4221932@LastEvent=t=1477457523914Rect(18, 0 - 67, 588),Rect=Rect(18, 0 - 67, 588)
10-25 21:52:39.332 4523 4523 D TrayStateTrigger: getTriggerMaginOnTop retY=258 h=2560 t=258 trigger=291 getTriggerPosition=0
10-25 21:52:39.332 4521 4521 D Launcher: onStart, Launcher: 137483200
10-25 21:52:39.332 4521 4521 D Launcher.HomeView: onStart
10-25 21:52:39.332 4521 4521 D Launcher: onResume, Launcher: 137483200
10-25 21:52:39.332 3520 4533 D SecContentProvider: query(), uri = 17 selection = isSettingsChangesAllowed
10-25 21:52:39.332 4130 4343 D NetworkController.MobileSignalController(0/2147483643): getMobileIconGroup(): 0
10-25 21:52:39.332 4130 4343 D NetworkController.MobileSignalController(0/2147483643): updateTMOMobileIconGroup(): 0
10-25 21:52:39.332 4130 4130 D ImageWallpaper: mNewKeyboard : 0 mLastKeyboard : 0
10-25 21:52:39.332 4130 4130 D WallpaperService: MSG_WINDOW_RESIZED
10-25 21:52:39.332 4523 4523 D TrayStateController: setUiState: 2 --> 0
10-25 21:52:39.332 4371 4371 D PeopleStripeManager: onVisibilityChanged : 1
10-25 21:52:39.332 4371 4371 D PeopleStripeVisibilityController: setHiddenEdgePanel enable=false
10-25 21:52:39.332 4371 4371 I PeopleStripeVisibilityController: getComputedTrayVisible : keyguardState = 1
10-25 21:52:39.332 4371 4371 I PeopleStripeVisibilityController: isVisibleByAlwaysOn : mState = 1
10-25 21:52:39.332 3520 3520 E Tethering: No numeric data
10-25 21:52:39.332 4521 4521 D Launcher.HomeView: onResume
10-25 21:52:39.332 4521 4601 D Launcher.Model: hostView re-update!!
10-25 21:52:39.332 4130 4233 D vol.VolumeDialogControl: onReceive ACTION_CONFIGURATION_CHANGED
10-25 21:52:39.332 4130 2015 D vol.VolumeDialogControl.VC: setLayoutDirection
10-25 21:52:39.332 4130 4130 D Recents : handleProxyCall type=6
10-25 21:52:39.332 3520 4533 D SettingsProvider: isChangeAllowed() : name = kids_home_mode
10-25 21:52:39.332 3520 4533 D SettingsProvider: edmUri: content://com.sec.knox.provider/RestrictionPolicy3
10-25 21:52:39.332 3520 4533 D SettingsProvider: projectionArgs: isSettingsChangesAllowed
10-25 21:52:39.332 3520 4533 D SettingsProvider: selectionArgs: false
10-25 21:52:39.332 3520 4533 D SettingsProvider: selectionArgs: 10075
10-25 21:52:39.332 3520 4925 D PowerManagerService: [api] setButtonBrightnessLimit: 255
10-25 21:52:39.332 3520 4069 I AbsCocktailBarStatePolicy: handleMessage: entry what = 1
10-25 21:52:39.332 3520 4533 D SettingsProvider: ret = -1
10-25 21:52:39.332 4523 4523 W ResourcesManager: getTopLevelResources: /system/priv-app/AppsEdgePanel/AppsEdgePanel.apk / 1.0 running in com.samsung.android.app.cocktailbarservice rsrc of package com.samsung.android.app.appsedge
10-25 21:52:39.332 4523 4523 W ResourcesManager: getTopLevelResources: /system/priv-app/AppsEdgePanel/AppsEdgePanel.apk / 1.0 running in com.samsung.android.app.cocktailbarservice rsrc of package com.samsung.android.app.appsedge
10-25 21:52:39.342 4523 4523 D PanelDescriptionView: updateHelpView: Apps edge-1 --> 2130903045 helpview applied:2
10-25 21:52:39.342 4523 4523 D TrayStateController: putInputRect mDynamicInputRegion=4221932@LastEvent=t=1477457523914Rect(18, 0 - 67, 588),Rect=Rect(0, 0 - 0, 0)
10-25 21:52:39.342 4523 4523 D TrayStateController: putInputRect mDynamicInputRegion=4221932@LastEvent=t=1477457523914Rect(18, 0 - 67, 588),Rect=Rect(18, 0 - 67, 588)
10-25 21:52:39.342 4523 4523 D TrayStateTrigger: getTriggerMaginOnTop retY=258 h=2560 t=258 trigger=291 getTriggerPosition=0
10-25 21:52:39.342 18497 18497 D [WeatherWidget(1177)] : {[5FB78522D7A85F98B5B0A93AC4ACDBBCF50D869C021BA0793F15AA9621CEEC24]}
10-25 21:52:39.342 4371 4371 I PeopleStripeProcessMonitor: isPeopleStripeTask packageName = com.sec.android.app.launcher 0
10-25 21:52:39.342 4130 4130 V WallpaperService: Wallpaper size has changed: (2560, 2560
10-25 21:52:39.342 4130 4130 D ImageWallpaper: onSurfaceRedrawNeeded: newRotation:1
10-25 21:52:39.342 18497 18497 D [WeatherWidget(1177)] : {[83B63E52DE8FBFF1D8E162345F4966B8F5BB4B9B5D09476DBE6BE441AE4FB0BA]}
10-25 21:52:39.342 4130 4130 D ImageWallpaper: updateSurfaceSize Width : 2560 Height: 2560
10-25 21:52:39.342 4130 4130 D ImageWallpaper: drawFrame() mXOffset:0.0 mYOffset:0.0
10-25 21:52:39.342 4130 4130 D libEGL : eglInitialize EGLDisplay = 0x7ffcac3728
10-25 21:52:39.342 3099 3099 I SurfaceFlinger: id=909 createSurf (67x588),1 flag=4, DocktailBar
10-25 21:52:39.342 4521 4521 D capture : ---------checkFileExist land
10-25 21:52:39.342 4521 4521 D capture : currentOrientation: 1 mMainHomeScreenshot: false mMainHomeScreenshotLand: true
10-25 21:52:39.342 4130 4130 D : ro.exynos.dss isEnabled: 0
10-25 21:52:39.342 4523 4523 W ResourcesManager: getTopLevelResources: /system/priv-app/AppsEdgePanel/AppsEdgePanel.apk / 1.0 running in com.samsung.android.app.cocktailbarservice rsrc of package com.samsung.android.app.appsedge
10-25 21:52:39.342 18559 18572 E SmartFaceService: onReceive: android.intent.action.CONFIGURATION_CHANGED
10-25 21:52:39.342 18559 18572 E SmartFaceService: mFolderCoverOpened: (true, true) -> true
10-25 21:52:39.342 3520 3581 V MARsPolicyManager: updatePackagesScore PackageInfo name -- com.sec.android.app.launcher
10-25 21:52:39.342 3520 8428 D GameManagerService: identifyGamePackage. com.sec.android.app.launcher
10-25 21:52:39.352 18319 18353 D mali_winsys: new_window_surface returns 0x3000, [1440x2560]-format:1
10-25 21:52:39.352 4130 4130 D mali_winsys: new_window_surface returns 0x3000, [2560x2560]-format:2
10-25 21:52:39.352 4130 4130 D ImageWallpaper: drawWallpaperWithOpenGL() w:0 h:0 left:0 top:0
10-25 21:52:39.352 18497 18497 D [WeatherWidget(1177)] : {[73EAB9A6B1C382E6796BBD18F89C762CB8826FE94261435D33620C0FB53A2D6E992CE234CCC952459B361995F38476E4CCE6370DB5B24EBAB74F11661264211A0FEBC7F8ADC98F0975ADDFD8678EF787]}
10-25 21:52:39.352 18497 18497 D [WeatherWidget(1177)] : {[5CB09D66338B7398169B8C00C155C34CAAAC85A3C4F67FDC3FB8C85BFFFD962A15789C38818043DB621116B34600440835F63609F4B0175BC5CECD5656D7E6E7FAA6CBC7F8258CDCD288333E6B66A7CB]}
10-25 21:52:39.362 3520 5770 V WindowStateAnimator: Finishing drawing window Window{c04f3e4 u0 d0 com.samsung.android.hmt.vrsvc/com.samsung.android.hmt.vrsvc.MonoActivity}: mDrawState=DRAW_PENDING
10-25 21:52:39.362 4130 4417 D BluetoothTile: handleUpdateState : supported = true, enabled = false, enabling = false, connected = false, connecting = false, mController.getLastDeviceName() = null
10-25 21:52:39.362 4371 4371 I PeopleStripeVisibilityController: updateStripeVisible : State 1 visible = 1
10-25 21:52:39.362 4371 4371 I PeopleStripeManager: isExistVisibleHandler false
10-25 21:52:39.362 4371 4371 I PeopleStripeManager: showStripe Not exist noti handler.
10-25 21:52:39.362 4523 4592 D mali_winsys: new_window_surface returns 0x3000, [67x588]-format:1
10-25 21:52:39.362 18497 18497 D [WeatherWidget(1177)] WeatherAppWidget: {[9C41A2EAFAAB2EF4F8363256C22FE8AD77C418E007EEAF217F7124782512510D5FF1BCC728C3459B62F4E1C3B3D02A62A2335BF9341587AF4E10C9796CC483FD63A8CA65E4E6C2B6A91A14EE4080E9FB282A73064BEB7D75C3409D6B824769E0]}
10-25 21:52:39.362 3099 3099 D libEGL : eglInitialize EGLDisplay = 0x7fc6961138
10-25 21:52:39.362 3099 3099 D libEGL : eglTerminate EGLDisplay = 0x7fc69611c8
10-25 21:52:39.362 4523 4523 E AbstractCocktailPanelView: notifyPanelVisibilityChanged: visibility not changed 2 id: 8
10-25 21:52:39.362 4523 4523 D CocktailBarUiController: onCocktailBarStateChanged: flag=0x1 vis=1 bgType=0 showTimeout=-1 activate=true
10-25 21:52:39.362 18497 18497 D [WeatherWidget(1177)] : {[DF00664B5BF2DD508EC3D0ADB8B43C9FB429631765284D8658CE62A4AFFAA963]}
10-25 21:52:39.362 4523 4523 D ViewRootImpl: MSG_RESIZED_REPORT: ci=Rect(0, 0 - 0, 0) vi=Rect(0, 0 - 0, 0) or=1
10-25 21:52:39.362 18497 18497 D [WeatherWidget(1177)] : {[8BC4F3B493110DBD6F0E682919A52E45885466D40574188D1F45AAC8ED33A34C081C46F8165088D41BB62F3BCAE82FE48F2C49AD51313F605BAEDCF6065FE9904F955816D63DEAB312DB542C09A47600]}
10-25 21:52:39.362 3520 3581 V BroadcastQueue: [background] Process cur broadcast BroadcastRecord{7c758bc u0 diagandroid.app.ApplicationState qIdx=4}, state= (APP_RECEIVE) DELIVERED for app ProcessRecord{30fcfbb 20025:com.tmobile.pr.mytmobile/u0a0}
10-25 21:52:39.362 3520 3581 V BroadcastQueue: [foreground] Process cur broadcast BroadcastRecord{a524045 u0 android.appwidget.action.APPWIDGET_UPDATE_OPTIONS qIdx=2}, state= (APP_RECEIVE) DELIVERED for app ProcessRecord{575d246 18497:com.sec.android.daemonapp/u0a205}
10-25 21:52:39.362 3520 4044 D NetworkPolicy: isUidForegroundLocked: 10078, mScreenOn: true, uidstate: 2, mProxSensorScreenOff: false
10-25 21:52:39.362 3520 4044 D NetworkPolicy: isUidForegroundLocked: 10273, mScreenOn: true, uidstate: 16, mProxSensorScreenOff: false
10-25 21:52:39.372 18497 18497 D [WeatherWidget(1177)] : {[9C41A2EAFAAB2EF4F8363256C22FE8AD57A39D51D3ABD08841ED778A2193E702E22600F4BD54C7DA832C5CFED38329ED913432537E8C51D69CF6E2640D7EB9EB4359A81E3FB283A8C276F6C712C2A497]}
10-25 21:52:39.372 18497 18497 D [WeatherWidget(1177)] : {[DF00664B5BF2DD508EC3D0ADB8B43C9FB429631765284D8658CE62A4AFFAA963]}
10-25 21:52:39.372 18497 18497 D [WeatherWidget(1177)] : {[79F20C3F50391A44F9DF82E8568310884AED2E4B3EDF06FE0EE72EE65A0EAEF5454F614B9A3BF06B8EA0D40C788EFC54686F42A8696B81CA1764648D9E53C322BA80A62BD5F840759A86BD49216D9356]}
10-25 21:52:39.372 18497 18497 D [WeatherWidget(1177)] : {[98A4B9CAC31FF4C9376252668C7449E51534577367E6FE7A2D22592739100CAAA343AD28B759F6D7A973297C79AF7A950759666C13781F3DDF0AFBF13F6912C1]}
10-25 21:52:39.372 4521 4521 D MenuAppsGridFragment: onResume
10-25 21:52:39.372 4521 4521 D MenuAppsGridFragment: changeState: (new)NORMAL(old)NORMAL(force)false
10-25 21:52:39.372 4521 4521 D Launcher.MenuAppsGrid: onConfigurationChanged MobileKeyboardChanged : false
10-25 21:52:39.372 4521 4521 D Launcher.MenuAppsGrid: updateGridSize:GRID_5x5 cellWidth:287 cellHeight:441
10-25 21:52:39.372 18497 18497 D [WeatherWidget(1177)] : {[4A8F887C5A79941AD413640B554E6A9B2D7AA61AFAC6E06648B40FCA4741AD6DEF5CB8EA7D5D3CEDD1605E8FEFB3659D03AFF407C5BCD6166D58D3316AA198D4ED62D576B9A2B9991F3856B2CBF352EE32D19FD2B84229B3F686B26A205614C0AC6536A1C0B67D6B4F364204F58B1F59826662EBDEC58B1756DF03584CFF1563B41B4A44F66AFB50648A9737329DF6291F6C7BF64FAD8B01C1E4F2CC934C5CFDFF53A91ECE09257A9CCCD0470CF51C30BE96EE0A24FE3BE0561D64771BBE284968F551CF4CC2F8F9F143094C6F4B404038D44D8C0CEAC18ACFD53BBEEA7F0A43]}
10-25 21:52:39.372 18497 18497 D [WeatherWidget(1177)] : {[73EAB9A6B1C382E6796BBD18F89C762CB8826FE94261435D33620C0FB53A2D6E992CE234CCC952459B361995F38476E4CCE6370DB5B24EBAB74F11661264211A0FEBC7F8ADC98F0975ADDFD8678EF787]}
10-25 21:52:39.372 18497 18497 D [WeatherWidget(1177)] : {[DA32A0F25F342F8016C8E4777E49B5F232EF6C0464FAD63D2E03A2D78521548718774E812FE4C1AD44AD7EE23650DE04]}
10-25 21:52:39.372 18497 18497 D [WeatherWidget(1177)] : {[30345435FB868EA2B7B25AF03EA19797093977856FBF5CDBC961FAAEF0F2ACE9]}
10-25 21:52:39.372 18497 18497 D [WeatherWidget(1177)] : {[73EAB9A6B1C382E6796BBD18F89C762CB8826FE94261435D33620C0FB53A2D6E992CE234CCC952459B361995F38476E4CCE6370DB5B24EBAB74F11661264211A0FEBC7F8ADC98F0975ADDFD8678EF787]}
10-25 21:52:39.372 18497 18497 D [WeatherWidget(1177)] : {[9FB27AF96A3460EBA2EF737E7BD1225357BF86C06DF9B1F2F6CA5C3D40D81D4C8D689882BA747DEDEDC0129E18B2CB075BE30AB4436960EF4B6AF8D3C1C65CCA]}
10-25 21:52:39.372 18497 18497 D [WeatherWidget(1177)] : {[7E49FF3321088531596C9B7C60C6CB13F2F64C9F1E3D137D4745E449E85B3DA726071F716F8FE3D1AC7A2029E5B7D6F2]}
10-25 21:52:39.372 18497 18497 D [WeatherWidget(1177)] : {[891A1A63A745C85D658E5B35E40158D130B02FB8DFC4D04F1A5FF889FA676753C3D02A1FD81D4AC32946472D36B70485B566A5E2A59040DBDAA1A16BE04CF787]}
10-25 21:52:39.372 18497 18497 D [WeatherWidget(1177)] : {[0F89E4659C793AB05BC1450DC633FD2BCAE8D252B9718E8BD3B89A605CA65B3DE2E4874F8BE8C284E758FF6BF3F45306]}
10-25 21:52:39.372 18497 18497 D [WeatherWidget(1177)] : {[F0673552CB76ECBB94655C12B98AE55FE1543CF3F666676BA6D0CCC58FBEEC4C58C647013D728C5109795E821E795B0D]}
10-25 21:52:39.382 18497 18497 D [WeatherWidget(1177)] : {[82F97B3D98DD1500ADB438FAC62490BC65234462363AAAD3CD45BAF555665F79331F54213A20372D41AAD0155AE1850A]}
10-25 21:52:39.382 18497 18497 D [WeatherWidget(1177)] : {[9D0CFECA4ED6A2A5833D871EA0EA3DFA97030459EA35269EFCE8BD8DE322B1FF419167CBB73549F4ECE00E09DF7F8DEB]}
10-25 21:52:39.382 18497 18497 D [WeatherWidget(1177)] : {[2A8463536DE7B6B6177F9E654079EB7920014A636ED295E867533A82068A0EA72F100D08BBA11563F1B97C74261CE7AE]}
10-25 21:52:39.382 18497 18497 D [WeatherWidget(1177)] : {[513935A50155FB8ED96AEF8FAA02F4C503EBA045D5A20EA21588F513B0BBCEF5978AEB5CFEE9E1A55315CC49E5351809]}
10-25 21:52:39.382 18497 18497 D [WeatherWidget(1177)] : {[AADA8E11BED18B9FC7DEE95D7DD324510ED96F72C0D8ACEED80595BBBC84B76F7CC83B1B637A499F4C041F7D9B33FFB1]}
10-25 21:52:39.382 18497 18497 D [WeatherWidget(1177)] : {[1DA75A4D4203EB86B8D84545A59EC8B643EB62FBAE998C24111809616B596F5CFE646FD657DF548620F6E285437A9FBF]}
10-25 21:52:39.382 18497 18497 D [WeatherWidget(1177)] : {[BB131508F63C73DC0ABD14BDBC0CA587F5FCB661C08B5067267918E9FA5A4959]}
10-25 21:52:39.382 18497 18497 D [WeatherWidget(1177)] : {[319CE276A6FC5261F27EF7613AEE2A2B95A5B5602264331BBA6451B2FD7B76568960A78DE09C855D77F5A4A80B88F673C986C05EB2FBC7372A3845D59AF732F1]}
10-25 21:52:39.382 18497 18497 D [WeatherWidget(1177)] : {[BAC8F9A292C96546468D59E48F4705D2208889905CFFC733E22333B1BF606B9A096E4B708AA856072400CC599BA23579]}
10-25 21:52:39.382 18497 18497 D [WeatherWidget(1177)] : {[59A9DDB51731907C1B6E6FA645FE8EBB27EC23BC95B3CAAE0FE62176AA1E092A]}
10-25 21:52:39.382 18497 18497 D [WeatherWidget(1177)] : {[87D956A96320CCDB7808C88A61B53825139E025C666E2C700ECC9384DA17A9FE769F8C4DE9657EE68F3E147DFBD6D9E2]}
10-25 21:52:39.382 18497 18497 D [WeatherWidget(1177)] : {[F4D818DE6762182B65BB70ED58740D9D8CAD86123574BBF3CE7052FF04DD4C63FCA16398ADFC0016B76DD6065DFEC586]}
10-25 21:52:39.382 18497 18497 D [WeatherWidget(1177)] : {[C36421F583CFA674400E19946906844DB5D8688AAEF80A9C5D7E7AB946067C9B3458BE529FFF85EB93C49D89093F97AE]}
10-25 21:52:39.382 3099 3099 D libEGL : eglInitialize EGLDisplay = 0x7fc6961138
10-25 21:52:39.382 3099 3099 D libEGL : eglInitialize EGLDisplay = 0x7fc6961138
10-25 21:52:39.382 18497 18497 D [WeatherWidget(1177)] : {[4EC178DE2094A94D38E010FBFB5275EA362CCD0DEBAB5BAF6DA8A394B0E7B5E252FEB4AD6D8C32FD34300DEAA817E3EA]}
10-25 21:52:39.382 3520 4287 V WindowStateAnimator: Finishing drawing window Window{b16dbbe u0 d0 com.samsung.android.app.cocktailbarservice/com.samsung.android.app.cocktailbarservice.CocktailBarService}: mDrawState=DRAW_PENDING
10-25 21:52:39.382 18497 18497 D [WeatherWidget(1177)] : {[156288F8A4812455B51BF20997EC0184AD73F98D24904A1694E18DF5BCD77F5089D2D3F90B2CC9423C08DCC334A49D37]}
10-25 21:52:39.382 18497 18497 D [WeatherWidget(1177)] : {[D0202CFF4EBC5D2BAB60CD6E7E9C96B4CED3872D3DFBA56B635E22F6BA070FEF]}
10-25 21:52:39.382 18497 18497 D [WeatherWidget(1177)] : {[A3E6166BB88C77D8B67E50B8497E49CC5C6F76A262BB0FCEE033A306C5DA3DD5]}
10-25 21:52:39.382 18497 18497 D [WeatherWidget(1177)] DateTimeUtil: {[04598F923CD5394063C71C73750454BF91269387E69197FF1DA95CEF79005763870B6F5F9AE93CFB278B4DC4600142066C3EB8186220AA0F0A151827ABE33EDD38AB37A251318292A65D678ACBD3C4C91134031063B5ABDADFE021C1DD4A5B43]}
10-25 21:52:39.382 3520 4533 V BroadcastQueue: [background] Process cur broadcast BroadcastRecord{febf4cb u0 diagandroid.app.ApplicationState qIdx=4}, state= (APP_RECEIVE) DELIVERED for app ProcessRecord{30fcfbb 20025:com.tmobile.pr.mytmobile/u0a0}
10-25 21:52:39.392 18497 18497 D [WeatherWidget(1177)] : {[F7FD120C3B8703AE17CE16AD35F2500601AAE611A9EDDAAC2122B0D801670005]}
10-25 21:52:39.392 18497 18497 D [WeatherWidget(1177)] : {[7A5E0574F3C51227BC17D0BAB9E44559E1B4EDE160842D8FCA47FBD8B02D921ED4E56E3DA6D84437787E3E790D9D40AC]}
10-25 21:52:39.392 18497 18497 D [WeatherWidget(1177)] : {[ECD35B599614A6A38524BC429E1DB3E7C99414A558B923D92A983E277DDED0367A3D9A336419467F10B92E28CF2CE112]}
10-25 21:52:39.392 3520 4750 V WindowStateAnimator: Finishing drawing window Window{ba7b48c u0 d0 MultiWindowTrayService/CenterBar 0}: mDrawState=DRAW_PENDING
10-25 21:52:39.392 3520 4604 V BroadcastQueue: [background] Process cur broadcast BroadcastRecord{c0f44a8 u0 com.samsung.android.providers.context.log.action.REPORT_APP_STATUS_SURVEY qIdx=4}, state= (APP_RECEIVE) DELIVERED for app ProcessRecord{e50661c 5808:com.samsung.android.providers.context/u0a236}
10-25 21:52:39.402 4216 4216 D ViewRootImpl: MSG_RESIZED_REPORT: ci=Rect(0, 0 - 0, 0) vi=Rect(0, 0 - 0, 0) or=1
10-25 21:52:39.402 3099 3099 D libEGL : eglInitialize EGLDisplay = 0x7fc6961138
10-25 21:52:39.402 3099 3099 D libEGL : eglTerminate EGLDisplay = 0x7fc69611c8
10-25 21:52:39.402 3099 3099 D libEGL : eglInitialize EGLDisplay = 0x7fc6961138
10-25 21:52:39.402 4216 4216 I CenterBarWindowService: mUsageStatsWatcher : Home resumed
10-25 21:52:39.402 4130 4130 D libEGL : eglTerminate EGLDisplay = 0x7ffcac37b8
10-25 21:52:39.402 3520 5770 V WindowStateAnimator: Finishing drawing window Window{e88d5a3 u0 d0 com.android.systemui.ImageWallpaper}: mDrawState=DRAW_PENDING
10-25 21:52:39.402 4130 4130 D ViewRootImpl: MSG_RESIZED_REPORT: ci=Rect(0, 0 - 0, 0) vi=Rect(0, 0 - 0, 0) or=1
10-25 21:52:39.402 18497 18497 D [WeatherWidget(1177)] : {[5FB78522D7A85F98B5B0A93AC4ACDBBCF50D869C021BA0793F15AA9621CEEC24]}
10-25 21:52:39.402 18497 18497 D [WeatherWidget(1177)] : {[83B63E52DE8FBFF1D8E162345F4966B8F5BB4B9B5D09476DBE6BE441AE4FB0BA]}
10-25 21:52:39.402 4130 4130 D SecKeyguardClockView: onConfigurationChanged()
10-25 21:52:39.402 4130 4130 D SecKeyguardClockView: handleDelayedOnConfigurationChanged()
10-25 21:52:39.402 4521 4521 W ResourcesManager: getTopLevelResources: /system/app/SPlanner_M/SPlanner_M.apk / 1.0 running in com.sec.android.app.launcher rsrc of package com.android.calendar
10-25 21:52:39.402 4521 4521 D ResourcesManager: For user 0 new overlays fetched Null
10-25 21:52:39.402 4216 4216 D Recents : handleProxyCall type=6
10-25 21:52:39.412 18497 18497 D [WeatherWidget(1177)] : {[73EAB9A6B1C382E6796BBD18F89C762CB8826FE94261435D33620C0FB53A2D6E992CE234CCC952459B361995F38476E4CCE6370DB5B24EBAB74F11661264211A0FEBC7F8ADC98F0975ADDFD8678EF787]}
10-25 21:52:39.412 18497 18497 D [WeatherWidget(1177)] : {[5CB09D66338B7398169B8C00C155C34CAAAC85A3C4F67FDC3FB8C85BFFFD962A15789C38818043DB621116B34600440835F63609F4B0175BC5CECD5656D7E6E7FAA6CBC7F8258CDCD288333E6B66A7CB]}
10-25 21:52:39.412 4521 4521 D ApplicationPackageManager: we has com.android.calendar class. reuse it
10-25 21:52:39.412 3520 3581 V BroadcastQueue: [background] Process cur broadcast BroadcastRecord{b5b9bc1 u0 com.samsung.android.providers.context.log.action.REPORT_APP_STATUS_SURVEY qIdx=4}, state= (APP_RECEIVE) DELIVERED for app ProcessRecord{e50661c 5808:com.samsung.android.providers.context/u0a236}
10-25 21:52:39.412 4521 4521 W ResourcesManager: getTopLevelResources: /system/app/SPlanner_M/SPlanner_M.apk / 1.0 running in com.sec.android.app.launcher rsrc of package com.android.calendar
10-25 21:52:39.422 4521 4521 D Minikin : FontFamily bestFont == NULL, so return vacant FakedFont
10-25 21:52:39.422 4521 4521 D Minikin : FontFamily bestFont == NULL, so return vacant FakedFont
10-25 21:52:39.422 4521 4521 D Minikin : FontFamily bestFont == NULL, so return vacant FakedFont
10-25 21:52:39.422 4216 4216 D ViewRootImpl: MSG_RESIZED_REPORT: ci=Rect(0, 0 - 0, 0) vi=Rect(0, 0 - 0, 0) or=1
10-25 21:52:39.422 4130 4130 D KeyguardCarrierText: onConfigurationChanged:
10-25 21:52:39.422 3520 4287 V WindowStateAnimator: Finishing drawing window Window{ba7b48c u0 d0 MultiWindowTrayService/CenterBar 0}: mDrawState=READY_TO_SHOW
10-25 21:52:39.422 3520 3543 D SecContentProvider2: query(), uri = 15 selection = getLockScreenHiddenItems
10-25 21:52:39.422 4130 4417 D WifiCallingTile: getMode : true
10-25 21:52:39.422 4130 4130 D KeyguardCarrierText: updateCarrierText(): isMultiSIMState: false
10-25 21:52:39.422 4130 4130 D KeyguardCarrierText: updateDate slot by SubID
10-25 21:52:39.422 4130 4417 D AirplaneModeTile: getQSTileMultiState 2
10-25 21:52:39.422 4130 4130 D KeyguardCarrierText: updateIntentData(): isMultiSIMState: falsesubId: 2147483643 phoneId:0plmn: Emergency onlySPN:
10-25 21:52:39.422 4130 4417 D FlashlightTile: handleUpdateState : MultiState[visible=true,icon=ResourceIcon[resId=0x7f02035a],label=Flashlight,contentDescription=Flashlight Button Off.,dualLabelContentDescription=null,autoMirrorDrawable=false,secondaryLabel=null,textTruncate=true,value=2,bgValue=0] arg : null
10-25 21:52:39.422 4130 4130 D KeyguardCarrierText: mSimState[0]ABSENT
10-25 21:52:39.422 4130 4130 D KeyguardCarrierText: mSimState[1]ABSENT
10-25 21:52:39.422 4130 4130 D KeyguardCarrierText: Getting plmn/spn sticky brdcst mPlmn:Emergency only / mSpn: phoneId:0 subId:2147483643 showPlmn: true showSpn:false
10-25 21:52:39.422 4130 4130 D KeyguardCarrierText: getStatusForIccState : SIM state = ABSENT
10-25 21:52:39.422 4130 4130 D KeyguardCarrierText: makeCarrierStringOnEmergencyCapable : mIsEmergencyCallCapable: true
10-25 21:52:39.422 4130 4130 D KeyguardCarrierText: concatenate : plmn = No SIM card, spn = Emergency only
10-25 21:52:39.422 4130 4130 D KeyguardCarrierText: getCarrierTextForSimState : SIM state = SimMissingcarrierText: No SIM card | Emergency only
10-25 21:52:39.422 4130 4130 D KeyguardCarrierText: Handling ABSENT , carrierTextForSimState = No SIM card | Emergency only
10-25 21:52:39.422 4130 4417 D PersonalModeTile: getMState state = 2
10-25 21:52:39.422 4130 4130 D KeyguardCarrierText: updateCarrierText insertedMultiSim = false
10-25 21:52:39.422 4130 4130 D KeyguardCarrierText: updateCarrierText State: Absent SIM Number = 0
10-25 21:52:39.432 4130 4417 D NfcTile : getNfcTileState : nfcState 3
10-25 21:52:39.432 4130 4130 D KeyguardCarrierText: Getting plmn/spn sticky brdcst for Absent case Emergency only/showPlmn: trueshowSpn: false phoneId:0 subId:2147483643
10-25 21:52:39.432 4130 4130 D KeyguardCarrierText: concatenate : plmn = Emergency only
10-25 21:52:39.432 4130 4130 D KeyguardCarrierText: makeCarrierStringOnEmergencyCapable : mIsEmergencyCallCapable: true
10-25 21:52:39.432 4130 4130 D KeyguardCarrierText: concatenate : plmn = No SIM card, spn = Emergency only
10-25 21:52:39.432 4130 4130 D KeyguardCarrierText: setText : displayText = No SIM card | Emergency only
10-25 21:52:39.432 4523 4523 D TrayStateTrigger: showTriggerView
10-25 21:52:39.442 3520 5770 D ActivityManager: post active user change for 0 fullscreen true isFloatingActivity() false isHomeActivity() true
10-25 21:52:39.442 3520 5770 I WallpaperManagerService: switchPersonaWallpaper is called for personaId-0
10-25 21:52:39.442 3520 5770 D KnoxTimeoutHandler: post home show event for user 0
10-25 21:52:39.442 3520 3520 D WallpaperManagerService: force update = false; persona id = 0; current user =0; current persona = 0
10-25 21:52:39.442 3520 3520 D KnoxTimeoutHandler: handleHomeShow for 0 and current 0
10-25 21:52:39.442 3520 5770 D KnoxTimeoutHandler: postActiveUserChange [MsgParam] userId: 0 fullscreen is true showWhenlocked is false
10-25 21:52:39.442 3520 3520 D KnoxTimeoutHandler: handleActiveUserChange [MsgParam] userId: 0 fullscreen is true showWhenlocked is false
10-25 21:52:39.442 3099 4094 D libEGL : eglTerminate EGLDisplay = 0x7f8b5c6e78
10-25 21:52:39.442 3099 4094 D libEGL : eglTerminate EGLDisplay = 0x7f8b5c6e78
10-25 21:52:39.442 4130 4323 D mali_winsys: new_window_surface returns 0x3000, [1440x84]-format:1
10-25 21:52:39.442 3520 3520 I KnoxTimeoutHandler: Shared devices show user statefalse
10-25 21:52:39.442 4521 4521 V LauncherAppWidgetHostView: calculateWidgetSize: (target widgetsize) using w/h 1359 347 span 5 1 (widgetid 6) [current Gridsize : GRID_5x5]
10-25 21:52:39.442 4130 4130 D KeyguardEffectViewController: onLayoutChange() v: com.android.keyguard.effect.EffectBehindView{1728aa1 I.E...... ......ID 0,0-1440,84 #7f0e0325 app:id/keyguard_effect_behind}, bottom : 84, oldBottom : 84
10-25 21:52:39.442 4521 4521 D LauncherAppWidgetHostView: calculateWidgetSize() widget = Weather and Clock(widget id = 6) result hostview size = 1771 x 452
10-25 21:52:39.442 4521 4521 D LauncherAppWidgetHostView: setResizeScaleResult() 1771/ 452 scaleToResize = 0.7673631(widget id = 6)
10-25 21:52:39.442 4521 4521 V LauncherAppWidgetHostView: calculateWidgetSize: (target widgetsize) using w/h 1359 347 span 5 1 (widgetid 2) [current Gridsize : GRID_5x5]
10-25 21:52:39.442 4521 4521 D LauncherAppWidgetHostView: calculateWidgetSize() widget = Google App(widget id = 2) result hostview size = 1771 x 452
10-25 21:52:39.442 4521 4521 D LauncherAppWidgetHostView: setResizeScaleResult() 1771/ 452 scaleToResize = 0.7673631(widget id = 2)
10-25 21:52:39.442 4521 4521 V LauncherAppWidgetHostView: calculateWidgetSize: (target widgetsize) using w/h 1359 712 span 5 2 (widgetid 3) [current Gridsize : GRID_5x5]
10-25 21:52:39.442 4521 4521 D LauncherAppWidgetHostView: calculateWidgetSize() widget = T-Mobile TV(widget id = 3) result hostview size = 1771 x 927
10-25 21:52:39.442 4521 4521 D LauncherAppWidgetHostView: setResizeScaleResult() 1771/ 927 scaleToResize = 0.7673631(widget id = 3)
10-25 21:52:39.442 4521 4521 V LauncherAppWidgetHostView: calculateWidgetSize: (target widgetsize) using w/h 1359 347 span 5 1 (widgetid 4) [current Gridsize : GRID_5x5]
10-25 21:52:39.442 4521 4521 D LauncherAppWidgetHostView: calculateWidgetSize() widget = Galaxy Apps(widget id = 4) result hostview size = 1771 x 452
10-25 21:52:39.442 4521 4521 D LauncherAppWidgetHostView: setResizeScaleResult() 1771/ 452 scaleToResize = 0.7673631(widget id = 4)
10-25 21:52:39.452 3099 3099 I SurfaceFlinger: id=910 createSurf (1440x2560),1 flag=4, MauncherAct
10-25 21:52:39.452 3099 3099 D libEGL : eglInitialize EGLDisplay = 0x7fc6961138
10-25 21:52:39.452 4130 4130 W View : requestLayout() improperly called by com.android.systemui.qs.QSContainer{f2c55b1 V.E...... ......ID 0,406-1440,1072 #7f0e01b7 app:id/quick_settings_container} during layout: running second layout pass
10-25 21:52:39.452 4130 4130 I ViewRootImpl: requestLayout is already in process
10-25 21:52:39.462 3099 3099 D libEGL : eglInitialize EGLDisplay = 0x7fc6961138
10-25 21:52:39.462 3099 3099 D libEGL : eglTerminate EGLDisplay = 0x7fc69611c8
10-25 21:52:39.462 3520 3520 D CustomFrequencyManagerService: releaseDVFSLockLocked : Getting Lock type frm List : DVFS_MIN_LIMIT frequency : 1800000 uid : 1000 pid : 3520 tag : ACTIVITY_RESUME_BOOSTER@13
10-25 21:52:39.472 3520 4287 D InputDispatcher: Focus entered window: 4521
10-25 21:52:39.472 3520 3598 D PointerIcon: setMouseIconStyle1 pointerType: 1001 iconType:101 flag:0 pid:3520 uid:1000
10-25 21:52:39.472 3520 3598 D PointerIcon: setMouseCustomIcon IconType is same.101
10-25 21:52:39.472 3520 3598 D PointerIcon: setHoveringSpenIconStyle1 pointerType: 10001 iconType:1 flag:0 pid:3520 uid:1000
10-25 21:52:39.472 3520 3598 D PointerIcon: setHoveringSpenCustomIcon IconType is same.1
10-25 21:52:39.472 3520 4750 V WindowStateAnimator: Finishing drawing window Window{80318d3 u0 d0 StatusBar}: mDrawState=DRAW_PENDING
10-25 21:52:39.472 4521 4833 D mali_winsys: new_window_surface returns 0x3000, [1440x2560]-format:1
10-25 21:52:39.472 4130 4130 D vol.SecVolumeDialog: updateWindowWidth lp.width=1404
10-25 21:52:39.472 4130 4130 D Clock : received broadcast android.intent.action.CONFIGURATION_CHANGED
10-25 21:52:39.472 4130 4130 D SecKeyguardClockView: HomeTimezone(): 1
10-25 21:52:39.472 4130 4130 D SecKeyguardClockView: isDualClockSetting, isHomeTimeZoneExist, isEasyUxOn, mIsNetworkRoaming: true, false, false, false
10-25 21:52:39.472 4130 4130 D SecKeyguardClockView: handleUpdateClock() >> START >> Text Single Clock will be inflated.
10-25 21:52:39.472 3520 3582 D StatusBarManagerService: manageDisableList userId=0 what=0x0 pkg=Window{205544e u0 d0 com.sec.android.app.launcher/com.sec.android.app.launcher.activities.LauncherActivity}
10-25 21:52:39.482 4130 4130 V KeyguardUpdateMonitor: *** unregister callback for com.android.keyguard.status.KeyguardDateView$3@42d1f9e
10-25 21:52:39.482 4130 4130 V KeyguardUpdateMonitor: *** unregister callback for com.android.keyguard.status.SecKeyguardClockSingleView$2@ecd5f23
10-25 21:52:39.482 4130 4130 D Minikin : FontFamily bestFont == NULL, so return vacant FakedFont
10-25 21:52:39.482 4130 4130 D Minikin : FontFamily bestFont == NULL, so return vacant FakedFont
10-25 21:52:39.482 4130 4130 D Minikin : FontFamily bestFont == NULL, so return vacant FakedFont
10-25 21:52:39.482 4130 4130 D SecKeyguardClockSingleView: font effect info: null
10-25 21:52:39.482 4130 4130 V KeyguardUpdateMonitor: *** register callback for com.android.keyguard.status.SecKeyguardClockSingleView$2@8459f12
10-25 21:52:39.482 4130 4130 V KeyguardUpdateMonitor: *** unregister callback for null
10-25 21:52:39.482 4521 4521 V LauncherAppWidgetHostView: calculateWidgetSize: (target widgetsize) using w/h 1359 347 span 5 1 (widgetid 6) [current Gridsize : GRID_5x5]
10-25 21:52:39.482 4521 4521 D LauncherAppWidgetHostView: calculateWidgetSize() widget = Weather and Clock(widget id = 6) result hostview size = 1771 x 452
10-25 21:52:39.482 4521 4521 D LauncherAppWidgetHostView: setResizeScaleResult() 1771/ 452 scaleToResize = 0.7673631(widget id = 6)
10-25 21:52:39.482 4130 4130 V KeyguardUpdateMonitor: *** register callback for com.android.keyguard.status.KeyguardDateView$3@cd8d799
10-25 21:52:39.482 4130 4130 V KeyguardUpdateMonitor: *** unregister callback for null
10-25 21:52:39.482 4521 4521 V LauncherAppWidgetHostView: calculateWidgetSize: (target widgetsize) using w/h 1359 347 span 5 1 (widgetid 2) [current Gridsize : GRID_5x5]
10-25 21:52:39.482 4130 4130 D SecKeyguardClockView: handleUpdateClock() << END << Clock is inflated.
10-25 21:52:39.482 4521 4521 D LauncherAppWidgetHostView: calculateWidgetSize() widget = Google App(widget id = 2) result hostview size = 1771 x 452
10-25 21:52:39.482 4521 4521 D LauncherAppWidgetHostView: setResizeScaleResult() 1771/ 452 scaleToResize = 0.7673631(widget id = 2)
10-25 21:52:39.492 4130 4130 D PhoneStatusBar: setSystemUiVisibility vis=8600 mask=ffffffff oldVal=8000 newVal=8600 diff=600
10-25 21:52:39.492 3520 3543 V WindowStateAnimator: Finishing drawing window Window{205544e u0 d0 com.sec.android.app.launcher/com.sec.android.app.launcher.activities.LauncherActivity}: mDrawState=DRAW_PENDING
10-25 21:52:39.492 3520 4925 D InputMethodManagerService: windowGainedFocus mCurrentFocusedUserId - 0 and mSecureKeypadEnabled-false
10-25 21:52:39.502 3099 3099 D libEGL : eglInitialize EGLDisplay = 0x7fc6961138
10-25 21:52:39.502 3099 3099 D libEGL : eglInitialize EGLDisplay = 0x7fc6961138
10-25 21:52:39.522 3099 3287 D libEGL : eglTerminate EGLDisplay = 0x7f912c0e78
10-25 21:52:39.522 4130 4130 D ImageWallpaper: onVisibilityChanged:true
10-25 21:52:39.522 4130 4130 D WallpaperService: MSG_WINDOW_RESIZED
10-25 21:52:39.522 3099 3287 I SurfaceFlinger: id=907 Removed NonoActivit (12/22)
10-25 21:52:39.522 3099 4021 I SurfaceFlinger: id=907 Removed NonoActivit (-2/22)
10-25 21:52:39.522 3520 3598 D KnoxTimeoutHandler: notifyActivityDrawn [MsgParam] userId: 0 fullscreen is true showWhenlocked is false
10-25 21:52:39.522 3520 3520 D KnoxTimeoutHandler: activityDrawn [MsgParam] userId: 0 fullscreen is true showWhenlocked is false
10-25 21:52:39.522 4130 4130 V WallpaperService: Wallpaper size has changed: (2560, 2560
10-25 21:52:39.522 4130 4130 D ImageWallpaper: onSurfaceRedrawNeeded: newRotation:1
10-25 21:52:39.522 3520 3598 I Timeline: Timeline: Activity_windows_visible id: ActivityRecord{7eadfa u0 com.sec.android.app.launcher/.activities.LauncherActivity t631} time:85000619
10-25 21:52:39.522 3520 3598 D CustomFrequencyManagerService: releaseDVFSLockLocked : Getting Lock type frm List : DVFS_MIN_LIMIT frequency : 1800000 uid : 1000 pid : 3520 tag : ACTIVITY_RESUME_BOOSTER@7
10-25 21:52:39.522 3520 3598 D ActivityManager: mDVFSHelper.release()
10-25 21:52:39.522 3520 3581 D CustomFrequencyManagerService: acquireDVFSLockLocked : type : DVFS_MIN_LIMIT frequency : 1800000 uid : 1000 pid : 3520 pkgName : ACTIVITY_RESUME_BOOSTER@13
10-25 21:52:39.532 3520 3520 I KnoxTimeoutHandler: SD activityfalse
10-25 21:52:39.532 3520 4287 V WindowStateAnimator: Finishing drawing window Window{e88d5a3 u0 d0 com.android.systemui.ImageWallpaper}: mDrawState=DRAW_PENDING
10-25 21:52:39.532 13979 13979 D SamsungIME: IMPL finishInput
10-25 21:52:39.532 13979 13979 D SamsungIME: SwiftKeyWrapper writeDBdataToFileOnFinishInput
10-25 21:52:39.532 13979 13979 D SamsungIME: saveAndClear +
10-25 21:52:39.532 13979 13979 D SamsungIME: saveAndClear -
10-25 21:52:39.532 13979 13979 D SamsungIME: onStartInput: No inputType, No imeOption, isInputViewShown = false, isExtractViewShown = false, isShowInputRequested = false, isConfigChanged = true
10-25 21:52:39.532 4521 4521 I Timeline: Timeline: Activity_idle id: android.os.BinderProxy@75d257b time:85000621
10-25 21:52:39.532 13979 13979 I SamsungIME: putCacheDrawable inputModule=0 key =ICON_SETTING
10-25 21:52:39.532 3099 3099 D libEGL : eglTerminate EGLDisplay = 0x7fc6961268
10-25 21:52:39.532 18319 18319 V VRSVC : (MonoActivity.java:269) onStop [onStop()]
10-25 21:52:39.532 3520 4041 I ActivityManager: Killing 18746:com.sec.android.sidesync30/u0a191 (adj 15): DHA:empty #31
10-25 21:52:39.542 18319 18319 V VRSVC : (MonoActivity.java:306) onDestroy [onDestroy() isDestroyed=true isFinishing=true]
10-25 21:52:39.542 18319 18319 D ViewRootImpl: #3 mView = null
10-25 21:52:39.542 3099 3099 I SurfaceFlinger: id=911 createSurf (5120x1440),-1 flag=20004, ClackSurfac
10-25 21:52:39.542 3099 3099 I SurfaceFlinger: id=912 createSurf (2560x2880),-1 flag=20004, ClackSurfac
10-25 21:52:39.542 3099 3099 I SurfaceFlinger: id=913 createSurf (5120x1440),-1 flag=20004, ClackSurfac
10-25 21:52:39.542 3099 3099 I SurfaceFlinger: id=914 createSurf (2560x2880),-1 flag=20004, ClackSurfac
10-25 21:52:39.542 3520 3598 D InputDispatcher: setInputDispatchMode: enabled=1, frozen=0
10-25 21:52:39.542 3099 4021 I SurfaceFlinger: id=893 Removed EimLayer(An (2/25)
10-25 21:52:39.542 3099 4094 I SurfaceFlinger: id=892 Removed EimLayer(Di (1/24)
10-25 21:52:39.542 3099 3287 I SurfaceFlinger: id=893 Removed EimLayer(An (-2/24)
10-25 21:52:39.542 3099 4634 I SurfaceFlinger: id=892 Removed EimLayer(Di (-2/24)
10-25 21:52:39.542 3520 3598 I WindowManager: Screen frozen for +349ms due to Window{e88d5a3 u0 d0 com.android.systemui.ImageWallpaper}
10-25 21:52:39.542 3520 4533 D ActivityManager: isAutoRunBlockedApp:: com.sec.android.sidesync30, Auto Run ON
10-25 21:52:39.642 3520 3520 D EdgeLight: Turning off
10-25 21:52:39.642 17268 18125 D CatchNotificationsService: onNotificationRemoved
10-25 21:52:39.642 17268 18125 D CatchNotificationsService: Notification removed
10-25 21:52:39.642 3520 4064 D ApplicationPolicy: isStatusBarNotificationAllowedAsUser: packageName = android,userId = -1
10-25 21:52:39.642 4371 4383 D PeopleNotiListenerService: onEdgeNotificationRemoved() : pkg android,id=0,extra=Bundle[mParcelledData.dataSize=112]
10-25 21:52:39.642 4371 4371 D PeopleNotiListenerService: removeEdgeNotification:Bundle[{samsung.notification.id=0, samsung.people.package_name=android, samsung.people.notification_type=led_indicator}]
10-25 21:52:39.642 4371 4371 I PeopleStripeService: PeopleNotificationReceiver:3
10-25 21:52:39.642 4371 4371 I PeopleStripeService: sendEdgeNotification peopleEnabled true lightingEnabled true edgeEnabled true
10-25 21:52:39.642 4371 4371 I PeopleDataManager: removeNotification
10-25 21:52:39.642 4371 4371 I NotificationParser: getNotiType:android,led_indicator
10-25 21:52:39.642 4371 4371 D PeopleDataManager: removeNotiInfo: id =0,packageName=android,isEdgeNotification=true,key=null,removeAll=false
10-25 21:52:39.642 4371 4371 D PeopleDataManager: removeNotiInfo =null
10-25 21:52:39.642 4371 4383 D PeopleNotiListenerService: onEdgeNotificationRemoved() : pkg android,id=998563545,extra=Bundle[mParcelledData.dataSize=84]
10-25 21:52:39.642 4371 4371 D PeopleNotiListenerService: removeEdgeNotification:Bundle[{samsung.notification.id=998563545, samsung.notification.type=normal, samsung.people.package_name=android}]
10-25 21:52:39.642 4371 4371 I PeopleStripeService: PeopleNotificationReceiver:3
10-25 21:52:39.642 4130 4130 D PhoneStatusBar: removeNotification key=-1|android|998563545|null|1000 old=StatusBarNotification(pkg=android user=UserHandle{-1} id=998563545 tag=null score=-20 key=-1|android|998563545|null|1000: Notification(pri=-2 contentView=android/0x10900a3 vibrate=null sound=null defaults=0x0 flags=0x2 color=0x00000000 vis=PUBLIC secFlags=0x0 secPriority=0))
10-25 21:52:39.642 4371 4371 I PeopleStripeService: sendEdgeNotification peopleEnabled true lightingEnabled true edgeEnabled true
10-25 21:52:39.642 4130 4130 D PhoneStatusBar: setAreThereNotifications: N=3 any=true clearable=true
10-25 21:52:39.642 4371 4371 I PeopleDataManager: removeNotification
10-25 21:52:39.642 4371 4371 I NotificationParser: getNotiType:android,null
10-25 21:52:39.642 4371 4371 D PeopleDataManager: removeNotiInfo: id =998563545,packageName=android,isEdgeNotification=false,key=null,removeAll=false
10-25 21:52:39.642 4371 4371 D PeopleDataManager: removeNotiInfo =null
10-25 21:52:39.642 4523 4523 I CocktailBarUiController: onUpdateCocktail: 4
10-25 21:52:39.642 4523 4523 I CocktailBarPanelManager: updatePanelItem: updateContainedPanel - 4
10-25 21:52:39.642 4523 4523 D CatchNotificationsView: setData
10-25 21:52:39.642 4523 4523 D CatchNotificationsView: Notification removed
10-25 21:52:39.642 4523 4523 D CatchNotificationsView: No notifications left to remove
10-25 21:52:39.642 4523 4523 D CatchNotificationsView: makeNoNotificationsPanel
10-25 21:52:39.642 17268 18125 D CatchNotificationsService: onNotificationPosted
10-25 21:52:39.642 4523 4523 D PanelDescriptionView: updateHelpView: Apps edge2130903045 --> 2130903045 helpview reapplied:0
10-25 21:52:39.642 4523 4523 D CocktailBarUiController: postUpdatePanel: 257
10-25 21:52:39.642 3520 4064 D UsbHostNotification: setUsbObserverNotification : cancel id = 998563545, device = UsbDevices
10-25 21:52:39.642 3520 4064 D UsbHostNotification: setUsbObserverNotification : notify id = 998563545, device = UsbDevices, title = null
10-25 21:52:39.642 3520 3520 D LightsService: [api] [SvcLED] turnOff:: id = 6 (uid: 1000 pid: 3520)
10-25 21:52:39.642 3520 3520 D LightsService: [SvcLED] setSvcLedStateLocked:: SvcLEDState : 0x0 -> 0x0 | SvcLED(id=6) set Off
10-25 21:52:39.642 3520 3610 D LightsService: [SvcLED] handleForcedSvcLEDTask()
10-25 21:52:39.642 3520 3610 D LightsService: [SvcLED] setSvcLedLightLocked :: Current SvcLED(id=5) maintains its priority right
10-25 21:52:39.642 3520 3520 D MARsPolicyManager: NotificationListenerService OngoingNotificationRemoved : android
10-25 21:52:39.642 3520 4064 D UsbHostNotification: send the timeout : current 1477457559653, vailed = -2998, displayed = 1477457559651
10-25 21:52:39.642 3520 4064 D UsbHostNotification: send the timeout : current 1477457559653, vailed = -2998, displayed = 1477457559651
10-25 21:52:39.642 3520 3520 W ResourcesManager: getTopLevelResources: /system/framework/framework-res.apk / 1.0 running in null rsrc of package android
10-25 21:52:39.642 3520 3520 D MARsPolicyManager: NotificationListenerService OngoingNotificationPosted : android
10-25 21:52:39.642 4523 4523 W ResourcesManager: getTopLevelResources: /system/priv-app/AppsEdgePanel/AppsEdgePanel.apk / 1.0 running in com.samsung.android.app.cocktailbarservice rsrc of package com.samsung.android.app.appsedge
10-25 21:52:39.642 4523 4523 W ResourcesManager: getTopLevelResources: /system/priv-app/AppsEdgePanel/AppsEdgePanel.apk / 1.0 running in com.samsung.android.app.cocktailbarservice rsrc of package com.samsung.android.app.appsedge
10-25 21:52:39.642 4523 4523 W ResourcesManager: getTopLevelResources: /system/priv-app/AppsEdgePanel/AppsEdgePanel.apk / 1.0 running in com.samsung.android.app.cocktailbarservice rsrc of package com.samsung.android.app.appsedge
10-25 21:52:39.652 18860 18870 D BadgeProvider: query, [selection] : null
10-25 21:52:39.652 17268 18125 E CatchNotificationsService: Invalid notification data
10-25 21:52:39.662 4130 4130 D KnoxNotification: ----- inflateViews : modified publicViewLocal -----
10-25 21:52:39.662 3099 3099 D libEGL : eglInitialize EGLDisplay = 0x7fc6961138
10-25 21:52:39.662 4130 4130 D KnoxNotification: ----- inflateViews : modified KnoxViewLocal -----
10-25 21:52:39.662 4130 4130 D PhoneStatusBar: setAreThereNotifications: N=4 any=true clearable=true
10-25 21:52:39.662 4130 4130 W ResourcesManager: getTopLevelResources: /system/framework/framework-res.apk / 1.0 running in com.android.systemui rsrc of package android
10-25 21:52:39.832 3520 3520 D CustomFrequencyManagerService: releaseDVFSLockLocked : Getting Lock type frm List : DVFS_MIN_LIMIT frequency : 1800000 uid : 1000 pid : 3520 tag : ACTIVITY_RESUME_BOOSTER@13
10-25 21:52:39.982 3099 3289 I SurfaceFlinger: id=908 Removed TcreenshotS (19/23)
10-25 21:52:39.982 3099 4094 I SurfaceFlinger: id=911 Removed ClackSurfac (19/22)
10-25 21:52:39.982 3099 4094 I SurfaceFlinger: id=908 Removed TcreenshotS (-2/22)
10-25 21:52:39.982 3099 4021 I SurfaceFlinger: id=912 Removed ClackSurfac (19/21)
10-25 21:52:39.982 3099 4021 I SurfaceFlinger: id=911 Removed ClackSurfac (-2/21)
10-25 21:52:39.982 3099 3289 I SurfaceFlinger: id=913 Removed ClackSurfac (19/20)
10-25 21:52:39.982 3099 4094 I SurfaceFlinger: id=912 Removed ClackSurfac (-2/20)
10-25 21:52:39.982 3099 4094 I SurfaceFlinger: id=914 Removed ClackSurfac (19/19)
10-25 21:52:39.982 3099 3287 I SurfaceFlinger: id=913 Removed ClackSurfac (-2/19)
10-25 21:52:39.982 3099 3289 I SurfaceFlinger: id=914 Removed ClackSurfac (-2/19)
10-25 21:52:39.982 3520 3598 V WindowOrientationListener: OrientationSensorJudge.getProposedRotation, Rotation: -1
10-25 21:52:39.982 3520 3598 V WindowManager: rotationForOrientationLw(orient=1, last=0); user=0 sensorRotation=-1 mLidState=-1 mDockMode=0 mHdmiPlugged=false mMobileKeyboardEnabled=false displayId=0
10-25 21:52:39.982 3520 3598 V WindowOrientationListener: OrientationSensorJudge.getProposedRotation, Rotation: -1
10-25 21:52:39.992 3099 3099 D libEGL : eglTerminate EGLDisplay = 0x7fc6961238
10-25 21:52:40.122 3520 8429 W ResourcesManager: getTopLevelResources: /data/app/com.samsung.android.hmt.vrsvc-1/base.apk / 1.0 running in null rsrc of package com.samsung.android.hmt.vrsvc
10-25 21:52:40.332 4216 4216 D Recents : onTaskStackChanged
10-25 21:52:40.362 3520 8429 W ResourcesManager: getTopLevelResources: /system/priv-app/TouchWizHome_2016/TouchWizHome_2016.apk / 1.0 running in null rsrc of package com.sec.android.app.launcher
10-25 21:52:40.372 3520 8429 D ResourcesManager: For user 0 new overlays fetched Null
10-25 21:52:40.692 3520 3520 D CustomFrequencyManagerService: releaseDVFSLockLocked : Getting Lock type frm List : DVFS_MIN_LIMIT frequency : 2100000 uid : 1000 pid : 3520 tag : ROTATION_BOOSTER@40
10-25 21:52:40.772 3520 3581 V BroadcastQueue: [background] Process cur broadcast BroadcastRecord{2dcc4b5 u0 com.oculus.home.wakeup qIdx=4}, state= (APP_RECEIVE) DELIVERED for app ProcessRecord{3ad552b 19289:com.oculus.home/u0a220}
10-25 21:52:40.812 3520 4928 V BroadcastQueue: [background] Process cur broadcast BroadcastRecord{347a6bb u0 com.oculus.home.wakeup qIdx=4}, state= (APP_RECEIVE) DELIVERED for app ProcessRecord{3ad552b 19289:com.oculus.home/u0a220}
10-25 21:52:40.852 3520 4387 I ActivityManager: Killing 18758:com.android.chrome/u0a112 (adj 15): DHA:empty #31
10-25 21:52:40.872 3520 4041 D ActivityManager: isAutoRunBlockedApp:: com.android.chrome, Auto Run ON
10-25 21:52:41.552 3520 3598 I art : Starting a blocking GC Explicit
10-25 21:52:41.842 3520 3598 I art : Explicit concurrent mark sweep GC freed 52199(2MB) AllocSpace objects, 6(200KB) LOS objects, 24% free, 49MB/65MB, paused 2.089ms total 302.313ms
10-25 21:52:41.972 3126 3796 I audio_hw_primary: do_out_standby +
10-25 21:52:41.992 3126 3796 D audio_hw_primary: output_devices devices:0
10-25 21:52:41.992 3126 3796 D audio_hw_primary: output_devices devices:0
10-25 21:52:41.992 3126 3796 V audio_hw_primary: select_devices output_scenario:-1 input_scenario:-1 out_snd_device 0x0 in_snd_device:0x0
10-25 21:52:41.992 3126 3796 I audio_hw_primary: set_spk_rx_mute mute(1), rx val=0
10-25 21:52:41.992 3126 3796 I audio_route:
10-25 21:52:41.992 3126 3796 I audio_route: > audio_route_reset :
10-25 21:52:41.992 3126 3796 I audio_route:
10-25 21:52:41.992 3126 3796 I audio_route: > audio_route_update_mixer : +
10-25 21:52:42.042 3126 3796 I audio_route: > audio_route_update_mixer : changed(4) -
10-25 21:52:42.042 3126 3796 I audio_hw_primary: select_devices -
10-25 21:52:42.042 3126 3796 I audio_hw_primary: do_out_standby -
10-25 21:52:42.452 4425 4425 D WfcPhoneStateListener: onSignalStrengthsChanged(): signal strength did not change
10-25 21:52:42.452 4130 4343 D NetworkController.MobileSignalController(0/2147483643): onSignalStrengthsChanged signalStrength=SignalStrength: 19 99 -19 -200 -19 -200 -1 99 2147483647 2147483647 2147483647 2147483647 2147483647 0x5 gsm|lte level=5
10-25 21:52:42.452 4130 4343 D NetworkController.MobileSignalController(0/2147483643): getMobileIconGroup(): 0
10-25 21:52:42.452 4130 4343 D NetworkController.MobileSignalController(0/2147483643): updateTMOMobileIconGroup(): 0
10-25 21:52:42.642 3520 4064 D UsbHostNotification: setUsbObserverNotification : cancel id = 998563545, device = UsbDevices
10-25 21:52:42.642 3520 4064 D UsbHostNotification: unit is null
10-25 21:52:42.652 3520 3520 D EdgeLight: Turning off
10-25 21:52:42.652 3520 3520 D LightsService: [api] [SvcLED] turnOff:: id = 6 (uid: 1000 pid: 3520)
10-25 21:52:42.652 3520 3520 D LightsService: [SvcLED] setSvcLedStateLocked:: SvcLEDState : 0x0 -> 0x0 | SvcLED(id=6) set Off
10-25 21:52:42.652 3520 3610 D LightsService: [SvcLED] handleForcedSvcLEDTask()
10-25 21:52:42.652 3520 3610 D LightsService: [SvcLED] setSvcLedLightLocked :: Current SvcLED(id=5) maintains its priority right
10-25 21:52:42.652 3520 3520 D MARsPolicyManager: NotificationListenerService OngoingNotificationRemoved : android
10-25 21:52:42.662 17268 17279 D CatchNotificationsService: onNotificationRemoved
10-25 21:52:42.662 17268 17279 D CatchNotificationsService: Notification removed
10-25 21:52:42.662 4371 4385 D PeopleNotiListenerService: onEdgeNotificationRemoved() : pkg android,id=0,extra=Bundle[mParcelledData.dataSize=112]
10-25 21:52:42.662 4130 4130 D PhoneStatusBar: removeNotification key=-1|android|998563545|null|1000 old=StatusBarNotification(pkg=android user=UserHandle{-1} id=998563545 tag=null score=-20 key=-1|android|998563545|null|1000: Notification(pri=-2 contentView=android/0x10900a3 vibrate=null sound=null defaults=0x0 flags=0x2 color=0x00000000 vis=PUBLIC secFlags=0x0 secPriority=0))
10-25 21:52:42.662 4130 4130 D PhoneStatusBar: setAreThereNotifications: N=3 any=true clearable=true
10-25 21:52:42.662 4523 4523 I CocktailBarUiController: onUpdateCocktail: 4
10-25 21:52:42.662 4523 4523 I CocktailBarPanelManager: updatePanelItem: updateContainedPanel - 4
10-25 21:52:42.662 4523 4523 D CatchNotificationsView: setData
10-25 21:52:42.662 4371 4385 D PeopleNotiListenerService: onEdgeNotificationRemoved() : pkg android,id=998563545,extra=Bundle[mParcelledData.dataSize=84]
10-25 21:52:42.672 4523 4523 D CatchNotificationsView: Notification removed
10-25 21:52:42.672 4371 4371 D PeopleNotiListenerService: removeEdgeNotification:Bundle[{samsung.notification.id=0, samsung.people.package_name=android, samsung.people.notification_type=led_indicator}]
10-25 21:52:42.672 4523 4523 D CatchNotificationsView: No notifications left to remove
10-25 21:52:42.672 4523 4523 D CatchNotificationsView: makeNoNotificationsPanel
10-25 21:52:42.672 4371 4371 D PeopleNotiListenerService: removeEdgeNotification:Bundle[{samsung.notification.id=998563545, samsung.notification.type=normal, samsung.people.package_name=android}]
10-25 21:52:42.672 4371 4371 I PeopleStripeService: PeopleNotificationReceiver:3
10-25 21:52:42.672 4371 4371 I PeopleStripeService: sendEdgeNotification peopleEnabled true lightingEnabled true edgeEnabled true
10-25 21:52:42.672 4371 4371 I PeopleDataManager: removeNotification
10-25 21:52:42.672 4371 4371 I NotificationParser: getNotiType:android,led_indicator
10-25 21:52:42.672 4371 4371 D PeopleDataManager: removeNotiInfo: id =0,packageName=android,isEdgeNotification=true,key=null,removeAll=false
10-25 21:52:42.672 4371 4371 D PeopleDataManager: removeNotiInfo =null
10-25 21:52:42.672 4371 4371 I PeopleStripeService: PeopleNotificationReceiver:3
10-25 21:52:42.672 4371 4371 I PeopleStripeService: sendEdgeNotification peopleEnabled true lightingEnabled true edgeEnabled true
10-25 21:52:42.672 4371 4371 I PeopleDataManager: removeNotification
10-25 21:52:42.672 4371 4371 I NotificationParser: getNotiType:android,null
10-25 21:52:42.672 4371 4371 D PeopleDataManager: removeNotiInfo: id =998563545,packageName=android,isEdgeNotification=false,key=null,removeAll=false
10-25 21:52:42.672 4371 4371 D PeopleDataManager: removeNotiInfo =null
10-25 21:52:42.672 4523 4523 D PanelDescriptionView: updateHelpView: Apps edge2130903045 --> 2130903045 helpview reapplied:0
10-25 21:52:42.672 4523 4523 D CocktailBarUiController: postUpdatePanel: 257
10-25 21:52:42.672 4523 4523 W ResourcesManager: getTopLevelResources: /system/priv-app/AppsEdgePanel/AppsEdgePanel.apk / 1.0 running in com.samsung.android.app.cocktailbarservice rsrc of package com.samsung.android.app.appsedge
