10-25 21:40:48.362 17329 17678 W TimeWarp: VSync 4973100: eye=1,late=5.7ms,over=0.0ms,CPU=0.4ms,GPU>=2.3
10-25 21:40:48.362 17329 17678 D VrApi : setSchedFifoStatic tid:17343 pto:1
10-25 21:40:48.372 3970 3999 V VRManagerServer: (VRManagerService.java:401) yTqX [setThreadSchedFifo pkg=com.foo.ProductName pid=17329 tid=17343 prio=1]
10-25 21:40:48.372 3970 3999 V VRManagerServer: (VRManagerService.java:405) yTqX [setAffinity pid=17343 cpus=[4, 5, 6, 7]]
10-25 21:40:48.372 17329 17678 D VRManagerGearVR: VRManager set thread priority to 1
10-25 21:40:48.372 17329 17678 I VrApi_Clocks: SetSchedFifo( tid=17343, pri=1 ) succeeded
10-25 21:40:48.372 17329 17678 D VrApi : setSchedFifoStatic tid:17343 pto:1
10-25 21:40:48.372 3970 17522 V VRManagerServer: (VRManagerService.java:401) yTqX [setThreadSchedFifo pkg=com.foo.ProductName pid=17329 tid=17343 prio=1]
10-25 21:40:48.372 3970 17522 V VRManagerServer: (VRManagerService.java:405) yTqX [setAffinity pid=17343 cpus=[4, 5, 6, 7]]
10-25 21:40:48.382 17329 17678 D VRManagerGearVR: VRManager set thread priority to 1
10-25 21:40:48.382 17329 17678 I VrApi_Clocks: SetSchedFifo( tid=17343, pri=1 ) succeeded
10-25 21:40:48.382 17329 17678 W TimeWarp: VSync 4973101: eye=1,late=8.2ms,over=0.0ms,CPU=0.4ms,GPU>=0.0
10-25 21:40:48.442 17329 17678 W TimeWarp: VSync 4973105: eye=1,late=0.0ms,over=0.1ms,CPU=0.4ms,GPU>=7.9
10-25 21:40:48.462 17329 17678 D VrApi : setSchedFifoStatic tid:17343 pto:0
10-25 21:40:48.462 3970 17298 V VRManagerServer: (VRManagerService.java:401) yTqX [setThreadSchedFifo pkg=com.foo.ProductName pid=17329 tid=17343 prio=0]
10-25 21:40:48.472 3970 17298 V VRManagerServer: (VRManagerService.java:405) yTqX [setAffinity pid=17343 cpus=[4, 5, 6, 7]]
10-25 21:40:48.472 17329 17678 D VRManagerGearVR: VRManager set thread priority to 0
10-25 21:40:48.472 17329 17678 I VrApi_Clocks: SetSchedFifo( tid=17343, pri=0 ) succeeded
10-25 21:40:48.472 17329 17678 D VrApi : setSchedFifoStatic tid:17343 pto:0
10-25 21:40:48.472 3970 3998 V VRManagerServer: (VRManagerService.java:401) yTqX [setThreadSchedFifo pkg=com.foo.ProductName pid=17329 tid=17343 prio=0]
10-25 21:40:48.472 3970 3998 V VRManagerServer: (VRManagerService.java:405) yTqX [setAffinity pid=17343 cpus=[4, 5, 6, 7]]
10-25 21:40:48.482 17329 17678 D VRManagerGearVR: VRManager set thread priority to 0
10-25 21:40:48.482 17329 17678 I VrApi_Clocks: SetSchedFifo( tid=17343, pri=0 ) succeeded
10-25 21:40:48.482 17329 17678 W TimeWarp: VSync 4973107: eye=1,late=5.8ms,over=0.0ms,CPU=0.4ms,GPU>=2.1
10-25 21:40:48.482 3520 4018 D InputReader: sendBroadcastEvent 1 (vr proximity)
10-25 21:40:48.482 3520 4018 V InputManager: notifyVRProximityEventChanged event=1
10-25 21:40:48.482 3520 3598 V InputManager: sendVRProximityEventChanged event=1
10-25 21:40:48.482 3970 3999 V VRManagerServer: (VRManagerService.java:1760) QdBd [notifyDeviceEventChanged event=16(10)]
10-25 21:40:48.482 3970 3999 V VRManagerServer: (DeviceEventManager.java:59) yTqX [notifyProximityEventChanged mount=true]
10-25 21:40:48.492 16325 16325 V VRSVC : (HmtService.java:50) onStartCommand [onStartCommand() flags=0 startId=9 sys.hmt.connected=true]
10-25 21:40:48.492 16325 17241 V VRSVC : (HmtService.java:112) yTqX [onHandleIntent action=com.samsung.intent.action.HMT_MOUNT_EVENT]
10-25 21:40:48.502 17329 17678 D VrApi : setSchedFifoStatic tid:17343 pto:1
10-25 21:40:48.502 3970 3998 V VRManagerServer: (VRManagerService.java:401) yTqX [setThreadSchedFifo pkg=com.foo.ProductName pid=17329 tid=17343 prio=1]
10-25 21:40:48.502 3970 3998 V VRManagerServer: (VRManagerService.java:405) yTqX [setAffinity pid=17343 cpus=[4, 5, 6, 7]]
10-25 21:40:48.502 17329 17678 D VRManagerGearVR: VRManager set thread priority to 1
10-25 21:40:48.502 17329 17678 I VrApi_Clocks: SetSchedFifo( tid=17343, pri=1 ) succeeded
10-25 21:40:48.502 17329 17678 D VrApi : setSchedFifoStatic tid:17343 pto:1
10-25 21:40:48.512 16325 17241 V VRSVC : (HmtService.java:197) yTqX [handleIntentProximitySensor type=1 docked=true mounted=false sensorEvent=true]
10-25 21:40:48.512 16325 17241 V VRSVC : (HmtDeviceEventManager.java:109) wtkw [OnDeviceEvent onProximitySensorEvent start.]
10-25 21:40:48.512 16325 17245 D VRSVC : (LogEvent.java:126) yTqX [OnDeviceEvent onProximitySensorEvent type=1 hmtConnected=true]
10-25 21:40:48.512 16325 17241 V VRSVC : (HmtDeviceEventManager.java:101) wtkw [OnDeviceEvent onProximitySensorEvent finished. elapsedTime=1]
10-25 21:40:48.512 17329 17648 I OVR : DeviceManagerThread - event 46 (500Hz) (Tid=17648)
10-25 21:40:48.512 3970 17298 V VRManagerServer: (VRManagerService.java:401) yTqX [setThreadSchedFifo pkg=com.foo.ProductName pid=17329 tid=17343 prio=1]
10-25 21:40:48.512 3970 17298 V VRManagerServer: (VRManagerService.java:405) yTqX [setAffinity pid=17343 cpus=[4, 5, 6, 7]]
10-25 21:40:48.512 17329 17678 D VRManagerGearVR: VRManager set thread priority to 1
10-25 21:40:48.512 17329 17678 I VrApi_Clocks: SetSchedFifo( tid=17343, pri=1 ) succeeded
10-25 21:40:48.512 17329 17678 W TimeWarp: VSync 4973109: eye=1,late=8.8ms,over=0.0ms,CPU=0.4ms,GPU>=0.0
10-25 21:40:48.522 16325 17241 V VRSVC : (HmtDeviceEventManager.java:109) wtkw [OnDeviceEvent onPreMount start.]
10-25 21:40:48.522 16325 17242 D VRSVC : (LogEvent.java:74) snDW [OnDeviceEvent onPreMount]
10-25 21:40:48.522 16325 17243 V VRSVC : (HmtMountEvent.java:24) snDW [onPreMount SystemProperties sys.hmt.mounted=true]
10-25 21:40:48.522 16325 17241 V VRSVC : (HmtDeviceEventManager.java:101) wtkw [OnDeviceEvent onPreMount finished. elapsedTime=3]
10-25 21:40:48.522 3970 3970 D VRManagerServer: (VRManagerService.java:375) onReceive [action=com.samsung.intent.action.HMT_MOUNT_STICKY_EVENT sticky=false]
10-25 21:40:48.522 16325 17241 V VRSVC : (HmtDeviceEventManager.java:109) wtkw [OnDeviceEvent onMount start.]
10-25 21:40:48.522 3970 3970 V VRManagerServer: (VRManagerService.java:378) onReceive [mountState=1]
10-25 21:40:48.522 16325 17244 D VRSVC : (LogEvent.java:79) ZzLN [OnDeviceEvent onMount hmtConnected=true]
10-25 21:40:48.522 16325 16325 D VRSVC : (MonoScreenEvent.java:115) wtkw [cancelHideMonoForeground. canceled.]
10-25 21:40:48.522 16325 17243 V VRSVC : (ScreenEvent.java:131) ZzLN [wakeup! onMount]
10-25 21:40:48.522 16325 17244 V VRSVC : (WirelessChargeControlEvent.java:65) wtkw [disableWirelessCharge isSupportWirelessCharge=true]
10-25 21:40:48.522 16325 17259 V VRSVC : (SoundUtil.java:86) run [play() await....]
10-25 21:40:48.522 16325 16325 D VRSVC : (MonoScreenEvent.java:116) yTqX [dismissMonoForegroundDelayed delayMillis=500 animate=true]
10-25 21:40:48.522 16325 17259 V VRSVC : (SoundUtil.java:94) run [play() mLoadedSound=1]
10-25 21:40:48.522 16325 17243 V VRSVC : (ScreenEvent.java:135) ZzLN [remove lcd off message...]
10-25 21:40:48.532 16325 17259 W AudioTrack: AUDIO_OUTPUT_FLAG_FAST denied by client; transfer 4, track 44100 Hz, output 48000 Hz
10-25 21:40:48.542 3126 4063 W AudioPolicyIntefaceImpl: Skipped to add effects on session 521
10-25 21:40:48.542 3126 4063 I APM::AudioPolicyManager: startOutput() output 4, stream 3, session 521
10-25 21:40:48.542 16325 17242 V VRSVC : (SSRMDisableControlEvent.java:92) wtkw [ssrmStatus=0]
10-25 21:40:48.542 3126 3796 I AudioMixer: create resampler src 44100, 2, dst 48000, 2
10-25 21:40:48.542 3126 3796 D SoundAliveResampler: [SoundAliveResampler] Init+++
10-25 21:40:48.542 16325 17241 V VRSVC : (HmtDeviceEventManager.java:101) wtkw [OnDeviceEvent onMount finished. elapsedTime=20]
10-25 21:40:48.542 16325 17241 V VRSVC : (HmtDeviceEventManager.java:109) wtkw [OnDeviceEvent onPostMount start.]
10-25 21:40:48.542 16325 17243 V VRSVC : (HmtMountEvent.java:31) IOpR [onPostMount sendHmtMountEvent]
10-25 21:40:48.542 16325 17244 D VRSVC : (LogEvent.java:84) IOpR [OnDeviceEvent onPostMount]
10-25 21:40:48.542 16325 17244 V VRSVC : (TouchControlEvent.java:81) wtkw [setTouchControl value=0]
10-25 21:40:48.542 16325 17243 V VRSVC : (HmtMountEvent.java:34) IOpR [onPostMount send proximity mount to compatibility]
10-25 21:40:48.542 3520 3520 I AudioService: HMT mount!
10-25 21:40:48.552 16325 17241 V VRSVC : (HmtDeviceEventManager.java:101) wtkw [OnDeviceEvent onPostMount finished. elapsedTime=8]
10-25 21:40:48.592 17329 17678 D VrApi : setSchedFifoStatic tid:17343 pto:0
10-25 21:40:48.602 3970 17298 V VRManagerServer: (VRManagerService.java:401) yTqX [setThreadSchedFifo pkg=com.foo.ProductName pid=17329 tid=17343 prio=0]
10-25 21:40:48.602 3970 17298 V VRManagerServer: (VRManagerService.java:405) yTqX [setAffinity pid=17343 cpus=[4, 5, 6, 7]]
10-25 21:40:48.602 17329 17678 D VRManagerGearVR: VRManager set thread priority to 0
10-25 21:40:48.602 17329 17678 I VrApi_Clocks: SetSchedFifo( tid=17343, pri=0 ) succeeded
10-25 21:40:48.602 17329 17678 D VrApi : setSchedFifoStatic tid:17343 pto:0
10-25 21:40:48.602 3970 3999 V VRManagerServer: (VRManagerService.java:401) yTqX [setThreadSchedFifo pkg=com.foo.ProductName pid=17329 tid=17343 prio=0]
10-25 21:40:48.612 3970 3999 V VRManagerServer: (VRManagerService.java:405) yTqX [setAffinity pid=17343 cpus=[4, 5, 6, 7]]
10-25 21:40:48.612 17329 17678 D VRManagerGearVR: VRManager set thread priority to 0
10-25 21:40:48.612 17329 17678 I VrApi_Clocks: SetSchedFifo( tid=17343, pri=0 ) succeeded
10-25 21:40:48.612 17329 17678 W TimeWarp: VSync 4973115: eye=1,late=7.1ms,over=0.0ms,CPU=0.4ms,GPU>=0.7
10-25 21:40:48.612 17329 17343 I VrApi : ovr_HandleHmdEvents: HMT was mounted
10-25 21:40:48.622 17329 17680 I VrApi : FPS=8,Prd=48ms,Tear=15,Early=0,Stale=60,VSnc=1,Lat=1,CPU4/GPU=2/2,1000/420MHz,OC=FF,TA=F0/F0/F0/F0,SP=F/F/N/N,Mem=1026MHz,Free=1341MB,PSM=0,PLS=0,Temp=26.3C/27.5C
10-25 21:40:48.632 17329 17678 D VrApi : setSchedFifoStatic tid:17343 pto:1
10-25 21:40:48.632 3970 17298 V VRManagerServer: (VRManagerService.java:401) yTqX [setThreadSchedFifo pkg=com.foo.ProductName pid=17329 tid=17343 prio=1]
10-25 21:40:48.632 3970 17298 V VRManagerServer: (VRManagerService.java:405) yTqX [setAffinity pid=17343 cpus=[4, 5, 6, 7]]
10-25 21:40:48.632 17329 17678 D VRManagerGearVR: VRManager set thread priority to 1
10-25 21:40:48.642 17329 17678 I VrApi_Clocks: SetSchedFifo( tid=17343, pri=1 ) succeeded
10-25 21:40:48.642 17329 17678 D VrApi : setSchedFifoStatic tid:17343 pto:1
10-25 21:40:48.642 3970 3999 V VRManagerServer: (VRManagerService.java:401) yTqX [setThreadSchedFifo pkg=com.foo.ProductName pid=17329 tid=17343 prio=1]
10-25 21:40:48.642 3970 3999 V VRManagerServer: (VRManagerService.java:405) yTqX [setAffinity pid=17343 cpus=[4, 5, 6, 7]]
10-25 21:40:48.642 17329 17678 D VRManagerGearVR: VRManager set thread priority to 1
10-25 21:40:48.642 17329 17678 I VrApi_Clocks: SetSchedFifo( tid=17343, pri=1 ) succeeded
10-25 21:40:48.642 17329 17678 W TimeWarp: VSync 4973117: eye=1,late=5.7ms,over=0.0ms,CPU=0.5ms,GPU>=2.1
10-25 21:40:48.732 17329 17678 D VrApi : setSchedFifoStatic tid:17343 pto:0
10-25 21:40:48.732 3970 17522 V VRManagerServer: (VRManagerService.java:401) yTqX [setThreadSchedFifo pkg=com.foo.ProductName pid=17329 tid=17343 prio=0]
10-25 21:40:48.732 3970 17522 V VRManagerServer: (VRManagerService.java:405) yTqX [setAffinity pid=17343 cpus=[4, 5, 6, 7]]
10-25 21:40:48.732 17329 17678 D VRManagerGearVR: VRManager set thread priority to 0
10-25 21:40:48.732 17329 17678 I VrApi_Clocks: SetSchedFifo( tid=17343, pri=0 ) succeeded
10-25 21:40:48.742 17329 17678 D VrApi : setSchedFifoStatic tid:17343 pto:0
10-25 21:40:48.742 3970 17298 V VRManagerServer: (VRManagerService.java:401) yTqX [setThreadSchedFifo pkg=com.foo.ProductName pid=17329 tid=17343 prio=0]
10-25 21:40:48.742 3970 17298 V VRManagerServer: (VRManagerService.java:405) yTqX [setAffinity pid=17343 cpus=[4, 5, 6, 7]]
10-25 21:40:48.742 17329 17343 I E:\tw\d45da6eca52cc600\Software\OculusSDK\Integrations\Unity\Releases\si-1: Just mounted
10-25 21:40:48.742 17329 17343 I SystemActivities: OVR_SystemActivities_PostUpdate: Acting on System Activity reorient event.
10-25 21:40:48.742 17329 17678 D VRManagerGearVR: VRManager set thread priority to 0
10-25 21:40:48.742 17329 17678 I VrApi_Clocks: SetSchedFifo( tid=17343, pri=0 ) succeeded
10-25 21:40:48.742 17329 17678 W TimeWarp: VSync 4973123: eye=1,late=7.2ms,over=0.0ms,CPU=0.4ms,GPU>=0.7
10-25 21:40:48.742 17329 17678 D VrApi : setSchedFifoStatic tid:17343 pto:1
10-25 21:40:48.752 3970 3998 V VRManagerServer: (VRManagerService.java:401) yTqX [setThreadSchedFifo pkg=com.foo.ProductName pid=17329 tid=17343 prio=1]
10-25 21:40:48.752 3970 3998 V VRManagerServer: (VRManagerService.java:405) yTqX [setAffinity pid=17343 cpus=[4, 5, 6, 7]]
10-25 21:40:48.762 17329 17678 D VRManagerGearVR: VRManager set thread priority to 1
10-25 21:40:48.762 17329 17678 I VrApi_Clocks: SetSchedFifo( tid=17343, pri=1 ) succeeded
10-25 21:40:48.762 17329 17678 D VrApi : setSchedFifoStatic tid:17343 pto:1
10-25 21:40:48.762 3970 17522 V VRManagerServer: (VRManagerService.java:401) yTqX [setThreadSchedFifo pkg=com.foo.ProductName pid=17329 tid=17343 prio=1]
10-25 21:40:48.762 3970 17522 V VRManagerServer: (VRManagerService.java:405) yTqX [setAffinity pid=17343 cpus=[4, 5, 6, 7]]
10-25 21:40:48.762 17329 17678 D VRManagerGearVR: VRManager set thread priority to 1
10-25 21:40:48.762 17329 17678 I VrApi_Clocks: SetSchedFifo( tid=17343, pri=1 ) succeeded
10-25 21:40:48.762 17329 17678 W TimeWarp: VSync 4973124: eye=1,late=12.0ms,over=0.0ms,CPU=0.4ms,GPU>=0.0
10-25 21:40:48.832 17329 17678 W TimeWarp: VSync 4973128: eye=1,late=0.0ms,over=0.1ms,CPU=0.3ms,GPU>=8.0
10-25 21:40:48.842 17329 17678 D VrApi : setSchedFifoStatic tid:17343 pto:0
10-25 21:40:48.852 3970 3999 V VRManagerServer: (VRManagerService.java:401) yTqX [setThreadSchedFifo pkg=com.foo.ProductName pid=17329 tid=17343 prio=0]
10-25 21:40:48.852 3970 3999 V VRManagerServer: (VRManagerService.java:405) yTqX [setAffinity pid=17343 cpus=[4, 5, 6, 7]]
10-25 21:40:48.852 17329 17678 D VRManagerGearVR: VRManager set thread priority to 0
10-25 21:40:48.852 17329 17678 I VrApi_Clocks: SetSchedFifo( tid=17343, pri=0 ) succeeded
10-25 21:40:48.852 17329 17678 D VrApi : setSchedFifoStatic tid:17343 pto:0
10-25 21:40:48.852 3970 17298 V VRManagerServer: (VRManagerService.java:401) yTqX [setThreadSchedFifo pkg=com.foo.ProductName pid=17329 tid=17343 prio=0]
10-25 21:40:48.852 3970 17298 V VRManagerServer: (VRManagerService.java:405) yTqX [setAffinity pid=17343 cpus=[4, 5, 6, 7]]
10-25 21:40:48.862 17329 17678 D VRManagerGearVR: VRManager set thread priority to 0
10-25 21:40:48.862 17329 17678 I VrApi_Clocks: SetSchedFifo( tid=17343, pri=0 ) succeeded
10-25 21:40:48.862 17329 17678 W TimeWarp: VSync 4973130: eye=1,late=6.2ms,over=0.0ms,CPU=0.4ms,GPU>=1.7
10-25 21:40:48.882 17329 17678 D VrApi : setSchedFifoStatic tid:17343 pto:1
10-25 21:40:48.882 3970 3998 V VRManagerServer: (VRManagerService.java:401) yTqX [setThreadSchedFifo pkg=com.foo.ProductName pid=17329 tid=17343 prio=1]
10-25 21:40:48.882 3970 3998 V VRManagerServer: (VRManagerService.java:405) yTqX [setAffinity pid=17343 cpus=[4, 5, 6, 7]]
10-25 21:40:48.882 17329 17678 D VRManagerGearVR: VRManager set thread priority to 1
10-25 21:40:48.882 17329 17678 I VrApi_Clocks: SetSchedFifo( tid=17343, pri=1 ) succeeded
10-25 21:40:48.882 17329 17678 D VrApi : setSchedFifoStatic tid:17343 pto:1
10-25 21:40:48.892 3970 17522 V VRManagerServer: (VRManagerService.java:401) yTqX [setThreadSchedFifo pkg=com.foo.ProductName pid=17329 tid=17343 prio=1]
10-25 21:40:48.892 3970 17522 V VRManagerServer: (VRManagerService.java:405) yTqX [setAffinity pid=17343 cpus=[4, 5, 6, 7]]
10-25 21:40:48.892 17329 17678 D VRManagerGearVR: VRManager set thread priority to 1
10-25 21:40:48.892 17329 17678 I VrApi_Clocks: SetSchedFifo( tid=17343, pri=1 ) succeeded
10-25 21:40:48.892 17329 17678 W TimeWarp: VSync 4973132: eye=1,late=6.0ms,over=0.0ms,CPU=0.4ms,GPU>=1.9
10-25 21:40:48.962 17329 17678 W TimeWarp: VSync 4973136: eye=1,late=0.0ms,over=0.1ms,CPU=0.4ms,GPU>=7.9
10-25 21:40:48.982 17329 17678 D VrApi : setSchedFifoStatic tid:17343 pto:0
10-25 21:40:48.982 3970 3999 V VRManagerServer: (VRManagerService.java:401) yTqX [setThreadSchedFifo pkg=com.foo.ProductName pid=17329 tid=17343 prio=0]
10-25 21:40:48.982 3970 3999 V VRManagerServer: (VRManagerService.java:405) yTqX [setAffinity pid=17343 cpus=[4, 5, 6, 7]]
10-25 21:40:48.982 17329 17678 D VRManagerGearVR: VRManager set thread priority to 0
10-25 21:40:48.982 17329 17678 I VrApi_Clocks: SetSchedFifo( tid=17343, pri=0 ) succeeded
10-25 21:40:48.982 17329 17678 D VrApi : setSchedFifoStatic tid:17343 pto:0
10-25 21:40:48.992 3970 17298 V VRManagerServer: (VRManagerService.java:401) yTqX [setThreadSchedFifo pkg=com.foo.ProductName pid=17329 tid=17343 prio=0]
10-25 21:40:48.992 3970 17298 V VRManagerServer: (VRManagerService.java:405) yTqX [setAffinity pid=17343 cpus=[4, 5, 6, 7]]
10-25 21:40:48.992 17329 17678 D VRManagerGearVR: VRManager set thread priority to 0
10-25 21:40:48.992 17329 17678 I VrApi_Clocks: SetSchedFifo( tid=17343, pri=0 ) succeeded
10-25 21:40:48.992 17329 17678 W TimeWarp: VSync 4973138: eye=1,late=7.0ms,over=0.0ms,CPU=0.4ms,GPU>=0.9
10-25 21:40:48.992 17329 17678 D VrApi : setSchedFifoStatic tid:17343 pto:1
10-25 21:40:49.002 3970 3998 V VRManagerServer: (VRManagerService.java:401) yTqX [setThreadSchedFifo pkg=com.foo.ProductName pid=17329 tid=17343 prio=1]
10-25 21:40:49.002 3970 3998 V VRManagerServer: (VRManagerService.java:405) yTqX [setAffinity pid=17343 cpus=[4, 5, 6, 7]]
10-25 21:40:49.002 17329 17678 D VRManagerGearVR: VRManager set thread priority to 1
10-25 21:40:49.002 17329 17678 I VrApi_Clocks: SetSchedFifo( tid=17343, pri=1 ) succeeded
10-25 21:40:49.002 17329 17678 D VrApi : setSchedFifoStatic tid:17343 pto:1
10-25 21:40:49.002 3970 17522 V VRManagerServer: (VRManagerService.java:401) yTqX [setThreadSchedFifo pkg=com.foo.ProductName pid=17329 tid=17343 prio=1]
10-25 21:40:49.002 3970 17522 V VRManagerServer: (VRManagerService.java:405) yTqX [setAffinity pid=17343 cpus=[4, 5, 6, 7]]
10-25 21:40:49.012 17329 17678 D VRManagerGearVR: VRManager set thread priority to 1
10-25 21:40:49.012 17329 17678 I VrApi_Clocks: SetSchedFifo( tid=17343, pri=1 ) succeeded
10-25 21:40:49.012 17329 17678 W TimeWarp: VSync 4973139: eye=1,late=6.5ms,over=0.0ms,CPU=0.4ms,GPU>=1.4
10-25 21:40:49.022 16325 16325 D VRSVC : (MonoManager.java:37) wtkw [dismissMonoForeground]
10-25 21:40:49.032 3520 4392 D KnoxTimeoutHandler: notifyActivityDrawn [MsgParam] userId: 0 fullscreen is true showWhenlocked is true
10-25 21:40:49.032 3520 3520 D KnoxTimeoutHandler: activityDrawn [MsgParam] userId: 0 fullscreen is true showWhenlocked is true
10-25 21:40:49.032 3520 3520 I KnoxTimeoutHandler: SD activityfalse
10-25 21:40:49.052 16325 16325 D ViewRootImpl: #3 mView = null
10-25 21:40:49.052 3520 4533 D KnoxTimeoutHandler: notifyActivityDrawn [MsgParam] userId: 0 fullscreen is true showWhenlocked is true
10-25 21:40:49.052 3520 3520 D KnoxTimeoutHandler: activityDrawn [MsgParam] userId: 0 fullscreen is true showWhenlocked is true
10-25 21:40:49.062 3520 3520 I KnoxTimeoutHandler: SD activityfalse
10-25 21:40:49.092 17329 17678 D VrApi : setSchedFifoStatic tid:17343 pto:0
10-25 21:40:49.102 3970 3999 V VRManagerServer: (VRManagerService.java:401) yTqX [setThreadSchedFifo pkg=com.foo.ProductName pid=17329 tid=17343 prio=0]
10-25 21:40:49.102 3970 3999 V VRManagerServer: (VRManagerService.java:405) yTqX [setAffinity pid=17343 cpus=[4, 5, 6, 7]]
10-25 21:40:49.102 17329 17678 D VRManagerGearVR: VRManager set thread priority to 0
10-25 21:40:49.102 17329 17678 I VrApi_Clocks: SetSchedFifo( tid=17343, pri=0 ) succeeded
10-25 21:40:49.102 17329 17678 D VrApi : setSchedFifoStatic tid:17343 pto:0
10-25 21:40:49.102 3970 3998 V VRManagerServer: (VRManagerService.java:401) yTqX [setThreadSchedFifo pkg=com.foo.ProductName pid=17329 tid=17343 prio=0]
10-25 21:40:49.102 3970 3998 V VRManagerServer: (VRManagerService.java:405) yTqX [setAffinity pid=17343 cpus=[4, 5, 6, 7]]
10-25 21:40:49.112 17329 17678 D VRManagerGearVR: VRManager set thread priority to 0
10-25 21:40:49.112 17329 17678 I VrApi_Clocks: SetSchedFifo( tid=17343, pri=0 ) succeeded
10-25 21:40:49.112 17329 17678 W TimeWarp: VSync 4973145: eye=1,late=6.8ms,over=0.0ms,CPU=1.1ms,GPU>=0.4
10-25 21:40:49.122 17329 17678 W TimeWarp: VSync 4973146: eye=1,late=0.0ms,over=0.0ms,CPU=0.4ms,GPU>=8.1
10-25 21:40:49.132 17329 17678 D VrApi : setSchedFifoStatic tid:17343 pto:1
10-25 21:40:49.132 3970 17298 V VRManagerServer: (VRManagerService.java:401) yTqX [setThreadSchedFifo pkg=com.foo.ProductName pid=17329 tid=17343 prio=1]
10-25 21:40:49.132 3970 17298 V VRManagerServer: (VRManagerService.java:405) yTqX [setAffinity pid=17343 cpus=[4, 5, 6, 7]]
10-25 21:40:49.132 17329 17678 D VRManagerGearVR: VRManager set thread priority to 1
10-25 21:40:49.132 17329 17678 I VrApi_Clocks: SetSchedFifo( tid=17343, pri=1 ) succeeded
10-25 21:40:49.132 17329 17678 D VrApi : setSchedFifoStatic tid:17343 pto:1
10-25 21:40:49.142 3970 17522 V VRManagerServer: (VRManagerService.java:401) yTqX [setThreadSchedFifo pkg=com.foo.ProductName pid=17329 tid=17343 prio=1]
10-25 21:40:49.142 3970 17522 V VRManagerServer: (VRManagerService.java:405) yTqX [setAffinity pid=17343 cpus=[4, 5, 6, 7]]
10-25 21:40:49.142 17329 17678 D VRManagerGearVR: VRManager set thread priority to 1
10-25 21:40:49.142 17329 17678 I VrApi_Clocks: SetSchedFifo( tid=17343, pri=1 ) succeeded
10-25 21:40:49.142 17329 17678 W TimeWarp: VSync 4973147: eye=1,late=6.4ms,over=0.0ms,CPU=0.4ms,GPU>=1.6
10-25 21:40:49.182 3126 3677 I APM::AudioPolicyManager: stopOutput() output 4, stream 3, session 521
10-25 21:40:49.212 17329 17678 W TimeWarp: VSync 4973151: eye=1,late=0.0ms,over=0.1ms,CPU=0.4ms,GPU>=7.9
10-25 21:40:49.222 17329 17678 D VrApi : setSchedFifoStatic tid:17343 pto:0
10-25 21:40:49.232 3970 3998 V VRManagerServer: (VRManagerService.java:401) yTqX [setThreadSchedFifo pkg=com.foo.ProductName pid=17329 tid=17343 prio=0]
10-25 21:40:49.232 3970 3998 V VRManagerServer: (VRManagerService.java:405) yTqX [setAffinity pid=17343 cpus=[4, 5, 6, 7]]
10-25 21:40:49.232 17329 17678 D VRManagerGearVR: VRManager set thread priority to 0
10-25 21:40:49.232 17329 17678 I VrApi_Clocks: SetSchedFifo( tid=17343, pri=0 ) succeeded
10-25 21:40:49.232 17329 17678 D VrApi : setSchedFifoStatic tid:17343 pto:0
10-25 21:40:49.242 3970 17298 V VRManagerServer: (VRManagerService.java:401) yTqX [setThreadSchedFifo pkg=com.foo.ProductName pid=17329 tid=17343 prio=0]
10-25 21:40:49.242 3970 17298 V VRManagerServer: (VRManagerService.java:405) yTqX [setAffinity pid=17343 cpus=[4, 5, 6, 7]]
10-25 21:40:49.242 17329 17678 D VRManagerGearVR: VRManager set thread priority to 0
10-25 21:40:49.242 17329 17678 I VrApi_Clocks: SetSchedFifo( tid=17343, pri=0 ) succeeded
10-25 21:40:49.242 17329 17678 W TimeWarp: VSync 4973153: eye=1,late=7.6ms,over=0.0ms,CPU=0.4ms,GPU>=0.3
10-25 21:40:49.242 17329 17678 D VrApi : setSchedFifoStatic tid:17343 pto:1
10-25 21:40:49.252 3970 3999 V VRManagerServer: (VRManagerService.java:401) yTqX [setThreadSchedFifo pkg=com.foo.ProductName pid=17329 tid=17343 prio=1]
10-25 21:40:49.252 3970 3999 V VRManagerServer: (VRManagerService.java:405) yTqX [setAffinity pid=17343 cpus=[4, 5, 6, 7]]
10-25 21:40:49.252 17329 17678 D VRManagerGearVR: VRManager set thread priority to 1
10-25 21:40:49.252 17329 17678 I VrApi_Clocks: SetSchedFifo( tid=17343, pri=1 ) succeeded
10-25 21:40:49.252 17329 17678 D VrApi : setSchedFifoStatic tid:17343 pto:1
10-25 21:40:49.252 3970 17522 V VRManagerServer: (VRManagerService.java:401) yTqX [setThreadSchedFifo pkg=com.foo.ProductName pid=17329 tid=17343 prio=1]
10-25 21:40:49.262 3970 17522 V VRManagerServer: (VRManagerService.java:405) yTqX [setAffinity pid=17343 cpus=[4, 5, 6, 7]]
10-25 21:40:49.262 17329 17678 D VRManagerGearVR: VRManager set thread priority to 1
10-25 21:40:49.262 17329 17678 I VrApi_Clocks: SetSchedFifo( tid=17343, pri=1 ) succeeded
10-25 21:40:49.262 17329 17678 W TimeWarp: VSync 4973154: eye=1,late=10.1ms,over=0.0ms,CPU=0.4ms,GPU>=0.0
10-25 21:40:49.342 17329 17678 D VrApi : setSchedFifoStatic tid:17343 pto:0
10-25 21:40:49.352 3970 17298 V VRManagerServer: (VRManagerService.java:401) yTqX [setThreadSchedFifo pkg=com.foo.ProductName pid=17329 tid=17343 prio=0]
10-25 21:40:49.352 3970 17298 V VRManagerServer: (VRManagerService.java:405) yTqX [setAffinity pid=17343 cpus=[4, 5, 6, 7]]
10-25 21:40:49.352 17329 17678 D VRManagerGearVR: VRManager set thread priority to 0
10-25 21:40:49.352 17329 17678 I VrApi_Clocks: SetSchedFifo( tid=17343, pri=0 ) succeeded
10-25 21:40:49.352 17329 17678 D VrApi : setSchedFifoStatic tid:17343 pto:0
10-25 21:40:49.352 3970 3998 V VRManagerServer: (VRManagerService.java:401) yTqX [setThreadSchedFifo pkg=com.foo.ProductName pid=17329 tid=17343 prio=0]
10-25 21:40:49.352 3970 3998 V VRManagerServer: (VRManagerService.java:405) yTqX [setAffinity pid=17343 cpus=[4, 5, 6, 7]]
10-25 21:40:49.362 17329 17678 D VRManagerGearVR: VRManager set thread priority to 0
10-25 21:40:49.362 17329 17678 I VrApi_Clocks: SetSchedFifo( tid=17343, pri=0 ) succeeded
10-25 21:40:49.362 17329 17678 W TimeWarp: VSync 4973160: eye=1,late=7.5ms,over=0.0ms,CPU=0.6ms,GPU>=0.2
10-25 21:40:49.372 17329 17678 W TimeWarp: VSync 4973161: eye=1,late=0.0ms,over=0.1ms,CPU=0.4ms,GPU>=7.9
10-25 21:40:49.372 17329 17678 D VrApi : setSchedFifoStatic tid:17343 pto:1
10-25 21:40:49.382 3970 3999 V VRManagerServer: (VRManagerService.java:401) yTqX [setThreadSchedFifo pkg=com.foo.ProductName pid=17329 tid=17343 prio=1]
10-25 21:40:49.382 3970 3999 V VRManagerServer: (VRManagerService.java:405) yTqX [setAffinity pid=17343 cpus=[4, 5, 6, 7]]
10-25 21:40:49.382 17329 17678 D VRManagerGearVR: VRManager set thread priority to 1
10-25 21:40:49.382 17329 17678 I VrApi_Clocks: SetSchedFifo( tid=17343, pri=1 ) succeeded
10-25 21:40:49.382 17329 17678 D VrApi : setSchedFifoStatic tid:17343 pto:1
10-25 21:40:49.392 3970 17522 V VRManagerServer: (VRManagerService.java:401) yTqX [setThreadSchedFifo pkg=com.foo.ProductName pid=17329 tid=17343 prio=1]
10-25 21:40:49.392 3970 17522 V VRManagerServer: (VRManagerService.java:405) yTqX [setAffinity pid=17343 cpus=[4, 5, 6, 7]]
10-25 21:40:49.392 17329 17678 D VRManagerGearVR: VRManager set thread priority to 1
10-25 21:40:49.392 17329 17678 I VrApi_Clocks: SetSchedFifo( tid=17343, pri=1 ) succeeded
10-25 21:40:49.392 17329 17678 W TimeWarp: VSync 4973162: eye=1,late=7.7ms,over=0.0ms,CPU=0.4ms,GPU>=0.2
10-25 21:40:49.472 17329 17678 D VrApi : setSchedFifoStatic tid:17343 pto:0
10-25 21:40:49.482 3970 3998 V VRManagerServer: (VRManagerService.java:401) yTqX [setThreadSchedFifo pkg=com.foo.ProductName pid=17329 tid=17343 prio=0]
10-25 21:40:49.482 3970 3998 V VRManagerServer: (VRManagerService.java:405) yTqX [setAffinity pid=17343 cpus=[4, 5, 6, 7]]
10-25 21:40:49.482 17329 17678 D VRManagerGearVR: VRManager set thread priority to 0
10-25 21:40:49.482 17329 17678 I VrApi_Clocks: SetSchedFifo( tid=17343, pri=0 ) succeeded
10-25 21:40:49.482 17329 17678 D VrApi : setSchedFifoStatic tid:17343 pto:0
10-25 21:40:49.482 3970 17298 V VRManagerServer: (VRManagerService.java:401) yTqX [setThreadSchedFifo pkg=com.foo.ProductName pid=17329 tid=17343 prio=0]
10-25 21:40:49.492 3970 17298 V VRManagerServer: (VRManagerService.java:405) yTqX [setAffinity pid=17343 cpus=[4, 5, 6, 7]]
10-25 21:40:49.492 17329 17678 D VRManagerGearVR: VRManager set thread priority to 0
10-25 21:40:49.492 17329 17678 I VrApi_Clocks: SetSchedFifo( tid=17343, pri=0 ) succeeded
10-25 21:40:49.492 17329 17678 W TimeWarp: VSync 4973168: eye=1,late=8.1ms,over=0.0ms,CPU=0.4ms,GPU>=0.0
10-25 21:40:49.492 17329 17678 D VrApi : setSchedFifoStatic tid:17343 pto:1
10-25 21:40:49.502 3970 3999 V VRManagerServer: (VRManagerService.java:401) yTqX [setThreadSchedFifo pkg=com.foo.ProductName pid=17329 tid=17343 prio=1]
10-25 21:40:49.502 3970 3999 V VRManagerServer: (VRManagerService.java:405) yTqX [setAffinity pid=17343 cpus=[4, 5, 6, 7]]
10-25 21:40:49.502 17329 17648 I OVR : DeviceManagerThread - poll error event 46 (Tid=17648)
10-25 21:40:49.502 17329 17648 I OVR : OVR::Android::HIDDevice - ReadError: fd 46, ReadBufferSize 96, BytesRead -1, errno 5
10-25 21:40:49.502 17329 17648 I OVR : OVR::Android::HIDDevice - Lost connection to vid=04e8:pid=a500:ser=R322XXU0AOJ1
10-25 21:40:49.502 17329 17648 I OVR : DeviceManagerThread::RemoveSelectFd 46 (Tid=17648)
10-25 21:40:49.502 17329 17648 I OVR : OVR::Android::HIDDevice - Closed vid=04e8:pid=a500:ser=R322XXU0AOJ1
10-25 21:40:49.502 17329 17648 I HmdSensors: HmdSensors::OnMessage: removed Device_Sensor (tid=17648, cnt=1)
10-25 21:40:49.502 3520 4018 I EventHub: Removing device sec_hmt Gear VR due to epoll hang-up event.
10-25 21:40:49.502 3520 4018 I EventHub: Removed device: path=/dev/input/event18 name=sec_hmt Gear VR id=47 fd=409 classes=0x80000008
10-25 21:40:49.502 17329 17648 I OVR : DeviceManagerThread - poll(fds,1,3) = 0 (Tid=17648)
10-25 21:40:49.502 17329 17678 D VRManagerGearVR: VRManager set thread priority to 1
10-25 21:40:49.512 17329 17678 I VrApi_Clocks: SetSchedFifo( tid=17343, pri=1 ) succeeded
10-25 21:40:49.512 17329 17678 D VrApi : setSchedFifoStatic tid:17343 pto:1
10-25 21:40:49.512 16325 16367 V VRSVC : (HmtSensorObserver.java:34) onEvent [onEvent() event=512 path=ovr0 isVRMode=true]
10-25 21:40:49.512 16325 16367 V VRSVC : (HmtSensorObserver.java:36) onEvent [sensor detached!]
10-25 21:40:49.512 16325 17241 V VRSVC : (HmtDeviceEventManager.java:109) wtkw [OnDeviceEvent onSensorDetached start.]
10-25 21:40:49.512 16325 17245 D VRSVC : (LogEvent.java:110) bToQ [OnDeviceEvent onSensorDetached hmtConnected=true]
10-25 21:40:49.512 16325 17241 V VRSVC : (HmtDeviceEventManager.java:101) wtkw [OnDeviceEvent onSensorDetached finished. elapsedTime=1]
10-25 21:40:49.512 3970 3998 V VRManagerServer: (VRManagerService.java:401) yTqX [setThreadSchedFifo pkg=com.foo.ProductName pid=17329 tid=17343 prio=1]
10-25 21:40:49.512 3970 3998 V VRManagerServer: (VRManagerService.java:405) yTqX [setAffinity pid=17343 cpus=[4, 5, 6, 7]]
10-25 21:40:49.522 17329 17678 D VRManagerGearVR: VRManager set thread priority to 1
10-25 21:40:49.522 17329 17678 I VrApi_Clocks: SetSchedFifo( tid=17343, pri=1 ) succeeded
10-25 21:40:49.522 17329 17648 I HmdSensors: HmdSensors::OnMessage: removed Device_Sensor (tid=17648, cnt=1)
10-25 21:40:49.522 17329 17648 I OVR : OVR::SensorDevice - Closed 'vid=04e8:pid=a500:ser=R322XXU0AOJ1'
10-25 21:40:49.522 17329 17678 I HmdSensors: HmdSensors::GetPredictedSensorState: wait for sensor (tid=17678)
10-25 21:40:49.522 17329 17648 I OVR : PhoneSensors::~PhoneSensors()
10-25 21:40:49.522 3520 4287 E Sensors : Mag old sensor_state 5, new sensor_state : 1 en : 0
10-25 21:40:49.572 17329 17648 I OVR : OVR::Android::HIDDevice - Shutdown vid=04e8:pid=a500:ser=R322XXU0AOJ1
10-25 21:40:49.572 17329 17678 I HmdSensors: HmdSensors::GetPredictedSensorState: wait for sensor (tid=17678)
10-25 21:40:49.572 17329 17678 W TimeWarp: VSync 4973169: eye=1,late=19.2ms,over=0.0ms,CPU=49.6ms,GPU>=0.0
10-25 21:40:49.572 17329 17678 I TimeWarp: Adjusting 4973172.67 > 4973169 to 4973173
10-25 21:40:49.582 16325 16325 V VRSVC : (HmtSensorEvent.java:117) run [mHandler run() mounted=true taConnected=false]
10-25 21:40:49.582 16325 16325 V VRSVC : (HmtSensorEvent.java:334) handleMessage [sensor closed!]
10-25 21:40:49.592 17329 17678 D VrApi : setSchedFifoStatic tid:17343 pto:0
10-25 21:40:49.592 3970 17522 V VRManagerServer: (VRManagerService.java:401) yTqX [setThreadSchedFifo pkg=com.foo.ProductName pid=17329 tid=17343 prio=0]
10-25 21:40:49.592 3970 17522 V VRManagerServer: (VRManagerService.java:405) yTqX [setAffinity pid=17343 cpus=[4, 5, 6, 7]]
10-25 21:40:49.602 17329 17678 D VRManagerGearVR: VRManager set thread priority to 0
10-25 21:40:49.602 17329 17678 I VrApi_Clocks: SetSchedFifo( tid=17343, pri=0 ) succeeded
10-25 21:40:49.602 17329 17678 D VrApi : setSchedFifoStatic tid:17343 pto:0
10-25 21:40:49.602 3970 17298 V VRManagerServer: (VRManagerService.java:401) yTqX [setThreadSchedFifo pkg=com.foo.ProductName pid=17329 tid=17343 prio=0]
10-25 21:40:49.602 3970 17298 V VRManagerServer: (VRManagerService.java:405) yTqX [setAffinity pid=17343 cpus=[4, 5, 6, 7]]
10-25 21:40:49.602 17329 17678 D VRManagerGearVR: VRManager set thread priority to 0
10-25 21:40:49.602 17329 17678 I VrApi_Clocks: SetSchedFifo( tid=17343, pri=0 ) succeeded
10-25 21:40:49.612 17329 17678 W TimeWarp: VSync 4973175: eye=1,late=7.0ms,over=0.0ms,CPU=0.4ms,GPU>=0.9
10-25 21:40:49.622 17329 17680 I VrApi : FPS=8,Prd=44ms,Tear=15,Early=0,Stale=58,VSnc=1,Lat=1,CPU4/GPU=2/2,1000/420MHz,OC=FF,TA=F0/F0/F0/F0,SP=F/F/N/N,Mem=1026MHz,Free=1344MB,PSM=0,PLS=0,Temp=26.3C/27.5C
10-25 21:40:49.622 17329 17678 D VrApi : setSchedFifoStatic tid:17343 pto:1
10-25 21:40:49.632 3970 17522 V VRManagerServer: (VRManagerService.java:401) yTqX [setThreadSchedFifo pkg=com.foo.ProductName pid=17329 tid=17343 prio=1]
10-25 21:40:49.632 3970 17522 V VRManagerServer: (VRManagerService.java:405) yTqX [setAffinity pid=17343 cpus=[4, 5, 6, 7]]
10-25 21:40:49.632 17329 17678 D VRManagerGearVR: VRManager set thread priority to 1
10-25 21:40:49.632 17329 17678 I VrApi_Clocks: SetSchedFifo( tid=17343, pri=1 ) succeeded
10-25 21:40:49.632 17329 17678 D VrApi : setSchedFifoStatic tid:17343 pto:1
10-25 21:40:49.632 3135 3181 D Sensorhubs: readContextData: 1, 1, 26, 1, 1, 1, 21, -116, 4, 0
10-25 21:40:49.632 3520 4008 D SensorHubManager: onGetSensorHubDataLocked: library(10) = 1, 1, 26, 1, 1, 1, 21, -116, 4, 0
10-25 21:40:49.632 3520 4007 D CAE : onGetSensorHubData(SensorHubParserProvider.java:92) - onGetSensorHubData Event [event buffer len :10], AP_WAKEUP
10-25 21:40:49.632 3520 4007 I CAE : parse(SensorHubParserProvider.java:188) - buffer size = 10
10-25 21:40:49.632 3520 4007 I CAE : parse(SensorHubParserProvider.java:199) - 1, 1, 26, 1, 1, 1, 21, -116, 4, 0,
10-25 21:40:49.632 3520 4007 D CAE : display(ContextProvider.java:375) - ================= ACTIVITY_TRACKER =================
10-25 21:40:49.632 3970 17298 V VRManagerServer: (VRManagerService.java:401) yTqX [setThreadSchedFifo pkg=com.foo.ProductName pid=17329 tid=17343 prio=1]
10-25 21:40:49.632 3520 4007 I CAE : display(ContextProvider.java:391) - Accuracy=[0], OperationMode=[0], ActivityType=[4], TimeStamp=[1477456848268]
10-25 21:40:49.632 3520 4010 D SContextService: updateSContext() : event = Activity Tracker
10-25 21:40:49.632 3970 17298 V VRManagerServer: (VRManagerService.java:405) yTqX [setAffinity pid=17343 cpus=[4, 5, 6, 7]]
10-25 21:40:49.642 17329 17678 D VRManagerGearVR: VRManager set thread priority to 1
10-25 21:40:49.642 17329 17678 I VrApi_Clocks: SetSchedFifo( tid=17343, pri=1 ) succeeded
10-25 21:40:49.642 17329 17678 W TimeWarp: VSync 4973177: eye=1,late=7.3ms,over=0.0ms,CPU=0.4ms,GPU>=0.6
10-25 21:40:49.652 3520 4018 I InputReader: Device removed: id=47, name='sec_hmt Gear VR', sources=0x00002002
10-25 21:40:49.652 3520 4018 I InputReader: VRInputMapper::reset
10-25 21:40:49.652 3520 4018 I InputReader: VRInputMapper::~VRInputMapper
10-25 21:40:49.652 3520 4018 W EventHub: could not get event, removed? (fd: 411 size: -1 bufferSize: 256 capacity: 256 errno: 19)
10-25 21:40:49.652 3520 4018 I EventHub: Removed device: path=/dev/input/event19 name=sec_hmt Gear VR id=48 fd=411 classes=0x80000001
10-25 21:40:49.652 3520 4017 I InputDispatcher: Delivering touch to (17329): action: 0xa, toolType: 3
10-25 21:40:49.702 3520 3520 D EdgeLight: Turning off
10-25 21:40:49.702 3520 4064 D ApplicationPolicy: isStatusBarNotificationAllowedAsUser: packageName = android,userId = -1
10-25 21:40:49.712 17268 17278 D CatchNotificationsService: onNotificationRemoved
10-25 21:40:49.712 17268 17278 D CatchNotificationsService: Notification removed
10-25 21:40:49.712 16325 16335 V VRSVC : (NotificationListener.java:35) onNotificationRemoved [android_Notification(pri=-2 contentView=null vibrate=null sound=null defaults=0x0 flags=0x2 color=0x00000000 vis=PUBLIC secFlags=0x0 secPriority=0)_998563545]
10-25 21:40:49.712 4130 4130 D PhoneStatusBar: removeNotification key=-1|android|998563545|null|1000 old=StatusBarNotification(pkg=android user=UserHandle{-1} id=998563545 tag=null score=-20 key=-1|android|998563545|null|1000: Notification(pri=-2 contentView=android/0x10900a3 vibrate=null sound=null defaults=0x0 flags=0x2 color=0x00000000 vis=PUBLIC secFlags=0x0 secPriority=0))
10-25 21:40:49.712 4130 4130 D PhoneStatusBar: setAreThereNotifications: N=3 any=true clearable=true
10-25 21:40:49.712 4371 4385 D PeopleNotiListenerService: onEdgeNotificationRemoved() : pkg android,id=0,extra=Bundle[mParcelledData.dataSize=112]
10-25 21:40:49.712 4371 4371 D PeopleNotiListenerService: removeEdgeNotification:Bundle[{samsung.notification.id=0, samsung.people.package_name=android, samsung.people.notification_type=led_indicator}]
10-25 21:40:49.712 4371 4385 D PeopleNotiListenerService: onEdgeNotificationRemoved() : pkg android,id=998563545,extra=Bundle[mParcelledData.dataSize=84]
10-25 21:40:49.712 4371 4371 D PeopleNotiListenerService: removeEdgeNotification:Bundle[{samsung.notification.id=998563545, samsung.notification.type=normal, samsung.people.package_name=android}]
10-25 21:40:49.712 4371 4371 I PeopleStripeService: PeopleNotificationReceiver:3
10-25 21:40:49.712 4523 4523 I CocktailBarUiController: onUpdateCocktail: 4
10-25 21:40:49.712 4371 4371 I PeopleStripeService: sendEdgeNotification peopleEnabled true lightingEnabled false edgeEnabled true
10-25 21:40:49.712 4371 4371 I PeopleDataManager: removeNotification
10-25 21:40:49.712 4523 4523 I CocktailBarPanelManager: updatePanelItem: updateContainedPanel - 4
10-25 21:40:49.712 4371 4371 I NotificationParser: getNotiType:android,led_indicator
10-25 21:40:49.712 4523 4523 D CatchNotificationsView: setData
10-25 21:40:49.712 4371 4371 D PeopleDataManager: removeNotiInfo: id =0,packageName=android,isEdgeNotification=true,key=null,removeAll=false
10-25 21:40:49.712 4371 4371 D PeopleDataManager: removeNotiInfo =null
10-25 21:40:49.712 4371 4371 I PeopleStripeService: PeopleNotificationReceiver:3
10-25 21:40:49.712 4371 4371 I PeopleStripeService: sendEdgeNotification peopleEnabled true lightingEnabled false edgeEnabled true
10-25 21:40:49.712 4371 4371 I PeopleDataManager: removeNotification
10-25 21:40:49.712 4371 4371 I NotificationParser: getNotiType:android,null
10-25 21:40:49.712 4523 4523 D CatchNotificationsView: Notification removed
10-25 21:40:49.712 4371 4371 D PeopleDataManager: removeNotiInfo: id =998563545,packageName=android,isEdgeNotification=false,key=null,removeAll=false
10-25 21:40:49.712 4523 4523 D CatchNotificationsView: No notifications left to remove
10-25 21:40:49.712 4371 4371 D PeopleDataManager: removeNotiInfo =null
10-25 21:40:49.712 4523 4523 D CatchNotificationsView: makeNoNotificationsPanel
10-25 21:40:49.712 4523 4523 D PanelDescriptionView: updateHelpView: Apps edge2130903045 --> 2130903045 helpview reapplied:1
10-25 21:40:49.722 4523 4523 D CocktailBarUiController: postUpdatePanel: 257
10-25 21:40:49.722 17329 17678 D VrApi : setSchedFifoStatic tid:17343 pto:0
10-25 21:40:49.732 3970 3998 V VRManagerServer: (VRManagerService.java:401) yTqX [setThreadSchedFifo pkg=com.foo.ProductName pid=17329 tid=17343 prio=0]
10-25 21:40:49.732 3970 3998 V VRManagerServer: (VRManagerService.java:405) yTqX [setAffinity pid=17343 cpus=[4, 5, 6, 7]]
10-25 21:40:49.732 17329 17678 D VRManagerGearVR: VRManager set thread priority to 0
10-25 21:40:49.732 17329 17678 I VrApi_Clocks: SetSchedFifo( tid=17343, pri=0 ) succeeded
10-25 21:40:49.732 17329 17678 D VrApi : setSchedFifoStatic tid:17343 pto:0
10-25 21:40:49.732 3970 3999 V VRManagerServer: (VRManagerService.java:401) yTqX [setThreadSchedFifo pkg=com.foo.ProductName pid=17329 tid=17343 prio=0]
10-25 21:40:49.732 3970 3999 V VRManagerServer: (VRManagerService.java:405) yTqX [setAffinity pid=17343 cpus=[4, 5, 6, 7]]
10-25 21:40:49.732 17329 17678 D VRManagerGearVR: VRManager set thread priority to 0
10-25 21:40:49.732 17329 17678 I VrApi_Clocks: SetSchedFifo( tid=17343, pri=0 ) succeeded
10-25 21:40:49.742 17329 17678 W TimeWarp: VSync 4973183: eye=1,late=4.9ms,over=0.0ms,CPU=0.5ms,GPU>=3.0
10-25 21:40:49.742 17329 17678 D VrApi : setSchedFifoStatic tid:17343 pto:1
10-25 21:40:49.742 3970 17522 V VRManagerServer: (VRManagerService.java:401) yTqX [setThreadSchedFifo pkg=com.foo.ProductName pid=17329 tid=17343 prio=1]
10-25 21:40:49.742 3970 17522 V VRManagerServer: (VRManagerService.java:405) yTqX [setAffinity pid=17343 cpus=[4, 5, 6, 7]]
10-25 21:40:49.752 17329 17678 D VRManagerGearVR: VRManager set thread priority to 1
10-25 21:40:49.752 17329 17678 I VrApi_Clocks: SetSchedFifo( tid=17343, pri=1 ) succeeded
10-25 21:40:49.752 17329 17678 D VrApi : setSchedFifoStatic tid:17343 pto:1
10-25 21:40:49.752 3970 17298 V VRManagerServer: (VRManagerService.java:401) yTqX [setThreadSchedFifo pkg=com.foo.ProductName pid=17329 tid=17343 prio=1]
10-25 21:40:49.752 3970 17298 V VRManagerServer: (VRManagerService.java:405) yTqX [setAffinity pid=17343 cpus=[4, 5, 6, 7]]
10-25 21:40:49.752 17329 17678 D VRManagerGearVR: VRManager set thread priority to 1
10-25 21:40:49.752 17329 17678 I VrApi_Clocks: SetSchedFifo( tid=17343, pri=1 ) succeeded
10-25 21:40:49.762 17329 17678 W TimeWarp: VSync 4973184: eye=1,late=7.4ms,over=0.0ms,CPU=0.4ms,GPU>=0.5
10-25 21:40:49.772 3520 4018 I EventHub: Removing device '/dev/input/event18' due to inotify event
10-25 21:40:49.772 3520 4018 I EventHub: Removing device '/dev/input/event19' due to inotify event
10-25 21:40:49.772 3520 4018 I InputReader: Device removed: id=48, name='sec_hmt Gear VR', sources=0x00000101
10-25 21:40:49.772 3520 4018 I InputReader: VRKeyboardInputMapper::reset
10-25 21:40:49.772 3520 4018 I InputReader: VRKeyboardInputMapper::~VRKeyboardInputMapper
10-25 21:40:49.772 3520 4017 D KnoxTimeoutHandler: notifyActivityDrawn [MsgParam] userId: 0 fullscreen is true showWhenlocked is true
10-25 21:40:49.782 3520 4017 D KnoxTimeoutHandler: notifyActivityDrawn [MsgParam] userId: 0 fullscreen is true showWhenlocked is true
10-25 21:40:49.792 17329 17678 W TimeWarp: VSync 4973186: eye=1,late=0.0ms,over=0.1ms,CPU=0.3ms,GPU>=8.0
10-25 21:40:49.792 16325 16325 V VRSVC : (DeviceEventReceiver.java:21) onReceive [action=android.hardware.usb.action.USB_DEVICE_DETACHED]
10-25 21:40:49.792 3520 3520 D KnoxTimeoutHandler: activityDrawn [MsgParam] userId: 0 fullscreen is true showWhenlocked is true
10-25 21:40:49.802 3520 3520 I KnoxTimeoutHandler: SD activityfalse
10-25 21:40:49.802 3520 3520 D KnoxTimeoutHandler: activityDrawn [MsgParam] userId: 0 fullscreen is true showWhenlocked is true
10-25 21:40:49.802 3520 3520 I KnoxTimeoutHandler: SD activityfalse
10-25 21:40:49.802 16325 16325 D VRSVC : (HmtReceiver.java:56) yTqX [handleIntentUSB usbState=0 /dev/bus/usb/001/002 class=0 subClass=0]
10-25 21:40:49.802 3520 3520 D KnoxTimeoutHandler: notifyActivityDrawn [MsgParam] userId: 0 fullscreen is true showWhenlocked is true
10-25 21:40:49.802 16325 16325 V VRSVC : (HmtService.java:50) onStartCommand [onStartCommand() flags=0 startId=10 sys.hmt.connected=true]
10-25 21:40:49.802 16325 17241 V VRSVC : (HmtService.java:112) yTqX [onHandleIntent action=com.samsung.intent.action.HMT_USB_EVENT]
10-25 21:40:49.812 16325 17241 V VRSVC : (HmtService.java:234) yTqX [handleIntentUSB dockState=0 device=/dev/bus/usb/001/002 class=0 subclass=0]
10-25 21:40:49.812 16325 17241 V VRSVC : (HmtDeviceEventManager.java:109) wtkw [OnDeviceEvent onUSBStateChanged start.]
10-25 21:40:49.812 16325 17243 V VRSVC : (USBDeviceEvent.java:48) yTqX [onUSBStateChanged usbState=0]
10-25 21:40:49.822 16325 17243 V VRSVC : (USBDeviceEvent.java:50) yTqX [ignore gearvr usb event]
10-25 21:40:49.822 17329 17678 W TimeWarp: VSync 4973188: eye=1,late=0.0ms,over=0.1ms,CPU=0.4ms,GPU>=7.9
10-25 21:40:49.832 17819 17819 E Zygote : v2
10-25 21:40:49.832 17819 17819 I SELinux : Function: selinux_compare_spd_ram, index[1], SPD-policy is existed. and_ver=SEPF_SECMOBILE_6.0.1 ver=11
10-25 21:40:49.832 17819 17819 W SELinux : Function: selinux_compare_spd_ram, index[1], priority [2], priority version is VE=SEPF_SECMOBILE_6.0.1_0013
10-25 21:40:49.832 17819 17819 E Zygote : accessInfo : 0
10-25 21:40:49.832 17819 17819 W SELinux : SELinux: seapp_context_lookup: seinfo=platform, level=s0:c512,c768, pkgname=com.sec.android.gallery3d
10-25 21:40:49.842 17329 17678 D VrApi : setSchedFifoStatic tid:17343 pto:0
10-25 21:40:49.842 3520 3520 D KnoxTimeoutHandler: notifyActivityDrawn [MsgParam] userId: 0 fullscreen is true showWhenlocked is true
10-25 21:40:49.842 3520 3520 I SecExternalDisplayIntents_Java: Intent Recieved .. -android.intent.action.USBHID_MOUSE_EVENTBroadCast Map value - 17
10-25 21:40:49.842 3520 3520 D SecExternalDisplayIntents_Java: Smart Dock Event Received !!!!! Dock Status : 0 HMT Status :true
10-25 21:40:49.842 3970 3998 V VRManagerServer: (VRManagerService.java:401) yTqX [setThreadSchedFifo pkg=com.foo.ProductName pid=17329 tid=17343 prio=0]
10-25 21:40:49.842 16325 17242 D VRSVC : (LogEvent.java:177) yTqX [onUSBStateChanged usbstate=0 topActivity=com.foo.ProductName/com.unity3d.player.UnityPlayerActivity hmtConnected=true]
10-25 21:40:49.842 3970 3998 V VRManagerServer: (VRManagerService.java:405) yTqX [setAffinity pid=17343 cpus=[4, 5, 6, 7]]
10-25 21:40:49.842 16325 17241 V VRSVC : (HmtDeviceEventManager.java:101) wtkw [OnDeviceEvent onUSBStateChanged finished. elapsedTime=31]
10-25 21:40:49.852 3520 3520 D KnoxTimeoutHandler: activityDrawn [MsgParam] userId: 0 fullscreen is true showWhenlocked is true
10-25 21:40:49.862 16325 16325 D VRSVC : (NotificationControlEvent.java:100) onReceive [intent action=com.samsung.android.hmt.action.NOTIFICATION]
10-25 21:40:49.872 3520 3520 I KnoxTimeoutHandler: SD activityfalse
10-25 21:40:49.872 16325 16325 D VRSVC : (NotificationControlEvent.java:126) yTqX [handleIntentNotification() packageName=android notificationType=1 packageName=android]
10-25 21:40:49.872 17268 17279 D CatchNotificationsService: onNotificationPosted
10-25 21:40:49.872 16325 16325 D VRSVC : (NotificationControlEvent.java:190) QdBd [notification updated]
10-25 21:40:49.872 3520 3520 D KnoxTimeoutHandler: activityDrawn [MsgParam] userId: 0 fullscreen is true showWhenlocked is true
10-25 21:40:49.872 16325 16325 V VRSVC : (NotificationControlEvent.java:211) yTqX [sound=null]
10-25 21:40:49.872 16325 16325 V VRSVC : (NotificationControlEvent.java:220) wtkw [vibrate=null]
10-25 21:40:49.872 17329 17678 D VRManagerGearVR: VRManager set thread priority to 0
10-25 21:40:49.872 17329 17678 I VrApi_Clocks: SetSchedFifo( tid=17343, pri=0 ) succeeded
10-25 21:40:49.872 17329 17678 D VrApi : setSchedFifoStatic tid:17343 pto:0
10-25 21:40:49.872 16325 16325 V VRSVC : (NotificationControlEvent.java:150) yTqX [handleIntentNotification() isSystemNoti=true isNotiUpdated=true isTickerText=false pri=-2 isIncludeSound=false isInclueVibrate=false]
10-25 21:40:49.872 3520 3520 I KnoxTimeoutHandler: SD activityfalse
10-25 21:40:49.882 3970 3999 V VRManagerServer: (VRManagerService.java:401) yTqX [setThreadSchedFifo pkg=com.foo.ProductName pid=17329 tid=17343 prio=0]
10-25 21:40:49.882 3970 3999 V VRManagerServer: (VRManagerService.java:405) yTqX [setAffinity pid=17343 cpus=[4, 5, 6, 7]]
10-25 21:40:49.882 17329 17678 D VRManagerGearVR: VRManager set thread priority to 0
10-25 21:40:49.882 17329 17678 I VrApi_Clocks: SetSchedFifo( tid=17343, pri=0 ) succeeded
10-25 21:40:49.882 17329 17678 W TimeWarp: VSync 4973190: eye=1,late=33.8ms,over=0.0ms,CPU=0.5ms,GPU>=0.0
10-25 21:40:49.882 17329 17678 I TimeWarp: Adjusting 4973191.59 > 4973190 to 4973192
10-25 21:40:49.882 17329 17678 D VrApi : setSchedFifoStatic tid:17343 pto:1
10-25 21:40:49.892 17819 17819 D TimaKeyStoreProvider: TimaSignature is unavailable
10-25 21:40:49.892 17819 17819 D ActivityThread: Added TimaKeyStore provider
10-25 21:40:49.892 17228 17239 D BadgeProvider: query, [selection] : null
10-25 21:40:49.892 3970 17298 V VRManagerServer: (VRManagerService.java:401) yTqX [setThreadSchedFifo pkg=com.foo.ProductName pid=17329 tid=17343 prio=1]
10-25 21:40:49.892 3970 17298 V VRManagerServer: (VRManagerService.java:405) yTqX [setAffinity pid=17343 cpus=[4, 5, 6, 7]]
10-25 21:40:49.902 17329 17678 D VRManagerGearVR: VRManager set thread priority to 1
10-25 21:40:49.902 17329 17678 I VrApi_Clocks: SetSchedFifo( tid=17343, pri=1 ) succeeded
10-25 21:40:49.902 4130 4130 D KnoxNotification: ----- inflateViews : modified publicViewLocal -----
10-25 21:40:49.902 17329 17678 D VrApi : setSchedFifoStatic tid:17343 pto:1
10-25 21:40:49.902 3970 17522 V VRManagerServer: (VRManagerService.java:401) yTqX [setThreadSchedFifo pkg=com.foo.ProductName pid=17329 tid=17343 prio=1]
10-25 21:40:49.902 3970 17522 V VRManagerServer: (VRManagerService.java:405) yTqX [setAffinity pid=17343 cpus=[4, 5, 6, 7]]
10-25 21:40:49.902 17329 17678 D VRManagerGearVR: VRManager set thread priority to 1
10-25 21:40:49.902 17329 17678 I VrApi_Clocks: SetSchedFifo( tid=17343, pri=1 ) succeeded
10-25 21:40:49.902 17329 17678 W TimeWarp: VSync 4973193: eye=1,late=7.8ms,over=0.0ms,CPU=0.5ms,GPU>=0.1
10-25 21:40:49.912 4130 4130 D KnoxNotification: ----- inflateViews : modified KnoxViewLocal -----
10-25 21:40:49.912 17268 17279 E CatchNotificationsService: Invalid notification data
10-25 21:40:49.912 4130 4130 D PhoneStatusBar: setAreThereNotifications: N=4 any=true clearable=true
10-25 21:40:49.922 17819 17819 I InjectionManager: Inside getClassLibPath + mLibMap{0=, 1=}
10-25 21:40:49.932 17819 17819 I InjectionManager: Inside getClassLibPath caller
10-25 21:40:49.962 17819 17819 W System : ClassLoader referenced unknown path: /system/priv-app/SecGallery2015/lib/arm64
10-25 21:40:49.972 17329 17678 W TimeWarp: VSync 4973197: eye=1,late=0.0ms,over=0.1ms,CPU=0.4ms,GPU>=7.9
10-25 21:40:49.972 17329 17678 D VrApi : setSchedFifoStatic tid:17343 pto:0
