10-25 21:40:41.442 17329 17678 D VrApi : setSchedFifoStatic tid:17343 pto:1
10-25 21:40:41.442 3970 3998 V VRManagerServer: (VRManagerService.java:401) yTqX [setThreadSchedFifo pkg=com.foo.ProductName pid=17329 tid=17343 prio=1]
10-25 21:40:41.442 3970 3998 V VRManagerServer: (VRManagerService.java:405) yTqX [setAffinity pid=17343 cpus=[4, 5, 6, 7]]
10-25 21:40:41.442 17329 17678 D VRManagerGearVR: VRManager set thread priority to 1
10-25 21:40:41.442 17329 17678 I VrApi_Clocks: SetSchedFifo( tid=17343, pri=1 ) succeeded
10-25 21:40:41.452 17329 17678 W TimeWarp: VSync 4972683: eye=1,late=6.7ms,over=0.0ms,CPU=0.4ms,GPU>=1.2
10-25 21:40:41.492 17329 17648 I OVR : DeviceManagerThread - event 46 (500Hz) (Tid=17648)
10-25 21:40:41.622 17329 17680 I VrApi : FPS=39,Prd=50ms,Tear=0,Early=20,Stale=23,VSnc=1,Lat=1,CPU4/GPU=2/2,1000/420MHz,OC=FF,TA=F0/F0/F0/F0,SP=F/F/F/F,Mem=1026MHz,Free=1351MB,PSM=0,PLS=0,Temp=26.3C/27.0C
10-25 21:40:41.732 17329 17678 W TimeWarp: VSync 4972700: eye=1,late=0.0ms,over=0.0ms,CPU=0.4ms,GPU>=8.0
10-25 21:40:42.492 17329 17648 I OVR : DeviceManagerThread - event 46 (498Hz) (Tid=17648)
10-25 21:40:42.622 17329 17680 I VrApi : FPS=11,Prd=49ms,Tear=9,Early=0,Stale=66,VSnc=1,Lat=1,CPU4/GPU=2/2,1000/420MHz,OC=FF,TA=F0/F0/F0/F0,SP=F/F/F/F,Mem=1026MHz,Free=1351MB,PSM=0,PLS=0,Temp=26.3C/27.0C
10-25 21:40:42.742 17329 17678 W TimeWarp: VSync 4972761: eye=1,late=0.0ms,over=0.1ms,CPU=0.3ms,GPU>=7.9
10-25 21:40:43.022 17329 17678 D VrApi : setSchedFifoStatic tid:17343 pto:0
10-25 21:40:43.032 3970 3999 V VRManagerServer: (VRManagerService.java:401) yTqX [setThreadSchedFifo pkg=com.foo.ProductName pid=17329 tid=17343 prio=0]
10-25 21:40:43.032 3970 3999 V VRManagerServer: (VRManagerService.java:405) yTqX [setAffinity pid=17343 cpus=[4, 5, 6, 7]]
10-25 21:40:43.032 17329 17678 D VRManagerGearVR: VRManager set thread priority to 0
10-25 21:40:43.032 17329 17678 I VrApi_Clocks: SetSchedFifo( tid=17343, pri=0 ) succeeded
10-25 21:40:43.032 17329 17678 D VrApi : setSchedFifoStatic tid:17343 pto:0
10-25 21:40:43.032 3970 17298 V VRManagerServer: (VRManagerService.java:401) yTqX [setThreadSchedFifo pkg=com.foo.ProductName pid=17329 tid=17343 prio=0]
10-25 21:40:43.032 3970 17298 V VRManagerServer: (VRManagerService.java:405) yTqX [setAffinity pid=17343 cpus=[4, 5, 6, 7]]
10-25 21:40:43.042 17329 17678 D VRManagerGearVR: VRManager set thread priority to 0
10-25 21:40:43.042 17329 17678 I VrApi_Clocks: SetSchedFifo( tid=17343, pri=0 ) succeeded
10-25 21:40:43.042 17329 17678 W TimeWarp: VSync 4972779: eye=1,late=7.6ms,over=0.0ms,CPU=0.4ms,GPU>=0.4
10-25 21:40:43.042 17329 17678 D VrApi : setSchedFifoStatic tid:17343 pto:1
10-25 21:40:43.042 3970 17522 V VRManagerServer: (VRManagerService.java:401) yTqX [setThreadSchedFifo pkg=com.foo.ProductName pid=17329 tid=17343 prio=1]
10-25 21:40:43.042 3970 17522 V VRManagerServer: (VRManagerService.java:405) yTqX [setAffinity pid=17343 cpus=[4, 5, 6, 7]]
10-25 21:40:43.052 17329 17678 D VRManagerGearVR: VRManager set thread priority to 1
10-25 21:40:43.052 17329 17678 I VrApi_Clocks: SetSchedFifo( tid=17343, pri=1 ) succeeded
10-25 21:40:43.052 17329 17678 D VrApi : setSchedFifoStatic tid:17343 pto:1
10-25 21:40:43.052 3970 3998 V VRManagerServer: (VRManagerService.java:401) yTqX [setThreadSchedFifo pkg=com.foo.ProductName pid=17329 tid=17343 prio=1]
10-25 21:40:43.052 3970 3998 V VRManagerServer: (VRManagerService.java:405) yTqX [setAffinity pid=17343 cpus=[4, 5, 6, 7]]
10-25 21:40:43.052 17329 17678 D VRManagerGearVR: VRManager set thread priority to 1
10-25 21:40:43.052 17329 17678 I VrApi_Clocks: SetSchedFifo( tid=17343, pri=1 ) succeeded
10-25 21:40:43.052 17329 17678 W TimeWarp: VSync 4972780: eye=1,late=7.2ms,over=0.0ms,CPU=0.4ms,GPU>=0.7
10-25 21:40:43.142 17329 17678 D VrApi : setSchedFifoStatic tid:17343 pto:0
10-25 21:40:43.142 3970 3999 V VRManagerServer: (VRManagerService.java:401) yTqX [setThreadSchedFifo pkg=com.foo.ProductName pid=17329 tid=17343 prio=0]
10-25 21:40:43.142 3970 3999 V VRManagerServer: (VRManagerService.java:405) yTqX [setAffinity pid=17343 cpus=[4, 5, 6, 7]]
10-25 21:40:43.152 17329 17678 D VRManagerGearVR: VRManager set thread priority to 0
10-25 21:40:43.152 17329 17678 I VrApi_Clocks: SetSchedFifo( tid=17343, pri=0 ) succeeded
10-25 21:40:43.152 17329 17678 D VrApi : setSchedFifoStatic tid:17343 pto:0
10-25 21:40:43.152 3970 17298 V VRManagerServer: (VRManagerService.java:401) yTqX [setThreadSchedFifo pkg=com.foo.ProductName pid=17329 tid=17343 prio=0]
10-25 21:40:43.152 3970 17298 V VRManagerServer: (VRManagerService.java:405) yTqX [setAffinity pid=17343 cpus=[4, 5, 6, 7]]
10-25 21:40:43.152 17329 17678 D VRManagerGearVR: VRManager set thread priority to 0
10-25 21:40:43.152 17329 17678 I VrApi_Clocks: SetSchedFifo( tid=17343, pri=0 ) succeeded
10-25 21:40:43.152 17329 17678 W TimeWarp: VSync 4972786: eye=1,late=7.0ms,over=0.0ms,CPU=0.4ms,GPU>=0.9
10-25 21:40:43.152 17329 17678 D VrApi : setSchedFifoStatic tid:17343 pto:1
10-25 21:40:43.162 3970 3998 V VRManagerServer: (VRManagerService.java:401) yTqX [setThreadSchedFifo pkg=com.foo.ProductName pid=17329 tid=17343 prio=1]
10-25 21:40:43.162 3970 3998 V VRManagerServer: (VRManagerService.java:405) yTqX [setAffinity pid=17343 cpus=[4, 5, 6, 7]]
10-25 21:40:43.162 17329 17678 D VRManagerGearVR: VRManager set thread priority to 1
10-25 21:40:43.162 17329 17678 I VrApi_Clocks: SetSchedFifo( tid=17343, pri=1 ) succeeded
10-25 21:40:43.162 17329 17678 D VrApi : setSchedFifoStatic tid:17343 pto:1
10-25 21:40:43.162 3970 3999 V VRManagerServer: (VRManagerService.java:401) yTqX [setThreadSchedFifo pkg=com.foo.ProductName pid=17329 tid=17343 prio=1]
10-25 21:40:43.172 3970 3999 V VRManagerServer: (VRManagerService.java:405) yTqX [setAffinity pid=17343 cpus=[4, 5, 6, 7]]
10-25 21:40:43.172 17329 17678 D VRManagerGearVR: VRManager set thread priority to 1
10-25 21:40:43.172 17329 17678 I VrApi_Clocks: SetSchedFifo( tid=17343, pri=1 ) succeeded
10-25 21:40:43.172 17329 17678 W TimeWarp: VSync 4972787: eye=1,late=6.4ms,over=0.0ms,CPU=0.5ms,GPU>=1.5
10-25 21:40:43.252 17329 17678 D VrApi : setSchedFifoStatic tid:17343 pto:0
10-25 21:40:43.262 3970 17522 V VRManagerServer: (VRManagerService.java:401) yTqX [setThreadSchedFifo pkg=com.foo.ProductName pid=17329 tid=17343 prio=0]
10-25 21:40:43.262 3970 17522 V VRManagerServer: (VRManagerService.java:405) yTqX [setAffinity pid=17343 cpus=[4, 5, 6, 7]]
10-25 21:40:43.262 17329 17678 D VRManagerGearVR: VRManager set thread priority to 0
10-25 21:40:43.262 17329 17678 I VrApi_Clocks: SetSchedFifo( tid=17343, pri=0 ) succeeded
10-25 21:40:43.262 17329 17678 D VrApi : setSchedFifoStatic tid:17343 pto:0
10-25 21:40:43.262 3970 17298 V VRManagerServer: (VRManagerService.java:401) yTqX [setThreadSchedFifo pkg=com.foo.ProductName pid=17329 tid=17343 prio=0]
10-25 21:40:43.272 3970 17298 V VRManagerServer: (VRManagerService.java:405) yTqX [setAffinity pid=17343 cpus=[4, 5, 6, 7]]
10-25 21:40:43.272 17329 17678 D VRManagerGearVR: VRManager set thread priority to 0
10-25 21:40:43.272 17329 17678 I VrApi_Clocks: SetSchedFifo( tid=17343, pri=0 ) succeeded
10-25 21:40:43.272 17329 17678 W TimeWarp: VSync 4972793: eye=1,late=7.3ms,over=0.0ms,CPU=0.4ms,GPU>=0.6
10-25 21:40:43.292 17329 17678 D VrApi : setSchedFifoStatic tid:17343 pto:1
10-25 21:40:43.292 3970 3998 V VRManagerServer: (VRManagerService.java:401) yTqX [setThreadSchedFifo pkg=com.foo.ProductName pid=17329 tid=17343 prio=1]
10-25 21:40:43.292 3970 3998 V VRManagerServer: (VRManagerService.java:405) yTqX [setAffinity pid=17343 cpus=[4, 5, 6, 7]]
10-25 21:40:43.292 17329 17678 D VRManagerGearVR: VRManager set thread priority to 1
10-25 21:40:43.292 17329 17678 I VrApi_Clocks: SetSchedFifo( tid=17343, pri=1 ) succeeded
10-25 21:40:43.292 17329 17678 D VrApi : setSchedFifoStatic tid:17343 pto:1
10-25 21:40:43.302 3970 3999 V VRManagerServer: (VRManagerService.java:401) yTqX [setThreadSchedFifo pkg=com.foo.ProductName pid=17329 tid=17343 prio=1]
10-25 21:40:43.302 3970 3999 V VRManagerServer: (VRManagerService.java:405) yTqX [setAffinity pid=17343 cpus=[4, 5, 6, 7]]
10-25 21:40:43.302 17329 17678 D VRManagerGearVR: VRManager set thread priority to 1
10-25 21:40:43.302 17329 17678 I VrApi_Clocks: SetSchedFifo( tid=17343, pri=1 ) succeeded
10-25 21:40:43.302 17329 17678 W TimeWarp: VSync 4972795: eye=1,late=6.4ms,over=0.0ms,CPU=0.4ms,GPU>=1.5
10-25 21:40:43.392 17329 17678 D VrApi : setSchedFifoStatic tid:17343 pto:0
10-25 21:40:43.392 3970 17522 V VRManagerServer: (VRManagerService.java:401) yTqX [setThreadSchedFifo pkg=com.foo.ProductName pid=17329 tid=17343 prio=0]
10-25 21:40:43.392 3970 17522 V VRManagerServer: (VRManagerService.java:405) yTqX [setAffinity pid=17343 cpus=[4, 5, 6, 7]]
10-25 21:40:43.392 17329 17678 D VRManagerGearVR: VRManager set thread priority to 0
10-25 21:40:43.392 17329 17678 I VrApi_Clocks: SetSchedFifo( tid=17343, pri=0 ) succeeded
10-25 21:40:43.392 17329 17678 D VrApi : setSchedFifoStatic tid:17343 pto:0
10-25 21:40:43.402 3970 17298 V VRManagerServer: (VRManagerService.java:401) yTqX [setThreadSchedFifo pkg=com.foo.ProductName pid=17329 tid=17343 prio=0]
10-25 21:40:43.402 3970 17298 V VRManagerServer: (VRManagerService.java:405) yTqX [setAffinity pid=17343 cpus=[4, 5, 6, 7]]
10-25 21:40:43.402 17329 17678 D VRManagerGearVR: VRManager set thread priority to 0
10-25 21:40:43.402 17329 17678 I VrApi_Clocks: SetSchedFifo( tid=17343, pri=0 ) succeeded
10-25 21:40:43.402 17329 17678 W TimeWarp: VSync 4972801: eye=1,late=5.5ms,over=0.0ms,CPU=0.4ms,GPU>=2.4
10-25 21:40:43.412 17329 17343 I TimeWarp: WarpSwap: usleep( 32 )
10-25 21:40:43.422 17329 17678 W TimeWarp: VSync 4972802: eye=1,late=0.0ms,over=0.1ms,CPU=0.4ms,GPU>=7.9
10-25 21:40:43.422 17329 17678 D VrApi : setSchedFifoStatic tid:17343 pto:1
10-25 21:40:43.422 3970 3998 V VRManagerServer: (VRManagerService.java:401) yTqX [setThreadSchedFifo pkg=com.foo.ProductName pid=17329 tid=17343 prio=1]
10-25 21:40:43.432 3970 3998 V VRManagerServer: (VRManagerService.java:405) yTqX [setAffinity pid=17343 cpus=[4, 5, 6, 7]]
10-25 21:40:43.432 17329 17678 D VRManagerGearVR: VRManager set thread priority to 1
10-25 21:40:43.432 17329 17678 I VrApi_Clocks: SetSchedFifo( tid=17343, pri=1 ) succeeded
10-25 21:40:43.432 17329 17678 D VrApi : setSchedFifoStatic tid:17343 pto:1
10-25 21:40:43.432 3970 3999 V VRManagerServer: (VRManagerService.java:401) yTqX [setThreadSchedFifo pkg=com.foo.ProductName pid=17329 tid=17343 prio=1]
10-25 21:40:43.432 3970 3999 V VRManagerServer: (VRManagerService.java:405) yTqX [setAffinity pid=17343 cpus=[4, 5, 6, 7]]
10-25 21:40:43.432 17329 17678 D VRManagerGearVR: VRManager set thread priority to 1
10-25 21:40:43.432 17329 17678 I VrApi_Clocks: SetSchedFifo( tid=17343, pri=1 ) succeeded
10-25 21:40:43.442 17329 17678 W TimeWarp: VSync 4972803: eye=1,late=7.0ms,over=0.0ms,CPU=0.4ms,GPU>=0.9
10-25 21:40:43.492 17329 17648 I OVR : DeviceManagerThread - event 46 (500Hz) (Tid=17648)
10-25 21:40:43.522 17329 17678 D VrApi : setSchedFifoStatic tid:17343 pto:0
10-25 21:40:43.522 3970 17298 V VRManagerServer: (VRManagerService.java:401) yTqX [setThreadSchedFifo pkg=com.foo.ProductName pid=17329 tid=17343 prio=0]
10-25 21:40:43.522 3970 17298 V VRManagerServer: (VRManagerService.java:405) yTqX [setAffinity pid=17343 cpus=[4, 5, 6, 7]]
10-25 21:40:43.532 17329 17678 D VRManagerGearVR: VRManager set thread priority to 0
10-25 21:40:43.532 17329 17678 I VrApi_Clocks: SetSchedFifo( tid=17343, pri=0 ) succeeded
10-25 21:40:43.532 17329 17678 D VrApi : setSchedFifoStatic tid:17343 pto:0
10-25 21:40:43.532 3970 17522 V VRManagerServer: (VRManagerService.java:401) yTqX [setThreadSchedFifo pkg=com.foo.ProductName pid=17329 tid=17343 prio=0]
10-25 21:40:43.532 3970 17522 V VRManagerServer: (VRManagerService.java:405) yTqX [setAffinity pid=17343 cpus=[4, 5, 6, 7]]
10-25 21:40:43.532 17329 17678 D VRManagerGearVR: VRManager set thread priority to 0
10-25 21:40:43.532 17329 17678 I VrApi_Clocks: SetSchedFifo( tid=17343, pri=0 ) succeeded
10-25 21:40:43.542 17329 17678 W TimeWarp: VSync 4972809: eye=1,late=6.7ms,over=0.0ms,CPU=0.4ms,GPU>=1.2
10-25 21:40:43.552 17329 17678 D VrApi : setSchedFifoStatic tid:17343 pto:1
10-25 21:40:43.562 3970 3998 V VRManagerServer: (VRManagerService.java:401) yTqX [setThreadSchedFifo pkg=com.foo.ProductName pid=17329 tid=17343 prio=1]
10-25 21:40:43.562 3970 3998 V VRManagerServer: (VRManagerService.java:405) yTqX [setAffinity pid=17343 cpus=[4, 5, 6, 7]]
10-25 21:40:43.562 17329 17678 D VRManagerGearVR: VRManager set thread priority to 1
10-25 21:40:43.562 17329 17678 I VrApi_Clocks: SetSchedFifo( tid=17343, pri=1 ) succeeded
10-25 21:40:43.562 17329 17678 D VrApi : setSchedFifoStatic tid:17343 pto:1
10-25 21:40:43.562 3970 17298 V VRManagerServer: (VRManagerService.java:401) yTqX [setThreadSchedFifo pkg=com.foo.ProductName pid=17329 tid=17343 prio=1]
10-25 21:40:43.562 3970 17298 V VRManagerServer: (VRManagerService.java:405) yTqX [setAffinity pid=17343 cpus=[4, 5, 6, 7]]
10-25 21:40:43.572 17329 17678 D VRManagerGearVR: VRManager set thread priority to 1
10-25 21:40:43.572 17329 17678 I VrApi_Clocks: SetSchedFifo( tid=17343, pri=1 ) succeeded
10-25 21:40:43.572 17329 17678 W TimeWarp: VSync 4972811: eye=1,late=6.6ms,over=0.0ms,CPU=0.4ms,GPU>=1.4
10-25 21:40:43.622 17329 17680 I VrApi : FPS=9,Prd=47ms,Tear=9,Early=0,Stale=55,VSnc=1,Lat=1,CPU4/GPU=2/2,1000/420MHz,OC=FF,TA=F0/F0/F0/F0,SP=F/F/F/F,Mem=1026MHz,Free=1350MB,PSM=0,PLS=0,Temp=26.3C/27.0C
10-25 21:40:43.652 17329 17678 D VrApi : setSchedFifoStatic tid:17343 pto:0
10-25 21:40:43.662 3970 17298 V VRManagerServer: (VRManagerService.java:401) yTqX [setThreadSchedFifo pkg=com.foo.ProductName pid=17329 tid=17343 prio=0]
10-25 21:40:43.662 3970 17298 V VRManagerServer: (VRManagerService.java:405) yTqX [setAffinity pid=17343 cpus=[4, 5, 6, 7]]
10-25 21:40:43.662 17329 17678 D VRManagerGearVR: VRManager set thread priority to 0
10-25 21:40:43.662 17329 17678 I VrApi_Clocks: SetSchedFifo( tid=17343, pri=0 ) succeeded
10-25 21:40:43.662 17329 17678 D VrApi : setSchedFifoStatic tid:17343 pto:0
10-25 21:40:43.662 3970 3998 V VRManagerServer: (VRManagerService.java:401) yTqX [setThreadSchedFifo pkg=com.foo.ProductName pid=17329 tid=17343 prio=0]
10-25 21:40:43.662 3970 3998 V VRManagerServer: (VRManagerService.java:405) yTqX [setAffinity pid=17343 cpus=[4, 5, 6, 7]]
10-25 21:40:43.672 17329 17678 D VRManagerGearVR: VRManager set thread priority to 0
10-25 21:40:43.672 17329 17678 I VrApi_Clocks: SetSchedFifo( tid=17343, pri=0 ) succeeded
10-25 21:40:43.672 17329 17678 W TimeWarp: VSync 4972817: eye=1,late=6.0ms,over=0.0ms,CPU=0.4ms,GPU>=1.9
10-25 21:40:43.702 17329 17678 D VrApi : setSchedFifoStatic tid:17343 pto:1
10-25 21:40:43.712 3970 3999 V VRManagerServer: (VRManagerService.java:401) yTqX [setThreadSchedFifo pkg=com.foo.ProductName pid=17329 tid=17343 prio=1]
10-25 21:40:43.712 3970 3999 V VRManagerServer: (VRManagerService.java:405) yTqX [setAffinity pid=17343 cpus=[4, 5, 6, 7]]
10-25 21:40:43.712 17329 17678 D VRManagerGearVR: VRManager set thread priority to 1
10-25 21:40:43.712 17329 17678 I VrApi_Clocks: SetSchedFifo( tid=17343, pri=1 ) succeeded
10-25 21:40:43.712 17329 17678 D VrApi : setSchedFifoStatic tid:17343 pto:1
10-25 21:40:43.712 3970 17522 V VRManagerServer: (VRManagerService.java:401) yTqX [setThreadSchedFifo pkg=com.foo.ProductName pid=17329 tid=17343 prio=1]
10-25 21:40:43.712 3970 17522 V VRManagerServer: (VRManagerService.java:405) yTqX [setAffinity pid=17343 cpus=[4, 5, 6, 7]]
10-25 21:40:43.722 17329 17678 D VRManagerGearVR: VRManager set thread priority to 1
10-25 21:40:43.722 17329 17678 I VrApi_Clocks: SetSchedFifo( tid=17343, pri=1 ) succeeded
10-25 21:40:43.722 17329 17678 W TimeWarp: VSync 4972820: eye=1,late=7.1ms,over=0.0ms,CPU=0.6ms,GPU>=0.6
10-25 21:40:43.772 17329 17678 W TimeWarp: VSync 4972823: eye=1,late=0.0ms,over=0.0ms,CPU=0.3ms,GPU>=8.0
10-25 21:40:43.802 17329 17678 D VrApi : setSchedFifoStatic tid:17343 pto:0
10-25 21:40:43.812 3970 17298 V VRManagerServer: (VRManagerService.java:401) yTqX [setThreadSchedFifo pkg=com.foo.ProductName pid=17329 tid=17343 prio=0]
10-25 21:40:43.812 3970 17298 V VRManagerServer: (VRManagerService.java:405) yTqX [setAffinity pid=17343 cpus=[4, 5, 6, 7]]
10-25 21:40:43.812 17329 17678 D VRManagerGearVR: VRManager set thread priority to 0
10-25 21:40:43.812 17329 17678 I VrApi_Clocks: SetSchedFifo( tid=17343, pri=0 ) succeeded
10-25 21:40:43.812 17329 17678 D VrApi : setSchedFifoStatic tid:17343 pto:0
10-25 21:40:43.812 3970 3998 V VRManagerServer: (VRManagerService.java:401) yTqX [setThreadSchedFifo pkg=com.foo.ProductName pid=17329 tid=17343 prio=0]
10-25 21:40:43.812 3970 3998 V VRManagerServer: (VRManagerService.java:405) yTqX [setAffinity pid=17343 cpus=[4, 5, 6, 7]]
10-25 21:40:43.822 17329 17678 D VRManagerGearVR: VRManager set thread priority to 0
10-25 21:40:43.822 17329 17678 I VrApi_Clocks: SetSchedFifo( tid=17343, pri=0 ) succeeded
10-25 21:40:43.822 17329 17678 W TimeWarp: VSync 4972826: eye=1,late=7.1ms,over=0.0ms,CPU=0.4ms,GPU>=0.8
10-25 21:40:43.852 17329 17678 D VrApi : setSchedFifoStatic tid:17343 pto:1
10-25 21:40:43.852 3970 17522 V VRManagerServer: (VRManagerService.java:401) yTqX [setThreadSchedFifo pkg=com.foo.ProductName pid=17329 tid=17343 prio=1]
10-25 21:40:43.862 3970 17522 V VRManagerServer: (VRManagerService.java:405) yTqX [setAffinity pid=17343 cpus=[4, 5, 6, 7]]
10-25 21:40:43.862 17329 17678 D VRManagerGearVR: VRManager set thread priority to 1
10-25 21:40:43.862 17329 17678 I VrApi_Clocks: SetSchedFifo( tid=17343, pri=1 ) succeeded
10-25 21:40:43.862 17329 17678 D VrApi : setSchedFifoStatic tid:17343 pto:1
10-25 21:40:43.862 3970 3999 V VRManagerServer: (VRManagerService.java:401) yTqX [setThreadSchedFifo pkg=com.foo.ProductName pid=17329 tid=17343 prio=1]
10-25 21:40:43.862 3970 3999 V VRManagerServer: (VRManagerService.java:405) yTqX [setAffinity pid=17343 cpus=[4, 5, 6, 7]]
10-25 21:40:43.872 17329 17678 D VRManagerGearVR: VRManager set thread priority to 1
10-25 21:40:43.872 17329 17678 I VrApi_Clocks: SetSchedFifo( tid=17343, pri=1 ) succeeded
10-25 21:40:43.872 17329 17678 W TimeWarp: VSync 4972829: eye=1,late=6.6ms,over=0.0ms,CPU=0.4ms,GPU>=1.3
10-25 21:40:43.952 17329 17678 D VrApi : setSchedFifoStatic tid:17343 pto:0
10-25 21:40:43.952 3970 17298 V VRManagerServer: (VRManagerService.java:401) yTqX [setThreadSchedFifo pkg=com.foo.ProductName pid=17329 tid=17343 prio=0]
10-25 21:40:43.962 3970 17298 V VRManagerServer: (VRManagerService.java:405) yTqX [setAffinity pid=17343 cpus=[4, 5, 6, 7]]
10-25 21:40:43.962 17329 17678 D VRManagerGearVR: VRManager set thread priority to 0
10-25 21:40:43.962 17329 17678 I VrApi_Clocks: SetSchedFifo( tid=17343, pri=0 ) succeeded
10-25 21:40:43.962 17329 17678 D VrApi : setSchedFifoStatic tid:17343 pto:0
10-25 21:40:43.962 3970 3998 V VRManagerServer: (VRManagerService.java:401) yTqX [setThreadSchedFifo pkg=com.foo.ProductName pid=17329 tid=17343 prio=0]
10-25 21:40:43.962 3970 3998 V VRManagerServer: (VRManagerService.java:405) yTqX [setAffinity pid=17343 cpus=[4, 5, 6, 7]]
10-25 21:40:43.962 17329 17678 D VRManagerGearVR: VRManager set thread priority to 0
10-25 21:40:43.962 17329 17678 I VrApi_Clocks: SetSchedFifo( tid=17343, pri=0 ) succeeded
10-25 21:40:43.972 17329 17678 W TimeWarp: VSync 4972835: eye=1,late=6.3ms,over=0.0ms,CPU=0.5ms,GPU>=1.5
10-25 21:40:43.972 17329 17678 D VrApi : setSchedFifoStatic tid:17343 pto:1
10-25 21:40:43.972 3970 17522 V VRManagerServer: (VRManagerService.java:401) yTqX [setThreadSchedFifo pkg=com.foo.ProductName pid=17329 tid=17343 prio=1]
10-25 21:40:43.972 3970 17522 V VRManagerServer: (VRManagerService.java:405) yTqX [setAffinity pid=17343 cpus=[4, 5, 6, 7]]
10-25 21:40:43.982 17329 17678 D VRManagerGearVR: VRManager set thread priority to 1
10-25 21:40:43.982 17329 17678 I VrApi_Clocks: SetSchedFifo( tid=17343, pri=1 ) succeeded
10-25 21:40:43.982 17329 17678 D VrApi : setSchedFifoStatic tid:17343 pto:1
10-25 21:40:43.982 3970 3999 V VRManagerServer: (VRManagerService.java:401) yTqX [setThreadSchedFifo pkg=com.foo.ProductName pid=17329 tid=17343 prio=1]
10-25 21:40:43.982 3970 3999 V VRManagerServer: (VRManagerService.java:405) yTqX [setAffinity pid=17343 cpus=[4, 5, 6, 7]]
10-25 21:40:43.982 17329 17678 D VRManagerGearVR: VRManager set thread priority to 1
10-25 21:40:43.982 17329 17678 I VrApi_Clocks: SetSchedFifo( tid=17343, pri=1 ) succeeded
10-25 21:40:43.982 17329 17678 W TimeWarp: VSync 4972836: eye=1,late=8.3ms,over=0.0ms,CPU=0.4ms,GPU>=0.0
10-25 21:40:44.052 17329 17678 W TimeWarp: VSync 4972840: eye=1,late=0.0ms,over=0.0ms,CPU=0.4ms,GPU>=8.0
10-25 21:40:44.072 17329 17678 D VrApi : setSchedFifoStatic tid:17343 pto:0
10-25 21:40:44.072 3970 3998 V VRManagerServer: (VRManagerService.java:401) yTqX [setThreadSchedFifo pkg=com.foo.ProductName pid=17329 tid=17343 prio=0]
10-25 21:40:44.072 3970 3998 V VRManagerServer: (VRManagerService.java:405) yTqX [setAffinity pid=17343 cpus=[4, 5, 6, 7]]
10-25 21:40:44.072 17329 17678 D VRManagerGearVR: VRManager set thread priority to 0
10-25 21:40:44.072 17329 17678 I VrApi_Clocks: SetSchedFifo( tid=17343, pri=0 ) succeeded
10-25 21:40:44.072 17329 17678 D VrApi : setSchedFifoStatic tid:17343 pto:0
10-25 21:40:44.082 3970 17298 V VRManagerServer: (VRManagerService.java:401) yTqX [setThreadSchedFifo pkg=com.foo.ProductName pid=17329 tid=17343 prio=0]
10-25 21:40:44.082 3970 17298 V VRManagerServer: (VRManagerService.java:405) yTqX [setAffinity pid=17343 cpus=[4, 5, 6, 7]]
10-25 21:40:44.092 17329 17678 D VRManagerGearVR: VRManager set thread priority to 0
10-25 21:40:44.092 17329 17678 I VrApi_Clocks: SetSchedFifo( tid=17343, pri=0 ) succeeded
10-25 21:40:44.092 17329 17678 W TimeWarp: VSync 4972842: eye=1,late=11.5ms,over=0.0ms,CPU=0.4ms,GPU>=0.0
10-25 21:40:44.092 17329 17678 D VrApi : setSchedFifoStatic tid:17343 pto:1
10-25 21:40:44.092 3970 17522 V VRManagerServer: (VRManagerService.java:401) yTqX [setThreadSchedFifo pkg=com.foo.ProductName pid=17329 tid=17343 prio=1]
10-25 21:40:44.092 3970 17522 V VRManagerServer: (VRManagerService.java:405) yTqX [setAffinity pid=17343 cpus=[4, 5, 6, 7]]
10-25 21:40:44.102 17329 17678 D VRManagerGearVR: VRManager set thread priority to 1
10-25 21:40:44.102 17329 17678 I VrApi_Clocks: SetSchedFifo( tid=17343, pri=1 ) succeeded
10-25 21:40:44.102 17329 17678 D VrApi : setSchedFifoStatic tid:17343 pto:1
10-25 21:40:44.102 3970 3998 V VRManagerServer: (VRManagerService.java:401) yTqX [setThreadSchedFifo pkg=com.foo.ProductName pid=17329 tid=17343 prio=1]
10-25 21:40:44.102 3970 3998 V VRManagerServer: (VRManagerService.java:405) yTqX [setAffinity pid=17343 cpus=[4, 5, 6, 7]]
10-25 21:40:44.102 17329 17678 D VRManagerGearVR: VRManager set thread priority to 1
10-25 21:40:44.102 17329 17678 I VrApi_Clocks: SetSchedFifo( tid=17343, pri=1 ) succeeded
10-25 21:40:44.102 17329 17678 W TimeWarp: VSync 4972843: eye=1,late=11.5ms,over=0.0ms,CPU=0.4ms,GPU>=0.0
10-25 21:40:44.182 17329 17678 D VrApi : setSchedFifoStatic tid:17343 pto:0
10-25 21:40:44.192 3970 3999 V VRManagerServer: (VRManagerService.java:401) yTqX [setThreadSchedFifo pkg=com.foo.ProductName pid=17329 tid=17343 prio=0]
10-25 21:40:44.192 3970 3999 V VRManagerServer: (VRManagerService.java:405) yTqX [setAffinity pid=17343 cpus=[4, 5, 6, 7]]
10-25 21:40:44.192 17329 17678 D VRManagerGearVR: VRManager set thread priority to 0
10-25 21:40:44.192 17329 17678 I VrApi_Clocks: SetSchedFifo( tid=17343, pri=0 ) succeeded
10-25 21:40:44.192 17329 17678 D VrApi : setSchedFifoStatic tid:17343 pto:0
10-25 21:40:44.192 3970 17298 V VRManagerServer: (VRManagerService.java:401) yTqX [setThreadSchedFifo pkg=com.foo.ProductName pid=17329 tid=17343 prio=0]
10-25 21:40:44.192 3970 17298 V VRManagerServer: (VRManagerService.java:405) yTqX [setAffinity pid=17343 cpus=[4, 5, 6, 7]]
10-25 21:40:44.202 17329 17678 D VRManagerGearVR: VRManager set thread priority to 0
10-25 21:40:44.202 17329 17678 I VrApi_Clocks: SetSchedFifo( tid=17343, pri=0 ) succeeded
10-25 21:40:44.202 17329 17678 W TimeWarp: VSync 4972849: eye=1,late=5.9ms,over=0.0ms,CPU=0.4ms,GPU>=2.0
10-25 21:40:44.222 17329 17678 D VrApi : setSchedFifoStatic tid:17343 pto:1
10-25 21:40:44.222 3970 17522 V VRManagerServer: (VRManagerService.java:401) yTqX [setThreadSchedFifo pkg=com.foo.ProductName pid=17329 tid=17343 prio=1]
10-25 21:40:44.222 3970 17522 V VRManagerServer: (VRManagerService.java:405) yTqX [setAffinity pid=17343 cpus=[4, 5, 6, 7]]
10-25 21:40:44.222 17329 17678 D VRManagerGearVR: VRManager set thread priority to 1
10-25 21:40:44.222 17329 17678 I VrApi_Clocks: SetSchedFifo( tid=17343, pri=1 ) succeeded
10-25 21:40:44.222 17329 17678 D VrApi : setSchedFifoStatic tid:17343 pto:1
10-25 21:40:44.232 3970 3998 V VRManagerServer: (VRManagerService.java:401) yTqX [setThreadSchedFifo pkg=com.foo.ProductName pid=17329 tid=17343 prio=1]
10-25 21:40:44.232 3970 3998 V VRManagerServer: (VRManagerService.java:405) yTqX [setAffinity pid=17343 cpus=[4, 5, 6, 7]]
10-25 21:40:44.232 17329 17678 D VRManagerGearVR: VRManager set thread priority to 1
10-25 21:40:44.232 17329 17678 I VrApi_Clocks: SetSchedFifo( tid=17343, pri=1 ) succeeded
10-25 21:40:44.232 17329 17678 W TimeWarp: VSync 4972851: eye=1,late=5.9ms,over=0.0ms,CPU=0.4ms,GPU>=2.0
10-25 21:40:44.322 17329 17678 D VrApi : setSchedFifoStatic tid:17343 pto:0
10-25 21:40:44.322 3970 17298 V VRManagerServer: (VRManagerService.java:401) yTqX [setThreadSchedFifo pkg=com.foo.ProductName pid=17329 tid=17343 prio=0]
10-25 21:40:44.322 3970 17298 V VRManagerServer: (VRManagerService.java:405) yTqX [setAffinity pid=17343 cpus=[4, 5, 6, 7]]
10-25 21:40:44.322 17329 17678 D VRManagerGearVR: VRManager set thread priority to 0
10-25 21:40:44.322 17329 17678 I VrApi_Clocks: SetSchedFifo( tid=17343, pri=0 ) succeeded
10-25 21:40:44.322 17329 17678 D VrApi : setSchedFifoStatic tid:17343 pto:0
10-25 21:40:44.332 3970 17522 V VRManagerServer: (VRManagerService.java:401) yTqX [setThreadSchedFifo pkg=com.foo.ProductName pid=17329 tid=17343 prio=0]
10-25 21:40:44.332 3970 17522 V VRManagerServer: (VRManagerService.java:405) yTqX [setAffinity pid=17343 cpus=[4, 5, 6, 7]]
10-25 21:40:44.332 17329 17678 D VRManagerGearVR: VRManager set thread priority to 0
10-25 21:40:44.332 17329 17678 I VrApi_Clocks: SetSchedFifo( tid=17343, pri=0 ) succeeded
10-25 21:40:44.332 17329 17678 W TimeWarp: VSync 4972857: eye=1,late=6.4ms,over=0.0ms,CPU=0.4ms,GPU>=1.6
10-25 21:40:44.332 17329 17678 D VrApi : setSchedFifoStatic tid:17343 pto:1
10-25 21:40:44.342 3970 3999 V VRManagerServer: (VRManagerService.java:401) yTqX [setThreadSchedFifo pkg=com.foo.ProductName pid=17329 tid=17343 prio=1]
10-25 21:40:44.342 3970 3999 V VRManagerServer: (VRManagerService.java:405) yTqX [setAffinity pid=17343 cpus=[4, 5, 6, 7]]
10-25 21:40:44.342 17329 17678 D VRManagerGearVR: VRManager set thread priority to 1
10-25 21:40:44.342 17329 17678 I VrApi_Clocks: SetSchedFifo( tid=17343, pri=1 ) succeeded
10-25 21:40:44.342 17329 17678 D VrApi : setSchedFifoStatic tid:17343 pto:1
10-25 21:40:44.342 3970 3998 V VRManagerServer: (VRManagerService.java:401) yTqX [setThreadSchedFifo pkg=com.foo.ProductName pid=17329 tid=17343 prio=1]
10-25 21:40:44.342 3970 3998 V VRManagerServer: (VRManagerService.java:405) yTqX [setAffinity pid=17343 cpus=[4, 5, 6, 7]]
10-25 21:40:44.352 17329 17678 D VRManagerGearVR: VRManager set thread priority to 1
10-25 21:40:44.352 17329 17678 I VrApi_Clocks: SetSchedFifo( tid=17343, pri=1 ) succeeded
10-25 21:40:44.352 17329 17678 W TimeWarp: VSync 4972858: eye=1,late=6.4ms,over=0.0ms,CPU=0.4ms,GPU>=1.5
10-25 21:40:44.432 17329 17678 D VrApi : setSchedFifoStatic tid:17343 pto:0
10-25 21:40:44.432 3970 17298 V VRManagerServer: (VRManagerService.java:401) yTqX [setThreadSchedFifo pkg=com.foo.ProductName pid=17329 tid=17343 prio=0]
10-25 21:40:44.442 3970 17298 V VRManagerServer: (VRManagerService.java:405) yTqX [setAffinity pid=17343 cpus=[4, 5, 6, 7]]
10-25 21:40:44.442 17329 17678 D VRManagerGearVR: VRManager set thread priority to 0
10-25 21:40:44.442 17329 17678 I VrApi_Clocks: SetSchedFifo( tid=17343, pri=0 ) succeeded
10-25 21:40:44.442 17329 17678 D VrApi : setSchedFifoStatic tid:17343 pto:0
10-25 21:40:44.442 3970 3999 V VRManagerServer: (VRManagerService.java:401) yTqX [setThreadSchedFifo pkg=com.foo.ProductName pid=17329 tid=17343 prio=0]
10-25 21:40:44.442 3970 3999 V VRManagerServer: (VRManagerService.java:405) yTqX [setAffinity pid=17343 cpus=[4, 5, 6, 7]]
10-25 21:40:44.442 17329 17678 D VRManagerGearVR: VRManager set thread priority to 0
10-25 21:40:44.442 17329 17678 I VrApi_Clocks: SetSchedFifo( tid=17343, pri=0 ) succeeded
10-25 21:40:44.452 17329 17678 W TimeWarp: VSync 4972864: eye=1,late=4.7ms,over=0.0ms,CPU=0.4ms,GPU>=3.4
10-25 21:40:44.452 17329 17678 D VrApi : setSchedFifoStatic tid:17343 pto:1
10-25 21:40:44.452 3970 17522 V VRManagerServer: (VRManagerService.java:401) yTqX [setThreadSchedFifo pkg=com.foo.ProductName pid=17329 tid=17343 prio=1]
10-25 21:40:44.452 3970 17522 V VRManagerServer: (VRManagerService.java:405) yTqX [setAffinity pid=17343 cpus=[4, 5, 6, 7]]
10-25 21:40:44.462 17329 17678 D VRManagerGearVR: VRManager set thread priority to 1
10-25 21:40:44.462 17329 17678 I VrApi_Clocks: SetSchedFifo( tid=17343, pri=1 ) succeeded
10-25 21:40:44.462 17329 17678 D VrApi : setSchedFifoStatic tid:17343 pto:1
10-25 21:40:44.462 3970 3998 V VRManagerServer: (VRManagerService.java:401) yTqX [setThreadSchedFifo pkg=com.foo.ProductName pid=17329 tid=17343 prio=1]
10-25 21:40:44.462 3970 3998 V VRManagerServer: (VRManagerService.java:405) yTqX [setAffinity pid=17343 cpus=[4, 5, 6, 7]]
10-25 21:40:44.462 17329 17678 D VRManagerGearVR: VRManager set thread priority to 1
10-25 21:40:44.462 17329 17678 I VrApi_Clocks: SetSchedFifo( tid=17343, pri=1 ) succeeded
10-25 21:40:44.462 17329 17678 W TimeWarp: VSync 4972865: eye=1,late=6.6ms,over=0.0ms,CPU=0.4ms,GPU>=1.4
10-25 21:40:44.492 17329 17648 I OVR : DeviceManagerThread - event 46 (500Hz) (Tid=17648)
10-25 21:40:44.552 17329 17678 D VrApi : setSchedFifoStatic tid:17343 pto:0
10-25 21:40:44.552 3970 3999 V VRManagerServer: (VRManagerService.java:401) yTqX [setThreadSchedFifo pkg=com.foo.ProductName pid=17329 tid=17343 prio=0]
10-25 21:40:44.552 3970 3999 V VRManagerServer: (VRManagerService.java:405) yTqX [setAffinity pid=17343 cpus=[4, 5, 6, 7]]
10-25 21:40:44.562 17329 17678 D VRManagerGearVR: VRManager set thread priority to 0
10-25 21:40:44.562 17329 17678 I VrApi_Clocks: SetSchedFifo( tid=17343, pri=0 ) succeeded
10-25 21:40:44.562 17329 17678 D VrApi : setSchedFifoStatic tid:17343 pto:0
10-25 21:40:44.562 3970 17522 V VRManagerServer: (VRManagerService.java:401) yTqX [setThreadSchedFifo pkg=com.foo.ProductName pid=17329 tid=17343 prio=0]
10-25 21:40:44.562 3970 17522 V VRManagerServer: (VRManagerService.java:405) yTqX [setAffinity pid=17343 cpus=[4, 5, 6, 7]]
10-25 21:40:44.562 17329 17678 D VRManagerGearVR: VRManager set thread priority to 0
10-25 21:40:44.562 17329 17678 I VrApi_Clocks: SetSchedFifo( tid=17343, pri=0 ) succeeded
10-25 21:40:44.562 17329 17678 W TimeWarp: VSync 4972871: eye=1,late=7.9ms,over=0.0ms,CPU=0.4ms,GPU>=0.0
10-25 21:40:44.602 17329 17678 D VrApi : setSchedFifoStatic tid:17343 pto:1
10-25 21:40:44.602 3970 17298 V VRManagerServer: (VRManagerService.java:401) yTqX [setThreadSchedFifo pkg=com.foo.ProductName pid=17329 tid=17343 prio=1]
10-25 21:40:44.602 3970 17298 V VRManagerServer: (VRManagerService.java:405) yTqX [setAffinity pid=17343 cpus=[4, 5, 6, 7]]
10-25 21:40:44.612 17329 17678 D VRManagerGearVR: VRManager set thread priority to 1
10-25 21:40:44.612 17329 17678 I VrApi_Clocks: SetSchedFifo( tid=17343, pri=1 ) succeeded
10-25 21:40:44.612 17329 17678 D VrApi : setSchedFifoStatic tid:17343 pto:1
10-25 21:40:44.612 3970 3998 V VRManagerServer: (VRManagerService.java:401) yTqX [setThreadSchedFifo pkg=com.foo.ProductName pid=17329 tid=17343 prio=1]
10-25 21:40:44.612 3970 3998 V VRManagerServer: (VRManagerService.java:405) yTqX [setAffinity pid=17343 cpus=[4, 5, 6, 7]]
10-25 21:40:44.612 17329 17678 D VRManagerGearVR: VRManager set thread priority to 1
10-25 21:40:44.612 17329 17678 I VrApi_Clocks: SetSchedFifo( tid=17343, pri=1 ) succeeded
10-25 21:40:44.612 17329 17678 W TimeWarp: VSync 4972874: eye=1,late=6.0ms,over=0.0ms,CPU=0.4ms,GPU>=1.8
10-25 21:40:44.622 17329 17680 I VrApi : FPS=14,Prd=50ms,Tear=1,Early=0,Stale=60,VSnc=1,Lat=1,CPU4/GPU=2/2,800/420MHz,OC=FF,TA=F0/F0/F0/F0,SP=F/F/F/F,Mem=1026MHz,Free=1352MB,PSM=0,PLS=0,Temp=26.3C/27.0C
10-25 21:40:44.662 17329 17678 W TimeWarp: VSync 4972877: eye=1,late=0.0ms,over=0.1ms,CPU=0.3ms,GPU>=7.9
10-25 21:40:44.702 17329 17678 D VrApi : setSchedFifoStatic tid:17343 pto:0
10-25 21:40:44.702 3970 3998 V VRManagerServer: (VRManagerService.java:401) yTqX [setThreadSchedFifo pkg=com.foo.ProductName pid=17329 tid=17343 prio=0]
10-25 21:40:44.702 3970 3998 V VRManagerServer: (VRManagerService.java:405) yTqX [setAffinity pid=17343 cpus=[4, 5, 6, 7]]
10-25 21:40:44.712 17329 17678 D VRManagerGearVR: VRManager set thread priority to 0
10-25 21:40:44.712 17329 17678 I VrApi_Clocks: SetSchedFifo( tid=17343, pri=0 ) succeeded
10-25 21:40:44.712 17329 17678 D VrApi : setSchedFifoStatic tid:17343 pto:0
10-25 21:40:44.712 3970 17522 V VRManagerServer: (VRManagerService.java:401) yTqX [setThreadSchedFifo pkg=com.foo.ProductName pid=17329 tid=17343 prio=0]
10-25 21:40:44.712 3970 17522 V VRManagerServer: (VRManagerService.java:405) yTqX [setAffinity pid=17343 cpus=[4, 5, 6, 7]]
10-25 21:40:44.712 17329 17678 D VRManagerGearVR: VRManager set thread priority to 0
10-25 21:40:44.712 17329 17678 I VrApi_Clocks: SetSchedFifo( tid=17343, pri=0 ) succeeded
10-25 21:40:44.712 17329 17678 W TimeWarp: VSync 4972880: eye=1,late=8.0ms,over=0.0ms,CPU=0.4ms,GPU>=0.0
10-25 21:40:44.742 17329 17343 I TimeWarp: WarpSwap: usleep( 91 )
10-25 21:40:44.752 17329 17678 W TimeWarp: VSync 4972882: eye=1,late=0.0ms,over=0.1ms,CPU=0.4ms,GPU>=7.9
10-25 21:40:44.752 17329 17678 D VrApi : setSchedFifoStatic tid:17343 pto:1
10-25 21:40:44.752 3970 3999 V VRManagerServer: (VRManagerService.java:401) yTqX [setThreadSchedFifo pkg=com.foo.ProductName pid=17329 tid=17343 prio=1]
10-25 21:40:44.752 3970 3999 V VRManagerServer: (VRManagerService.java:405) yTqX [setAffinity pid=17343 cpus=[4, 5, 6, 7]]
10-25 21:40:44.752 17329 17678 D VRManagerGearVR: VRManager set thread priority to 1
10-25 21:40:44.752 17329 17678 I VrApi_Clocks: SetSchedFifo( tid=17343, pri=1 ) succeeded
10-25 21:40:44.762 17329 17678 D VrApi : setSchedFifoStatic tid:17343 pto:1
10-25 21:40:44.762 3970 3998 V VRManagerServer: (VRManagerService.java:401) yTqX [setThreadSchedFifo pkg=com.foo.ProductName pid=17329 tid=17343 prio=1]
10-25 21:40:44.762 3970 3998 V VRManagerServer: (VRManagerService.java:405) yTqX [setAffinity pid=17343 cpus=[4, 5, 6, 7]]
10-25 21:40:44.762 17329 17678 D VRManagerGearVR: VRManager set thread priority to 1
10-25 21:40:44.762 17329 17678 I VrApi_Clocks: SetSchedFifo( tid=17343, pri=1 ) succeeded
10-25 21:40:44.762 17329 17678 W TimeWarp: VSync 4972883: eye=1,late=8.0ms,over=0.0ms,CPU=0.4ms,GPU>=0.0
10-25 21:40:44.852 17329 17678 D VrApi : setSchedFifoStatic tid:17343 pto:0
10-25 21:40:44.852 3970 17298 V VRManagerServer: (VRManagerService.java:401) yTqX [setThreadSchedFifo pkg=com.foo.ProductName pid=17329 tid=17343 prio=0]
10-25 21:40:44.852 3970 17298 V VRManagerServer: (VRManagerService.java:405) yTqX [setAffinity pid=17343 cpus=[4, 5, 6, 7]]
10-25 21:40:44.852 17329 17678 D VRManagerGearVR: VRManager set thread priority to 0
10-25 21:40:44.852 17329 17678 I VrApi_Clocks: SetSchedFifo( tid=17343, pri=0 ) succeeded
10-25 21:40:44.852 17329 17678 D VrApi : setSchedFifoStatic tid:17343 pto:0
10-25 21:40:44.862 3970 17522 V VRManagerServer: (VRManagerService.java:401) yTqX [setThreadSchedFifo pkg=com.foo.ProductName pid=17329 tid=17343 prio=0]
10-25 21:40:44.862 3970 17522 V VRManagerServer: (VRManagerService.java:405) yTqX [setAffinity pid=17343 cpus=[4, 5, 6, 7]]
10-25 21:40:44.862 17329 17678 D VRManagerGearVR: VRManager set thread priority to 0
10-25 21:40:44.862 17329 17678 I VrApi_Clocks: SetSchedFifo( tid=17343, pri=0 ) succeeded
10-25 21:40:44.862 17329 17678 W TimeWarp: VSync 4972889: eye=1,late=5.9ms,over=0.0ms,CPU=0.4ms,GPU>=2.0
10-25 21:40:44.882 17329 17678 D VrApi : setSchedFifoStatic tid:17343 pto:1
10-25 21:40:44.882 3970 3999 V VRManagerServer: (VRManagerService.java:401) yTqX [setThreadSchedFifo pkg=com.foo.ProductName pid=17329 tid=17343 prio=1]
10-25 21:40:44.882 3970 3999 V VRManagerServer: (VRManagerService.java:405) yTqX [setAffinity pid=17343 cpus=[4, 5, 6, 7]]
10-25 21:40:44.892 17329 17678 D VRManagerGearVR: VRManager set thread priority to 1
10-25 21:40:44.892 17329 17678 I VrApi_Clocks: SetSchedFifo( tid=17343, pri=1 ) succeeded
10-25 21:40:44.892 17329 17678 D VrApi : setSchedFifoStatic tid:17343 pto:1
10-25 21:40:44.892 3970 17298 V VRManagerServer: (VRManagerService.java:401) yTqX [setThreadSchedFifo pkg=com.foo.ProductName pid=17329 tid=17343 prio=1]
10-25 21:40:44.892 3970 17298 V VRManagerServer: (VRManagerService.java:405) yTqX [setAffinity pid=17343 cpus=[4, 5, 6, 7]]
10-25 21:40:44.892 17329 17678 D VRManagerGearVR: VRManager set thread priority to 1
10-25 21:40:44.892 17329 17678 I VrApi_Clocks: SetSchedFifo( tid=17343, pri=1 ) succeeded
10-25 21:40:44.902 17329 17678 W TimeWarp: VSync 4972891: eye=1,late=6.7ms,over=0.0ms,CPU=0.4ms,GPU>=1.3
10-25 21:40:44.982 17329 17678 D VrApi : setSchedFifoStatic tid:17343 pto:0
10-25 21:40:44.982 3970 3998 V VRManagerServer: (VRManagerService.java:401) yTqX [setThreadSchedFifo pkg=com.foo.ProductName pid=17329 tid=17343 prio=0]
10-25 21:40:44.982 3970 3998 V VRManagerServer: (VRManagerService.java:405) yTqX [setAffinity pid=17343 cpus=[4, 5, 6, 7]]
10-25 21:40:44.992 17329 17678 D VRManagerGearVR: VRManager set thread priority to 0
10-25 21:40:44.992 17329 17678 I VrApi_Clocks: SetSchedFifo( tid=17343, pri=0 ) succeeded
10-25 21:40:44.992 17329 17678 D VrApi : setSchedFifoStatic tid:17343 pto:0
10-25 21:40:44.992 3970 3999 V VRManagerServer: (VRManagerService.java:401) yTqX [setThreadSchedFifo pkg=com.foo.ProductName pid=17329 tid=17343 prio=0]
10-25 21:40:44.992 3970 3999 V VRManagerServer: (VRManagerService.java:405) yTqX [setAffinity pid=17343 cpus=[4, 5, 6, 7]]
10-25 21:40:44.992 17329 17678 D VRManagerGearVR: VRManager set thread priority to 0
10-25 21:40:44.992 17329 17678 I VrApi_Clocks: SetSchedFifo( tid=17343, pri=0 ) succeeded
10-25 21:40:45.002 17329 17678 W TimeWarp: VSync 4972897: eye=1,late=6.1ms,over=0.0ms,CPU=0.4ms,GPU>=1.9
10-25 21:40:45.012 17329 17678 D VrApi : setSchedFifoStatic tid:17343 pto:1
10-25 21:40:45.022 3970 17522 V VRManagerServer: (VRManagerService.java:401) yTqX [setThreadSchedFifo pkg=com.foo.ProductName pid=17329 tid=17343 prio=1]
10-25 21:40:45.022 3970 17522 V VRManagerServer: (VRManagerService.java:405) yTqX [setAffinity pid=17343 cpus=[4, 5, 6, 7]]
10-25 21:40:45.022 17329 17678 D VRManagerGearVR: VRManager set thread priority to 1
10-25 21:40:45.022 17329 17678 I VrApi_Clocks: SetSchedFifo( tid=17343, pri=1 ) succeeded
10-25 21:40:45.022 17329 17678 D VrApi : setSchedFifoStatic tid:17343 pto:1
10-25 21:40:45.022 3970 3998 V VRManagerServer: (VRManagerService.java:401) yTqX [setThreadSchedFifo pkg=com.foo.ProductName pid=17329 tid=17343 prio=1]
10-25 21:40:45.022 3970 3998 V VRManagerServer: (VRManagerService.java:405) yTqX [setAffinity pid=17343 cpus=[4, 5, 6, 7]]
10-25 21:40:45.032 17329 17678 D VRManagerGearVR: VRManager set thread priority to 1
10-25 21:40:45.032 17329 17678 I VrApi_Clocks: SetSchedFifo( tid=17343, pri=1 ) succeeded
10-25 21:40:45.032 17329 17678 W TimeWarp: VSync 4972899: eye=1,late=6.2ms,over=0.0ms,CPU=0.4ms,GPU>=1.7
10-25 21:40:45.112 17329 17678 D VrApi : setSchedFifoStatic tid:17343 pto:0
10-25 21:40:45.122 3970 17298 V VRManagerServer: (VRManagerService.java:401) yTqX [setThreadSchedFifo pkg=com.foo.ProductName pid=17329 tid=17343 prio=0]
10-25 21:40:45.122 3970 17298 V VRManagerServer: (VRManagerService.java:405) yTqX [setAffinity pid=17343 cpus=[4, 5, 6, 7]]
10-25 21:40:45.122 17329 17678 D VRManagerGearVR: VRManager set thread priority to 0
10-25 21:40:45.122 17329 17678 I VrApi_Clocks: SetSchedFifo( tid=17343, pri=0 ) succeeded
10-25 21:40:45.122 17329 17678 D VrApi : setSchedFifoStatic tid:17343 pto:0
10-25 21:40:45.122 3970 3999 V VRManagerServer: (VRManagerService.java:401) yTqX [setThreadSchedFifo pkg=com.foo.ProductName pid=17329 tid=17343 prio=0]
10-25 21:40:45.122 3970 3999 V VRManagerServer: (VRManagerService.java:405) yTqX [setAffinity pid=17343 cpus=[4, 5, 6, 7]]
10-25 21:40:45.132 17329 17678 D VRManagerGearVR: VRManager set thread priority to 0
10-25 21:40:45.132 17329 17678 I VrApi_Clocks: SetSchedFifo( tid=17343, pri=0 ) succeeded
10-25 21:40:45.132 17329 17678 W TimeWarp: VSync 4972905: eye=1,late=6.9ms,over=0.0ms,CPU=0.4ms,GPU>=1.0
10-25 21:40:45.162 17329 17678 W TimeWarp: VSync 4972907: eye=1,late=0.0ms,over=0.0ms,CPU=0.4ms,GPU>=8.0
10-25 21:40:45.162 17329 17678 D VrApi : setSchedFifoStatic tid:17343 pto:1
10-25 21:40:45.162 3970 17522 V VRManagerServer: (VRManagerService.java:401) yTqX [setThreadSchedFifo pkg=com.foo.ProductName pid=17329 tid=17343 prio=1]
10-25 21:40:45.172 3970 17522 V VRManagerServer: (VRManagerService.java:405) yTqX [setAffinity pid=17343 cpus=[4, 5, 6, 7]]
10-25 21:40:45.172 17329 17678 D VRManagerGearVR: VRManager set thread priority to 1
10-25 21:40:45.172 17329 17678 I VrApi_Clocks: SetSchedFifo( tid=17343, pri=1 ) succeeded
10-25 21:40:45.172 17329 17678 D VrApi : setSchedFifoStatic tid:17343 pto:1
10-25 21:40:45.172 3970 3998 V VRManagerServer: (VRManagerService.java:401) yTqX [setThreadSchedFifo pkg=com.foo.ProductName pid=17329 tid=17343 prio=1]
10-25 21:40:45.172 3970 3998 V VRManagerServer: (VRManagerService.java:405) yTqX [setAffinity pid=17343 cpus=[4, 5, 6, 7]]
10-25 21:40:45.182 17329 17678 D VRManagerGearVR: VRManager set thread priority to 1
10-25 21:40:45.182 17329 17678 I VrApi_Clocks: SetSchedFifo( tid=17343, pri=1 ) succeeded
10-25 21:40:45.182 17329 17678 W TimeWarp: VSync 4972908: eye=1,late=5.9ms,over=0.0ms,CPU=0.5ms,GPU>=1.9
10-25 21:40:45.262 17329 17678 D VrApi : setSchedFifoStatic tid:17343 pto:0
10-25 21:40:45.272 3970 3999 V VRManagerServer: (VRManagerService.java:401) yTqX [setThreadSchedFifo pkg=com.foo.ProductName pid=17329 tid=17343 prio=0]
10-25 21:40:45.272 3970 3999 V VRManagerServer: (VRManagerService.java:405) yTqX [setAffinity pid=17343 cpus=[4, 5, 6, 7]]
10-25 21:40:45.272 17329 17678 D VRManagerGearVR: VRManager set thread priority to 0
10-25 21:40:45.272 17329 17678 I VrApi_Clocks: SetSchedFifo( tid=17343, pri=0 ) succeeded
10-25 21:40:45.272 17329 17678 D VrApi : setSchedFifoStatic tid:17343 pto:0
10-25 21:40:45.272 3970 17298 V VRManagerServer: (VRManagerService.java:401) yTqX [setThreadSchedFifo pkg=com.foo.ProductName pid=17329 tid=17343 prio=0]
10-25 21:40:45.272 3970 17298 V VRManagerServer: (VRManagerService.java:405) yTqX [setAffinity pid=17343 cpus=[4, 5, 6, 7]]
10-25 21:40:45.282 17329 17678 D VRManagerGearVR: VRManager set thread priority to 0
10-25 21:40:45.282 17329 17678 I VrApi_Clocks: SetSchedFifo( tid=17343, pri=0 ) succeeded
10-25 21:40:45.282 17329 17678 W TimeWarp: VSync 4972914: eye=1,late=7.9ms,over=0.0ms,CPU=0.4ms,GPU>=0.0
10-25 21:40:45.282 17329 17678 D VrApi : setSchedFifoStatic tid:17343 pto:1
10-25 21:40:45.282 3970 17522 V VRManagerServer: (VRManagerService.java:401) yTqX [setThreadSchedFifo pkg=com.foo.ProductName pid=17329 tid=17343 prio=1]
10-25 21:40:45.282 3970 17522 V VRManagerServer: (VRManagerService.java:405) yTqX [setAffinity pid=17343 cpus=[4, 5, 6, 7]]
10-25 21:40:45.292 17329 17678 D VRManagerGearVR: VRManager set thread priority to 1
10-25 21:40:45.292 17329 17678 I VrApi_Clocks: SetSchedFifo( tid=17343, pri=1 ) succeeded
10-25 21:40:45.292 17329 17678 D VrApi : setSchedFifoStatic tid:17343 pto:1
10-25 21:40:45.292 3970 3998 V VRManagerServer: (VRManagerService.java:401) yTqX [setThreadSchedFifo pkg=com.foo.ProductName pid=17329 tid=17343 prio=1]
10-25 21:40:45.292 3970 3998 V VRManagerServer: (VRManagerService.java:405) yTqX [setAffinity pid=17343 cpus=[4, 5, 6, 7]]
10-25 21:40:45.292 17329 17678 D VRManagerGearVR: VRManager set thread priority to 1
10-25 21:40:45.292 17329 17678 I VrApi_Clocks: SetSchedFifo( tid=17343, pri=1 ) succeeded
10-25 21:40:45.292 17329 17678 W TimeWarp: VSync 4972915: eye=1,late=5.7ms,over=0.0ms,CPU=0.4ms,GPU>=2.2
10-25 21:40:45.382 17329 17678 D VrApi : setSchedFifoStatic tid:17343 pto:0
10-25 21:40:45.382 3970 17298 V VRManagerServer: (VRManagerService.java:401) yTqX [setThreadSchedFifo pkg=com.foo.ProductName pid=17329 tid=17343 prio=0]
10-25 21:40:45.382 3970 17298 V VRManagerServer: (VRManagerService.java:405) yTqX [setAffinity pid=17343 cpus=[4, 5, 6, 7]]
10-25 21:40:45.382 3135 3181 D Sensorhubs: readContextData: 1, 1, 26, 1, 1, 1, 4, -14, 4, 0
10-25 21:40:45.382 3520 4008 D SensorHubManager: onGetSensorHubDataLocked: library(10) = 1, 1, 26, 1, 1, 1, 4, -14, 4, 0
10-25 21:40:45.382 3520 4007 D CAE : onGetSensorHubData(SensorHubParserProvider.java:92) - onGetSensorHubData Event [event buffer len :10], AP_WAKEUP
10-25 21:40:45.382 3520 4007 I CAE : parse(SensorHubParserProvider.java:188) - buffer size = 10
10-25 21:40:45.392 3520 4007 I CAE : parse(SensorHubParserProvider.java:199) - 1, 1, 26, 1, 1, 1, 4, -14, 4, 0,
10-25 21:40:45.392 17329 17678 D VRManagerGearVR: VRManager set thread priority to 0
10-25 21:40:45.392 17329 17678 I VrApi_Clocks: SetSchedFifo( tid=17343, pri=0 ) succeeded
10-25 21:40:45.392 17329 17678 D VrApi : setSchedFifoStatic tid:17343 pto:0
10-25 21:40:45.392 3520 4007 D CAE : display(ContextProvider.java:375) - ================= ACTIVITY_TRACKER =================
10-25 21:40:45.392 3520 4007 I CAE : display(ContextProvider.java:391) - Accuracy=[0], OperationMode=[0], ActivityType=[4], TimeStamp=[1477456844018]
10-25 21:40:45.392 3520 4010 D SContextService: updateSContext() : event = Activity Tracker
10-25 21:40:45.392 3970 3999 V VRManagerServer: (VRManagerService.java:401) yTqX [setThreadSchedFifo pkg=com.foo.ProductName pid=17329 tid=17343 prio=0]
10-25 21:40:45.392 3970 3999 V VRManagerServer: (VRManagerService.java:405) yTqX [setAffinity pid=17343 cpus=[4, 5, 6, 7]]
10-25 21:40:45.392 17329 17678 D VRManagerGearVR: VRManager set thread priority to 0
10-25 21:40:45.392 17329 17678 I VrApi_Clocks: SetSchedFifo( tid=17343, pri=0 ) succeeded
10-25 21:40:45.392 17329 17678 W TimeWarp: VSync 4972921: eye=1,late=8.0ms,over=0.0ms,CPU=0.4ms,GPU>=0.0
10-25 21:40:45.392 17329 17678 D VrApi : setSchedFifoStatic tid:17343 pto:1
10-25 21:40:45.402 3970 17522 V VRManagerServer: (VRManagerService.java:401) yTqX [setThreadSchedFifo pkg=com.foo.ProductName pid=17329 tid=17343 prio=1]
10-25 21:40:45.402 3970 17522 V VRManagerServer: (VRManagerService.java:405) yTqX [setAffinity pid=17343 cpus=[4, 5, 6, 7]]
10-25 21:40:45.402 17329 17678 D VRManagerGearVR: VRManager set thread priority to 1
10-25 21:40:45.402 17329 17678 I VrApi_Clocks: SetSchedFifo( tid=17343, pri=1 ) succeeded
10-25 21:40:45.402 17329 17678 D VrApi : setSchedFifoStatic tid:17343 pto:1
10-25 21:40:45.402 3970 3998 V VRManagerServer: (VRManagerService.java:401) yTqX [setThreadSchedFifo pkg=com.foo.ProductName pid=17329 tid=17343 prio=1]
10-25 21:40:45.412 3970 3998 V VRManagerServer: (VRManagerService.java:405) yTqX [setAffinity pid=17343 cpus=[4, 5, 6, 7]]
10-25 21:40:45.412 17329 17678 D VRManagerGearVR: VRManager set thread priority to 1
10-25 21:40:45.412 17329 17678 I VrApi_Clocks: SetSchedFifo( tid=17343, pri=1 ) succeeded
10-25 21:40:45.412 17329 17678 W TimeWarp: VSync 4972922: eye=1,late=6.9ms,over=0.0ms,CPU=0.4ms,GPU>=1.0
10-25 21:40:45.502 17329 17648 I OVR : DeviceManagerThread - event 46 (499Hz) (Tid=17648)
10-25 21:40:45.622 17329 17680 I VrApi : FPS=8,Prd=46ms,Tear=16,Early=0,Stale=62,VSnc=1,Lat=1,CPU4/GPU=2/2,1000/420MHz,OC=FF,TA=F0/F0/F0/F0,SP=F/F/F/F,Mem=1026MHz,Free=1352MB,PSM=0,PLS=0,Temp=26.3C/27.0C
10-25 21:40:45.632 4130 4343 D NetworkController.MobileSignalController(0/2147483643): onSignalStrengthsChanged signalStrength=SignalStrength: 22 99 -22 -200 -22 -200 -1 99 2147483647 2147483647 2147483647 2147483647 2147483647 0x5 gsm|lte level=5
10-25 21:40:45.632 4130 4343 D NetworkController.MobileSignalController(0/2147483643): getMobileIconGroup(): 0
10-25 21:40:45.632 4130 4343 D NetworkController.MobileSignalController(0/2147483643): updateTMOMobileIconGroup(): 0
10-25 21:40:45.632 4425 4425 D WfcPhoneStateListener: onSignalStrengthsChanged(): signal strength did not change
10-25 21:40:45.872 17329 17678 W TimeWarp: VSync 4972950: eye=1,late=0.0ms,over=0.1ms,CPU=0.4ms,GPU>=7.9
10-25 21:40:45.892 17329 17678 D VrApi : setSchedFifoStatic tid:17343 pto:0
10-25 21:40:45.892 3970 17522 V VRManagerServer: (VRManagerService.java:401) yTqX [setThreadSchedFifo pkg=com.foo.ProductName pid=17329 tid=17343 prio=0]
10-25 21:40:45.902 3970 17522 V VRManagerServer: (VRManagerService.java:405) yTqX [setAffinity pid=17343 cpus=[4, 5, 6, 7]]
10-25 21:40:45.902 17329 17678 D VRManagerGearVR: VRManager set thread priority to 0
10-25 21:40:45.902 17329 17678 I VrApi_Clocks: SetSchedFifo( tid=17343, pri=0 ) succeeded
10-25 21:40:45.902 17329 17678 D VrApi : setSchedFifoStatic tid:17343 pto:0
10-25 21:40:45.902 3970 3998 V VRManagerServer: (VRManagerService.java:401) yTqX [setThreadSchedFifo pkg=com.foo.ProductName pid=17329 tid=17343 prio=0]
10-25 21:40:45.902 3970 3998 V VRManagerServer: (VRManagerService.java:405) yTqX [setAffinity pid=17343 cpus=[4, 5, 6, 7]]
10-25 21:40:45.902 17329 17678 D VRManagerGearVR: VRManager set thread priority to 0
10-25 21:40:45.912 17329 17678 I VrApi_Clocks: SetSchedFifo( tid=17343, pri=0 ) succeeded
10-25 21:40:45.912 17329 17678 W TimeWarp: VSync 4972952: eye=1,late=6.1ms,over=0.0ms,CPU=0.4ms,GPU>=1.8
