10-25 21:52:17.012 18958 19079 D VrApi : setSchedFifoStatic tid:18971 pto:1
10-25 21:52:17.012 3970 17298 V VRManagerServer: (VRManagerService.java:401) yTqX [setThreadSchedFifo pkg=com.foo.ProductName pid=18958 tid=18971 prio=1]
10-25 21:52:17.012 3970 17298 V VRManagerServer: (VRManagerService.java:405) yTqX [setAffinity pid=18971 cpus=[4, 5, 6, 7]]
10-25 21:52:17.022 18958 19079 D VRManagerGearVR: VRManager set thread priority to 1
10-25 21:52:17.022 18958 19079 I VrApi_Clocks: SetSchedFifo( tid=18971, pri=1 ) succeeded
10-25 21:52:17.022 18958 19079 W TimeWarp: VSync 5013723: eye=1,late=8.1ms,over=0.0ms,CPU=0.4ms,GPU>=0.0
10-25 21:52:17.102 18958 19079 D VrApi : setSchedFifoStatic tid:18971 pto:0
10-25 21:52:17.112 3970 17522 V VRManagerServer: (VRManagerService.java:401) yTqX [setThreadSchedFifo pkg=com.foo.ProductName pid=18958 tid=18971 prio=0]
10-25 21:52:17.112 3970 17522 V VRManagerServer: (VRManagerService.java:405) yTqX [setAffinity pid=18971 cpus=[4, 5, 6, 7]]
10-25 21:52:17.112 18958 19079 D VRManagerGearVR: VRManager set thread priority to 0
10-25 21:52:17.112 18958 19079 I VrApi_Clocks: SetSchedFifo( tid=18971, pri=0 ) succeeded
10-25 21:52:17.112 18958 19079 D VrApi : setSchedFifoStatic tid:18971 pto:0
10-25 21:52:17.112 3970 3999 V VRManagerServer: (VRManagerService.java:401) yTqX [setThreadSchedFifo pkg=com.foo.ProductName pid=18958 tid=18971 prio=0]
10-25 21:52:17.112 3970 3999 V VRManagerServer: (VRManagerService.java:405) yTqX [setAffinity pid=18971 cpus=[4, 5, 6, 7]]
10-25 21:52:17.122 18958 19079 D VRManagerGearVR: VRManager set thread priority to 0
10-25 21:52:17.122 18958 19079 I VrApi_Clocks: SetSchedFifo( tid=18971, pri=0 ) succeeded
10-25 21:52:17.122 18958 19079 W TimeWarp: VSync 5013729: eye=1,late=5.6ms,over=0.0ms,CPU=0.4ms,GPU>=2.4
10-25 21:52:17.122 18958 19079 D VrApi : setSchedFifoStatic tid:18971 pto:1
10-25 21:52:17.122 3970 3998 V VRManagerServer: (VRManagerService.java:401) yTqX [setThreadSchedFifo pkg=com.foo.ProductName pid=18958 tid=18971 prio=1]
10-25 21:52:17.122 3970 3998 V VRManagerServer: (VRManagerService.java:405) yTqX [setAffinity pid=18971 cpus=[4, 5, 6, 7]]
10-25 21:52:17.132 18958 19079 D VRManagerGearVR: VRManager set thread priority to 1
10-25 21:52:17.132 18958 19079 I VrApi_Clocks: SetSchedFifo( tid=18971, pri=1 ) succeeded
10-25 21:52:17.132 18958 19079 D VrApi : setSchedFifoStatic tid:18971 pto:1
10-25 21:52:17.132 3970 17298 V VRManagerServer: (VRManagerService.java:401) yTqX [setThreadSchedFifo pkg=com.foo.ProductName pid=18958 tid=18971 prio=1]
10-25 21:52:17.132 3970 17298 V VRManagerServer: (VRManagerService.java:405) yTqX [setAffinity pid=18971 cpus=[4, 5, 6, 7]]
10-25 21:52:17.132 18958 19079 D VRManagerGearVR: VRManager set thread priority to 1
10-25 21:52:17.132 18958 19079 I VrApi_Clocks: SetSchedFifo( tid=18971, pri=1 ) succeeded
10-25 21:52:17.132 18958 19079 W TimeWarp: VSync 5013730: eye=1,late=6.2ms,over=0.0ms,CPU=0.4ms,GPU>=1.7
10-25 21:52:17.222 18958 19079 D VrApi : setSchedFifoStatic tid:18971 pto:0
10-25 21:52:17.222 3970 17522 V VRManagerServer: (VRManagerService.java:401) yTqX [setThreadSchedFifo pkg=com.foo.ProductName pid=18958 tid=18971 prio=0]
10-25 21:52:17.222 3970 17522 V VRManagerServer: (VRManagerService.java:405) yTqX [setAffinity pid=18971 cpus=[4, 5, 6, 7]]
10-25 21:52:17.222 18958 19079 D VRManagerGearVR: VRManager set thread priority to 0
10-25 21:52:17.222 18958 19079 I VrApi_Clocks: SetSchedFifo( tid=18971, pri=0 ) succeeded
10-25 21:52:17.222 18958 19079 D VrApi : setSchedFifoStatic tid:18971 pto:0
10-25 21:52:17.232 3970 3999 V VRManagerServer: (VRManagerService.java:401) yTqX [setThreadSchedFifo pkg=com.foo.ProductName pid=18958 tid=18971 prio=0]
10-25 21:52:17.232 3970 3999 V VRManagerServer: (VRManagerService.java:405) yTqX [setAffinity pid=18971 cpus=[4, 5, 6, 7]]
10-25 21:52:17.232 18958 19079 D VRManagerGearVR: VRManager set thread priority to 0
10-25 21:52:17.232 18958 19079 I VrApi_Clocks: SetSchedFifo( tid=18971, pri=0 ) succeeded
10-25 21:52:17.232 18958 19079 W TimeWarp: VSync 5013736: eye=1,late=6.2ms,over=0.0ms,CPU=0.4ms,GPU>=1.8
10-25 21:52:17.232 18958 19079 D VrApi : setSchedFifoStatic tid:18971 pto:1
10-25 21:52:17.242 3970 3998 V VRManagerServer: (VRManagerService.java:401) yTqX [setThreadSchedFifo pkg=com.foo.ProductName pid=18958 tid=18971 prio=1]
10-25 21:52:17.242 3970 3998 V VRManagerServer: (VRManagerService.java:405) yTqX [setAffinity pid=18971 cpus=[4, 5, 6, 7]]
10-25 21:52:17.242 18958 19079 D VRManagerGearVR: VRManager set thread priority to 1
10-25 21:52:17.242 18958 19079 I VrApi_Clocks: SetSchedFifo( tid=18971, pri=1 ) succeeded
10-25 21:52:17.242 18958 19079 D VrApi : setSchedFifoStatic tid:18971 pto:1
10-25 21:52:17.252 3970 17298 V VRManagerServer: (VRManagerService.java:401) yTqX [setThreadSchedFifo pkg=com.foo.ProductName pid=18958 tid=18971 prio=1]
10-25 21:52:17.252 3970 17298 V VRManagerServer: (VRManagerService.java:405) yTqX [setAffinity pid=18971 cpus=[4, 5, 6, 7]]
10-25 21:52:17.252 18958 19079 D VRManagerGearVR: VRManager set thread priority to 1
10-25 21:52:17.252 18958 19079 I VrApi_Clocks: SetSchedFifo( tid=18971, pri=1 ) succeeded
10-25 21:52:17.252 18958 19079 W TimeWarp: VSync 5013737: eye=1,late=7.7ms,over=0.0ms,CPU=0.5ms,GPU>=0.2
10-25 21:52:17.442 18958 19046 I OVR : DeviceManagerThread - event 43 (500Hz) (Tid=19046)
10-25 21:52:17.622 18958 19098 I VrApi : FPS=8,Prd=46ms,Tear=10,Early=0,Stale=58,VSnc=1,Lat=1,CPU4/GPU=2/2,1000/420MHz,OC=FF,TA=F0/F0/F0/F0,SP=F/F/F/F,Mem=1026MHz,Free=1364MB,PSM=0,PLS=0,Temp=26.3C/27.5C
10-25 21:52:17.782 3135 3181 D Sensorhubs: readContextData: 1, 1, 26, 1, 1, 11, -107, -86, 4, 0
10-25 21:52:17.782 3520 4008 D SensorHubManager: onGetSensorHubDataLocked: library(10) = 1, 1, 26, 1, 1, 11, -107, -86, 4, 0
10-25 21:52:17.782 3520 4007 D CAE : onGetSensorHubData(SensorHubParserProvider.java:92) - onGetSensorHubData Event [event buffer len :10], AP_WAKEUP
10-25 21:52:17.782 3520 4007 I CAE : parse(SensorHubParserProvider.java:188) - buffer size = 10
10-25 21:52:17.782 3520 4007 I CAE : parse(SensorHubParserProvider.java:199) - 1, 1, 26, 1, 1, 11, -107, -86, 4, 0,
10-25 21:52:17.782 3520 4007 D CAE : display(ContextProvider.java:375) - ================= ACTIVITY_TRACKER =================
10-25 21:52:17.782 3520 4007 I CAE : display(ContextProvider.java:391) - Accuracy=[0], OperationMode=[0], ActivityType=[4], TimeStamp=[1477457536426]
10-25 21:52:17.782 3520 4010 D SContextService: updateSContext() : event = Activity Tracker
10-25 21:52:18.202 18958 18958 I Vsync : Choreographer doFrame callback delayed by 3.6 milliseconds
10-25 21:52:18.442 18958 19046 I OVR : DeviceManagerThread - event 43 (500Hz) (Tid=19046)
10-25 21:52:18.622 18958 19098 I VrApi : FPS=9,Prd=48ms,Tear=10,Early=0,Stale=60,VSnc=1,Lat=1,CPU4/GPU=2/2,1000/420MHz,OC=FF,TA=F0/F0/F0/F0,SP=F/F/F/F,Mem=1026MHz,Free=1365MB,PSM=0,PLS=0,Temp=26.3C/27.5C
10-25 21:52:18.712 18958 19079 D VrApi : setSchedFifoStatic tid:18971 pto:0
10-25 21:52:18.712 3970 3999 V VRManagerServer: (VRManagerService.java:401) yTqX [setThreadSchedFifo pkg=com.foo.ProductName pid=18958 tid=18971 prio=0]
10-25 21:52:18.722 3970 3999 V VRManagerServer: (VRManagerService.java:405) yTqX [setAffinity pid=18971 cpus=[4, 5, 6, 7]]
10-25 21:52:18.722 18958 19079 D VRManagerGearVR: VRManager set thread priority to 0
10-25 21:52:18.722 18958 19079 I VrApi_Clocks: SetSchedFifo( tid=18971, pri=0 ) succeeded
10-25 21:52:18.722 18958 19079 D VrApi : setSchedFifoStatic tid:18971 pto:0
10-25 21:52:18.722 3970 17522 V VRManagerServer: (VRManagerService.java:401) yTqX [setThreadSchedFifo pkg=com.foo.ProductName pid=18958 tid=18971 prio=0]
10-25 21:52:18.722 3970 17522 V VRManagerServer: (VRManagerService.java:405) yTqX [setAffinity pid=18971 cpus=[4, 5, 6, 7]]
10-25 21:52:18.722 18958 19079 D VRManagerGearVR: VRManager set thread priority to 0
10-25 21:52:18.722 18958 19079 I VrApi_Clocks: SetSchedFifo( tid=18971, pri=0 ) succeeded
10-25 21:52:18.732 18958 18958 I Vsync : Vsync 5013826: Choreographer: 1 x 15.01 ms (60.29 Hz, at 84979.821)
10-25 21:52:18.732 18958 19079 W TimeWarp: VSync 5013826: eye=1,late=6.0ms,over=0.0ms,CPU=0.5ms,GPU>=1.8
10-25 21:52:18.732 18958 19079 D VrApi : setSchedFifoStatic tid:18971 pto:1
10-25 21:52:18.732 3970 3998 V VRManagerServer: (VRManagerService.java:401) yTqX [setThreadSchedFifo pkg=com.foo.ProductName pid=18958 tid=18971 prio=1]
10-25 21:52:18.732 3970 3998 V VRManagerServer: (VRManagerService.java:405) yTqX [setAffinity pid=18971 cpus=[4, 5, 6, 7]]
10-25 21:52:18.742 18958 19079 D VRManagerGearVR: VRManager set thread priority to 1
10-25 21:52:18.742 18958 19079 I VrApi_Clocks: SetSchedFifo( tid=18971, pri=1 ) succeeded
10-25 21:52:18.742 18958 19079 D VrApi : setSchedFifoStatic tid:18971 pto:1
10-25 21:52:18.742 3970 17298 V VRManagerServer: (VRManagerService.java:401) yTqX [setThreadSchedFifo pkg=com.foo.ProductName pid=18958 tid=18971 prio=1]
10-25 21:52:18.742 3970 17298 V VRManagerServer: (VRManagerService.java:405) yTqX [setAffinity pid=18971 cpus=[4, 5, 6, 7]]
10-25 21:52:18.742 18958 19079 D VRManagerGearVR: VRManager set thread priority to 1
10-25 21:52:18.742 18958 19079 I VrApi_Clocks: SetSchedFifo( tid=18971, pri=1 ) succeeded
10-25 21:52:18.742 18958 19079 W TimeWarp: VSync 5013827: eye=1,late=9.1ms,over=0.0ms,CPU=0.4ms,GPU>=0.0
10-25 21:52:18.742 18958 18958 I Vsync : Vsync 5013827: Choreographer: 1 x 18.09 ms (60.29 Hz, at 84979.839)
10-25 21:52:18.812 18958 19079 W TimeWarp: VSync 5013831: eye=1,late=0.0ms,over=0.2ms,CPU=0.4ms,GPU>=7.8
10-25 21:52:18.832 18958 19079 D VrApi : setSchedFifoStatic tid:18971 pto:0
10-25 21:52:18.832 3970 3999 V VRManagerServer: (VRManagerService.java:401) yTqX [setThreadSchedFifo pkg=com.foo.ProductName pid=18958 tid=18971 prio=0]
10-25 21:52:18.832 3970 3999 V VRManagerServer: (VRManagerService.java:405) yTqX [setAffinity pid=18971 cpus=[4, 5, 6, 7]]
10-25 21:52:18.832 18958 19079 D VRManagerGearVR: VRManager set thread priority to 0
10-25 21:52:18.832 18958 19079 I VrApi_Clocks: SetSchedFifo( tid=18971, pri=0 ) succeeded
10-25 21:52:18.832 18958 19079 D VrApi : setSchedFifoStatic tid:18971 pto:0
10-25 21:52:18.842 3970 17522 V VRManagerServer: (VRManagerService.java:401) yTqX [setThreadSchedFifo pkg=com.foo.ProductName pid=18958 tid=18971 prio=0]
10-25 21:52:18.842 3970 17522 V VRManagerServer: (VRManagerService.java:405) yTqX [setAffinity pid=18971 cpus=[4, 5, 6, 7]]
10-25 21:52:18.842 18958 19079 D VRManagerGearVR: VRManager set thread priority to 0
10-25 21:52:18.842 18958 19079 I VrApi_Clocks: SetSchedFifo( tid=18971, pri=0 ) succeeded
10-25 21:52:18.842 18958 18971 I TimeWarp: WarpSwap: usleep( 860 )
10-25 21:52:18.842 18958 19079 W TimeWarp: VSync 5013833: eye=1,late=6.6ms,over=0.0ms,CPU=0.4ms,GPU>=1.3
10-25 21:52:18.842 18958 19079 D VrApi : setSchedFifoStatic tid:18971 pto:1
10-25 21:52:18.852 3970 17298 V VRManagerServer: (VRManagerService.java:401) yTqX [setThreadSchedFifo pkg=com.foo.ProductName pid=18958 tid=18971 prio=1]
10-25 21:52:18.852 3970 17298 V VRManagerServer: (VRManagerService.java:405) yTqX [setAffinity pid=18971 cpus=[4, 5, 6, 7]]
10-25 21:52:18.852 18958 19079 D VRManagerGearVR: VRManager set thread priority to 1
10-25 21:52:18.852 18958 19079 I VrApi_Clocks: SetSchedFifo( tid=18971, pri=1 ) succeeded
10-25 21:52:18.852 18958 19079 D VrApi : setSchedFifoStatic tid:18971 pto:1
10-25 21:52:18.862 3970 3998 V VRManagerServer: (VRManagerService.java:401) yTqX [setThreadSchedFifo pkg=com.foo.ProductName pid=18958 tid=18971 prio=1]
10-25 21:52:18.862 3970 3998 V VRManagerServer: (VRManagerService.java:405) yTqX [setAffinity pid=18971 cpus=[4, 5, 6, 7]]
10-25 21:52:18.862 18958 19079 D VRManagerGearVR: VRManager set thread priority to 1
10-25 21:52:18.862 18958 19079 I VrApi_Clocks: SetSchedFifo( tid=18971, pri=1 ) succeeded
10-25 21:52:18.862 18958 19079 W TimeWarp: VSync 5013834: eye=1,late=10.5ms,over=0.0ms,CPU=0.4ms,GPU>=0.0
10-25 21:52:18.942 18958 19079 D VrApi : setSchedFifoStatic tid:18971 pto:0
10-25 21:52:18.952 3970 17522 V VRManagerServer: (VRManagerService.java:401) yTqX [setThreadSchedFifo pkg=com.foo.ProductName pid=18958 tid=18971 prio=0]
10-25 21:52:18.952 3970 17522 V VRManagerServer: (VRManagerService.java:405) yTqX [setAffinity pid=18971 cpus=[4, 5, 6, 7]]
10-25 21:52:18.952 18958 19079 D VRManagerGearVR: VRManager set thread priority to 0
10-25 21:52:18.952 18958 19079 I VrApi_Clocks: SetSchedFifo( tid=18971, pri=0 ) succeeded
10-25 21:52:18.952 18958 19079 D VrApi : setSchedFifoStatic tid:18971 pto:0
10-25 21:52:18.952 3970 3999 V VRManagerServer: (VRManagerService.java:401) yTqX [setThreadSchedFifo pkg=com.foo.ProductName pid=18958 tid=18971 prio=0]
10-25 21:52:18.952 3970 3999 V VRManagerServer: (VRManagerService.java:405) yTqX [setAffinity pid=18971 cpus=[4, 5, 6, 7]]
10-25 21:52:18.962 18958 19079 D VRManagerGearVR: VRManager set thread priority to 0
10-25 21:52:18.962 18958 19079 I VrApi_Clocks: SetSchedFifo( tid=18971, pri=0 ) succeeded
10-25 21:52:18.982 18958 19079 D VrApi : setSchedFifoStatic tid:18971 pto:1
10-25 21:52:18.982 3970 17298 V VRManagerServer: (VRManagerService.java:401) yTqX [setThreadSchedFifo pkg=com.foo.ProductName pid=18958 tid=18971 prio=1]
10-25 21:52:18.982 3970 17298 V VRManagerServer: (VRManagerService.java:405) yTqX [setAffinity pid=18971 cpus=[4, 5, 6, 7]]
10-25 21:52:18.982 18958 19079 D VRManagerGearVR: VRManager set thread priority to 1
10-25 21:52:18.982 18958 19079 I VrApi_Clocks: SetSchedFifo( tid=18971, pri=1 ) succeeded
10-25 21:52:18.982 18958 19079 D VrApi : setSchedFifoStatic tid:18971 pto:1
10-25 21:52:18.992 3970 3998 V VRManagerServer: (VRManagerService.java:401) yTqX [setThreadSchedFifo pkg=com.foo.ProductName pid=18958 tid=18971 prio=1]
10-25 21:52:18.992 3970 3998 V VRManagerServer: (VRManagerService.java:405) yTqX [setAffinity pid=18971 cpus=[4, 5, 6, 7]]
10-25 21:52:18.992 18958 19079 D VRManagerGearVR: VRManager set thread priority to 1
10-25 21:52:18.992 18958 19079 I VrApi_Clocks: SetSchedFifo( tid=18971, pri=1 ) succeeded
10-25 21:52:18.992 18958 19079 W TimeWarp: VSync 5013842: eye=1,late=7.1ms,over=0.0ms,CPU=0.5ms,GPU>=0.8
10-25 21:52:19.082 18958 19079 D VrApi : setSchedFifoStatic tid:18971 pto:0
10-25 21:52:19.082 3970 17522 V VRManagerServer: (VRManagerService.java:401) yTqX [setThreadSchedFifo pkg=com.foo.ProductName pid=18958 tid=18971 prio=0]
10-25 21:52:19.082 3970 17522 V VRManagerServer: (VRManagerService.java:405) yTqX [setAffinity pid=18971 cpus=[4, 5, 6, 7]]
10-25 21:52:19.082 18958 19079 D VRManagerGearVR: VRManager set thread priority to 0
10-25 21:52:19.082 18958 19079 I VrApi_Clocks: SetSchedFifo( tid=18971, pri=0 ) succeeded
10-25 21:52:19.082 18958 19079 D VrApi : setSchedFifoStatic tid:18971 pto:0
10-25 21:52:19.092 3970 17298 V VRManagerServer: (VRManagerService.java:401) yTqX [setThreadSchedFifo pkg=com.foo.ProductName pid=18958 tid=18971 prio=0]
10-25 21:52:19.092 3970 17298 V VRManagerServer: (VRManagerService.java:405) yTqX [setAffinity pid=18971 cpus=[4, 5, 6, 7]]
10-25 21:52:19.092 18958 19079 D VRManagerGearVR: VRManager set thread priority to 0
10-25 21:52:19.092 18958 19079 I VrApi_Clocks: SetSchedFifo( tid=18971, pri=0 ) succeeded
10-25 21:52:19.092 18958 19079 W TimeWarp: VSync 5013848: eye=1,late=6.3ms,over=0.0ms,CPU=0.4ms,GPU>=1.6
10-25 21:52:19.112 18958 19079 W TimeWarp: VSync 5013849: eye=1,late=0.0ms,over=0.1ms,CPU=0.4ms,GPU>=7.9
10-25 21:52:19.112 18958 19079 D VrApi : setSchedFifoStatic tid:18971 pto:1
10-25 21:52:19.112 3970 3999 V VRManagerServer: (VRManagerService.java:401) yTqX [setThreadSchedFifo pkg=com.foo.ProductName pid=18958 tid=18971 prio=1]
10-25 21:52:19.112 3970 3999 V VRManagerServer: (VRManagerService.java:405) yTqX [setAffinity pid=18971 cpus=[4, 5, 6, 7]]
10-25 21:52:19.122 18958 19079 D VRManagerGearVR: VRManager set thread priority to 1
10-25 21:52:19.122 18958 19079 I VrApi_Clocks: SetSchedFifo( tid=18971, pri=1 ) succeeded
10-25 21:52:19.122 18958 19079 D VrApi : setSchedFifoStatic tid:18971 pto:1
10-25 21:52:19.122 3970 3998 V VRManagerServer: (VRManagerService.java:401) yTqX [setThreadSchedFifo pkg=com.foo.ProductName pid=18958 tid=18971 prio=1]
10-25 21:52:19.122 3970 3998 V VRManagerServer: (VRManagerService.java:405) yTqX [setAffinity pid=18971 cpus=[4, 5, 6, 7]]
10-25 21:52:19.122 18958 19079 D VRManagerGearVR: VRManager set thread priority to 1
10-25 21:52:19.122 18958 19079 I VrApi_Clocks: SetSchedFifo( tid=18971, pri=1 ) succeeded
10-25 21:52:19.132 18958 19079 W TimeWarp: VSync 5013850: eye=1,late=7.3ms,over=0.0ms,CPU=0.4ms,GPU>=0.6
10-25 21:52:19.212 18958 19079 D VrApi : setSchedFifoStatic tid:18971 pto:0
10-25 21:52:19.212 3970 17522 V VRManagerServer: (VRManagerService.java:401) yTqX [setThreadSchedFifo pkg=com.foo.ProductName pid=18958 tid=18971 prio=0]
10-25 21:52:19.212 3970 17522 V VRManagerServer: (VRManagerService.java:405) yTqX [setAffinity pid=18971 cpus=[4, 5, 6, 7]]
10-25 21:52:19.212 18958 19079 D VRManagerGearVR: VRManager set thread priority to 0
10-25 21:52:19.212 18958 19079 I VrApi_Clocks: SetSchedFifo( tid=18971, pri=0 ) succeeded
10-25 21:52:19.212 18958 19079 D VrApi : setSchedFifoStatic tid:18971 pto:0
10-25 21:52:19.222 3970 17298 V VRManagerServer: (VRManagerService.java:401) yTqX [setThreadSchedFifo pkg=com.foo.ProductName pid=18958 tid=18971 prio=0]
10-25 21:52:19.222 3970 17298 V VRManagerServer: (VRManagerService.java:405) yTqX [setAffinity pid=18971 cpus=[4, 5, 6, 7]]
10-25 21:52:19.222 18958 19079 D VRManagerGearVR: VRManager set thread priority to 0
10-25 21:52:19.222 18958 19079 I VrApi_Clocks: SetSchedFifo( tid=18971, pri=0 ) succeeded
10-25 21:52:19.242 18958 19079 D VrApi : setSchedFifoStatic tid:18971 pto:1
10-25 21:52:19.252 3970 3999 V VRManagerServer: (VRManagerService.java:401) yTqX [setThreadSchedFifo pkg=com.foo.ProductName pid=18958 tid=18971 prio=1]
10-25 21:52:19.252 3970 3999 V VRManagerServer: (VRManagerService.java:405) yTqX [setAffinity pid=18971 cpus=[4, 5, 6, 7]]
10-25 21:52:19.252 18958 19079 D VRManagerGearVR: VRManager set thread priority to 1
10-25 21:52:19.252 18958 19079 I VrApi_Clocks: SetSchedFifo( tid=18971, pri=1 ) succeeded
10-25 21:52:19.252 18958 19079 D VrApi : setSchedFifoStatic tid:18971 pto:1
10-25 21:52:19.252 3970 17522 V VRManagerServer: (VRManagerService.java:401) yTqX [setThreadSchedFifo pkg=com.foo.ProductName pid=18958 tid=18971 prio=1]
10-25 21:52:19.252 3970 17522 V VRManagerServer: (VRManagerService.java:405) yTqX [setAffinity pid=18971 cpus=[4, 5, 6, 7]]
10-25 21:52:19.262 18958 19079 D VRManagerGearVR: VRManager set thread priority to 1
10-25 21:52:19.262 18958 19079 I VrApi_Clocks: SetSchedFifo( tid=18971, pri=1 ) succeeded
10-25 21:52:19.262 18958 19079 W TimeWarp: VSync 5013858: eye=1,late=7.9ms,over=0.0ms,CPU=0.5ms,GPU>=0.0
10-25 21:52:19.342 18958 19079 D VrApi : setSchedFifoStatic tid:18971 pto:0
10-25 21:52:19.342 3970 3998 V VRManagerServer: (VRManagerService.java:401) yTqX [setThreadSchedFifo pkg=com.foo.ProductName pid=18958 tid=18971 prio=0]
10-25 21:52:19.352 3970 3998 V VRManagerServer: (VRManagerService.java:405) yTqX [setAffinity pid=18971 cpus=[4, 5, 6, 7]]
10-25 21:52:19.352 18958 19079 D VRManagerGearVR: VRManager set thread priority to 0
10-25 21:52:19.352 18958 19079 I VrApi_Clocks: SetSchedFifo( tid=18971, pri=0 ) succeeded
10-25 21:52:19.352 18958 19079 D VrApi : setSchedFifoStatic tid:18971 pto:0
10-25 21:52:19.352 3970 17298 V VRManagerServer: (VRManagerService.java:401) yTqX [setThreadSchedFifo pkg=com.foo.ProductName pid=18958 tid=18971 prio=0]
10-25 21:52:19.352 3970 17298 V VRManagerServer: (VRManagerService.java:405) yTqX [setAffinity pid=18971 cpus=[4, 5, 6, 7]]
10-25 21:52:19.362 18958 19079 D VRManagerGearVR: VRManager set thread priority to 0
10-25 21:52:19.362 18958 19079 I VrApi_Clocks: SetSchedFifo( tid=18971, pri=0 ) succeeded
10-25 21:52:19.362 18958 19079 W TimeWarp: VSync 5013864: eye=1,late=7.5ms,over=0.0ms,CPU=0.4ms,GPU>=0.4
10-25 21:52:19.412 18958 19079 D VrApi : setSchedFifoStatic tid:18971 pto:1
10-25 21:52:19.412 3970 3999 V VRManagerServer: (VRManagerService.java:401) yTqX [setThreadSchedFifo pkg=com.foo.ProductName pid=18958 tid=18971 prio=1]
10-25 21:52:19.412 3970 3999 V VRManagerServer: (VRManagerService.java:405) yTqX [setAffinity pid=18971 cpus=[4, 5, 6, 7]]
10-25 21:52:19.422 18958 19079 D VRManagerGearVR: VRManager set thread priority to 1
10-25 21:52:19.422 18958 19079 I VrApi_Clocks: SetSchedFifo( tid=18971, pri=1 ) succeeded
10-25 21:52:19.422 18958 19079 D VrApi : setSchedFifoStatic tid:18971 pto:1
10-25 21:52:19.422 3970 17522 V VRManagerServer: (VRManagerService.java:401) yTqX [setThreadSchedFifo pkg=com.foo.ProductName pid=18958 tid=18971 prio=1]
10-25 21:52:19.422 3970 17522 V VRManagerServer: (VRManagerService.java:405) yTqX [setAffinity pid=18971 cpus=[4, 5, 6, 7]]
10-25 21:52:19.422 18958 19079 D VRManagerGearVR: VRManager set thread priority to 1
10-25 21:52:19.422 18958 19079 I VrApi_Clocks: SetSchedFifo( tid=18971, pri=1 ) succeeded
10-25 21:52:19.422 18958 19079 W TimeWarp: VSync 5013868: eye=1,late=7.4ms,over=0.0ms,CPU=0.4ms,GPU>=0.5
10-25 21:52:19.442 18958 19046 I OVR : DeviceManagerThread - event 43 (500Hz) (Tid=19046)
10-25 21:52:19.512 18958 19079 D VrApi : setSchedFifoStatic tid:18971 pto:0
10-25 21:52:19.512 3970 3998 V VRManagerServer: (VRManagerService.java:401) yTqX [setThreadSchedFifo pkg=com.foo.ProductName pid=18958 tid=18971 prio=0]
10-25 21:52:19.512 3970 3998 V VRManagerServer: (VRManagerService.java:405) yTqX [setAffinity pid=18971 cpus=[4, 5, 6, 7]]
10-25 21:52:19.512 18958 19079 D VRManagerGearVR: VRManager set thread priority to 0
10-25 21:52:19.512 18958 19079 I VrApi_Clocks: SetSchedFifo( tid=18971, pri=0 ) succeeded
10-25 21:52:19.512 18958 19079 D VrApi : setSchedFifoStatic tid:18971 pto:0
10-25 21:52:19.522 3970 17298 V VRManagerServer: (VRManagerService.java:401) yTqX [setThreadSchedFifo pkg=com.foo.ProductName pid=18958 tid=18971 prio=0]
10-25 21:52:19.522 3970 17298 V VRManagerServer: (VRManagerService.java:405) yTqX [setAffinity pid=18971 cpus=[4, 5, 6, 7]]
10-25 21:52:19.522 18958 19079 D VRManagerGearVR: VRManager set thread priority to 0
10-25 21:52:19.522 18958 19079 I VrApi_Clocks: SetSchedFifo( tid=18971, pri=0 ) succeeded
10-25 21:52:19.522 18958 19079 W TimeWarp: VSync 5013874: eye=1,late=7.3ms,over=0.0ms,CPU=0.4ms,GPU>=0.6
10-25 21:52:19.572 18958 19079 W TimeWarp: VSync 5013877: eye=1,late=0.0ms,over=0.0ms,CPU=0.4ms,GPU>=8.1
10-25 21:52:19.572 18958 19079 D VrApi : setSchedFifoStatic tid:18971 pto:1
10-25 21:52:19.582 3970 3999 V VRManagerServer: (VRManagerService.java:401) yTqX [setThreadSchedFifo pkg=com.foo.ProductName pid=18958 tid=18971 prio=1]
10-25 21:52:19.582 3970 3999 V VRManagerServer: (VRManagerService.java:405) yTqX [setAffinity pid=18971 cpus=[4, 5, 6, 7]]
10-25 21:52:19.582 18958 19079 D VRManagerGearVR: VRManager set thread priority to 1
10-25 21:52:19.582 18958 19079 I VrApi_Clocks: SetSchedFifo( tid=18971, pri=1 ) succeeded
10-25 21:52:19.582 18958 19079 D VrApi : setSchedFifoStatic tid:18971 pto:1
10-25 21:52:19.592 3970 17522 V VRManagerServer: (VRManagerService.java:401) yTqX [setThreadSchedFifo pkg=com.foo.ProductName pid=18958 tid=18971 prio=1]
10-25 21:52:19.592 3970 17522 V VRManagerServer: (VRManagerService.java:405) yTqX [setAffinity pid=18971 cpus=[4, 5, 6, 7]]
10-25 21:52:19.592 18958 19079 D VRManagerGearVR: VRManager set thread priority to 1
10-25 21:52:19.592 18958 19079 I VrApi_Clocks: SetSchedFifo( tid=18971, pri=1 ) succeeded
10-25 21:52:19.592 18958 19079 W TimeWarp: VSync 5013878: eye=1,late=10.1ms,over=0.0ms,CPU=0.4ms,GPU>=0.0
10-25 21:52:19.622 18958 19098 I VrApi : FPS=13,Prd=49ms,Tear=6,Early=0,Stale=56,VSnc=1,Lat=1,CPU4/GPU=2/2,1000/420MHz,OC=FF,TA=F0/F0/F0/F0,SP=F/F/F/F,Mem=1026MHz,Free=1365MB,PSM=0,PLS=0,Temp=26.3C/27.5C
10-25 21:52:19.672 18958 19079 D VrApi : setSchedFifoStatic tid:18971 pto:0
10-25 21:52:19.682 3970 3999 V VRManagerServer: (VRManagerService.java:401) yTqX [setThreadSchedFifo pkg=com.foo.ProductName pid=18958 tid=18971 prio=0]
10-25 21:52:19.682 3970 3999 V VRManagerServer: (VRManagerService.java:405) yTqX [setAffinity pid=18971 cpus=[4, 5, 6, 7]]
10-25 21:52:19.682 18958 19079 D VRManagerGearVR: VRManager set thread priority to 0
10-25 21:52:19.682 18958 19079 I VrApi_Clocks: SetSchedFifo( tid=18971, pri=0 ) succeeded
10-25 21:52:19.682 18958 19079 D VrApi : setSchedFifoStatic tid:18971 pto:0
10-25 21:52:19.682 3970 17522 V VRManagerServer: (VRManagerService.java:401) yTqX [setThreadSchedFifo pkg=com.foo.ProductName pid=18958 tid=18971 prio=0]
10-25 21:52:19.682 3970 17522 V VRManagerServer: (VRManagerService.java:405) yTqX [setAffinity pid=18971 cpus=[4, 5, 6, 7]]
10-25 21:52:19.682 18958 19079 D VRManagerGearVR: VRManager set thread priority to 0
10-25 21:52:19.692 18958 19079 I VrApi_Clocks: SetSchedFifo( tid=18971, pri=0 ) succeeded
10-25 21:52:19.692 18958 19079 D VrApi : setSchedFifoStatic tid:18971 pto:1
10-25 21:52:19.692 3970 17298 V VRManagerServer: (VRManagerService.java:401) yTqX [setThreadSchedFifo pkg=com.foo.ProductName pid=18958 tid=18971 prio=1]
10-25 21:52:19.692 3970 17298 V VRManagerServer: (VRManagerService.java:405) yTqX [setAffinity pid=18971 cpus=[4, 5, 6, 7]]
10-25 21:52:19.702 18958 19079 D VRManagerGearVR: VRManager set thread priority to 1
10-25 21:52:19.702 18958 19079 I VrApi_Clocks: SetSchedFifo( tid=18971, pri=1 ) succeeded
10-25 21:52:19.702 18958 19079 D VrApi : setSchedFifoStatic tid:18971 pto:1
10-25 21:52:19.702 3970 3998 V VRManagerServer: (VRManagerService.java:401) yTqX [setThreadSchedFifo pkg=com.foo.ProductName pid=18958 tid=18971 prio=1]
10-25 21:52:19.702 3970 3998 V VRManagerServer: (VRManagerService.java:405) yTqX [setAffinity pid=18971 cpus=[4, 5, 6, 7]]
10-25 21:52:19.702 18958 19079 D VRManagerGearVR: VRManager set thread priority to 1
10-25 21:52:19.702 18958 19079 I VrApi_Clocks: SetSchedFifo( tid=18971, pri=1 ) succeeded
10-25 21:52:19.792 18958 19079 D VrApi : setSchedFifoStatic tid:18971 pto:0
10-25 21:52:19.792 3970 17522 V VRManagerServer: (VRManagerService.java:401) yTqX [setThreadSchedFifo pkg=com.foo.ProductName pid=18958 tid=18971 prio=0]
10-25 21:52:19.792 3970 17522 V VRManagerServer: (VRManagerService.java:405) yTqX [setAffinity pid=18971 cpus=[4, 5, 6, 7]]
10-25 21:52:19.802 18958 19079 D VRManagerGearVR: VRManager set thread priority to 0
10-25 21:52:19.802 18958 19079 I VrApi_Clocks: SetSchedFifo( tid=18971, pri=0 ) succeeded
10-25 21:52:19.802 18958 19079 D VrApi : setSchedFifoStatic tid:18971 pto:0
10-25 21:52:19.802 3970 17298 V VRManagerServer: (VRManagerService.java:401) yTqX [setThreadSchedFifo pkg=com.foo.ProductName pid=18958 tid=18971 prio=0]
10-25 21:52:19.802 3970 17298 V VRManagerServer: (VRManagerService.java:405) yTqX [setAffinity pid=18971 cpus=[4, 5, 6, 7]]
10-25 21:52:19.812 18958 19079 D VRManagerGearVR: VRManager set thread priority to 0
10-25 21:52:19.812 18958 19079 I VrApi_Clocks: SetSchedFifo( tid=18971, pri=0 ) succeeded
10-25 21:52:19.812 18958 19079 W TimeWarp: VSync 5013891: eye=1,late=9.4ms,over=0.0ms,CPU=0.4ms,GPU>=0.0
10-25 21:52:19.812 18958 19079 D VrApi : setSchedFifoStatic tid:18971 pto:1
10-25 21:52:19.812 3970 3999 V VRManagerServer: (VRManagerService.java:401) yTqX [setThreadSchedFifo pkg=com.foo.ProductName pid=18958 tid=18971 prio=1]
10-25 21:52:19.812 3970 3999 V VRManagerServer: (VRManagerService.java:405) yTqX [setAffinity pid=18971 cpus=[4, 5, 6, 7]]
10-25 21:52:19.822 18958 19079 D VRManagerGearVR: VRManager set thread priority to 1
10-25 21:52:19.822 18958 19079 I VrApi_Clocks: SetSchedFifo( tid=18971, pri=1 ) succeeded
10-25 21:52:19.822 18958 19079 D VrApi : setSchedFifoStatic tid:18971 pto:1
10-25 21:52:19.822 3970 3998 V VRManagerServer: (VRManagerService.java:401) yTqX [setThreadSchedFifo pkg=com.foo.ProductName pid=18958 tid=18971 prio=1]
10-25 21:52:19.822 3970 3998 V VRManagerServer: (VRManagerService.java:405) yTqX [setAffinity pid=18971 cpus=[4, 5, 6, 7]]
10-25 21:52:19.822 18958 19079 D VRManagerGearVR: VRManager set thread priority to 1
10-25 21:52:19.822 18958 19079 I VrApi_Clocks: SetSchedFifo( tid=18971, pri=1 ) succeeded
10-25 21:52:19.822 18958 19079 W TimeWarp: VSync 5013892: eye=1,late=7.2ms,over=0.0ms,CPU=0.5ms,GPU>=0.6
10-25 21:52:19.912 18958 19079 D VrApi : setSchedFifoStatic tid:18971 pto:0
10-25 21:52:19.912 3970 17522 V VRManagerServer: (VRManagerService.java:401) yTqX [setThreadSchedFifo pkg=com.foo.ProductName pid=18958 tid=18971 prio=0]
10-25 21:52:19.912 3970 17522 V VRManagerServer: (VRManagerService.java:405) yTqX [setAffinity pid=18971 cpus=[4, 5, 6, 7]]
10-25 21:52:19.912 18958 19079 D VRManagerGearVR: VRManager set thread priority to 0
10-25 21:52:19.912 18958 19079 I VrApi_Clocks: SetSchedFifo( tid=18971, pri=0 ) succeeded
10-25 21:52:19.912 18958 19079 D VrApi : setSchedFifoStatic tid:18971 pto:0
10-25 21:52:19.922 3970 17298 V VRManagerServer: (VRManagerService.java:401) yTqX [setThreadSchedFifo pkg=com.foo.ProductName pid=18958 tid=18971 prio=0]
10-25 21:52:19.922 3970 17298 V VRManagerServer: (VRManagerService.java:405) yTqX [setAffinity pid=18971 cpus=[4, 5, 6, 7]]
10-25 21:52:19.922 18958 19079 D VRManagerGearVR: VRManager set thread priority to 0
10-25 21:52:19.922 18958 19079 I VrApi_Clocks: SetSchedFifo( tid=18971, pri=0 ) succeeded
10-25 21:52:19.922 18958 19079 W TimeWarp: VSync 5013898: eye=1,late=6.4ms,over=0.0ms,CPU=0.4ms,GPU>=1.5
10-25 21:52:19.942 18958 19079 D VrApi : setSchedFifoStatic tid:18971 pto:1
10-25 21:52:19.942 3970 3999 V VRManagerServer: (VRManagerService.java:401) yTqX [setThreadSchedFifo pkg=com.foo.ProductName pid=18958 tid=18971 prio=1]
10-25 21:52:19.942 3970 3999 V VRManagerServer: (VRManagerService.java:405) yTqX [setAffinity pid=18971 cpus=[4, 5, 6, 7]]
10-25 21:52:19.942 18958 19079 D VRManagerGearVR: VRManager set thread priority to 1
10-25 21:52:19.942 18958 19079 I VrApi_Clocks: SetSchedFifo( tid=18971, pri=1 ) succeeded
10-25 21:52:19.942 18958 19079 D VrApi : setSchedFifoStatic tid:18971 pto:1
10-25 21:52:19.952 3970 3998 V VRManagerServer: (VRManagerService.java:401) yTqX [setThreadSchedFifo pkg=com.foo.ProductName pid=18958 tid=18971 prio=1]
10-25 21:52:19.952 3970 3998 V VRManagerServer: (VRManagerService.java:405) yTqX [setAffinity pid=18971 cpus=[4, 5, 6, 7]]
10-25 21:52:19.952 18958 19079 D VRManagerGearVR: VRManager set thread priority to 1
10-25 21:52:19.952 18958 19079 I VrApi_Clocks: SetSchedFifo( tid=18971, pri=1 ) succeeded
10-25 21:52:20.142 18958 19079 D VrApi : setSchedFifoStatic tid:18971 pto:0
10-25 21:52:20.142 3970 17522 V VRManagerServer: (VRManagerService.java:401) yTqX [setThreadSchedFifo pkg=com.foo.ProductName pid=18958 tid=18971 prio=0]
10-25 21:52:20.142 3970 17522 V VRManagerServer: (VRManagerService.java:405) yTqX [setAffinity pid=18971 cpus=[4, 5, 6, 7]]
10-25 21:52:20.152 18958 19079 D VRManagerGearVR: VRManager set thread priority to 0
10-25 21:52:20.152 18958 19079 I VrApi_Clocks: SetSchedFifo( tid=18971, pri=0 ) succeeded
10-25 21:52:20.152 18958 19079 D VrApi : setSchedFifoStatic tid:18971 pto:0
10-25 21:52:20.152 3970 17298 V VRManagerServer: (VRManagerService.java:401) yTqX [setThreadSchedFifo pkg=com.foo.ProductName pid=18958 tid=18971 prio=0]
10-25 21:52:20.152 3970 17298 V VRManagerServer: (VRManagerService.java:405) yTqX [setAffinity pid=18971 cpus=[4, 5, 6, 7]]
10-25 21:52:20.162 18958 19079 D VRManagerGearVR: VRManager set thread priority to 0
10-25 21:52:20.162 18958 19079 I VrApi_Clocks: SetSchedFifo( tid=18971, pri=0 ) succeeded
10-25 21:52:20.162 18958 18971 I TimeWarp: WarpSwap: usleep( 340 )
10-25 21:52:20.162 18958 19079 W TimeWarp: VSync 5013912: eye=1,late=10.9ms,over=0.0ms,CPU=0.4ms,GPU>=0.0
10-25 21:52:20.162 18958 19079 D VrApi : setSchedFifoStatic tid:18971 pto:1
10-25 21:52:20.162 3970 3999 V VRManagerServer: (VRManagerService.java:401) yTqX [setThreadSchedFifo pkg=com.foo.ProductName pid=18958 tid=18971 prio=1]
10-25 21:52:20.162 3970 3999 V VRManagerServer: (VRManagerService.java:405) yTqX [setAffinity pid=18971 cpus=[4, 5, 6, 7]]
10-25 21:52:20.162 18958 19079 D VRManagerGearVR: VRManager set thread priority to 1
10-25 21:52:20.162 18958 19079 I VrApi_Clocks: SetSchedFifo( tid=18971, pri=1 ) succeeded
10-25 21:52:20.172 18958 19079 D VrApi : setSchedFifoStatic tid:18971 pto:1
10-25 21:52:20.172 3970 3998 V VRManagerServer: (VRManagerService.java:401) yTqX [setThreadSchedFifo pkg=com.foo.ProductName pid=18958 tid=18971 prio=1]
10-25 21:52:20.172 3970 3998 V VRManagerServer: (VRManagerService.java:405) yTqX [setAffinity pid=18971 cpus=[4, 5, 6, 7]]
10-25 21:52:20.172 18958 19079 D VRManagerGearVR: VRManager set thread priority to 1
10-25 21:52:20.172 18958 19079 I VrApi_Clocks: SetSchedFifo( tid=18971, pri=1 ) succeeded
10-25 21:52:20.172 18958 19079 W TimeWarp: VSync 5013913: eye=1,late=11.1ms,over=0.0ms,CPU=0.4ms,GPU>=0.0
10-25 21:52:20.242 18958 19079 W TimeWarp: VSync 5013917: eye=1,late=0.0ms,over=0.1ms,CPU=0.4ms,GPU>=7.9
10-25 21:52:20.372 18958 19079 D VrApi : setSchedFifoStatic tid:18971 pto:0
10-25 21:52:20.372 3970 17298 V VRManagerServer: (VRManagerService.java:401) yTqX [setThreadSchedFifo pkg=com.foo.ProductName pid=18958 tid=18971 prio=0]
10-25 21:52:20.372 3970 17298 V VRManagerServer: (VRManagerService.java:405) yTqX [setAffinity pid=18971 cpus=[4, 5, 6, 7]]
10-25 21:52:20.382 18958 19079 D VRManagerGearVR: VRManager set thread priority to 0
10-25 21:52:20.382 18958 19079 I VrApi_Clocks: SetSchedFifo( tid=18971, pri=0 ) succeeded
10-25 21:52:20.382 18958 19079 D VrApi : setSchedFifoStatic tid:18971 pto:0
10-25 21:52:20.382 3970 17522 V VRManagerServer: (VRManagerService.java:401) yTqX [setThreadSchedFifo pkg=com.foo.ProductName pid=18958 tid=18971 prio=0]
10-25 21:52:20.382 3970 17522 V VRManagerServer: (VRManagerService.java:405) yTqX [setAffinity pid=18971 cpus=[4, 5, 6, 7]]
10-25 21:52:20.382 18958 19079 D VRManagerGearVR: VRManager set thread priority to 0
10-25 21:52:20.382 18958 19079 I VrApi_Clocks: SetSchedFifo( tid=18971, pri=0 ) succeeded
10-25 21:52:20.392 18958 19079 W TimeWarp: VSync 5013926: eye=1,late=6.8ms,over=0.0ms,CPU=0.4ms,GPU>=1.1
10-25 21:52:20.402 18958 19079 D VrApi : setSchedFifoStatic tid:18971 pto:1
10-25 21:52:20.412 3970 3999 V VRManagerServer: (VRManagerService.java:401) yTqX [setThreadSchedFifo pkg=com.foo.ProductName pid=18958 tid=18971 prio=1]
10-25 21:52:20.412 3970 3999 V VRManagerServer: (VRManagerService.java:405) yTqX [setAffinity pid=18971 cpus=[4, 5, 6, 7]]
10-25 21:52:20.412 18958 19079 D VRManagerGearVR: VRManager set thread priority to 1
10-25 21:52:20.412 18958 19079 I VrApi_Clocks: SetSchedFifo( tid=18971, pri=1 ) succeeded
10-25 21:52:20.412 18958 19079 D VrApi : setSchedFifoStatic tid:18971 pto:1
10-25 21:52:20.412 3970 3998 V VRManagerServer: (VRManagerService.java:401) yTqX [setThreadSchedFifo pkg=com.foo.ProductName pid=18958 tid=18971 prio=1]
10-25 21:52:20.412 3970 3998 V VRManagerServer: (VRManagerService.java:405) yTqX [setAffinity pid=18971 cpus=[4, 5, 6, 7]]
10-25 21:52:20.422 18958 19079 D VRManagerGearVR: VRManager set thread priority to 1
10-25 21:52:20.422 18958 19079 I VrApi_Clocks: SetSchedFifo( tid=18971, pri=1 ) succeeded
10-25 21:52:20.422 18958 19079 W TimeWarp: VSync 5013928: eye=1,late=8.1ms,over=0.0ms,CPU=0.4ms,GPU>=0.0
10-25 21:52:20.442 18958 19046 I OVR : DeviceManagerThread - event 43 (500Hz) (Tid=19046)
10-25 21:52:20.472 18958 19079 W TimeWarp: VSync 5013931: eye=1,late=0.0ms,over=0.0ms,CPU=0.3ms,GPU>=8.1
10-25 21:52:20.502 18958 19079 D VrApi : setSchedFifoStatic tid:18971 pto:0
10-25 21:52:20.512 3970 17298 V VRManagerServer: (VRManagerService.java:401) yTqX [setThreadSchedFifo pkg=com.foo.ProductName pid=18958 tid=18971 prio=0]
10-25 21:52:20.512 3970 17298 V VRManagerServer: (VRManagerService.java:405) yTqX [setAffinity pid=18971 cpus=[4, 5, 6, 7]]
10-25 21:52:20.512 18958 19079 D VRManagerGearVR: VRManager set thread priority to 0
10-25 21:52:20.512 18958 19079 I VrApi_Clocks: SetSchedFifo( tid=18971, pri=0 ) succeeded
10-25 21:52:20.512 18958 19079 D VrApi : setSchedFifoStatic tid:18971 pto:0
10-25 21:52:20.512 3970 17522 V VRManagerServer: (VRManagerService.java:401) yTqX [setThreadSchedFifo pkg=com.foo.ProductName pid=18958 tid=18971 prio=0]
10-25 21:52:20.522 3970 17522 V VRManagerServer: (VRManagerService.java:405) yTqX [setAffinity pid=18971 cpus=[4, 5, 6, 7]]
10-25 21:52:20.522 18958 19079 D VRManagerGearVR: VRManager set thread priority to 0
10-25 21:52:20.522 18958 19079 I VrApi_Clocks: SetSchedFifo( tid=18971, pri=0 ) succeeded
10-25 21:52:20.522 18958 19079 W TimeWarp: VSync 5013934: eye=1,late=9.8ms,over=0.0ms,CPU=0.5ms,GPU>=0.0
10-25 21:52:20.572 18958 19079 D VrApi : setSchedFifoStatic tid:18971 pto:1
10-25 21:52:20.572 3970 3999 V VRManagerServer: (VRManagerService.java:401) yTqX [setThreadSchedFifo pkg=com.foo.ProductName pid=18958 tid=18971 prio=1]
10-25 21:52:20.572 3970 3999 V VRManagerServer: (VRManagerService.java:405) yTqX [setAffinity pid=18971 cpus=[4, 5, 6, 7]]
10-25 21:52:20.582 18958 19079 D VRManagerGearVR: VRManager set thread priority to 1
10-25 21:52:20.582 18958 19079 I VrApi_Clocks: SetSchedFifo( tid=18971, pri=1 ) succeeded
10-25 21:52:20.582 18958 19079 D VrApi : setSchedFifoStatic tid:18971 pto:1
10-25 21:52:20.582 3970 3998 V VRManagerServer: (VRManagerService.java:401) yTqX [setThreadSchedFifo pkg=com.foo.ProductName pid=18958 tid=18971 prio=1]
10-25 21:52:20.582 3970 3998 V VRManagerServer: (VRManagerService.java:405) yTqX [setAffinity pid=18971 cpus=[4, 5, 6, 7]]
10-25 21:52:20.582 18958 19079 D VRManagerGearVR: VRManager set thread priority to 1
10-25 21:52:20.582 18958 19079 I VrApi_Clocks: SetSchedFifo( tid=18971, pri=1 ) succeeded
10-25 21:52:20.582 18958 19079 W TimeWarp: VSync 5013938: eye=1,late=6.8ms,over=0.0ms,CPU=0.4ms,GPU>=1.1
10-25 21:52:20.622 18958 19098 I VrApi : FPS=14,Prd=50ms,Tear=5,Early=0,Stale=63,VSnc=1,Lat=1,CPU4/GPU=2/2,1000/420MHz,OC=FF,TA=F0/F0/F0/F0,SP=F/F/F/F,Mem=1026MHz,Free=1367MB,PSM=0,PLS=0,Temp=26.3C/27.5C
10-25 21:52:20.672 18958 19079 D VrApi : setSchedFifoStatic tid:18971 pto:0
10-25 21:52:20.672 3970 3998 V VRManagerServer: (VRManagerService.java:401) yTqX [setThreadSchedFifo pkg=com.foo.ProductName pid=18958 tid=18971 prio=0]
10-25 21:52:20.672 3970 3998 V VRManagerServer: (VRManagerService.java:405) yTqX [setAffinity pid=18971 cpus=[4, 5, 6, 7]]
10-25 21:52:20.682 18958 19079 D VRManagerGearVR: VRManager set thread priority to 0
10-25 21:52:20.682 18958 19079 I VrApi_Clocks: SetSchedFifo( tid=18971, pri=0 ) succeeded
10-25 21:52:20.682 18958 19079 D VrApi : setSchedFifoStatic tid:18971 pto:0
10-25 21:52:20.682 3970 3999 V VRManagerServer: (VRManagerService.java:401) yTqX [setThreadSchedFifo pkg=com.foo.ProductName pid=18958 tid=18971 prio=0]
10-25 21:52:20.682 3970 3999 V VRManagerServer: (VRManagerService.java:405) yTqX [setAffinity pid=18971 cpus=[4, 5, 6, 7]]
10-25 21:52:20.682 18958 19079 D VRManagerGearVR: VRManager set thread priority to 0
10-25 21:52:20.682 18958 19079 I VrApi_Clocks: SetSchedFifo( tid=18971, pri=0 ) succeeded
10-25 21:52:20.682 18958 19079 W TimeWarp: VSync 5013944: eye=1,late=7.1ms,over=0.0ms,CPU=0.4ms,GPU>=0.8
10-25 21:52:20.702 18958 19079 W TimeWarp: VSync 5013945: eye=1,late=0.0ms,over=0.1ms,CPU=0.4ms,GPU>=8.0
10-25 21:52:20.702 18958 19079 D VrApi : setSchedFifoStatic tid:18971 pto:1
10-25 21:52:20.712 3970 17298 V VRManagerServer: (VRManagerService.java:401) yTqX [setThreadSchedFifo pkg=com.foo.ProductName pid=18958 tid=18971 prio=1]
10-25 21:52:20.712 3970 17298 V VRManagerServer: (VRManagerService.java:405) yTqX [setAffinity pid=18971 cpus=[4, 5, 6, 7]]
10-25 21:52:20.712 18958 19079 D VRManagerGearVR: VRManager set thread priority to 1
10-25 21:52:20.712 18958 19079 I VrApi_Clocks: SetSchedFifo( tid=18971, pri=1 ) succeeded
10-25 21:52:20.712 18958 19079 D VrApi : setSchedFifoStatic tid:18971 pto:1
10-25 21:52:20.712 3970 17522 V VRManagerServer: (VRManagerService.java:401) yTqX [setThreadSchedFifo pkg=com.foo.ProductName pid=18958 tid=18971 prio=1]
10-25 21:52:20.712 3970 17522 V VRManagerServer: (VRManagerService.java:405) yTqX [setAffinity pid=18971 cpus=[4, 5, 6, 7]]
10-25 21:52:20.722 18958 19079 D VRManagerGearVR: VRManager set thread priority to 1
10-25 21:52:20.722 18958 19079 I VrApi_Clocks: SetSchedFifo( tid=18971, pri=1 ) succeeded
10-25 21:52:20.722 18958 19079 W TimeWarp: VSync 5013946: eye=1,late=7.1ms,over=0.0ms,CPU=0.4ms,GPU>=0.8
10-25 21:52:20.722 3135 3181 D Sensorhubs: readContextData: 1, 1, 26, 1, 1, 11, -95, 39, 4, 1
10-25 21:52:20.722 3520 4008 D SensorHubManager: onGetSensorHubDataLocked: library(10) = 1, 1, 26, 1, 1, 11, -95, 39, 4, 1
10-25 21:52:20.722 3520 4007 D CAE : onGetSensorHubData(SensorHubParserProvider.java:92) - onGetSensorHubData Event [event buffer len :10], AP_WAKEUP
10-25 21:52:20.722 3520 4007 I CAE : parse(SensorHubParserProvider.java:188) - buffer size = 10
10-25 21:52:20.722 3520 4007 I CAE : parse(SensorHubParserProvider.java:199) - 1, 1, 26, 1, 1, 11, -95, 39, 4, 1,
10-25 21:52:20.722 3520 4007 D CAE : display(ContextProvider.java:375) - ================= ACTIVITY_TRACKER =================
10-25 21:52:20.722 3520 4007 I CAE : display(ContextProvider.java:391) - Accuracy=[1], OperationMode=[0], ActivityType=[4], TimeStamp=[1477457539367]
10-25 21:52:20.722 3520 4010 D SContextService: updateSContext() : event = Activity Tracker
10-25 21:52:20.752 19034 19288 I System.out: (HTTPLog)-Static: isSBSettingEnabled false
10-25 21:52:20.752 19034 19288 I System.out: (HTTPLog)-Static: isSBSettingEnabled false
10-25 21:52:20.802 18958 19079 D VrApi : setSchedFifoStatic tid:18971 pto:0
10-25 21:52:20.802 3970 3998 V VRManagerServer: (VRManagerService.java:401) yTqX [setThreadSchedFifo pkg=com.foo.ProductName pid=18958 tid=18971 prio=0]
10-25 21:52:20.802 3970 3998 V VRManagerServer: (VRManagerService.java:405) yTqX [setAffinity pid=18971 cpus=[4, 5, 6, 7]]
10-25 21:52:20.812 18958 19079 D VRManagerGearVR: VRManager set thread priority to 0
10-25 21:52:20.812 18958 19079 I VrApi_Clocks: SetSchedFifo( tid=18971, pri=0 ) succeeded
10-25 21:52:20.812 18958 19079 D VrApi : setSchedFifoStatic tid:18971 pto:0
10-25 21:52:20.812 3970 3999 V VRManagerServer: (VRManagerService.java:401) yTqX [setThreadSchedFifo pkg=com.foo.ProductName pid=18958 tid=18971 prio=0]
10-25 21:52:20.812 3970 3999 V VRManagerServer: (VRManagerService.java:405) yTqX [setAffinity pid=18971 cpus=[4, 5, 6, 7]]
10-25 21:52:20.812 18958 19079 D VRManagerGearVR: VRManager set thread priority to 0
10-25 21:52:20.812 18958 19079 I VrApi_Clocks: SetSchedFifo( tid=18971, pri=0 ) succeeded
10-25 21:52:20.822 18958 19079 W TimeWarp: VSync 5013952: eye=1,late=6.3ms,over=0.0ms,CPU=0.5ms,GPU>=1.6
10-25 21:52:20.822 18958 19079 D VrApi : setSchedFifoStatic tid:18971 pto:1
10-25 21:52:20.822 3970 17298 V VRManagerServer: (VRManagerService.java:401) yTqX [setThreadSchedFifo pkg=com.foo.ProductName pid=18958 tid=18971 prio=1]
10-25 21:52:20.822 3970 17298 V VRManagerServer: (VRManagerService.java:405) yTqX [setAffinity pid=18971 cpus=[4, 5, 6, 7]]
10-25 21:52:20.822 18958 19079 D VRManagerGearVR: VRManager set thread priority to 1
10-25 21:52:20.822 18958 19079 I VrApi_Clocks: SetSchedFifo( tid=18971, pri=1 ) succeeded
10-25 21:52:20.822 18958 19079 D VrApi : setSchedFifoStatic tid:18971 pto:1
10-25 21:52:20.832 3970 17522 V VRManagerServer: (VRManagerService.java:401) yTqX [setThreadSchedFifo pkg=com.foo.ProductName pid=18958 tid=18971 prio=1]
10-25 21:52:20.832 3970 17522 V VRManagerServer: (VRManagerService.java:405) yTqX [setAffinity pid=18971 cpus=[4, 5, 6, 7]]
10-25 21:52:20.832 18958 19079 D VRManagerGearVR: VRManager set thread priority to 1
10-25 21:52:20.832 18958 19079 I VrApi_Clocks: SetSchedFifo( tid=18971, pri=1 ) succeeded
10-25 21:52:20.832 18958 19079 W TimeWarp: VSync 5013953: eye=1,late=6.2ms,over=0.0ms,CPU=0.4ms,GPU>=1.8
10-25 21:52:20.872 19034 19288 I WakeupUtil: Call Home wakeup for: DO_LOGGING
10-25 21:52:20.892 19289 19289 E Zygote : v2
10-25 21:52:20.892 19289 19289 I SELinux : Function: selinux_compare_spd_ram, index[1], SPD-policy is existed. and_ver=SEPF_SECMOBILE_6.0.1 ver=11
10-25 21:52:20.892 19289 19289 W SELinux : Function: selinux_compare_spd_ram, index[1], priority [2], priority version is VE=SEPF_SECMOBILE_6.0.1_0013
10-25 21:52:20.892 19289 19289 E Zygote : accessInfo : 0
10-25 21:52:20.892 19289 19289 W SELinux : SELinux: seapp_context_lookup: seinfo=default, level=s0:c512,c768, pkgname=com.oculus.home
10-25 21:52:20.922 18958 19079 D VrApi : setSchedFifoStatic tid:18971 pto:0
10-25 21:52:20.922 19289 19289 D TimaKeyStoreProvider: TimaSignature is unavailable
10-25 21:52:20.922 19289 19289 D ActivityThread: Added TimaKeyStore provider
10-25 21:52:20.922 3970 3998 V VRManagerServer: (VRManagerService.java:401) yTqX [setThreadSchedFifo pkg=com.foo.ProductName pid=18958 tid=18971 prio=0]
10-25 21:52:20.922 3970 3998 V VRManagerServer: (VRManagerService.java:405) yTqX [setAffinity pid=18971 cpus=[4, 5, 6, 7]]
10-25 21:52:20.922 18958 19079 D VRManagerGearVR: VRManager set thread priority to 0
10-25 21:52:20.922 18958 19079 I VrApi_Clocks: SetSchedFifo( tid=18971, pri=0 ) succeeded
10-25 21:52:20.922 18958 19079 D VrApi : setSchedFifoStatic tid:18971 pto:0
10-25 21:52:20.932 3970 17298 V VRManagerServer: (VRManagerService.java:401) yTqX [setThreadSchedFifo pkg=com.foo.ProductName pid=18958 tid=18971 prio=0]
10-25 21:52:20.932 3970 17298 V VRManagerServer: (VRManagerService.java:405) yTqX [setAffinity pid=18971 cpus=[4, 5, 6, 7]]
10-25 21:52:20.932 18958 19079 D VRManagerGearVR: VRManager set thread priority to 0
10-25 21:52:20.932 18958 19079 I VrApi_Clocks: SetSchedFifo( tid=18971, pri=0 ) succeeded
10-25 21:52:20.932 18958 19079 W TimeWarp: VSync 5013959: eye=1,late=6.8ms,over=0.0ms,CPU=0.4ms,GPU>=1.2
10-25 21:52:20.952 19289 19289 I InjectionManager: Inside getClassLibPath + mLibMap{0=, 1=}
10-25 21:52:20.952 19289 19289 I InjectionManager: Inside getClassLibPath caller
10-25 21:52:20.972 18958 19079 W TimeWarp: VSync 5013961: eye=1,late=0.0ms,over=0.0ms,CPU=0.4ms,GPU>=7.9
10-25 21:52:20.972 18958 19079 D VrApi : setSchedFifoStatic tid:18971 pto:1
10-25 21:52:20.972 19289 19289 V fb-UnpackingSoSource: locked dso store /data/user/0/com.oculus.home/lib-main
10-25 21:52:20.972 3970 3999 V VRManagerServer: (VRManagerService.java:401) yTqX [setThreadSchedFifo pkg=com.foo.ProductName pid=18958 tid=18971 prio=1]
10-25 21:52:20.972 3970 3999 V VRManagerServer: (VRManagerService.java:405) yTqX [setAffinity pid=18971 cpus=[4, 5, 6, 7]]
10-25 21:52:20.972 19289 19289 I fb-UnpackingSoSource: dso store is up-to-date: /data/user/0/com.oculus.home/lib-main
10-25 21:52:20.972 19289 19289 V fb-UnpackingSoSource: releasing dso store lock for /data/user/0/com.oculus.home/lib-main
10-25 21:52:20.972 18958 19079 D VRManagerGearVR: VRManager set thread priority to 1
10-25 21:52:20.972 18958 19079 I VrApi_Clocks: SetSchedFifo( tid=18971, pri=1 ) succeeded
10-25 21:52:20.972 18958 19079 D VrApi : setSchedFifoStatic tid:18971 pto:1
10-25 21:52:20.982 3970 3998 V VRManagerServer: (VRManagerService.java:401) yTqX [setThreadSchedFifo pkg=com.foo.ProductName pid=18958 tid=18971 prio=1]
10-25 21:52:20.982 3970 3998 V VRManagerServer: (VRManagerService.java:405) yTqX [setAffinity pid=18971 cpus=[4, 5, 6, 7]]
10-25 21:52:20.982 18958 19079 D VRManagerGearVR: VRManager set thread priority to 1
10-25 21:52:20.982 18958 19079 I VrApi_Clocks: SetSchedFifo( tid=18971, pri=1 ) succeeded
10-25 21:52:20.982 18958 19079 W TimeWarp: VSync 5013962: eye=1,late=7.1ms,over=0.0ms,CPU=0.4ms,GPU>=0.8
10-25 21:52:21.052 19289 19289 W StaticBindingVerifier: Verify
10-25 21:52:21.072 18958 19079 D VrApi : setSchedFifoStatic tid:18971 pto:0
10-25 21:52:21.072 3970 17522 V VRManagerServer: (VRManagerService.java:401) yTqX [setThreadSchedFifo pkg=com.foo.ProductName pid=18958 tid=18971 prio=0]
10-25 21:52:21.072 3970 17522 V VRManagerServer: (VRManagerService.java:405) yTqX [setAffinity pid=18971 cpus=[4, 5, 6, 7]]
10-25 21:52:21.072 18958 19079 D VRManagerGearVR: VRManager set thread priority to 0
10-25 21:52:21.072 18958 19079 I VrApi_Clocks: SetSchedFifo( tid=18971, pri=0 ) succeeded
10-25 21:52:21.072 18958 19079 D VrApi : setSchedFifoStatic tid:18971 pto:0
10-25 21:52:21.082 3970 17298 V VRManagerServer: (VRManagerService.java:401) yTqX [setThreadSchedFifo pkg=com.foo.ProductName pid=18958 tid=18971 prio=0]
10-25 21:52:21.082 3970 17298 V VRManagerServer: (VRManagerService.java:405) yTqX [setAffinity pid=18971 cpus=[4, 5, 6, 7]]
10-25 21:52:21.082 18958 19079 D VRManagerGearVR: VRManager set thread priority to 0
10-25 21:52:21.082 18958 19079 I VrApi_Clocks: SetSchedFifo( tid=18971, pri=0 ) succeeded
10-25 21:52:21.082 18958 19079 W TimeWarp: VSync 5013968: eye=1,late=7.0ms,over=0.0ms,CPU=0.5ms,GPU>=0.8
10-25 21:52:21.082 18958 19079 D VrApi : setSchedFifoStatic tid:18971 pto:1
10-25 21:52:21.092 3970 3999 V VRManagerServer: (VRManagerService.java:401) yTqX [setThreadSchedFifo pkg=com.foo.ProductName pid=18958 tid=18971 prio=1]
10-25 21:52:21.092 3970 3999 V VRManagerServer: (VRManagerService.java:405) yTqX [setAffinity pid=18971 cpus=[4, 5, 6, 7]]
10-25 21:52:21.092 18958 19079 D VRManagerGearVR: VRManager set thread priority to 1
10-25 21:52:21.092 18958 19079 I VrApi_Clocks: SetSchedFifo( tid=18971, pri=1 ) succeeded
10-25 21:52:21.092 18958 19079 D VrApi : setSchedFifoStatic tid:18971 pto:1
10-25 21:52:21.092 3970 3998 V VRManagerServer: (VRManagerService.java:401) yTqX [setThreadSchedFifo pkg=com.foo.ProductName pid=18958 tid=18971 prio=1]
10-25 21:52:21.092 3970 3998 V VRManagerServer: (VRManagerService.java:405) yTqX [setAffinity pid=18971 cpus=[4, 5, 6, 7]]
10-25 21:52:21.102 18958 19079 D VRManagerGearVR: VRManager set thread priority to 1
10-25 21:52:21.102 18958 19079 I VrApi_Clocks: SetSchedFifo( tid=18971, pri=1 ) succeeded
