10-25 21:51:56.972 18780 18780 D InjectionManager: fillFeatureStoreMap com.android.settings
10-25 21:51:56.972 18780 18780 I InjectionManager: Constructor com.android.settings, Feature store :{}
10-25 21:51:56.972 18780 18780 I InjectionManager: featureStore :{}
10-25 21:51:56.972 18780 18780 I WifiApBroadcastReceiver: onReceive: action com.samsung.settings.wifi.PLUG_STATE_CHANGED
10-25 21:51:56.972 18780 18780 I WifiApBroadcastReceiver: Unplugged
10-25 21:51:57.022 18793 18793 E Zygote : v2
10-25 21:51:57.022 18793 18793 I SELinux : Function: selinux_compare_spd_ram, index[1], SPD-policy is existed. and_ver=SEPF_SECMOBILE_6.0.1 ver=11
10-25 21:51:57.022 18793 18793 W SELinux : Function: selinux_compare_spd_ram, index[1], priority [2], priority version is VE=SEPF_SECMOBILE_6.0.1_0013
10-25 21:51:57.022 18793 18793 E Zygote : accessInfo : 0
10-25 21:51:57.062 18793 18793 D TimaKeyStoreProvider: TimaSignature is unavailable
10-25 21:51:57.062 18793 18793 D ActivityThread: Added TimaKeyStore provider
10-25 21:51:57.102 18793 18793 I InjectionManager: Inside getClassLibPath + mLibMap{0=, 1=}
10-25 21:51:57.112 18793 18793 I InjectionManager: Inside getClassLibPath caller
10-25 21:51:57.122 18793 18793 W System : ClassLoader referenced unknown path: /system/app/PopupuiReceiver_M/lib/arm64
10-25 21:51:57.122 18793 18793 D InjectionManager: InjectionManager
10-25 21:51:57.122 18793 18793 D InjectionManager: fillFeatureStoreMap com.sec.android.app.popupuireceiver
10-25 21:51:57.122 18793 18793 I InjectionManager: Constructor com.sec.android.app.popupuireceiver, Feature store :{}
10-25 21:51:57.122 18793 18793 I InjectionManager: featureStore :{}
10-25 21:51:57.122 18793 18793 D PR.PopupuiReceiver: >> onReceive() : com.samsung.systemui.power.action.ACTION_CABLE_DISCONNECTED
10-25 21:51:57.132 3520 4850 D SecContentProvider2: query(), uri = -1 selection = getSealedState
10-25 21:51:57.132 3520 4750 D SecContentProvider2: query(), uri = 15 selection = getSealedHideNotificationMessages
10-25 21:51:57.132 3520 4167 D SecContentProvider2: query(), uri = 15 selection = getCheckCoverPopupState
10-25 21:51:57.132 18793 18793 I PR.PopupuiReceiver_KNOX: knoxSealedHideNotiMsg : 0, knoxCheckCoverPopupState : true
10-25 21:51:57.132 18793 18793 D PR.PopupuiReceiver: actionCableDisconnected()
10-25 21:51:57.152 17001 17001 E Controller: [#CMH#] FINISHED EVENT_MEDIA_SCAN_FINISHED
10-25 21:51:57.152 17001 17001 I ControllerEventHandler: [#CMH#] onSystemRebooted
10-25 21:51:57.152 17001 17001 I BaseThreadPoolExecutor: [#CMH#] Task com.samsung.cmh.database.DatabaseRebuilderTask@591187f is submitted
10-25 21:51:57.152 17001 18805 I DatabaseRebuilderTask: [#CMH#] syncCMHDB started
10-25 21:51:57.172 17001 17001 I StorageController: [#CMH#] id: EVENT_MEDIA_SCAN_FINISHEDBundle = Bundle[{path=file:///storage/emulated/0, CleanBuffer=false}]
10-25 21:51:57.202 17001 18805 I DatabaseRebuilderTask: [#CMH#] No of Uris that are present in media : 1
10-25 21:51:57.202 17001 18805 I DatabaseRebuilderTask: [#CMH#] No of Uris that are present in CMH : 1
10-25 21:51:57.202 17001 18805 I DatabaseRebuilderTask: [#CMH#] No of Uris that are present in both Media and CMH: 1
10-25 21:51:57.202 17001 18805 I DatabaseRebuilderTask: [#CMH#] Insert = 0 Delete = 0
10-25 21:51:57.202 17001 18805 I DatabaseRebuilderTask: [#CMH#] syncCMHDB ended 0
10-25 21:51:57.232 17001 18805 I DatabaseRebuilderTask: [#CMH#] sending broadcast for Event title upgrade
10-25 21:51:57.242 17001 18665 I Controller: [#CMH#] com.android.providers.media Insert
10-25 21:51:57.242 17193 17193 I IPService: [IPService] onStopService () called
10-25 21:51:57.242 18083 18083 I FaceService: [FaceService] onStopService() called
10-25 21:51:57.242 17001 18665 I Controller: [#CMH#] startSmartClustering starting clustering
10-25 21:51:57.242 17001 18665 I Controller: [#CMH#] startSmartClustering starting day clustering
10-25 21:51:57.242 17001 18807 I ClusteringTask: [#CMH#] before mutex
10-25 21:51:57.242 17001 18807 I ClusteringTask: [#CMH#] after mutex
10-25 21:51:57.242 17001 18665 I Controller: [#CMH#] startDaywiseClustering starting day clustering
10-25 21:51:57.242 17001 18807 I MomentClusteringAlgo: [#CMH#] performClustering images deleted false
10-25 21:51:57.242 17001 18807 I ClusteringDBUtils: [#CMH#] updateClusterTable In nothing to update
10-25 21:51:57.242 17001 18808 I DayClusteringTask: [#CMH#] before mutex
10-25 21:51:57.242 17001 18808 I DayClusteringTask: [#CMH#] after mutex
10-25 21:51:57.242 17001 18808 I DayClusteringTask: [#CMH#] internalRun Cluster size after image deletion: 0
10-25 21:51:57.242 17001 18808 I ClusteringDBUtils: [#CMH#] No clusters..!!
10-25 21:51:57.252 17001 18807 I MomentClusteringAlgo: [#CMH#] performClustering In 0
10-25 21:51:57.252 17001 18807 I ClusteringTask: [#CMH#] Cluster size: 0
10-25 21:51:57.252 17001 18807 I ClusteringDBUtils: [#CMH#] updateClusterTable In nothing to update
10-25 21:51:57.252 17001 18807 I ClusteringTask: [#CMH#] after mutex release
10-25 21:51:57.252 17001 18809 I DayAndMonthTask: [#CMH#] before mutex
10-25 21:51:57.252 17001 18809 I DayAndMonthTask: [#CMH#] after mutex
10-25 21:51:57.252 17001 18809 I DayAndMonthTask: [#CMH#] after mutex release
10-25 21:51:57.252 17001 18808 I TimeBasedClustering: [#CMH#] performClustering insertimages In 0
10-25 21:51:57.252 17001 18808 I DayClusteringTask: [#CMH#] internalRun Cluster size after image insertion: 0
10-25 21:51:57.252 17001 18808 I ClusteringDBUtils: [#CMH#] No clusters..!!
10-25 21:51:57.252 17001 18808 I DayClusteringTask: [#CMH#] startLocationClustering In 0
10-25 21:51:57.252 17001 18808 I DayClusteringTask: [#CMH#] internalRun::No more Images/Videos to process, Finished Task, Exiting
10-25 21:51:57.252 17001 18808 I DayClusteringTask: [#CMH#] after mutex release
10-25 21:51:57.262 17001 18805 I BaseThreadPoolExecutor: [#CMH#] afterExecute FutureTask
10-25 21:51:57.302 18810 18810 E Zygote : v2
10-25 21:51:57.302 18810 18810 I SELinux : Function: selinux_compare_spd_ram, index[1], SPD-policy is existed. and_ver=SEPF_SECMOBILE_6.0.1 ver=11
10-25 21:51:57.302 18810 18810 W SELinux : Function: selinux_compare_spd_ram, index[1], priority [2], priority version is VE=SEPF_SECMOBILE_6.0.1_0013
10-25 21:51:57.302 18810 18810 E Zygote : accessInfo : 0
10-25 21:51:57.302 18810 18810 W SELinux : SELinux: seapp_context_lookup: seinfo=platform, level=s0:c512,c768, pkgname=com.sec.android.app.music:service
10-25 21:51:57.332 18810 18810 D TimaKeyStoreProvider: TimaSignature is unavailable
10-25 21:51:57.332 18810 18810 D ActivityThread: Added TimaKeyStore provider
10-25 21:51:57.362 18810 18810 I InjectionManager: Inside getClassLibPath + mLibMap{0=, 1=}
10-25 21:51:57.372 18810 18810 I InjectionManager: Inside getClassLibPath caller
10-25 21:51:57.422 18810 18810 D InjectionManager: InjectionManager
10-25 21:51:57.422 18810 18810 D InjectionManager: fillFeatureStoreMap com.sec.android.app.music
10-25 21:51:57.422 18810 18810 I InjectionManager: Constructor com.sec.android.app.music, Feature store :{}
10-25 21:51:57.422 18810 18810 I InjectionManager: featureStore :{}
10-25 21:51:57.422 18810 18810 D SMUSIC-Widget: There's no active widget.
10-25 21:51:57.492 17001 17001 E Controller: [#CMH#] FINISHED EVENT_MEDIA_SCAN_FINISHED
10-25 21:51:57.492 17001 17001 I ControllerEventHandler: [#CMH#] onSystemRebooted
10-25 21:51:57.492 17001 17001 I BaseThreadPoolExecutor: [#CMH#] Task com.samsung.cmh.database.DatabaseRebuilderTask@8095802 is submitted
10-25 21:51:57.492 17001 18805 I DatabaseRebuilderTask: [#CMH#] syncCMHDB started
10-25 21:51:57.512 17001 17001 I StorageController: [#CMH#] id: EVENT_MEDIA_SCAN_FINISHEDBundle = Bundle[{path=file:///storage/emulated/0, CleanBuffer=false}]
10-25 21:51:57.572 17001 18805 I DatabaseRebuilderTask: [#CMH#] No of Uris that are present in media : 1
10-25 21:51:57.572 17001 18805 I DatabaseRebuilderTask: [#CMH#] No of Uris that are present in CMH : 1
10-25 21:51:57.572 17001 18805 I DatabaseRebuilderTask: [#CMH#] No of Uris that are present in both Media and CMH: 1
10-25 21:51:57.572 17001 18805 I DatabaseRebuilderTask: [#CMH#] Insert = 0 Delete = 0
10-25 21:51:57.572 17001 18805 I DatabaseRebuilderTask: [#CMH#] syncCMHDB ended 0
10-25 21:51:57.582 18810 18810 D SMUSIC-Widget: There's no active widget.
10-25 21:51:57.602 17001 18805 I DatabaseRebuilderTask: [#CMH#] sending broadcast for Event title upgrade
10-25 21:51:57.602 17001 18665 I Controller: [#CMH#] com.android.providers.media Insert
10-25 21:51:57.602 17001 18665 I Controller: [#CMH#] startSmartClustering starting clustering
10-25 21:51:57.602 17001 18805 I BaseThreadPoolExecutor: [#CMH#] afterExecute FutureTask
10-25 21:51:57.612 17001 18665 I Controller: [#CMH#] startSmartClustering starting day clustering
10-25 21:51:57.612 17001 18809 I ClusteringTask: [#CMH#] before mutex
10-25 21:51:57.612 17001 18809 I ClusteringTask: [#CMH#] after mutex
10-25 21:51:57.612 17001 18809 I MomentClusteringAlgo: [#CMH#] performClustering images deleted false
10-25 21:51:57.612 17001 18665 I Controller: [#CMH#] startDaywiseClustering starting day clustering
10-25 21:51:57.612 17001 18809 I ClusteringDBUtils: [#CMH#] updateClusterTable In nothing to update
10-25 21:51:57.612 17001 18808 I DayClusteringTask: [#CMH#] before mutex
10-25 21:51:57.612 17001 18808 I DayClusteringTask: [#CMH#] after mutex
10-25 21:51:57.612 17001 18808 I DayClusteringTask: [#CMH#] internalRun Cluster size after image deletion: 0
10-25 21:51:57.612 17001 18808 I ClusteringDBUtils: [#CMH#] No clusters..!!
10-25 21:51:57.612 17001 18809 I MomentClusteringAlgo: [#CMH#] performClustering In 0
10-25 21:51:57.612 17001 18807 I DayAndMonthTask: [#CMH#] before mutex
10-25 21:51:57.612 17001 18807 I DayAndMonthTask: [#CMH#] after mutex
10-25 21:51:57.612 17001 18807 I DayAndMonthTask: [#CMH#] after mutex release
10-25 21:51:57.612 17001 18809 I ClusteringTask: [#CMH#] Cluster size: 0
10-25 21:51:57.612 17001 18809 I ClusteringDBUtils: [#CMH#] updateClusterTable In nothing to update
10-25 21:51:57.612 17001 18809 I ClusteringTask: [#CMH#] after mutex release
10-25 21:51:57.612 17001 18808 I TimeBasedClustering: [#CMH#] performClustering insertimages In 0
10-25 21:51:57.612 17001 18808 I DayClusteringTask: [#CMH#] internalRun Cluster size after image insertion: 0
10-25 21:51:57.612 17001 18808 I ClusteringDBUtils: [#CMH#] No clusters..!!
10-25 21:51:57.612 17001 18808 I DayClusteringTask: [#CMH#] startLocationClustering In 0
10-25 21:51:57.612 17001 18808 I DayClusteringTask: [#CMH#] internalRun::No more Images/Videos to process, Finished Task, Exiting
10-25 21:51:57.612 17001 18808 I DayClusteringTask: [#CMH#] after mutex release
10-25 21:51:57.682 17139 17139 I ServiceUtils: [StoryService] getSharedPrefLong retVal: 2
10-25 21:51:57.682 17139 17139 I ServiceUtils: [StoryService] setSharedPrefLong : 2
10-25 21:51:57.692 17139 17139 I ServiceUtils: [StoryService] getSharedPrefLong retVal: 2
10-25 21:51:57.692 17139 17139 I ServiceUtils: [StoryService] setSharedPrefLong : 2
10-25 21:51:57.722 3135 3181 D Sensorhubs: readContextData: 1, 1, 7, 0
10-25 21:51:57.722 3520 4008 D SensorHubManager: onGetSensorHubDataLocked: library(4) = 1, 1, 7, 0
10-25 21:51:57.722 3520 4007 D CAE : onGetSensorHubData(SensorHubParserProvider.java:92) - onGetSensorHubData Event [event buffer len :4], AP_WAKEUP
10-25 21:51:57.722 3520 4007 I CAE : parse(SensorHubParserProvider.java:188) - buffer size = 4
10-25 21:51:57.722 3520 4007 I CAE : parse(SensorHubParserProvider.java:199) - 1, 1, 7, 0,
10-25 21:51:57.722 3520 4007 D CAE : display(ContextProvider.java:375) - ================= AUTO_ROTATION =================
10-25 21:51:57.722 3520 4007 I CAE : display(ContextProvider.java:391) - Angle=[0]
10-25 21:51:57.722 3520 4010 D SContextService: updateSContext() : event = Auto Rotation
10-25 21:51:57.772 17001 17026 I ReschedulableTimer: [#CMH#] ReschedulableTimer started
10-25 21:51:57.772 17001 17026 I Controller: [#CMH#] startSmartClustering starting clustering
10-25 21:51:57.772 17001 17026 I Controller: [#CMH#] startSmartClustering starting day clustering
10-25 21:51:57.772 17001 17026 I Controller: [#CMH#] startDaywiseClustering starting day clustering
10-25 21:51:57.772 17001 18807 I ClusteringTask: [#CMH#] before mutex
10-25 21:51:57.772 17001 18809 I DayClusteringTask: [#CMH#] before mutex
10-25 21:51:57.772 17001 18807 I ClusteringTask: [#CMH#] after mutex
10-25 21:51:57.772 17001 18809 I DayClusteringTask: [#CMH#] after mutex
10-25 21:51:57.772 17001 18807 I MomentClusteringAlgo: [#CMH#] performClustering images deleted false
10-25 21:51:57.772 17001 18809 I DayClusteringTask: [#CMH#] internalRun Cluster size after image deletion: 0
10-25 21:51:57.772 17001 18809 I ClusteringDBUtils: [#CMH#] No clusters..!!
10-25 21:51:57.772 17001 18808 I DayAndMonthTask: [#CMH#] before mutex
10-25 21:51:57.772 17001 18808 I DayAndMonthTask: [#CMH#] after mutex
10-25 21:51:57.772 17001 18807 I ClusteringDBUtils: [#CMH#] updateClusterTable In nothing to update
10-25 21:51:57.772 17001 18808 I DayAndMonthTask: [#CMH#] after mutex release
10-25 21:51:57.772 17001 18807 I MomentClusteringAlgo: [#CMH#] performClustering In 0
10-25 21:51:57.772 17001 18809 I TimeBasedClustering: [#CMH#] performClustering insertimages In 0
10-25 21:51:57.772 17001 18807 I ClusteringTask: [#CMH#] Cluster size: 0
10-25 21:51:57.772 17001 18807 I ClusteringDBUtils: [#CMH#] updateClusterTable In nothing to update
10-25 21:51:57.772 17001 18807 I ClusteringTask: [#CMH#] after mutex release
10-25 21:51:57.772 17001 18809 I DayClusteringTask: [#CMH#] internalRun Cluster size after image insertion: 0
10-25 21:51:57.772 17001 18809 I ClusteringDBUtils: [#CMH#] No clusters..!!
10-25 21:51:57.772 17001 18809 I DayClusteringTask: [#CMH#] startLocationClustering In 0
10-25 21:51:57.772 17001 18809 I DayClusteringTask: [#CMH#] internalRun::No more Images/Videos to process, Finished Task, Exiting
10-25 21:51:57.772 17001 18809 I DayClusteringTask: [#CMH#] after mutex release
10-25 21:51:58.452 3135 3181 D Sensorhubs: readContextData: 1, 1, 7, -1
10-25 21:51:58.452 3520 4008 D SensorHubManager: onGetSensorHubDataLocked: library(4) = 1, 1, 7, -1
10-25 21:51:58.452 3520 4007 D CAE : onGetSensorHubData(SensorHubParserProvider.java:92) - onGetSensorHubData Event [event buffer len :4], AP_WAKEUP
10-25 21:51:58.452 3520 4007 I CAE : parse(SensorHubParserProvider.java:188) - buffer size = 4
10-25 21:51:58.452 3520 4007 I CAE : parse(SensorHubParserProvider.java:199) - 1, 1, 7, -1,
10-25 21:51:58.452 3520 4007 D CAE : display(ContextProvider.java:375) - ================= AUTO_ROTATION =================
10-25 21:51:58.452 3520 4007 I CAE : display(ContextProvider.java:391) - Angle=[-1]
10-25 21:51:58.452 3520 4010 D SContextService: updateSContext() : event = Auto Rotation
10-25 21:51:58.602 17001 17048 I ReschedulableTimer: [#CMH#] ReschedulableTimer started
10-25 21:51:59.772 5329 6178 I CMHServiceInterface: unbinding from CMH
10-25 21:51:59.782 17001 17001 E CMHService: [#CMH#] onDestroy()
10-25 21:51:59.992 4130 4130 D KeyguardUpdateMonitor: received broadcast android.intent.action.TIME_TICK
10-25 21:51:59.992 4130 4130 D KeyguardUpdateMonitor: handleTimeUpdate
10-25 21:52:00.002 18681 18681 W fb4a(:):ServiceInfoParser: com.facebook.common.jobscheduler.compat.ServiceInfoParser$NoJobMetaDataFoundException: Service com.facebook.analytics2.logger.LollipopUploadService is missing meta key com.facebook.common.jobscheduler.compat.jobIds
10-25 21:52:00.012 18681 18681 W fb4a(:):ServiceInfoParser: com.facebook.common.jobscheduler.compat.ServiceInfoParser$NoJobMetaDataFoundException: Service com.facebook.bugreporter.scheduler.LollipopBugReportService is missing meta key com.facebook.common.jobscheduler.compat.jobIds
10-25 21:52:00.012 4130 4130 D Clock : received broadcast android.intent.action.TIME_TICK
10-25 21:52:00.012 18681 18681 W fb4a(:):ServiceInfoParser: com.facebook.common.jobscheduler.compat.ServiceInfoParser$NoJobMetaDataFoundException: Service com.facebook.prefetch.feed.scheduler.NewsFeedPrefetchLollipopService is missing meta key com.facebook.common.jobscheduler.compat.jobIds
10-25 21:52:00.022 18681 18681 W fb4a(:):ServiceInfoParser: com.facebook.common.jobscheduler.compat.ServiceInfoParser$NoJobMetaDataFoundException: Service com.facebook.zero.offpeakdownload.ZeroJobSchedulerDownloadService is missing meta key com.facebook.common.jobscheduler.compat.jobIds
10-25 21:52:00.072 4130 4130 D DateView: received broadcast android.intent.action.TIME_TICK
10-25 21:52:00.112 18681 18681 W InstanceID/Rpc: Found 10021
10-25 21:52:00.162 4782 5189 W ContentTaskController: Invalid newTask was provided to startTracking.
10-25 21:52:00.202 18497 18497 D [WeatherWidget(1177)] WeatherService: {[EC3334F14841398C8B464A72D0E61AB7CD7E766A36D06043166FAD39187431A3E5A9A2F81BDF9068B74904E1B1CB541044E6D58E921E578E1E6FAAF047CA8AFC]}
10-25 21:52:00.202 18497 18497 D [WeatherWidget(1177)] : {[3AE6950019B083611567B0F9442DB03E59646CBA355B4C260B75423E37A3701A]}
10-25 21:52:00.212 18497 18497 D [WeatherWidget(1177)] : {[3AE6950019B083611567B0F9442DB03E0F7D6DF8FAB8AEDDA9C52FD622CBE93BD3B3C821E02768ECE7D54B13E96560EDB802D29C56DFCCD38F937DDED36C9453E14ACC693F7BDF399FD0A06BF2D59F2E62F0159FCF8ED080A2244B7BC466DBEB]}
10-25 21:52:00.212 18497 18497 D [WeatherWidget(1177)] : {[DF00664B5BF2DD508EC3D0ADB8B43C9FB429631765284D8658CE62A4AFFAA963]}
10-25 21:52:00.442 4371 9312 D PeopleNotiListenerService: onEdgeNotificationRemoved() : pkg com.facebook.katana,id=10011,extra=Bundle[mParcelledData.dataSize=84]
10-25 21:52:00.442 4371 4371 D PeopleNotiListenerService: removeEdgeNotification:Bundle[{samsung.notification.id=10011, samsung.notification.type=normal, samsung.people.package_name=com.facebook.katana}]
10-25 21:52:00.442 4371 4371 I PeopleStripeService: PeopleNotificationReceiver:3
10-25 21:52:00.442 4371 4371 I PeopleStripeService: sendEdgeNotification peopleEnabled true lightingEnabled true edgeEnabled true
10-25 21:52:00.442 4371 4371 I PeopleDataManager: removeNotification
10-25 21:52:00.442 4371 4371 I NotificationParser: getNotiType:com.facebook.katana,null
10-25 21:52:00.442 4371 4371 D PeopleDataManager: removeNotiInfo: id =10011,packageName=com.facebook.katana,isEdgeNotification=false,key=null,removeAll=false
10-25 21:52:00.442 4371 4371 D PeopleDataManager: removeNotiInfo =null
10-25 21:52:00.442 18681 18830 W fb4a(:):UserScope: Called user scoped provider with no viewer. ViewerContextManager was created with no ViewerContext. Using EmptyViewerContextManager to return fake logged in instance.
10-25 21:52:00.812 18681 18847 W fb4a(:):UserScope: Called user scoped provider with no viewer. ViewerContextManager was created with no ViewerContext. Using EmptyViewerContextManager to return fake logged in instance.
10-25 21:52:00.822 18681 18847 W fb4a(:):UserScope: Called user scoped provider with no viewer. ViewerContextManager was created with no ViewerContext. Using EmptyViewerContextManager to return fake logged in instance.
10-25 21:52:00.832 18681 18830 W fb4a(:):QeInternalImpl: The sessioned store is not available. Are you fetching sessioned quick experiment data while the user is logged out?
10-25 21:52:00.832 18681 18828 W fb4a(:):QeInternalImpl: The sessioned store is not available. Are you fetching sessioned quick experiment data while the user is logged out?
10-25 21:52:00.842 3520 4750 D PackageManager: setEnabledSetting : userId = 0 packageName = com.facebook.katana cmp = com.facebook.deeplinking.activity.PagesDeepLinkingAliasActivity newState = 2 callingPackage = 10131
10-25 21:52:00.842 3520 4604 D PackageManager: setEnabledSetting : userId = 0 packageName = com.facebook.katana cmp = com.facebook.mqttlite.MqttService newState = 1 callingPackage = 10131
10-25 21:52:00.862 3520 4534 D PackageManager: setEnabledSetting : userId = 0 packageName = com.facebook.katana cmp = com.facebook.deeplinking.activity.PagesJobsDeepLinkingAliasActivity newState = 2 callingPackage = 10131
10-25 21:52:00.972 18860 18860 E Zygote : v2
10-25 21:52:00.972 18860 18860 I SELinux : Function: selinux_compare_spd_ram, index[1], SPD-policy is existed. and_ver=SEPF_SECMOBILE_6.0.1 ver=11
10-25 21:52:00.972 18860 18860 W SELinux : Function: selinux_compare_spd_ram, index[1], priority [2], priority version is VE=SEPF_SECMOBILE_6.0.1_0013
10-25 21:52:00.972 18860 18860 E Zygote : accessInfo : 0
10-25 21:52:00.972 18860 18860 W SELinux : SELinux: seapp_context_lookup: seinfo=platform, level=s0:c512,c768, pkgname=com.sec.android.provider.badge
10-25 21:52:00.972 4371 4385 D PeopleNotiListenerService: onEdgeNotificationRemoved() : pkg com.facebook.katana,id=200,extra=Bundle[mParcelledData.dataSize=84]
10-25 21:52:00.972 4371 4371 D PeopleNotiListenerService: removeEdgeNotification:Bundle[{samsung.notification.id=200, samsung.notification.type=normal, samsung.people.package_name=com.facebook.katana}]
10-25 21:52:00.972 4371 4371 I PeopleStripeService: PeopleNotificationReceiver:3
10-25 21:52:00.972 4371 4371 I PeopleStripeService: sendEdgeNotification peopleEnabled true lightingEnabled true edgeEnabled true
10-25 21:52:00.972 4371 4371 I PeopleDataManager: removeNotification
10-25 21:52:00.972 4371 4371 I NotificationParser: getNotiType:com.facebook.katana,null
10-25 21:52:00.972 4371 4371 D PeopleDataManager: removeNotiInfo: id =200,packageName=com.facebook.katana,isEdgeNotification=false,key=null,removeAll=false
10-25 21:52:00.972 4371 4371 D PeopleDataManager: removeNotiInfo =null
10-25 21:52:00.992 18681 18832 W fb4a(:):UserScope: Called user scoped provider with no viewer. ViewerContextManager was created with no ViewerContext. Using EmptyViewerContextManager to return fake logged in instance.
10-25 21:52:01.012 18860 18860 D TimaKeyStoreProvider: TimaSignature is unavailable
10-25 21:52:01.012 18860 18860 D ActivityThread: Added TimaKeyStore provider
10-25 21:52:01.032 3520 3543 D PackageManager: setEnabledSetting : userId = 0 packageName = com.facebook.katana cmp = com.facebook.notifications.settings.NotificationSettingsLauncherActivity newState = 2 callingPackage = 10131
10-25 21:52:01.042 18860 18860 I InjectionManager: Inside getClassLibPath + mLibMap{0=, 1=}
10-25 21:52:01.042 18860 18860 I InjectionManager: Inside getClassLibPath caller
10-25 21:52:01.052 18860 18860 W System : ClassLoader referenced unknown path: /system/priv-app/BadgeProvider_M/lib/arm64
10-25 21:52:01.062 18860 18860 D BadgeProvider: onCreate
10-25 21:52:01.062 18860 18860 D BadgeProvider: DatabaseHelper
10-25 21:52:01.062 18860 18860 D InjectionManager: InjectionManager
10-25 21:52:01.062 18860 18860 D InjectionManager: fillFeatureStoreMap com.sec.android.provider.badge
10-25 21:52:01.062 18860 18860 I InjectionManager: Constructor com.sec.android.provider.badge, Feature store :{}
10-25 21:52:01.062 18860 18860 I InjectionManager: featureStore :{}
10-25 21:52:01.062 18860 18860 D Badge::BadgeCountReceiver: badge intent : Intent { act=android.intent.action.BADGE_COUNT_UPDATE flg=0x10 cmp=com.sec.android.provider.badge/.BadgeCountReceiver bqHint=4 (has extras) }
10-25 21:52:01.062 18860 18860 D Badge::BadgeCountReceiver: packageName: com.facebook.katana, className: com.facebook.katana.LoginActivity, count: 0
10-25 21:52:01.082 18860 18860 D BaseReflect: null getOwnClass TEST
10-25 21:52:01.082 18860 18860 D MethodReflector: android.content.ContentResolver getClass TEST
10-25 21:52:01.082 18860 18860 D BaseReflect: class android.content.ContentResolver isSupportClass TEST
10-25 21:52:01.082 18860 18860 D BaseReflect: class android.content.ContentResolver getOwnClass TEST
10-25 21:52:01.082 4523 4523 D BadgeManager: onChange
10-25 21:52:01.082 17268 17268 D CatchNotificationsService: Update badge
10-25 21:52:01.082 4521 4521 D Launcher.Model: reloadBadges entered.
10-25 21:52:01.082 18860 18860 D MethodReflector: notifyChange is called
10-25 21:52:01.082 4521 4521 D Launcher.Model: reloadBadges entered.
10-25 21:52:01.092 4523 4523 D BadgeManager: onChange
10-25 21:52:01.092 18860 18860 D BadgeProvider: sendNotify entered. [uri] : content://com.sec.badge/apps
10-25 21:52:01.092 18860 18860 D BadgeProvider: sendNotify, [notify] : null
10-25 21:52:01.092 18860 18860 D BadgeProvider: update, getCallingPackage() : com.sec.android.provider.badge
10-25 21:52:01.092 18860 18860 D BadgeProvider: update, [uri] : content://com.sec.badge/apps
10-25 21:52:01.092 18860 18860 D BadgeProvider: update, [uri.query] : null
10-25 21:52:01.092 18860 18860 D BadgeProvider: update, [BadgeCount] : badgecount=0
10-25 21:52:01.092 18860 18860 D BadgeProvider: update, [UpdateCount] : 1
10-25 21:52:01.102 18860 18871 D BadgeProvider: query, [selection] : null
10-25 21:52:01.102 18860 18870 D BadgeProvider: query, [selection] : null
10-25 21:52:01.112 4521 4601 D BadgeCache: 1. updateBadgeCounts: com.samsung.android.email.ui = 0
10-25 21:52:01.112 4521 4601 D BadgeCache: 1. updateBadgeCounts: com.android.mms = 0
10-25 21:52:01.112 4521 4601 D BadgeCache: 1. updateBadgeCounts: com.samsung.android.email.provider = 0
10-25 21:52:01.112 4521 4601 D BadgeCache: 1. updateBadgeCounts: com.android.settings = 0
10-25 21:52:01.112 4521 4601 D BadgeCache: 1. updateBadgeCounts: com.android.settings = 0
10-25 21:52:01.112 4521 4601 D BadgeCache: 1. updateBadgeCounts: com.facebook.katana = 0
10-25 21:52:01.112 4521 4601 D BadgeCache: 1. updateBadgeCounts: com.tmobile.pr.mytmobile = 0
10-25 21:52:01.112 4521 4601 D BadgeCache: 1. updateBadgeCounts: com.samsung.android.sm = 0
10-25 21:52:01.112 4521 4601 D BadgeCache: 1. updateBadgeCounts: com.android.contacts = 0
10-25 21:52:01.112 4521 4601 D BadgeCache: 1. updateBadgeCounts: com.samsung.android.spay = 0
10-25 21:52:01.122 17268 17268 D CatchNotificationsService: Update badge
10-25 21:52:01.142 18860 18870 D BadgeProvider: query, [selection] : null
10-25 21:52:01.142 18860 18871 D BadgeProvider: query, [selection] : null
10-25 21:52:01.152 18681 18832 I art : Thread[39,tid=18832,Native,Thread*=0xeb2a0100,peer=0x32f25280,"Bg_Shared9"] recursive attempt to load library "/data/user/0/com.facebook.katana/lib-xzs/libomnistore.so"
10-25 21:52:01.152 4521 4601 D BadgeCache: 1. updateBadgeCounts: com.samsung.android.email.ui = 0
10-25 21:52:01.152 4521 4601 D BadgeCache: 1. updateBadgeCounts: com.android.mms = 0
10-25 21:52:01.152 4521 4601 D BadgeCache: 1. updateBadgeCounts: com.samsung.android.email.provider = 0
10-25 21:52:01.152 4521 4601 D BadgeCache: 1. updateBadgeCounts: com.android.settings = 0
10-25 21:52:01.152 4521 4601 D BadgeCache: 1. updateBadgeCounts: com.android.settings = 0
10-25 21:52:01.152 4521 4601 D BadgeCache: 1. updateBadgeCounts: com.facebook.katana = 0
10-25 21:52:01.152 4521 4601 D BadgeCache: 1. updateBadgeCounts: com.tmobile.pr.mytmobile = 0
10-25 21:52:01.152 4521 4601 D BadgeCache: 1. updateBadgeCounts: com.samsung.android.sm = 0
10-25 21:52:01.152 4521 4601 D BadgeCache: 1. updateBadgeCounts: com.android.contacts = 0
10-25 21:52:01.152 4521 4601 D BadgeCache: 1. updateBadgeCounts: com.samsung.android.spay = 0
10-25 21:52:01.222 3520 4387 D PackageManager: setEnabledSetting : userId = 0 packageName = com.facebook.katana cmp = com.facebook.oxygen.preloads.integration.dogfooding.AuthListener$EmployeeLoggedInMarkerReceiver newState = 2 callingPackage = 10131
10-25 21:52:01.302 3520 4534 D PackageManager: setEnabledSetting : userId = 0 packageName = com.facebook.katana cmp = com.facebook.saved.intentfilter.SaveIconSaveToFacebookAlias newState = 2 callingPackage = 10131
10-25 21:52:01.312 3520 4928 D PackageManager: setEnabledSetting : userId = 0 packageName = com.facebook.katana cmp = com.facebook.saved.intentfilter.SaveIconSavePrivatelyAlias newState = 2 callingPackage = 10131
10-25 21:52:01.312 3520 4392 D PackageManager: setEnabledSetting : userId = 0 packageName = com.facebook.katana cmp = com.facebook.saved.intentfilter.FacebookIconSaveForLaterAlias newState = 2 callingPackage = 10131
10-25 21:52:01.322 3520 4167 D PackageManager: setEnabledSetting : userId = 0 packageName = com.facebook.katana cmp = com.facebook.saved.intentfilter.FacebookIconSavePrivatelyAlias newState = 2 callingPackage = 10131
10-25 21:52:01.402 3520 4533 D PackageManager: setEnabledSetting : userId = 0 packageName = com.facebook.katana cmp = com.facebook.timeline.profilevideo.ProfileVideoShareActivityAlias newState = 2 callingPackage = 10131
10-25 21:52:01.412 3520 4850 D PackageManager: setEnabledSetting : userId = 0 packageName = com.facebook.katana cmp = com.facebook.timeline.stagingground.ProfilePictureShareActivityAlias newState = 2 callingPackage = 10131
10-25 21:52:01.472 3520 3530 I art : Background partial concurrent mark sweep GC freed 42347(2MB) AllocSpace objects, 18(736KB) LOS objects, 24% free, 49MB/65MB, paused 2.189ms total 259.844ms
10-25 21:52:01.512 18681 18832 W fb4a(:):UserScope: Called user scoped provider with no viewer. ViewerContextManager was created with no ViewerContext. Using EmptyViewerContextManager to return fake logged in instance.
10-25 21:52:01.532 18681 18832 W fb4a(:):UserScope: Called user scoped provider with no viewer. ViewerContextManager was created with no ViewerContext. Using EmptyViewerContextManager to return fake logged in instance.
10-25 21:52:01.952 16592 16634 I Quasar : start to send events
10-25 21:52:02.832 4371 4383 D PeopleNotiListenerService: onEdgeNotificationRemoved() : pkg android,id=998563545,extra=Bundle[mParcelledData.dataSize=84]
10-25 21:52:02.832 4371 4371 D PeopleNotiListenerService: removeEdgeNotification:Bundle[{samsung.notification.id=998563545, samsung.notification.type=normal, samsung.people.package_name=android}]
10-25 21:52:02.832 4371 4371 I PeopleStripeService: PeopleNotificationReceiver:3
10-25 21:52:02.832 4371 4371 I PeopleStripeService: sendEdgeNotification peopleEnabled true lightingEnabled true edgeEnabled true
10-25 21:52:02.832 4371 4371 I PeopleDataManager: removeNotification
10-25 21:52:02.832 4371 4371 I NotificationParser: getNotiType:android,null
10-25 21:52:02.832 4371 4371 D PeopleDataManager: removeNotiInfo: id =998563545,packageName=android,isEdgeNotification=false,key=null,removeAll=false
10-25 21:52:02.832 4371 4371 D PeopleDataManager: removeNotiInfo =null
10-25 21:52:02.842 3520 4064 D ApplicationPolicy: isStatusBarNotificationAllowedAsUser: packageName = android,userId = -1
10-25 21:52:02.862 3970 3970 V VRManagerServer: (VRSystemService.java:24) onCreate [onCreate]
10-25 21:52:02.862 3970 3970 V VRManagerServer: (VRManagerService.java:293) [VRManagerService created]
10-25 21:52:02.872 18632 18632 I DeviceStateReceiver: onReceive
10-25 21:52:02.872 18632 18632 V DeviceStateReceiver: beginStartingService
10-25 21:52:02.892 17268 18125 D CatchNotificationsService: onNotificationPosted
10-25 21:52:02.892 3970 3970 V VRManagerServer: (VRManagerService.java:343) BRMq [VRManagerService systemReady VR_API_VERSION=11]
10-25 21:52:02.922 18632 18632 V RequestService: Creating TransmitPowerService
10-25 21:52:02.922 18860 18873 D BadgeProvider: query, [selection] : null
10-25 21:52:02.932 18632 18632 V RequestService: Starting #1: Bundle[mParcelledData.dataSize=40]
10-25 21:52:02.932 4130 4130 D KnoxNotification: ----- inflateViews : modified publicViewLocal -----
10-25 21:52:02.932 18632 18890 V RequestService: Handling incoming message: { when=-1ms what=0 arg1=1 obj=Intent { act=com.samsung.UsbOtgCableConnection flg=0x10 cmp=com.sec.app.TransmitPowerService/.RequestService bqHint=4 (has extras) } target=com.sec.app.TransmitPowerService.RequestService$ServiceHandler }
10-25 21:52:02.932 3520 3520 I Tethering: BATTERY_CHANGED, level = 100lowBatteryThreshold = 15
10-25 21:52:02.942 18632 18890 V DeviceStateReceiver: finishStartingService
10-25 21:52:02.952 4590 4590 D BatteryMonitor: new battery level: 100
10-25 21:52:02.952 4130 4130 D KnoxNotification: ----- inflateViews : modified KnoxViewLocal -----
10-25 21:52:02.952 18632 18632 V RequestService: Destroying TransmitPowerService
10-25 21:52:02.962 4130 4130 D PhoneStatusBar: setAreThereNotifications: N=4 any=true clearable=true
10-25 21:52:02.962 4130 4130 D KeyguardUpdateMonitor: received broadcast android.intent.action.BATTERY_CHANGED
10-25 21:52:02.972 17268 18125 E CatchNotificationsService: Invalid notification data
10-25 21:52:02.982 18793 18793 D PR.PopupuiReceiver: >> onReceive() : com.samsung.systemui.power.action.ACTION_CABLE_CONNECTED
10-25 21:52:02.982 3520 4604 D SecContentProvider2: query(), uri = -1 selection = getSealedState
10-25 21:52:02.982 4130 4130 D KeyguardUpdateMonitor: handleBatteryUpdate
10-25 21:52:02.982 3520 3542 D SecContentProvider2: query(), uri = 15 selection = getSealedHideNotificationMessages
10-25 21:52:02.982 3520 4850 D SecContentProvider2: query(), uri = 15 selection = getCheckCoverPopupState
10-25 21:52:02.992 3970 3970 V VRManagerServer: (VRManagerService.java:347) BRMq [storedBright=229]
10-25 21:52:02.992 18793 18793 I PR.PopupuiReceiver_KNOX: knoxSealedHideNotiMsg : 0, knoxCheckCoverPopupState : true
10-25 21:52:02.992 18793 18793 D PR.PopupuiReceiver: actionCableConnected()
10-25 21:52:02.992 18793 18793 I PR.PopupuiReceiver: Action cable connected ! on -
10-25 21:52:02.992 3970 3970 V VRManagerServer: (VRSystemService.java:37) onBind [onBind]
10-25 21:52:03.002 3970 3998 V VRManagerServer: (VRManagerService.java:1760) QdBd [notifyDeviceEventChanged event=1(1)]
10-25 21:52:03.002 3970 3998 V VRManagerServer: (DeviceEventManager.java:75) QdBd [notifyDockStateChanged dockState=105]
10-25 21:52:03.012 3970 3970 D VRManagerServer: (VRManagerService.java:375) onReceive [action=com.samsung.intent.action.HMT_MOUNT_STICKY_EVENT sticky=true]
10-25 21:52:03.012 3970 3970 V VRManagerServer: (VRManagerService.java:378) onReceive [mountState=0]
10-25 21:52:03.032 3970 3998 V VRManagerServer: (DeviceEventManager.java:80) QdBd [docked=false mounted=false]
10-25 21:52:03.052 18319 18319 V VRSVC : (HmtService.java:31) onCreate [onCreate]
10-25 21:52:03.052 18319 18319 V VRSVC : (StereoView.java:113) wtkw [swap width-height]
10-25 21:52:03.052 18319 18319 V VRSVC : (StereoView.java:121) wtkw [widthPixel=2560 heightPixel=1440 screenWidth=12.5 screenHeight=7.100013 xdpi=520.192 ydpi=515.154 mScreenHalfWidthCm=6.25]
10-25 21:52:03.062 18319 18319 V VRSVC : (StereoView.java:348) setInterpupillaryDistance [setInterpupillaryDistance interpupillaryDistance=5.75 mInterpupillaryDistancePixel=51]
10-25 21:52:03.062 18319 18319 V VRSVC : (DockEventFactory.java:118) QdBd [OnDeviceEventListener set UserDockEvent]
10-25 21:52:03.072 18319 18319 V VRSVC : (PrefMigrationEvent.java:139) [Pref version=9]
10-25 21:52:03.072 18319 18319 E BluetoothHeadset: BTStateChangeCB is registed
10-25 21:52:03.082 18319 18319 V VRSVC : (HmtDeviceEventManager.java:109) wtkw [OnDeviceEvent onCreate start.]
10-25 21:52:03.082 18319 18901 V VRSVC : (WakeLockControlEvent.java:26) yTqX [acquire vr service wakelock]
10-25 21:52:03.092 18319 18898 D VRSVC : (LogEvent.java:31) QdBd [OnDeviceEvent onCreate topActivity=com.samsung.android.hmt.vrsvc/.WaitActivity hmtConnected=false versionCode=256000000 versionName=2.5.60 hashCode=132587375 VRAPI=11 currentUser=0]
10-25 21:52:03.092 18319 18903 V MediaPlayer: decode(38, 3054064, 17007)
10-25 21:52:03.102 18319 18901 V VRSVC : (KeyguardControlEvent.java:83) yTqX [isSecureKeyGuardLocked isKeyguardSecure=false isKeyguardLocked=false]
10-25 21:52:03.102 3126 5080 I OggExtractor: OggSource::OggSource() mExtractor ref count = 4
10-25 21:52:03.102 18319 18905 V MediaPlayer: decode(40, 3071120, 14070)
10-25 21:52:03.102 3126 5084 I OggExtractor: OggSource::OggSource() mExtractor ref count = 4
10-25 21:52:03.112 3126 5080 I OMXCodec: Attempting to allocate OMX node 'OMX.google.vorbis.decoder'
10-25 21:52:03.112 3126 5080 I OMXCodec: Successfully allocated OMX node 'OMX.google.vorbis.decoder'
10-25 21:52:03.112 3126 5080 I OMXCodec: >>>UHQA initOutputFormat 16
10-25 21:52:03.112 3126 5080 I OMXCodec: [OMX.google.vorbis.decoder] OMXCodec::start mState=1
10-25 21:52:03.112 3126 5080 I OMXCodec: [OMX.google.vorbis.decoder] allocating 4 buffers of size 8192 on input port
10-25 21:52:03.112 3126 5080 I OMXCodec: [OMX.google.vorbis.decoder] allocating 4 buffers of size 32768 on output port
10-25 21:52:03.112 3126 18907 I OMXCodec: [OMX.google.vorbis.decoder] Now Idle. Component sends idle done Event
10-25 21:52:03.112 3126 5084 I OMXCodec: Attempting to allocate OMX node 'OMX.google.vorbis.decoder'
10-25 21:52:03.122 3126 5084 I OMXCodec: Successfully allocated OMX node 'OMX.google.vorbis.decoder'
10-25 21:52:03.122 3126 5084 I OMXCodec: >>>UHQA initOutputFormat 16
10-25 21:52:03.122 3126 5084 I OMXCodec: [OMX.google.vorbis.decoder] OMXCodec::start mState=1
10-25 21:52:03.122 3126 5084 I OMXCodec: [OMX.google.vorbis.decoder] allocating 4 buffers of size 8192 on input port
10-25 21:52:03.122 3126 5084 I OMXCodec: [OMX.google.vorbis.decoder] allocating 4 buffers of size 32768 on output port
10-25 21:52:03.122 3126 18909 I OMXCodec: [OMX.google.vorbis.decoder] Now Idle. Component sends idle done Event
10-25 21:52:03.122 3126 18909 I OMXCodec: [OMX.google.vorbis.decoder] 0onCmdComplete mState = 7
10-25 21:52:03.122 3126 18909 I OMXCodec: [OMX.google.vorbis.decoder] PORT_DISABLED(1)
10-25 21:52:03.122 3126 18909 I OMXCodec: >>>UHQA initOutputFormat 16
10-25 21:52:03.122 3126 18909 I OMXCodec: [OMX.google.vorbis.decoder] allocating 4 buffers of size 32768 on output port
10-25 21:52:03.132 3126 18907 I OMXCodec: [OMX.google.vorbis.decoder] 0onCmdComplete mState = 7
10-25 21:52:03.132 3126 18907 I OMXCodec: [OMX.google.vorbis.decoder] PORT_DISABLED(1)
10-25 21:52:03.132 3126 18907 I OMXCodec: >>>UHQA initOutputFormat 16
10-25 21:52:03.132 3126 18907 I OMXCodec: [OMX.google.vorbis.decoder] allocating 4 buffers of size 32768 on output port
10-25 21:52:03.142 18319 18901 V VRSVC : (KeyguardControlEvent.java:84) wtkw [isNormalKeyGuardLocked isKeyguardSecure=false isKeyguardLocked=false]
10-25 21:52:03.142 18319 18899 V VRSVC : (SetupWizardEvent.java:152) yTqX [scenario=1(1)]
10-25 21:52:03.142 3126 18909 I OMXCodec: [OMX.google.vorbis.decoder] End Of Stream
10-25 21:52:03.142 3126 5084 I SoundExtractor: extract() reached EOS
10-25 21:52:03.142 3126 5084 I OMXCodec: [OMX.google.vorbis.decoder] stop mState=4
10-25 21:52:03.142 3126 5084 I OMXCodec: [OMX.google.vorbis.decoder] stop() sendCommand(302, OMX_CommandStateSet, OMX_StateIdle)
10-25 21:52:03.142 3126 18909 I OMXCodec: [OMX.google.vorbis.decoder] Now Idle. Component sends idle done Event
10-25 21:52:03.142 3126 5084 I OMXCodec: [OMX.google.vorbis.decoder] stopOmxComponent_l() mstate = 1
10-25 21:52:03.142 3126 5084 I OggExtractor: OggSource::stop() mExtractor ref count = 1
10-25 21:52:03.142 3126 5084 I OggExtractor: OggSource::~OggSource() mExtractor !mStarted ref count = 1
10-25 21:52:03.142 3126 5084 I OggExtractor: ~OggSource --
10-25 21:52:03.142 3126 5084 I OggExtractor: ~OggExtractor ++
10-25 21:52:03.142 3126 5084 I OggExtractor: ~MyOggExtractor ++
10-25 21:52:03.142 3126 5084 I OggExtractor: ~MyOggExtractor --
10-25 21:52:03.142 3126 5084 I OggExtractor: ~OggExtractor --
10-25 21:52:03.152 18319 18901 V VRSVC : (KeyguardControlEvent.java:86) QdBd [isSecureKeyguardLocked=false isNormalKeyguardLocked=false]
10-25 21:52:03.152 3126 18907 I OMXCodec: [OMX.google.vorbis.decoder] End Of Stream
10-25 21:52:03.152 3126 5080 I SoundExtractor: extract() reached EOS
10-25 21:52:03.152 3126 5080 I OMXCodec: [OMX.google.vorbis.decoder] stop mState=4
10-25 21:52:03.152 3126 5080 I OMXCodec: [OMX.google.vorbis.decoder] stop() sendCommand(301, OMX_CommandStateSet, OMX_StateIdle)
10-25 21:52:03.152 3126 18907 I OMXCodec: [OMX.google.vorbis.decoder] Now Idle. Component sends idle done Event
10-25 21:52:03.152 3126 5080 I OMXCodec: [OMX.google.vorbis.decoder] stopOmxComponent_l() mstate = 1
10-25 21:52:03.152 3126 5080 I OggExtractor: OggSource::stop() mExtractor ref count = 1
10-25 21:52:03.152 3126 5080 I OggExtractor: OggSource::~OggSource() mExtractor !mStarted ref count = 1
10-25 21:52:03.152 3126 5080 I OggExtractor: ~OggSource --
10-25 21:52:03.152 3126 5080 I OggExtractor: ~OggExtractor ++
10-25 21:52:03.152 3126 5080 I OggExtractor: ~MyOggExtractor ++
10-25 21:52:03.152 3126 5080 I OggExtractor: ~MyOggExtractor --
10-25 21:52:03.152 3126 5080 I OggExtractor: ~OggExtractor --
10-25 21:52:03.152 18319 18899 W VRSVC : (Util.java:575) wtkw [unknown networkOperator=]
10-25 21:52:03.162 18319 18899 V VRSVC : (SetupWizardEvent.java:162) yTqX [isScenarioChanged prevMCC=0 currentMCC=0 isForce=false]
10-25 21:52:03.162 18319 18899 I VRSVC : (SetupWizardEvent.java:165) yTqX [sim unrecognized. scenario not changed]
10-25 21:52:03.182 18319 18899 V VRSVC : (SetupWizardEvent.java:146) yTqX [setupWizardComplete=1 LAST_SDK_INT=23 elapsedTime=103]
10-25 21:52:03.182 18319 18899 V VRSVC : (SetupWizardEvent.java:147) yTqX [developerMode=false demoMode=false]
10-25 21:52:03.192 18319 18319 V VRSVC : (HmtDeviceEventManager.java:101) wtkw [OnDeviceEvent onCreate finished. elapsedTime=105]
10-25 21:52:03.192 18319 18319 V VRSVC : (HmtService.java:50) onStartCommand [onStartCommand() flags=0 startId=1 sys.hmt.connected=false]
10-25 21:52:03.192 18319 18897 V VRSVC : (HmtService.java:112) yTqX [onHandleIntent action=com.samsung.intent.action.HMT_DOCK_EVENT]
10-25 21:52:03.192 18319 18319 D VRSVC : (PhoneStateEvent.java:61) yTqX [registerPhoneListener]
10-25 21:52:03.202 18319 18319 D VRSVC : (BatteryEvent.java:72) onReceive [intent action=android.intent.action.BATTERY_CHANGED isInitialStickyBroadcast=true]
10-25 21:52:03.202 18319 18319 V VRSVC : (BatteryEvent.java:86) yTqX [handleIntentBattery batteryLevel=100 batteryStatus=3 batteryPlugged=0 batteryTemperature=263]
10-25 21:52:03.202 18319 18319 D VRSVC : (WifiEvent.java:72) onReceive [intent action=android.net.wifi.STATE_CHANGE]
10-25 21:52:03.202 18319 18897 V VRSVC : (HmtService.java:246) wtkw [handleIntentDockEvent dockState=105 docked=false mounted=false]
10-25 21:52:03.202 18319 18319 V VRSVC : (SoundUtil.java:77) onLoadComplete [onLoadComplete sampleId=1 status=0]
10-25 21:52:03.202 18319 18319 V VRSVC : (SoundUtil.java:77) onLoadComplete [onLoadComplete sampleId=1 status=0]
10-25 21:52:03.212 18319 18319 V VRSVC : (PhoneStateEvent.java:85) onCallStateChanged [onCallStateChanged stat=0]
10-25 21:52:03.212 18319 18319 D VRSVC : (PhoneStateEvent.java:89) onCallStateChanged [CALL_STATE_IDLE]
10-25 21:52:03.222 18319 18897 V VRSVC : (HmtDeviceEventManager.java:109) wtkw [OnDeviceEvent onPreDock start.]
10-25 21:52:03.222 18319 18898 D VRSVC : (LogEvent.java:42) bHGb [OnDeviceEvent onPreDock]
10-25 21:52:03.222 18319 18898 V VRSVC : (HmtDockEvent.java:70) wtkw [sendStickyDockEvent]
10-25 21:52:03.262 3520 4534 D SecContentProvider2: query(), uri = 13 selection = isMultiWindowModeAllowedAsUser
10-25 21:52:03.262 3520 3582 D MultiPhoneWindowManager: updateSetting mEnableMultiWindowUISetting = 0
10-25 21:52:03.262 3520 3582 D PersonaManager: getForegroundUser
10-25 21:52:03.282 3520 3582 I MultiPhoneWindowManager: updateMultiWindowTrayBar() -> stopService : com.sec.android.app.FlashBarService.MultiWindowTrayService
10-25 21:52:03.302 18319 18901 D VRSVC : (MultiWindowControlEvent.java:30) yTqX [startVR (multi_window_enabled) changed. [1->0] (value=0 prevValue=0 currentValue=1 type=Settings.System)]
10-25 21:52:03.302 18319 18897 V VRSVC : (HmtDeviceEventManager.java:101) wtkw [OnDeviceEvent onPreDock finished. elapsedTime=78]
10-25 21:52:03.302 18319 18897 V VRSVC : (HmtDeviceEventManager.java:109) wtkw [OnDeviceEvent onDock start.]
10-25 21:52:03.302 18319 18319 D VRSVC : (MonoScreenEvent.java:84) yTqX [showMonoForeground animate=false]
10-25 21:52:03.302 18319 18901 D VRSVC : (UserDockEvent.java:54) AmLH [onDock]
10-25 21:52:03.302 18319 18901 D VRSVC : (UserDockEvent.java:59) wtkw [isOOBErunning=false]
10-25 21:52:03.302 18319 18910 V VRSVC : (SoundUtil.java:86) run [play() await....]
10-25 21:52:03.302 18319 18910 V VRSVC : (SoundUtil.java:94) run [play() mLoadedSound=1]
10-25 21:52:03.302 18319 18899 V VRSVC : (DeviceEvent.java:20) yTqX [enableDeviceEventReceiver]
10-25 21:52:03.312 3520 4850 D PackageManager: setEnabledSetting : userId = 0 packageName = com.samsung.android.hmt.vrsvc cmp = com.samsung.android.hmt.vrsvc.receiver.DeviceEventReceiver newState = 1 callingPackage = 1000
10-25 21:52:03.312 18319 18901 V VRSVC : (UserDockEvent.java:63) AmLH [isSetupWizardComplete=1 mOOBERunning=false]
10-25 21:52:03.322 18319 18901 V VRSVC : (UserDockEvent.java:64) AmLH [mTopActivityWhenDock=ComponentInfo{com.samsung.android.hmt.vrsvc/com.samsung.android.hmt.vrsvc.WaitActivity} hybrid2DActivity=true]
10-25 21:52:03.322 18319 18899 V VRSVC : (WakeLockControlEvent.java:32) tWfk [acquire vr dock wakelock]
10-25 21:52:03.332 18319 18319 D ViewRootImpl: #1 mView = android.widget.FrameLayout{d6fa6b9 V.E...... ......ID 0,0-0,0 #7f0b0031 app:id/mono_layout}
10-25 21:52:03.332 18319 18899 V VRSVC : (ScreenEvent.java:94) AmLH [send lcd off message... by onDock timeout=10000]
10-25 21:52:03.332 18319 18910 W AudioTrack: AUDIO_OUTPUT_FLAG_FAST denied by client; transfer 4, track 44100 Hz, output 48000 Hz
10-25 21:52:03.342 3126 5080 W AudioPolicyIntefaceImpl: Skipped to add effects on session 533
10-25 21:52:03.342 3126 5080 I APM::AudioPolicyManager: startOutput() output 4, stream 5, session 533
10-25 21:52:03.342 3520 4750 D ISSUE_DEBUG: InputChannelName : d1376cb Mono foreground window
10-25 21:52:03.352 3126 3796 D audio_hw_primary: out_set_parameters: enter: kvpairs: routing=2
10-25 21:52:03.352 3126 3796 D AudioFlinger: setCurDevice() 0x2
10-25 21:52:03.352 18319 18319 D VRSVC : (MonoScreenEvent.java:88) yTqX [showMonoBackground]
10-25 21:52:03.362 18319 18319 D ViewRootImpl: #1 mView = android.widget.FrameLayout{404c25f V.E...... ......ID 0,0-0,0 #7f0b0031 app:id/mono_layout}
10-25 21:52:03.362 3126 3796 I AudioMixer: create resampler src 44100, 2, dst 48000, 2
10-25 21:52:03.362 3126 3796 D SoundAliveResampler: [SoundAliveResampler] Init+++
10-25 21:52:03.362 3126 3796 V audio_hw_primary: start_output_stream+, out->device : 00000002 , out->type = 1
10-25 21:52:03.362 3520 3543 D ISSUE_DEBUG: InputChannelName : 8c3edc1 Mono background window
10-25 21:52:03.372 3099 3099 I SurfaceFlinger: id=890 createSurf (1440x2560),1 flag=404, Nono foregr
10-25 21:52:03.392 18319 18900 D VRSVC : (LogEvent.java:48) AmLH [OnDeviceEvent onDock topActivity=com.samsung.android.hmt.vrsvc/.WaitActivity hmtConnected=true]
10-25 21:52:03.392 18319 18900 V VRSVC : (VRModeEvent.java:21) yTqX [setVRMode enable=true]
10-25 21:52:03.392 18319 18898 D VRSVC : (KillBackgroundProcessEvent.java:25) yTqX [killBackgroundProcesses]
10-25 21:52:03.392 18319 18353 D mali_winsys: new_window_surface returns 0x3000, [1440x2560]-format:1
10-25 21:52:03.412 18319 18898 D VRSVC : (Util.java:326) yTqX [killBackgroundProcess ignored. packageName=com.samsung.android.hmt.vrsvc isVRApplication=true]
10-25 21:52:03.422 18319 18898 D VRSVC : (Util.java:321) yTqX [killBackgroundProcess request. packageName=com.sec.android.app.myfiles isVRApplication=false]
10-25 21:52:03.422 18319 18901 I VRSVC : (UserDockEvent.java:106) AmLH [start MonoActivity ignored!. vrActivityMode=none]
10-25 21:52:03.422 18319 18901 V VRSVC : (Util.java:1697) wtkw [updateSurfaceComposer value=1]
10-25 21:52:03.422 3970 17298 V VRManagerServer: (VRManagerService.java:1529) wtkw [hmt_on=0 hmt_bright=index : 34, brightenss : 229]
10-25 21:52:03.422 3970 17298 V VRManagerServer: (VRManagerService.java:913) wtkw [setCoreMinlock : (0)]
10-25 21:52:03.422 3970 17298 V VRManagerServer: (VRManagerService.java:1553) wtkw [setVRMode enable=true]
10-25 21:52:03.422 3970 3970 V VRManagerServer: (VRManagerService.java:323) handleMessage [handleMessage() what=1]
10-25 21:52:03.422 3970 3970 V VRManagerServer: (VRManagerService.java:1559) vqCz [handleVRMode enable=true]
10-25 21:52:03.432 3126 3796 D audio_hw_primary: start_output_stream (0xf17eca80) out->pcm_device:6 out->config.rate:48000 out->config.format:0 out->period_size:240
10-25 21:52:03.432 3126 3796 D audio_hw_primary: start_output_stream (0xf17eca80) out->config.rate:48000 out->config.format:0 out->period_size:240
10-25 21:52:03.432 3126 3796 V audio_hw_primary: select_devices output_scenario:0 input_scenario:-1 out_snd_device 0x2 in_snd_device:0x0
10-25 21:52:03.432 3126 3796 I audio_route:
10-25 21:52:03.432 3126 3796 I audio_route: > audio_route_reset :
10-25 21:52:03.432 3126 3796 I audio_route:
10-25 21:52:03.432 3126 3796 I audio_route: > audio_route_apply_path : "media-speaker"
10-25 21:52:03.432 3970 3970 V VRManagerServer: (VRManagerService.java:1694) ZzLN [updateComfortableView enable=false]
10-25 21:52:03.432 3970 3970 V VRManagerServer: (VRManagerService.java:1645) snDW [updateColorTemperature value=4]
10-25 21:52:03.432 3099 3099 I SurfaceFlinger: id=891 createSurf (1440x2560),1 flag=404, Nono backgr
10-25 21:52:03.432 3099 4094 I SurfaceFlinger: Changed mForceFullDamage value to 1
10-25 21:52:03.432 3970 3970 V VRManagerServer: (VRManagerService.java:1727) IOpR [updateLowPersistence enable=true]
10-25 21:52:03.442 3970 3970 W VRManagerServer: (VRManagerService.java:1737) IOpR [/sys/class/lcd/panel/hmt_low_persistence doesn't exist. updateLowPersistence ignored]
10-25 21:52:03.442 3970 3970 V VRManagerServer: (VRManagerService.java:1611) vqCz [updateBright value=229]
10-25 21:52:03.442 18319 18898 V VRSVC : (Util.java:330) yTqX [killBackgroundProcesses elapsedTime=47]
10-25 21:52:03.452 3970 3998 V VRManagerServer: (VRManagerService.java:1301) wtkw [setSystemOption option=inflight value=2]
10-25 21:52:03.452 3970 3998 W VRManagerServer: (VRManagerService.java:1315) wtkw [set inflight ignored. hardware=samsungexynos7420]
10-25 21:52:03.462 18319 18898 W VRSVC : (Util.java:949) wtkw [updateAdrenoConfig ignored!]
