10-25 21:52:36.352 18958 19079 I VrApi_Clocks: SetSchedFifo( tid=18971, pri=1 ) succeeded
10-25 21:52:36.352 18958 19079 D VrApi : setSchedFifoStatic tid:18971 pto:1
10-25 21:52:36.352 3520 8428 D SSRM:n : SIOP:: AP = 340, PST = 282 (W:16), CP = 261, CUR = 751, LCD = 191
10-25 21:52:36.352 3520 4387 V VRManagerService: ---- elevateProcessThread 'com.foo.ProductName' requestPriority(pid=18958, tid=18971, prio=1 ----
10-25 21:52:36.362 3970 17522 V VRManagerServer: (VRManagerService.java:401) yTqX [setThreadSchedFifo pkg=com.foo.ProductName pid=18958 tid=18971 prio=1]
10-25 21:52:36.362 3970 17522 V VRManagerServer: (VRManagerService.java:405) yTqX [setAffinity pid=18971 cpus=[4, 5, 6, 7]]
10-25 21:52:36.362 18319 18319 D ViewRootImpl: #3 mView = null
10-25 21:52:36.362 18958 19079 D VRManagerGearVR: VRManager set thread priority to 1
10-25 21:52:36.362 18958 19079 I VrApi_Clocks: SetSchedFifo( tid=18971, pri=1 ) succeeded
10-25 21:52:36.362 18958 19079 W TimeWarp: VSync 5014889: eye=1,late=12.8ms,over=0.0ms,CPU=0.4ms,GPU>=0.0
10-25 21:52:36.362 3520 4928 V VRManagerService: ---- elevateProcessThread 'com.foo.ProductName' requestPriority(pid=18958, tid=18971, prio=1 ----
10-25 21:52:36.372 3520 3543 D KnoxTimeoutHandler: notifyActivityDrawn [MsgParam] userId: 0 fullscreen is true showWhenlocked is true
10-25 21:52:36.372 3520 3520 D KnoxTimeoutHandler: activityDrawn [MsgParam] userId: 0 fullscreen is true showWhenlocked is true
10-25 21:52:36.372 3520 3520 I KnoxTimeoutHandler: SD activityfalse
10-25 21:52:36.392 18958 19046 I OVR : DeviceManagerThread - poll(fds,2,2) = 0 (Tid=19046)
10-25 21:52:36.392 3520 4533 V AlarmManager: remove PendingIntent] PendingIntent{82385a0: PendingIntentRecord{6d30b30 com.oculus.home broadcastIntent}}
10-25 21:52:36.402 19289 19322 I System.out: (HTTPLog)-Static: isSBSettingEnabled false
10-25 21:52:36.402 19289 19322 I System.out: (HTTPLog)-Static: isSBSettingEnabled false
10-25 21:52:36.402 19289 19322 W ActivityThread: ClassLoader.loadClass: The class loader returned by Thread.getContextClassLoader() may fail for processes that host multiple applications. You should explicitly specify a context class loader. For example: Thread.setContextClassLoader(getClass().getClassLoader());
10-25 21:52:36.412 3110 3781 D EnterpriseController: netId is 0
10-25 21:52:36.412 3110 3781 D Netd : getNetworkForDns: using netid 502 for uid 10220
10-25 21:52:36.442 18958 19079 D VrApi : setSchedFifoStatic tid:18971 pto:0
10-25 21:52:36.452 3970 3998 V VRManagerServer: (VRManagerService.java:401) yTqX [setThreadSchedFifo pkg=com.foo.ProductName pid=18958 tid=18971 prio=0]
10-25 21:52:36.452 3970 3998 V VRManagerServer: (VRManagerService.java:405) yTqX [setAffinity pid=18971 cpus=[4, 5, 6, 7]]
10-25 21:52:36.452 18958 19079 D VRManagerGearVR: VRManager set thread priority to 0
10-25 21:52:36.452 18958 19079 I VrApi_Clocks: SetSchedFifo( tid=18971, pri=0 ) succeeded
10-25 21:52:36.452 18958 19079 D VrApi : setSchedFifoStatic tid:18971 pto:0
10-25 21:52:36.452 3970 3999 V VRManagerServer: (VRManagerService.java:401) yTqX [setThreadSchedFifo pkg=com.foo.ProductName pid=18958 tid=18971 prio=0]
10-25 21:52:36.452 3520 4925 V VRManagerService: ---- demoteProcessThread 'com.foo.ProductName' requestPriority(pid=18958, tid=18971, prio=0 ----
10-25 21:52:36.462 3970 3999 V VRManagerServer: (VRManagerService.java:405) yTqX [setAffinity pid=18971 cpus=[4, 5, 6, 7]]
10-25 21:52:36.462 18958 19046 I OVR : DeviceManagerThread - event 43 (500Hz) (Tid=19046)
10-25 21:52:36.462 18958 19079 D VRManagerGearVR: VRManager set thread priority to 0
10-25 21:52:36.462 18958 19079 I VrApi_Clocks: SetSchedFifo( tid=18971, pri=0 ) succeeded
10-25 21:52:36.462 18958 19079 W TimeWarp: VSync 5014895: eye=1,late=8.5ms,over=0.0ms,CPU=0.5ms,GPU>=0.0
10-25 21:52:36.462 3520 4604 V VRManagerService: ---- demoteProcessThread 'com.foo.ProductName' requestPriority(pid=18958, tid=18971, prio=0 ----
10-25 21:52:36.492 18958 19079 D VrApi : setSchedFifoStatic tid:18971 pto:1
10-25 21:52:36.502 3970 17298 V VRManagerServer: (VRManagerService.java:401) yTqX [setThreadSchedFifo pkg=com.foo.ProductName pid=18958 tid=18971 prio=1]
10-25 21:52:36.502 3970 17298 V VRManagerServer: (VRManagerService.java:405) yTqX [setAffinity pid=18971 cpus=[4, 5, 6, 7]]
10-25 21:52:36.502 18958 19079 D VRManagerGearVR: VRManager set thread priority to 1
10-25 21:52:36.502 18958 19079 I VrApi_Clocks: SetSchedFifo( tid=18971, pri=1 ) succeeded
10-25 21:52:36.502 18958 19079 D VrApi : setSchedFifoStatic tid:18971 pto:1
10-25 21:52:36.502 3126 3677 I APM::AudioPolicyManager: stopOutput() output 4, stream 3, session 537
10-25 21:52:36.502 3520 5770 V VRManagerService: ---- elevateProcessThread 'com.foo.ProductName' requestPriority(pid=18958, tid=18971, prio=1 ----
10-25 21:52:36.512 3970 3998 V VRManagerServer: (VRManagerService.java:401) yTqX [setThreadSchedFifo pkg=com.foo.ProductName pid=18958 tid=18971 prio=1]
10-25 21:52:36.512 3970 3998 V VRManagerServer: (VRManagerService.java:405) yTqX [setAffinity pid=18971 cpus=[4, 5, 6, 7]]
10-25 21:52:36.512 18958 19079 D VRManagerGearVR: VRManager set thread priority to 1
10-25 21:52:36.512 18958 19079 I VrApi_Clocks: SetSchedFifo( tid=18971, pri=1 ) succeeded
10-25 21:52:36.512 18958 19079 W TimeWarp: VSync 5014898: eye=1,late=11.8ms,over=0.0ms,CPU=0.4ms,GPU>=0.0
10-25 21:52:36.512 3520 4392 V VRManagerService: ---- elevateProcessThread 'com.foo.ProductName' requestPriority(pid=18958, tid=18971, prio=1 ----
10-25 21:52:36.522 18958 19046 I OVR : DeviceManagerThread - poll error event 43 (Tid=19046)
10-25 21:52:36.522 18958 19046 I OVR : OVR::Android::HIDDevice - ReadError: fd 43, ReadBufferSize 96, BytesRead -1, errno 5
10-25 21:52:36.522 18958 19046 I OVR : OVR::Android::HIDDevice - Lost connection to vid=04e8:pid=a500:ser=R322XXU0AOJ1
10-25 21:52:36.522 18958 19046 I OVR : DeviceManagerThread::RemoveSelectFd 43 (Tid=19046)
10-25 21:52:36.522 18958 19046 I OVR : OVR::Android::HIDDevice - Closed vid=04e8:pid=a500:ser=R322XXU0AOJ1
10-25 21:52:36.522 18958 19046 I HmdSensors: HmdSensors::OnMessage: removed Device_Sensor (tid=19046, cnt=1)
10-25 21:52:36.522 18319 18349 V VRSVC : (HmtSensorObserver.java:34) onEvent [onEvent() event=512 path=ovr0 isVRMode=true]
10-25 21:52:36.522 18319 18349 V VRSVC : (HmtSensorObserver.java:36) onEvent [sensor detached!]
10-25 21:52:36.522 18319 18897 V VRSVC : (HmtDeviceEventManager.java:109) wtkw [OnDeviceEvent onSensorDetached start.]
10-25 21:52:36.522 18319 18899 D VRSVC : (LogEvent.java:110) bToQ [OnDeviceEvent onSensorDetached hmtConnected=true]
10-25 21:52:36.522 3520 4018 I EventHub: Removing device sec_hmt Gear VR due to epoll hang-up event.
10-25 21:52:36.522 3520 4018 I EventHub: Removed device: path=/dev/input/event18 name=sec_hmt Gear VR id=49 fd=407 classes=0x80000008
10-25 21:52:36.522 3520 3985 D UsbHostManager: onUEvent(device) :: action = remove, devtype = usb_interface, device = null, product = 4e8/a500/0, type = 0/0/0, interface = 3/0/0, devpath = /devices/15400000.usb/15400000.dwc3/xhci-hcd.2.auto/usb1/1-1/1-1:1.0
10-25 21:52:36.522 3520 3985 D UsbHostManager: displayNotification : [03h,00h,00h]
10-25 21:52:36.532 18319 18897 V VRSVC : (HmtDeviceEventManager.java:101) wtkw [OnDeviceEvent onSensorDetached finished. elapsedTime=1]
10-25 21:52:36.532 18958 19046 I HmdSensors: HmdSensors::OnMessage: removed Device_Sensor (tid=19046, cnt=1)
10-25 21:52:36.532 18958 19046 I OVR : OVR::SensorDevice - Closed 'vid=04e8:pid=a500:ser=R322XXU0AOJ1'
10-25 21:52:36.532 18958 19079 I HmdSensors: HmdSensors::GetPredictedSensorState: wait for sensor (tid=19079)
10-25 21:52:36.532 18958 19046 I OVR : PhoneSensors::~PhoneSensors()
10-25 21:52:36.532 3520 3542 E Sensors : Mag old sensor_state 5, new sensor_state : 1 en : 0
10-25 21:52:36.592 18958 19046 I OVR : OVR::Android::HIDDevice - Shutdown vid=04e8:pid=a500:ser=R322XXU0AOJ1
10-25 21:52:36.592 18958 19079 I HmdSensors: HmdSensors::GetPredictedSensorState: wait for sensor (tid=19079)
10-25 21:52:36.592 18958 19079 I TimeWarp: Adjusting 5014902.67 > 5014899 to 5014903
10-25 21:52:36.592 18319 18319 V VRSVC : (HmtSensorEvent.java:117) run [mHandler run() mounted=true taConnected=false]
10-25 21:52:36.592 18319 18319 V VRSVC : (HmtSensorEvent.java:334) handleMessage [sensor closed!]
10-25 21:52:36.592 3520 3985 D UsbHostManager: onUEvent(device) :: action = remove, devtype = usb_interface, device = null, product = 4e8/a500/0, type = 0/0/0, interface = 3/1/2, devpath = /devices/15400000.usb/15400000.dwc3/xhci-hcd.2.auto/usb1/1-1/1-1:1.1
10-25 21:52:36.592 3520 3985 D UsbHostManager: displayNotification : [03h,01h,02h]
10-25 21:52:36.612 18958 19079 W TimeWarp: VSync 5014904: eye=1,late=0.0ms,over=0.0ms,CPU=0.4ms,GPU>=7.9
10-25 21:52:36.612 18958 19079 D VrApi : setSchedFifoStatic tid:18971 pto:0
10-25 21:52:36.612 3970 17298 V VRManagerServer: (VRManagerService.java:401) yTqX [setThreadSchedFifo pkg=com.foo.ProductName pid=18958 tid=18971 prio=0]
10-25 21:52:36.622 3970 17298 V VRManagerServer: (VRManagerService.java:405) yTqX [setAffinity pid=18971 cpus=[4, 5, 6, 7]]
10-25 21:52:36.622 3970 3999 V VRManagerServer: (VRManagerService.java:1760) QdBd [notifyDeviceEventChanged event=2(2)]
10-25 21:52:36.622 3970 3999 V VRManagerServer: (DeviceEventManager.java:75) QdBd [notifyDockStateChanged dockState=0]
10-25 21:52:36.622 18958 19098 I VrApi : FPS=8,Prd=46ms,Tear=17,Early=0,Stale=64,VSnc=1,Lat=1,CPU4/GPU=2/2,1000/420MHz,OC=FF,TA=F0/F0/F0/F0,SP=F/F/F/F,Mem=1026MHz,Free=1361MB,PSM=0,PLS=0,Temp=26.3C/28.5C
10-25 21:52:36.622 3520 3985 I DockObserver: Dock UEVENT: {SUBSYSTEM=switch, SEQNUM=21852, ACTION=change, SWITCH_STATE=0, SWITCH_NAME=dock, DEVPATH=/devices/virtual/switch/dock}
10-25 21:52:36.622 3520 3985 D PowerManagerService: [api] [s] wakeUp (uid: 1000 pid: 3520) eventTime = 84997714
10-25 21:52:36.622 3520 3520 I DockObserver: Dock state changed from 105 to 0
10-25 21:52:36.622 3520 3520 I DockObserver: HMT is disconnected
10-25 21:52:36.622 3520 3520 V VRManagerService: notifyDeviceEventChanged event=2(2)
10-25 21:52:36.622 3520 18887 V VRManagerService: handleDeviceEventChanged event=2(2)
10-25 21:52:36.632 18958 19079 D VRManagerGearVR: VRManager set thread priority to 0
10-25 21:52:36.632 18958 19079 I VrApi_Clocks: SetSchedFifo( tid=18971, pri=0 ) succeeded
10-25 21:52:36.632 18958 19079 D VrApi : setSchedFifoStatic tid:18971 pto:0
10-25 21:52:36.632 3520 3520 D EdgeLight: Turning off
10-25 21:52:36.632 3520 4533 V VRManagerService: ---- demoteProcessThread 'com.foo.ProductName' requestPriority(pid=18958, tid=18971, prio=0 ----
10-25 21:52:36.632 3520 3985 V UsbHostManager: USB HOST UEVENT: {DEVNAME=usb_otg, SUBSYSTEM=host_notify, SEQNUM=21853, STATE=REMOVE, ACTION=change, DEVPATH=/devices/virtual/host_notify/usb_otg}
10-25 21:52:36.632 3520 3985 D UsbHostManager: turnOnLcd ::
10-25 21:52:36.632 3520 3985 D PowerManagerService: [api] [s] wakeUp (uid: 1000 pid: 3520) eventTime = 84997724
10-25 21:52:36.632 3520 4064 D UsbHostNotification: send the timeout : current 1477457556646, vailed = 27801, displayed = 1477457525845
10-25 21:52:36.632 3520 4064 D UsbHostNotification: setUsbObserverNotification : cancel id = 998563545, device = UsbDevices
10-25 21:52:36.632 3520 4064 D UsbHostNotification: setUsbObserverNotification : cancel id = 998563545, device = UsbDevices
10-25 21:52:36.632 3520 3520 D LightsService: [api] [SvcLED] turnOff:: id = 6 (uid: 1000 pid: 3520)
10-25 21:52:36.632 3520 4064 D UsbHostNotification: setUsbObserverNotification : notify id = 998563545, device = UsbDevices, title = null
10-25 21:52:36.632 3520 3520 D LightsService: [SvcLED] setSvcLedStateLocked:: SvcLEDState : 0x0 -> 0x0 | SvcLED(id=6) set Off
10-25 21:52:36.632 3520 3610 D LightsService: [SvcLED] handleForcedSvcLEDTask()
10-25 21:52:36.632 3520 3610 D LightsService: [SvcLED] setSvcLedLightLocked :: Current SvcLED(id=5) maintains its priority right
10-25 21:52:36.632 3520 3520 D MARsPolicyManager: NotificationListenerService OngoingNotificationRemoved : android
10-25 21:52:36.632 3520 3985 D UsbHostManager: Send USB OTG CABLE Connection intent (Disconnected)
10-25 21:52:36.642 3520 4018 I InputReader: Device removed: id=49, name='sec_hmt Gear VR', sources=0x00002002
10-25 21:52:36.642 3520 4018 I InputReader: VRInputMapper::reset
10-25 21:52:36.642 3520 4018 I InputReader: VRInputMapper::~VRInputMapper
10-25 21:52:36.642 3520 4018 W EventHub: could not get event, removed? (fd: 408 size: -1 bufferSize: 256 capacity: 256 errno: 19)
10-25 21:52:36.642 3520 4018 I EventHub: Removed device: path=/dev/input/event19 name=sec_hmt Gear VR id=50 fd=408 classes=0x80000001
10-25 21:52:36.642 3520 4017 I InputDispatcher: Delivering touch to (18958): action: 0xa, toolType: 3
10-25 21:52:36.642 3520 4098 D UsbHostManager: usbDeviceRemoved : /dev/bus/usb/002/001
10-25 21:52:36.642 3520 4098 E UsbHostManager: usbDeviceRemoved :: deviceName = /dev/bus/usb/002/001
10-25 21:52:36.642 3520 4098 D UsbHostManager: usbDeviceRemoved : /dev/bus/usb/001/002
10-25 21:52:36.642 3520 4098 E UsbHostManager: usbDeviceRemoved :: deviceName = /dev/bus/usb/001/002
10-25 21:52:36.642 3520 4098 D UsbHostManager: displayNotification : [03h,01h,02h]
10-25 21:52:36.642 3520 4098 D UsbHostManager: turnOnLcd ::
10-25 21:52:36.642 3520 3985 V UsbHostRestrictor: USB HOST UEVENT: {DEVNAME=usb_otg, SUBSYSTEM=host_notify, SEQNUM=21853, STATE=REMOVE, ACTION=change, DEVPATH=/devices/virtual/host_notify/usb_otg}
10-25 21:52:36.642 3520 3985 D UsbHostRestrictor: turnOnLcd ::
10-25 21:52:36.642 3520 4098 D PowerManagerService: [api] [s] wakeUp (uid: 1000 pid: 3520) eventTime = 84997735
10-25 21:52:36.642 3520 3985 D PowerManagerService: [api] [s] wakeUp (uid: 1000 pid: 3520) eventTime = 84997736
10-25 21:52:36.652 18319 18934 V VRSVC : (NotificationListener.java:35) onNotificationRemoved [android_Notification(pri=-2 contentView=null vibrate=null sound=null defaults=0x0 flags=0x2 color=0x00000000 vis=PUBLIC secFlags=0x0 secPriority=0)_998563545]
10-25 21:52:36.652 17268 17278 D CatchNotificationsService: onNotificationRemoved
10-25 21:52:36.652 17268 17278 D CatchNotificationsService: Notification removed
10-25 21:52:36.652 4371 9312 D PeopleNotiListenerService: onEdgeNotificationRemoved() : pkg android,id=0,extra=Bundle[mParcelledData.dataSize=112]
10-25 21:52:36.652 4130 4130 D PhoneStatusBar: removeNotification key=-1|android|998563545|null|1000 old=StatusBarNotification(pkg=android user=UserHandle{-1} id=998563545 tag=null score=-20 key=-1|android|998563545|null|1000: Notification(pri=-2 contentView=android/0x10900a3 vibrate=null sound=null defaults=0x0 flags=0x2 color=0x00000000 vis=PUBLIC secFlags=0x0 secPriority=0))
10-25 21:52:36.652 4130 4130 D PhoneStatusBar: setAreThereNotifications: N=3 any=true clearable=true
10-25 21:52:36.652 4371 4371 D PeopleNotiListenerService: removeEdgeNotification:Bundle[{samsung.notification.id=0, samsung.people.package_name=android, samsung.people.notification_type=led_indicator}]
10-25 21:52:36.652 4371 4371 I PeopleStripeService: PeopleNotificationReceiver:3
10-25 21:52:36.652 4371 4371 I PeopleStripeService: sendEdgeNotification peopleEnabled true lightingEnabled false edgeEnabled true
10-25 21:52:36.652 4371 4371 I PeopleDataManager: removeNotification
10-25 21:52:36.652 4371 4371 I NotificationParser: getNotiType:android,led_indicator
10-25 21:52:36.652 4371 4371 D PeopleDataManager: removeNotiInfo: id =0,packageName=android,isEdgeNotification=true,key=null,removeAll=false
10-25 21:52:36.652 4371 4371 D PeopleDataManager: removeNotiInfo =null
10-25 21:52:36.662 4371 9312 D PeopleNotiListenerService: onEdgeNotificationRemoved() : pkg android,id=998563545,extra=Bundle[mParcelledData.dataSize=84]
10-25 21:52:36.662 4371 4371 D PeopleNotiListenerService: removeEdgeNotification:Bundle[{samsung.notification.id=998563545, samsung.notification.type=normal, samsung.people.package_name=android}]
10-25 21:52:36.662 3520 4064 D ApplicationPolicy: isStatusBarNotificationAllowedAsUser: packageName = android,userId = -1
10-25 21:52:36.662 4371 4371 I PeopleStripeService: PeopleNotificationReceiver:3
10-25 21:52:36.662 4371 4371 I PeopleStripeService: sendEdgeNotification peopleEnabled true lightingEnabled false edgeEnabled true
10-25 21:52:36.662 4371 4371 I PeopleDataManager: removeNotification
10-25 21:52:36.662 4371 4371 I NotificationParser: getNotiType:android,null
10-25 21:52:36.662 4371 4371 D PeopleDataManager: removeNotiInfo: id =998563545,packageName=android,isEdgeNotification=false,key=null,removeAll=false
10-25 21:52:36.662 4371 4371 D PeopleDataManager: removeNotiInfo =null
10-25 21:52:36.662 4371 9312 D PeopleNotiListenerService: onEdgeNotificationRemoved() : pkg android,id=998563545,extra=Bundle[mParcelledData.dataSize=84]
10-25 21:52:36.662 4371 4371 D PeopleNotiListenerService: removeEdgeNotification:Bundle[{samsung.notification.id=998563545, samsung.notification.type=normal, samsung.people.package_name=android}]
10-25 21:52:36.662 4371 4371 I PeopleStripeService: PeopleNotificationReceiver:3
10-25 21:52:36.662 4371 4371 I PeopleStripeService: sendEdgeNotification peopleEnabled true lightingEnabled false edgeEnabled true
10-25 21:52:36.662 4371 4371 I PeopleDataManager: removeNotification
10-25 21:52:36.662 4371 4371 I NotificationParser: getNotiType:android,null
10-25 21:52:36.662 4371 4371 D PeopleDataManager: removeNotiInfo: id =998563545,packageName=android,isEdgeNotification=false,key=null,removeAll=false
10-25 21:52:36.662 4371 4371 D PeopleDataManager: removeNotiInfo =null
10-25 21:52:36.662 4523 4523 I CocktailBarUiController: onUpdateCocktail: 4
10-25 21:52:36.662 4523 4523 I CocktailBarPanelManager: updatePanelItem: updateContainedPanel - 4
10-25 21:52:36.662 4523 4523 D CatchNotificationsView: setData
10-25 21:52:36.662 4523 4523 D CatchNotificationsView: Notification removed
10-25 21:52:36.662 4523 4523 D CatchNotificationsView: No notifications left to remove
10-25 21:52:36.662 4523 4523 D CatchNotificationsView: makeNoNotificationsPanel
10-25 21:52:36.662 18632 18632 I DeviceStateReceiver: onReceive
10-25 21:52:36.662 18632 18632 V DeviceStateReceiver: beginStartingService
10-25 21:52:36.662 4523 4523 D PanelDescriptionView: updateHelpView: Apps edge2130903045 --> 2130903045 helpview reapplied:0
10-25 21:52:36.662 3520 4064 D UsbHostNotification: send the timeout : current 1477457556672, vailed = -2975, displayed = 1477457556647
10-25 21:52:36.662 3520 4064 D UsbHostNotification: send the timeout : current 1477457556672, vailed = -2975, displayed = 1477457556647
10-25 21:52:36.662 3520 3581 V BroadcastQueue: [background] Process cur broadcast BroadcastRecord{396d559 u-1 com.samsung.UsbOtgCableConnection qIdx=4}, state= (APP_RECEIVE) DELIVERED for app ProcessRecord{81cec81 18632:com.sec.app.TransmitPowerService/u0a76}
10-25 21:52:36.662 4523 4523 W ResourcesManager: getTopLevelResources: /system/priv-app/AppsEdgePanel/AppsEdgePanel.apk / 1.0 running in com.samsung.android.app.cocktailbarservice rsrc of package com.samsung.android.app.appsedge
10-25 21:52:36.662 4523 4523 W ResourcesManager: getTopLevelResources: /system/priv-app/AppsEdgePanel/AppsEdgePanel.apk / 1.0 running in com.samsung.android.app.cocktailbarservice rsrc of package com.samsung.android.app.appsedge
10-25 21:52:36.672 4523 4523 D CocktailBarUiController: postUpdatePanel: 257
10-25 21:52:36.672 4523 4523 W ResourcesManager: getTopLevelResources: /system/priv-app/AppsEdgePanel/AppsEdgePanel.apk / 1.0 running in com.samsung.android.app.cocktailbarservice rsrc of package com.samsung.android.app.appsedge
10-25 21:52:36.732 3520 4392 D BatteryService: !@BatteryListener : batteryPropertiesChanged!
10-25 21:52:36.732 3520 4392 D BatteryService: level:100, scale:100, status:3, health:2, present:true, voltage: 4095, temperature: 264, technology: Li-ion, AC powered:false, USB powered:false, POGO powered:false, Wireless powered:false, icon:17303399, invalid charger:0, maxChargingCurrent:0
10-25 21:52:36.732 3520 4392 D BatteryService: online:1, current avg:-705, charge type:0, power sharing:false, high voltage charger:false, capacity:280000, batterySWSelfDischarging:false, current_now:-825
10-25 21:52:36.762 3520 4018 I EventHub: Removing device '/dev/input/event18' due to inotify event
10-25 21:52:36.762 3520 4018 I EventHub: Removing device '/dev/input/event19' due to inotify event
10-25 21:52:36.762 3520 4018 I InputReader: Device removed: id=50, name='sec_hmt Gear VR', sources=0x00000101
10-25 21:52:36.762 3520 4018 I InputReader: VRKeyboardInputMapper::reset
10-25 21:52:36.762 3520 4018 I InputReader: VRKeyboardInputMapper::~VRKeyboardInputMapper
10-25 21:52:36.762 3520 4017 D KnoxTimeoutHandler: notifyActivityDrawn [MsgParam] userId: 0 fullscreen is true showWhenlocked is true
10-25 21:52:36.762 3520 4098 D UsbHostManager: send mouse intent (dettached) : DEVICE_NAME = /dev/bus/usb/001/002, DEVICE_COUNTER = 0, DEVICE_FUNCTIONS =
10-25 21:52:36.762 3520 4098 D UsbSettingsManager: usbDeviceRemoved, sending Intent { act=android.hardware.usb.action.USB_DEVICE_DETACHED (has extras) }
10-25 21:52:36.762 3520 4098 D UsbHostManager: usbDeviceRemoved : /dev/bus/usb/001/001
10-25 21:52:36.762 3520 3985 D UsbHostManager: onUEvent(device) :: action = remove, devtype = usb_interface, device = null, product = 1d6b/3/310, type = 9/0/3, interface = 9/0/0, devpath = /devices/15400000.usb/15400000.dwc3/xhci-hcd.2.auto/usb2/2-0:1.0
10-25 21:52:36.762 3520 3985 D UsbHostManager: displayNotification : [09h,00h,00h]
10-25 21:52:36.762 3520 3985 D UsbHostManager: onUEvent(device) :: action = remove, devtype = usb_interface, device = null, product = 4e8/a500/0, type = 0/0/0, interface = 3/0/4, devpath = /devices/15400000.usb/15400000.dwc3/xhci-hcd.2.auto/usb1/1-1/1-1:1.2
10-25 21:52:36.762 3520 3985 D UsbHostManager: displayNotification : [03h,00h,04h]
10-25 21:52:36.762 3520 3520 D BatteryService: Sending ACTION_BATTERY_CHANGED.
10-25 21:52:36.762 3520 3985 D UsbHostManager: onUEvent(device) :: action = remove, devtype = usb_interface, device = null, product = 1d6b/2/310, type = 9/0/1, interface = 9/0/0, devpath = /devices/15400000.usb/15400000.dwc3/xhci-hcd.2.auto/usb1/1-0:1.0
10-25 21:52:36.762 3520 3985 D UsbHostManager: displayNotification : [09h,00h,00h]
10-25 21:52:36.772 3520 4098 E UsbHostManager: usbDeviceRemoved :: deviceName = /dev/bus/usb/001/001
10-25 21:52:36.782 18632 18632 V RequestService: Creating TransmitPowerService
10-25 21:52:36.782 18632 18632 V RequestService: Starting #1: Bundle[mParcelledData.dataSize=40]
10-25 21:52:36.782 3520 4017 D KnoxTimeoutHandler: notifyActivityDrawn [MsgParam] userId: 0 fullscreen is true showWhenlocked is true
10-25 21:52:36.782 18632 19347 V RequestService: Handling incoming message: { when=0 what=0 arg1=1 obj=Intent { act=com.samsung.UsbOtgCableConnection flg=0x10 cmp=com.sec.app.TransmitPowerService/.RequestService bqHint=4 (has extras) } target=com.sec.app.TransmitPowerService.RequestService$ServiceHandler }
10-25 21:52:36.782 3520 3520 D KnoxTimeoutHandler: activityDrawn [MsgParam] userId: 0 fullscreen is true showWhenlocked is true
10-25 21:52:36.792 18632 19347 V DeviceStateReceiver: finishStartingService
10-25 21:52:36.792 3520 3520 I KnoxTimeoutHandler: SD activityfalse
10-25 21:52:36.792 3520 3520 D KnoxTimeoutHandler: activityDrawn [MsgParam] userId: 0 fullscreen is true showWhenlocked is true
10-25 21:52:36.792 3520 3520 W ResourcesManager: getTopLevelResources: /system/framework/framework-res.apk / 1.0 running in null rsrc of package android
10-25 21:52:36.792 3520 3520 D MARsPolicyManager: NotificationListenerService OngoingNotificationPosted : android
10-25 21:52:36.802 3520 3520 I KnoxTimeoutHandler: SD activityfalse
10-25 21:52:36.802 3520 3520 I WindowManager: ACTION_USBHID_MOUSE_EVENT Received...
10-25 21:52:36.812 17268 18125 D CatchNotificationsService: onNotificationPosted
10-25 21:52:36.812 18319 18319 D VRSVC : (NotificationControlEvent.java:100) onReceive [intent action=com.samsung.android.hmt.action.NOTIFICATION]
10-25 21:52:36.812 18319 18319 D VRSVC : (NotificationControlEvent.java:126) yTqX [handleIntentNotification() packageName=android notificationType=1 packageName=android]
10-25 21:52:36.812 18319 18319 D VRSVC : (NotificationControlEvent.java:190) QdBd [notification updated]
10-25 21:52:36.812 18319 18319 V VRSVC : (NotificationControlEvent.java:211) yTqX [sound=null]
10-25 21:52:36.812 18319 18319 V VRSVC : (NotificationControlEvent.java:220) wtkw [vibrate=null]
10-25 21:52:36.812 18319 18319 V VRSVC : (NotificationControlEvent.java:150) yTqX [handleIntentNotification() isSystemNoti=true isNotiUpdated=true isTickerText=false pri=-2 isIncludeSound=false isInclueVibrate=false]
10-25 21:52:36.812 3520 3520 D KnoxTimeoutHandler: notifyActivityDrawn [MsgParam] userId: 0 fullscreen is true showWhenlocked is true
10-25 21:52:36.812 3520 3520 I WindowManager: ACTION_USBHID_MOUSE_EVENT Received.status : 0
10-25 21:52:36.812 3520 3520 V WindowOrientationListener: OrientationSensorJudge.getProposedRotation, Rotation: 1
10-25 21:52:36.812 3520 3520 V WindowManager: rotationForOrientationLw(orient=0, last=1); user=0 sensorRotation=1 mLidState=-1 mDockMode=0 mHdmiPlugged=false mMobileKeyboardEnabled=false displayId=0
10-25 21:52:36.812 3520 3520 V WindowOrientationListener: OrientationSensorJudge.getProposedRotation, Rotation: 1
10-25 21:52:36.822 4590 4590 D BatteryMonitor: new battery level: 100
10-25 21:52:36.832 18319 18319 D VRSVC : (BatteryEvent.java:72) onReceive [intent action=android.intent.action.BATTERY_CHANGED isInitialStickyBroadcast=false]
10-25 21:52:36.832 18319 18319 V VRSVC : (BatteryEvent.java:86) yTqX [handleIntentBattery batteryLevel=100 batteryStatus=3 batteryPlugged=0 batteryTemperature=264]
10-25 21:52:36.832 18319 18319 D VRSVC : (SamsungDiagnosticEvent.java:294) onReceive [intent action=android.intent.action.BATTERY_CHANGED isInitialStickyBroadcast=false]
10-25 21:52:36.832 18958 18958 I OVRPlugin: nativeBatteryEvent(3, 100, 264)
10-25 21:52:36.842 4130 4130 D KnoxNotification: ----- inflateViews : modified publicViewLocal -----
10-25 21:52:36.842 18632 18632 V RequestService: Destroying TransmitPowerService
10-25 21:52:36.842 3520 4287 V BroadcastQueue: [background] Process cur broadcast BroadcastRecord{495752a u-1 android.hardware.usb.action.USB_DEVICE_DETACHED qIdx=4}, state= (APP_RECEIVE) DELIVERED for app ProcessRecord{4702595 18319:com.samsung.android.hmt.vrsvc/1000}
10-25 21:52:36.852 4130 4130 D KnoxNotification: ----- inflateViews : modified KnoxViewLocal -----
10-25 21:52:36.852 18319 18319 V VRSVC : (DeviceEventReceiver.java:21) onReceive [action=android.hardware.usb.action.USB_DEVICE_DETACHED]
10-25 21:52:36.862 4130 4130 D PhoneStatusBar: setAreThereNotifications: N=4 any=true clearable=true
10-25 21:52:36.862 3520 3520 D KnoxTimeoutHandler: notifyActivityDrawn [MsgParam] userId: 0 fullscreen is true showWhenlocked is true
10-25 21:52:36.862 4130 4130 D KeyguardUpdateMonitor: received broadcast android.intent.action.BATTERY_CHANGED
10-25 21:52:36.862 3520 3520 I SecExternalDisplayIntents_Java: Intent Recieved .. -android.intent.action.USBHID_MOUSE_EVENTBroadCast Map value - 17
10-25 21:52:36.862 3520 3520 D SecExternalDisplayIntents_Java: Smart Dock Event Received !!!!! Dock Status : 0 HMT Status :true
10-25 21:52:36.862 4130 4130 D PowerUI : Cable true --> false mBootCompleted : true
10-25 21:52:36.862 4130 4130 D PowerUI : Sending cableIntent : Intent { act=com.samsung.systemui.power.action.ACTION_CABLE_DISCONNECTED }
10-25 21:52:36.862 3520 3520 I MotionRecognitionService: On Battery, 0
10-25 21:52:36.862 3520 3520 D MotionRecognitionService: cableConnection= 0
10-25 21:52:36.872 3520 3520 I Tethering: BATTERY_CHANGED, level = 100lowBatteryThreshold = 15
10-25 21:52:36.872 3520 3520 D KnoxTimeoutHandler: activityDrawn [MsgParam] userId: 0 fullscreen is true showWhenlocked is true
10-25 21:52:36.872 18860 18871 D BadgeProvider: query, [selection] : null
10-25 21:52:36.872 18319 18319 D VRSVC : (HmtReceiver.java:56) yTqX [handleIntentUSB usbState=0 /dev/bus/usb/001/002 class=0 subClass=0]
10-25 21:52:36.872 3520 3520 I KnoxTimeoutHandler: SD activityfalse
10-25 21:52:36.872 3520 3520 D KnoxTimeoutHandler: activityDrawn [MsgParam] userId: 0 fullscreen is true showWhenlocked is true
10-25 21:52:36.872 18319 18319 V VRSVC : (HmtService.java:50) onStartCommand [onStartCommand() flags=0 startId=8 sys.hmt.connected=true]
10-25 21:52:36.872 18319 18319 W ContextImpl: Calling a method in the system process without a qualified user: android.app.ContextImpl.startService:1305 android.content.ContextWrapper.startService:606 android.content.ContextWrapper.startService:606 ft.yTqX:61 com.samsung.android.hmt.vrsvc.receiver.DeviceEventReceiver.onReceive:34
10-25 21:52:36.872 4130 4130 D PowerUI : priorPlugType = 0 mPlugType = 0
10-25 21:52:36.872 4130 4130 D BatteryMeterView: ACTION_BATTERY_CHANGED : level:100 status:3 health:2
10-25 21:52:36.872 4130 4130 D BatteryMeterView: ACTION_BATTERY_CHANGED : level:100 status:3 health:2
10-25 21:52:36.882 18319 18897 V VRSVC : (HmtService.java:112) yTqX [onHandleIntent action=com.samsung.intent.action.HMT_USB_EVENT]
10-25 21:52:36.882 3520 3520 I KnoxTimeoutHandler: SD activityfalse
10-25 21:52:36.882 18319 18897 V VRSVC : (HmtService.java:234) yTqX [handleIntentUSB dockState=0 device=/dev/bus/usb/001/002 class=0 subclass=0]
10-25 21:52:36.882 18319 18897 V VRSVC : (HmtDeviceEventManager.java:109) wtkw [OnDeviceEvent onUSBStateChanged start.]
10-25 21:52:36.882 18319 18901 V VRSVC : (USBDeviceEvent.java:48) yTqX [onUSBStateChanged usbState=0]
10-25 21:52:36.882 4130 4130 D KeyguardUpdateMonitor: handleBatteryUpdate
10-25 21:52:36.882 18319 18901 V VRSVC : (USBDeviceEvent.java:50) yTqX [ignore gearvr usb event]
10-25 21:52:36.902 3520 4287 V BroadcastQueue: [background] Process cur broadcast BroadcastRecord{495752a u-1 android.hardware.usb.action.USB_DEVICE_DETACHED qIdx=4}, state= (APP_RECEIVE) DELIVERED for app ProcessRecord{7106a92 17819:com.sec.android.gallery3d/u0a60}
10-25 21:52:36.912 3520 4287 V BroadcastQueue: [background] Process cur broadcast BroadcastRecord{495752a u-1 android.hardware.usb.action.USB_DEVICE_DETACHED qIdx=4}, state= (APP_RECEIVE) DELIVERED for app ProcessRecord{d7b30fa 18936:com.samsung.android.sdk.professionalaudio.utility.jammonitor/u0a185}
10-25 21:52:36.922 3970 3999 V VRManagerServer: (DeviceEventManager.java:80) QdBd [docked=true mounted=true]
10-25 21:52:36.922 18319 18898 D VRSVC : (LogEvent.java:177) yTqX [onUSBStateChanged usbstate=0 topActivity=com.foo.ProductName/com.unity3d.player.UnityPlayerActivity hmtConnected=true]
10-25 21:52:36.922 18319 18897 V VRSVC : (HmtDeviceEventManager.java:101) wtkw [OnDeviceEvent onUSBStateChanged finished. elapsedTime=38]
10-25 21:52:36.922 3970 3999 W ContextImpl: Calling a method in the system process without a qualified user: android.app.ContextImpl.startService:1305 android.content.ContextWrapper.startService:606 mb.QdBd:88 mb.yTqX:30 mf.QdBd:1761
10-25 21:52:36.932 3520 4287 V BroadcastQueue: [background] Process cur broadcast BroadcastRecord{495752a u-1 android.hardware.usb.action.USB_DEVICE_DETACHED qIdx=4}, state= (APP_RECEIVE) DELIVERED for app ProcessRecord{b97289f 16813:com.sec.android.app.shealth/u0a42}
10-25 21:52:36.942 17268 18125 E CatchNotificationsService: Invalid notification data
10-25 21:52:36.942 18319 18319 V VRSVC : (HmtService.java:50) onStartCommand [onStartCommand() flags=0 startId=9 sys.hmt.connected=true]
10-25 21:52:36.942 18319 18897 V VRSVC : (HmtService.java:112) yTqX [onHandleIntent action=com.samsung.intent.action.HMT_MOUNT_EVENT]
10-25 21:52:36.962 18319 18319 V VRSVC : (HmtService.java:50) onStartCommand [onStartCommand() flags=0 startId=10 sys.hmt.connected=true]
10-25 21:52:36.962 3970 3998 V VRManagerServer: (VRManagerService.java:401) yTqX [setThreadSchedFifo pkg=com.foo.ProductName pid=18958 tid=18971 prio=0]
10-25 21:52:36.962 3970 3998 V VRManagerServer: (VRManagerService.java:405) yTqX [setAffinity pid=18971 cpus=[4, 5, 6, 7]]
10-25 21:52:36.962 18319 18897 V VRSVC : (HmtService.java:197) yTqX [handleIntentProximitySensor type=0 docked=true mounted=true sensorEvent=false]
10-25 21:52:36.972 18319 18897 V VRSVC : (HmtDeviceEventManager.java:109) wtkw [OnDeviceEvent onProximitySensorEvent start.]
10-25 21:52:36.972 18319 18899 D VRSVC : (LogEvent.java:126) yTqX [OnDeviceEvent onProximitySensorEvent type=0 hmtConnected=true]
10-25 21:52:36.972 18319 18897 V VRSVC : (HmtDeviceEventManager.java:101) wtkw [OnDeviceEvent onProximitySensorEvent finished. elapsedTime=1]
10-25 21:52:36.972 18958 19079 D VRManagerGearVR: VRManager set thread priority to 0
10-25 21:52:36.972 18958 19079 I VrApi_Clocks: SetSchedFifo( tid=18971, pri=0 ) succeeded
10-25 21:52:36.972 18958 19079 W TimeWarp: VSync 5014905: eye=1,late=352.7ms,over=0.0ms,CPU=3.7ms,GPU>=0.1
10-25 21:52:36.972 3520 4167 V VRManagerService: ---- demoteProcessThread 'com.foo.ProductName' requestPriority(pid=18958, tid=18971, prio=0 ----
10-25 21:52:36.982 18319 18897 V VRSVC : (HmtDeviceEventManager.java:109) wtkw [OnDeviceEvent onPreUnMount start.]
10-25 21:52:36.982 18319 18899 D VRSVC : (LogEvent.java:89) bHGb [OnDeviceEvent onPreUnMount]
10-25 21:52:36.982 18319 18897 V VRSVC : (HmtDeviceEventManager.java:101) wtkw [OnDeviceEvent onPreUnMount finished. elapsedTime=0]
10-25 21:52:36.982 18319 18897 V VRSVC : (HmtDeviceEventManager.java:109) wtkw [OnDeviceEvent onUnMount start.]
10-25 21:52:36.982 18319 18898 V VRSVC : (ScreenEvent.java:143) AmLH [send lcd off message... by onUnmount timeout=10000]
10-25 21:52:36.982 18319 18900 V VRSVC : (WirelessChargeControlEvent.java:53) yTqX [enableWirelessCharge isSupportWirelessCharge=true]
10-25 21:52:36.982 18319 18898 V VRSVC : (HmtMountEvent.java:41) AmLH [onUnMount SystemProperties sys.hmt.mounted=false]
10-25 21:52:36.982 18319 18319 I VRSVC : (MonoScreenEvent.java:136) run [showMonoForeground ignored.]
10-25 21:52:36.982 3520 3543 V BroadcastQueue: [background] Process cur broadcast BroadcastRecord{495752a u-1 android.hardware.usb.action.USB_DEVICE_DETACHED qIdx=4}, state= (APP_RECEIVE) DELIVERED for app ProcessRecord{b97289f 16813:com.sec.android.app.shealth/u0a42}
10-25 21:52:36.992 18958 19079 I TimeWarp: Adjusting 5014926.69 > 5014905 to 5014927
10-25 21:52:37.002 18319 18901 D VRSVC : (LogEvent.java:95) AmLH [OnDeviceEvent onUnMount sensorEvent=false topActivity=com.foo.ProductName/com.unity3d.player.UnityPlayerActivity hmtConnected=true]
10-25 21:52:37.002 3970 3970 D VRManagerServer: (VRManagerService.java:375) onReceive [action=com.samsung.intent.action.HMT_MOUNT_STICKY_EVENT sticky=false]
10-25 21:52:37.002 3970 3970 V VRManagerServer: (VRManagerService.java:378) onReceive [mountState=0]
10-25 21:52:37.012 18319 18900 V VRSVC : (SamsungDiagnosticEvent.java:191) AmLH [SamsungDiagnostic onUnMount life=1143 mountLifeSum=1477457553784 sensorEvent = false]
10-25 21:52:37.012 18793 18793 D PR.PopupuiReceiver: >> onReceive() : com.samsung.systemui.power.action.ACTION_CABLE_DISCONNECTED
10-25 21:52:37.012 18319 18897 V VRSVC : (HmtDeviceEventManager.java:101) wtkw [OnDeviceEvent onUnMount finished. elapsedTime=28]
10-25 21:52:37.012 18319 18897 V VRSVC : (HmtDeviceEventManager.java:109) wtkw [OnDeviceEvent onPostUnMount start.]
10-25 21:52:37.012 18319 18899 D VRSVC : (LogEvent.java:100) vqCz [OnDeviceEvent onPostUnMount]
10-25 21:52:37.012 3520 4645 D SecContentProvider2: query(), uri = -1 selection = getSealedState
10-25 21:52:37.012 18319 18899 V VRSVC : (HmtMountEvent.java:49) vqCz [onPostUnMount sendHmtUnMountEvent]
10-25 21:52:37.012 3520 4287 D SecContentProvider2: query(), uri = 15 selection = getSealedHideNotificationMessages
10-25 21:52:37.012 18319 18899 V VRSVC : (HmtMountEvent.java:60) vqCz [onPostUnMount send proximity unmount to compatibility]
10-25 21:52:37.012 3520 3520 I AudioService: HMT unmount
10-25 21:52:37.012 3520 3543 V BroadcastQueue: [background] Process cur broadcast BroadcastRecord{63868b8 u0 com.samsung.systemui.power.action.ACTION_CABLE_DISCONNECTED qIdx=4}, state= (APP_RECEIVE) DELIVERED for app ProcessRecord{79620d3 18793:com.sec.android.app.popupuireceiver/1000}
10-25 21:52:37.022 18319 18897 V VRSVC : (HmtDeviceEventManager.java:101) wtkw [OnDeviceEvent onPostUnMount finished. elapsedTime=6]
10-25 21:52:37.022 18319 18897 V VRSVC : (HmtService.java:112) yTqX [onHandleIntent action=com.samsung.intent.action.HMT_DOCK_EVENT]
10-25 21:52:37.022 3520 4850 D SecContentProvider2: query(), uri = 15 selection = getCheckCoverPopupState
10-25 21:52:37.022 18793 18793 I PR.PopupuiReceiver_KNOX: knoxSealedHideNotiMsg : 0, knoxCheckCoverPopupState : true
10-25 21:52:37.022 18793 18793 D PR.PopupuiReceiver: actionCableDisconnected()
10-25 21:52:37.032 18319 18897 V VRSVC : (HmtService.java:246) wtkw [handleIntentDockEvent dockState=0 docked=true mounted=false]
10-25 21:52:37.032 3520 4534 V BroadcastQueue: [background] Process cur broadcast BroadcastRecord{c3cd691 u0 android.intent.action.proximity_sensor qIdx=4}, state= (APP_RECEIVE) DELIVERED for app ProcessRecord{3ad552b 19289:com.oculus.home/u0a220}
10-25 21:52:37.042 18319 18897 V VRSVC : (HmtDeviceEventManager.java:109) wtkw [OnDeviceEvent onPreUnDock start.]
10-25 21:52:37.042 18319 18898 D VRSVC : (LogEvent.java:58) yTqX [OnDeviceEvent onPreUnDock]
10-25 21:52:37.042 18319 18899 V VRSVC : (HmtDockEvent.java:84) IOpR [sendStickyUndockEvent]
10-25 21:52:37.042 3520 4534 V BroadcastQueue: [background] Process cur broadcast BroadcastRecord{c3cd691 u0 android.intent.action.proximity_sensor qIdx=4}, state= (APP_RECEIVE) DELIVERED for app ProcessRecord{3ad552b 19289:com.oculus.home/u0a220}
10-25 21:52:37.052 3520 5770 D SecContentProvider2: query(), uri = 13 selection = isMultiWindowModeAllowedAsUser
10-25 21:52:37.052 3520 5770 D SettingsProvider: isChangeAllowed() : name = multi_window_enabled
10-25 21:52:37.052 3520 5770 D SettingsProvider: edmUri: content://com.sec.knox.provider2/KioskMode
10-25 21:52:37.052 3520 5770 D SettingsProvider: projectionArgs: isMultiWindowModeAllowedAsUser
10-25 21:52:37.052 3520 5770 D SettingsProvider: selectionArgs: 0
10-25 21:52:37.052 3520 5770 D SettingsProvider: ret = -1
10-25 21:52:37.062 3520 3582 D MultiPhoneWindowManager: updateSetting mEnableMultiWindowUISetting = 1
10-25 21:52:37.062 3520 3582 D PersonaManager: getForegroundUser
10-25 21:52:37.062 18319 18319 V VRSVC : (SystemVolumeControlEvent.java:128) onChange [onChange uri=content://settings/system/multi_window_enabled selfChange=false pathSegments=[system, multi_window_enabled]]
10-25 21:52:37.062 3520 3520 D MultiWindowPolicy: bMultiWindow=1 ,bKidsMode=0 ,bCarMode=0
10-25 21:52:37.062 3520 3582 V WindowOrientationListener: OrientationSensorJudge.getProposedRotation, Rotation: 1
10-25 21:52:37.062 3520 3582 V WindowManager: rotationForOrientationLw(orient=0, last=1); user=0 sensorRotation=1 mLidState=-1 mDockMode=0 mHdmiPlugged=false mMobileKeyboardEnabled=false displayId=0
10-25 21:52:37.062 3520 3582 V WindowOrientationListener: OrientationSensorJudge.getProposedRotation, Rotation: 1
10-25 21:52:37.072 3520 3582 D KnoxTimeoutHandler: notifyActivityDrawn [MsgParam] userId: 0 fullscreen is true showWhenlocked is true
10-25 21:52:37.072 3520 3520 D KnoxTimeoutHandler: activityDrawn [MsgParam] userId: 0 fullscreen is true showWhenlocked is true
10-25 21:52:37.082 3520 3582 I MultiPhoneWindowManager: updateMultiWindowTrayBar() -> startService : com.sec.android.app.FlashBarService.MultiWindowTrayService
10-25 21:52:37.082 18319 18901 D VRSVC : (MultiWindowControlEvent.java:36) wtkw [stopVR (multi_window_enabled) changed. [0->1] (value=0 prevValue=1 currentValue=0 type=Settings.System)]
10-25 21:52:37.082 3520 3520 I KnoxTimeoutHandler: SD activityfalse
10-25 21:52:37.082 18319 18897 V VRSVC : (HmtDeviceEventManager.java:101) wtkw [OnDeviceEvent onPreUnDock finished. elapsedTime=49]
10-25 21:52:37.082 18319 18897 V VRSVC : (HmtDeviceEventManager.java:109) wtkw [OnDeviceEvent onUnDock start.]
10-25 21:52:37.082 3520 3582 D SettingsProvider: isChangeAllowed() : name = multi_window_not_force_show
10-25 21:52:37.082 3520 3582 W ContextImpl: Calling a method in the system process without a qualified user: android.app.ContextImpl.startService:1305 com.android.server.policy.multiwindow.MultiPhoneWindowManager$5.run:918 android.os.Handler.handleCallback:739 android.os.Handler.dispatchMessage:95 android.os.Looper.loop:158
10-25 21:52:37.092 18319 18319 D VRSVC : (MonoScreenEvent.java:101) wtkw [cancelHideMonoForeground. canceled.]
10-25 21:52:37.092 18319 18899 D VRSVC : (UserDockEvent.java:139) wtkw [onUnDock]
10-25 21:52:37.092 18319 18901 V VRSVC : (WakeLockControlEvent.java:38) bcjL [release vr dock wakelock]
10-25 21:52:37.092 18319 18319 D VRSVC : (MonoScreenEvent.java:103) yTqX [showMonoForeground animate=false]
10-25 21:52:37.092 18319 18899 V VRSVC : (UserDockEvent.java:141) wtkw [setupWizardComplete=1 mOOBERunning=false abnormal=false]
10-25 21:52:37.092 18319 18899 V VRSVC : (ScreenEvent.java:113) wtkw [wakeup! onUnDock]
10-25 21:52:37.092 3520 4928 D PowerManagerService: [api] [s] wakeUp (uid: 1000 pid: 18319) eventTime = 84998182
10-25 21:52:37.092 3520 4604 D PowerManagerService: [api] release WakeLock flags=0x3000000a tag=VR Dock uid=1000 pid=18319 (0x0)
10-25 21:52:37.102 18319 18900 V VRSVC : (DeviceEvent.java:25) wtkw [disableDeviceEventReceiver]
10-25 21:52:37.102 4216 4216 I Sally Service: onCreate() : com.android.systemui.multiwindow.centerbarwindow.CenterBarWindowService@fd94766
10-25 21:52:37.102 18319 18898 D VRSVC : (LogEvent.java:64) wtkw [OnDeviceEvent onUnDock topActivity=com.foo.ProductName/com.unity3d.player.UnityPlayerActivity hmtConnected=false abnormal=false]
10-25 21:52:37.102 18319 18901 V VRSVC : (Util.java:1697) wtkw [updateSurfaceComposer value=0]
10-25 21:52:37.102 3520 4604 D PowerManagerService: [api] applyWakeLockFlagsOnReleaseLocked : userActivityNoUpdateLocked is called : SCREEN_BRIGHT_WAKE_LOCK 'VR Dock' ACQUIRE_CAUSES_WAKEUP ON_AFTER_RELEASE (uid=1000, pid=18319, ws=null) (elapsedTime=33776)
10-25 21:52:37.112 18958 18971 I VrApi : ovr_HandleHmdEvents: HMT was UNmounted
10-25 21:52:37.112 3520 4167 D PackageManager: setEnabledSetting : userId = 0 packageName = com.samsung.android.hmt.vrsvc cmp = com.samsung.android.hmt.vrsvc.receiver.DeviceEventReceiver newState = 2 callingPackage = 1000
10-25 21:52:37.122 4216 4216 I Sally Service: loaded theme = 2131755070
10-25 21:52:37.122 4216 4216 I Sally Service: createLayoutParams
10-25 21:52:37.122 18319 18319 D ViewRootImpl: #1 mView = android.widget.FrameLayout{74d3e5d V.E...... ......ID 0,0-0,0 #7f0b0031 app:id/mono_layout}
10-25 21:52:37.122 18958 19079 D VrApi : setSchedFifoStatic tid:18971 pto:1
10-25 21:52:37.122 3099 4634 I SurfaceFlinger: Changed mForceFullDamage value to 0
10-25 21:52:37.142 3520 4925 D ISSUE_DEBUG: InputChannelName : 675864 Mono foreground window
10-25 21:52:37.142 3970 17522 V VRManagerServer: (VRManagerService.java:1301) wtkw [setSystemOption option=inflight value=15]
10-25 21:52:37.142 3970 17522 W VRManagerServer: (VRManagerService.java:1315) wtkw [set inflight ignored. hardware=samsungexynos7420]
10-25 21:52:37.142 18319 18319 V VRSVC : (SystemVolumeControlEvent.java:128) onChange [onChange uri=content://settings/system/multi_window_not_force_show selfChange=false pathSegments=[system, multi_window_not_force_show]]
10-25 21:52:37.142 3970 3999 V VRManagerServer: (VRManagerService.java:401) yTqX [setThreadSchedFifo pkg=com.foo.ProductName pid=18958 tid=18971 prio=1]
10-25 21:52:37.142 3970 3999 V VRManagerServer: (VRManagerService.java:405) yTqX [setAffinity pid=18971 cpus=[4, 5, 6, 7]]
10-25 21:52:37.152 18319 18900 V VRSVC : (Util.java:963) Qxpw [updateAdrenoConfig data=null]
10-25 21:52:37.152 18319 18900 V VRSVC : (Util.java:994) Qxpw [configFile not exist!]
10-25 21:52:37.152 18319 18900 V VRSVC : (Util.java:1004) Qxpw [configDir not exist!]
10-25 21:52:37.152 3099 3099 I SurfaceFlinger: id=905 createSurf (1x1),1 flag=404, Nono foregr
10-25 21:52:37.152 4216 4216 D CenterBarWindowService: Factory mode is false
10-25 21:52:37.162 4216 4216 I CenterBarWindow: CenterBarWindow
10-25 21:52:37.162 18319 18898 V VRSVC : (SFinderDisableEvent.java:48) BRMq [SFinderPackageRecoverableItem getValue=2]
10-25 21:52:37.162 3520 4850 D StatusBarManagerService: manageDisableList userId=0 what=0x0 pkg=com.samsung.android.hmt.vrsvc
10-25 21:52:37.162 3520 3543 D SettingsProvider: isChangeAllowed() : name = double_tab_launch
10-25 21:52:37.172 18319 18898 V VRSVC : (SFinderDisableEvent.java:61) wtkw [SFinderPackageRecoverableItem setValue=1]
10-25 21:52:37.172 3520 3582 D SamsungWindowManager: updateSettings(). settings changed. doubleTapOnHomeBehavior : 1. mDoubleTapOnHomeBehavior : 0. mDoubleTapHomeUser 0
10-25 21:52:37.172 3520 4928 D KnoxTimeoutHandler: notifyActivityDrawn [MsgParam] userId: 0 fullscreen is true showWhenlocked is true
10-25 21:52:37.172 3520 3520 D KnoxTimeoutHandler: activityDrawn [MsgParam] userId: 0 fullscreen is true showWhenlocked is true
10-25 21:52:37.172 18958 19079 D VRManagerGearVR: VRManager set thread priority to 1
10-25 21:52:37.172 18958 19079 I VrApi_Clocks: SetSchedFifo( tid=18971, pri=1 ) succeeded
10-25 21:52:37.172 18958 19079 D VrApi : setSchedFifoStatic tid:18971 pto:1
10-25 21:52:37.172 3520 4645 V VRManagerService: ---- elevateProcessThread 'com.foo.ProductName' requestPriority(pid=18958, tid=18971, prio=1 ----
10-25 21:52:37.182 3520 4287 D PackageManager: setEnabledSetting : userId = 0 packageName = com.samsung.android.app.galaxyfinder cmp = null newState = 1 callingPackage = com.samsung.android.hmt.vrsvc
10-25 21:52:37.182 3520 3520 I KnoxTimeoutHandler: SD activityfalse
10-25 21:52:37.182 3970 3998 V VRManagerServer: (VRManagerService.java:401) yTqX [setThreadSchedFifo pkg=com.foo.ProductName pid=18958 tid=18971 prio=1]
10-25 21:52:37.182 3970 3998 V VRManagerServer: (VRManagerService.java:405) yTqX [setAffinity pid=18971 cpus=[4, 5, 6, 7]]
10-25 21:52:37.182 3520 4645 D SettingsProvider: isChangeAllowed() : name = motion_overturn
10-25 21:52:37.192 3520 4011 D MotionRecognitionService: Motion, result = 1
10-25 21:52:37.192 3520 4011 D MotionRecognitionService: Motion, result = 1
10-25 21:52:37.192 3520 4011 D MotionRecognitionService: Settings updated : 1101101000010000000101
10-25 21:52:37.192 3520 4011 D MotionRecognitionService: Acquire sensors : Settings = 1101101000010000000101
10-25 21:52:37.192 3520 4011 D MotionRecognitionService: Acquired sensors for motion : 0
10-25 21:52:37.202 18319 18899 D VRSVC : (SystemQuickLaunchControlEvent.java:29) wtkw [stopVR (double_tab_launch) changed. [0->1] (value=0 prevValue=1 currentValue=0 type=Settings.System)]
10-25 21:52:37.212 18319 18901 D VRSVC : (MotionOverTurnEvent.java:32) wtkw [stopVR (motion_overturn) changed. [0->1] (value=0 prevValue=1 currentValue=0 type=Settings.System)]
10-25 21:52:37.222 18319 18898 D VRSVC : (SFinderDisableEvent.java:26) wtkw [stopVR (sfinder_package) changed. [2->1] (value=2 prevValue=1 currentValue=2 type=sfinderdisable)]
10-25 21:52:37.222 18319 18898 V VRSVC : (HmtSensorEvent.java:274) wtkw [cancelInit() mSensorHandler]
10-25 21:52:37.222 18319 18898 V VRSVC : (HmtSensorEvent.java:284) wtkw [cancelInit() mSensorLooper]
10-25 21:52:37.222 18958 19079 D VRManagerGearVR: VRManager set thread priority to 1
10-25 21:52:37.222 18958 19079 I VrApi_Clocks: SetSchedFifo( tid=18971, pri=1 ) succeeded
10-25 21:52:37.222 18958 19079 W TimeWarp: VSync 5014936: eye=1,late=92.3ms,over=0.0ms,CPU=0.4ms,GPU>=0.0
10-25 21:52:37.222 18958 19079 I TimeWarp: Adjusting 5014941.12 > 5014936 to 5014941
10-25 21:52:37.222 18958 19079 D VrApi : setSchedFifoStatic tid:18971 pto:0
10-25 21:52:37.222 3520 4387 V VRManagerService: ---- elevateProcessThread 'com.foo.ProductName' requestPriority(pid=18958, tid=18971, prio=1 ----
10-25 21:52:37.232 18319 18899 D VRSVC : (EdgeControlEvent.java:56) wtkw [stopVR ignored! key=night_mode type=Settings.System)]
10-25 21:52:37.232 18319 18901 V VRSVC : (KeyguardControlEvent.java:126) yTqX [isSecureKeyGuardLocked isKeyguardSecure=false isKeyguardLocked=false]
10-25 21:52:37.232 3520 4928 D KnoxTimeoutHandler: notifyActivityDrawn [MsgParam] userId: 0 fullscreen is true showWhenlocked is true
10-25 21:52:37.232 3520 3520 D KnoxTimeoutHandler: activityDrawn [MsgParam] userId: 0 fullscreen is true showWhenlocked is true
10-25 21:52:37.232 3970 17522 V VRManagerServer: (VRManagerService.java:401) yTqX [setThreadSchedFifo pkg=com.foo.ProductName pid=18958 tid=18971 prio=0]
10-25 21:52:37.242 4216 19353 V MediaPlayer: decode(40, 9421528, 5795)
10-25 21:52:37.242 3970 17522 V VRManagerServer: (VRManagerService.java:405) yTqX [setAffinity pid=18971 cpus=[4, 5, 6, 7]]
10-25 21:52:37.252 3126 4062 D OggExtractor: correct time not found. Let's use approximate value
10-25 21:52:37.252 3126 4062 I OggExtractor: OggSource::OggSource() mExtractor ref count = 4
10-25 21:52:37.252 3520 3520 I KnoxTimeoutHandler: SD activityfalse
10-25 21:52:37.252 18319 18353 D mali_winsys: new_window_surface returns 0x3000, [2560x1440]-format:1
10-25 21:52:37.262 3126 4062 I OMXCodec: Attempting to allocate OMX node 'OMX.google.vorbis.decoder'
10-25 21:52:37.262 3126 4062 I OMXCodec: Successfully allocated OMX node 'OMX.google.vorbis.decoder'
10-25 21:52:37.262 3126 4062 I OMXCodec: >>>UHQA initOutputFormat 16
10-25 21:52:37.262 3126 4062 I OMXCodec: [OMX.google.vorbis.decoder] OMXCodec::start mState=1
10-25 21:52:37.262 3126 4062 I OMXCodec: [OMX.google.vorbis.decoder] allocating 4 buffers of size 8192 on input port
10-25 21:52:37.272 18319 18900 D VRSVC : (BrightControlEvent.java:25) wtkw [stopVR ignored! key=screen_brightness_mode type=Settings.System)]
10-25 21:52:37.272 3126 4062 I OMXCodec: [OMX.google.vorbis.decoder] allocating 4 buffers of size 32768 on output port
