10-25 21:52:14.472 3970 17298 V VRManagerServer: (VRManagerService.java:401) yTqX [setThreadSchedFifo pkg=com.foo.ProductName pid=18958 tid=18971 prio=1]
10-25 21:52:14.472 3970 17298 V VRManagerServer: (VRManagerService.java:405) yTqX [setAffinity pid=18971 cpus=[4, 5, 6, 7]]
10-25 21:52:14.482 22727 19221 I UpdateIcingCorporaServi: UpdateCorporaTask done [took 81 ms] updated apps [took 81 ms]
10-25 21:52:14.482 18958 19079 D VRManagerGearVR: VRManager set thread priority to 1
10-25 21:52:14.482 18958 19079 I VrApi_Clocks: SetSchedFifo( tid=18971, pri=1 ) succeeded
10-25 21:52:14.482 18958 19079 D VrApi : setSchedFifoStatic tid:18971 pto:1
10-25 21:52:14.482 3970 3998 V VRManagerServer: (VRManagerService.java:401) yTqX [setThreadSchedFifo pkg=com.foo.ProductName pid=18958 tid=18971 prio=1]
10-25 21:52:14.482 3970 3998 V VRManagerServer: (VRManagerService.java:405) yTqX [setAffinity pid=18971 cpus=[4, 5, 6, 7]]
10-25 21:52:14.492 18958 19079 D VRManagerGearVR: VRManager set thread priority to 1
10-25 21:52:14.492 18958 19079 I VrApi_Clocks: SetSchedFifo( tid=18971, pri=1 ) succeeded
10-25 21:52:14.492 18958 19079 W TimeWarp: VSync 5013570: eye=1,late=18.3ms,over=0.0ms,CPU=0.5ms,GPU>=0.0
10-25 21:52:14.502 4523 4523 D BadgeManager: packageName=com.samsung.android.email.ui.activity.MessageListXL,count=0
10-25 21:52:14.502 4523 4523 D BadgeManager: packageName=com.android.mms.ui.ConversationComposer,count=0
10-25 21:52:14.502 4523 4523 D BadgeManager: packageName=com.samsung.android.email.ui.activity.MessageListXL,count=0
10-25 21:52:14.502 4523 4523 D BadgeManager: packageName=com.android.settings.Settings,count=0
10-25 21:52:14.502 4523 4523 D BadgeManager: packageName=com.android.settings.GridSettings,count=0
10-25 21:52:14.502 4523 4523 D BadgeManager: packageName=com.facebook.katana.LoginActivity,count=0
10-25 21:52:14.502 4523 4523 D BadgeManager: packageName=com.tmobile.pr.mytmobile.MyTMobileActivity,count=0
10-25 21:52:14.502 4523 4523 D BadgeManager: packageName=com.samsung.android.sm.app.dashboard.SmartManagerDashBoardActivity,count=0
10-25 21:52:14.502 4523 4523 D BadgeManager: packageName=com.android.dialer.DialtactsActivity,count=0
10-25 21:52:14.502 4523 4523 D BadgeManager: packageName=com.samsung.android.spay.ui.SpayMainActivity,count=0
10-25 21:52:14.502 18958 19079 W TimeWarp: VSync 5013571: eye=1,late=2.7ms,over=0.0ms,CPU=0.3ms,GPU>=5.4
10-25 21:52:14.512 4523 4523 D AppsPanelContainer: updateBadgeInfo forcetrue
10-25 21:52:14.522 4523 4523 D PanelDescriptionView: updateHelpView: Apps edge2130903045 --> 2130903045 helpview reapplied:0
10-25 21:52:14.522 4523 4523 D PanelDescriptionView: updateHelpView: Apps edge2130903045 --> 2130903045 helpview reapplied:0
10-25 21:52:14.522 4523 4523 D CocktailBarUiController: postUpdatePanel: 1
10-25 21:52:14.542 19224 19224 E Zygote : v2
10-25 21:52:14.542 19224 19224 I SELinux : Function: selinux_compare_spd_ram, index[1], SPD-policy is existed. and_ver=SEPF_SECMOBILE_6.0.1 ver=11
10-25 21:52:14.542 19224 19224 W SELinux : Function: selinux_compare_spd_ram, index[1], priority [2], priority version is VE=SEPF_SECMOBILE_6.0.1_0013
10-25 21:52:14.542 19224 19224 E Zygote : accessInfo : 0
10-25 21:52:14.542 19224 19224 W SELinux : SELinux: seapp_context_lookup: seinfo=gmscore, level=s0:c512,c768, pkgname=com.android.vending
10-25 21:52:14.562 18958 19079 D VrApi : setSchedFifoStatic tid:18971 pto:0
10-25 21:52:14.582 3970 17522 V VRManagerServer: (VRManagerService.java:401) yTqX [setThreadSchedFifo pkg=com.foo.ProductName pid=18958 tid=18971 prio=0]
10-25 21:52:14.582 3970 17522 V VRManagerServer: (VRManagerService.java:405) yTqX [setAffinity pid=18971 cpus=[4, 5, 6, 7]]
10-25 21:52:14.582 5110 6835 I Icing : Usage reports 0 indexed 0 rejected 0 imm upload false
10-25 21:52:14.602 18958 19079 D VRManagerGearVR: VRManager set thread priority to 0
10-25 21:52:14.602 18958 19079 I VrApi_Clocks: SetSchedFifo( tid=18971, pri=0 ) succeeded
10-25 21:52:14.602 18958 19079 D VrApi : setSchedFifoStatic tid:18971 pto:0
10-25 21:52:14.602 19224 19224 D TimaKeyStoreProvider: TimaSignature is unavailable
10-25 21:52:14.602 19224 19224 D ActivityThread: Added TimaKeyStore provider
10-25 21:52:14.602 3970 3999 V VRManagerServer: (VRManagerService.java:401) yTqX [setThreadSchedFifo pkg=com.foo.ProductName pid=18958 tid=18971 prio=0]
10-25 21:52:14.602 3970 3999 V VRManagerServer: (VRManagerService.java:405) yTqX [setAffinity pid=18971 cpus=[4, 5, 6, 7]]
10-25 21:52:14.612 18958 19079 D VRManagerGearVR: VRManager set thread priority to 0
10-25 21:52:14.612 18958 19079 I VrApi_Clocks: SetSchedFifo( tid=18971, pri=0 ) succeeded
10-25 21:52:14.612 18958 19079 W TimeWarp: VSync 5013576: eye=1,late=34.2ms,over=0.0ms,CPU=0.4ms,GPU>=0.0
10-25 21:52:14.612 18958 19079 I TimeWarp: Adjusting 5013577.62 > 5013576 to 5013578
10-25 21:52:14.612 5110 6835 I Icing : Usage reports 0 indexed 0 rejected 0 imm upload false
10-25 21:52:14.622 18958 19098 I VrApi : FPS=9,Prd=47ms,Tear=17,Early=0,Stale=64,VSnc=1,Lat=1,CPU4/GPU=2/2,1000/420MHz,OC=FF,TA=F0/F0/F0/F0,SP=F/F/N/N,Mem=1026MHz,Free=1367MB,PSM=0,PLS=0,Temp=26.3C/27.0C
10-25 21:52:14.632 5110 19222 W IcingInternalCorpora: getNumBytesRead when not calculated.
10-25 21:52:14.632 18958 19079 D VrApi : setSchedFifoStatic tid:18971 pto:1
10-25 21:52:14.642 3970 17522 V VRManagerServer: (VRManagerService.java:401) yTqX [setThreadSchedFifo pkg=com.foo.ProductName pid=18958 tid=18971 prio=1]
10-25 21:52:14.642 3970 17522 V VRManagerServer: (VRManagerService.java:405) yTqX [setAffinity pid=18971 cpus=[4, 5, 6, 7]]
10-25 21:52:14.642 19224 19224 I InjectionManager: Inside getClassLibPath + mLibMap{0=, 1=}
10-25 21:52:14.642 18958 19079 D VRManagerGearVR: VRManager set thread priority to 1
10-25 21:52:14.642 18958 19079 I VrApi_Clocks: SetSchedFifo( tid=18971, pri=1 ) succeeded
10-25 21:52:14.642 18958 19079 D VrApi : setSchedFifoStatic tid:18971 pto:1
10-25 21:52:14.642 3970 3999 V VRManagerServer: (VRManagerService.java:401) yTqX [setThreadSchedFifo pkg=com.foo.ProductName pid=18958 tid=18971 prio=1]
10-25 21:52:14.642 3970 3999 V VRManagerServer: (VRManagerService.java:405) yTqX [setAffinity pid=18971 cpus=[4, 5, 6, 7]]
10-25 21:52:14.652 18958 19079 D VRManagerGearVR: VRManager set thread priority to 1
10-25 21:52:14.652 18958 19079 I VrApi_Clocks: SetSchedFifo( tid=18971, pri=1 ) succeeded
10-25 21:52:14.652 19224 19224 I InjectionManager: Inside getClassLibPath caller
10-25 21:52:14.652 18958 19079 W TimeWarp: VSync 5013580: eye=1,late=10.9ms,over=0.0ms,CPU=0.4ms,GPU>=0.0
10-25 21:52:14.662 19224 19224 W System : ClassLoader referenced unknown path: /data/app/com.android.vending-2/lib/arm64
10-25 21:52:14.722 19236 19236 E Zygote : v2
10-25 21:52:14.722 19236 19236 I SELinux : Function: selinux_compare_spd_ram, index[1], SPD-policy is existed. and_ver=SEPF_SECMOBILE_6.0.1 ver=11
10-25 21:52:14.722 19236 19236 W SELinux : Function: selinux_compare_spd_ram, index[1], priority [2], priority version is VE=SEPF_SECMOBILE_6.0.1_0013
10-25 21:52:14.722 19236 19236 E Zygote : accessInfo : 0
10-25 21:52:14.722 19236 19236 W SELinux : SELinux: seapp_context_lookup: seinfo=untrusted, level=s0:c512,c768, pkgname=com.google.process.gapps
10-25 21:52:14.732 18958 19079 D VrApi : setSchedFifoStatic tid:18971 pto:0
10-25 21:52:14.742 3970 17298 V VRManagerServer: (VRManagerService.java:401) yTqX [setThreadSchedFifo pkg=com.foo.ProductName pid=18958 tid=18971 prio=0]
10-25 21:52:14.742 3970 17298 V VRManagerServer: (VRManagerService.java:405) yTqX [setAffinity pid=18971 cpus=[4, 5, 6, 7]]
10-25 21:52:14.742 18958 19079 D VRManagerGearVR: VRManager set thread priority to 0
10-25 21:52:14.742 18958 19079 I VrApi_Clocks: SetSchedFifo( tid=18971, pri=0 ) succeeded
10-25 21:52:14.742 18958 19079 D VrApi : setSchedFifoStatic tid:18971 pto:0
10-25 21:52:14.742 3970 3998 V VRManagerServer: (VRManagerService.java:401) yTqX [setThreadSchedFifo pkg=com.foo.ProductName pid=18958 tid=18971 prio=0]
10-25 21:52:14.742 3970 3998 V VRManagerServer: (VRManagerService.java:405) yTqX [setAffinity pid=18971 cpus=[4, 5, 6, 7]]
10-25 21:52:14.752 18958 19079 D VRManagerGearVR: VRManager set thread priority to 0
10-25 21:52:14.752 18958 19079 I VrApi_Clocks: SetSchedFifo( tid=18971, pri=0 ) succeeded
10-25 21:52:14.752 18958 19079 W TimeWarp: VSync 5013586: eye=1,late=8.5ms,over=0.0ms,CPU=0.4ms,GPU>=0.0
10-25 21:52:14.762 18958 19079 D VrApi : setSchedFifoStatic tid:18971 pto:1
10-25 21:52:14.772 3970 17522 V VRManagerServer: (VRManagerService.java:401) yTqX [setThreadSchedFifo pkg=com.foo.ProductName pid=18958 tid=18971 prio=1]
10-25 21:52:14.772 3970 17522 V VRManagerServer: (VRManagerService.java:405) yTqX [setAffinity pid=18971 cpus=[4, 5, 6, 7]]
10-25 21:52:14.772 19236 19236 D TimaKeyStoreProvider: TimaSignature is unavailable
10-25 21:52:14.772 19236 19236 D ActivityThread: Added TimaKeyStore provider
10-25 21:52:14.772 18958 19079 D VRManagerGearVR: VRManager set thread priority to 1
10-25 21:52:14.772 18958 19079 I VrApi_Clocks: SetSchedFifo( tid=18971, pri=1 ) succeeded
10-25 21:52:14.772 18958 19079 D VrApi : setSchedFifoStatic tid:18971 pto:1
10-25 21:52:14.772 3970 3999 V VRManagerServer: (VRManagerService.java:401) yTqX [setThreadSchedFifo pkg=com.foo.ProductName pid=18958 tid=18971 prio=1]
10-25 21:52:14.772 3970 3999 V VRManagerServer: (VRManagerService.java:405) yTqX [setAffinity pid=18971 cpus=[4, 5, 6, 7]]
10-25 21:52:14.782 18958 19079 D VRManagerGearVR: VRManager set thread priority to 1
10-25 21:52:14.782 18958 19079 I VrApi_Clocks: SetSchedFifo( tid=18971, pri=1 ) succeeded
10-25 21:52:14.792 19236 19236 I InjectionManager: Inside getClassLibPath + mLibMap{0=, 1=}
10-25 21:52:14.802 19236 19236 I InjectionManager: Inside getClassLibPath caller
10-25 21:52:14.802 19236 19236 W System : ClassLoader referenced unknown path: /system/priv-app/GoogleServicesFramework/lib/arm64
10-25 21:52:14.812 19236 19236 I GservicesProvider: Gservices pushing to system: true; secure/global: true
10-25 21:52:14.862 19236 19236 I GoogleHttpClient: GMS http client unavailable, use old client
10-25 21:52:14.862 18958 19079 D VrApi : setSchedFifoStatic tid:18971 pto:0
10-25 21:52:14.872 3970 17298 V VRManagerServer: (VRManagerService.java:401) yTqX [setThreadSchedFifo pkg=com.foo.ProductName pid=18958 tid=18971 prio=0]
10-25 21:52:14.872 3970 17298 V VRManagerServer: (VRManagerService.java:405) yTqX [setAffinity pid=18971 cpus=[4, 5, 6, 7]]
10-25 21:52:14.872 19236 19236 D InjectionManager: InjectionManager
10-25 21:52:14.872 19236 19236 D InjectionManager: fillFeatureStoreMap com.google.android.gsf
10-25 21:52:14.872 19236 19236 I InjectionManager: Constructor com.google.android.gsf, Feature store :{}
10-25 21:52:14.872 19236 19236 I InjectionManager: featureStore :{}
10-25 21:52:14.872 18958 19079 D VRManagerGearVR: VRManager set thread priority to 0
10-25 21:52:14.872 18958 19079 I VrApi_Clocks: SetSchedFifo( tid=18971, pri=0 ) succeeded
10-25 21:52:14.872 18958 19079 D VrApi : setSchedFifoStatic tid:18971 pto:0
10-25 21:52:14.872 3970 3998 V VRManagerServer: (VRManagerService.java:401) yTqX [setThreadSchedFifo pkg=com.foo.ProductName pid=18958 tid=18971 prio=0]
10-25 21:52:14.882 3970 3998 V VRManagerServer: (VRManagerService.java:405) yTqX [setAffinity pid=18971 cpus=[4, 5, 6, 7]]
10-25 21:52:14.882 18958 19079 D VRManagerGearVR: VRManager set thread priority to 0
10-25 21:52:14.882 18958 19079 I VrApi_Clocks: SetSchedFifo( tid=18971, pri=0 ) succeeded
10-25 21:52:14.882 18958 19079 W TimeWarp: VSync 5013594: eye=1,late=9.6ms,over=0.0ms,CPU=0.4ms,GPU>=0.0
10-25 21:52:14.902 18958 19079 D VrApi : setSchedFifoStatic tid:18971 pto:1
10-25 21:52:14.902 3970 17522 V VRManagerServer: (VRManagerService.java:401) yTqX [setThreadSchedFifo pkg=com.foo.ProductName pid=18958 tid=18971 prio=1]
10-25 21:52:14.902 3970 17522 V VRManagerServer: (VRManagerService.java:405) yTqX [setAffinity pid=18971 cpus=[4, 5, 6, 7]]
10-25 21:52:14.902 18958 19079 D VRManagerGearVR: VRManager set thread priority to 1
10-25 21:52:14.902 18958 19079 I VrApi_Clocks: SetSchedFifo( tid=18971, pri=1 ) succeeded
10-25 21:52:14.902 18958 19079 D VrApi : setSchedFifoStatic tid:18971 pto:1
10-25 21:52:14.912 3970 3999 V VRManagerServer: (VRManagerService.java:401) yTqX [setThreadSchedFifo pkg=com.foo.ProductName pid=18958 tid=18971 prio=1]
10-25 21:52:14.912 3970 3999 V VRManagerServer: (VRManagerService.java:405) yTqX [setAffinity pid=18971 cpus=[4, 5, 6, 7]]
10-25 21:52:14.912 18958 19079 D VRManagerGearVR: VRManager set thread priority to 1
10-25 21:52:14.912 18958 19079 I VrApi_Clocks: SetSchedFifo( tid=18971, pri=1 ) succeeded
10-25 21:52:14.912 18958 19079 W TimeWarp: VSync 5013596: eye=1,late=7.0ms,over=0.0ms,CPU=0.4ms,GPU>=0.9
10-25 21:52:14.952 3520 3542 D PackageManager: setEnabledSetting : userId = 0 packageName = com.android.vending cmp = com.android.vending.AssetBrowserActivity newState = 1 callingPackage = 10037
10-25 21:52:14.982 18958 19079 W TimeWarp: VSync 5013600: eye=1,late=0.0ms,over=0.0ms,CPU=0.4ms,GPU>=7.8
10-25 21:52:15.002 18958 19079 D VrApi : setSchedFifoStatic tid:18971 pto:0
10-25 21:52:15.002 3970 17298 V VRManagerServer: (VRManagerService.java:401) yTqX [setThreadSchedFifo pkg=com.foo.ProductName pid=18958 tid=18971 prio=0]
10-25 21:52:15.002 3970 17298 V VRManagerServer: (VRManagerService.java:405) yTqX [setAffinity pid=18971 cpus=[4, 5, 6, 7]]
10-25 21:52:15.002 18958 19079 D VRManagerGearVR: VRManager set thread priority to 0
10-25 21:52:15.002 18958 19079 I VrApi_Clocks: SetSchedFifo( tid=18971, pri=0 ) succeeded
10-25 21:52:15.002 18958 19079 D VrApi : setSchedFifoStatic tid:18971 pto:0
10-25 21:52:15.012 3970 3998 V VRManagerServer: (VRManagerService.java:401) yTqX [setThreadSchedFifo pkg=com.foo.ProductName pid=18958 tid=18971 prio=0]
10-25 21:52:15.012 3970 3998 V VRManagerServer: (VRManagerService.java:405) yTqX [setAffinity pid=18971 cpus=[4, 5, 6, 7]]
10-25 21:52:15.012 18958 19079 D VRManagerGearVR: VRManager set thread priority to 0
10-25 21:52:15.012 18958 19079 I VrApi_Clocks: SetSchedFifo( tid=18971, pri=0 ) succeeded
10-25 21:52:15.012 18958 19079 W TimeWarp: VSync 5013602: eye=1,late=7.9ms,over=0.0ms,CPU=0.4ms,GPU>=0.0
10-25 21:52:15.032 18958 19079 W TimeWarp: VSync 5013603: eye=1,late=0.0ms,over=0.1ms,CPU=0.5ms,GPU>=7.8
10-25 21:52:15.032 18958 19079 D VrApi : setSchedFifoStatic tid:18971 pto:1
10-25 21:52:15.032 3970 17522 V VRManagerServer: (VRManagerService.java:401) yTqX [setThreadSchedFifo pkg=com.foo.ProductName pid=18958 tid=18971 prio=1]
10-25 21:52:15.032 3970 17522 V VRManagerServer: (VRManagerService.java:405) yTqX [setAffinity pid=18971 cpus=[4, 5, 6, 7]]
10-25 21:52:15.042 18958 19079 D VRManagerGearVR: VRManager set thread priority to 1
10-25 21:52:15.042 18958 19079 I VrApi_Clocks: SetSchedFifo( tid=18971, pri=1 ) succeeded
10-25 21:52:15.042 18958 19079 D VrApi : setSchedFifoStatic tid:18971 pto:1
10-25 21:52:15.042 3970 17298 V VRManagerServer: (VRManagerService.java:401) yTqX [setThreadSchedFifo pkg=com.foo.ProductName pid=18958 tid=18971 prio=1]
10-25 21:52:15.042 3970 17298 V VRManagerServer: (VRManagerService.java:405) yTqX [setAffinity pid=18971 cpus=[4, 5, 6, 7]]
10-25 21:52:15.042 18958 19079 D VRManagerGearVR: VRManager set thread priority to 1
10-25 21:52:15.042 18958 19079 I VrApi_Clocks: SetSchedFifo( tid=18971, pri=1 ) succeeded
10-25 21:52:15.042 18958 19079 W TimeWarp: VSync 5013604: eye=1,late=6.2ms,over=0.0ms,CPU=0.5ms,GPU>=1.6
10-25 21:52:15.082 3135 3181 D Sensorhubs: readContextData: 1, 1, 26, 1, 1, 11, -117, 30, 4, 1
10-25 21:52:15.082 3520 4008 D SensorHubManager: onGetSensorHubDataLocked: library(10) = 1, 1, 26, 1, 1, 11, -117, 30, 4, 1
10-25 21:52:15.082 3520 4007 D CAE : onGetSensorHubData(SensorHubParserProvider.java:92) - onGetSensorHubData Event [event buffer len :10], AP_WAKEUP
10-25 21:52:15.082 3520 4007 I CAE : parse(SensorHubParserProvider.java:188) - buffer size = 10
10-25 21:52:15.082 3520 4007 I CAE : parse(SensorHubParserProvider.java:199) - 1, 1, 26, 1, 1, 11, -117, 30, 4, 1,
10-25 21:52:15.082 3520 4007 D CAE : display(ContextProvider.java:375) - ================= ACTIVITY_TRACKER =================
10-25 21:52:15.082 3520 4007 I CAE : display(ContextProvider.java:391) - Accuracy=[1], OperationMode=[0], ActivityType=[4], TimeStamp=[1477457533726]
10-25 21:52:15.082 3520 4010 D SContextService: updateSContext() : event = Activity Tracker
10-25 21:52:15.082 3520 3520 D WifiStateMachine: setWifiScanMove bMove = 3
10-25 21:52:15.082 3520 3520 I WifiStateMachine: sendMessageDelayed CMD_SET_SCAN_MOVE after 5 mins with 3
10-25 21:52:15.122 19224 19224 I Finsky : [1] com.google.android.finsky.services.DailyHygiene.a(227): No need to run daily hygiene.
10-25 21:52:15.132 18958 19079 D VrApi : setSchedFifoStatic tid:18971 pto:0
10-25 21:52:15.142 3970 3999 V VRManagerServer: (VRManagerService.java:401) yTqX [setThreadSchedFifo pkg=com.foo.ProductName pid=18958 tid=18971 prio=0]
10-25 21:52:15.142 3970 3999 V VRManagerServer: (VRManagerService.java:405) yTqX [setAffinity pid=18971 cpus=[4, 5, 6, 7]]
10-25 21:52:15.142 18958 19079 D VRManagerGearVR: VRManager set thread priority to 0
10-25 21:52:15.142 18958 19079 I VrApi_Clocks: SetSchedFifo( tid=18971, pri=0 ) succeeded
10-25 21:52:15.142 18958 19079 D VrApi : setSchedFifoStatic tid:18971 pto:0
10-25 21:52:15.152 3970 3998 V VRManagerServer: (VRManagerService.java:401) yTqX [setThreadSchedFifo pkg=com.foo.ProductName pid=18958 tid=18971 prio=0]
10-25 21:52:15.152 3970 3998 V VRManagerServer: (VRManagerService.java:405) yTqX [setAffinity pid=18971 cpus=[4, 5, 6, 7]]
10-25 21:52:15.152 18958 19079 D VRManagerGearVR: VRManager set thread priority to 0
10-25 21:52:15.152 18958 19079 I VrApi_Clocks: SetSchedFifo( tid=18971, pri=0 ) succeeded
10-25 21:52:15.152 18958 19079 W TimeWarp: VSync 5013610: eye=1,late=16.1ms,over=0.0ms,CPU=0.5ms,GPU>=0.0
10-25 21:52:15.172 19224 19224 W Settings: Setting download_manager_max_bytes_over_mobile has moved from android.provider.Settings.Secure to android.provider.Settings.Global.
10-25 21:52:15.172 19224 19224 W Settings: Setting download_manager_recommended_max_bytes_over_mobile has moved from android.provider.Settings.Secure to android.provider.Settings.Global.
10-25 21:52:15.172 4371 4383 D PeopleNotiListenerService: onEdgeNotificationRemoved() : pkg com.android.vending,id=-1050172287,extra=Bundle[mParcelledData.dataSize=84]
10-25 21:52:15.172 4371 4371 D PeopleNotiListenerService: removeEdgeNotification:Bundle[{samsung.notification.id=-1050172287, samsung.notification.type=normal, samsung.people.package_name=com.android.vending}]
10-25 21:52:15.172 4371 4371 I PeopleStripeService: PeopleNotificationReceiver:3
10-25 21:52:15.172 4371 4371 I PeopleStripeService: sendEdgeNotification peopleEnabled true lightingEnabled false edgeEnabled true
10-25 21:52:15.172 4371 4371 I PeopleDataManager: removeNotification
10-25 21:52:15.172 4371 4371 I NotificationParser: getNotiType:com.android.vending,null
10-25 21:52:15.172 4371 4371 D PeopleDataManager: removeNotiInfo: id =-1050172287,packageName=com.android.vending,isEdgeNotification=false,key=null,removeAll=false
10-25 21:52:15.172 4371 4371 D PeopleDataManager: removeNotiInfo =null
10-25 21:52:15.182 18958 19079 D VrApi : setSchedFifoStatic tid:18971 pto:1
10-25 21:52:15.182 3970 17522 V VRManagerServer: (VRManagerService.java:401) yTqX [setThreadSchedFifo pkg=com.foo.ProductName pid=18958 tid=18971 prio=1]
10-25 21:52:15.182 3970 17522 V VRManagerServer: (VRManagerService.java:405) yTqX [setAffinity pid=18971 cpus=[4, 5, 6, 7]]
10-25 21:52:15.192 18958 19079 D VRManagerGearVR: VRManager set thread priority to 1
10-25 21:52:15.192 18958 19079 I VrApi_Clocks: SetSchedFifo( tid=18971, pri=1 ) succeeded
10-25 21:52:15.192 18958 19079 D VrApi : setSchedFifoStatic tid:18971 pto:1
10-25 21:52:15.192 3970 17298 V VRManagerServer: (VRManagerService.java:401) yTqX [setThreadSchedFifo pkg=com.foo.ProductName pid=18958 tid=18971 prio=1]
10-25 21:52:15.192 3970 17298 V VRManagerServer: (VRManagerService.java:405) yTqX [setAffinity pid=18971 cpus=[4, 5, 6, 7]]
10-25 21:52:15.192 18958 19079 D VRManagerGearVR: VRManager set thread priority to 1
10-25 21:52:15.192 18958 19079 I VrApi_Clocks: SetSchedFifo( tid=18971, pri=1 ) succeeded
10-25 21:52:15.192 18958 19079 W TimeWarp: VSync 5013613: eye=1,late=8.1ms,over=0.0ms,CPU=0.5ms,GPU>=0.0
10-25 21:52:15.202 3520 4750 D PackageManager: setEnabledSetting : userId = 0 packageName = com.android.vending cmp = com.google.android.finsky.activities.DebugActivity newState = 2 callingPackage = 10037
10-25 21:52:15.212 19224 19224 I Finsky : [1] com.google.android.finsky.utils.bq.a(175): Enabling bucket experiment: factor=2.000, zeroDelta=0ms, forceNetwork=false
10-25 21:52:15.282 18958 19079 D VrApi : setSchedFifoStatic tid:18971 pto:0
10-25 21:52:15.282 3970 3999 V VRManagerServer: (VRManagerService.java:401) yTqX [setThreadSchedFifo pkg=com.foo.ProductName pid=18958 tid=18971 prio=0]
10-25 21:52:15.282 3970 3999 V VRManagerServer: (VRManagerService.java:405) yTqX [setAffinity pid=18971 cpus=[4, 5, 6, 7]]
10-25 21:52:15.292 19224 19224 D InjectionManager: InjectionManager
10-25 21:52:15.292 19224 19224 D InjectionManager: fillFeatureStoreMap com.android.vending
10-25 21:52:15.292 18958 19079 D VRManagerGearVR: VRManager set thread priority to 0
10-25 21:52:15.292 18958 19079 I VrApi_Clocks: SetSchedFifo( tid=18971, pri=0 ) succeeded
10-25 21:52:15.292 18958 19079 D VrApi : setSchedFifoStatic tid:18971 pto:0
10-25 21:52:15.292 19224 19224 I InjectionManager: Constructor com.android.vending, Feature store :{}
10-25 21:52:15.292 19224 19224 I InjectionManager: featureStore :{}
10-25 21:52:15.292 3970 3998 V VRManagerServer: (VRManagerService.java:401) yTqX [setThreadSchedFifo pkg=com.foo.ProductName pid=18958 tid=18971 prio=0]
10-25 21:52:15.292 3970 3998 V VRManagerServer: (VRManagerService.java:405) yTqX [setAffinity pid=18971 cpus=[4, 5, 6, 7]]
10-25 21:52:15.302 18958 19079 D VRManagerGearVR: VRManager set thread priority to 0
10-25 21:52:15.302 18958 19079 I VrApi_Clocks: SetSchedFifo( tid=18971, pri=0 ) succeeded
10-25 21:52:15.302 18958 19079 W TimeWarp: VSync 5013619: eye=1,late=10.6ms,over=0.0ms,CPU=0.5ms,GPU>=0.0
10-25 21:52:15.312 19224 19275 V GoogleSignatureVerifier: com.google.android.gms signature not valid. Found:
10-25 21:52:15.312 19224 19275 V GoogleSignatureVerifier: MIIEQzCCAyugAwIBAgIJAMLgh0ZkSjCNMA0GCSqGSIb3DQEBBAUAMHQxCzAJBgNVBAYTAlVTMRMw
10-25 21:52:15.312 19224 19275 V GoogleSignatureVerifier: EQYDVQQIEwpDYWxpZm9ybmlhMRYwFAYDVQQHEw1Nb3VudGFpbiBWaWV3MRQwEgYDVQQKEwtHb29n
10-25 21:52:15.312 19224 19275 V GoogleSignatureVerifier: bGUgSW5jLjEQMA4GA1UECxMHQW5kcm9pZDEQMA4GA1UEAxMHQW5kcm9pZDAeFw0wODA4MjEyMzEz
10-25 21:52:15.312 19224 19275 V GoogleSignatureVerifier: MzRaFw0zNjAxMDcyMzEzMzRaMHQxCzAJBgNVBAYTAlVTMRMwEQYDVQQIEwpDYWxpZm9ybmlhMRYw
10-25 21:52:15.312 19224 19275 V GoogleSignatureVerifier: FAYDVQQHEw1Nb3VudGFpbiBWaWV3MRQwEgYDVQQKEwtHb29nbGUgSW5jLjEQMA4GA1UECxMHQW5k
10-25 21:52:15.312 19224 19275 V GoogleSignatureVerifier: cm9pZDEQMA4GA1UEAxMHQW5kcm9pZDCCASAwDQYJKoZIhvcNAQEBBQADggENADCCAQgCggEBAKtW
10-25 21:52:15.312 19224 19275 V GoogleSignatureVerifier: LgDYO6IIrgqWbxJOKdoR8qtW0I9Y4sypEwPpt1TTcvZApxsdyxMJZ2JORland2qSGT2y5b+3JKke
10-25 21:52:15.312 19224 19275 V GoogleSignatureVerifier: dxiLDmpHpDsz2WCbdxgxRczfey5YZnTJ4VZbH0xqWVW/8lGmPav5xVwnIiJS6HXk+BVKZF+JcWjA
10-25 21:52:15.312 19224 19275 V GoogleSignatureVerifier: sb/GEuq/eFdpuzSqeYTcfi6idkyugwfYwXFU1+5fZKUaRKYCwkkFQVfcAs1fXA5V+++FGfvjJ/Cx
10-25 21:52:15.312 19224 19275 V GoogleSignatureVerifier: URaSxaBvGdGDhfXE28LWuT9ozCl5xw4Yq5OGazvV24mZVSoOO0yZ31j7kYvtwYK6NeADwbSxDdJE
10-25 21:52:15.312 19224 19275 V GoogleSignatureVerifier: qO4k//0zOHKrUiGYXtqw/A0LFFtqoZKFjnkCAQOjgdkwgdYwHQYDVR0OBBYEFMd9jMIhF1Ylmn/T
10-25 21:52:15.312 19224 19275 V GoogleSignatureVerifier: gt9r45jk14alMIGmBgNVHSMEgZ4wgZuAFMd9jMIhF1Ylmn/Tgt9r45jk14aloXikdjB0MQswCQYD
10-25 21:52:15.312 19224 19275 V GoogleSignatureVerifier: VQQGEwJVUzETMBEGA1UECBMKQ2FsaWZvcm5pYTEWMBQGA1UEBxMNTW91bnRhaW4gVmlldzEUMBIG
10-25 21:52:15.312 19224 19275 V GoogleSignatureVerifier: A1UEChMLR29vZ2xlIEluYy4xEDAOBgNVBAsTB0FuZHJvaWQxEDAOBgNVBAMTB0FuZHJvaWSCCQDC
10-25 21:52:15.312 19224 19275 V GoogleSignatureVerifier: 4IdGZEowjTAMBgNVHRMEBTADAQH/MA0GCSqGSIb3DQEBBAUAA4IBAQBt0lLO74UwLDYKqs6Tm8/y
10-25 21:52:15.312 19224 19275 V GoogleSignatureVerifier: zKkEu116FmH4rkaymUIE0P9KaMftGlMexFlaYjzmB2OxZyl6euNXEsQH8gjwyxCUKRJNexBiGcCE
10-25 21:52:15.312 19224 19275 V GoogleSignatureVerifier: yj6z+a1fuHHvkiaai+KL8W1EyNmgjmyy8AW7P+LLlkR+ho5zEHatRbM/YAnqGcFh5iZBqpknHf1S
10-25 21:52:15.312 19224 19275 V GoogleSignatureVerifier: KMXFh4dd239FJ1jWYfbMDMy3NS5CTMQ2XFI1MvcyUTdZPErjQfTbQe3aDQsQcafEQPD+nqActifK
10-25 21:52:15.312 19224 19275 V GoogleSignatureVerifier: Z0Np0IS9L9kR/wbNvyz6ENwPiTrjV2KRkEjH78ZMcUQXg0L3BYHJ3lc69Vs5Ddf9uUGGMYldX3Wf
10-25 21:52:15.312 19224 19275 V GoogleSignatureVerifier: MBEmh/9iFBDAaTCK
10-25 21:52:15.332 19224 19224 I Finsky : [1] com.google.android.finsky.installer.z.a(1282): Installer kick - no action, not running yet
10-25 21:52:15.332 19224 19224 I Finsky : [1] com.google.android.finsky.l.j.run(206): Loaded library for account: [FFqX6qTo52C3JN-7r5nextqeuMI]
10-25 21:52:15.332 19224 19224 I Finsky : [1] com.google.android.finsky.l.j.run(212): Finished loading 1 libraries.
10-25 21:52:15.342 18958 19079 D VrApi : setSchedFifoStatic tid:18971 pto:1
10-25 21:52:15.352 3970 17522 V VRManagerServer: (VRManagerService.java:401) yTqX [setThreadSchedFifo pkg=com.foo.ProductName pid=18958 tid=18971 prio=1]
10-25 21:52:15.352 3970 17522 V VRManagerServer: (VRManagerService.java:405) yTqX [setAffinity pid=18971 cpus=[4, 5, 6, 7]]
10-25 21:52:15.352 18958 19079 D VRManagerGearVR: VRManager set thread priority to 1
10-25 21:52:15.352 18958 19079 I VrApi_Clocks: SetSchedFifo( tid=18971, pri=1 ) succeeded
10-25 21:52:15.352 18958 19079 D VrApi : setSchedFifoStatic tid:18971 pto:1
10-25 21:52:15.352 3970 17298 V VRManagerServer: (VRManagerService.java:401) yTqX [setThreadSchedFifo pkg=com.foo.ProductName pid=18958 tid=18971 prio=1]
10-25 21:52:15.352 3970 17298 V VRManagerServer: (VRManagerService.java:405) yTqX [setAffinity pid=18971 cpus=[4, 5, 6, 7]]
10-25 21:52:15.362 18958 19079 D VRManagerGearVR: VRManager set thread priority to 1
10-25 21:52:15.362 18958 19079 I VrApi_Clocks: SetSchedFifo( tid=18971, pri=1 ) succeeded
10-25 21:52:15.382 19224 19224 I Finsky : [1] com.google.android.finsky.c.l.a(250): result=false type=4
10-25 21:52:15.392 4782 4782 I WearableService: Wear is not allowed to run on this device. Not starting Wear service.
10-25 21:52:15.392 18958 19079 W TimeWarp: VSync 5013625: eye=1,late=0.0ms,over=0.0ms,CPU=0.4ms,GPU>=7.8
10-25 21:52:15.392 19224 19224 W System.err: remove failed: ENOENT (No such file or directory) : /data/user/0/com.android.vending/databases/assets14.db
10-25 21:52:15.392 19224 19224 W System.err: remove failed: ENOENT (No such file or directory) : /data/user/0/com.android.vending/databases/assets14.db-journal
10-25 21:52:15.402 19224 19224 W System.err: remove failed: ENOENT (No such file or directory) : /data/user/0/com.android.vending/databases/assets14.db-shm
10-25 21:52:15.402 19224 19224 W System.err: remove failed: ENOENT (No such file or directory) : /data/user/0/com.android.vending/databases/assets14.db-wal
10-25 21:52:15.402 19224 19224 W System.err: remove failed: ENOENT (No such file or directory) : /data/user/0/com.android.vending/databases/market_assets.db
10-25 21:52:15.402 19224 19224 W System.err: remove failed: ENOENT (No such file or directory) : /data/user/0/com.android.vending/databases/market_assets.db-journal
10-25 21:52:15.402 19224 19224 W System.err: remove failed: ENOENT (No such file or directory) : /data/user/0/com.android.vending/databases/market_assets.db-shm
10-25 21:52:15.402 19224 19224 W System.err: remove failed: ENOENT (No such file or directory) : /data/user/0/com.android.vending/databases/market_assets.db-wal
10-25 21:52:15.422 4371 4385 D PeopleNotiListenerService: onEdgeNotificationRemoved() : pkg com.android.vending,id=-555892993,extra=Bundle[mParcelledData.dataSize=84]
10-25 21:52:15.422 19224 19224 I Finsky : [1] com.google.android.finsky.services.bd.a(1071): Restore complete with 0 success and 0 failed.
10-25 21:52:15.422 4371 4371 D PeopleNotiListenerService: removeEdgeNotification:Bundle[{samsung.notification.id=-555892993, samsung.notification.type=normal, samsung.people.package_name=com.android.vending}]
10-25 21:52:15.422 4371 4371 I PeopleStripeService: PeopleNotificationReceiver:3
10-25 21:52:15.422 4371 4371 I PeopleStripeService: sendEdgeNotification peopleEnabled true lightingEnabled false edgeEnabled true
10-25 21:52:15.422 4371 4371 I PeopleDataManager: removeNotification
10-25 21:52:15.422 4371 4371 I NotificationParser: getNotiType:com.android.vending,null
10-25 21:52:15.422 4371 4371 D PeopleDataManager: removeNotiInfo: id =-555892993,packageName=com.android.vending,isEdgeNotification=false,key=null,removeAll=false
10-25 21:52:15.422 4371 4371 D PeopleDataManager: removeNotiInfo =null
10-25 21:52:15.442 18958 19046 I OVR : DeviceManagerThread - event 43 (498Hz) (Tid=19046)
10-25 21:52:15.442 19144 19144 I AppsEdgeBroadcastReceiver: onReceive: android.intent.action.PACKAGE_CHANGED
10-25 21:52:15.442 18958 19079 D VrApi : setSchedFifoStatic tid:18971 pto:0
10-25 21:52:15.452 3970 3999 V VRManagerServer: (VRManagerService.java:401) yTqX [setThreadSchedFifo pkg=com.foo.ProductName pid=18958 tid=18971 prio=0]
10-25 21:52:15.452 3970 3999 V VRManagerServer: (VRManagerService.java:405) yTqX [setAffinity pid=18971 cpus=[4, 5, 6, 7]]
10-25 21:52:15.452 18958 19079 D VRManagerGearVR: VRManager set thread priority to 0
10-25 21:52:15.452 18958 19079 I VrApi_Clocks: SetSchedFifo( tid=18971, pri=0 ) succeeded
10-25 21:52:15.452 18958 19079 D VrApi : setSchedFifoStatic tid:18971 pto:0
10-25 21:52:15.462 3970 3998 V VRManagerServer: (VRManagerService.java:401) yTqX [setThreadSchedFifo pkg=com.foo.ProductName pid=18958 tid=18971 prio=0]
10-25 21:52:15.462 3970 3998 V VRManagerServer: (VRManagerService.java:405) yTqX [setAffinity pid=18971 cpus=[4, 5, 6, 7]]
10-25 21:52:15.462 18958 19079 D VRManagerGearVR: VRManager set thread priority to 0
10-25 21:52:15.462 18958 19079 I VrApi_Clocks: SetSchedFifo( tid=18971, pri=0 ) succeeded
10-25 21:52:15.462 18958 19079 W TimeWarp: VSync 5013629: eye=1,late=9.5ms,over=0.0ms,CPU=0.4ms,GPU>=0.0
10-25 21:52:15.462 19224 19224 E Finsky : [1] com.google.android.finsky.wear.bo.a(836): onConnectionFailed: ConnectionResult{statusCode=API_UNAVAILABLE, resolution=null, message=null}
10-25 21:52:15.462 19224 19224 I Finsky : [1] com.google.android.finsky.wear.an.run(2394): Dropping command=send_installed_apps due to Gms not connected
10-25 21:52:15.472 19160 19160 I TaskEdgeBroadcastReceiver: onReceive:android.intent.action.PACKAGE_CHANGED
10-25 21:52:15.482 18958 19079 D VrApi : setSchedFifoStatic tid:18971 pto:1
10-25 21:52:15.482 3970 17522 V VRManagerServer: (VRManagerService.java:401) yTqX [setThreadSchedFifo pkg=com.foo.ProductName pid=18958 tid=18971 prio=1]
10-25 21:52:15.482 3970 17522 V VRManagerServer: (VRManagerService.java:405) yTqX [setAffinity pid=18971 cpus=[4, 5, 6, 7]]
10-25 21:52:15.482 18958 19079 D VRManagerGearVR: VRManager set thread priority to 1
10-25 21:52:15.482 18958 19079 I VrApi_Clocks: SetSchedFifo( tid=18971, pri=1 ) succeeded
10-25 21:52:15.482 18958 19079 D VrApi : setSchedFifoStatic tid:18971 pto:1
10-25 21:52:15.492 3970 17298 V VRManagerServer: (VRManagerService.java:401) yTqX [setThreadSchedFifo pkg=com.foo.ProductName pid=18958 tid=18971 prio=1]
10-25 21:52:15.492 3970 17298 V VRManagerServer: (VRManagerService.java:405) yTqX [setAffinity pid=18971 cpus=[4, 5, 6, 7]]
10-25 21:52:15.492 18958 19079 D VRManagerGearVR: VRManager set thread priority to 1
10-25 21:52:15.492 18958 19079 I VrApi_Clocks: SetSchedFifo( tid=18971, pri=1 ) succeeded
10-25 21:52:15.502 19174 19174 D FileShare-Server: ServerBroadcastReceiver.onReceive - action android.intent.action.PACKAGE_CHANGED // package:com.samsung.android.hmt.vrsvc
10-25 21:52:15.512 18958 19079 W TimeWarp: VSync 5013632: eye=1,late=0.0ms,over=0.1ms,CPU=0.3ms,GPU>=7.9
10-25 21:52:15.532 19201 19201 D PackageIntentReceiver: onReceive::android.intent.action.PACKAGE_CHANGED
10-25 21:52:15.532 19201 19201 D PackageIntentReceiver: ACTION_PACKAGE_CHANGED : com.samsung.android.hmt.vrsvc
10-25 21:52:15.532 19201 19201 D PackageIntentReceiver: Not GearManger package!
10-25 21:52:15.552 16548 16548 I SAPackageEventReceiver: The current enabled state for com.samsung.android.hmt.vrsvc : 0
10-25 21:52:15.552 16548 16548 D SAPackageEventReceiver: registerService : com.samsung.android.hmt.vrsvc
10-25 21:52:15.582 18958 19079 D VrApi : setSchedFifoStatic tid:18971 pto:0
10-25 21:52:15.582 3970 3999 V VRManagerServer: (VRManagerService.java:401) yTqX [setThreadSchedFifo pkg=com.foo.ProductName pid=18958 tid=18971 prio=0]
10-25 21:52:15.582 3970 3999 V VRManagerServer: (VRManagerService.java:405) yTqX [setAffinity pid=18971 cpus=[4, 5, 6, 7]]
10-25 21:52:15.592 18958 19079 D VRManagerGearVR: VRManager set thread priority to 0
10-25 21:52:15.592 18958 19079 I VrApi_Clocks: SetSchedFifo( tid=18971, pri=0 ) succeeded
10-25 21:52:15.592 18958 19079 D VrApi : setSchedFifoStatic tid:18971 pto:0
10-25 21:52:15.592 3970 3998 V VRManagerServer: (VRManagerService.java:401) yTqX [setThreadSchedFifo pkg=com.foo.ProductName pid=18958 tid=18971 prio=0]
10-25 21:52:15.592 3970 3998 V VRManagerServer: (VRManagerService.java:405) yTqX [setAffinity pid=18971 cpus=[4, 5, 6, 7]]
10-25 21:52:15.592 18958 19079 D VRManagerGearVR: VRManager set thread priority to 0
10-25 21:52:15.592 18958 19079 I VrApi_Clocks: SetSchedFifo( tid=18971, pri=0 ) succeeded
10-25 21:52:15.592 18958 19079 W TimeWarp: VSync 5013637: eye=1,late=8.0ms,over=0.0ms,CPU=0.4ms,GPU>=0.0
10-25 21:52:15.592 18958 19079 D VrApi : setSchedFifoStatic tid:18971 pto:1
10-25 21:52:15.602 3970 17522 V VRManagerServer: (VRManagerService.java:401) yTqX [setThreadSchedFifo pkg=com.foo.ProductName pid=18958 tid=18971 prio=1]
10-25 21:52:15.602 3970 17522 V VRManagerServer: (VRManagerService.java:405) yTqX [setAffinity pid=18971 cpus=[4, 5, 6, 7]]
10-25 21:52:15.602 18958 19079 D VRManagerGearVR: VRManager set thread priority to 1
10-25 21:52:15.602 18958 19079 I VrApi_Clocks: SetSchedFifo( tid=18971, pri=1 ) succeeded
10-25 21:52:15.602 18958 19079 D VrApi : setSchedFifoStatic tid:18971 pto:1
10-25 21:52:15.602 3970 17298 V VRManagerServer: (VRManagerService.java:401) yTqX [setThreadSchedFifo pkg=com.foo.ProductName pid=18958 tid=18971 prio=1]
10-25 21:52:15.602 3970 17298 V VRManagerServer: (VRManagerService.java:405) yTqX [setAffinity pid=18971 cpus=[4, 5, 6, 7]]
10-25 21:52:15.612 18958 19079 D VRManagerGearVR: VRManager set thread priority to 1
10-25 21:52:15.612 18958 19079 I VrApi_Clocks: SetSchedFifo( tid=18971, pri=1 ) succeeded
10-25 21:52:15.612 18958 19079 W TimeWarp: VSync 5013638: eye=1,late=6.6ms,over=0.0ms,CPU=0.4ms,GPU>=1.3
10-25 21:52:15.612 5110 6835 I Icing : Indexing 84F31B9B811550257F8E65DCF03199089E575834 from com.google.android.gms
10-25 21:52:15.632 18958 19098 I VrApi : FPS=7,Prd=46ms,Tear=17,Early=0,Stale=56,VSnc=1,Lat=1,CPU4/GPU=2/2,1000/420MHz,OC=FF,TA=F0/F0/F0/F0,SP=F/F/F/F,Mem=1264MHz,Free=1365MB,PSM=0,PLS=0,Temp=26.3C/27.0C
10-25 21:52:15.662 22727 19283 I UpdateIcingCorporaServi: Updating corpora: APPS=com.samsung.android.hmt.vrsvc, CONTACTS=MAYBE
10-25 21:52:15.662 5110 6835 I Icing : Indexing done 84F31B9B811550257F8E65DCF03199089E575834
10-25 21:52:15.692 5110 6835 I Icing : Usage reports 0 indexed 0 rejected 0 imm upload false
10-25 21:52:15.712 5110 6835 I Icing : Usage reports 0 indexed 0 rejected 0 imm upload false
10-25 21:52:15.732 22727 19283 I UpdateIcingCorporaServi: UpdateCorporaTask done [took 74 ms] updated apps [took 74 ms]
10-25 21:52:15.792 18958 19079 D VrApi : setSchedFifoStatic tid:18971 pto:0
10-25 21:52:15.792 3970 17522 V VRManagerServer: (VRManagerService.java:401) yTqX [setThreadSchedFifo pkg=com.foo.ProductName pid=18958 tid=18971 prio=0]
10-25 21:52:15.802 3970 17522 V VRManagerServer: (VRManagerService.java:405) yTqX [setAffinity pid=18971 cpus=[4, 5, 6, 7]]
10-25 21:52:15.802 18958 19079 D VRManagerGearVR: VRManager set thread priority to 0
10-25 21:52:15.802 18958 19079 I VrApi_Clocks: SetSchedFifo( tid=18971, pri=0 ) succeeded
10-25 21:52:15.802 18958 19079 D VrApi : setSchedFifoStatic tid:18971 pto:0
10-25 21:52:15.802 3970 17298 V VRManagerServer: (VRManagerService.java:401) yTqX [setThreadSchedFifo pkg=com.foo.ProductName pid=18958 tid=18971 prio=0]
10-25 21:52:15.802 3970 17298 V VRManagerServer: (VRManagerService.java:405) yTqX [setAffinity pid=18971 cpus=[4, 5, 6, 7]]
10-25 21:52:15.802 18958 19079 D VRManagerGearVR: VRManager set thread priority to 0
10-25 21:52:15.802 18958 19079 I VrApi_Clocks: SetSchedFifo( tid=18971, pri=0 ) succeeded
10-25 21:52:15.812 18958 19079 D VrApi : setSchedFifoStatic tid:18971 pto:1
10-25 21:52:15.812 3970 3999 V VRManagerServer: (VRManagerService.java:401) yTqX [setThreadSchedFifo pkg=com.foo.ProductName pid=18958 tid=18971 prio=1]
10-25 21:52:15.812 3970 3999 V VRManagerServer: (VRManagerService.java:405) yTqX [setAffinity pid=18971 cpus=[4, 5, 6, 7]]
10-25 21:52:15.812 18958 19079 D VRManagerGearVR: VRManager set thread priority to 1
10-25 21:52:15.812 18958 19079 I VrApi_Clocks: SetSchedFifo( tid=18971, pri=1 ) succeeded
10-25 21:52:15.812 18958 19079 D VrApi : setSchedFifoStatic tid:18971 pto:1
10-25 21:52:15.822 3970 3998 V VRManagerServer: (VRManagerService.java:401) yTqX [setThreadSchedFifo pkg=com.foo.ProductName pid=18958 tid=18971 prio=1]
10-25 21:52:15.822 3970 3998 V VRManagerServer: (VRManagerService.java:405) yTqX [setAffinity pid=18971 cpus=[4, 5, 6, 7]]
10-25 21:52:15.822 18958 19079 D VRManagerGearVR: VRManager set thread priority to 1
10-25 21:52:15.822 18958 19079 I VrApi_Clocks: SetSchedFifo( tid=18971, pri=1 ) succeeded
10-25 21:52:16.092 18958 19079 W TimeWarp: VSync 5013667: eye=1,late=0.0ms,over=0.1ms,CPU=0.3ms,GPU>=7.9
10-25 21:52:16.442 18958 19046 I OVR : DeviceManagerThread - event 43 (500Hz) (Tid=19046)
10-25 21:52:16.472 18958 19079 W TimeWarp: VSync 5013690: eye=1,late=0.0ms,over=0.0ms,CPU=0.4ms,GPU>=7.9
10-25 21:52:16.492 18958 19079 D VrApi : setSchedFifoStatic tid:18971 pto:0
10-25 21:52:16.492 3970 17522 V VRManagerServer: (VRManagerService.java:401) yTqX [setThreadSchedFifo pkg=com.foo.ProductName pid=18958 tid=18971 prio=0]
10-25 21:52:16.492 3970 17522 V VRManagerServer: (VRManagerService.java:405) yTqX [setAffinity pid=18971 cpus=[4, 5, 6, 7]]
10-25 21:52:16.502 18958 19079 D VRManagerGearVR: VRManager set thread priority to 0
10-25 21:52:16.502 18958 19079 I VrApi_Clocks: SetSchedFifo( tid=18971, pri=0 ) succeeded
10-25 21:52:16.502 18958 19079 D VrApi : setSchedFifoStatic tid:18971 pto:0
10-25 21:52:16.502 3970 17298 V VRManagerServer: (VRManagerService.java:401) yTqX [setThreadSchedFifo pkg=com.foo.ProductName pid=18958 tid=18971 prio=0]
10-25 21:52:16.502 3970 17298 V VRManagerServer: (VRManagerService.java:405) yTqX [setAffinity pid=18971 cpus=[4, 5, 6, 7]]
10-25 21:52:16.502 18958 19079 D VRManagerGearVR: VRManager set thread priority to 0
10-25 21:52:16.502 18958 19079 I VrApi_Clocks: SetSchedFifo( tid=18971, pri=0 ) succeeded
10-25 21:52:16.502 18958 19079 W TimeWarp: VSync 5013692: eye=1,late=7.4ms,over=0.0ms,CPU=0.4ms,GPU>=0.6
10-25 21:52:16.502 18958 19079 D VrApi : setSchedFifoStatic tid:18971 pto:1
10-25 21:52:16.512 3970 3999 V VRManagerServer: (VRManagerService.java:401) yTqX [setThreadSchedFifo pkg=com.foo.ProductName pid=18958 tid=18971 prio=1]
10-25 21:52:16.512 3970 3999 V VRManagerServer: (VRManagerService.java:405) yTqX [setAffinity pid=18971 cpus=[4, 5, 6, 7]]
10-25 21:52:16.512 18958 19079 D VRManagerGearVR: VRManager set thread priority to 1
10-25 21:52:16.512 18958 19079 I VrApi_Clocks: SetSchedFifo( tid=18971, pri=1 ) succeeded
10-25 21:52:16.512 18958 19079 D VrApi : setSchedFifoStatic tid:18971 pto:1
10-25 21:52:16.522 3970 3998 V VRManagerServer: (VRManagerService.java:401) yTqX [setThreadSchedFifo pkg=com.foo.ProductName pid=18958 tid=18971 prio=1]
10-25 21:52:16.522 3970 3998 V VRManagerServer: (VRManagerService.java:405) yTqX [setAffinity pid=18971 cpus=[4, 5, 6, 7]]
10-25 21:52:16.522 18958 19079 D VRManagerGearVR: VRManager set thread priority to 1
10-25 21:52:16.522 18958 19079 I VrApi_Clocks: SetSchedFifo( tid=18971, pri=1 ) succeeded
10-25 21:52:16.522 18958 19079 W TimeWarp: VSync 5013693: eye=1,late=7.3ms,over=0.0ms,CPU=0.4ms,GPU>=0.6
10-25 21:52:16.592 18958 19079 W TimeWarp: VSync 5013697: eye=1,late=0.0ms,over=0.0ms,CPU=0.4ms,GPU>=7.9
10-25 21:52:16.602 18958 19079 D VrApi : setSchedFifoStatic tid:18971 pto:0
10-25 21:52:16.612 3970 17522 V VRManagerServer: (VRManagerService.java:401) yTqX [setThreadSchedFifo pkg=com.foo.ProductName pid=18958 tid=18971 prio=0]
10-25 21:52:16.612 3970 17522 V VRManagerServer: (VRManagerService.java:405) yTqX [setAffinity pid=18971 cpus=[4, 5, 6, 7]]
10-25 21:52:16.612 18958 19079 D VRManagerGearVR: VRManager set thread priority to 0
10-25 21:52:16.612 18958 19079 I VrApi_Clocks: SetSchedFifo( tid=18971, pri=0 ) succeeded
10-25 21:52:16.612 18958 19079 D VrApi : setSchedFifoStatic tid:18971 pto:0
10-25 21:52:16.622 3970 17522 V VRManagerServer: (VRManagerService.java:401) yTqX [setThreadSchedFifo pkg=com.foo.ProductName pid=18958 tid=18971 prio=0]
10-25 21:52:16.622 3970 17522 V VRManagerServer: (VRManagerService.java:405) yTqX [setAffinity pid=18971 cpus=[4, 5, 6, 7]]
10-25 21:52:16.622 18958 19098 I VrApi : FPS=7,Prd=51ms,Tear=20,Early=0,Stale=61,VSnc=1,Lat=1,CPU4/GPU=2/2,1000/420MHz,OC=FF,TA=F0/F0/F0/F0,SP=F/F/N/N,Mem=1026MHz,Free=1365MB,PSM=0,PLS=0,Temp=26.3C/27.0C
10-25 21:52:16.622 18958 19079 D VRManagerGearVR: VRManager set thread priority to 0
10-25 21:52:16.622 18958 19079 I VrApi_Clocks: SetSchedFifo( tid=18971, pri=0 ) succeeded
10-25 21:52:16.622 18958 19079 W TimeWarp: VSync 5013699: eye=1,late=7.8ms,over=0.0ms,CPU=0.4ms,GPU>=0.0
10-25 21:52:16.622 18958 19079 D VrApi : setSchedFifoStatic tid:18971 pto:1
10-25 21:52:16.632 3970 3998 V VRManagerServer: (VRManagerService.java:401) yTqX [setThreadSchedFifo pkg=com.foo.ProductName pid=18958 tid=18971 prio=1]
10-25 21:52:16.632 3970 3998 V VRManagerServer: (VRManagerService.java:405) yTqX [setAffinity pid=18971 cpus=[4, 5, 6, 7]]
10-25 21:52:16.632 18958 19079 D VRManagerGearVR: VRManager set thread priority to 1
10-25 21:52:16.632 18958 19079 I VrApi_Clocks: SetSchedFifo( tid=18971, pri=1 ) succeeded
10-25 21:52:16.632 18958 19079 D VrApi : setSchedFifoStatic tid:18971 pto:1
10-25 21:52:16.632 3970 17298 V VRManagerServer: (VRManagerService.java:401) yTqX [setThreadSchedFifo pkg=com.foo.ProductName pid=18958 tid=18971 prio=1]
10-25 21:52:16.632 3970 17298 V VRManagerServer: (VRManagerService.java:405) yTqX [setAffinity pid=18971 cpus=[4, 5, 6, 7]]
10-25 21:52:16.632 18958 19079 D VRManagerGearVR: VRManager set thread priority to 1
10-25 21:52:16.632 18958 19079 I VrApi_Clocks: SetSchedFifo( tid=18971, pri=1 ) succeeded
10-25 21:52:16.642 18958 19079 W TimeWarp: VSync 5013700: eye=1,late=6.3ms,over=0.0ms,CPU=0.5ms,GPU>=1.5
10-25 21:52:16.712 5110 6494 I Icing : Indexing 84F31B9B811550257F8E65DCF03199089E575834 from com.google.android.gms
10-25 21:52:16.722 5110 6494 I Icing : Indexing done 84F31B9B811550257F8E65DCF03199089E575834
10-25 21:52:16.722 18958 19079 D VrApi : setSchedFifoStatic tid:18971 pto:0
10-25 21:52:16.722 3970 3999 V VRManagerServer: (VRManagerService.java:401) yTqX [setThreadSchedFifo pkg=com.foo.ProductName pid=18958 tid=18971 prio=0]
10-25 21:52:16.732 3970 3999 V VRManagerServer: (VRManagerService.java:405) yTqX [setAffinity pid=18971 cpus=[4, 5, 6, 7]]
10-25 21:52:16.732 18958 19079 D VRManagerGearVR: VRManager set thread priority to 0
10-25 21:52:16.732 18958 19079 I VrApi_Clocks: SetSchedFifo( tid=18971, pri=0 ) succeeded
10-25 21:52:16.732 18958 19079 D VrApi : setSchedFifoStatic tid:18971 pto:0
10-25 21:52:16.732 3970 17522 V VRManagerServer: (VRManagerService.java:401) yTqX [setThreadSchedFifo pkg=com.foo.ProductName pid=18958 tid=18971 prio=0]
10-25 21:52:16.732 3970 17522 V VRManagerServer: (VRManagerService.java:405) yTqX [setAffinity pid=18971 cpus=[4, 5, 6, 7]]
10-25 21:52:16.732 18958 19079 D VRManagerGearVR: VRManager set thread priority to 0
10-25 21:52:16.732 18958 19079 I VrApi_Clocks: SetSchedFifo( tid=18971, pri=0 ) succeeded
10-25 21:52:16.742 18958 19079 W TimeWarp: VSync 5013706: eye=1,late=6.3ms,over=0.0ms,CPU=0.4ms,GPU>=1.6
10-25 21:52:16.742 18958 18971 I TimeWarp: WarpSwap: usleep( 299 )
10-25 21:52:16.752 18958 19079 D VrApi : setSchedFifoStatic tid:18971 pto:1
10-25 21:52:16.762 3970 3998 V VRManagerServer: (VRManagerService.java:401) yTqX [setThreadSchedFifo pkg=com.foo.ProductName pid=18958 tid=18971 prio=1]
10-25 21:52:16.762 3970 3998 V VRManagerServer: (VRManagerService.java:405) yTqX [setAffinity pid=18971 cpus=[4, 5, 6, 7]]
10-25 21:52:16.762 18958 19079 D VRManagerGearVR: VRManager set thread priority to 1
10-25 21:52:16.762 18958 19079 I VrApi_Clocks: SetSchedFifo( tid=18971, pri=1 ) succeeded
10-25 21:52:16.762 18958 19079 D VrApi : setSchedFifoStatic tid:18971 pto:1
10-25 21:52:16.762 3970 17298 V VRManagerServer: (VRManagerService.java:401) yTqX [setThreadSchedFifo pkg=com.foo.ProductName pid=18958 tid=18971 prio=1]
10-25 21:52:16.762 3970 17298 V VRManagerServer: (VRManagerService.java:405) yTqX [setAffinity pid=18971 cpus=[4, 5, 6, 7]]
10-25 21:52:16.772 18958 19079 D VRManagerGearVR: VRManager set thread priority to 1
10-25 21:52:16.772 18958 19079 I VrApi_Clocks: SetSchedFifo( tid=18971, pri=1 ) succeeded
10-25 21:52:16.852 18958 19079 D VrApi : setSchedFifoStatic tid:18971 pto:0
10-25 21:52:16.862 3970 17522 V VRManagerServer: (VRManagerService.java:401) yTqX [setThreadSchedFifo pkg=com.foo.ProductName pid=18958 tid=18971 prio=0]
10-25 21:52:16.862 3970 17522 V VRManagerServer: (VRManagerService.java:405) yTqX [setAffinity pid=18971 cpus=[4, 5, 6, 7]]
10-25 21:52:16.862 18958 19079 D VRManagerGearVR: VRManager set thread priority to 0
10-25 21:52:16.862 18958 19079 I VrApi_Clocks: SetSchedFifo( tid=18971, pri=0 ) succeeded
10-25 21:52:16.862 18958 19079 D VrApi : setSchedFifoStatic tid:18971 pto:0
10-25 21:52:16.862 3970 3998 V VRManagerServer: (VRManagerService.java:401) yTqX [setThreadSchedFifo pkg=com.foo.ProductName pid=18958 tid=18971 prio=0]
10-25 21:52:16.862 3970 3998 V VRManagerServer: (VRManagerService.java:405) yTqX [setAffinity pid=18971 cpus=[4, 5, 6, 7]]
10-25 21:52:16.872 18958 19079 D VRManagerGearVR: VRManager set thread priority to 0
10-25 21:52:16.872 18958 19079 I VrApi_Clocks: SetSchedFifo( tid=18971, pri=0 ) succeeded
10-25 21:52:16.872 18958 19079 W TimeWarp: VSync 5013714: eye=1,late=6.0ms,over=0.0ms,CPU=0.4ms,GPU>=2.0
10-25 21:52:16.892 18958 19079 D VrApi : setSchedFifoStatic tid:18971 pto:1
10-25 21:52:16.892 3970 3999 V VRManagerServer: (VRManagerService.java:401) yTqX [setThreadSchedFifo pkg=com.foo.ProductName pid=18958 tid=18971 prio=1]
10-25 21:52:16.892 3970 3999 V VRManagerServer: (VRManagerService.java:405) yTqX [setAffinity pid=18971 cpus=[4, 5, 6, 7]]
10-25 21:52:16.892 18958 19079 D VRManagerGearVR: VRManager set thread priority to 1
10-25 21:52:16.892 18958 19079 I VrApi_Clocks: SetSchedFifo( tid=18971, pri=1 ) succeeded
10-25 21:52:16.892 18958 19079 D VrApi : setSchedFifoStatic tid:18971 pto:1
10-25 21:52:16.902 3970 17298 V VRManagerServer: (VRManagerService.java:401) yTqX [setThreadSchedFifo pkg=com.foo.ProductName pid=18958 tid=18971 prio=1]
10-25 21:52:16.902 3970 17298 V VRManagerServer: (VRManagerService.java:405) yTqX [setAffinity pid=18971 cpus=[4, 5, 6, 7]]
10-25 21:52:16.902 18958 19079 D VRManagerGearVR: VRManager set thread priority to 1
10-25 21:52:16.902 18958 19079 I VrApi_Clocks: SetSchedFifo( tid=18971, pri=1 ) succeeded
10-25 21:52:16.902 18958 19079 W TimeWarp: VSync 5013716: eye=1,late=7.4ms,over=0.0ms,CPU=0.4ms,GPU>=0.5
10-25 21:52:16.992 18958 19079 D VrApi : setSchedFifoStatic tid:18971 pto:0
10-25 21:52:16.992 3970 17522 V VRManagerServer: (VRManagerService.java:401) yTqX [setThreadSchedFifo pkg=com.foo.ProductName pid=18958 tid=18971 prio=0]
10-25 21:52:16.992 3970 17522 V VRManagerServer: (VRManagerService.java:405) yTqX [setAffinity pid=18971 cpus=[4, 5, 6, 7]]
10-25 21:52:16.992 18958 19079 D VRManagerGearVR: VRManager set thread priority to 0
10-25 21:52:16.992 18958 19079 I VrApi_Clocks: SetSchedFifo( tid=18971, pri=0 ) succeeded
10-25 21:52:16.992 18958 19079 D VrApi : setSchedFifoStatic tid:18971 pto:0
10-25 21:52:17.002 3970 3999 V VRManagerServer: (VRManagerService.java:401) yTqX [setThreadSchedFifo pkg=com.foo.ProductName pid=18958 tid=18971 prio=0]
10-25 21:52:17.002 3970 3999 V VRManagerServer: (VRManagerService.java:405) yTqX [setAffinity pid=18971 cpus=[4, 5, 6, 7]]
10-25 21:52:17.002 18958 19079 D VRManagerGearVR: VRManager set thread priority to 0
10-25 21:52:17.002 18958 19079 I VrApi_Clocks: SetSchedFifo( tid=18971, pri=0 ) succeeded
10-25 21:52:17.002 18958 18971 I TimeWarp: WarpSwap: usleep( 156 )
10-25 21:52:17.002 18958 19079 W TimeWarp: VSync 5013722: eye=1,late=6.5ms,over=0.0ms,CPU=0.4ms,GPU>=1.5
10-25 21:52:17.002 18958 19079 D VrApi : setSchedFifoStatic tid:18971 pto:1
10-25 21:52:17.012 3970 3998 V VRManagerServer: (VRManagerService.java:401) yTqX [setThreadSchedFifo pkg=com.foo.ProductName pid=18958 tid=18971 prio=1]
10-25 21:52:17.012 3970 3998 V VRManagerServer: (VRManagerService.java:405) yTqX [setAffinity pid=18971 cpus=[4, 5, 6, 7]]
10-25 21:52:17.012 18958 19079 D VRManagerGearVR: VRManager set thread priority to 1
10-25 21:52:17.012 18958 19079 I VrApi_Clocks: SetSchedFifo( tid=18971, pri=1 ) succeeded
