10-25 21:52:38.642 18958 19079 D VRManagerGearVR: VRManager set thread priority to 0
10-25 21:52:38.642 18958 19079 I VrApi_Clocks: SetSchedFifo( tid=18971, pri=0 ) succeeded
10-25 21:52:38.642 18958 19079 D VrApi : setSchedFifoStatic tid:18971 pto:0
10-25 21:52:38.642 3970 17522 V VRManagerServer: (VRManagerService.java:401) yTqX [setThreadSchedFifo pkg=com.foo.ProductName pid=18958 tid=18971 prio=0]
10-25 21:52:38.642 3970 17522 V VRManagerServer: (VRManagerService.java:405) yTqX [setAffinity pid=18971 cpus=[4, 5, 6, 7]]
10-25 21:52:38.642 3520 4850 V VRManagerService: ---- demoteProcessThread 'com.foo.ProductName' requestPriority(pid=18958, tid=18971, prio=0 ----
10-25 21:52:38.652 18958 19079 D VRManagerGearVR: VRManager set thread priority to 0
10-25 21:52:38.652 18958 19079 I VrApi_Clocks: SetSchedFifo( tid=18971, pri=0 ) succeeded
10-25 21:52:38.652 18958 19079 W TimeWarp: VSync 5015027: eye=1,late=5.8ms,over=0.0ms,CPU=0.4ms,GPU>=2.3
10-25 21:52:38.652 3520 4041 V VRManagerService: ---- demoteProcessThread 'com.foo.ProductName' requestPriority(pid=18958, tid=18971, prio=0 ----
10-25 21:52:38.672 18958 19079 D VrApi : setSchedFifoStatic tid:18971 pto:1
10-25 21:52:38.672 3970 3999 V VRManagerServer: (VRManagerService.java:401) yTqX [setThreadSchedFifo pkg=com.foo.ProductName pid=18958 tid=18971 prio=1]
10-25 21:52:38.672 3970 3999 V VRManagerServer: (VRManagerService.java:405) yTqX [setAffinity pid=18971 cpus=[4, 5, 6, 7]]
10-25 21:52:38.672 18958 19079 D VRManagerGearVR: VRManager set thread priority to 1
10-25 21:52:38.672 18958 19079 I VrApi_Clocks: SetSchedFifo( tid=18971, pri=1 ) succeeded
10-25 21:52:38.672 18958 19079 D VrApi : setSchedFifoStatic tid:18971 pto:1
10-25 21:52:38.672 3520 4387 V VRManagerService: ---- elevateProcessThread 'com.foo.ProductName' requestPriority(pid=18958, tid=18971, prio=1 ----
10-25 21:52:38.682 3970 3998 V VRManagerServer: (VRManagerService.java:401) yTqX [setThreadSchedFifo pkg=com.foo.ProductName pid=18958 tid=18971 prio=1]
10-25 21:52:38.682 3970 3998 V VRManagerServer: (VRManagerService.java:405) yTqX [setAffinity pid=18971 cpus=[4, 5, 6, 7]]
10-25 21:52:38.682 18958 19079 D VRManagerGearVR: VRManager set thread priority to 1
10-25 21:52:38.682 18958 19079 I VrApi_Clocks: SetSchedFifo( tid=18971, pri=1 ) succeeded
10-25 21:52:38.682 18958 19079 W TimeWarp: VSync 5015029: eye=1,late=7.1ms,over=0.0ms,CPU=0.4ms,GPU>=0.8
10-25 21:52:38.682 3520 4928 V VRManagerService: ---- elevateProcessThread 'com.foo.ProductName' requestPriority(pid=18958, tid=18971, prio=1 ----
10-25 21:52:38.732 18319 18897 V VRSVC : (HmtDeviceEventManager.java:109) wtkw [OnDeviceEvent onCleanUp start.]
10-25 21:52:38.732 18319 18900 V VRSVC : (VRModeEvent.java:26) yTqX [setVRMode enable=false]
10-25 21:52:38.742 18319 18901 D VRSVC : (LogEvent.java:144) Qxpw [OnDeviceEvent onCleanUp topActivity=com.foo.ProductName/com.unity3d.player.UnityPlayerActivity hmtConnected=false]
10-25 21:52:38.742 18319 18898 D VRSVC : (KillVRProcessesEvent.java:22) yTqX [killVRProcess currentUser=0]
10-25 21:52:38.742 18319 18898 D VRSVC : (Util.java:348) yTqX [killVRProcessesInternal userId=0 killHome=true topActivity=ComponentInfo{com.foo.ProductName/com.unity3d.player.UnityPlayerActivity}]
10-25 21:52:38.742 3970 17298 V VRManagerServer: (VRManagerService.java:1529) wtkw [hmt_on=1 hmt_bright=index : 34, brightenss : 229]
10-25 21:52:38.742 3970 17298 E VRManagerServer: (VRManagerService.java:455) QdBd [relFreq : freePass <-> com.foo.ProductName]
10-25 21:52:38.742 3970 17298 V VRManagerServer: (VRManagerService.java:950) wtkw [setCPUlevel : freePass (0:0)]
10-25 21:52:38.742 3520 3543 D CustomFrequencyManagerService: releaseDVFSLockLocked : Getting Lock type frm List : DVFS_MIN_LIMIT frequency : 600000 uid : 1000 pid : 3520 tag : VR_CPU_MIN@5
10-25 21:52:38.742 3520 3543 D CustomFrequencyManagerService: releaseDVFSLockLocked : Getting Lock type frm List : DVFS_MAX_LIMIT frequency : 1000000 uid : 1000 pid : 3520 tag : VR_CPU_MAX@6
10-25 21:52:38.752 3970 17298 V VRManagerServer: (VRManagerService.java:998) QdBd [setGPUlevel : freePass (0:0)]
10-25 21:52:38.752 18958 19079 W TimeWarp: VSync 5015033: eye=1,late=0.0ms,over=0.1ms,CPU=4.4ms,GPU>=3.9
10-25 21:52:38.752 3970 17298 V VRManagerServer: (VRManagerService.java:1046) bHGb [setBUSlevel : freePass (0:0)]
10-25 21:52:38.752 3970 17298 V VRManagerServer: (VRManagerService.java:913) wtkw [setCoreMinlock : (0)]
10-25 21:52:38.752 3970 17298 I VRManagerServer: (VRManagerService.java:1545) wtkw [HMT disconnect, Release cpu/gpu. HMT MODE is :false]
10-25 21:52:38.752 3970 17298 V VRManagerServer: (VRManagerService.java:1553) wtkw [setVRMode enable=false]
10-25 21:52:38.752 3970 3970 V VRManagerServer: (VRManagerService.java:323) handleMessage [handleMessage() what=1]
10-25 21:52:38.752 3970 3970 V VRManagerServer: (VRManagerService.java:1559) vqCz [handleVRMode enable=false]
10-25 21:52:38.762 3970 3970 V VRManagerServer: (VRManagerService.java:1645) snDW [updateColorTemperature value=0]
10-25 21:52:38.762 18319 18898 I VRSVC : (Util.java:394) yTqX [killVRProcess ignored! packageName=com.samsung.android.hmt.vrsvc]
10-25 21:52:38.762 18319 18898 I VRSVC : (Util.java:414) yTqX [killVRProcess request. packageName=com.foo.ProductName id=716 pid=18958 base=com.foo.ProductName/com.unity3d.player.UnityPlayerActivity top=com.foo.ProductName/com.unity3d.player.UnityPlayerActivity vrActivity=false vrApplicationMode=vr_only]
10-25 21:52:38.762 18319 18898 V VRSVC : (Util.java:282) yTqX [removeTask taskId=716]
10-25 21:52:38.772 18958 19079 D VrApi : setSchedFifoStatic tid:18971 pto:0
10-25 21:52:38.772 3520 4850 D KnoxTimeoutHandler: notifyActivityDrawn [MsgParam] userId: 0 fullscreen is true showWhenlocked is true
10-25 21:52:38.772 3520 3520 D KnoxTimeoutHandler: activityDrawn [MsgParam] userId: 0 fullscreen is true showWhenlocked is true
10-25 21:52:38.772 3970 3999 V VRManagerServer: (VRManagerService.java:401) yTqX [setThreadSchedFifo pkg=com.foo.ProductName pid=18958 tid=18971 prio=0]
10-25 21:52:38.772 3520 3520 I KnoxTimeoutHandler: SD activityfalse
10-25 21:52:38.772 3970 3999 V VRManagerServer: (VRManagerService.java:405) yTqX [setAffinity pid=18971 cpus=[4, 5, 6, 7]]
10-25 21:52:38.772 3520 4850 D InputDispatcher: Focused application set to: xxxx
10-25 21:52:38.772 18958 19079 D VRManagerGearVR: VRManager set thread priority to 0
10-25 21:52:38.772 18958 19079 I VrApi_Clocks: SetSchedFifo( tid=18971, pri=0 ) succeeded
10-25 21:52:38.772 18958 19079 D VrApi : setSchedFifoStatic tid:18971 pto:0
10-25 21:52:38.772 3520 4041 V VRManagerService: ---- demoteProcessThread 'com.foo.ProductName' requestPriority(pid=18958, tid=18971, prio=0 ----
10-25 21:52:38.782 3520 3598 D KnoxTimeoutHandler: notifyActivityDrawn [MsgParam] userId: 0 fullscreen is true showWhenlocked is true
10-25 21:52:38.782 3520 3520 D KnoxTimeoutHandler: activityDrawn [MsgParam] userId: 0 fullscreen is true showWhenlocked is true
10-25 21:52:38.782 3520 3520 I KnoxTimeoutHandler: SD activityfalse
10-25 21:52:38.782 3970 3998 V VRManagerServer: (VRManagerService.java:401) yTqX [setThreadSchedFifo pkg=com.foo.ProductName pid=18958 tid=18971 prio=0]
10-25 21:52:38.782 3970 3998 V VRManagerServer: (VRManagerService.java:405) yTqX [setAffinity pid=18971 cpus=[4, 5, 6, 7]]
10-25 21:52:38.782 18319 18898 V VRSVC : (Util.java:258) QdBd [killBackgroundProcesses packageName=com.foo.ProductName]
10-25 21:52:38.792 18958 19079 D VRManagerGearVR: VRManager set thread priority to 0
10-25 21:52:38.792 18958 19079 I VrApi_Clocks: SetSchedFifo( tid=18971, pri=0 ) succeeded
10-25 21:52:38.792 18958 19079 W TimeWarp: VSync 5015035: eye=1,late=17.5ms,over=0.0ms,CPU=0.4ms,GPU>=0.0
10-25 21:52:38.792 18958 19079 D VrApi : setSchedFifoStatic tid:18971 pto:1
10-25 21:52:38.792 3520 4387 V VRManagerService: ---- demoteProcessThread 'com.foo.ProductName' requestPriority(pid=18958, tid=18971, prio=0 ----
10-25 21:52:38.802 3970 17298 V VRManagerServer: (VRManagerService.java:401) yTqX [setThreadSchedFifo pkg=com.foo.ProductName pid=18958 tid=18971 prio=1]
10-25 21:52:38.802 3970 17298 V VRManagerServer: (VRManagerService.java:405) yTqX [setAffinity pid=18971 cpus=[4, 5, 6, 7]]
10-25 21:52:38.802 18319 18898 V VRSVC : (Util.java:212) wtkw [killApplicationProcess packageName=com.foo.ProductName userId=0 myUserId=0]
10-25 21:52:38.802 18958 19079 D VRManagerGearVR: VRManager set thread priority to 1
10-25 21:52:38.802 18958 19079 I VrApi_Clocks: SetSchedFifo( tid=18971, pri=1 ) succeeded
10-25 21:52:38.802 18958 19079 D VrApi : setSchedFifoStatic tid:18971 pto:1
10-25 21:52:38.802 3520 4534 V VRManagerService: ---- elevateProcessThread 'com.foo.ProductName' requestPriority(pid=18958, tid=18971, prio=1 ----
10-25 21:52:38.812 18958 18971 I VrApi : ---------- vrapi_LeaveVrMode [start] ----------
10-25 21:52:38.812 18958 18971 I JniUtils: Using caller's JNIEnv
10-25 21:52:38.812 18319 18898 V VRSVC : (Util.java:218) wtkw [killApplicationProcess! processName=com.foo.ProductName uid=10273]
10-25 21:52:38.812 18958 18971 D InputHooksJava: Disabling Java Input Hooks
10-25 21:52:38.812 3970 17522 V VRManagerServer: (VRManagerService.java:401) yTqX [setThreadSchedFifo pkg=com.foo.ProductName pid=18958 tid=18971 prio=1]
10-25 21:52:38.812 3970 17522 V VRManagerServer: (VRManagerService.java:405) yTqX [setAffinity pid=18971 cpus=[4, 5, 6, 7]]
10-25 21:52:38.812 18958 18971 D VrApi : targetSDKVersion 24
10-25 21:52:38.812 18958 18971 I VrApi : DEVICE MODEL NUMBER = SM-G928T
10-25 21:52:38.812 18958 18971 I VrApi : DEVICE HARDWARE = samsungexynos7420
10-25 21:52:38.812 18958 18971 I VrApi : DEVICE BUILD NAME = MMB29K.G928TUVS4DPH2
10-25 21:52:38.812 18958 18971 I VrApi : DEVICE BUILD TYPE = user
10-25 21:52:38.812 18958 18971 I VrApi : DEVICE OS VERSION = 6.0.1
10-25 21:52:38.812 18958 18971 I VrApi : VRAPI VERSION = 1.0.4.1-293889-41586955 Oct 14 2016 14:14:35 Development RELEASE
10-25 21:52:38.812 18958 18971 I VrApi : VRAPI LOADER VERSION = 1.0.3.1
10-25 21:52:38.812 18958 18971 I VrApi : APP NAME = Jitter_test
10-25 21:52:38.812 18958 18971 I VrApi : APP VERSION = 1.0 versionCode 1 internalVersionName
10-25 21:52:38.812 18958 18971 I VrApi : APP VR TYPE = vr_only
10-25 21:52:38.812 18958 18971 I VrApi : APP PACKAGE NAME = com.foo.ProductName
10-25 21:52:38.812 18958 18971 I VrApi : APP ACTIVITY CLASS = com.unity3d.player.UnityPlayerActivity
10-25 21:52:38.812 18319 18898 V VRSVC : (Util.java:223) wtkw [killApplicationProcess! processName=com.foo.ProductName uid=1000]
10-25 21:52:38.812 18958 19079 D VRManagerGearVR: VRManager set thread priority to 1
10-25 21:52:38.812 18958 19079 I VrApi_Clocks: SetSchedFifo( tid=18971, pri=1 ) succeeded
10-25 21:52:38.812 18958 19079 W TimeWarp: VSync 5015036: eye=1,late=22.6ms,over=0.0ms,CPU=0.7ms,GPU>=0.0
10-25 21:52:38.812 18958 19079 W TimeWarp: VSync 5015037: eye=1,late=7.2ms,over=0.0ms,CPU=0.4ms,GPU>=0.7
10-25 21:52:38.812 3520 3581 V BroadcastQueue: [background] Process cur broadcast BroadcastRecord{f73fc51 u0 diagandroid.app.ApplicationState qIdx=4}, state= (APP_RECEIVE) DELIVERED for app ProcessRecord{30fcfbb 20025:com.tmobile.pr.mytmobile/u0a0}
10-25 21:52:38.812 3520 3543 V VRManagerService: ---- elevateProcessThread 'com.foo.ProductName' requestPriority(pid=18958, tid=18971, prio=1 ----
10-25 21:52:38.822 18958 19098 I VrApi : FPS=6,Prd=51ms,Tear=12,Early=0,Stale=44,VSnc=1,Lat=1,CPU4/GPU=2/2,800/544MHz,OC=FF,TA=F0/F0/F0/F0,SP=F/F/F/F,Mem=1026MHz,Free=1384MB,PSM=0,PLS=0,Temp=26.4C/28.5C
10-25 21:52:38.822 18319 18898 V VRSVC : (Util.java:473) yTqX [killVRProcess elapsedTime=82]
10-25 21:52:38.822 18319 18897 V VRSVC : (HmtDeviceEventManager.java:101) wtkw [OnDeviceEvent onCleanUp finished. elapsedTime=88]
10-25 21:52:38.822 18319 18319 V VRSVC : (HmtService.java:88) onDestroy [onDestroy]
10-25 21:52:38.822 19034 19044 E SDKLoggingService: Unable to find AppId for package (com.foo.ProductName)
10-25 21:52:38.822 19034 19044 E SDKLoggingService: com.oculus.horizon.service.ExternalPlatformLocal$PackageNotInLibraryException: Package com.foo.ProductName not in users library
10-25 21:52:38.822 19034 19044 E SDKLoggingService: at com.oculus.horizon.service.ExternalPlatformLocal.getAppID(ExternalPlatformLocal.java:181)
10-25 21:52:38.822 19034 19044 E SDKLoggingService: at com.oculus.horizon.service.ExternalPlatformLocal.getAppID(ExternalPlatformLocal.java:142)
10-25 21:52:38.822 19034 19044 E SDKLoggingService: at com.oculus.horizon.service.ExternalPlatformLocal.getAppID(ExternalPlatformLocal.java:133)
10-25 21:52:38.822 19034 19044 E SDKLoggingService: at com.oculus.horizon.service.SDKLoggingService$1.log(SDKLoggingService.java:66)
10-25 21:52:38.822 19034 19044 E SDKLoggingService: at com.oculus.logging.sdk_logging.SDKLoggingInterface$Stub.onTransact(SDKLoggingInterface.java:50)
10-25 21:52:38.822 19034 19044 E SDKLoggingService: at android.os.Binder.execTransact(Binder.java:453)
10-25 21:52:38.822 18319 18319 D VRSVC : (HmtService.java:89) ZzLN [closeWindow]
10-25 21:52:38.822 3520 4287 W ActivityManager: Process/uid not found attempting kill of com.foo.ProductName / 1000
10-25 21:52:38.832 18319 18319 V VRSVC : (HmtDeviceEventManager.java:109) wtkw [OnDeviceEvent onDestroy start.]
10-25 21:52:38.832 18319 18901 V VRSVC : (SoundUtil.java:56) QdBd [release()]
10-25 21:52:38.832 18319 18898 V VRSVC : (WakeLockControlEvent.java:44) wtkw [release vr service wakelock]
10-25 21:52:38.832 3520 4850 D PowerManagerService: [api] release WakeLock flags=0x3000000a tag=VR Service uid=1000 pid=18319 (0x0)
10-25 21:52:38.832 3520 4850 D PowerManagerService: [api] applyWakeLockFlagsOnReleaseLocked : userActivityNoUpdateLocked is called : SCREEN_BRIGHT_WAKE_LOCK 'VR Service' ACQUIRE_CAUSES_WAKEUP ON_AFTER_RELEASE (uid=1000, pid=18319, ws=null) (elapsedTime=35743)
10-25 21:52:38.842 18319 18899 D VRSVC : (LogEvent.java:152) fFHb [OnDeviceEvent onDestroy topActivity=com.samsung.android.hmt.vrsvc/.MonoActivity hmtConnected=false versionCode=256000000 versionName=2.5.60 hashCode=132587375 VRAPI=11 currentUser=0]
10-25 21:52:38.842 19034 19044 E PresenceManager: Unknown app (com.foo.ProductName) logging presence.
10-25 21:52:38.842 19034 19044 E PresenceManager: com.oculus.horizon.service.ExternalPlatformLocal$PackageNotInLibraryException: Package com.foo.ProductName not in users library
10-25 21:52:38.842 19034 19044 E PresenceManager: at com.oculus.horizon.service.ExternalPlatformLocal.getAppID(ExternalPlatformLocal.java:181)
10-25 21:52:38.842 19034 19044 E PresenceManager: at com.oculus.horizon.service.ExternalPlatformLocal.getAppID(ExternalPlatformLocal.java:142)
10-25 21:52:38.842 19034 19044 E PresenceManager: at com.oculus.horizon.service.ExternalPlatformLocal.getAppID(ExternalPlatformLocal.java:133)
10-25 21:52:38.842 19034 19044 E PresenceManager: at com.oculus.horizon.platform.PresenceManager.logWasCalled(PresenceManager.java:257)
10-25 21:52:38.842 19034 19044 E PresenceManager: at com.oculus.horizon.service.SDKLoggingService$1.log(SDKLoggingService.java:73)
10-25 21:52:38.842 19034 19044 E PresenceManager: at com.oculus.logging.sdk_logging.SDKLoggingInterface$Stub.onTransact(SDKLoggingInterface.java:50)
10-25 21:52:38.842 19034 19044 E PresenceManager: at android.os.Binder.execTransact(Binder.java:453)
10-25 21:52:38.842 18958 18971 I VrApi : OVR::Stats thread stopped
10-25 21:52:38.842 18958 18971 I TimeWarp: ---------------- ~TimeWarpLocal() Start ----------------
10-25 21:52:38.842 18958 18971 I TimeWarp: pthread_join() called
10-25 21:52:38.842 18319 18319 V VRSVC : (HmtDeviceEventManager.java:101) wtkw [OnDeviceEvent onDestroy finished. elapsedTime=19]
10-25 21:52:38.852 18319 18319 D VRSVC : (PopupManager.java:277) BRMq [removeStereoViewWindow() already StereoView detached]
10-25 21:52:38.852 18319 18319 D VRSVC : (MonoScreenEvent.java:67) wtkw [dismissMonoForeground]
10-25 21:52:38.852 18319 18319 D VRSVC : (MonoScreenEvent.java:71) QdBd [dismissMonoBackground]
10-25 21:52:38.852 18958 19079 I TimeWarp: ShutdownRequest received
10-25 21:52:38.852 18958 19079 D VrApi : setSchedFifoStatic tid:18971 pto:0
10-25 21:52:38.852 3099 4634 D libEGL : eglTerminate EGLDisplay = 0x7f8b48de78
10-25 21:52:38.852 18319 18319 D ViewRootImpl: #3 mView = null
10-25 21:52:38.852 3099 3287 I SurfaceFlinger: id=891 Removed Nono backgr (9/22)
10-25 21:52:38.852 3970 17298 V VRManagerServer: (VRManagerService.java:401) yTqX [setThreadSchedFifo pkg=com.foo.ProductName pid=18958 tid=18971 prio=0]
10-25 21:52:38.852 3970 17298 V VRManagerServer: (VRManagerService.java:405) yTqX [setAffinity pid=18971 cpus=[4, 5, 6, 7]]
10-25 21:52:38.852 3099 4021 I SurfaceFlinger: id=891 Removed Nono backgr (-2/22)
10-25 21:52:38.862 18958 19079 D VRManagerGearVR: VRManager set thread priority to 0
10-25 21:52:38.862 18958 19079 I VrApi_Clocks: SetSchedFifo( tid=18971, pri=0 ) succeeded
10-25 21:52:38.862 18958 19079 D VrApi : setSchedFifoStatic tid:18971 pto:0
10-25 21:52:38.862 3520 4287 D InputDispatcher: Focus left window: 18958
10-25 21:52:38.862 3970 17522 V VRManagerServer: (VRManagerService.java:401) yTqX [setThreadSchedFifo pkg=com.foo.ProductName pid=18958 tid=18971 prio=0]
10-25 21:52:38.862 3520 3598 D PointerIcon: setMouseIconStyle1 pointerType: 1001 iconType:101 flag:0 pid:3520 uid:1000
10-25 21:52:38.862 3520 3598 D PointerIcon: setMouseCustomIcon IconType is same.101
10-25 21:52:38.862 3520 3598 D PointerIcon: setHoveringSpenIconStyle1 pointerType: 10001 iconType:1 flag:0 pid:3520 uid:1000
10-25 21:52:38.862 3520 3598 D PointerIcon: setHoveringSpenCustomIcon IconType is same.1
10-25 21:52:38.862 3970 17522 V VRManagerServer: (VRManagerService.java:405) yTqX [setAffinity pid=18971 cpus=[4, 5, 6, 7]]
10-25 21:52:38.862 18319 18319 D VRSVC : (PhoneStateEvent.java:71) wtkw [unregisterPhoneListener]
10-25 21:52:38.862 3520 3582 W ContextImpl: Calling a method in the system process without a qualified user: android.app.ContextImpl.sendBroadcast:830 com.android.server.policy.PhoneWindowManager.notifyToSSRM:8657 com.android.server.policy.PhoneWindowManager.access$1500:309 com.android.server.policy.PhoneWindowManager$PolicyHandler.handleMessage:1208 android.os.Handler.dispatchMessage:102
10-25 21:52:38.862 3520 4604 V VRManagerService: ---- demoteProcessThread 'com.foo.ProductName' requestPriority(pid=18958, tid=18971, prio=0 ----
10-25 21:52:38.872 3099 3099 D libEGL : eglTerminate EGLDisplay = 0x7fc6961268
10-25 21:52:38.872 18958 19079 D VRManagerGearVR: VRManager set thread priority to 0
10-25 21:52:38.872 18958 19079 I VrApi_Clocks: SetSchedFifo( tid=18971, pri=0 ) succeeded
10-25 21:52:38.872 18958 19079 I TimeWarp: WarpThreadShutdown()
10-25 21:52:38.872 18958 19079 I TimeWarp: Destroying 1 programs
10-25 21:52:38.872 18958 19079 I TimeWarp: Destroying 0 programs
10-25 21:52:38.872 18958 19079 I TimeWarp: Destroying 0 programs
10-25 21:52:38.872 18958 19079 I TimeWarp: Destroying 0 programs
10-25 21:52:38.872 18958 19079 I JniUtils: Using caller's JNIEnv
10-25 21:52:38.872 18958 19079 I DirectRender: 0xd90e8140 DirectRender::Shutdown
10-25 21:52:38.872 18958 19079 I DirectRender: Calling java method
10-25 21:52:38.872 18958 19079 D libSEC_EGL: EGL : EGL_SEC_frontbuffer_set mode PASSED ...
10-25 21:52:38.872 18958 19079 I DirectRender: VrSurfaceManager::Shutdown
10-25 21:52:38.872 18958 19079 I TimeWarp: WarpThreadShutdown() - End
10-25 21:52:38.872 18958 19079 I TimeWarp: Exiting WarpThreadLoop()
10-25 21:52:38.872 18958 18971 I TimeWarp: pthread_join() returned
10-25 21:52:38.872 18958 18971 I TimeWarp: eglDestroySurface( eglDisplay, eglFrontBufferSurface )
10-25 21:52:38.872 18958 18971 I TimeWarp: ---------------- ~TimeWarpLocal() End ----------------
10-25 21:52:38.872 18958 18971 I OutsideIn: OIT::Leave()
10-25 21:52:38.872 18958 18971 D VrApi : setSchedFifoStatic tid:19046 pto:0
10-25 21:52:38.872 3970 17522 V VRManagerServer: (VRManagerService.java:401) yTqX [setThreadSchedFifo pkg=com.foo.ProductName pid=18958 tid=19046 prio=0]
10-25 21:52:38.872 3970 17522 V VRManagerServer: (VRManagerService.java:405) yTqX [setAffinity pid=19046 cpus=[4, 5, 6, 7]]
10-25 21:52:38.872 3520 4167 V VRManagerService: ---- demoteProcessThread 'com.foo.ProductName' requestPriority(pid=18958, tid=18971, prio=0 ----
10-25 21:52:38.872 18958 19079 W VRSurfaceManager: VRSurfaceManager : setFrontBuffer
10-25 21:52:38.882 18958 18971 D VRManagerGearVR: VRManager set thread priority to 0
10-25 21:52:38.882 18958 18971 I VrApi_Clocks: SetSchedFifo( tid=19046, pri=0 ) succeeded
10-25 21:52:38.882 18958 19077 I VrApi_Clocks: ReleaseClocks - start
10-25 21:52:38.882 18958 19077 D VrApi : releaseSystemPerformanceStatic
10-25 21:52:38.882 18319 18319 D ViewRootImpl: #3 mView = null
10-25 21:52:38.882 3099 4634 I SurfaceFlinger: id=905 Removed Nono foregr (12/21)
10-25 21:52:38.882 3099 3289 I SurfaceFlinger: id=905 Removed Nono foregr (-2/21)
10-25 21:52:38.882 3970 3999 E VRManagerServer: (VRManagerService.java:455) QdBd [relFreq : com.foo.ProductName <-> null]
10-25 21:52:38.882 3099 3099 D libEGL : eglTerminate EGLDisplay = 0x7fc6961268
10-25 21:52:38.882 3520 4392 V VRManagerService: ---- demoteProcessThread 'com.foo.ProductName' requestPriority(pid=18958, tid=19046, prio=0 ----
10-25 21:52:38.892 18958 19077 I VrApi_Clocks: ReleaseClocks - end (7.5 ms)
10-25 21:52:38.892 18958 18971 I VrApi : OVR::Clocks thread stopped
10-25 21:52:38.892 18958 18971 I Vsync : Measured display refresh rate = 60.28 Hz
10-25 21:52:38.892 18958 18971 I Vsync : Stopped Choreographer doFrame() callback.
10-25 21:52:38.892 18958 18971 I VrApi : ovr_UnregisterStatsReceivers
10-25 21:52:38.892 18958 18971 D BatteryReceiver: Unregistering battery receiver
10-25 21:52:38.892 18958 18971 I HmdSensors: HmdSensors::StopSensor: stopped sensor.
10-25 21:52:38.892 18958 19046 I OVR : OVR::DeviceManager - shutting down.
10-25 21:52:38.892 18958 19046 I OVR : DeviceManagerThread - exiting (Tid=19046).
10-25 21:52:38.892 18958 19046 I OVR : DeviceManagerThread::RemoveSelectFd 40 (Tid=19046)
10-25 21:52:38.892 18958 18971 I VrApi : ---------- vrapi_LeaveVrMode [end] ----------
10-25 21:52:38.892 18958 18971 I E:\tw\d45da6eca52cc600\Software\OculusSDK\Integrations\Unity\Releases\si-1: DeRegister_Utilities
10-25 21:52:38.892 18958 18971 D HeadsetReceiver: Unregistering headset receiver
10-25 21:52:38.892 18958 18971 D UnityVolumeReceiver: Unregistering volume receiver
10-25 21:52:38.892 18958 18971 D UnityBatteryReceiver: Unregistering battery receiver
10-25 21:52:38.942 18958 18971 I E:\tw\d45da6eca52cc600\Software\OculusSDK\Integrations\Unity\Releases\si-1: OVR_ShutdownRenderThread()
10-25 21:52:38.942 18958 18971 I E:\tw\d45da6eca52cc600\Software\OculusSDK\Integrations\Unity\Releases\si-1: Already paused, skipping
10-25 21:52:38.942 18958 18971 I VrApi : ------------ vrapi_Shutdown -----------
10-25 21:52:38.942 18958 18971 I JniUtils: Using caller's JNIEnv
10-25 21:52:38.942 18958 18971 I LocalPreferences: ovr_ShutdownLocalPreferences
10-25 21:52:38.952 18958 18971 D VrApi : onShutdown
10-25 21:52:38.952 18958 18971 D ScreenCaptureReceiver: stopReceiver
10-25 21:52:38.952 3099 3289 E BufferQueueProducer: [SurfaceView] cancelBuffer: slot 1 is not owned by the producer (state = 3)
10-25 21:52:38.952 3099 4021 D libEGL : eglTerminate EGLDisplay = 0x7f8d6fee78
10-25 21:52:38.952 18958 18971 D libEGL : eglTerminate EGLDisplay = 0xeec6b37c
10-25 21:52:38.952 18958 18971 D ProximityReceiver: Unregistering Oculus System Activity receiver
10-25 21:52:38.952 18958 18971 I E:\tw\d45da6eca52cc600\Software\OculusSDK\Integrations\Unity\Releases\si-1: OVR_ShutdownRenderThread() - Finished
10-25 21:52:39.002 3126 3677 I APM::AudioPolicyManager: stopOutput() output 4, stream 3, session 536
10-25 21:52:39.092 18958 18971 D libEGL : eglTerminate EGLDisplay = 0xeec6b3f4
10-25 21:52:39.092 3520 4850 D CustomFrequencyManagerService: acquireDVFSLockLocked : type : DVFS_MIN_LIMIT frequency : 1800000 uid : 1000 pid : 3520 pkgName : ACTIVITY_RESUME_BOOSTER@7
10-25 21:52:39.102 3520 4850 D ActivityManager: mDVFSHelper.acquire()
10-25 21:52:39.102 3520 4850 D ActivityManager: Launching com.samsung.android.hmt.vrsvc, updated priority
10-25 21:52:39.112 4216 4216 V CenterBarWindowService: noteResumeComponent /arrangeState : 0
10-25 21:52:39.112 18958 18958 I Vsync : Choreographer doFrame callback delayed by 4.4 milliseconds
10-25 21:52:39.112 18958 18958 I Vsync : Vsync 5015054: Choreographer: 20 x 16.93 ms (60.12 Hz, at 85000.203)
10-25 21:52:39.112 18958 18958 I Process : Sending signal. PID: 18958 SIG: 9
10-25 21:52:39.112 3520 4850 I Sensors : Acc old sensor_state 1, new sensor_state : 0 en : 0
10-25 21:52:39.112 3520 3520 D GameManagerService: NotifyRunnable. pkg: com.samsung.android.hmt.vrsvc, type: 4, isMinimized: false, isTunableApp: false
10-25 21:52:39.112 3520 3581 V MARsPolicyManager: updatePackagesScore PackageInfo name -- com.samsung.android.hmt.vrsvc
10-25 21:52:39.112 3520 3581 V BroadcastQueue: [background] Process cur broadcast BroadcastRecord{2e94cb6 u0 diagandroid.app.ApplicationState qIdx=4}, state= (APP_RECEIVE) DELIVERED for app ProcessRecord{30fcfbb 20025:com.tmobile.pr.mytmobile/u0a0}
10-25 21:52:39.112 3520 4044 D NetworkPolicy: isUidForegroundLocked: 10220, mScreenOn: true, uidstate: 10, mProxSensorScreenOff: false
10-25 21:52:39.122 18319 18319 V VRSVC : (MonoActivity.java:275) onRestart [onRestart()]
10-25 21:52:39.122 3520 4167 V BroadcastQueue: [background] Process cur broadcast BroadcastRecord{d794db7 u0 diagandroid.app.ApplicationState qIdx=4}, state= (APP_RECEIVE) DELIVERED for app ProcessRecord{30fcfbb 20025:com.tmobile.pr.mytmobile/u0a0}
10-25 21:52:39.132 18319 18319 V VRSVC : (MonoActivity.java:239) onStart [onStart()]
10-25 21:52:39.132 18319 18319 V VRSVC : (MonoActivity.java:245) onResume [onResume()]
10-25 21:52:39.132 3520 8428 D ConnectivityService: returning getNetworkInfo for network type 1 : [type: WIFI[] - WIFI, state: CONNECTED/CONNECTED, reason: (unspecified), extra: "wadiahome4712", roaming: false, failover: false, isAvailable: true]
10-25 21:52:39.142 3520 4925 D ActivityManager: post active user change for 0 fullscreen true isFloatingActivity() false isHomeActivity() false
10-25 21:52:39.142 3520 4925 D KnoxTimeoutHandler: postActiveUserChange [MsgParam] userId: 0 fullscreen is true showWhenlocked is false
10-25 21:52:39.142 3520 3520 D KnoxTimeoutHandler: handleActiveUserChange [MsgParam] userId: 0 fullscreen is true showWhenlocked is false
10-25 21:52:39.142 3520 3520 I KnoxTimeoutHandler: Shared devices show user statefalse
10-25 21:52:39.142 3099 3099 I SurfaceFlinger: id=907 createSurf (2560x1440),1 flag=404, NonoActivit
10-25 21:52:39.142 4130 4130 D PhoneStatusBar: setSystemUiVisibility vis=8000 mask=ffffffff oldVal=9706 newVal=8000 diff=1706
10-25 21:52:39.142 3520 4645 D InputDispatcher: Focus entered window: 18319
10-25 21:52:39.142 3520 3598 D PointerIcon: setMouseIconStyle1 pointerType: 1001 iconType:101 flag:0 pid:3520 uid:1000
10-25 21:52:39.142 3520 3598 D PointerIcon: setMouseCustomIcon IconType is same.101
10-25 21:52:39.142 3520 3598 D PointerIcon: setHoveringSpenIconStyle1 pointerType: 10001 iconType:1 flag:0 pid:3520 uid:1000
10-25 21:52:39.142 3520 3598 D PointerIcon: setHoveringSpenCustomIcon IconType is same.1
10-25 21:52:39.142 18319 18353 D mali_winsys: new_window_surface returns 0x3000, [2560x1440]-format:1
10-25 21:52:39.142 18319 18319 D VRSVC : (MonoActivity.java:78) onReceive [action=com.samsung.intent.action.HMT_DOCK_STICKY_EVENT sticky=true]
10-25 21:52:39.142 18319 18319 V VRSVC : (MonoActivity.java:81) onReceive [dockState=0]
10-25 21:52:39.142 18319 18319 D VRSVC : (MonoActivity.java:93) onReceive [action=com.samsung.intent.action.HMT_MOUNT_STICKY_EVENT sticky=true]
10-25 21:52:39.142 18319 18319 V VRSVC : (MonoActivity.java:96) onReceive [mountState=0]
10-25 21:52:39.142 3520 3542 D InputMethodManagerService: windowGainedFocus mCurrentFocusedUserId - 0 and mSecureKeypadEnabled-false
10-25 21:52:39.142 13979 13979 D SamsungIME: IMPL finishInput
10-25 21:52:39.142 13979 13979 D SamsungIME: SwiftKeyWrapper writeDBdataToFileOnFinishInput
10-25 21:52:39.142 13979 13979 D SamsungIME: saveAndClear +
10-25 21:52:39.142 3520 3582 D StatusBarManagerService: manageDisableList userId=0 what=0x0 pkg=Window{c04f3e4 u0 d0 com.samsung.android.hmt.vrsvc/com.samsung.android.hmt.vrsvc.MonoActivity}
10-25 21:52:39.142 3520 8428 D ConnectivityService: returning getNetworkInfo for network type 1 : [type: WIFI[] - WIFI, state: CONNECTED/CONNECTED, reason: (unspecified), extra: "wadiahome4712", roaming: false, failover: false, isAvailable: true]
10-25 21:52:39.142 3520 8428 D GameManagerService: identifyGamePackage. com.samsung.android.hmt.vrsvc
10-25 21:52:39.152 13979 13979 D SamsungIME: saveAndClear -
10-25 21:52:39.152 13979 13979 D SamsungIME: onStartInput: No inputType, No imeOption, isInputViewShown = false, isExtractViewShown = false, isShowInputRequested = false, isConfigChanged = false
10-25 21:52:39.152 3520 4750 V WindowStateAnimator: Finishing drawing window Window{c04f3e4 u0 d0 com.samsung.android.hmt.vrsvc/com.samsung.android.hmt.vrsvc.MonoActivity}: mDrawState=DRAW_PENDING
10-25 21:52:39.152 18319 18319 V VRSVC : (MonoActivity.java:50) handleMessage [handleMessage what=2]
10-25 21:52:39.162 3520 3598 D KnoxTimeoutHandler: notifyActivityDrawn [MsgParam] userId: 0 fullscreen is true showWhenlocked is true
10-25 21:52:39.162 3520 3520 D KnoxTimeoutHandler: activityDrawn [MsgParam] userId: 0 fullscreen is true showWhenlocked is true
10-25 21:52:39.162 3520 3520 I KnoxTimeoutHandler: SD activityfalse
10-25 21:52:39.162 3520 4928 D KnoxTimeoutHandler: notifyActivityDrawn [MsgParam] userId: 0 fullscreen is true showWhenlocked is true
10-25 21:52:39.162 3520 3520 D KnoxTimeoutHandler: activityDrawn [MsgParam] userId: 0 fullscreen is true showWhenlocked is true
10-25 21:52:39.162 3520 3520 I KnoxTimeoutHandler: SD activityfalse
10-25 21:52:39.162 3520 4928 D InputDispatcher: Focused application set to: xxxx
10-25 21:52:39.162 3520 4928 D InputDispatcher: Focus left window: 18319
10-25 21:52:39.162 18319 18319 V VRSVC : (MonoActivity.java:259) onPause [onPause() destroyed=false finishing=true]
10-25 21:52:39.162 3520 3598 I Timeline: Timeline: Activity_windows_visible id: ActivityRecord{16eb5b4 u0 com.samsung.android.hmt.vrsvc/.MonoActivity t715 f} time:85000258
10-25 21:52:39.162 3099 3099 D libEGL : eglInitialize EGLDisplay = 0x7fc6961138
10-25 21:52:39.162 3520 3582 W ContextImpl: Calling a method in the system process without a qualified user: android.app.ContextImpl.sendBroadcast:830 com.android.server.policy.PhoneWindowManager.notifyToSSRM:8657 com.android.server.policy.PhoneWindowManager.access$1500:309 com.android.server.policy.PhoneWindowManager$PolicyHandler.handleMessage:1208 android.os.Handler.dispatchMessage:102
10-25 21:52:39.162 3520 4928 D ActivityManager: Task #715 is topTask exclude finishing tasks.com.android.server.am.ActivityStack.adjustFocusedActivityLocked:4299 com.android.server.am.ActivityStack.finishActivityLocked:4737 com.android.server.am.ActivityStack.requestFinishActivityLocked:4480 com.android.server.am.ActivityManagerService.finishActivity:7081 android.app.ActivityManagerNative.onTransact:358
10-25 21:52:39.162 3520 4928 D FocusedStackFrame: Set to : 0
10-25 21:52:39.162 3520 3598 D CustomFrequencyManagerService: releaseDVFSLockLocked : Getting Lock type frm List : DVFS_MIN_LIMIT frequency : 1800000 uid : 1000 pid : 3520 tag : ACTIVITY_RESUME_BOOSTER@7
10-25 21:52:39.162 3520 3598 D ActivityManager: mDVFSHelper.release()
10-25 21:52:39.162 3520 3581 D CustomFrequencyManagerService: acquireDVFSLockLocked : type : DVFS_MIN_LIMIT frequency : 1800000 uid : 1000 pid : 3520 pkgName : ACTIVITY_RESUME_BOOSTER@13
10-25 21:52:39.172 3520 3598 D PointerIcon: setMouseIconStyle1 pointerType: 1001 iconType:101 flag:0 pid:3520 uid:1000
10-25 21:52:39.172 3520 3598 D PointerIcon: setMouseCustomIcon IconType is same.101
10-25 21:52:39.172 3520 3598 D PointerIcon: setHoveringSpenIconStyle1 pointerType: 10001 iconType:1 flag:0 pid:3520 uid:1000
10-25 21:52:39.172 3520 3598 D PointerIcon: setHoveringSpenCustomIcon IconType is same.1
10-25 21:52:39.172 3520 3582 W ContextImpl: Calling a method in the system process without a qualified user: android.app.ContextImpl.sendBroadcast:830 com.android.server.policy.PhoneWindowManager.notifyToSSRM:8657 com.android.server.policy.PhoneWindowManager.access$1500:309 com.android.server.policy.PhoneWindowManager$PolicyHandler.handleMessage:1208 android.os.Handler.dispatchMessage:102
10-25 21:52:39.172 3520 4392 D CustomFrequencyManagerService: acquireDVFSLockLocked : type : DVFS_MIN_LIMIT frequency : 1800000 uid : 1000 pid : 3520 pkgName : ACTIVITY_RESUME_BOOSTER@7
10-25 21:52:39.172 3520 4392 D ActivityManager: mDVFSHelper.acquire()
10-25 21:52:39.182 3520 4017 W InputDispatcher: channel ~ Consumer closed input channel or an error occurred. events=0x9
10-25 21:52:39.182 3520 4017 E InputDispatcher: channel ~ Channel is unrecoverably broken and will be disposed!
10-25 21:52:39.182 3135 3181 D Sensorhubs: readContextData: 1, 1, 7, -1
10-25 21:52:39.182 3520 4008 D SensorHubManager: onGetSensorHubDataLocked: library(4) = 1, 1, 7, -1
10-25 21:52:39.182 3520 4007 D CAE : onGetSensorHubData(SensorHubParserProvider.java:92) - onGetSensorHubData Event [event buffer len :4], AP_WAKEUP
10-25 21:52:39.182 3520 4007 I CAE : parse(SensorHubParserProvider.java:188) - buffer size = 4
10-25 21:52:39.182 3520 4007 I CAE : parse(SensorHubParserProvider.java:199) - 1, 1, 7, -1,
10-25 21:52:39.182 3520 4007 D CAE : display(ContextProvider.java:375) - ================= AUTO_ROTATION =================
10-25 21:52:39.182 3520 4007 I CAE : display(ContextProvider.java:391) - Angle=[-1]
10-25 21:52:39.182 3520 4010 D SContextService: updateSContext() : event = Auto Rotation
10-25 21:52:39.182 3520 4533 W MediaFocusControl: AudioFocus audio focus client died
10-25 21:52:39.182 3520 4533 I MediaFocusControl: AudioFocus removeFocusStackEntry(): removing entry for android.os.BinderProxy@46e3caf
10-25 21:52:39.182 3520 4392 V WindowOrientationListener: setCurrentAppOrientation :1
10-25 21:52:39.182 3520 4392 V WindowOrientationListener: OrientationSensorJudge.getProposedRotation, Rotation: 1
10-25 21:52:39.182 3520 4392 V WindowManager: rotationForOrientationLw(orient=1, last=1); user=0 sensorRotation=1 mLidState=-1 mDockMode=0 mHdmiPlugged=false mMobileKeyboardEnabled=false displayId=0
10-25 21:52:39.182 3520 4392 V WindowOrientationListener: OrientationSensorJudge.getProposedRotation, Rotation: 1
10-25 21:52:39.182 3520 4392 D SamsungWindowManager: setRotationLw() : rotation=0
10-25 21:52:39.182 3520 4392 D CustomFrequencyManagerService: acquireDVFSLockLocked : type : DVFS_MIN_LIMIT frequency : 2100000 uid : 1000 pid : 3520 pkgName : ROTATION_BOOSTER@40
10-25 21:52:39.182 3520 3520 V WindowOrientationListener: OrientationSensorJudge.onSContextChanged, Rotation: -1
10-25 21:52:39.192 3520 4392 D InputDispatcher: setInputDispatchMode: enabled=1, frozen=1
10-25 21:52:39.192 3099 3099 I SurfaceFlinger: id=908 createSurf (1440x2560),2 flag=4, TcreenshotS
10-25 21:52:39.202 3099 3099 D libEGL : eglInitialize EGLDisplay = 0x7fc6961138
10-25 21:52:39.212 3099 3099 I SurfaceFlinger: Disp[0] Orientation 1=>0
10-25 21:52:39.212 3520 4750 W InputDispatcher: Attempted to unregister already unregistered input channel
10-25 21:52:39.212 3099 3289 I SurfaceFlinger: id=903 Removed TurfaceView (11/22)
10-25 21:52:39.212 3099 4634 I SurfaceFlinger: id=903 Removed TurfaceView (-2/22)
10-25 21:52:39.212 3099 4094 I SurfaceFlinger: id=902 Removed VnityPlayer (11/21)
10-25 21:52:39.212 3099 4094 I SurfaceFlinger: id=902 Removed VnityPlayer (-2/21)
10-25 21:52:39.212 3520 4750 I WindowState: WIN DEATH: Window{bbd8ef1 u0 d0 com.foo.ProductName/com.unity3d.player.UnityPlayerActivity}
10-25 21:52:39.212 3520 4392 I ActivityManager: Config changes=480 {0 1.0 themeSeq = 0 showBtnBg = 0 ?mcc?mnc en_US ldltr sw411dp w411dp h707dp 560dpi nrml long port finger -keyb/v/h -nav/h mkbd/h s.59}
10-25 21:52:39.212 3520 4750 W WindowManager: Force-removing child win Window{31ab157 u0 d0 SurfaceView} from container Window{bbd8ef1 u0 d0 com.foo.ProductName/com.unity3d.player.UnityPlayerActivity}
10-25 21:52:39.222 3099 4634 I SurfaceFlinger: id=903 Removed TurfaceView (-2/21)
10-25 21:52:39.222 3099 4634 I SurfaceFlinger: id=902 Removed VnityPlayer (-2/21)
10-25 21:52:39.222 3520 4018 I InputReader: Reconfiguring input devices. changes=0x00000004
10-25 21:52:39.222 3520 4018 I InputReader: Device reconfigured: id=4, name='sec_touchscreen', size 1440x2560, orientation 0, mode 1, display id 0
10-25 21:52:39.222 3520 4018 D InputReader: Wrote command set_rotation_status,0
10-25 21:52:39.222 3520 4287 W WindowManager: Failed looking up window
10-25 21:52:39.222 3520 4287 W WindowManager: java.lang.IllegalArgumentException: Requested window android.os.BinderProxy@a97ad6 does not exist
10-25 21:52:39.222 3520 4287 W WindowManager: at com.android.server.wm.WindowManagerService.windowForClientLocked(WindowManagerService.java:14820)
10-25 21:52:39.222 3520 4287 W WindowManager: at com.android.server.wm.WindowManagerService.windowForClientLocked(WindowManagerService.java:14811)
10-25 21:52:39.222 3520 4287 W WindowManager: at com.android.server.wm.WindowState$DeathRecipient.binderDied(WindowState.java:1764)
10-25 21:52:39.222 3520 4287 W WindowManager: at android.os.BinderProxy.sendDeathNotice(Binder.java:558)
10-25 21:52:39.222 3520 4287 I WindowState: WIN DEATH: null
10-25 21:52:39.232 4523 4523 E CocktailBarPositionManager: Window direction: 0
10-25 21:52:39.232 4523 4523 I CocktailBarPositionManager: updateAlphaScreenPosition position is dirty 0
10-25 21:52:39.232 3099 3099 D libEGL : eglTerminate EGLDisplay = 0x7fc6961268
10-25 21:52:39.232 3099 3099 D libEGL : eglTerminate EGLDisplay = 0x7fc6961268
10-25 21:52:39.242 13979 13979 V SamsungIME: onConfigurationChanged
10-25 21:52:39.242 13979 13979 D SamsungIME: onConfigurationChanged- Configuration.MOBILEKEYBOARD_COVERED_NO
10-25 21:52:39.242 4216 4216 I CenterBarWindow: onConfigurationChanged
10-25 21:52:39.242 4216 4216 I CenterBarWindow: onConfigurationChanged : mDisplayOrientation = 1
10-25 21:52:39.242 4216 4216 D CenterBarWindow: onConfigurationChanged point = Point(720, 1280)
10-25 21:52:39.242 4216 4216 I CenterBarWindow: setImageToImageView
10-25 21:52:39.242 4371 9312 D PeopleNotiListenerService: onEdgeNotificationRemoved() : pkg com.sec.android.inputmethod,id=2130837905,extra=Bundle[mParcelledData.dataSize=84]
10-25 21:52:39.242 4371 4371 D PeopleNotiListenerService: removeEdgeNotification:Bundle[{samsung.notification.id=2130837905, samsung.notification.type=normal, samsung.people.package_name=com.sec.android.inputmethod}]
10-25 21:52:39.242 4371 4371 I PeopleStripeService: PeopleNotificationReceiver:3
10-25 21:52:39.242 13979 13979 I SamsungIME: [Before] hardKeyboardHidden(2) keyboardType(1)
10-25 21:52:39.242 13979 13979 I SamsungIME: mHwKeyboardShown [isHWKeyboardOpen()] = false --> false
10-25 21:52:39.242 13979 13979 E SamsungIME: isHWKeyboardConnected() = false --> false
10-25 21:52:39.252 13979 13979 I SamsungIME: [hasToCallSuper] true
10-25 21:52:39.252 4371 4371 I PeopleStripeService: sendEdgeNotification peopleEnabled true lightingEnabled true edgeEnabled true
10-25 21:52:39.252 4371 4371 I PeopleDataManager: removeNotification
10-25 21:52:39.252 4371 4371 I NotificationParser: getNotiType:com.sec.android.inputmethod,null
10-25 21:52:39.252 4216 4216 I CenterBarWindow: drawCenterBar : positionX = 720, positionY = 1280
10-25 21:52:39.252 4216 4216 I CenterBarWindow: setImageToImageView
10-25 21:52:39.252 4371 4371 D PeopleDataManager: removeNotiInfo: id =2130837905,packageName=com.sec.android.inputmethod,isEdgeNotification=false,key=null,removeAll=false
10-25 21:52:39.252 4371 4371 D PeopleDataManager: removeNotiInfo =null
10-25 21:52:39.252 13979 13979 D SamsungIME: onStartInput: No inputType, No imeOption, isInputViewShown = false, isExtractViewShown = false, isShowInputRequested = false, isConfigChanged = false
10-25 21:52:39.252 13979 13979 D SamsungIME: Dismiss ExpandCandiate
10-25 21:52:39.272 13979 13979 E SamsungIME: resetNeedToLoadHwrLibrary : 0
10-25 21:52:39.272 18497 18497 D [WeatherWidget(1177)] WeatherService: {[9766DBD5B6C289B8E78D0273630B76F24708CA8FC6CDEA3B4E8C8571B7892620787BB01DAFBECA11BDEDA1567AE3B9B5]}
10-25 21:52:39.272 18497 18497 D [WeatherWidget(1177)] WeatherAppWidget: {[9C41A2EAFAAB2EF4F8363256C22FE8ADA54D5259F08E63090BA2911DFBF9111707F8EF50FF097F24EA6FF49ADE901A5E]}
10-25 21:52:39.272 18497 18497 D [WeatherWidget(1177)] : {[DF00664B5BF2DD508EC3D0ADB8B43C9FB429631765284D8658CE62A4AFFAA963]}
10-25 21:52:39.272 18497 18497 D [WeatherWidget(1177)] : {[79F20C3F50391A44F9DF82E8568310884AED2E4B3EDF06FE0EE72EE65A0EAEF5454F614B9A3BF06B8EA0D40C788EFC54686F42A8696B81CA1764648D9E53C322BA80A62BD5F840759A86BD49216D9356]}
10-25 21:52:39.272 18497 18497 D [WeatherWidget(1177)] : {[98A4B9CAC31FF4C9376252668C7449E51534577367E6FE7A2D22592739100CAAA343AD28B759F6D7A973297C79AF7A950759666C13781F3DDF0AFBF13F6912C1]}
10-25 21:52:39.272 18497 18497 D [WeatherWidget(1177)] : {[4A8F887C5A79941AD413640B554E6A9B2D7AA61AFAC6E06648B40FCA4741AD6DEF5CB8EA7D5D3CEDD1605E8FEFB3659D03AFF407C5BCD6166D58D3316AA198D4ED62D576B9A2B9991F3856B2CBF352EE32D19FD2B84229B3F686B26A205614C0AC6536A1C0B67D6B4F364204F58B1F59826662EBDEC58B1756DF03584CFF1563B41B4A44F66AFB50648A9737329DF6291F6C7BF64FAD8B01C1E4F2CC934C5CFDFF53A91ECE09257A9CCCD0470CF51C30BE96EE0A24FE3BE0561D64771BBE284968F551CF4CC2F8F9F143094C6F4B404038D44D8C0CEAC18ACFD53BBEEA7F0A43]}
10-25 21:52:39.282 18497 18497 D [WeatherWidget(1177)] : {[73EAB9A6B1C382E6796BBD18F89C762CB8826FE94261435D33620C0FB53A2D6E992CE234CCC952459B361995F38476E4CCE6370DB5B24EBAB74F11661264211A0FEBC7F8ADC98F0975ADDFD8678EF787]}
10-25 21:52:39.282 18497 18497 D [WeatherWidget(1177)] : {[DA32A0F25F342F8016C8E4777E49B5F232EF6C0464FAD63D2E03A2D78521548718774E812FE4C1AD44AD7EE23650DE04]}
10-25 21:52:39.282 18497 18497 D [WeatherWidget(1177)] : {[30345435FB868EA2B7B25AF03EA19797093977856FBF5CDBC961FAAEF0F2ACE9]}
10-25 21:52:39.282 18497 18497 D [WeatherWidget(1177)] : {[73EAB9A6B1C382E6796BBD18F89C762CB8826FE94261435D33620C0FB53A2D6E992CE234CCC952459B361995F38476E4CCE6370DB5B24EBAB74F11661264211A0FEBC7F8ADC98F0975ADDFD8678EF787]}
10-25 21:52:39.282 4523 4523 I CocktailBarPositionManager: onOrientationChanged position is dirty 1
10-25 21:52:39.282 18497 18497 D [WeatherWidget(1177)] : {[9FB27AF96A3460EBA2EF737E7BD1225357BF86C06DF9B1F2F6CA5C3D40D81D4C8D689882BA747DEDEDC0129E18B2CB075BE30AB4436960EF4B6AF8D3C1C65CCA]}
10-25 21:52:39.282 18497 18497 D [WeatherWidget(1177)] : {[7E49FF3321088531596C9B7C60C6CB13F2F64C9F1E3D137D4745E449E85B3DA726071F716F8FE3D1AC7A2029E5B7D6F2]}
10-25 21:52:39.282 18497 18497 D [WeatherWidget(1177)] : {[891A1A63A745C85D658E5B35E40158D130B02FB8DFC4D04F1A5FF889FA676753C3D02A1FD81D4AC32946472D36B70485B566A5E2A59040DBDAA1A16BE04CF787]}
10-25 21:52:39.282 4523 4523 I PeoplePanelContainer: onOrientationChanged 1
10-25 21:52:39.282 4523 4523 I PeoplePanelContainer: People Panel getView
10-25 21:52:39.282 18497 18497 D [WeatherWidget(1177)] : {[0F89E4659C793AB05BC1450DC633FD2BCAE8D252B9718E8BD3B89A605CA65B3DE2E4874F8BE8C284E758FF6BF3F45306]}
10-25 21:52:39.292 18497 18497 D [WeatherWidget(1177)] : {[F0673552CB76ECBB94655C12B98AE55FE1543CF3F666676BA6D0CCC58FBEEC4C58C647013D728C5109795E821E795B0D]}
10-25 21:52:39.292 18497 18497 D [WeatherWidget(1177)] : {[82F97B3D98DD1500ADB438FAC62490BC65234462363AAAD3CD45BAF555665F79331F54213A20372D41AAD0155AE1850A]}
10-25 21:52:39.292 18497 18497 D [WeatherWidget(1177)] : {[9D0CFECA4ED6A2A5833D871EA0EA3DFA97030459EA35269EFCE8BD8DE322B1FF419167CBB73549F4ECE00E09DF7F8DEB]}
10-25 21:52:39.292 18497 18497 D [WeatherWidget(1177)] : {[2A8463536DE7B6B6177F9E654079EB7920014A636ED295E867533A82068A0EA72F100D08BBA11563F1B97C74261CE7AE]}
10-25 21:52:39.292 18497 18497 D [WeatherWidget(1177)] : {[513935A50155FB8ED96AEF8FAA02F4C503EBA045D5A20EA21588F513B0BBCEF5978AEB5CFEE9E1A55315CC49E5351809]}
10-25 21:52:39.292 4523 4523 E FatNewsPanel: SettingNotFoundException
10-25 21:52:39.292 18497 18497 D [WeatherWidget(1177)] : {[AADA8E11BED18B9FC7DEE95D7DD324510ED96F72C0D8ACEED80595BBBC84B76F7CC83B1B637A499F4C041F7D9B33FFB1]}
10-25 21:52:39.292 18497 18497 D [WeatherWidget(1177)] : {[1DA75A4D4203EB86B8D84545A59EC8B643EB62FBAE998C24111809616B596F5CFE646FD657DF548620F6E285437A9FBF]}
10-25 21:52:39.292 18497 18497 D [WeatherWidget(1177)] : {[BB131508F63C73DC0ABD14BDBC0CA587F5FCB661C08B5067267918E9FA5A4959]}
10-25 21:52:39.292 18497 18497 D [WeatherWidget(1177)] : {[319CE276A6FC5261F27EF7613AEE2A2B95A5B5602264331BBA6451B2FD7B76568960A78DE09C855D77F5A4A80B88F673C986C05EB2FBC7372A3845D59AF732F1]}
10-25 21:52:39.292 18497 18497 D [WeatherWidget(1177)] : {[BAC8F9A292C96546468D59E48F4705D2208889905CFFC733E22333B1BF606B9A096E4B708AA856072400CC599BA23579]}
10-25 21:52:39.292 18497 18497 D [WeatherWidget(1177)] : {[59A9DDB51731907C1B6E6FA645FE8EBB27EC23BC95B3CAAE0FE62176AA1E092A]}
10-25 21:52:39.292 18497 18497 D [WeatherWidget(1177)] : {[87D956A96320CCDB7808C88A61B53825139E025C666E2C700ECC9384DA17A9FE769F8C4DE9657EE68F3E147DFBD6D9E2]}
10-25 21:52:39.292 18497 18497 D [WeatherWidget(1177)] : {[F4D818DE6762182B65BB70ED58740D9D8CAD86123574BBF3CE7052FF04DD4C63FCA16398ADFC0016B76DD6065DFEC586]}
10-25 21:52:39.292 18497 18497 D [WeatherWidget(1177)] : {[C36421F583CFA674400E19946906844DB5D8688AAEF80A9C5D7E7AB946067C9B3458BE529FFF85EB93C49D89093F97AE]}
10-25 21:52:39.292 18497 18497 D [WeatherWidget(1177)] : {[4EC178DE2094A94D38E010FBFB5275EA362CCD0DEBAB5BAF6DA8A394B0E7B5E252FEB4AD6D8C32FD34300DEAA817E3EA]}
10-25 21:52:39.292 18497 18497 D [WeatherWidget(1177)] : {[156288F8A4812455B51BF20997EC0184AD73F98D24904A1694E18DF5BCD77F5089D2D3F90B2CC9423C08DCC334A49D37]}
10-25 21:52:39.292 18497 18497 D [WeatherWidget(1177)] : {[D0202CFF4EBC5D2BAB60CD6E7E9C96B4CED3872D3DFBA56B635E22F6BA070FEF]}
10-25 21:52:39.302 18497 18497 D [WeatherWidget(1177)] : {[A3E6166BB88C77D8B67E50B8497E49CC5C6F76A262BB0FCEE033A306C5DA3DD5]}
10-25 21:52:39.302 4523 4523 D CocktailFeedsRemotePanel: updateConfiguration: invalid on non wake up 4
10-25 21:52:39.302 4523 4523 D CocktailFeedsRemotePanel: updateConfiguration: invalid on non wake up 3
10-25 21:52:39.302 4523 4523 I CocktailAddPanelView: makePanelView()
10-25 21:52:39.302 18497 18497 D [WeatherWidget(1177)] DateTimeUtil: {[04598F923CD5394063C71C73750454BF91269387E69197FF1DA95CEF79005763870B6F5F9AE93CFB278B4DC4600142066C3EB8186220AA0F0A151827ABE33EDD38AB37A251318292A65D678ACBD3C4C91134031063B5ABDADFE021C1DD4A5B43]}
10-25 21:52:39.302 4523 4523 D CocktailBarUiController: Orientation Changed
10-25 21:52:39.302 18497 18497 D [WeatherWidget(1177)] : {[F7FD120C3B8703AE17CE16AD35F2500601AAE611A9EDDAAC2122B0D801670005]}
10-25 21:52:39.302 4523 4523 D CocktailBarTriggerContainerView: setContainerGravityState: 1 --> 1
10-25 21:52:39.302 18497 18497 D [WeatherWidget(1177)] : {[7A5E0574F3C51227BC17D0BAB9E44559E1B4EDE160842D8FCA47FBD8B02D921ED4E56E3DA6D84437787E3E790D9D40AC]}
10-25 21:52:39.302 18497 18497 D [WeatherWidget(1177)] : {[ECD35B599614A6A38524BC429E1DB3E7C99414A558B923D92A983E277DDED0367A3D9A336419467F10B92E28CF2CE112]}
10-25 21:52:39.302 4523 4523 D TrayStateController: putInputRect mDynamicInputRegion=4221932@LastEvent=t=1477457523914Rect(18, 0 - 67, 588),Rect=Rect(0, 0 - 0, 0)
10-25 21:52:39.302 4523 4523 D PanelDescriptionView: updateHelpView: Apps edge2130903045 --> 2130903045 helpview reapplied:0
10-25 21:52:39.302 4523 4523 D AbstractCocktailPanelView: setPanelVisible: CocktailPortraitRemotePanelViewfalse will be hiden: 8
10-25 21:52:39.302 4523 4523 D CocktailBarPanelVisibilityManager: updateActivePanelView: vis=false screenOn=true onTransit=false -hide: 8 current Active: 8
10-25 21:52:39.302 4523 4523 E CocktailBarContainerView: updateContainerVisibility: 0
10-25 21:52:39.302 4523 4523 D AbstractCocktailPanelView: setPanelVisible: CocktailPortraitRemotePanelViewfalse will be hiden: 8
10-25 21:52:39.302 4523 4523 D CocktailBarPanelVisibilityManager: updateActivePanelView: vis=false screenOn=true onTransit=false -hide: 8 current Active: 8
10-25 21:52:39.302 4523 4523 E CocktailBarContainerView: updateContainerVisibility: 0
10-25 21:52:39.302 4523 4523 W ResourcesManager: getTopLevelResources: /system/priv-app/AppsEdgePanel/AppsEdgePanel.apk / 1.0 running in com.samsung.android.app.cocktailbarservice rsrc of package com.samsung.android.app.appsedge
10-25 21:52:39.302 4523 4523 W ResourcesManager: getTopLevelResources: /system/priv-app/AppsEdgePanel/AppsEdgePanel.apk / 1.0 running in com.samsung.android.app.cocktailbarservice rsrc of package com.samsung.android.app.appsedge
10-25 21:52:39.302 4523 4523 W ResourcesManager: getTopLevelResources: /system/priv-app/AppsEdgePanel/AppsEdgePanel.apk / 1.0 running in com.samsung.android.app.cocktailbarservice rsrc of package com.samsung.android.app.appsedge
10-25 21:52:39.312 4521 4521 D Launcher: onRestart, Launcher: 137483200
10-25 21:52:39.312 3520 3520 D GameManagerService: NotifyRunnable. pkg: com.sec.android.app.launcher, type: 4, isMinimized: false, isTunableApp: false
10-25 21:52:39.322 18319 18319 D ViewRootImpl: MSG_RESIZED_REPORT: ci=Rect(0, 0 - 0, 0) vi=Rect(0, 0 - 0, 0) or=1
10-25 21:52:39.322 3520 4645 I ActivityManager: Process com.foo.ProductName (pid 18958)(adj 1) has died(291,1267)
10-25 21:52:39.322 3520 4645 D ActivityManager: isAutoRunBlockedApp:: com.foo.ProductName, Auto Run ON
10-25 21:52:39.332 4523 4523 I Utils : isCurrentUser current = 0, ownerId = 0
10-25 21:52:39.332 4523 4523 I TrayVisibilityController: getComputedTrayVisible : keyguardState = 1
10-25 21:52:39.332 4523 4523 I TrayVisibilityController: updateTrayVisible : State : 1 visible = 1 mCurrentVisible = 2
