10-25 21:52:34.352 3520 4534 V VRManagerService: ---- elevateProcessThread 'com.foo.ProductName' requestPriority(pid=18958, tid=18971, prio=1 ----
10-25 21:52:34.442 18958 19079 D VrApi : setSchedFifoStatic tid:18971 pto:0
10-25 21:52:34.442 3970 17298 V VRManagerServer: (VRManagerService.java:401) yTqX [setThreadSchedFifo pkg=com.foo.ProductName pid=18958 tid=18971 prio=0]
10-25 21:52:34.442 3970 17298 V VRManagerServer: (VRManagerService.java:405) yTqX [setAffinity pid=18971 cpus=[4, 5, 6, 7]]
10-25 21:52:34.442 18958 19079 D VRManagerGearVR: VRManager set thread priority to 0
10-25 21:52:34.442 18958 19079 I VrApi_Clocks: SetSchedFifo( tid=18971, pri=0 ) succeeded
10-25 21:52:34.442 18958 19079 D VrApi : setSchedFifoStatic tid:18971 pto:0
10-25 21:52:34.442 3520 4041 V VRManagerService: ---- demoteProcessThread 'com.foo.ProductName' requestPriority(pid=18958, tid=18971, prio=0 ----
10-25 21:52:34.452 3970 17522 V VRManagerServer: (VRManagerService.java:401) yTqX [setThreadSchedFifo pkg=com.foo.ProductName pid=18958 tid=18971 prio=0]
10-25 21:52:34.452 3970 17522 V VRManagerServer: (VRManagerService.java:405) yTqX [setAffinity pid=18971 cpus=[4, 5, 6, 7]]
10-25 21:52:34.452 18958 19079 D VRManagerGearVR: VRManager set thread priority to 0
10-25 21:52:34.452 18958 19079 I VrApi_Clocks: SetSchedFifo( tid=18971, pri=0 ) succeeded
10-25 21:52:34.452 18958 19079 W TimeWarp: VSync 5014774: eye=1,late=7.2ms,over=0.0ms,CPU=0.4ms,GPU>=0.7
10-25 21:52:34.452 3520 4604 V VRManagerService: ---- demoteProcessThread 'com.foo.ProductName' requestPriority(pid=18958, tid=18971, prio=0 ----
10-25 21:52:34.462 18958 19046 I OVR : DeviceManagerThread - event 43 (499Hz) (Tid=19046)
10-25 21:52:34.472 18958 19079 D VrApi : setSchedFifoStatic tid:18971 pto:1
10-25 21:52:34.472 3970 3999 V VRManagerServer: (VRManagerService.java:401) yTqX [setThreadSchedFifo pkg=com.foo.ProductName pid=18958 tid=18971 prio=1]
10-25 21:52:34.472 3970 3999 V VRManagerServer: (VRManagerService.java:405) yTqX [setAffinity pid=18971 cpus=[4, 5, 6, 7]]
10-25 21:52:34.482 18958 19079 D VRManagerGearVR: VRManager set thread priority to 1
10-25 21:52:34.482 18958 19079 I VrApi_Clocks: SetSchedFifo( tid=18971, pri=1 ) succeeded
10-25 21:52:34.482 18958 19079 D VrApi : setSchedFifoStatic tid:18971 pto:1
10-25 21:52:34.482 3970 3998 V VRManagerServer: (VRManagerService.java:401) yTqX [setThreadSchedFifo pkg=com.foo.ProductName pid=18958 tid=18971 prio=1]
10-25 21:52:34.482 3970 3998 V VRManagerServer: (VRManagerService.java:405) yTqX [setAffinity pid=18971 cpus=[4, 5, 6, 7]]
10-25 21:52:34.482 18958 19079 D VRManagerGearVR: VRManager set thread priority to 1
10-25 21:52:34.482 18958 19079 I VrApi_Clocks: SetSchedFifo( tid=18971, pri=1 ) succeeded
10-25 21:52:34.482 3520 4387 V VRManagerService: ---- elevateProcessThread 'com.foo.ProductName' requestPriority(pid=18958, tid=18971, prio=1 ----
10-25 21:52:34.482 3520 4750 V VRManagerService: ---- elevateProcessThread 'com.foo.ProductName' requestPriority(pid=18958, tid=18971, prio=1 ----
10-25 21:52:34.492 18958 19079 W TimeWarp: VSync 5014776: eye=1,late=7.2ms,over=0.0ms,CPU=0.4ms,GPU>=0.8
10-25 21:52:34.572 18958 19079 D VrApi : setSchedFifoStatic tid:18971 pto:0
10-25 21:52:34.572 3970 17298 V VRManagerServer: (VRManagerService.java:401) yTqX [setThreadSchedFifo pkg=com.foo.ProductName pid=18958 tid=18971 prio=0]
10-25 21:52:34.572 3970 17298 V VRManagerServer: (VRManagerService.java:405) yTqX [setAffinity pid=18971 cpus=[4, 5, 6, 7]]
10-25 21:52:34.582 18958 19079 D VRManagerGearVR: VRManager set thread priority to 0
10-25 21:52:34.582 18958 19079 I VrApi_Clocks: SetSchedFifo( tid=18971, pri=0 ) succeeded
10-25 21:52:34.582 18958 19079 D VrApi : setSchedFifoStatic tid:18971 pto:0
10-25 21:52:34.582 3970 3999 V VRManagerServer: (VRManagerService.java:401) yTqX [setThreadSchedFifo pkg=com.foo.ProductName pid=18958 tid=18971 prio=0]
10-25 21:52:34.582 3970 3999 V VRManagerServer: (VRManagerService.java:405) yTqX [setAffinity pid=18971 cpus=[4, 5, 6, 7]]
10-25 21:52:34.582 3520 3543 V VRManagerService: ---- demoteProcessThread 'com.foo.ProductName' requestPriority(pid=18958, tid=18971, prio=0 ----
10-25 21:52:34.592 18958 19079 D VRManagerGearVR: VRManager set thread priority to 0
10-25 21:52:34.592 18958 19079 I VrApi_Clocks: SetSchedFifo( tid=18971, pri=0 ) succeeded
10-25 21:52:34.592 18958 19079 W TimeWarp: VSync 5014782: eye=1,late=10.5ms,over=0.0ms,CPU=0.4ms,GPU>=0.0
10-25 21:52:34.592 3520 4287 V VRManagerService: ---- demoteProcessThread 'com.foo.ProductName' requestPriority(pid=18958, tid=18971, prio=0 ----
10-25 21:52:34.622 18958 19098 I VrApi : FPS=10,Prd=48ms,Tear=13,Early=0,Stale=62,VSnc=1,Lat=1,CPU4/GPU=2/2,1000/420MHz,OC=FF,TA=F0/F0/F0/F0,SP=F/F/N/N,Mem=1026MHz,Free=1362MB,PSM=0,PLS=0,Temp=26.3C/28.0C
10-25 21:52:34.632 18958 19079 W TimeWarp: VSync 5014785: eye=1,late=0.0ms,over=0.1ms,CPU=0.4ms,GPU>=7.8
10-25 21:52:34.642 18958 19079 D VrApi : setSchedFifoStatic tid:18971 pto:1
10-25 21:52:34.642 3970 17298 V VRManagerServer: (VRManagerService.java:401) yTqX [setThreadSchedFifo pkg=com.foo.ProductName pid=18958 tid=18971 prio=1]
10-25 21:52:34.642 3970 17298 V VRManagerServer: (VRManagerService.java:405) yTqX [setAffinity pid=18971 cpus=[4, 5, 6, 7]]
10-25 21:52:34.642 18958 19079 D VRManagerGearVR: VRManager set thread priority to 1
10-25 21:52:34.642 18958 19079 I VrApi_Clocks: SetSchedFifo( tid=18971, pri=1 ) succeeded
10-25 21:52:34.642 18958 19079 D VrApi : setSchedFifoStatic tid:18971 pto:1
10-25 21:52:34.642 3970 3999 V VRManagerServer: (VRManagerService.java:401) yTqX [setThreadSchedFifo pkg=com.foo.ProductName pid=18958 tid=18971 prio=1]
10-25 21:52:34.642 3520 4645 V VRManagerService: ---- elevateProcessThread 'com.foo.ProductName' requestPriority(pid=18958, tid=18971, prio=1 ----
10-25 21:52:34.652 3970 3999 V VRManagerServer: (VRManagerService.java:405) yTqX [setAffinity pid=18971 cpus=[4, 5, 6, 7]]
10-25 21:52:34.652 18958 19079 D VRManagerGearVR: VRManager set thread priority to 1
10-25 21:52:34.652 18958 19079 I VrApi_Clocks: SetSchedFifo( tid=18971, pri=1 ) succeeded
10-25 21:52:34.652 18958 19079 W TimeWarp: VSync 5014786: eye=1,late=6.4ms,over=0.0ms,CPU=0.4ms,GPU>=1.5
10-25 21:52:34.652 3520 4392 V VRManagerService: ---- elevateProcessThread 'com.foo.ProductName' requestPriority(pid=18958, tid=18971, prio=1 ----
10-25 21:52:34.732 18958 19079 D VrApi : setSchedFifoStatic tid:18971 pto:0
10-25 21:52:34.742 3970 17522 V VRManagerServer: (VRManagerService.java:401) yTqX [setThreadSchedFifo pkg=com.foo.ProductName pid=18958 tid=18971 prio=0]
10-25 21:52:34.742 3970 17522 V VRManagerServer: (VRManagerService.java:405) yTqX [setAffinity pid=18971 cpus=[4, 5, 6, 7]]
10-25 21:52:34.742 18958 19079 D VRManagerGearVR: VRManager set thread priority to 0
10-25 21:52:34.742 18958 19079 I VrApi_Clocks: SetSchedFifo( tid=18971, pri=0 ) succeeded
10-25 21:52:34.742 18958 19079 D VrApi : setSchedFifoStatic tid:18971 pto:0
10-25 21:52:34.742 3970 17298 V VRManagerServer: (VRManagerService.java:401) yTqX [setThreadSchedFifo pkg=com.foo.ProductName pid=18958 tid=18971 prio=0]
10-25 21:52:34.742 3520 4928 V VRManagerService: ---- demoteProcessThread 'com.foo.ProductName' requestPriority(pid=18958, tid=18971, prio=0 ----
10-25 21:52:34.752 3970 17298 V VRManagerServer: (VRManagerService.java:405) yTqX [setAffinity pid=18971 cpus=[4, 5, 6, 7]]
10-25 21:52:34.752 18958 19079 D VRManagerGearVR: VRManager set thread priority to 0
10-25 21:52:34.752 18958 19079 I VrApi_Clocks: SetSchedFifo( tid=18971, pri=0 ) succeeded
10-25 21:52:34.752 18958 18971 I TimeWarp: WarpSwap: usleep( 383 )
10-25 21:52:34.752 18958 19079 W TimeWarp: VSync 5014792: eye=1,late=7.1ms,over=0.0ms,CPU=0.4ms,GPU>=0.8
10-25 21:52:34.752 18958 19079 D VrApi : setSchedFifoStatic tid:18971 pto:1
10-25 21:52:34.752 3520 5770 V VRManagerService: ---- demoteProcessThread 'com.foo.ProductName' requestPriority(pid=18958, tid=18971, prio=0 ----
10-25 21:52:34.762 3970 3998 V VRManagerServer: (VRManagerService.java:401) yTqX [setThreadSchedFifo pkg=com.foo.ProductName pid=18958 tid=18971 prio=1]
10-25 21:52:34.762 3970 3998 V VRManagerServer: (VRManagerService.java:405) yTqX [setAffinity pid=18971 cpus=[4, 5, 6, 7]]
10-25 21:52:34.762 18958 19079 D VRManagerGearVR: VRManager set thread priority to 1
10-25 21:52:34.762 18958 19079 I VrApi_Clocks: SetSchedFifo( tid=18971, pri=1 ) succeeded
10-25 21:52:34.762 18958 19079 D VrApi : setSchedFifoStatic tid:18971 pto:1
10-25 21:52:34.762 3970 3999 V VRManagerServer: (VRManagerService.java:401) yTqX [setThreadSchedFifo pkg=com.foo.ProductName pid=18958 tid=18971 prio=1]
10-25 21:52:34.762 3520 4533 V VRManagerService: ---- elevateProcessThread 'com.foo.ProductName' requestPriority(pid=18958, tid=18971, prio=1 ----
10-25 21:52:34.772 3970 3999 V VRManagerServer: (VRManagerService.java:405) yTqX [setAffinity pid=18971 cpus=[4, 5, 6, 7]]
10-25 21:52:34.772 18958 19079 D VRManagerGearVR: VRManager set thread priority to 1
10-25 21:52:34.772 18958 19079 I VrApi_Clocks: SetSchedFifo( tid=18971, pri=1 ) succeeded
10-25 21:52:34.772 18958 19079 W TimeWarp: VSync 5014793: eye=1,late=10.4ms,over=0.0ms,CPU=0.4ms,GPU>=0.0
10-25 21:52:34.772 3520 4167 V VRManagerService: ---- elevateProcessThread 'com.foo.ProductName' requestPriority(pid=18958, tid=18971, prio=1 ----
10-25 21:52:34.852 18958 19079 D VrApi : setSchedFifoStatic tid:18971 pto:0
10-25 21:52:34.852 3970 17522 V VRManagerServer: (VRManagerService.java:401) yTqX [setThreadSchedFifo pkg=com.foo.ProductName pid=18958 tid=18971 prio=0]
10-25 21:52:34.852 3970 17522 V VRManagerServer: (VRManagerService.java:405) yTqX [setAffinity pid=18971 cpus=[4, 5, 6, 7]]
10-25 21:52:34.862 18958 19079 D VRManagerGearVR: VRManager set thread priority to 0
10-25 21:52:34.862 18958 19079 I VrApi_Clocks: SetSchedFifo( tid=18971, pri=0 ) succeeded
10-25 21:52:34.862 18958 19079 D VrApi : setSchedFifoStatic tid:18971 pto:0
10-25 21:52:34.862 3970 17298 V VRManagerServer: (VRManagerService.java:401) yTqX [setThreadSchedFifo pkg=com.foo.ProductName pid=18958 tid=18971 prio=0]
10-25 21:52:34.862 3970 17298 V VRManagerServer: (VRManagerService.java:405) yTqX [setAffinity pid=18971 cpus=[4, 5, 6, 7]]
10-25 21:52:34.862 18958 19079 D VRManagerGearVR: VRManager set thread priority to 0
10-25 21:52:34.862 18958 19079 I VrApi_Clocks: SetSchedFifo( tid=18971, pri=0 ) succeeded
10-25 21:52:34.862 3520 4534 V VRManagerService: ---- demoteProcessThread 'com.foo.ProductName' requestPriority(pid=18958, tid=18971, prio=0 ----
10-25 21:52:34.862 3520 4041 V VRManagerService: ---- demoteProcessThread 'com.foo.ProductName' requestPriority(pid=18958, tid=18971, prio=0 ----
10-25 21:52:34.872 18958 19079 W TimeWarp: VSync 5014799: eye=1,late=6.1ms,over=0.0ms,CPU=0.5ms,GPU>=1.7
10-25 21:52:34.882 18958 19079 D VrApi : setSchedFifoStatic tid:18971 pto:1
10-25 21:52:34.892 3970 3998 V VRManagerServer: (VRManagerService.java:401) yTqX [setThreadSchedFifo pkg=com.foo.ProductName pid=18958 tid=18971 prio=1]
10-25 21:52:34.892 3970 3998 V VRManagerServer: (VRManagerService.java:405) yTqX [setAffinity pid=18971 cpus=[4, 5, 6, 7]]
10-25 21:52:34.892 18958 19079 D VRManagerGearVR: VRManager set thread priority to 1
10-25 21:52:34.892 18958 19079 I VrApi_Clocks: SetSchedFifo( tid=18971, pri=1 ) succeeded
10-25 21:52:34.892 18958 19079 D VrApi : setSchedFifoStatic tid:18971 pto:1
10-25 21:52:34.892 3970 3999 V VRManagerServer: (VRManagerService.java:401) yTqX [setThreadSchedFifo pkg=com.foo.ProductName pid=18958 tid=18971 prio=1]
10-25 21:52:34.892 3520 4604 V VRManagerService: ---- elevateProcessThread 'com.foo.ProductName' requestPriority(pid=18958, tid=18971, prio=1 ----
10-25 21:52:34.902 3970 3999 V VRManagerServer: (VRManagerService.java:405) yTqX [setAffinity pid=18971 cpus=[4, 5, 6, 7]]
10-25 21:52:34.902 18958 19079 D VRManagerGearVR: VRManager set thread priority to 1
10-25 21:52:34.902 18958 19079 I VrApi_Clocks: SetSchedFifo( tid=18971, pri=1 ) succeeded
10-25 21:52:34.902 18958 19079 W TimeWarp: VSync 5014801: eye=1,late=7.5ms,over=0.0ms,CPU=0.4ms,GPU>=0.4
10-25 21:52:34.902 3520 4387 V VRManagerService: ---- elevateProcessThread 'com.foo.ProductName' requestPriority(pid=18958, tid=18971, prio=1 ----
10-25 21:52:34.982 18958 19079 D VrApi : setSchedFifoStatic tid:18971 pto:0
10-25 21:52:34.992 3970 17522 V VRManagerServer: (VRManagerService.java:401) yTqX [setThreadSchedFifo pkg=com.foo.ProductName pid=18958 tid=18971 prio=0]
10-25 21:52:34.992 3970 17522 V VRManagerServer: (VRManagerService.java:405) yTqX [setAffinity pid=18971 cpus=[4, 5, 6, 7]]
10-25 21:52:34.992 18958 19079 D VRManagerGearVR: VRManager set thread priority to 0
10-25 21:52:34.992 18958 19079 I VrApi_Clocks: SetSchedFifo( tid=18971, pri=0 ) succeeded
10-25 21:52:34.992 18958 19079 D VrApi : setSchedFifoStatic tid:18971 pto:0
10-25 21:52:34.992 3970 17298 V VRManagerServer: (VRManagerService.java:401) yTqX [setThreadSchedFifo pkg=com.foo.ProductName pid=18958 tid=18971 prio=0]
10-25 21:52:34.992 3520 4750 V VRManagerService: ---- demoteProcessThread 'com.foo.ProductName' requestPriority(pid=18958, tid=18971, prio=0 ----
10-25 21:52:35.002 3970 17298 V VRManagerServer: (VRManagerService.java:405) yTqX [setAffinity pid=18971 cpus=[4, 5, 6, 7]]
10-25 21:52:35.002 18958 19079 D VRManagerGearVR: VRManager set thread priority to 0
10-25 21:52:35.002 18958 19079 I VrApi_Clocks: SetSchedFifo( tid=18971, pri=0 ) succeeded
10-25 21:52:35.002 18958 19079 W TimeWarp: VSync 5014807: eye=1,late=8.8ms,over=0.0ms,CPU=0.4ms,GPU>=0.0
10-25 21:52:35.002 3520 3543 V VRManagerService: ---- demoteProcessThread 'com.foo.ProductName' requestPriority(pid=18958, tid=18971, prio=0 ----
10-25 21:52:35.022 18958 18971 I TimeWarp: WarpSwap: usleep( 454 )
10-25 21:52:35.032 18958 19079 D VrApi : setSchedFifoStatic tid:18971 pto:1
10-25 21:52:35.042 3970 3998 V VRManagerServer: (VRManagerService.java:401) yTqX [setThreadSchedFifo pkg=com.foo.ProductName pid=18958 tid=18971 prio=1]
10-25 21:52:35.042 3970 3998 V VRManagerServer: (VRManagerService.java:405) yTqX [setAffinity pid=18971 cpus=[4, 5, 6, 7]]
10-25 21:52:35.042 18958 19079 D VRManagerGearVR: VRManager set thread priority to 1
10-25 21:52:35.042 18958 19079 I VrApi_Clocks: SetSchedFifo( tid=18971, pri=1 ) succeeded
10-25 21:52:35.042 18958 19079 D VrApi : setSchedFifoStatic tid:18971 pto:1
10-25 21:52:35.042 3970 3999 V VRManagerServer: (VRManagerService.java:401) yTqX [setThreadSchedFifo pkg=com.foo.ProductName pid=18958 tid=18971 prio=1]
10-25 21:52:35.042 3970 3999 V VRManagerServer: (VRManagerService.java:405) yTqX [setAffinity pid=18971 cpus=[4, 5, 6, 7]]
10-25 21:52:35.042 3520 4287 V VRManagerService: ---- elevateProcessThread 'com.foo.ProductName' requestPriority(pid=18958, tid=18971, prio=1 ----
10-25 21:52:35.052 18958 19079 D VRManagerGearVR: VRManager set thread priority to 1
10-25 21:52:35.052 18958 19079 I VrApi_Clocks: SetSchedFifo( tid=18971, pri=1 ) succeeded
10-25 21:52:35.052 18958 19079 W TimeWarp: VSync 5014810: eye=1,late=7.5ms,over=0.0ms,CPU=0.4ms,GPU>=0.4
10-25 21:52:35.052 3520 3542 V VRManagerService: ---- elevateProcessThread 'com.foo.ProductName' requestPriority(pid=18958, tid=18971, prio=1 ----
10-25 21:52:35.132 18958 19079 D VrApi : setSchedFifoStatic tid:18971 pto:0
10-25 21:52:35.142 3970 17522 V VRManagerServer: (VRManagerService.java:401) yTqX [setThreadSchedFifo pkg=com.foo.ProductName pid=18958 tid=18971 prio=0]
10-25 21:52:35.142 3970 17522 V VRManagerServer: (VRManagerService.java:405) yTqX [setAffinity pid=18971 cpus=[4, 5, 6, 7]]
10-25 21:52:35.142 18958 19079 D VRManagerGearVR: VRManager set thread priority to 0
10-25 21:52:35.142 18958 19079 I VrApi_Clocks: SetSchedFifo( tid=18971, pri=0 ) succeeded
10-25 21:52:35.142 18958 19079 D VrApi : setSchedFifoStatic tid:18971 pto:0
10-25 21:52:35.142 3970 17298 V VRManagerServer: (VRManagerService.java:401) yTqX [setThreadSchedFifo pkg=com.foo.ProductName pid=18958 tid=18971 prio=0]
10-25 21:52:35.142 3970 17298 V VRManagerServer: (VRManagerService.java:405) yTqX [setAffinity pid=18971 cpus=[4, 5, 6, 7]]
10-25 21:52:35.142 3520 4850 V VRManagerService: ---- demoteProcessThread 'com.foo.ProductName' requestPriority(pid=18958, tid=18971, prio=0 ----
10-25 21:52:35.152 18958 19079 D VRManagerGearVR: VRManager set thread priority to 0
10-25 21:52:35.152 18958 19079 I VrApi_Clocks: SetSchedFifo( tid=18971, pri=0 ) succeeded
10-25 21:52:35.152 3520 4925 V VRManagerService: ---- demoteProcessThread 'com.foo.ProductName' requestPriority(pid=18958, tid=18971, prio=0 ----
10-25 21:52:35.172 18958 19079 W TimeWarp: VSync 5014817: eye=1,late=0.0ms,over=0.0ms,CPU=0.4ms,GPU>=8.0
10-25 21:52:35.172 18958 19079 D VrApi : setSchedFifoStatic tid:18971 pto:1
10-25 21:52:35.172 3970 3998 V VRManagerServer: (VRManagerService.java:401) yTqX [setThreadSchedFifo pkg=com.foo.ProductName pid=18958 tid=18971 prio=1]
10-25 21:52:35.172 3970 3998 V VRManagerServer: (VRManagerService.java:405) yTqX [setAffinity pid=18971 cpus=[4, 5, 6, 7]]
10-25 21:52:35.172 18958 19079 D VRManagerGearVR: VRManager set thread priority to 1
10-25 21:52:35.172 18958 19079 I VrApi_Clocks: SetSchedFifo( tid=18971, pri=1 ) succeeded
10-25 21:52:35.172 18958 19079 D VrApi : setSchedFifoStatic tid:18971 pto:1
10-25 21:52:35.172 3520 4645 V VRManagerService: ---- elevateProcessThread 'com.foo.ProductName' requestPriority(pid=18958, tid=18971, prio=1 ----
10-25 21:52:35.182 3970 3999 V VRManagerServer: (VRManagerService.java:401) yTqX [setThreadSchedFifo pkg=com.foo.ProductName pid=18958 tid=18971 prio=1]
10-25 21:52:35.182 3970 3999 V VRManagerServer: (VRManagerService.java:405) yTqX [setAffinity pid=18971 cpus=[4, 5, 6, 7]]
10-25 21:52:35.182 18958 19079 D VRManagerGearVR: VRManager set thread priority to 1
10-25 21:52:35.182 18958 19079 I VrApi_Clocks: SetSchedFifo( tid=18971, pri=1 ) succeeded
10-25 21:52:35.182 18958 19079 W TimeWarp: VSync 5014818: eye=1,late=6.1ms,over=0.0ms,CPU=0.4ms,GPU>=1.9
10-25 21:52:35.182 3520 4392 V VRManagerService: ---- elevateProcessThread 'com.foo.ProductName' requestPriority(pid=18958, tid=18971, prio=1 ----
10-25 21:52:35.272 18958 19079 D VrApi : setSchedFifoStatic tid:18971 pto:0
10-25 21:52:35.272 3970 17298 V VRManagerServer: (VRManagerService.java:401) yTqX [setThreadSchedFifo pkg=com.foo.ProductName pid=18958 tid=18971 prio=0]
10-25 21:52:35.272 3970 17298 V VRManagerServer: (VRManagerService.java:405) yTqX [setAffinity pid=18971 cpus=[4, 5, 6, 7]]
10-25 21:52:35.272 18958 19079 D VRManagerGearVR: VRManager set thread priority to 0
10-25 21:52:35.272 18958 19079 I VrApi_Clocks: SetSchedFifo( tid=18971, pri=0 ) succeeded
10-25 21:52:35.272 18958 19079 D VrApi : setSchedFifoStatic tid:18971 pto:0
10-25 21:52:35.272 3520 4928 V VRManagerService: ---- demoteProcessThread 'com.foo.ProductName' requestPriority(pid=18958, tid=18971, prio=0 ----
10-25 21:52:35.282 3970 17522 V VRManagerServer: (VRManagerService.java:401) yTqX [setThreadSchedFifo pkg=com.foo.ProductName pid=18958 tid=18971 prio=0]
10-25 21:52:35.282 3970 17522 V VRManagerServer: (VRManagerService.java:405) yTqX [setAffinity pid=18971 cpus=[4, 5, 6, 7]]
10-25 21:52:35.282 18958 19079 D VRManagerGearVR: VRManager set thread priority to 0
10-25 21:52:35.282 18958 19079 I VrApi_Clocks: SetSchedFifo( tid=18971, pri=0 ) succeeded
10-25 21:52:35.282 18958 19079 W TimeWarp: VSync 5014824: eye=1,late=6.8ms,over=0.0ms,CPU=0.4ms,GPU>=1.1
10-25 21:52:35.282 3520 5770 V VRManagerService: ---- demoteProcessThread 'com.foo.ProductName' requestPriority(pid=18958, tid=18971, prio=0 ----
10-25 21:52:35.302 18958 19079 W TimeWarp: VSync 5014825: eye=1,late=0.0ms,over=0.0ms,CPU=0.4ms,GPU>=8.0
10-25 21:52:35.302 18958 19079 D VrApi : setSchedFifoStatic tid:18971 pto:1
10-25 21:52:35.302 3970 3998 V VRManagerServer: (VRManagerService.java:401) yTqX [setThreadSchedFifo pkg=com.foo.ProductName pid=18958 tid=18971 prio=1]
10-25 21:52:35.302 3970 3998 V VRManagerServer: (VRManagerService.java:405) yTqX [setAffinity pid=18971 cpus=[4, 5, 6, 7]]
10-25 21:52:35.312 18958 19079 D VRManagerGearVR: VRManager set thread priority to 1
10-25 21:52:35.312 18958 19079 I VrApi_Clocks: SetSchedFifo( tid=18971, pri=1 ) succeeded
10-25 21:52:35.312 18958 19079 D VrApi : setSchedFifoStatic tid:18971 pto:1
10-25 21:52:35.312 3970 3999 V VRManagerServer: (VRManagerService.java:401) yTqX [setThreadSchedFifo pkg=com.foo.ProductName pid=18958 tid=18971 prio=1]
10-25 21:52:35.312 3970 3999 V VRManagerServer: (VRManagerService.java:405) yTqX [setAffinity pid=18971 cpus=[4, 5, 6, 7]]
10-25 21:52:35.312 18958 19079 D VRManagerGearVR: VRManager set thread priority to 1
10-25 21:52:35.312 18958 19079 I VrApi_Clocks: SetSchedFifo( tid=18971, pri=1 ) succeeded
10-25 21:52:35.312 18958 19079 W TimeWarp: VSync 5014826: eye=1,late=6.1ms,over=0.0ms,CPU=0.4ms,GPU>=1.9
10-25 21:52:35.312 3520 4533 V VRManagerService: ---- elevateProcessThread 'com.foo.ProductName' requestPriority(pid=18958, tid=18971, prio=1 ----
10-25 21:52:35.312 3520 4167 V VRManagerService: ---- elevateProcessThread 'com.foo.ProductName' requestPriority(pid=18958, tid=18971, prio=1 ----
10-25 21:52:35.382 18958 19079 W TimeWarp: VSync 5014830: eye=1,late=0.0ms,over=0.0ms,CPU=0.4ms,GPU>=7.9
10-25 21:52:35.402 18958 19079 D VrApi : setSchedFifoStatic tid:18971 pto:0
10-25 21:52:35.402 3970 17298 V VRManagerServer: (VRManagerService.java:401) yTqX [setThreadSchedFifo pkg=com.foo.ProductName pid=18958 tid=18971 prio=0]
10-25 21:52:35.402 3970 17298 V VRManagerServer: (VRManagerService.java:405) yTqX [setAffinity pid=18971 cpus=[4, 5, 6, 7]]
10-25 21:52:35.412 18958 19079 D VRManagerGearVR: VRManager set thread priority to 0
10-25 21:52:35.412 18958 19079 I VrApi_Clocks: SetSchedFifo( tid=18971, pri=0 ) succeeded
10-25 21:52:35.412 18958 19079 D VrApi : setSchedFifoStatic tid:18971 pto:0
10-25 21:52:35.412 3970 17522 V VRManagerServer: (VRManagerService.java:401) yTqX [setThreadSchedFifo pkg=com.foo.ProductName pid=18958 tid=18971 prio=0]
10-25 21:52:35.412 3970 17522 V VRManagerServer: (VRManagerService.java:405) yTqX [setAffinity pid=18971 cpus=[4, 5, 6, 7]]
10-25 21:52:35.412 18958 19079 D VRManagerGearVR: VRManager set thread priority to 0
10-25 21:52:35.412 18958 19079 I VrApi_Clocks: SetSchedFifo( tid=18971, pri=0 ) succeeded
10-25 21:52:35.412 18958 19079 W TimeWarp: VSync 5014832: eye=1,late=6.3ms,over=0.0ms,CPU=0.4ms,GPU>=1.7
10-25 21:52:35.412 3520 4534 V VRManagerService: ---- demoteProcessThread 'com.foo.ProductName' requestPriority(pid=18958, tid=18971, prio=0 ----
10-25 21:52:35.412 3520 4041 V VRManagerService: ---- demoteProcessThread 'com.foo.ProductName' requestPriority(pid=18958, tid=18971, prio=0 ----
10-25 21:52:35.432 18958 19079 D VrApi : setSchedFifoStatic tid:18971 pto:1
10-25 21:52:35.432 3970 3998 V VRManagerServer: (VRManagerService.java:401) yTqX [setThreadSchedFifo pkg=com.foo.ProductName pid=18958 tid=18971 prio=1]
10-25 21:52:35.442 3970 3998 V VRManagerServer: (VRManagerService.java:405) yTqX [setAffinity pid=18971 cpus=[4, 5, 6, 7]]
10-25 21:52:35.442 18958 19079 D VRManagerGearVR: VRManager set thread priority to 1
10-25 21:52:35.442 18958 19079 I VrApi_Clocks: SetSchedFifo( tid=18971, pri=1 ) succeeded
10-25 21:52:35.442 18958 19079 D VrApi : setSchedFifoStatic tid:18971 pto:1
10-25 21:52:35.442 3970 3999 V VRManagerServer: (VRManagerService.java:401) yTqX [setThreadSchedFifo pkg=com.foo.ProductName pid=18958 tid=18971 prio=1]
10-25 21:52:35.442 3970 3999 V VRManagerServer: (VRManagerService.java:405) yTqX [setAffinity pid=18971 cpus=[4, 5, 6, 7]]
10-25 21:52:35.442 18958 19079 D VRManagerGearVR: VRManager set thread priority to 1
10-25 21:52:35.442 18958 19079 I VrApi_Clocks: SetSchedFifo( tid=18971, pri=1 ) succeeded
10-25 21:52:35.442 3520 4604 V VRManagerService: ---- elevateProcessThread 'com.foo.ProductName' requestPriority(pid=18958, tid=18971, prio=1 ----
10-25 21:52:35.442 3520 4387 V VRManagerService: ---- elevateProcessThread 'com.foo.ProductName' requestPriority(pid=18958, tid=18971, prio=1 ----
10-25 21:52:35.462 18958 19046 I OVR : DeviceManagerThread - event 43 (500Hz) (Tid=19046)
10-25 21:52:35.532 18958 19079 D VrApi : setSchedFifoStatic tid:18971 pto:0
10-25 21:52:35.532 3970 17522 V VRManagerServer: (VRManagerService.java:401) yTqX [setThreadSchedFifo pkg=com.foo.ProductName pid=18958 tid=18971 prio=0]
10-25 21:52:35.532 3970 17522 V VRManagerServer: (VRManagerService.java:405) yTqX [setAffinity pid=18971 cpus=[4, 5, 6, 7]]
10-25 21:52:35.542 18958 19079 D VRManagerGearVR: VRManager set thread priority to 0
10-25 21:52:35.542 18958 19079 I VrApi_Clocks: SetSchedFifo( tid=18971, pri=0 ) succeeded
10-25 21:52:35.542 18958 19079 D VrApi : setSchedFifoStatic tid:18971 pto:0
10-25 21:52:35.542 3970 3998 V VRManagerServer: (VRManagerService.java:401) yTqX [setThreadSchedFifo pkg=com.foo.ProductName pid=18958 tid=18971 prio=0]
10-25 21:52:35.542 3970 3998 V VRManagerServer: (VRManagerService.java:405) yTqX [setAffinity pid=18971 cpus=[4, 5, 6, 7]]
10-25 21:52:35.542 18958 19079 D VRManagerGearVR: VRManager set thread priority to 0
10-25 21:52:35.542 18958 19079 I VrApi_Clocks: SetSchedFifo( tid=18971, pri=0 ) succeeded
10-25 21:52:35.542 3520 4750 V VRManagerService: ---- demoteProcessThread 'com.foo.ProductName' requestPriority(pid=18958, tid=18971, prio=0 ----
10-25 21:52:35.542 3520 3543 V VRManagerService: ---- demoteProcessThread 'com.foo.ProductName' requestPriority(pid=18958, tid=18971, prio=0 ----
10-25 21:52:35.552 18958 19079 W TimeWarp: VSync 5014840: eye=1,late=5.9ms,over=0.0ms,CPU=0.4ms,GPU>=2.0
10-25 21:52:35.562 18958 19079 D VrApi : setSchedFifoStatic tid:18971 pto:1
10-25 21:52:35.572 3970 17298 V VRManagerServer: (VRManagerService.java:401) yTqX [setThreadSchedFifo pkg=com.foo.ProductName pid=18958 tid=18971 prio=1]
10-25 21:52:35.572 3970 17298 V VRManagerServer: (VRManagerService.java:405) yTqX [setAffinity pid=18971 cpus=[4, 5, 6, 7]]
10-25 21:52:35.572 18958 19079 D VRManagerGearVR: VRManager set thread priority to 1
10-25 21:52:35.572 18958 19079 I VrApi_Clocks: SetSchedFifo( tid=18971, pri=1 ) succeeded
10-25 21:52:35.572 18958 19079 D VrApi : setSchedFifoStatic tid:18971 pto:1
10-25 21:52:35.572 3970 3999 V VRManagerServer: (VRManagerService.java:401) yTqX [setThreadSchedFifo pkg=com.foo.ProductName pid=18958 tid=18971 prio=1]
10-25 21:52:35.572 3520 4287 V VRManagerService: ---- elevateProcessThread 'com.foo.ProductName' requestPriority(pid=18958, tid=18971, prio=1 ----
10-25 21:52:35.582 3970 3999 V VRManagerServer: (VRManagerService.java:405) yTqX [setAffinity pid=18971 cpus=[4, 5, 6, 7]]
10-25 21:52:35.582 18958 19079 D VRManagerGearVR: VRManager set thread priority to 1
10-25 21:52:35.582 18958 19079 I VrApi_Clocks: SetSchedFifo( tid=18971, pri=1 ) succeeded
10-25 21:52:35.582 18958 19079 W TimeWarp: VSync 5014842: eye=1,late=7.4ms,over=0.0ms,CPU=0.4ms,GPU>=0.6
10-25 21:52:35.582 3520 3542 V VRManagerService: ---- elevateProcessThread 'com.foo.ProductName' requestPriority(pid=18958, tid=18971, prio=1 ----
10-25 21:52:35.622 18958 19098 I VrApi : FPS=8,Prd=46ms,Tear=20,Early=0,Stale=57,VSnc=1,Lat=1,CPU4/GPU=2/2,1000/420MHz,OC=FF,TA=F0/F0/F0/F0,SP=F/F/F/F,Mem=1026MHz,Free=1362MB,PSM=0,PLS=0,Temp=26.3C/28.5C
10-25 21:52:35.662 18958 19079 D VrApi : setSchedFifoStatic tid:18971 pto:0
10-25 21:52:35.672 3970 17298 V VRManagerServer: (VRManagerService.java:401) yTqX [setThreadSchedFifo pkg=com.foo.ProductName pid=18958 tid=18971 prio=0]
10-25 21:52:35.672 3970 17298 V VRManagerServer: (VRManagerService.java:405) yTqX [setAffinity pid=18971 cpus=[4, 5, 6, 7]]
10-25 21:52:35.672 18958 19079 D VRManagerGearVR: VRManager set thread priority to 0
10-25 21:52:35.672 18958 19079 I VrApi_Clocks: SetSchedFifo( tid=18971, pri=0 ) succeeded
10-25 21:52:35.672 18958 19079 D VrApi : setSchedFifoStatic tid:18971 pto:0
10-25 21:52:35.672 3970 3999 V VRManagerServer: (VRManagerService.java:401) yTqX [setThreadSchedFifo pkg=com.foo.ProductName pid=18958 tid=18971 prio=0]
10-25 21:52:35.672 3970 3999 V VRManagerServer: (VRManagerService.java:405) yTqX [setAffinity pid=18971 cpus=[4, 5, 6, 7]]
10-25 21:52:35.672 3520 4392 V VRManagerService: ---- demoteProcessThread 'com.foo.ProductName' requestPriority(pid=18958, tid=18971, prio=0 ----
10-25 21:52:35.682 18958 19079 D VRManagerGearVR: VRManager set thread priority to 0
10-25 21:52:35.682 18958 19079 I VrApi_Clocks: SetSchedFifo( tid=18971, pri=0 ) succeeded
10-25 21:52:35.682 18958 19079 W TimeWarp: VSync 5014848: eye=1,late=6.7ms,over=0.0ms,CPU=0.4ms,GPU>=1.2
10-25 21:52:35.682 3520 4928 V VRManagerService: ---- demoteProcessThread 'com.foo.ProductName' requestPriority(pid=18958, tid=18971, prio=0 ----
10-25 21:52:35.692 18958 18971 I TimeWarp: WarpSwap: usleep( 653 )
10-25 21:52:35.702 18958 19079 W TimeWarp: VSync 5014849: eye=1,late=0.0ms,over=0.1ms,CPU=0.4ms,GPU>=7.8
10-25 21:52:35.702 18958 19079 D VrApi : setSchedFifoStatic tid:18971 pto:1
10-25 21:52:35.702 3970 17522 V VRManagerServer: (VRManagerService.java:401) yTqX [setThreadSchedFifo pkg=com.foo.ProductName pid=18958 tid=18971 prio=1]
10-25 21:52:35.702 3970 17522 V VRManagerServer: (VRManagerService.java:405) yTqX [setAffinity pid=18971 cpus=[4, 5, 6, 7]]
10-25 21:52:35.702 18958 19079 D VRManagerGearVR: VRManager set thread priority to 1
10-25 21:52:35.702 18958 19079 I VrApi_Clocks: SetSchedFifo( tid=18971, pri=1 ) succeeded
10-25 21:52:35.702 18958 19079 D VrApi : setSchedFifoStatic tid:18971 pto:1
10-25 21:52:35.702 3520 5770 V VRManagerService: ---- elevateProcessThread 'com.foo.ProductName' requestPriority(pid=18958, tid=18971, prio=1 ----
10-25 21:52:35.712 3970 3998 V VRManagerServer: (VRManagerService.java:401) yTqX [setThreadSchedFifo pkg=com.foo.ProductName pid=18958 tid=18971 prio=1]
10-25 21:52:35.712 3970 3998 V VRManagerServer: (VRManagerService.java:405) yTqX [setAffinity pid=18971 cpus=[4, 5, 6, 7]]
10-25 21:52:35.712 18958 19079 D VRManagerGearVR: VRManager set thread priority to 1
10-25 21:52:35.712 18958 19079 I VrApi_Clocks: SetSchedFifo( tid=18971, pri=1 ) succeeded
10-25 21:52:35.712 18958 19079 W TimeWarp: VSync 5014850: eye=1,late=7.0ms,over=0.0ms,CPU=0.4ms,GPU>=0.9
10-25 21:52:35.712 3520 4533 V VRManagerService: ---- elevateProcessThread 'com.foo.ProductName' requestPriority(pid=18958, tid=18971, prio=1 ----
10-25 21:52:35.782 18958 19079 W TimeWarp: VSync 5014854: eye=1,late=0.0ms,over=0.1ms,CPU=0.4ms,GPU>=8.0
10-25 21:52:35.792 3520 4018 D InputReader: sendBroadcastEvent 1 (vr proximity)
10-25 21:52:35.792 3520 4018 V InputManager: notifyVRProximityEventChanged event=1
10-25 21:52:35.792 3520 3598 V InputManager: sendVRProximityEventChanged event=1
10-25 21:52:35.792 3970 17298 V VRManagerServer: (VRManagerService.java:1760) QdBd [notifyDeviceEventChanged event=16(10)]
10-25 21:52:35.792 3970 17298 V VRManagerServer: (DeviceEventManager.java:59) yTqX [notifyProximityEventChanged mount=true]
10-25 21:52:35.792 3520 3598 V VRManagerService: notifyDeviceEventChanged event=16(10)
10-25 21:52:35.792 3520 18887 V VRManagerService: handleDeviceEventChanged event=16(10)
10-25 21:52:35.802 18958 19079 D VrApi : setSchedFifoStatic tid:18971 pto:0
10-25 21:52:35.802 18319 18319 V VRSVC : (HmtService.java:50) onStartCommand [onStartCommand() flags=0 startId=7 sys.hmt.connected=true]
10-25 21:52:35.802 18319 18897 V VRSVC : (HmtService.java:112) yTqX [onHandleIntent action=com.samsung.intent.action.HMT_MOUNT_EVENT]
10-25 21:52:35.802 3970 3999 V VRManagerServer: (VRManagerService.java:401) yTqX [setThreadSchedFifo pkg=com.foo.ProductName pid=18958 tid=18971 prio=0]
10-25 21:52:35.802 3970 3999 V VRManagerServer: (VRManagerService.java:405) yTqX [setAffinity pid=18971 cpus=[4, 5, 6, 7]]
10-25 21:52:35.812 18958 19079 D VRManagerGearVR: VRManager set thread priority to 0
10-25 21:52:35.812 18958 19079 I VrApi_Clocks: SetSchedFifo( tid=18971, pri=0 ) succeeded
10-25 21:52:35.812 18958 19079 D VrApi : setSchedFifoStatic tid:18971 pto:0
10-25 21:52:35.812 3970 3998 V VRManagerServer: (VRManagerService.java:401) yTqX [setThreadSchedFifo pkg=com.foo.ProductName pid=18958 tid=18971 prio=0]
10-25 21:52:35.812 3970 3998 V VRManagerServer: (VRManagerService.java:405) yTqX [setAffinity pid=18971 cpus=[4, 5, 6, 7]]
10-25 21:52:35.812 18319 18897 V VRSVC : (HmtService.java:197) yTqX [handleIntentProximitySensor type=1 docked=true mounted=false sensorEvent=true]
10-25 21:52:35.812 18319 18897 V VRSVC : (HmtDeviceEventManager.java:109) wtkw [OnDeviceEvent onProximitySensorEvent start.]
10-25 21:52:35.812 3520 4167 V VRManagerService: ---- demoteProcessThread 'com.foo.ProductName' requestPriority(pid=18958, tid=18971, prio=0 ----
10-25 21:52:35.822 18319 18900 D VRSVC : (LogEvent.java:126) yTqX [OnDeviceEvent onProximitySensorEvent type=1 hmtConnected=true]
10-25 21:52:35.822 18958 19079 D VRManagerGearVR: VRManager set thread priority to 0
10-25 21:52:35.822 18958 19079 I VrApi_Clocks: SetSchedFifo( tid=18971, pri=0 ) succeeded
10-25 21:52:35.822 18319 18897 V VRSVC : (HmtDeviceEventManager.java:101) wtkw [OnDeviceEvent onProximitySensorEvent finished. elapsedTime=1]
10-25 21:52:35.822 18958 19079 W TimeWarp: VSync 5014856: eye=1,late=11.8ms,over=0.0ms,CPU=0.4ms,GPU>=0.0
10-25 21:52:35.822 18958 18971 I TimeWarp: WarpSwap: usleep( 29 )
10-25 21:52:35.822 3520 3543 V VRManagerService: ---- demoteProcessThread 'com.foo.ProductName' requestPriority(pid=18958, tid=18971, prio=0 ----
10-25 21:52:35.832 18319 18897 V VRSVC : (HmtDeviceEventManager.java:109) wtkw [OnDeviceEvent onPreMount start.]
10-25 21:52:35.832 18319 18898 D VRSVC : (LogEvent.java:74) snDW [OnDeviceEvent onPreMount]
10-25 21:52:35.832 18319 18899 V VRSVC : (HmtMountEvent.java:24) snDW [onPreMount SystemProperties sys.hmt.mounted=true]
10-25 21:52:35.832 18958 19079 D VrApi : setSchedFifoStatic tid:18971 pto:1
10-25 21:52:35.832 18319 18897 V VRSVC : (HmtDeviceEventManager.java:101) wtkw [OnDeviceEvent onPreMount finished. elapsedTime=5]
10-25 21:52:35.832 3970 3970 D VRManagerServer: (VRManagerService.java:375) onReceive [action=com.samsung.intent.action.HMT_MOUNT_STICKY_EVENT sticky=false]
10-25 21:52:35.832 18319 18897 V VRSVC : (HmtDeviceEventManager.java:109) wtkw [OnDeviceEvent onMount start.]
10-25 21:52:35.832 18319 18901 V VRSVC : (ScreenEvent.java:131) ZzLN [wakeup! onMount]
10-25 21:52:35.832 18319 18898 V VRSVC : (WirelessChargeControlEvent.java:65) wtkw [disableWirelessCharge isSupportWirelessCharge=true]
10-25 21:52:35.832 18319 18900 D VRSVC : (LogEvent.java:79) ZzLN [OnDeviceEvent onMount hmtConnected=true]
10-25 21:52:35.832 3970 3970 V VRManagerServer: (VRManagerService.java:378) onReceive [mountState=1]
10-25 21:52:35.832 18319 18319 D VRSVC : (MonoScreenEvent.java:115) wtkw [cancelHideMonoForeground. canceled.]
10-25 21:52:35.832 18319 18910 V VRSVC : (SoundUtil.java:86) run [play() await....]
10-25 21:52:35.832 18319 18319 D VRSVC : (MonoScreenEvent.java:116) yTqX [dismissMonoForegroundDelayed delayMillis=500 animate=true]
10-25 21:52:35.832 18319 18910 V VRSVC : (SoundUtil.java:94) run [play() mLoadedSound=1]
10-25 21:52:35.842 18319 18901 V VRSVC : (ScreenEvent.java:135) ZzLN [remove lcd off message...]
10-25 21:52:35.842 3970 3999 V VRManagerServer: (VRManagerService.java:401) yTqX [setThreadSchedFifo pkg=com.foo.ProductName pid=18958 tid=18971 prio=1]
10-25 21:52:35.842 3970 3999 V VRManagerServer: (VRManagerService.java:405) yTqX [setAffinity pid=18971 cpus=[4, 5, 6, 7]]
10-25 21:52:35.842 3520 4041 D PowerManagerService: [api] [s] wakeUp (uid: 1000 pid: 18319) eventTime = 84996928
10-25 21:52:35.852 18319 18910 W AudioTrack: AUDIO_OUTPUT_FLAG_FAST denied by client; transfer 4, track 44100 Hz, output 48000 Hz
10-25 21:52:35.852 3126 19918 W AudioPolicyIntefaceImpl: Skipped to add effects on session 537
10-25 21:52:35.852 3126 19918 I APM::AudioPolicyManager: startOutput() output 4, stream 3, session 537
10-25 21:52:35.852 18958 19079 D VRManagerGearVR: VRManager set thread priority to 1
10-25 21:52:35.852 3520 4534 V VRManagerService: ---- elevateProcessThread 'com.foo.ProductName' requestPriority(pid=18958, tid=18971, prio=1 ----
10-25 21:52:35.862 18958 19079 I VrApi_Clocks: SetSchedFifo( tid=18971, pri=1 ) succeeded
10-25 21:52:35.862 18958 19079 D VrApi : setSchedFifoStatic tid:18971 pto:1
10-25 21:52:35.862 18319 18900 V VRSVC : (SSRMDisableControlEvent.java:92) wtkw [ssrmStatus=0]
10-25 21:52:35.862 18319 18897 V VRSVC : (HmtDeviceEventManager.java:101) wtkw [OnDeviceEvent onMount finished. elapsedTime=25]
10-25 21:52:35.862 18319 18897 V VRSVC : (HmtDeviceEventManager.java:109) wtkw [OnDeviceEvent onPostMount start.]
10-25 21:52:35.862 3970 17298 V VRManagerServer: (VRManagerService.java:401) yTqX [setThreadSchedFifo pkg=com.foo.ProductName pid=18958 tid=18971 prio=1]
10-25 21:52:35.862 18319 18899 D VRSVC : (LogEvent.java:84) IOpR [OnDeviceEvent onPostMount]
10-25 21:52:35.862 18319 18901 V VRSVC : (HmtMountEvent.java:31) IOpR [onPostMount sendHmtMountEvent]
10-25 21:52:35.862 18319 18898 V VRSVC : (TouchControlEvent.java:81) wtkw [setTouchControl value=0]
10-25 21:52:35.862 3970 17298 V VRManagerServer: (VRManagerService.java:405) yTqX [setAffinity pid=18971 cpus=[4, 5, 6, 7]]
10-25 21:52:35.862 18319 18901 V VRSVC : (HmtMountEvent.java:34) IOpR [onPostMount send proximity mount to compatibility]
10-25 21:52:35.862 3520 3520 I AudioService: HMT mount!
10-25 21:52:35.862 3126 3796 I AudioMixer: create resampler src 44100, 2, dst 48000, 2
10-25 21:52:35.862 3126 3796 D SoundAliveResampler: [SoundAliveResampler] Init+++
10-25 21:52:35.872 18319 18897 V VRSVC : (HmtDeviceEventManager.java:101) wtkw [OnDeviceEvent onPostMount finished. elapsedTime=8]
10-25 21:52:35.872 18958 19079 D VRManagerGearVR: VRManager set thread priority to 1
10-25 21:52:35.872 18958 19079 I VrApi_Clocks: SetSchedFifo( tid=18971, pri=1 ) succeeded
10-25 21:52:35.872 18958 19079 W TimeWarp: VSync 5014858: eye=1,late=30.9ms,over=0.0ms,CPU=0.4ms,GPU>=0.0
10-25 21:52:35.872 18958 19079 I TimeWarp: Adjusting 5014859.42 > 5014858 to 5014859
10-25 21:52:35.872 3520 4392 V VRManagerService: ---- elevateProcessThread 'com.foo.ProductName' requestPriority(pid=18958, tid=18971, prio=1 ----
10-25 21:52:35.912 18958 19079 W TimeWarp: VSync 5014862: eye=1,late=0.0ms,over=0.2ms,CPU=0.4ms,GPU>=7.9
10-25 21:52:35.932 18958 19079 D VrApi : setSchedFifoStatic tid:18971 pto:0
10-25 21:52:35.932 3970 17298 V VRManagerServer: (VRManagerService.java:401) yTqX [setThreadSchedFifo pkg=com.foo.ProductName pid=18958 tid=18971 prio=0]
10-25 21:52:35.932 3970 17298 V VRManagerServer: (VRManagerService.java:405) yTqX [setAffinity pid=18971 cpus=[4, 5, 6, 7]]
10-25 21:52:35.942 18958 19079 D VRManagerGearVR: VRManager set thread priority to 0
10-25 21:52:35.942 18958 19079 I VrApi_Clocks: SetSchedFifo( tid=18971, pri=0 ) succeeded
10-25 21:52:35.942 18958 19079 D VrApi : setSchedFifoStatic tid:18971 pto:0
10-25 21:52:35.942 3970 17522 V VRManagerServer: (VRManagerService.java:401) yTqX [setThreadSchedFifo pkg=com.foo.ProductName pid=18958 tid=18971 prio=0]
10-25 21:52:35.942 3970 17522 V VRManagerServer: (VRManagerService.java:405) yTqX [setAffinity pid=18971 cpus=[4, 5, 6, 7]]
10-25 21:52:35.942 18958 19079 D VRManagerGearVR: VRManager set thread priority to 0
10-25 21:52:35.942 18958 19079 I VrApi_Clocks: SetSchedFifo( tid=18971, pri=0 ) succeeded
10-25 21:52:35.942 3520 4928 V VRManagerService: ---- demoteProcessThread 'com.foo.ProductName' requestPriority(pid=18958, tid=18971, prio=0 ----
10-25 21:52:35.942 3520 3543 V VRManagerService: ---- demoteProcessThread 'com.foo.ProductName' requestPriority(pid=18958, tid=18971, prio=0 ----
10-25 21:52:35.952 18958 19079 W TimeWarp: VSync 5014864: eye=1,late=6.3ms,over=0.0ms,CPU=0.4ms,GPU>=1.7
10-25 21:52:35.952 18958 18971 I VrApi : ovr_HandleHmdEvents: HMT was mounted
10-25 21:52:35.962 18958 19079 D VrApi : setSchedFifoStatic tid:18971 pto:1
10-25 21:52:35.972 3970 3998 V VRManagerServer: (VRManagerService.java:401) yTqX [setThreadSchedFifo pkg=com.foo.ProductName pid=18958 tid=18971 prio=1]
10-25 21:52:35.972 3970 3998 V VRManagerServer: (VRManagerService.java:405) yTqX [setAffinity pid=18971 cpus=[4, 5, 6, 7]]
10-25 21:52:35.972 18958 19079 D VRManagerGearVR: VRManager set thread priority to 1
10-25 21:52:35.972 18958 19079 I VrApi_Clocks: SetSchedFifo( tid=18971, pri=1 ) succeeded
10-25 21:52:35.972 18958 19079 D VrApi : setSchedFifoStatic tid:18971 pto:1
10-25 21:52:35.972 3970 3999 V VRManagerServer: (VRManagerService.java:401) yTqX [setThreadSchedFifo pkg=com.foo.ProductName pid=18958 tid=18971 prio=1]
10-25 21:52:35.972 3970 3999 V VRManagerServer: (VRManagerService.java:405) yTqX [setAffinity pid=18971 cpus=[4, 5, 6, 7]]
10-25 21:52:35.972 3520 4850 V VRManagerService: ---- elevateProcessThread 'com.foo.ProductName' requestPriority(pid=18958, tid=18971, prio=1 ----
10-25 21:52:35.982 18958 19079 D VRManagerGearVR: VRManager set thread priority to 1
10-25 21:52:35.982 18958 19079 I VrApi_Clocks: SetSchedFifo( tid=18971, pri=1 ) succeeded
10-25 21:52:35.982 18958 19079 W TimeWarp: VSync 5014866: eye=1,late=5.7ms,over=0.0ms,CPU=0.4ms,GPU>=2.2
10-25 21:52:35.982 3520 4533 V VRManagerService: ---- elevateProcessThread 'com.foo.ProductName' requestPriority(pid=18958, tid=18971, prio=1 ----
10-25 21:52:36.042 18958 19079 W TimeWarp: VSync 5014870: eye=1,late=0.0ms,over=0.1ms,CPU=0.4ms,GPU>=7.9
10-25 21:52:36.062 18958 19079 D VrApi : setSchedFifoStatic tid:18971 pto:0
10-25 21:52:36.072 3970 17298 V VRManagerServer: (VRManagerService.java:401) yTqX [setThreadSchedFifo pkg=com.foo.ProductName pid=18958 tid=18971 prio=0]
10-25 21:52:36.072 3970 17298 V VRManagerServer: (VRManagerService.java:405) yTqX [setAffinity pid=18971 cpus=[4, 5, 6, 7]]
10-25 21:52:36.072 18958 19079 D VRManagerGearVR: VRManager set thread priority to 0
10-25 21:52:36.072 18958 19079 I VrApi_Clocks: SetSchedFifo( tid=18971, pri=0 ) succeeded
10-25 21:52:36.072 18958 19079 D VrApi : setSchedFifoStatic tid:18971 pto:0
10-25 21:52:36.072 3970 17522 V VRManagerServer: (VRManagerService.java:401) yTqX [setThreadSchedFifo pkg=com.foo.ProductName pid=18958 tid=18971 prio=0]
10-25 21:52:36.072 3970 17522 V VRManagerServer: (VRManagerService.java:405) yTqX [setAffinity pid=18971 cpus=[4, 5, 6, 7]]
10-25 21:52:36.072 3520 4645 V VRManagerService: ---- demoteProcessThread 'com.foo.ProductName' requestPriority(pid=18958, tid=18971, prio=0 ----
10-25 21:52:36.082 18958 19079 D VRManagerGearVR: VRManager set thread priority to 0
10-25 21:52:36.082 18958 19079 I VrApi_Clocks: SetSchedFifo( tid=18971, pri=0 ) succeeded
10-25 21:52:36.082 18958 19079 W TimeWarp: VSync 5014872: eye=1,late=6.2ms,over=0.0ms,CPU=0.4ms,GPU>=1.7
10-25 21:52:36.082 18958 18971 I E:\tw\d45da6eca52cc600\Software\OculusSDK\Integrations\Unity\Releases\si-1: Just mounted
10-25 21:52:36.082 18958 18971 I SystemActivities: OVR_SystemActivities_PostUpdate: Acting on System Activity reorient event.
10-25 21:52:36.082 3520 4041 V VRManagerService: ---- demoteProcessThread 'com.foo.ProductName' requestPriority(pid=18958, tid=18971, prio=0 ----
10-25 21:52:36.102 18958 19079 D VrApi : setSchedFifoStatic tid:18971 pto:1
10-25 21:52:36.102 3970 3999 V VRManagerServer: (VRManagerService.java:401) yTqX [setThreadSchedFifo pkg=com.foo.ProductName pid=18958 tid=18971 prio=1]
10-25 21:52:36.102 3970 3999 V VRManagerServer: (VRManagerService.java:405) yTqX [setAffinity pid=18971 cpus=[4, 5, 6, 7]]
10-25 21:52:36.102 18958 19079 D VRManagerGearVR: VRManager set thread priority to 1
10-25 21:52:36.102 18958 19079 I VrApi_Clocks: SetSchedFifo( tid=18971, pri=1 ) succeeded
10-25 21:52:36.102 18958 19079 D VrApi : setSchedFifoStatic tid:18971 pto:1
10-25 21:52:36.102 3970 3998 V VRManagerServer: (VRManagerService.java:401) yTqX [setThreadSchedFifo pkg=com.foo.ProductName pid=18958 tid=18971 prio=1]
10-25 21:52:36.102 3520 4925 V VRManagerService: ---- elevateProcessThread 'com.foo.ProductName' requestPriority(pid=18958, tid=18971, prio=1 ----
10-25 21:52:36.112 3970 3998 V VRManagerServer: (VRManagerService.java:405) yTqX [setAffinity pid=18971 cpus=[4, 5, 6, 7]]
10-25 21:52:36.112 18958 19079 D VRManagerGearVR: VRManager set thread priority to 1
10-25 21:52:36.112 18958 19079 I VrApi_Clocks: SetSchedFifo( tid=18971, pri=1 ) succeeded
10-25 21:52:36.112 18958 19079 W TimeWarp: VSync 5014874: eye=1,late=6.9ms,over=0.0ms,CPU=0.4ms,GPU>=1.1
10-25 21:52:36.112 3520 4604 V VRManagerService: ---- elevateProcessThread 'com.foo.ProductName' requestPriority(pid=18958, tid=18971, prio=1 ----
10-25 21:52:36.132 18958 18958 I Vsync : Vsync 5014875: Choreographer: 1 x 15.29 ms (60.27 Hz, at 84997.222)
10-25 21:52:36.142 18958 18958 I Vsync : Vsync 5014876: Choreographer: 1 x 17.87 ms (60.27 Hz, at 84997.240)
10-25 21:52:36.192 18958 19079 D VrApi : setSchedFifoStatic tid:18971 pto:0
10-25 21:52:36.202 3970 17522 V VRManagerServer: (VRManagerService.java:401) yTqX [setThreadSchedFifo pkg=com.foo.ProductName pid=18958 tid=18971 prio=0]
10-25 21:52:36.202 3970 17522 V VRManagerServer: (VRManagerService.java:405) yTqX [setAffinity pid=18971 cpus=[4, 5, 6, 7]]
10-25 21:52:36.202 18958 19079 D VRManagerGearVR: VRManager set thread priority to 0
10-25 21:52:36.202 18958 19079 I VrApi_Clocks: SetSchedFifo( tid=18971, pri=0 ) succeeded
10-25 21:52:36.202 18958 19079 D VrApi : setSchedFifoStatic tid:18971 pto:0
10-25 21:52:36.202 3520 4750 V VRManagerService: ---- demoteProcessThread 'com.foo.ProductName' requestPriority(pid=18958, tid=18971, prio=0 ----
10-25 21:52:36.212 3970 3999 V VRManagerServer: (VRManagerService.java:401) yTqX [setThreadSchedFifo pkg=com.foo.ProductName pid=18958 tid=18971 prio=0]
10-25 21:52:36.212 3970 3999 V VRManagerServer: (VRManagerService.java:405) yTqX [setAffinity pid=18971 cpus=[4, 5, 6, 7]]
10-25 21:52:36.212 18958 19079 D VRManagerGearVR: VRManager set thread priority to 0
10-25 21:52:36.212 18958 19079 I VrApi_Clocks: SetSchedFifo( tid=18971, pri=0 ) succeeded
10-25 21:52:36.212 18958 19079 W TimeWarp: VSync 5014880: eye=1,late=6.6ms,over=0.0ms,CPU=0.7ms,GPU>=1.0
10-25 21:52:36.212 3520 5770 V VRManagerService: ---- demoteProcessThread 'com.foo.ProductName' requestPriority(pid=18958, tid=18971, prio=0 ----
10-25 21:52:36.232 18958 19079 D VrApi : setSchedFifoStatic tid:18971 pto:1
10-25 21:52:36.232 3970 17298 V VRManagerServer: (VRManagerService.java:401) yTqX [setThreadSchedFifo pkg=com.foo.ProductName pid=18958 tid=18971 prio=1]
10-25 21:52:36.232 3970 17298 V VRManagerServer: (VRManagerService.java:405) yTqX [setAffinity pid=18971 cpus=[4, 5, 6, 7]]
10-25 21:52:36.232 3520 4392 V VRManagerService: ---- elevateProcessThread 'com.foo.ProductName' requestPriority(pid=18958, tid=18971, prio=1 ----
10-25 21:52:36.242 18958 19079 D VRManagerGearVR: VRManager set thread priority to 1
10-25 21:52:36.242 18958 19079 I VrApi_Clocks: SetSchedFifo( tid=18971, pri=1 ) succeeded
10-25 21:52:36.242 18958 19079 D VrApi : setSchedFifoStatic tid:18971 pto:1
10-25 21:52:36.242 3970 3998 V VRManagerServer: (VRManagerService.java:401) yTqX [setThreadSchedFifo pkg=com.foo.ProductName pid=18958 tid=18971 prio=1]
10-25 21:52:36.242 3970 3998 V VRManagerServer: (VRManagerService.java:405) yTqX [setAffinity pid=18971 cpus=[4, 5, 6, 7]]
10-25 21:52:36.242 18958 19079 D VRManagerGearVR: VRManager set thread priority to 1
10-25 21:52:36.242 18958 19079 I VrApi_Clocks: SetSchedFifo( tid=18971, pri=1 ) succeeded
10-25 21:52:36.242 18958 19079 W TimeWarp: VSync 5014882: eye=1,late=5.7ms,over=0.0ms,CPU=0.4ms,GPU>=2.2
10-25 21:52:36.242 3520 3542 V VRManagerService: ---- elevateProcessThread 'com.foo.ProductName' requestPriority(pid=18958, tid=18971, prio=1 ----
10-25 21:52:36.332 18958 19079 D VrApi : setSchedFifoStatic tid:18971 pto:0
10-25 21:52:36.332 3970 17522 V VRManagerServer: (VRManagerService.java:401) yTqX [setThreadSchedFifo pkg=com.foo.ProductName pid=18958 tid=18971 prio=0]
10-25 21:52:36.332 3970 17522 V VRManagerServer: (VRManagerService.java:405) yTqX [setAffinity pid=18971 cpus=[4, 5, 6, 7]]
10-25 21:52:36.332 18958 19079 D VRManagerGearVR: VRManager set thread priority to 0
10-25 21:52:36.332 18958 19079 I VrApi_Clocks: SetSchedFifo( tid=18971, pri=0 ) succeeded
10-25 21:52:36.332 18958 19079 D VrApi : setSchedFifoStatic tid:18971 pto:0
10-25 21:52:36.332 3520 4167 V VRManagerService: ---- demoteProcessThread 'com.foo.ProductName' requestPriority(pid=18958, tid=18971, prio=0 ----
10-25 21:52:36.342 18319 18319 D VRSVC : (MonoManager.java:37) wtkw [dismissMonoForeground]
10-25 21:52:36.342 3970 3999 V VRManagerServer: (VRManagerService.java:401) yTqX [setThreadSchedFifo pkg=com.foo.ProductName pid=18958 tid=18971 prio=0]
10-25 21:52:36.342 3970 3999 V VRManagerServer: (VRManagerService.java:405) yTqX [setAffinity pid=18971 cpus=[4, 5, 6, 7]]
10-25 21:52:36.342 18958 19079 D VRManagerGearVR: VRManager set thread priority to 0
10-25 21:52:36.342 18958 19079 I VrApi_Clocks: SetSchedFifo( tid=18971, pri=0 ) succeeded
10-25 21:52:36.342 18958 19079 W TimeWarp: VSync 5014888: eye=1,late=5.6ms,over=0.0ms,CPU=0.3ms,GPU>=2.5
10-25 21:52:36.342 18958 19079 D VrApi : setSchedFifoStatic tid:18971 pto:1
10-25 21:52:36.342 3520 4287 V VRManagerService: ---- demoteProcessThread 'com.foo.ProductName' requestPriority(pid=18958, tid=18971, prio=0 ----
10-25 21:52:36.352 3520 4534 D KnoxTimeoutHandler: notifyActivityDrawn [MsgParam] userId: 0 fullscreen is true showWhenlocked is true
10-25 21:52:36.352 3520 3520 D KnoxTimeoutHandler: activityDrawn [MsgParam] userId: 0 fullscreen is true showWhenlocked is true
10-25 21:52:36.352 3970 17298 V VRManagerServer: (VRManagerService.java:401) yTqX [setThreadSchedFifo pkg=com.foo.ProductName pid=18958 tid=18971 prio=1]
10-25 21:52:36.352 3970 17298 V VRManagerServer: (VRManagerService.java:405) yTqX [setAffinity pid=18971 cpus=[4, 5, 6, 7]]
10-25 21:52:36.352 3520 3520 I KnoxTimeoutHandler: SD activityfalse
10-25 21:52:36.352 18958 19079 D VRManagerGearVR: VRManager set thread priority to 1
