10-25 21:52:03.472 18319 18899 V VRSVC : (SFinderDisableEvent.java:48) BRMq [SFinderPackageRecoverableItem getValue=1]
10-25 21:52:03.482 18319 18899 V VRSVC : (SFinderDisableEvent.java:61) wtkw [SFinderPackageRecoverableItem setValue=2]
10-25 21:52:03.492 3520 4392 D PackageManager: setEnabledSetting : userId = 0 packageName = com.samsung.android.app.galaxyfinder cmp = null newState = 2 callingPackage = com.samsung.android.hmt.vrsvc
10-25 21:52:03.502 18319 18353 D mali_winsys: new_window_surface returns 0x3000, [1440x2560]-format:1
10-25 21:52:03.522 3520 3582 D SamsungWindowManager: updateSettings(). settings changed. doubleTapOnHomeBehavior : 0. mDoubleTapOnHomeBehavior : 1. mDoubleTapHomeUser 0
10-25 21:52:03.532 3126 3796 V audio_hw_primary: select_devices() output_route "media-speaker"
10-25 21:52:03.532 3126 3796 I audio_route:
10-25 21:52:03.532 3126 3796 I audio_route: > audio_route_apply_path : "gain-media-speaker"
10-25 21:52:03.532 3126 3796 V audio_hw_primary: select_devices() output_gain "gain-media-speaker"
10-25 21:52:03.532 3126 3796 I audio_route:
10-25 21:52:03.532 3126 3796 I audio_route: > audio_route_update_mixer : +
10-25 21:52:03.532 3126 3796 I audio_route: > audio_route_update_mixer : changed(0) -
10-25 21:52:03.532 3126 3796 I audio_hw_primary: select_devices -
10-25 21:52:03.532 3126 3796 V audio_hw_primary: start_output_stream-
10-25 21:52:03.532 18319 18319 D ViewRootImpl: MSG_RESIZED_REPORT: ci=Rect(0, 0 - 0, 0) vi=Rect(0, 0 - 0, 0) or=1
10-25 21:52:03.542 18319 18898 D VRSVC : (EdgeControlEvent.java:40) yTqX [startVR ignored! (night_mode) unchanged. (value=0 prevValue=0,currentValue=0 type=Settings.System)]
10-25 21:52:03.562 18319 18899 D VRSVC : (SFinderDisableEvent.java:21) yTqX [startVR (sfinder_package) changed. [1->2] (value=2 prevValue=1 currentValue=1 type=sfinderdisable)]
10-25 21:52:03.572 3099 3099 D libEGL : eglInitialize EGLDisplay = 0x7fc6961138
10-25 21:52:03.572 3520 4925 V WindowStateAnimator: Finishing drawing window Window{d1376cb u0 d0 Mono foreground window}: mDrawState=DRAW_PENDING
10-25 21:52:03.582 18319 18899 V VRSVC : (KeyguardControlEvent.java:91) yTqX [isSecureKeyGuardLocked isKeyguardSecure=false isKeyguardLocked=false]
10-25 21:52:03.582 3099 4094 D libEGL : eglTerminate EGLDisplay = 0x7f8b5c6e78
10-25 21:52:03.582 4216 4216 D ViewRootImpl: #3 mView = null
10-25 21:52:03.592 18319 18901 D VRSVC : (MotionOverTurnEvent.java:26) yTqX [startVR (motion_overturn) changed. [1->0] (value=0 prevValue=1 currentValue=1 type=Settings.System)]
10-25 21:52:03.592 18319 18899 V VRSVC : (KeyguardControlEvent.java:91) wtkw [isNormalKeyGuardLocked isKeyguardSecure=false isKeyguardLocked=false]
10-25 21:52:03.592 3099 4634 I SurfaceFlinger: id=878 Removed DenterBar 0 (3/20)
10-25 21:52:03.602 3099 3287 I SurfaceFlinger: id=878 Removed DenterBar 0 (-2/20)
10-25 21:52:03.602 18319 18900 D VRSVC : (SystemQuickLaunchControlEvent.java:24) yTqX [startVR (double_tab_launch) changed. [1->0] (value=0 prevValue=1 currentValue=1 type=Settings.System)]
10-25 21:52:03.602 18319 18900 V VRSVC : (HmtSensorEvent.java:249) yTqX [requestInit()]
10-25 21:52:03.602 3099 3099 D libEGL : eglTerminate EGLDisplay = 0x7fc6961268
10-25 21:52:03.602 18319 18900 V VRSVC : (HmtSensorEvent.java:280) wtkw [mSensorHandler=null ignored.]
10-25 21:52:03.602 18319 18900 V VRSVC : (HmtSensorEvent.java:288) wtkw [mSensorLooper=null ignored.]
10-25 21:52:03.602 3099 3099 D libEGL : eglInitialize EGLDisplay = 0x7fc6961138
10-25 21:52:03.602 18319 18899 V VRSVC : (KeyguardControlEvent.java:91) AmLH [isSecureKeyguardLocked=false isNormalKeyguardLocked=false]
10-25 21:52:03.612 3520 3542 D SecContentProvider2: query(), uri = 13 selection = isEdgeLightingAllowed
10-25 21:52:03.612 4216 4216 D ViewRootImpl: #3 mView = null
10-25 21:52:03.612 18319 18900 V VRSVC : (SensorModule.java:42) yTqX [SensorModule initialize SensorModule ver=2 ABI=arm64-v8a]
10-25 21:52:03.612 18319 18900 V VRSVC : (BootReceverControlEvent.java:35) AmLH [boot receiver enabled!]
10-25 21:52:03.622 4371 4371 I PeopleStripeManager: updateSetting
10-25 21:52:03.632 18319 18349 V VRSVC : (HmtSensorObserver.java:34) onEvent [onEvent() event=256 path=ovr0 isVRMode=true]
10-25 21:52:03.632 18319 18349 V VRSVC : (HmtSensorObserver.java:44) onEvent [sensor attached!]
10-25 21:52:03.632 3520 4645 D PackageManager: setEnabledSetting : userId = 0 packageName = com.samsung.android.hmt.vrsvc cmp = com.samsung.android.hmt.vrsvc.receiver.BootReceiver newState = 1 callingPackage = 1000
10-25 21:52:03.642 3520 4750 V WindowStateAnimator: Finishing drawing window Window{8c3edc1 u0 d0 Mono background window}: mDrawState=DRAW_PENDING
10-25 21:52:03.642 3520 4018 D EventHub: No input device configuration file found for device 'sec_hmt Gear VR'.
10-25 21:52:03.642 3520 4018 I EventHub: New device: id=49, fd=407, path='/dev/input/event18', name='sec_hmt Gear VR', classes=0x80000008, configuration='', keyLayout='', keyCharacterMap='', builtinKeyboard=false, wakeMechanism=EPOLLWAKEUP, usingClockIoctl=true
10-25 21:52:03.642 3520 4018 I InputReader: VRInputMapper::VRInputMapper
10-25 21:52:03.642 3520 4018 I InputReader: VRInputMapper::configure
10-25 21:52:03.642 3520 4018 W InputReader: VRInputMapper::configure mouse control type changed!: '0'
10-25 21:52:03.642 3520 4018 I InputReader: VRInputMapper::reset
10-25 21:52:03.642 3520 4018 I InputReader: Device added: id=49, name='sec_hmt Gear VR', sources=0x00002002
10-25 21:52:03.642 18319 18319 D ViewRootImpl: MSG_RESIZED_REPORT: ci=Rect(0, 0 - 0, 0) vi=Rect(0, 0 - 0, 0) or=1
10-25 21:52:03.642 4371 4371 D EdgeLighting: updateSetting mEnable=false Area : 1
10-25 21:52:03.652 3520 4018 D EventHub: No input device configuration file found for device 'sec_hmt Gear VR'.
10-25 21:52:03.652 3520 4018 W EventHub: Unable to disable kernel key repeat for /dev/input/event19: Function not implemented
10-25 21:52:03.652 3520 4018 I EventHub: New device: id=50, fd=408, path='/dev/input/event19', name='sec_hmt Gear VR', classes=0x80000001, configuration='', keyLayout='/system/usr/keylayout/Generic.kl', keyCharacterMap='/system/usr/keychars/Generic.kcm', builtinKeyboard=false, wakeMechanism=EPOLLWAKEUP, usingClockIoctl=true
10-25 21:52:03.652 3520 4018 I InputReader: VRKeyboardInputMapper::VRKeyboardInputMapper
10-25 21:52:03.652 3520 4018 I InputReader: VRKeyboardInputMapper::configure
10-25 21:52:03.652 3520 4018 I InputReader: VRKeyboardInputMapper::reset
10-25 21:52:03.652 3520 4018 I InputReader: Device added: id=50, name='sec_hmt Gear VR', sources=0x00000101
10-25 21:52:03.662 4130 4233 D vol.VolumeDialogControl: onReceive ACTION_CLOSE_SYSTEM_DIALOGS
10-25 21:52:03.662 4216 4216 I Sally Service: onDestroy() : com.android.systemui.multiwindow.centerbarwindow.CenterBarWindowService@d5345c
10-25 21:52:03.672 18319 18898 D VRSVC : (EdgeControlEvent.java:41) yTqX [startVR (turn_over_lighting) changed. [1->0] (value=0 prevValue=1 currentValue=1 type=Settings.System)]
10-25 21:52:03.672 3520 5770 V WindowStateAnimator: Finishing drawing window Window{8c3edc1 u0 d0 Mono background window}: mDrawState=HAS_DRAWN
10-25 21:52:03.702 3520 3620 D PackageManager: [MSG] WRITE_PACKAGE_RESTRICTIONS
10-25 21:52:03.702 18319 18901 D VRSVC : (BrightControlEvent.java:20) yTqX [startVR ignored! (screen_brightness_mode) unchanged. (value=0 prevValue=1,currentValue=0 type=Settings.System)]
10-25 21:52:03.712 3520 3620 W System.err: remove failed: ENOENT (No such file or directory) : /data/system/users/0/package-restrictions.xml.bak
10-25 21:52:03.712 18319 18899 D VRSVC : (KeyguardControlEvent.java:112) yTqX [startVR (lock_screen_lock_after_timeout) changed. [5000->86400000] (value=86400000 prevValue=0 currentValue=5000 type=Settings.Secure)]
10-25 21:52:03.722 3520 3520 D GlobalActions: mBroadcastReceiver : onReceive : android.intent.action.CLOSE_SYSTEM_DIALOGS
10-25 21:52:03.722 3520 3520 D GlobalActions: mBroadcastReceiver : onReceive : sendEmptyMessage(MESSAGE_DISMISS) reason #1
10-25 21:52:03.722 3520 4534 D SecContentProvider2: query(), uri = 13 selection = isInformationStreamAllowed
10-25 21:52:03.742 18319 18901 V VRSVC : (NotificationControlEvent.java:43) AmLH [enable notification listener]
10-25 21:52:03.752 18319 18901 V VRSVC : (NotificationControlEvent.java:45) yTqX [enableNotificationListener getComponentEnabledSetting=2]
10-25 21:52:03.762 18319 18900 D VRSVC : (AccessibilityEvent.java:47) yTqX [startVR (enabled_accessibility_services) changed. [null->null] (value=null prevValue=null currentValue=null type=Settings.Secure)]
10-25 21:52:03.762 3520 5770 D PackageManager: setEnabledSetting : userId = 0 packageName = com.samsung.android.hmt.vrsvc cmp = com.samsung.android.hmt.vrsvc.service.NotificationListener newState = 1 callingPackage = 1000
10-25 21:52:03.762 18319 18898 D VRSVC : (EdgeControlEvent.java:47) yTqX [startVR (edge_information_stream) changed. [1->0] (value=0 prevValue=1 currentValue=1 type=Settings.System)]
10-25 21:52:03.782 18319 18319 V VRSVC : (DeviceEventReceiver.java:21) onReceive [action=android.hardware.usb.action.USB_DEVICE_ATTACHED]
10-25 21:52:03.792 18319 18899 D VRSVC : (KeyguardControlEvent.java:113) yTqX [startVR ignored! (power_button_instantly_locks) unchanged. (value=true prevValue=true,currentValue=true type=lockPatternUtil)]
10-25 21:52:03.792 18319 18899 V VRSVC : (KeyguardControlEvent.java:117) AmLH [send disable keyguard 5000ms..]
10-25 21:52:03.792 18319 18901 V VRSVC : (MousePointEvent.java:24) AmLH [OPTION_MOUSE_CONTROL_TYPE=2]
10-25 21:52:03.792 3520 3520 I SecExternalDisplayIntents_Java: Intent Recieved .. -android.intent.action.USBHID_MOUSE_EVENTBroadCast Map value - 17
10-25 21:52:03.792 3520 3520 D SecExternalDisplayIntents_Java: Smart Dock Event Received !!!!! Dock Status : 1 HMT Status :true
10-25 21:52:03.802 4130 4130 D vol.SecVolumeDialog: dismissH reason: 2
10-25 21:52:03.802 4130 4130 D vol.SecVolumeDialog: dismissH : false
10-25 21:52:03.802 4130 4130 D LocationTile: onReceive : android.intent.action.CLOSE_SYSTEM_DIALOGS
10-25 21:52:03.802 4130 4130 D AirplaneModeTile: onReceive : android.intent.action.CLOSE_SYSTEM_DIALOGS
10-25 21:52:03.802 4130 4130 D PhoneStatusBar: animateCollapsePanels, state: 0, QSexpanded: false, QSdetailsShowing: false
10-25 21:52:03.802 4130 4130 D PhoneStatusBar: animateCollapse(): mExpandedVisible=false flags=0
10-25 21:52:03.802 4130 4130 D StatusBar-Window: fnf=true sanc=false, kni=false, sbf=false
10-25 21:52:03.802 4130 4130 D CoverUI : applyFocusableFlag() : Remove SAMSUNG_FLAG_SVIEW_COVER
10-25 21:52:03.802 4130 4130 D StatusBarWindowManager: forceCollapsed : false isKeyguardShowingAndNotOccluded() : false panelVisible : false keyguardFadingAway : false bouncerShowing : false headsUpShowing : false
10-25 21:52:03.802 4130 4130 D CoverUI : applyHeight h = 84, oc = false, fa = false, ac = false, sc = false
10-25 21:52:03.802 18319 18900 D VRSVC : (AccessibilityEvent.java:48) yTqX [startVR ignored! (accessibility_enabled) unchanged. (value=0 prevValue=0,currentValue=0 type=Settings.Secure)]
10-25 21:52:03.802 4130 4130 D PanelView: updateQsState
10-25 21:52:03.802 4130 4130 D KeyguardSwipeHelper: reset()
10-25 21:52:03.802 4130 4130 D KeyguardUnlockEventHandler: reset()
10-25 21:52:03.802 4130 4130 D KeyguardSwipeHelper: resetChildViewVI()
10-25 21:52:03.812 18319 18899 V VRSVC : (BluetoothControlEvent.java:272) QdBd [setBluetoothBVRAAllow=0]
10-25 21:52:03.812 18319 18899 W VRSVC : (BluetoothControlEvent.java:283) QdBd [mBluetoothHeadset is null!]
10-25 21:52:03.812 18319 18319 D VRSVC : (HmtReceiver.java:56) yTqX [handleIntentUSB usbState=1 /dev/bus/usb/001/002 class=0 subClass=0]
10-25 21:52:03.812 3520 4018 I InputReader: Reconfiguring input devices. changes=0x01000000
10-25 21:52:03.812 3520 4018 I InputReader: VRInputMapper::configure
10-25 21:52:03.812 3520 4018 I InputReader: VRKeyboardInputMapper::configure
10-25 21:52:03.832 3520 4061 D MediaFocusControl: onReevaluateRemoteControlDisplays()
10-25 21:52:03.832 3520 4604 D SecContentProvider2: query(), uri = 13 selection = isEdgeAllowed
10-25 21:52:03.832 18319 18919 D VRSVC_log: nativeVrGetFirmware result=R322XXU0AOJ1
10-25 21:52:03.832 18319 18919 V VRSVC : (HmtSensorEvent.java:157) wtkw [identifyVRDevice=R322XXU0AOJ1]
10-25 21:52:03.842 18319 18319 V VRSVC : (SystemVolumeControlEvent.java:128) onChange [onChange uri=content://settings/system/edge_information_stream selfChange=false pathSegments=[system, edge_information_stream]]
10-25 21:52:03.842 18319 18319 V VRSVC : (BluetoothControlEvent.java:290) tWfk [requestGamepadBatteryLevel]
10-25 21:52:03.852 18319 18319 V VRSVC : (SystemVolumeControlEvent.java:128) onChange [onChange uri=content://settings/secure/enabled_notification_listeners selfChange=false pathSegments=[secure, enabled_notification_listeners]]
10-25 21:52:03.852 18319 18319 V VRSVC : (HmtService.java:50) onStartCommand [onStartCommand() flags=0 startId=2 sys.hmt.connected=true]
10-25 21:52:03.852 4371 4371 D PeopleStripeContainer: updatePeopleRegion index=0,state=-1,rect=Rect(0, 0 - 0, 0)
10-25 21:52:03.852 4371 4371 I PeopleStripeManager: isExistVisibleHandler false
10-25 21:52:03.852 4371 4371 I PeopleStripeManager: All noti handler invisible false
10-25 21:52:03.852 4371 4371 D PeopleStripeContainer: updatePeopleRegion index=1,state=-1,rect=Rect(0, 0 - 0, 0)
10-25 21:52:03.852 4371 4371 I PeopleStripeManager: isExistVisibleHandler false
10-25 21:52:03.852 4371 4371 I PeopleStripeManager: All noti handler invisible false
10-25 21:52:03.852 4371 4371 D PeopleStripeContainer: updatePeopleRegion index=2,state=-1,rect=Rect(0, 0 - 0, 0)
10-25 21:52:03.852 4371 4371 I PeopleStripeManager: isExistVisibleHandler false
10-25 21:52:03.852 4371 4371 I PeopleStripeManager: All noti handler invisible false
10-25 21:52:03.852 4371 4371 D PeopleStripeContainer: updatePeopleRegion index=3,state=-1,rect=Rect(0, 0 - 0, 0)
10-25 21:52:03.862 4371 4371 I PeopleStripeManager: isExistVisibleHandler false
10-25 21:52:03.862 4371 4371 I PeopleStripeManager: All noti handler invisible false
10-25 21:52:03.862 4371 4371 D PeopleStripeContainer: updatePeopleRegion index=4,state=-1,rect=Rect(0, 0 - 0, 0)
10-25 21:52:03.862 4371 4371 I PeopleStripeManager: isExistVisibleHandler false
10-25 21:52:03.862 4371 4371 I PeopleStripeManager: All noti handler invisible false
10-25 21:52:03.862 18319 18935 I System.out: (HTTPLog)-Static: isSBSettingEnabled false
10-25 21:52:03.862 18319 18935 I System.out: (HTTPLog)-Static: isSBSettingEnabled false
10-25 21:52:03.862 18319 18319 D VRSVC : (SamsungDiagnosticEvent.java:294) onReceive [intent action=android.intent.action.BATTERY_CHANGED isInitialStickyBroadcast=true]
10-25 21:52:03.862 4371 4371 I PeopleStripeManager: updateActiveArea area : 1 current Area 1
10-25 21:52:03.862 4371 4371 I PeopleHelpContainer: Hide help view true
10-25 21:52:03.862 4371 4371 I ImportantPeople: getAvailableCircleHelpTxt() : false
10-25 21:52:03.862 3110 3781 D EnterpriseController: netId is 0
10-25 21:52:03.862 3110 3781 D Netd : getNetworkForDns: using netid 502 for uid 1000
10-25 21:52:03.862 4523 4523 I CocktailBarUiController: onUpdateCocktail: 9
10-25 21:52:03.862 4523 4523 I CocktailBarPanelManager: updatePanelItem: updateContainedPanel - 9
10-25 21:52:03.862 4523 4523 I PeoplePanelContainer: People panel setData panel_active_area_changed
10-25 21:52:03.872 4371 4371 I CircleManager: OnCircle service on to panel
10-25 21:52:03.882 18936 18936 E Zygote : v2
10-25 21:52:03.882 18936 18936 I SELinux : Function: selinux_compare_spd_ram, index[1], SPD-policy is existed. and_ver=SEPF_SECMOBILE_6.0.1 ver=11
10-25 21:52:03.882 18936 18936 W SELinux : Function: selinux_compare_spd_ram, index[1], priority [2], priority version is VE=SEPF_SECMOBILE_6.0.1_0013
10-25 21:52:03.882 4523 4523 D PanelDescriptionView: updateHelpView: Apps edge2130903045 --> 2130903045 helpview reapplied:0
10-25 21:52:03.882 4523 4523 D CocktailBarUiController: postUpdatePanel: 1
10-25 21:52:03.892 18936 18936 E Zygote : accessInfo : 0
10-25 21:52:03.892 18936 18936 W SELinux : SELinux: seapp_context_lookup: seinfo=platform, level=s0:c512,c768, pkgname=com.samsung.android.sdk.professionalaudio.utility.jammonitor
10-25 21:52:03.902 18319 18898 D VRSVC : (EdgeControlEvent.java:48) yTqX [startVR (edge_enable) changed. [1->0] (value=0 prevValue=1 currentValue=1 type=Settings.System)]
10-25 21:52:03.942 18319 18919 V VRSVC : (DistortionFileManager.java:104) wtkw [vr model=SM-R322 device=SM-G928T distortion=distortion/distortion_R322_G928.bin]
10-25 21:52:03.942 18319 18900 W VRSVC : (SetupWizardUpdateEvent.java:46) AmLH [update check ignored! lastUpdateCheck=9 hours ago(1477424501218) currentTime=1477457523875]
10-25 21:52:03.942 18319 18919 V VRSVC : (DistortionFileManager.java:140) yTqX [copyAssetToFile.. assetPath=distortion/distortion_R322_G928.bin file=/storage/emulated/0/Oculus/defaultDistortion.bin overWrite=true]
10-25 21:52:03.952 18319 18919 V VRSVC : (DistortionFileManager.java:145) yTqX [delete /storage/emulated/0/Oculus/defaultDistortion.bin]
10-25 21:52:03.952 18319 18319 V VRSVC : (NotificationListener.java:17) onCreate [onCreate()]
10-25 21:52:03.962 18936 18936 D TimaKeyStoreProvider: TimaSignature is unavailable
10-25 21:52:03.962 18936 18936 D ActivityThread: Added TimaKeyStore provider
10-25 21:52:03.972 18319 18319 V VRSVC : (SystemVolumeControlEvent.java:128) onChange [onChange uri=content://settings/system/edge_enable selfChange=false pathSegments=[system, edge_enable]]
10-25 21:52:03.982 3520 3620 D PackageManager: [MSG] WRITE_PACKAGE_RESTRICTIONS
10-25 21:52:03.992 4425 4425 D WfcPhoneStateListener: onSignalStrengthsChanged(): signal strength did not change
10-25 21:52:03.992 4130 4343 D NetworkController.MobileSignalController(0/2147483643): onSignalStrengthsChanged signalStrength=SignalStrength: 16 99 -16 -200 -16 -200 -1 99 2147483647 2147483647 2147483647 2147483647 2147483647 0x5 gsm|lte level=5
10-25 21:52:03.992 18319 18897 V VRSVC : (HmtDeviceEventManager.java:101) wtkw [OnDeviceEvent onDock finished. elapsedTime=689]
10-25 21:52:03.992 4130 4343 D NetworkController.MobileSignalController(0/2147483643): getMobileIconGroup(): 0
10-25 21:52:03.992 4130 4343 D NetworkController.MobileSignalController(0/2147483643): updateTMOMobileIconGroup(): 0
10-25 21:52:03.992 18319 18897 V VRSVC : (HmtDeviceEventManager.java:109) wtkw [OnDeviceEvent onPostDock start.]
10-25 21:52:03.992 18319 18899 D VRSVC : (LogEvent.java:53) vqCz [OnDeviceEvent onPostDock]
10-25 21:52:03.992 18319 18898 V VRSVC : (HmtDockEvent.java:46) yTqX [sendBroadcast action=ACTION_HMT_CONNECTED]
10-25 21:52:03.992 18319 18899 V VRSVC : (TouchControlEvent.java:81) wtkw [setTouchControl value=0]
10-25 21:52:03.992 3520 3620 W System.err: remove failed: ENOENT (No such file or directory) : /data/system/users/0/package-restrictions.xml.bak
10-25 21:52:04.012 18319 18319 V VRSVC : (WaitActivity.java:46) onReceive [onReceive action=com.samsung.intent.action.HMT_CONNECTED]
10-25 21:52:04.012 4371 4371 I PeopleStripeContainer: Default SMS app is changed: 0 container Count : 0
10-25 21:52:04.012 4371 4371 D PeopleStripeManager: requestCloseCircleViews()
10-25 21:52:04.012 4371 4371 I CircleImageSaveLayout: hideImageSaveLayout()
10-25 21:52:04.012 4371 4371 D CircleImageSaveLayout: releaseWakeLock()
10-25 21:52:04.012 4371 4371 D SweepImageListView: hide
10-25 21:52:04.012 4371 4371 D SweepImageListView: setAdapter mAdapter =null:161328980
10-25 21:52:04.012 4371 4371 I PeopleEdgeCommContainer: hideEffectView()
10-25 21:52:04.012 4371 4371 I CirclePokingManager: stopParticleEffectView mParticleEffectView-null
10-25 21:52:04.012 4371 4371 I PeopleDataManager: deleteMarkedCircleEvent : people = null
10-25 21:52:04.012 4371 4371 I PeopleEdgeCommContainer: setPeopleChannelShowStatus false
10-25 21:52:04.022 3520 3520 I AudioService: HMT Docked
10-25 21:52:04.022 4371 4371 I PeopleStripeWindow: updateWindowParam : minimize=true,mLastMinimized=true,color0 blur true
10-25 21:52:04.022 4371 4371 D PeopleStripeVisibilityController: setEmoHistory enable=false
10-25 21:52:04.022 4371 4371 I PeopleStripeVisibilityController: getComputedTrayVisible : keyguardState = 1
10-25 21:52:04.022 4371 4371 I PeopleStripeVisibilityController: isVisibleByAlwaysOn : mState = 1
10-25 21:52:04.022 18319 18319 I VRSVC : (WaitActivity.java:56) onReceive [start MonoActivity!]
10-25 21:52:04.022 18319 18319 I Timeline: Timeline: Activity_launch_request id:com.samsung.android.hmt.vrsvc time:84965119
10-25 21:52:04.032 4371 4371 I PeopleStripeProcessMonitor: isPeopleStripeTask packageName = com.samsung.android.hmt.vrsvc 0
10-25 21:52:04.032 4371 4371 I PeopleStripeVisibilityController: updateStripeVisible : State 1 visible = 1
10-25 21:52:04.032 4371 4371 I PeopleStripeManager: isExistVisibleHandler false
10-25 21:52:04.032 4371 4371 I PeopleStripeManager: showStripe Not exist noti handler.
10-25 21:52:04.032 4371 4371 I PeopleStripeWindow: updateWindowParam : minimize=true,mLastMinimized=true,color0 blur true
10-25 21:52:04.032 4371 4371 D PeopleStripeVisibilityController: setEmoHistory enable=false
10-25 21:52:04.032 4371 4371 I PeopleStripeVisibilityController: getComputedTrayVisible : keyguardState = 1
10-25 21:52:04.032 4371 4371 I PeopleStripeVisibilityController: isVisibleByAlwaysOn : mState = 1
10-25 21:52:04.032 18936 18936 I InjectionManager: Inside getClassLibPath + mLibMap{0=, 1=}
10-25 21:52:04.032 4371 4371 I PeopleStripeProcessMonitor: isPeopleStripeTask packageName = com.samsung.android.hmt.vrsvc 0
10-25 21:52:04.032 18319 18897 V VRSVC : (HmtDeviceEventManager.java:101) wtkw [OnDeviceEvent onPostDock finished. elapsedTime=45]
10-25 21:52:04.042 18319 18897 V VRSVC : (HmtDeviceEventManager.java:109) wtkw [OnDeviceEvent onSensorAttached start.]
10-25 21:52:04.042 18319 18900 D VRSVC : (LogEvent.java:105) BRMq [OnDeviceEvent onSensorAttached hmtConnected=true]
10-25 21:52:04.042 18319 18901 V VRSVC : (HmtSensorEvent.java:249) yTqX [requestInit()]
10-25 21:52:04.042 18319 18901 V VRSVC : (HmtSensorEvent.java:274) wtkw [cancelInit() mSensorHandler]
10-25 21:52:04.042 18319 18901 V VRSVC : (HmtSensorEvent.java:284) wtkw [cancelInit() mSensorLooper]
10-25 21:52:04.042 18936 18936 I InjectionManager: Inside getClassLibPath caller
10-25 21:52:04.042 18319 18901 V VRSVC : (SensorModule.java:42) yTqX [SensorModule initialize SensorModule ver=2 ABI=arm64-v8a]
10-25 21:52:04.042 18319 18897 V VRSVC : (HmtDeviceEventManager.java:101) wtkw [OnDeviceEvent onSensorAttached finished. elapsedTime=3]
10-25 21:52:04.042 18319 18897 V VRSVC : (HmtService.java:112) yTqX [onHandleIntent action=com.samsung.intent.action.HMT_USB_EVENT]
10-25 21:52:04.042 18319 18897 V VRSVC : (HmtService.java:234) yTqX [handleIntentUSB dockState=1 device=/dev/bus/usb/001/002 class=0 subclass=0]
10-25 21:52:04.042 18319 18897 V VRSVC : (HmtDeviceEventManager.java:109) wtkw [OnDeviceEvent onUSBStateChanged start.]
10-25 21:52:04.042 18319 18898 V VRSVC : (USBDeviceEvent.java:48) yTqX [onUSBStateChanged usbState=1]
10-25 21:52:04.042 3099 3099 I SurfaceFlinger: id=892 createSurf (16x16),-1 flag=20004, EimLayer(Di
10-25 21:52:04.042 18319 18898 V VRSVC : (USBDeviceEvent.java:50) yTqX [ignore gearvr usb event]
10-25 21:52:04.042 3099 3099 I SurfaceFlinger: id=893 createSurf (16x16),-1 flag=20004, EimLayer(An
10-25 21:52:04.052 18936 18936 D InjectionManager: InjectionManager
10-25 21:52:04.052 18936 18936 D InjectionManager: fillFeatureStoreMap com.samsung.android.sdk.professionalaudio.utility.jammonitor
10-25 21:52:04.052 4130 4130 D WallpaperService: MSG_WINDOW_RESIZED
10-25 21:52:04.052 18936 18936 I InjectionManager: Constructor com.samsung.android.sdk.professionalaudio.utility.jammonitor, Feature store :{}
10-25 21:52:04.052 18936 18936 I InjectionManager: featureStore :{}
10-25 21:52:04.052 4130 4130 V WallpaperService: Wallpaper size has changed: (2560, 2560
10-25 21:52:04.062 3520 3598 D ViewRootImpl: #1 mView = com.android.internal.policy.PhoneWindow$DecorView{9ed023 V.E...... R.....ID 0,0-0,0}
10-25 21:52:04.062 3520 3598 D ISSUE_DEBUG: InputChannelName : a5a82d9 Starting com.samsung.android.hmt.vrsvc
10-25 21:52:04.062 3099 3099 I SurfaceFlinger: id=894 createSurf (1x1),1 flag=404, wrsvc
10-25 21:52:04.082 3520 5770 D InputDispatcher: Focused application set to: xxxx
10-25 21:52:04.082 3520 3598 D ViewRootImpl: MSG_RESIZED_REPORT: ci=Rect(0, 0 - 0, 0) vi=Rect(0, 0 - 0, 0) or=1
10-25 21:52:04.082 3520 5770 D InputDispatcher: Focus left window: 18319
10-25 21:52:04.082 4371 4371 E PeopleStripeProcessMonitor: getTopActivity : MultiWindowFacade.taskList = []
10-25 21:52:04.082 18319 18319 V VRSVC : (WaitActivity.java:66) onReceive [finish()]
10-25 21:52:04.082 18319 18899 D VRSVC : (LogEvent.java:177) yTqX [onUSBStateChanged usbstate=1 topActivity=com.samsung.android.hmt.vrsvc/.MonoActivity hmtConnected=true]
10-25 21:52:04.082 18319 18897 V VRSVC : (HmtDeviceEventManager.java:101) wtkw [OnDeviceEvent onUSBStateChanged finished. elapsedTime=42]
10-25 21:52:04.092 3520 4018 D InputReader: sendBroadcastEvent 1 (vr proximity)
10-25 21:52:04.092 3520 4018 V InputManager: notifyVRProximityEventChanged event=1
10-25 21:52:04.092 3520 3598 V InputManager: sendVRProximityEventChanged event=1
10-25 21:52:04.092 3520 4017 D InputDispatcher: Waiting for application to become ready for input: 18319. Reason: Waiting because the touched window is paused.
10-25 21:52:04.092 3970 3998 V VRManagerServer: (VRManagerService.java:1760) QdBd [notifyDeviceEventChanged event=16(10)]
10-25 21:52:04.092 3970 3998 V VRManagerServer: (DeviceEventManager.java:59) yTqX [notifyProximityEventChanged mount=true]
10-25 21:52:04.092 4371 4371 I PeopleStripeVisibilityController: updateStripeVisible : State 1 visible = 1
10-25 21:52:04.092 4371 4371 I PeopleStripeManager: isExistVisibleHandler false
10-25 21:52:04.092 4371 4371 I PeopleStripeManager: showStripe Not exist noti handler.
10-25 21:52:04.092 4371 4371 D Utils : resetNotificationListenerStartUp: resultFlag=3
10-25 21:52:04.092 4371 4371 D PeopleNotiListenerService: onDestroy
10-25 21:52:04.092 18319 18319 V VRSVC : (WaitActivity.java:296) onPause [onPause() isDestroyed=false isFinishing=true]
10-25 21:52:04.092 4371 4371 D PeopleNotiListenerService: onCreate
10-25 21:52:04.092 4371 4371 D Utils : resetNotificationListenerStartUp: resultFlag=3
10-25 21:52:04.092 4371 4371 I PeopleNotiListenerService: onBind
10-25 21:52:04.102 4371 4371 D Utils : clearStartUpNotifyFlag: 2 resultFlag=1
10-25 21:52:04.112 3520 4287 D InputDispatcher: setInputDispatchMode: enabled=1, frozen=1
10-25 21:52:04.112 3099 3099 I SurfaceFlinger: id=895 createSurf (1440x2560),2 flag=4, TcreenshotS
10-25 21:52:04.132 3099 3099 D libEGL : eglInitialize EGLDisplay = 0x7fc6961138
10-25 21:52:04.132 3099 3099 D libEGL : eglInitialize EGLDisplay = 0x7fc6961138
10-25 21:52:04.132 3099 3099 I SurfaceFlinger: Disp[0] Orientation 0=>1
10-25 21:52:04.132 3520 3598 V WindowStateAnimator: Finishing drawing window Window{a5a82d9 u0 d0 Starting com.samsung.android.hmt.vrsvc}: mDrawState=DRAW_PENDING
10-25 21:52:04.132 3520 3598 D PointerIcon: setMouseIconStyle1 pointerType: 1001 iconType:101 flag:0 pid:3520 uid:1000
10-25 21:52:04.132 3520 3598 D PointerIcon: setMouseCustomIcon IconType is same.101
10-25 21:52:04.132 3520 3598 D PointerIcon: setHoveringSpenIconStyle1 pointerType: 10001 iconType:1 flag:0 pid:3520 uid:1000
10-25 21:52:04.132 3520 3598 D PointerIcon: setHoveringSpenCustomIcon IconType is same.1
10-25 21:52:04.132 3520 4018 I InputReader: Reconfiguring input devices. changes=0x00000004
10-25 21:52:04.132 3520 4018 I InputReader: Device reconfigured: id=4, name='sec_touchscreen', size 1440x2560, orientation 1, mode 1, display id 0
10-25 21:52:04.132 3520 4018 D InputReader: Wrote command set_rotation_status,1
10-25 21:52:04.132 3520 4018 I InputReader: VRInputMapper::configure
10-25 21:52:04.132 3520 4018 I InputReader: VRKeyboardInputMapper::configure
10-25 21:52:04.142 4523 4523 E CocktailBarPositionManager: Window direction: 1
10-25 21:52:04.142 4523 4523 I CocktailBarPositionManager: updateAlphaScreenPosition position is dirty 1
10-25 21:52:04.142 13979 13979 V SamsungIME: onConfigurationChanged
10-25 21:52:04.142 13979 13979 D SamsungIME: onConfigurationChanged- Configuration.MOBILEKEYBOARD_COVERED_NO
10-25 21:52:04.152 13979 13979 I SamsungIME: [Before] hardKeyboardHidden(2) keyboardType(1)
10-25 21:52:04.152 13979 13979 I SamsungIME: mHwKeyboardShown [isHWKeyboardOpen()] = false --> false
10-25 21:52:04.152 13979 13979 E SamsungIME: isHWKeyboardConnected() = false --> false
10-25 21:52:04.152 13979 13979 I SamsungIME: [hasToCallSuper] true
10-25 21:52:04.152 13979 13979 D SamsungIME: onStartInput: No inputType, No imeOption, isInputViewShown = false, isExtractViewShown = false, isShowInputRequested = false, isConfigChanged = true
10-25 21:52:04.152 13979 13979 D SamsungIME: Dismiss ExpandCandiate
10-25 21:52:04.162 18497 18497 D [WeatherWidget(1177)] WeatherService: {[9766DBD5B6C289B8E78D0273630B76F24708CA8FC6CDEA3B4E8C8571B7892620787BB01DAFBECA11BDEDA1567AE3B9B5]}
10-25 21:52:04.162 18497 18497 D [WeatherWidget(1177)] WeatherAppWidget: {[9C41A2EAFAAB2EF4F8363256C22FE8ADA54D5259F08E63090BA2911DFBF9111707F8EF50FF097F24EA6FF49ADE901A5E]}
10-25 21:52:04.162 18497 18497 D [WeatherWidget(1177)] : {[DF00664B5BF2DD508EC3D0ADB8B43C9FB429631765284D8658CE62A4AFFAA963]}
10-25 21:52:04.162 18497 18497 D [WeatherWidget(1177)] : {[79F20C3F50391A44F9DF82E8568310884AED2E4B3EDF06FE0EE72EE65A0EAEF5454F614B9A3BF06B8EA0D40C788EFC54686F42A8696B81CA1764648D9E53C322BA80A62BD5F840759A86BD49216D9356]}
10-25 21:52:04.162 18497 18497 D [WeatherWidget(1177)] : {[98A4B9CAC31FF4C9376252668C7449E51534577367E6FE7A2D22592739100CAAA343AD28B759F6D7A973297C79AF7A950759666C13781F3DDF0AFBF13F6912C1]}
10-25 21:52:04.172 13979 13979 E SamsungIME: resetNeedToLoadHwrLibrary : 0
10-25 21:52:04.172 13979 13979 I SamsungIME: putCacheDrawable inputModule=0 key =ICON_SETTING
10-25 21:52:04.172 18497 18497 D [WeatherWidget(1177)] : {[4A8F887C5A79941AD413640B554E6A9B2D7AA61AFAC6E06648B40FCA4741AD6DEF5CB8EA7D5D3CEDD1605E8FEFB3659D03AFF407C5BCD6166D58D3316AA198D4ED62D576B9A2B9991F3856B2CBF352EE32D19FD2B84229B3F686B26A205614C0AC6536A1C0B67D6B4F364204F58B1F59826662EBDEC58B1756DF03584CFF1563B41B4A44F66AFB50648A9737329DF6294283858AA847B397BDC2C35E925D82E73B36943A6EBB923914090D7138482A8730404ABA0BEDD1FB98E3990DC88B9CAEB9ECC749C7236241E118E9E7BF8E5F8927BA46029F0FF10EAC2310561E81C625]}
10-25 21:52:04.172 18497 18497 D [WeatherWidget(1177)] : {[73EAB9A6B1C382E6796BBD18F89C762CB8826FE94261435D33620C0FB53A2D6E992CE234CCC952459B361995F38476E4CCE6370DB5B24EBAB74F11661264211A0FEBC7F8ADC98F0975ADDFD8678EF787]}
10-25 21:52:04.172 18497 18497 D [WeatherWidget(1177)] : {[DA32A0F25F342F8016C8E4777E49B5F232EF6C0464FAD63D2E03A2D78521548718774E812FE4C1AD44AD7EE23650DE04]}
10-25 21:52:04.172 18497 18497 D [WeatherWidget(1177)] : {[30345435FB868EA2B7B25AF03EA19797093977856FBF5CDBC961FAAEF0F2ACE9]}
10-25 21:52:04.172 18497 18497 D [WeatherWidget(1177)] : {[73EAB9A6B1C382E6796BBD18F89C762CB8826FE94261435D33620C0FB53A2D6E992CE234CCC952459B361995F38476E4CCE6370DB5B24EBAB74F11661264211A0FEBC7F8ADC98F0975ADDFD8678EF787]}
10-25 21:52:04.172 18497 18497 D [WeatherWidget(1177)] : {[9FB27AF96A3460EBA2EF737E7BD1225357BF86C06DF9B1F2F6CA5C3D40D81D4C8D689882BA747DEDEDC0129E18B2CB075BE30AB4436960EF4B6AF8D3C1C65CCA]}
10-25 21:52:04.172 18497 18497 D [WeatherWidget(1177)] : {[7E49FF3321088531596C9B7C60C6CB13F2F64C9F1E3D137D4745E449E85B3DA726071F716F8FE3D1AC7A2029E5B7D6F2]}
10-25 21:52:04.172 18497 18497 D [WeatherWidget(1177)] : {[891A1A63A745C85D658E5B35E40158D130B02FB8DFC4D04F1A5FF889FA676753C3D02A1FD81D4AC32946472D36B70485B566A5E2A59040DBDAA1A16BE04CF787]}
10-25 21:52:04.172 18497 18497 D [WeatherWidget(1177)] : {[0F89E4659C793AB05BC1450DC633FD2BCAE8D252B9718E8BD3B89A605CA65B3DE2E4874F8BE8C284E758FF6BF3F45306]}
10-25 21:52:04.172 18497 18497 D [WeatherWidget(1177)] : {[F0673552CB76ECBB94655C12B98AE55FE1543CF3F666676BA6D0CCC58FBEEC4C58C647013D728C5109795E821E795B0D]}
10-25 21:52:04.172 18497 18497 D [WeatherWidget(1177)] : {[82F97B3D98DD1500ADB438FAC62490BC65234462363AAAD3CD45BAF555665F79331F54213A20372D41AAD0155AE1850A]}
10-25 21:52:04.172 18497 18497 D [WeatherWidget(1177)] : {[9D0CFECA4ED6A2A5833D871EA0EA3DFA97030459EA35269EFCE8BD8DE322B1FF419167CBB73549F4ECE00E09DF7F8DEB]}
10-25 21:52:04.172 18497 18497 D [WeatherWidget(1177)] : {[2A8463536DE7B6B6177F9E654079EB7920014A636ED295E867533A82068A0EA72F100D08BBA11563F1B97C74261CE7AE]}
10-25 21:52:04.172 4523 4523 I CocktailBarPositionManager: onOrientationChanged position is dirty 2
10-25 21:52:04.172 18497 18497 D [WeatherWidget(1177)] : {[513935A50155FB8ED96AEF8FAA02F4C503EBA045D5A20EA21588F513B0BBCEF5978AEB5CFEE9E1A55315CC49E5351809]}
10-25 21:52:04.182 4523 4523 I PeoplePanelContainer: onOrientationChanged 2
10-25 21:52:04.182 4523 4523 D CocktailFeedsRemotePanel: updateConfiguration: invalid on non wake up 4
10-25 21:52:04.182 4523 4523 D CocktailFeedsRemotePanel: updateConfiguration: invalid on non wake up 3
10-25 21:52:04.182 4523 4523 I CocktailAddPanelView: makePanelView()
10-25 21:52:04.182 4523 4523 D CocktailBarUiController: Orientation Changed
10-25 21:52:04.182 4523 4523 D CocktailBarTriggerContainerView: setContainerGravityState: 1 --> 1
10-25 21:52:04.182 18497 18497 D [WeatherWidget(1177)] : {[AADA8E11BED18B9FC7DEE95D7DD324510ED96F72C0D8ACEED80595BBBC84B76F7CC83B1B637A499F4C041F7D9B33FFB1]}
10-25 21:52:04.182 18497 18497 D [WeatherWidget(1177)] : {[1DA75A4D4203EB86B8D84545A59EC8B643EB62FBAE998C24111809616B596F5CFE646FD657DF548620F6E285437A9FBF]}
10-25 21:52:04.182 18497 18497 D [WeatherWidget(1177)] : {[BB131508F63C73DC0ABD14BDBC0CA587F5FCB661C08B5067267918E9FA5A4959]}
10-25 21:52:04.182 18497 18497 D [WeatherWidget(1177)] : {[319CE276A6FC5261F27EF7613AEE2A2B95A5B5602264331BBA6451B2FD7B76568960A78DE09C855D77F5A4A80B88F673C986C05EB2FBC7372A3845D59AF732F1]}
10-25 21:52:04.182 18497 18497 D [WeatherWidget(1177)] : {[BAC8F9A292C96546468D59E48F4705D2208889905CFFC733E22333B1BF606B9A096E4B708AA856072400CC599BA23579]}
10-25 21:52:04.182 18497 18497 D [WeatherWidget(1177)] : {[59A9DDB51731907C1B6E6FA645FE8EBB27EC23BC95B3CAAE0FE62176AA1E092A]}
10-25 21:52:04.182 18497 18497 D [WeatherWidget(1177)] : {[87D956A96320CCDB7808C88A61B53825139E025C666E2C700ECC9384DA17A9FE769F8C4DE9657EE68F3E147DFBD6D9E2]}
10-25 21:52:04.182 18497 18497 D [WeatherWidget(1177)] : {[F4D818DE6762182B65BB70ED58740D9D8CAD86123574BBF3CE7052FF04DD4C63FCA16398ADFC0016B76DD6065DFEC586]}
10-25 21:52:04.182 18497 18497 D [WeatherWidget(1177)] : {[C36421F583CFA674400E19946906844DB5D8688AAEF80A9C5D7E7AB946067C9B3458BE529FFF85EB93C49D89093F97AE]}
10-25 21:52:04.182 18497 18497 D [WeatherWidget(1177)] : {[4EC178DE2094A94D38E010FBFB5275EA362CCD0DEBAB5BAF6DA8A394B0E7B5E252FEB4AD6D8C32FD34300DEAA817E3EA]}
10-25 21:52:04.182 18497 18497 D [WeatherWidget(1177)] : {[156288F8A4812455B51BF20997EC0184AD73F98D24904A1694E18DF5BCD77F5089D2D3F90B2CC9423C08DCC334A49D37]}
10-25 21:52:04.182 18497 18497 D [WeatherWidget(1177)] : {[D0202CFF4EBC5D2BAB60CD6E7E9C96B4CED3872D3DFBA56B635E22F6BA070FEF]}
10-25 21:52:04.182 4523 4523 D TrayStateController: putInputRect mDynamicInputRegion=4221932@LastEvent=t=1477457523914Rect(18, 0 - 67, 588),Rect=Rect(0, 0 - 0, 0)
10-25 21:52:04.182 4523 4523 D TrayStateController: putInputRect mDynamicInputRegion=4221932@LastEvent=t=1477457523914Rect(18, 0 - 67, 588),Rect=Rect(18, 0 - 67, 588)
10-25 21:52:04.182 4523 4523 D TrayStateTrigger: getTriggerMaginOnTop retY=258 h=2560 t=258 trigger=291 getTriggerPosition=0
10-25 21:52:04.182 18497 18497 D [WeatherWidget(1177)] : {[A3E6166BB88C77D8B67E50B8497E49CC5C6F76A262BB0FCEE033A306C5DA3DD5]}
10-25 21:52:04.182 18497 18497 D [WeatherWidget(1177)] DateTimeUtil: {[04598F923CD5394063C71C73750454BF91269387E69197FF1DA95CEF79005763870B6F5F9AE93CFB278B4DC4600142066C3EB8186220AA0F0A151827ABE33EDD38AB37A251318292A65D678ACBD3C4C91134031063B5ABDADFE021C1DD4A5B43]}
10-25 21:52:04.182 18497 18497 D [WeatherWidget(1177)] : {[F7FD120C3B8703AE17CE16AD35F2500601AAE611A9EDDAAC2122B0D801670005]}
10-25 21:52:04.192 18497 18497 D [WeatherWidget(1177)] : {[7A5E0574F3C51227BC17D0BAB9E44559E1B4EDE160842D8FCA47FBD8B02D921ED4E56E3DA6D84437787E3E790D9D40AC]}
10-25 21:52:04.192 18497 18497 D [WeatherWidget(1177)] : {[ECD35B599614A6A38524BC429E1DB3E7C99414A558B923D92A983E277DDED0367A3D9A336419467F10B92E28CF2CE112]}
10-25 21:52:04.192 4523 4523 D PanelDescriptionView: updateHelpView: Apps edge2130903045 --> 2130903045 helpview reapplied:0
10-25 21:52:04.192 4523 4523 D AbstractCocktailPanelView: setPanelVisible: CocktailPortraitRemotePanelViewfalse will be hiden: 8
10-25 21:52:04.192 4523 4523 D CocktailBarPanelVisibilityManager: updateActivePanelView: vis=false screenOn=true onTransit=false -hide: 8 current Active: 8
10-25 21:52:04.192 4523 4523 E CocktailBarContainerView: updateContainerVisibility: 0
10-25 21:52:04.192 4523 4523 D AbstractCocktailPanelView: setPanelVisible: CocktailPortraitRemotePanelViewfalse will be hiden: 8
10-25 21:52:04.192 4523 4523 D CocktailBarPanelVisibilityManager: updateActivePanelView: vis=false screenOn=true onTransit=false -hide: 8 current Active: 8
10-25 21:52:04.192 4523 4523 E CocktailBarContainerView: updateContainerVisibility: 0
10-25 21:52:04.202 18319 18319 V VRSVC : (HmtService.java:50) onStartCommand [onStartCommand() flags=0 startId=4 sys.hmt.connected=true]
10-25 21:52:04.212 18319 18897 V VRSVC : (HmtService.java:112) yTqX [onHandleIntent action=com.samsung.intent.action.HMT_MOUNT_EVENT]
10-25 21:52:04.212 3520 3520 E Tethering: No numeric data
10-25 21:52:04.212 4130 4233 D vol.VolumeDialogControl: onReceive ACTION_CONFIGURATION_CHANGED
10-25 21:52:04.212 18319 18319 V VRSVC : (HmtDeviceEventManager.java:109) wtkw [OnDeviceEvent onScreenOrientation start.]
10-25 21:52:04.212 18319 18901 D VRSVC : (LogEvent.java:115) yTqX [OnDeviceEvent onScreenOrientation orientation=2 hmtConnected=true]
10-25 21:52:04.212 18319 18319 V VRSVC : (HmtDeviceEventManager.java:101) wtkw [OnDeviceEvent onScreenOrientation finished. elapsedTime=0]
10-25 21:52:04.212 18319 18319 D VRSVC : (PopupManager.java:301) yTqX [updateStereoViewWindowOrientation() already StereoView detached]
10-25 21:52:04.212 18319 18319 D ViewRootImpl: MSG_RESIZED_REPORT: ci=Rect(0, 0 - 0, 0) vi=Rect(0, 0 - 0, 0) or=2
10-25 21:52:04.212 18319 18319 D ViewRootImpl: MSG_RESIZED_REPORT: ci=Rect(0, 0 - 0, 0) vi=Rect(0, 0 - 0, 0) or=2
10-25 21:52:04.212 18319 18319 D ViewRootImpl: MSG_RESIZED_REPORT: ci=Rect(0, 0 - 0, 0) vi=Rect(0, 0 - 0, 0) or=2
10-25 21:52:04.212 4523 4523 I Utils : isCurrentUser current = 0, ownerId = 0
10-25 21:52:04.212 4523 4523 I TrayVisibilityController: updateTrayVisible : State : 257 visible = 2 mCurrentVisible = 1
10-25 21:52:04.212 4523 4523 D TrayStateController: setUiState: hide on landscape, requested=2
10-25 21:52:04.212 4523 4523 D TrayStateController: putInputRect mDynamicInputRegion=4221932@LastEvent=t=1477457523914Rect(18, 0 - 67, 588),Rect=Rect(0, 0 - 0, 0)
10-25 21:52:04.222 18319 18897 V VRSVC : (HmtService.java:197) yTqX [handleIntentProximitySensor type=1 docked=true mounted=false sensorEvent=true]
10-25 21:52:04.222 18319 18897 V VRSVC : (HmtDeviceEventManager.java:109) wtkw [OnDeviceEvent onProximitySensorEvent start.]
10-25 21:52:04.222 18319 18898 D VRSVC : (LogEvent.java:126) yTqX [OnDeviceEvent onProximitySensorEvent type=1 hmtConnected=true]
10-25 21:52:04.222 18319 18897 V VRSVC : (HmtDeviceEventManager.java:101) wtkw [OnDeviceEvent onProximitySensorEvent finished. elapsedTime=1]
10-25 21:52:04.222 18319 18319 V VRSVC : (MonoActivity.java:156) onCreate [onCreate()]
10-25 21:52:04.222 4523 4523 D TrayStateController: setUiState: 0 --> 2
10-25 21:52:04.222 4130 4343 D NetworkController.MobileSignalController(0/2147483643): getMobileIconGroup(): 0
10-25 21:52:04.222 4130 4343 D NetworkController.MobileSignalController(0/2147483643): updateTMOMobileIconGroup(): 0
10-25 21:52:04.222 4130 4130 D ImageWallpaper: mNewKeyboard : 0 mLastKeyboard : 0
10-25 21:52:04.222 4130 4130 D WallpaperService: MSG_WINDOW_RESIZED
10-25 21:52:04.232 18319 18897 V VRSVC : (HmtDeviceEventManager.java:109) wtkw [OnDeviceEvent onPreMount start.]
10-25 21:52:04.232 18497 18497 D [WeatherWidget(1177)] : {[5FB78522D7A85F98B5B0A93AC4ACDBBCF50D869C021BA0793F15AA9621CEEC24]}
10-25 21:52:04.232 18319 18899 D VRSVC : (LogEvent.java:74) snDW [OnDeviceEvent onPreMount]
10-25 21:52:04.232 18319 18900 V VRSVC : (HmtMountEvent.java:24) snDW [onPreMount SystemProperties sys.hmt.mounted=true]
10-25 21:52:04.232 18319 18319 V VRSVC : (MonoActivity.java:186) onCreate [pending_intent intent=Intent { act=android.intent.action.MAIN cat=[android.intent.category.LAUNCHER] flg=0x10200000 cmp=com.foo.ProductName/com.unity3d.player.UnityPlayerActivity (has extras) } pendingIntents=[PendingIntent{48a1437: android.os.BinderProxy@6a2a08}]]
10-25 21:52:04.232 18319 18319 V VRSVC : (MonoActivity.java:195) onCreate [top_activity=ComponentInfo{com.sec.android.app.launcher/com.sec.android.app.launcher.activities.LauncherActivity}]
10-25 21:52:04.232 18497 18497 D [WeatherWidget(1177)] : {[83B63E52DE8FBFF1D8E162345F4966B8F5BB4B9B5D09476DBE6BE441AE4FB0BA]}
10-25 21:52:04.232 4130 6606 D vol.VolumeDialogControl.VC: setLayoutDirection
10-25 21:52:04.232 4130 4130 V WallpaperService: Wallpaper size has changed: (2560, 2560
10-25 21:52:04.232 4130 4130 D ImageWallpaper: onSurfaceRedrawNeeded: newRotation:2
10-25 21:52:04.232 4130 4130 D ImageWallpaper: updateSurfaceSize Width : 2560 Height: 2560
10-25 21:52:04.232 4130 4130 D ImageWallpaper: drawFrame() mXOffset:0.0 mYOffset:0.0
10-25 21:52:04.232 4130 4130 D libEGL : eglInitialize EGLDisplay = 0x7ffcac3728
10-25 21:52:04.232 4130 4130 D : ro.exynos.dss isEnabled: 0
10-25 21:52:04.232 4130 4130 D mali_winsys: new_window_surface returns 0x3000, [2560x2560]-format:2
10-25 21:52:04.232 4130 4130 D ImageWallpaper: drawWallpaperWithOpenGL() w:0 h:0 left:0 top:0
10-25 21:52:04.232 18319 18897 V VRSVC : (HmtDeviceEventManager.java:101) wtkw [OnDeviceEvent onPreMount finished. elapsedTime=8]
10-25 21:52:04.232 18319 18897 V VRSVC : (HmtDeviceEventManager.java:109) wtkw [OnDeviceEvent onMount start.]
10-25 21:52:04.242 18319 18898 D VRSVC : (LogEvent.java:79) ZzLN [OnDeviceEvent onMount hmtConnected=true]
10-25 21:52:04.242 18319 18900 V VRSVC : (ScreenEvent.java:131) ZzLN [wakeup! onMount]
10-25 21:52:04.242 18319 18910 V VRSVC : (SoundUtil.java:86) run [play() await....]
10-25 21:52:04.242 18319 18899 V VRSVC : (WirelessChargeControlEvent.java:65) wtkw [disableWirelessCharge isSupportWirelessCharge=true]
10-25 21:52:04.242 18319 18910 V VRSVC : (SoundUtil.java:94) run [play() mLoadedSound=1]
10-25 21:52:04.242 4523 4523 D PanelDescriptionView: updateHelpView: Apps edge-1 --> 2130903045 helpview applied:3
10-25 21:52:04.242 3970 3970 D VRManagerServer: (VRManagerService.java:375) onReceive [action=com.samsung.intent.action.HMT_MOUNT_STICKY_EVENT sticky=false]
10-25 21:52:04.242 3970 3970 V VRManagerServer: (VRManagerService.java:378) onReceive [mountState=1]
10-25 21:52:04.242 18319 18900 V VRSVC : (ScreenEvent.java:135) ZzLN [remove lcd off message...]
10-25 21:52:04.242 18497 18497 D [WeatherWidget(1177)] : {[73EAB9A6B1C382E6796BBD18F89C762CB8826FE94261435D33620C0FB53A2D6E992CE234CCC952459B361995F38476E4CCE6370DB5B24EBAB74F11661264211A0FEBC7F8ADC98F0975ADDFD8678EF787]}
10-25 21:52:04.242 4523 4523 D TrayStateController: setUiState: hide on landscape, requested=2
10-25 21:52:04.242 18497 18497 D [WeatherWidget(1177)] : {[5CB09D66338B7398169B8C00C155C34CAAAC85A3C4F67FDC3FB8C85BFFFD962A15789C38818043DB621116B34600440835F63609F4B0175BC5CECD5656D7E6E7FAA6CBC7F8258CDCD288333E6B66A7CB]}
10-25 21:52:04.252 18319 18949 D VRSVC_log: nativeVrGetFirmware result=R322XXU0AOJ1
10-25 21:52:04.252 3099 4634 D libEGL : eglTerminate EGLDisplay = 0x7f8b48de78
10-25 21:52:04.252 18319 18949 V VRSVC : (HmtSensorEvent.java:157) wtkw [identifyVRDevice=R322XXU0AOJ1]
10-25 21:52:04.252 18319 18910 W AudioTrack: AUDIO_OUTPUT_FLAG_FAST denied by client; transfer 4, track 44100 Hz, output 48000 Hz
10-25 21:52:04.262 3099 3287 I SurfaceFlinger: id=881 Removed DocktailBar (10/23)
10-25 21:52:04.262 3099 4021 I SurfaceFlinger: id=881 Removed DocktailBar (-2/23)
10-25 21:52:04.262 4371 4371 D ViewRootImpl: MSG_RESIZED: ci=Rect(0, 0 - 0, 0) vi=Rect(0, 0 - 0, 0) or=1
10-25 21:52:04.262 4371 4371 D PeopleStripeService: onStartCommand:INTENT_ACTION_PEOPLE_RESTART:true
10-25 21:52:04.262 3099 3099 D libEGL : eglTerminate EGLDisplay = 0x7fc6961268
10-25 21:52:04.272 3126 4063 W AudioPolicyIntefaceImpl: Skipped to add effects on session 534
10-25 21:52:04.272 3126 4063 I APM::AudioPolicyManager: startOutput() output 4, stream 3, session 534
10-25 21:52:04.272 18319 18898 V VRSVC : (SSRMDisableControlEvent.java:92) wtkw [ssrmStatus=0]
10-25 21:52:04.272 18319 18897 V VRSVC : (HmtDeviceEventManager.java:101) wtkw [OnDeviceEvent onMount finished. elapsedTime=34]
10-25 21:52:04.272 18319 18897 V VRSVC : (HmtDeviceEventManager.java:109) wtkw [OnDeviceEvent onPostMount start.]
10-25 21:52:04.272 18319 18901 D VRSVC : (LogEvent.java:84) IOpR [OnDeviceEvent onPostMount]
10-25 21:52:04.272 18319 18898 V VRSVC : (HmtMountEvent.java:31) IOpR [onPostMount sendHmtMountEvent]
10-25 21:52:04.272 18319 18899 V VRSVC : (TouchControlEvent.java:81) wtkw [setTouchControl value=0]
10-25 21:52:04.272 4371 4371 D CircleReceiver: CircleReceiver intentAction : com.samsung.android.service.peoplestripe.action.LISTENER_ON_BIND
10-25 21:52:04.272 4371 4371 D CircleReceiver: actionFilter-action : com.samsung.android.service.peoplestripe.action.LISTENER_ON_BIND
10-25 21:52:04.272 18319 18319 D Activity: performCreate Call Injection manager
10-25 21:52:04.282 4130 4130 D libEGL : eglTerminate EGLDisplay = 0x7ffcac37b8
10-25 21:52:04.282 3099 3099 D libEGL : eglInitialize EGLDisplay = 0x7fc6961138
10-25 21:52:04.282 3099 3099 D libEGL : eglTerminate EGLDisplay = 0x7fc69611c8
10-25 21:52:04.282 3126 3796 I AudioMixer: create resampler src 44100, 2, dst 48000, 2
10-25 21:52:04.282 3126 3796 D SoundAliveResampler: [SoundAliveResampler] Init+++
10-25 21:52:04.282 4523 4523 E AbstractCocktailPanelView: notifyPanelVisibilityChanged: visibility not changed 2 id: 8
10-25 21:52:04.282 4523 4523 D ViewRootImpl: MSG_RESIZED_REPORT: ci=Rect(0, 0 - 0, 0) vi=Rect(0, 0 - 0, 0) or=2
10-25 21:52:04.282 4523 4523 D CocktailBarUiController: onCocktailBarStateChanged: flag=0x1 vis=2 bgType=0 showTimeout=-1 activate=true
10-25 21:52:04.282 3520 4925 V WindowStateAnimator: Finishing drawing window Window{e88d5a3 u0 d0 com.android.systemui.ImageWallpaper}: mDrawState=DRAW_PENDING
10-25 21:52:04.282 4130 4130 D ViewRootImpl: MSG_RESIZED_REPORT: ci=Rect(0, 0 - 0, 0) vi=Rect(0, 0 - 0, 0) or=2
10-25 21:52:04.282 4130 4130 D KeyguardCircleAffordanceView: setPreviewView: mRight=false,preview=android.widget.RelativeLayout{75e1768 I.E...... ......I. 0,0-1440,2560}
10-25 21:52:04.292 18319 18898 V VRSVC : (HmtMountEvent.java:34) IOpR [onPostMount send proximity mount to compatibility]
10-25 21:52:04.292 3520 3520 I AudioService: HMT mount!
10-25 21:52:04.292 18319 18319 V VRSVC : (MonoActivity.java:239) onStart [onStart()]
10-25 21:52:04.292 18319 18319 I InjectionManager: dispatchOnViewCreated > Target : com.samsung.android.hmt.vrsvc.MonoActivity isFragment :false
10-25 21:52:04.292 18319 18319 V VRSVC : (MonoActivity.java:245) onResume [onResume()]
10-25 21:52:04.292 18319 18897 V VRSVC : (HmtDeviceEventManager.java:101) wtkw [OnDeviceEvent onPostMount finished. elapsedTime=24]
10-25 21:52:04.302 18319 18319 D ViewRootImpl: #1 mView = com.android.internal.policy.PhoneWindow$DecorView{59620b3 I.E...... R.....ID 0,0-0,0}
10-25 21:52:04.302 4130 4130 D KeyguardCircleAffordanceView: setPreviewView: mRight=true,preview=android.widget.AbsoluteLayout{a1d781 I.E...... ......I. 0,0-1440,2560}
10-25 21:52:04.302 18319 18949 V VRSVC : (DistortionFileManager.java:104) wtkw [vr model=SM-R322 device=SM-G928T distortion=distortion/distortion_R322_G928.bin]
10-25 21:52:04.302 18319 18949 V VRSVC : (DistortionFileManager.java:140) yTqX [copyAssetToFile.. assetPath=distortion/distortion_R322_G928.bin file=/storage/emulated/0/Oculus/defaultDistortion.bin overWrite=true]
10-25 21:52:04.302 18319 18949 V VRSVC : (DistortionFileManager.java:145) yTqX [delete /storage/emulated/0/Oculus/defaultDistortion.bin]
10-25 21:52:04.312 3520 3543 D ISSUE_DEBUG: InputChannelName : c04f3e4 com.samsung.android.hmt.vrsvc/com.samsung.android.hmt.vrsvc.MonoActivity
10-25 21:52:04.312 4130 4417 D BluetoothTile: handleUpdateState : supported = true, enabled = false, enabling = false, connected = false, connecting = false, mController.getLastDeviceName() = null
10-25 21:52:04.322 4130 4130 D SecKeyguardClockView: onConfigurationChanged()
10-25 21:52:04.322 4130 4130 D SecKeyguardClockView: handleDelayedOnConfigurationChanged()
10-25 21:52:04.322 3520 3543 D ActivityManager: post active user change for 0 fullscreen true isFloatingActivity() false isHomeActivity() false
10-25 21:52:04.322 3520 3543 D KnoxTimeoutHandler: postActiveUserChange [MsgParam] userId: 0 fullscreen is true showWhenlocked is false
10-25 21:52:04.322 3520 3520 D KnoxTimeoutHandler: handleActiveUserChange [MsgParam] userId: 0 fullscreen is true showWhenlocked is false
10-25 21:52:04.322 3099 4094 D libEGL : eglTerminate EGLDisplay = 0x7f8b5c6e78
10-25 21:52:04.322 3520 3520 I KnoxTimeoutHandler: Shared devices show user statefalse
10-25 21:52:04.322 3099 3287 I SurfaceFlinger: id=889 Removed XaitActivit (6/22)
10-25 21:52:04.322 3099 3289 I SurfaceFlinger: id=889 Removed XaitActivit (-2/22)
10-25 21:52:04.332 3099 3099 D libEGL : eglTerminate EGLDisplay = 0x7fc6961268
10-25 21:52:04.332 4130 4130 D KeyguardCarrierText: onConfigurationChanged:
