10-25 21:40:28.282 17353 17390 V VRSystem: at (VrViewActivity.java:243) setTouchConfiguration() [setTouchConfiguration id=99 shouldCapture=true px=1088 py=820]
10-25 21:40:28.302 17353 17390 V VRSystem: at (VrViewActivity.java:243) setTouchConfiguration() [setTouchConfiguration id=99 shouldCapture=true px=1088 py=823]
10-25 21:40:28.322 17353 17390 V VRSystem: at (VrViewActivity.java:243) setTouchConfiguration() [setTouchConfiguration id=99 shouldCapture=true px=1088 py=829]
10-25 21:40:28.332 17353 17390 V VRSystem: at (VrViewActivity.java:243) setTouchConfiguration() [setTouchConfiguration id=99 shouldCapture=true px=1089 py=833]
10-25 21:40:28.352 17353 17390 V VRSystem: at (VrViewActivity.java:243) setTouchConfiguration() [setTouchConfiguration id=99 shouldCapture=true px=1091 py=837]
10-25 21:40:28.372 17353 17390 V VRSystem: at (VrViewActivity.java:243) setTouchConfiguration() [setTouchConfiguration id=99 shouldCapture=true px=1092 py=841]
10-25 21:40:28.382 17353 17390 V VRSystem: at (VrViewActivity.java:243) setTouchConfiguration() [setTouchConfiguration id=99 shouldCapture=true px=1093 py=845]
10-25 21:40:28.402 17353 17390 V VRSystem: at (VrViewActivity.java:243) setTouchConfiguration() [setTouchConfiguration id=99 shouldCapture=true px=1093 py=851]
10-25 21:40:28.422 17353 17390 V VRSystem: at (VrViewActivity.java:243) setTouchConfiguration() [setTouchConfiguration id=99 shouldCapture=true px=1093 py=852]
10-25 21:40:28.432 17353 17390 V VRSystem: at (VrViewActivity.java:243) setTouchConfiguration() [setTouchConfiguration id=99 shouldCapture=true px=1092 py=854]
10-25 21:40:28.452 17353 17390 V VRSystem: at (VrViewActivity.java:243) setTouchConfiguration() [setTouchConfiguration id=99 shouldCapture=true px=1086 py=850]
10-25 21:40:28.462 3520 4018 D InputReader: Input event(47): value=1 when=84269552350000
10-25 21:40:28.462 3520 4017 I InputDispatcher: Delivering touch to (17353): action: 0xa, toolType: 3
10-25 21:40:28.462 3520 4017 I InputDispatcher: Delivering touch to (17353): action: 0x0, toolType: 3
10-25 21:40:28.462 3520 4089 D lights : button : 1 +
10-25 21:40:28.462 3520 4089 D lights : button : 1 -
10-25 21:40:28.462 3520 4017 I InputDispatcher: Delivering touch to (17353): action: 0xb, toolType: 3
10-25 21:40:28.462 17353 17353 V VRSystem: at (VrViewActivity.java:230) dispatchGenericMotionEvent() [dispatchGenericMotionEvent event=MotionEvent { action=ACTION_HOVER_EXIT, actionButton=0, id[0]=0, x[0]=1407.0, y[0]=1101.0, toolType[0]=TOOL_TYPE_MOUSE, buttonState=BUTTON_PRIMARY, metaState=0, flags=0x1, edgeFlags=0x0, pointerCount=1, historySize=0, eventTime=84269552, downTime=84269552, deviceId=47, source=0x2002 }]
10-25 21:40:28.462 17353 17353 D ViewRootImpl: ViewPostImeInputStage processPointer 0
10-25 21:40:28.462 17353 17353 V VRSystem: at (VrViewActivity.java:167) dispatchTouchEvent() [dispatchTouchEvent iunputDevice=false]
10-25 21:40:28.462 17353 17353 V VRSystem: at (VrPresentation.java:107) dispatchTouchEvent() [sendEvent x,y=1213.5,1231.5]
10-25 21:40:28.472 17353 17390 V VRSystem: at (VrViewActivity.java:243) setTouchConfiguration() [setTouchConfiguration id=99 shouldCapture=true px=1087 py=849]
10-25 21:40:28.472 17353 17353 V VRSystem: at (VrViewActivity.java:230) dispatchGenericMotionEvent() [dispatchGenericMotionEvent event=MotionEvent { action=ACTION_BUTTON_PRESS, actionButton=BUTTON_PRIMARY, id[0]=0, x[0]=1407.0, y[0]=1101.0, toolType[0]=TOOL_TYPE_MOUSE, buttonState=BUTTON_PRIMARY, metaState=0, flags=0x1, edgeFlags=0x0, pointerCount=1, historySize=0, eventTime=84269552, downTime=84269552, deviceId=47, source=0x2002 }]
10-25 21:40:28.482 17353 17390 V VRSystem: at (VrViewActivity.java:243) setTouchConfiguration() [setTouchConfiguration id=99 shouldCapture=true px=1084 py=849]
10-25 21:40:28.502 17353 17390 V VRSystem: at (VrViewActivity.java:243) setTouchConfiguration() [setTouchConfiguration id=99 shouldCapture=true px=1081 py=850]
10-25 21:40:28.522 17353 17390 V VRSystem: at (VrViewActivity.java:243) setTouchConfiguration() [setTouchConfiguration id=99 shouldCapture=true px=1079 py=850]
10-25 21:40:28.532 16325 16325 V VRSVC : (SamsungDiagnosticEvent.java:405) QdBd [mLastTopActivity null ignored.]
10-25 21:40:28.532 17353 17390 V VRSystem: at (VrViewActivity.java:243) setTouchConfiguration() [setTouchConfiguration id=99 shouldCapture=true px=1078 py=850]
10-25 21:40:28.542 16325 17266 I System.out: (HTTPLog)-Static: isSBSettingEnabled false
10-25 21:40:28.542 16325 17266 I System.out: (HTTPLog)-Static: isSBSettingEnabled false
10-25 21:40:28.552 17353 17390 V VRSystem: at (VrViewActivity.java:243) setTouchConfiguration() [setTouchConfiguration id=99 shouldCapture=true px=1077 py=850]
10-25 21:40:28.572 17353 17390 V VRSystem: at (VrViewActivity.java:243) setTouchConfiguration() [setTouchConfiguration id=99 shouldCapture=true px=1076 py=850]
10-25 21:40:28.582 17353 17390 V VRSystem: at (VrViewActivity.java:243) setTouchConfiguration() [setTouchConfiguration id=99 shouldCapture=true px=1075 py=851]
10-25 21:40:28.592 17353 17353 I Vsync : Vsync 4971916: Choreographer: 1 x 15.25 ms (60.29 Hz, at 84269.686)
10-25 21:40:28.602 17353 17390 V VRSystem: at (VrViewActivity.java:243) setTouchConfiguration() [setTouchConfiguration id=99 shouldCapture=true px=1074 py=852]
10-25 21:40:28.612 17353 17390 V VRSystem: at (VrViewActivity.java:243) setTouchConfiguration() [setTouchConfiguration id=99 shouldCapture=true px=1073 py=855]
10-25 21:40:28.622 17353 17353 I Vsync : Vsync 4971918: Choreographer: 1 x 17.96 ms (60.33 Hz, at 84269.719)
10-25 21:40:28.632 3520 4018 D InputReader: Input event(47): value=0 when=84269720459000
10-25 21:40:28.632 3520 4017 I InputDispatcher: Delivering touch to (17353): action: 0x1, toolType: 3
10-25 21:40:28.632 17353 17353 D ViewRootImpl: ViewPostImeInputStage processPointer 1
10-25 21:40:28.632 3520 4017 I InputDispatcher: Delivering touch to (17353): action: 0x9, toolType: 3
10-25 21:40:28.632 17353 17353 V VRSystem: at (VrViewActivity.java:167) dispatchTouchEvent() [dispatchTouchEvent iunputDevice=false]
10-25 21:40:28.632 17353 17390 V VRSystem: at (VrViewActivity.java:243) setTouchConfiguration() [setTouchConfiguration id=99 shouldCapture=true px=1073 py=856]
10-25 21:40:28.632 17353 17353 V VRSystem: at (VrPresentation.java:107) dispatchTouchEvent() [sendEvent x,y=1213.5,1231.5]
10-25 21:40:28.632 17353 17353 V VRSystem: at (VrViewActivity.java:230) dispatchGenericMotionEvent() [dispatchGenericMotionEvent event=MotionEvent { action=ACTION_HOVER_ENTER, actionButton=0, id[0]=0, x[0]=1407.0, y[0]=1101.0, toolType[0]=TOOL_TYPE_MOUSE, buttonState=0, metaState=0, flags=0x1, edgeFlags=0x0, pointerCount=1, historySize=0, eventTime=84269720, downTime=84269552, deviceId=47, source=0x2002 }]
10-25 21:40:28.642 17353 17353 V VRSystem: at (VrViewActivity.java:230) dispatchGenericMotionEvent() [dispatchGenericMotionEvent event=MotionEvent { action=ACTION_HOVER_MOVE, actionButton=0, id[0]=0, x[0]=1407.0, y[0]=1101.0, toolType[0]=TOOL_TYPE_MOUSE, buttonState=0, metaState=0, flags=0x1, edgeFlags=0x0, pointerCount=1, historySize=0, eventTime=84269720, downTime=84269552, deviceId=47, source=0x2002 }]
10-25 21:40:28.652 17353 17390 V VRSystem: at (VrViewActivity.java:243) setTouchConfiguration() [setTouchConfiguration id=99 shouldCapture=true px=1072 py=857]
10-25 21:40:28.672 17353 17390 V VRSystem: at (VrViewActivity.java:243) setTouchConfiguration() [setTouchConfiguration id=99 shouldCapture=true px=1071 py=856]
10-25 21:40:28.682 17353 17390 V VRSystem: at (VrViewActivity.java:243) setTouchConfiguration() [setTouchConfiguration id=99 shouldCapture=true px=1069 py=855]
10-25 21:40:28.702 17353 17390 V VRSystem: at (VrViewActivity.java:243) setTouchConfiguration() [setTouchConfiguration id=99 shouldCapture=true px=1067 py=855]
10-25 21:40:28.722 17353 17390 V VRSystem: at (VrViewActivity.java:243) setTouchConfiguration() [setTouchConfiguration id=99 shouldCapture=true px=1065 py=855]
10-25 21:40:28.752 17353 17390 V VRSystem: at (VrViewActivity.java:243) setTouchConfiguration() [setTouchConfiguration id=99 shouldCapture=true px=1064 py=855]
10-25 21:40:28.772 17353 17390 V VRSystem: at (VrViewActivity.java:243) setTouchConfiguration() [setTouchConfiguration id=99 shouldCapture=true px=1063 py=856]
10-25 21:40:28.802 17353 17390 V VRSystem: at (VrViewActivity.java:243) setTouchConfiguration() [setTouchConfiguration id=99 shouldCapture=true px=1062 py=856]
10-25 21:40:28.802 17353 17453 I OVR : DeviceManagerThread - event 39 (498Hz) (Tid=17453)
10-25 21:40:28.832 17353 17390 V VRSystem: at (VrViewActivity.java:243) setTouchConfiguration() [setTouchConfiguration id=99 shouldCapture=true px=1061 py=856]
10-25 21:40:28.872 17353 17390 V VRSystem: at (VrViewActivity.java:243) setTouchConfiguration() [setTouchConfiguration id=99 shouldCapture=true px=1060 py=856]
10-25 21:40:28.882 17353 17390 V VRSystem: at (VrViewActivity.java:243) setTouchConfiguration() [setTouchConfiguration id=99 shouldCapture=true px=1102 py=887]
10-25 21:40:28.902 17353 17390 V VRSystem: at (VrViewActivity.java:243) setTouchConfiguration() [setTouchConfiguration id=99 shouldCapture=true px=1101 py=886]
10-25 21:40:28.912 17353 17390 V VRSystem: at (VrViewActivity.java:243) setTouchConfiguration() [setTouchConfiguration id=99 shouldCapture=true px=1100 py=886]
10-25 21:40:28.932 17353 17390 V VRSystem: at (VrViewActivity.java:243) setTouchConfiguration() [setTouchConfiguration id=99 shouldCapture=true px=1099 py=887]
10-25 21:40:28.952 17353 17390 V VRSystem: at (VrViewActivity.java:243) setTouchConfiguration() [setTouchConfiguration id=99 shouldCapture=true px=1099 py=889]
10-25 21:40:28.962 17353 17390 V VRSystem: at (VrViewActivity.java:243) setTouchConfiguration() [setTouchConfiguration id=99 shouldCapture=true px=1099 py=890]
10-25 21:40:28.982 17353 17521 I VrApi : FPS=61,Prd=35ms,Tear=0,Early=0,Stale=0,VSnc=1,Lat=0,CPU4/GPU=2/2,800/420MHz,OC=FF,TA=F0/F0/F0/0,SP=F/F/F/N,Mem=1026MHz,Free=1449MB,PSM=0,PLS=0,Temp=26.3C/26.0C
10-25 21:40:29.012 17353 17390 V VRSystem: at (VrViewActivity.java:243) setTouchConfiguration() [setTouchConfiguration id=99 shouldCapture=true px=1098 py=889]
10-25 21:40:29.022 17353 17514 W TimeWarp: VSync 4971942: eye=1,late=0.0ms,over=0.1ms,CPU=0.4ms,GPU>=7.9
10-25 21:40:29.052 17353 17390 V VRSystem: at (VrViewActivity.java:243) setTouchConfiguration() [setTouchConfiguration id=99 shouldCapture=true px=1097 py=888]
10-25 21:40:29.062 17353 17390 V VRSystem: at (VrViewActivity.java:243) setTouchConfiguration() [setTouchConfiguration id=99 shouldCapture=true px=1097 py=887]
10-25 21:40:29.102 17353 17390 V VRSystem: at (VrViewActivity.java:243) setTouchConfiguration() [setTouchConfiguration id=99 shouldCapture=true px=1096 py=886]
10-25 21:40:29.112 3126 3796 I audio_hw_primary: do_out_standby +
10-25 21:40:29.112 17353 17390 V VRSystem: at (VrViewActivity.java:243) setTouchConfiguration() [setTouchConfiguration id=99 shouldCapture=true px=1095 py=885]
10-25 21:40:29.132 17353 17390 V VRSystem: at (VrViewActivity.java:243) setTouchConfiguration() [setTouchConfiguration id=99 shouldCapture=true px=1094 py=883]
10-25 21:40:29.132 3126 3796 D audio_hw_primary: output_devices devices:0
10-25 21:40:29.132 3126 3796 D audio_hw_primary: output_devices devices:0
10-25 21:40:29.132 3126 3796 V audio_hw_primary: select_devices output_scenario:-1 input_scenario:-1 out_snd_device 0x0 in_snd_device:0x0
10-25 21:40:29.132 3126 3796 I audio_hw_primary: set_spk_rx_mute mute(1), rx val=0
10-25 21:40:29.132 3126 3796 I audio_route:
10-25 21:40:29.132 3126 3796 I audio_route: > audio_route_reset :
10-25 21:40:29.132 3126 3796 I audio_route:
10-25 21:40:29.132 3126 3796 I audio_route: > audio_route_update_mixer : +
10-25 21:40:29.152 17353 17390 V VRSystem: at (VrViewActivity.java:243) setTouchConfiguration() [setTouchConfiguration id=99 shouldCapture=true px=1092 py=880]
10-25 21:40:29.162 3126 3796 I audio_route: > audio_route_update_mixer : changed(4) -
10-25 21:40:29.162 3126 3796 I audio_hw_primary: select_devices -
10-25 21:40:29.162 3126 3796 I audio_hw_primary: do_out_standby -
10-25 21:40:29.162 17353 17390 V VRSystem: at (VrViewActivity.java:243) setTouchConfiguration() [setTouchConfiguration id=99 shouldCapture=true px=1091 py=877]
10-25 21:40:29.182 17353 17390 V VRSystem: at (VrViewActivity.java:243) setTouchConfiguration() [setTouchConfiguration id=99 shouldCapture=true px=1088 py=872]
10-25 21:40:29.202 17353 17390 V VRSystem: at (VrViewActivity.java:243) setTouchConfiguration() [setTouchConfiguration id=99 shouldCapture=true px=1083 py=864]
10-25 21:40:29.212 17353 17390 V VRSystem: at (VrViewActivity.java:243) setTouchConfiguration() [setTouchConfiguration id=99 shouldCapture=true px=1077 py=857]
10-25 21:40:29.232 17353 17390 V VRSystem: at (VrViewActivity.java:243) setTouchConfiguration() [setTouchConfiguration id=99 shouldCapture=true px=1071 py=848]
10-25 21:40:29.252 17353 17390 V VRSystem: at (VrViewActivity.java:243) setTouchConfiguration() [setTouchConfiguration id=99 shouldCapture=true px=1066 py=835]
10-25 21:40:29.262 17353 17390 V VRSystem: at (VrViewActivity.java:243) setTouchConfiguration() [setTouchConfiguration id=99 shouldCapture=true px=1059 py=826]
10-25 21:40:29.282 17353 17390 V VRSystem: at (VrViewActivity.java:243) setTouchConfiguration() [setTouchConfiguration id=99 shouldCapture=true px=1054 py=818]
10-25 21:40:29.302 17353 17390 V VRSystem: at (VrViewActivity.java:243) setTouchConfiguration() [setTouchConfiguration id=99 shouldCapture=true px=1049 py=813]
10-25 21:40:29.312 17353 17390 V VRSystem: at (VrViewActivity.java:243) setTouchConfiguration() [setTouchConfiguration id=99 shouldCapture=true px=1046 py=809]
10-25 21:40:29.332 17353 17390 V VRSystem: at (VrViewActivity.java:243) setTouchConfiguration() [setTouchConfiguration id=99 shouldCapture=true px=1043 py=807]
10-25 21:40:29.352 17353 17390 V VRSystem: at (VrViewActivity.java:243) setTouchConfiguration() [setTouchConfiguration id=99 shouldCapture=true px=1040 py=806]
10-25 21:40:29.362 17353 17390 V VRSystem: at (VrViewActivity.java:243) setTouchConfiguration() [setTouchConfiguration id=99 shouldCapture=true px=1038 py=807]
10-25 21:40:29.382 17353 17390 V VRSystem: at (VrViewActivity.java:243) setTouchConfiguration() [setTouchConfiguration id=99 shouldCapture=true px=1037 py=807]
10-25 21:40:29.402 17353 17390 V VRSystem: at (VrViewActivity.java:243) setTouchConfiguration() [setTouchConfiguration id=99 shouldCapture=true px=1036 py=807]
10-25 21:40:29.412 17353 17390 V VRSystem: at (VrViewActivity.java:243) setTouchConfiguration() [setTouchConfiguration id=99 shouldCapture=true px=1035 py=808]
10-25 21:40:29.432 17353 17390 V VRSystem: at (VrViewActivity.java:243) setTouchConfiguration() [setTouchConfiguration id=99 shouldCapture=true px=1033 py=808]
10-25 21:40:29.452 17353 17390 V VRSystem: at (VrViewActivity.java:243) setTouchConfiguration() [setTouchConfiguration id=99 shouldCapture=true px=1032 py=808]
10-25 21:40:29.462 17353 17390 V VRSystem: at (VrViewActivity.java:243) setTouchConfiguration() [setTouchConfiguration id=99 shouldCapture=true px=1031 py=809]
10-25 21:40:29.482 17353 17390 V VRSystem: at (VrViewActivity.java:243) setTouchConfiguration() [setTouchConfiguration id=99 shouldCapture=true px=1031 py=810]
10-25 21:40:29.492 3520 3520 I Tethering: BATTERY_CHANGED, level = 100lowBatteryThreshold = 15
10-25 21:40:29.492 4130 4130 D KeyguardUpdateMonitor: received broadcast android.intent.action.BATTERY_CHANGED
10-25 21:40:29.492 4130 4130 D KeyguardUpdateMonitor: handleBatteryUpdate
10-25 21:40:29.502 17353 17390 V VRSystem: at (VrViewActivity.java:243) setTouchConfiguration() [setTouchConfiguration id=99 shouldCapture=true px=1030 py=813]
10-25 21:40:29.502 4590 4590 D BatteryMonitor: new battery level: 100
10-25 21:40:29.502 16325 16325 D VRSVC : (BatteryEvent.java:72) onReceive [intent action=android.intent.action.BATTERY_CHANGED isInitialStickyBroadcast=false]
10-25 21:40:29.502 16325 16325 V VRSVC : (BatteryEvent.java:86) yTqX [handleIntentBattery batteryLevel=100 batteryStatus=3 batteryPlugged=0 batteryTemperature=263]
10-25 21:40:29.502 16325 16325 D VRSVC : (SamsungDiagnosticEvent.java:294) onReceive [intent action=android.intent.action.BATTERY_CHANGED isInitialStickyBroadcast=false]
10-25 21:40:29.512 17353 17390 V VRSystem: at (VrViewActivity.java:243) setTouchConfiguration() [setTouchConfiguration id=99 shouldCapture=true px=1030 py=816]
10-25 21:40:29.532 17353 17390 V VRSystem: at (VrViewActivity.java:243) setTouchConfiguration() [setTouchConfiguration id=99 shouldCapture=true px=1029 py=819]
10-25 21:40:29.552 17353 17390 V VRSystem: at (VrViewActivity.java:243) setTouchConfiguration() [setTouchConfiguration id=99 shouldCapture=true px=1029 py=821]
10-25 21:40:29.562 17353 17390 V VRSystem: at (VrViewActivity.java:243) setTouchConfiguration() [setTouchConfiguration id=99 shouldCapture=true px=1028 py=822]
10-25 21:40:29.582 17353 17390 V VRSystem: at (VrViewActivity.java:243) setTouchConfiguration() [setTouchConfiguration id=99 shouldCapture=true px=1028 py=824]
10-25 21:40:29.592 17353 17390 V VRSystem: at (VrViewActivity.java:243) setTouchConfiguration() [setTouchConfiguration id=99 shouldCapture=true px=1029 py=827]
10-25 21:40:29.612 17353 17390 V VRSystem: at (VrViewActivity.java:243) setTouchConfiguration() [setTouchConfiguration id=99 shouldCapture=true px=1029 py=830]
10-25 21:40:29.632 17353 17390 V VRSystem: at (VrViewActivity.java:243) setTouchConfiguration() [setTouchConfiguration id=99 shouldCapture=true px=1031 py=831]
10-25 21:40:29.642 17353 17390 V VRSystem: at (VrViewActivity.java:243) setTouchConfiguration() [setTouchConfiguration id=99 shouldCapture=true px=1032 py=833]
10-25 21:40:29.662 17353 17390 V VRSystem: at (VrViewActivity.java:243) setTouchConfiguration() [setTouchConfiguration id=99 shouldCapture=true px=1033 py=834]
10-25 21:40:29.682 3520 4018 D InputReader: Input event(47): value=1 when=84270776286000
10-25 21:40:29.682 3520 4017 I InputDispatcher: Delivering touch to (17353): action: 0xa, toolType: 3
10-25 21:40:29.682 3520 4017 I InputDispatcher: Delivering touch to (17353): action: 0x0, toolType: 3
10-25 21:40:29.682 3520 4017 I InputDispatcher: Delivering touch to (17353): action: 0xb, toolType: 3
10-25 21:40:29.682 17353 17353 V VRSystem: at (VrViewActivity.java:230) dispatchGenericMotionEvent() [dispatchGenericMotionEvent event=MotionEvent { action=ACTION_HOVER_EXIT, actionButton=0, id[0]=0, x[0]=1280.0, y[0]=720.0, toolType[0]=TOOL_TYPE_MOUSE, buttonState=BUTTON_PRIMARY, metaState=0, flags=0x1, edgeFlags=0x0, pointerCount=1, historySize=0, eventTime=84270776, downTime=84270776, deviceId=47, source=0x2002 }]
10-25 21:40:29.682 17353 17353 D ViewRootImpl: ViewPostImeInputStage processPointer 0
10-25 21:40:29.692 17353 17353 V VRSystem: at (VrViewActivity.java:167) dispatchTouchEvent() [dispatchTouchEvent iunputDevice=false]
10-25 21:40:29.692 17353 17353 V VRSystem: at (VrPresentation.java:107) dispatchTouchEvent() [sendEvent x,y=1033.5,834.5]
10-25 21:40:29.692 17353 17353 V VRSystem: at (VrViewActivity.java:230) dispatchGenericMotionEvent() [dispatchGenericMotionEvent event=MotionEvent { action=ACTION_BUTTON_PRESS, actionButton=BUTTON_PRIMARY, id[0]=0, x[0]=1280.0, y[0]=720.0, toolType[0]=TOOL_TYPE_MOUSE, buttonState=BUTTON_PRIMARY, metaState=0, flags=0x1, edgeFlags=0x0, pointerCount=1, historySize=0, eventTime=84270776, downTime=84270776, deviceId=47, source=0x2002 }]
10-25 21:40:29.692 17353 17353 I Vsync : Choreographer doFrame callback delayed by 3.9 milliseconds
10-25 21:40:29.692 4574 4612 D ContactsProvider_EventLog: contents_sample_state: [ contacts(4) data(27) accounts({com.google (2)=4}) accounts deleted({}) calls([]) ]
10-25 21:40:29.692 4574 4612 D ContactsProvider_EventLog: contents_sample_state: [ agr({[2]=4}) ]
10-25 21:40:29.692 17353 17390 V VRSystem: at (VrViewActivity.java:243) setTouchConfiguration() [setTouchConfiguration id=99 shouldCapture=true px=1034 py=834]
10-25 21:40:29.732 17353 17390 V VRSystem: at (VrViewActivity.java:243) setTouchConfiguration() [setTouchConfiguration id=99 shouldCapture=true px=1035 py=833]
10-25 21:40:29.742 17353 17390 V VRSystem: at (VrViewActivity.java:243) setTouchConfiguration() [setTouchConfiguration id=99 shouldCapture=true px=1036 py=833]
10-25 21:40:29.762 17353 17390 V VRSystem: at (VrViewActivity.java:243) setTouchConfiguration() [setTouchConfiguration id=99 shouldCapture=true px=1036 py=832]
10-25 21:40:29.782 17353 17390 V VRSystem: at (VrViewActivity.java:243) setTouchConfiguration() [setTouchConfiguration id=99 shouldCapture=true px=1037 py=830]
10-25 21:40:29.802 17353 17453 I OVR : DeviceManagerThread - event 39 (499Hz) (Tid=17453)
10-25 21:40:29.842 17353 17390 V VRSystem: at (VrViewActivity.java:243) setTouchConfiguration() [setTouchConfiguration id=99 shouldCapture=true px=1037 py=831]
10-25 21:40:29.862 17353 17390 V VRSystem: at (VrViewActivity.java:243) setTouchConfiguration() [setTouchConfiguration id=99 shouldCapture=true px=1038 py=832]
10-25 21:40:29.872 3520 3598 I art : Starting a blocking GC Explicit
10-25 21:40:29.882 17353 17390 V VRSystem: at (VrViewActivity.java:243) setTouchConfiguration() [setTouchConfiguration id=99 shouldCapture=true px=1039 py=833]
10-25 21:40:29.892 17353 17390 V VRSystem: at (VrViewActivity.java:243) setTouchConfiguration() [setTouchConfiguration id=99 shouldCapture=true px=1042 py=834]
10-25 21:40:29.912 17353 17390 V VRSystem: at (VrViewActivity.java:243) setTouchConfiguration() [setTouchConfiguration id=99 shouldCapture=true px=1042 py=836]
10-25 21:40:29.922 17353 17353 V VRSystem: at (VrViewActivity.java:167) dispatchTouchEvent() [dispatchTouchEvent iunputDevice=false]
10-25 21:40:29.922 17353 17353 V VRSystem: at (VrPresentation.java:107) dispatchTouchEvent() [sendEvent x,y=1033.5,833.5]
10-25 21:40:29.922 17353 17353 I Vsync : Choreographer doFrame callback delayed by 3.4 milliseconds
10-25 21:40:29.932 17353 17390 V VRSystem: at (VrViewActivity.java:243) setTouchConfiguration() [setTouchConfiguration id=99 shouldCapture=true px=1042 py=838]
10-25 21:40:29.942 17353 17353 V VRSystem: at (VrViewActivity.java:167) dispatchTouchEvent() [dispatchTouchEvent iunputDevice=false]
10-25 21:40:29.942 17353 17353 V VRSystem: at (VrPresentation.java:107) dispatchTouchEvent() [sendEvent x,y=1033.5,830.5]
10-25 21:40:29.942 17353 17353 I Vsync : Choreographer doFrame callback delayed by 3.7 milliseconds
10-25 21:40:29.942 3520 4018 D InputReader: Input event(47): value=0 when=84271032303000
10-25 21:40:29.942 3520 4017 I InputDispatcher: Delivering touch to (17353): action: 0x1, toolType: 3
10-25 21:40:29.942 3520 4017 I InputDispatcher: Delivering touch to (17353): action: 0x9, toolType: 3
10-25 21:40:29.942 17353 17353 D ViewRootImpl: ViewPostImeInputStage processPointer 1
10-25 21:40:29.942 17353 17353 V VRSystem: at (VrViewActivity.java:167) dispatchTouchEvent() [dispatchTouchEvent iunputDevice=false]
10-25 21:40:29.942 17353 17353 V VRSystem: at (VrPresentation.java:107) dispatchTouchEvent() [sendEvent x,y=1033.5,830.5]
10-25 21:40:29.952 17353 17353 V VRSystem: at (VrViewActivity.java:230) dispatchGenericMotionEvent() [dispatchGenericMotionEvent event=MotionEvent { action=ACTION_HOVER_ENTER, actionButton=0, id[0]=0, x[0]=1280.0, y[0]=716.0, toolType[0]=TOOL_TYPE_MOUSE, buttonState=0, metaState=0, flags=0x1, edgeFlags=0x0, pointerCount=1, historySize=0, eventTime=84271032, downTime=84270776, deviceId=47, source=0x2002 }]
10-25 21:40:29.952 3520 4645 V AudioService: AudioService playSoundEffect Type : 0, volume : -1.0
10-25 21:40:29.952 3520 4061 V AudioService: received MSG_PLAY_SOUND_EFFECT onPlaySoundEffect start
10-25 21:40:29.952 3126 5080 I APM::AudioPolicyManager: getSituationVolume: isBTConnected:0 isHeadConnected:0
10-25 21:40:29.962 17353 17353 V VRSystem: at (PermissionActivity.java:285) tWfk() [groupName=android.permission-group.STORAGE granted=true doNotAskAgain=false]
10-25 21:40:29.962 3126 5084 W AudioPolicyIntefaceImpl: Skipped to add effects on session 518
10-25 21:40:29.962 3126 5084 I APM::AudioPolicyManager: startOutput() output 4, stream 1, session 518
10-25 21:40:29.962 17353 17353 V VRSystem: at (PermissionActivity.java:290) tWfk() [mResultName=android.permission-group.STORAGE groupNameandroid.permission-group.STORAGE]
10-25 21:40:29.962 17353 17390 V VRSystem: at (VrViewActivity.java:243) setTouchConfiguration() [setTouchConfiguration id=99 shouldCapture=true px=1042 py=837]
10-25 21:40:29.962 17353 17353 V VRSystem: at (PermissionActivity.java:319) bcjL() [showNextPermissionGroupGrantRequest() groupCount=1]
10-25 21:40:29.962 17353 17353 V VRSystem: at (PermissionActivity.java:334) bcjL() [showNextPermissionGroupGrantRequest() false]
10-25 21:40:29.962 17353 17353 V VRSystem: at (PermissionActivity.java:178) tWfk() [setResultAndFinish]
10-25 21:40:29.962 3126 3796 D audio_hw_primary: out_set_parameters: enter: kvpairs: routing=2
10-25 21:40:29.962 3126 3796 D AudioFlinger: setCurDevice() 0x2
10-25 21:40:29.972 3520 3542 D KnoxTimeoutHandler: notifyActivityDrawn [MsgParam] userId: 0 fullscreen is true showWhenlocked is true
10-25 21:40:29.972 3520 3520 D KnoxTimeoutHandler: activityDrawn [MsgParam] userId: 0 fullscreen is true showWhenlocked is true
10-25 21:40:29.972 3520 3520 I KnoxTimeoutHandler: SD activityfalse
10-25 21:40:29.972 3520 3542 D InputDispatcher: Focused application set to: xxxx
10-25 21:40:29.972 3126 3796 V audio_hw_primary: start_output_stream+, out->device : 00000002 , out->type = 1
10-25 21:40:29.982 17353 17390 V VRSystem: at (VrViewActivity.java:243) setTouchConfiguration() [setTouchConfiguration id=99 shouldCapture=true px=1041 py=837]
10-25 21:40:29.982 17353 17521 I VrApi : FPS=60,Prd=34ms,Tear=0,Early=0,Stale=0,VSnc=1,Lat=0,CPU4/GPU=2/2,1000/420MHz,OC=FF,TA=F0/F0/F0/0,SP=F/F/F/N,Mem=1026MHz,Free=1446MB,PSM=0,PLS=0,Temp=26.3C/26.0C
10-25 21:40:29.982 17353 17353 V VRSystem: at (VrViewActivity.java:230) dispatchGenericMotionEvent() [dispatchGenericMotionEvent event=MotionEvent { action=ACTION_HOVER_MOVE, actionButton=0, id[0]=0, x[0]=1280.0, y[0]=716.0, toolType[0]=TOOL_TYPE_MOUSE, buttonState=0, metaState=0, flags=0x1, edgeFlags=0x0, pointerCount=1, historySize=0, eventTime=84271032, downTime=84270776, deviceId=47, source=0x2002 }]
10-25 21:40:29.982 17353 17353 I Vsync : Choreographer doFrame callback delayed by 14.1 milliseconds
10-25 21:40:29.982 17353 17353 I Vsync : Vsync 4971999: Choreographer: 2 x 16.77 ms (60.22 Hz, at 84271.077)
10-25 21:40:29.992 17353 17353 V VRSystem: at (PermissionActivity.java:158) onPause() [onPause]
10-25 21:40:29.992 17353 17353 V VRSystem: at (VrViewActivity.java:89) onPause() [onPause appPtr=-300400640]
10-25 21:40:29.992 17353 17353 I App_Android: 0xee184000 nativePause
10-25 21:40:29.992 17353 17390 I App : 0xee184000 msg: pause
10-25 21:40:29.992 17353 17390 I App : AppLocal::LeaveVrMode()
10-25 21:40:29.992 17353 17390 V VRSystem: at (VrViewActivity.java:157) leavingVrMode() [leavingVrMode appPtr=-300400640]
10-25 21:40:29.992 17353 17390 W VrApi : out of order frame index (prev = 284, new = 284)
10-25 21:40:30.002 17353 17514 D VrApi : setSchedFifoStatic tid:17390 pto:0
10-25 21:40:30.012 3970 3998 V VRManagerServer: (VRManagerService.java:401) yTqX [setThreadSchedFifo pkg=com.samsung.android.hmt.vrsystem pid=17353 tid=17390 prio=0]
10-25 21:40:30.012 3970 3998 V VRManagerServer: (VRManagerService.java:405) yTqX [setAffinity pid=17390 cpus=[4, 5, 6, 7]]
10-25 21:40:30.012 17353 17514 D VRManagerGearVR: VRManager set thread priority to 0
10-25 21:40:30.012 17353 17514 I VrApi_Clocks: SetSchedFifo( tid=17390, pri=0 ) succeeded
10-25 21:40:30.042 17353 17390 I VrApi : ---------- vrapi_LeaveVrMode [start] ----------
10-25 21:40:30.042 17353 17390 I JniUtils: Using caller's JNIEnv
10-25 21:40:30.042 17353 17390 D InputHooksJava: Disabling Java Input Hooks
10-25 21:40:30.052 3126 3796 D audio_hw_primary: start_output_stream (0xf17eca80) out->pcm_device:6 out->config.rate:48000 out->config.format:0 out->period_size:240
10-25 21:40:30.052 3126 3796 D audio_hw_primary: start_output_stream (0xf17eca80) out->config.rate:48000 out->config.format:0 out->period_size:240
10-25 21:40:30.052 3126 3796 V audio_hw_primary: select_devices output_scenario:0 input_scenario:-1 out_snd_device 0x2 in_snd_device:0x0
10-25 21:40:30.052 3126 3796 I audio_route:
10-25 21:40:30.052 3126 3796 I audio_route: > audio_route_reset :
10-25 21:40:30.052 3126 3796 I audio_route:
10-25 21:40:30.052 3126 3796 I audio_route: > audio_route_apply_path : "media-speaker"
10-25 21:40:30.052 17353 17390 D VrApi : targetSDKVersion 23
10-25 21:40:30.052 17353 17390 I VrApi : DEVICE MODEL NUMBER = SM-G928T
10-25 21:40:30.052 17353 17390 I VrApi : DEVICE HARDWARE = samsungexynos7420
10-25 21:40:30.052 17353 17390 I VrApi : DEVICE BUILD NAME = MMB29K.G928TUVS4DPH2
10-25 21:40:30.052 17353 17390 I VrApi : DEVICE BUILD TYPE = user
10-25 21:40:30.052 17353 17390 I VrApi : DEVICE OS VERSION = 6.0.1
10-25 21:40:30.052 17353 17390 I VrApi : VRAPI VERSION = 1.0.4.1-293889-41586955 Oct 14 2016 14:14:35 Development RELEASE
10-25 21:40:30.052 17353 17390 I VrApi : VRAPI LOADER VERSION = 1.0.0.1
10-25 21:40:30.052 17353 17390 I VrApi : APP NAME = Gear VR System
10-25 21:40:30.052 17353 17390 I VrApi : APP VERSION = 1.0.27 versionCode 102700000 internalVersionName
10-25 21:40:30.052 17353 17390 I VrApi : APP VR TYPE = dual
10-25 21:40:30.052 17353 17390 I VrApi : APP PACKAGE NAME = com.samsung.android.hmt.vrsystem
10-25 21:40:30.052 17353 17390 I VrApi : APP ACTIVITY CLASS = com.samsung.android.hmt.vrsystem.permission.PermissionActivity
10-25 21:40:30.062 17353 17521 I VrApi : FPS=60,Prd=34ms,Tear=0,Early=0,Stale=0,VSnc=1,Lat=0,CPU4/GPU=2/2,1000/420MHz,OC=FF,TA=F0/F0/F0/0,SP=F/F/N/N,Mem=1026MHz,Free=1441MB,PSM=0,PLS=0,Temp=26.3C/26.0C
10-25 21:40:30.072 17378 17389 E SDKLoggingService: Unable to find AppId for package (com.samsung.android.hmt.vrsystem)
10-25 21:40:30.072 17378 17389 E SDKLoggingService: com.oculus.horizon.service.ExternalPlatformLocal$PackageNotInLibraryException: Package com.samsung.android.hmt.vrsystem not in users library
10-25 21:40:30.072 17378 17389 E SDKLoggingService: at com.oculus.horizon.service.ExternalPlatformLocal.getAppID(ExternalPlatformLocal.java:181)
10-25 21:40:30.072 17378 17389 E SDKLoggingService: at com.oculus.horizon.service.ExternalPlatformLocal.getAppID(ExternalPlatformLocal.java:142)
10-25 21:40:30.072 17378 17389 E SDKLoggingService: at com.oculus.horizon.service.ExternalPlatformLocal.getAppID(ExternalPlatformLocal.java:133)
10-25 21:40:30.072 17378 17389 E SDKLoggingService: at com.oculus.horizon.service.SDKLoggingService$1.log(SDKLoggingService.java:66)
10-25 21:40:30.072 17378 17389 E SDKLoggingService: at com.oculus.logging.sdk_logging.SDKLoggingInterface$Stub.onTransact(SDKLoggingInterface.java:50)
10-25 21:40:30.072 17378 17389 E SDKLoggingService: at android.os.Binder.execTransact(Binder.java:453)
10-25 21:40:30.082 17378 17389 E PresenceManager: Unknown app (com.samsung.android.hmt.vrsystem) logging presence.
10-25 21:40:30.082 17378 17389 E PresenceManager: com.oculus.horizon.service.ExternalPlatformLocal$PackageNotInLibraryException: Package com.samsung.android.hmt.vrsystem not in users library
10-25 21:40:30.082 17378 17389 E PresenceManager: at com.oculus.horizon.service.ExternalPlatformLocal.getAppID(ExternalPlatformLocal.java:181)
10-25 21:40:30.082 17378 17389 E PresenceManager: at com.oculus.horizon.service.ExternalPlatformLocal.getAppID(ExternalPlatformLocal.java:142)
10-25 21:40:30.082 17378 17389 E PresenceManager: at com.oculus.horizon.service.ExternalPlatformLocal.getAppID(ExternalPlatformLocal.java:133)
10-25 21:40:30.082 17378 17389 E PresenceManager: at com.oculus.horizon.platform.PresenceManager.logWasCalled(PresenceManager.java:257)
10-25 21:40:30.082 17378 17389 E PresenceManager: at com.oculus.horizon.service.SDKLoggingService$1.log(SDKLoggingService.java:73)
10-25 21:40:30.082 17378 17389 E PresenceManager: at com.oculus.logging.sdk_logging.SDKLoggingInterface$Stub.onTransact(SDKLoggingInterface.java:50)
10-25 21:40:30.082 17378 17389 E PresenceManager: at android.os.Binder.execTransact(Binder.java:453)
10-25 21:40:30.082 17353 17390 I VrApi : OVR::Stats thread stopped
10-25 21:40:30.082 17353 17390 I TimeWarp: ---------------- ~TimeWarpLocal() Start ----------------
10-25 21:40:30.082 17353 17390 I TimeWarp: pthread_join() called
10-25 21:40:30.082 17353 17514 I TimeWarp: ShutdownRequest received
10-25 21:40:30.082 17353 17514 I TimeWarp: WarpThreadShutdown()
10-25 21:40:30.082 17353 17514 I TimeWarp: Destroying 2 programs
10-25 21:40:30.092 17353 17514 I TimeWarp: Destroying 0 programs
10-25 21:40:30.092 17353 17514 I TimeWarp: Destroying 0 programs
10-25 21:40:30.092 17353 17514 I TimeWarp: Destroying 0 programs
10-25 21:40:30.092 17353 17514 I JniUtils: Using caller's JNIEnv
10-25 21:40:30.092 17353 17514 I DirectRender: 0xdde47140 DirectRender::Shutdown
10-25 21:40:30.092 17353 17514 I DirectRender: Calling java method
10-25 21:40:30.092 17353 17514 D libSEC_EGL: EGL : EGL_SEC_frontbuffer_set mode PASSED ...
10-25 21:40:30.092 17353 17514 I DirectRender: VrSurfaceManager::Shutdown
10-25 21:40:30.092 17353 17514 I TimeWarp: WarpThreadShutdown() - End
10-25 21:40:30.092 17353 17514 I TimeWarp: Exiting WarpThreadLoop()
10-25 21:40:30.092 17353 17390 I TimeWarp: pthread_join() returned
10-25 21:40:30.092 17353 17390 I TimeWarp: Destroyed pbuffer.
10-25 21:40:30.092 17353 17390 I TimeWarp: ---------------- ~TimeWarpLocal() End ----------------
10-25 21:40:30.092 17353 17390 I OutsideIn: OIT::Leave()
10-25 21:40:30.092 17353 17390 D VrApi : setSchedFifoStatic tid:17453 pto:0
10-25 21:40:30.102 3970 17298 V VRManagerServer: (VRManagerService.java:401) yTqX [setThreadSchedFifo pkg=com.samsung.android.hmt.vrsystem pid=17353 tid=17453 prio=0]
10-25 21:40:30.102 3970 17298 V VRManagerServer: (VRManagerService.java:405) yTqX [setAffinity pid=17453 cpus=[4, 5, 6, 7]]
10-25 21:40:30.102 17353 17390 D VRManagerGearVR: VRManager set thread priority to 0
10-25 21:40:30.102 17353 17390 I VrApi_Clocks: SetSchedFifo( tid=17453, pri=0 ) succeeded
10-25 21:40:30.102 17353 17513 I VrApi_Clocks: ReleaseClocks - start
10-25 21:40:30.112 17353 17513 D VrApi : releaseSystemPerformanceStatic
10-25 21:40:30.112 3970 17522 E VRManagerServer: (VRManagerService.java:455) QdBd [relFreq : com.samsung.android.hmt.vrsystem <-> com.samsung.android.hmt.vrsystem]
10-25 21:40:30.112 3970 17522 V VRManagerServer: (VRManagerService.java:751) yTqX [SetVrClocks : com.samsung.android.hmt.vrsystem (-1:-1)]
10-25 21:40:30.112 3970 17522 E VRManagerServer: (VRManagerService.java:455) QdBd [relFreq : freePass <-> null]
10-25 21:40:30.112 3970 17522 V VRManagerServer: (VRManagerService.java:950) wtkw [setCPUlevel : freePass (0:0)]
10-25 21:40:30.122 3970 17522 V VRManagerServer: (VRManagerService.java:998) QdBd [setGPUlevel : freePass (0:0)]
10-25 21:40:30.122 3970 17522 V VRManagerServer: (VRManagerService.java:1046) bHGb [setBUSlevel : freePass (0:0)]
10-25 21:40:30.122 17353 17513 I VrApi_Clocks: ReleaseClocks - end (14.6 ms)
10-25 21:40:30.122 17353 17390 I VrApi : OVR::Clocks thread stopped
10-25 21:40:30.122 17353 17390 I Vsync : Measured display refresh rate = 60.22 Hz
10-25 21:40:30.122 17353 17390 I Vsync : Stopped Choreographer doFrame() callback.
10-25 21:40:30.122 17353 17390 I VrApi : ovr_UnregisterStatsReceivers
10-25 21:40:30.122 17353 17390 D BatteryReceiver: Unregistering battery receiver
10-25 21:40:30.122 17353 17390 I HmdSensors: HmdSensors::StopSensor: stopped sensor.
10-25 21:40:30.122 17353 17453 I OVR : OVR::SensorDevice - Closed 'vid=04e8:pid=a500:ser=R322XXU0AOJ1'
10-25 21:40:30.122 17353 17453 I OVR : PhoneSensors::~PhoneSensors()
10-25 21:40:30.132 3520 4604 E Sensors : Mag old sensor_state 4, new sensor_state : 0 en : 0
10-25 21:40:30.132 17353 17453 I OVR : DeviceManagerThread::RemoveSelectFd 39 (Tid=17453)
10-25 21:40:30.132 17353 17453 I OVR : OVR::Android::HIDDevice - Closed vid=04e8:pid=a500:ser=R322XXU0AOJ1
10-25 21:40:30.132 17353 17453 I OVR : OVR::Android::HIDDevice - Shutdown vid=04e8:pid=a500:ser=R322XXU0AOJ1
10-25 21:40:30.132 17353 17453 I OVR : OVR::DeviceManager - shutting down.
10-25 21:40:30.132 17353 17453 I OVR : DeviceManagerThread - exiting (Tid=17453).
10-25 21:40:30.132 17353 17453 I OVR : DeviceManagerThread::RemoveSelectFd 36 (Tid=17453)
10-25 21:40:30.132 17353 17390 I VrApi : ---------- vrapi_LeaveVrMode [end] ----------
10-25 21:40:30.142 16325 16325 V VRSVC : (GrantPermissionsActivity.java:431) onActivityResult [onActivityResult name=[android.permission-group.STORAGE] granted=[true] doNotAskAgain=[false]]
10-25 21:40:30.142 16325 16325 V VRSVC : (GrantPermissionsActivity.java:445) yTqX [name=android.permission-group.STORAGE granted=true doNotAskAgain=false]
10-25 21:40:30.142 3520 3577 D GpsLocationProvider: setRequest ProviderRequest[OFF]
10-25 21:40:30.142 3520 3577 D GpsLocationProvider: stopNavigating
10-25 21:40:30.152 17353 17353 I Vsync : Choreographer doFrame callback delayed by 10.4 milliseconds
10-25 21:40:30.152 17353 17353 I Vsync : Vsync 4972009: Choreographer: 10 x 16.88 ms (60.10 Hz, at 84271.242)
10-25 21:40:30.152 3073 3407 D vold : Remounting 10273 as mode read
10-25 21:40:30.152 3126 3796 V audio_hw_primary: select_devices() output_route "media-speaker"
10-25 21:40:30.152 3126 3796 I audio_route:
10-25 21:40:30.152 3126 3796 I audio_route: > audio_route_apply_path : "gain-media-speaker"
10-25 21:40:30.152 3126 3796 V audio_hw_primary: select_devices() output_gain "gain-media-speaker"
10-25 21:40:30.152 3126 3796 I audio_route:
10-25 21:40:30.152 3126 3796 I audio_route: > audio_route_update_mixer : +
10-25 21:40:30.152 3126 3796 I audio_route: > audio_route_update_mixer : changed(0) -
10-25 21:40:30.152 3126 3796 I audio_hw_primary: select_devices -
10-25 21:40:30.152 3126 3796 V audio_hw_primary: start_output_stream-
10-25 21:40:30.172 3073 3407 D vold : Found matching PID 17329
10-25 21:40:30.192 16325 16325 V VRSVC : (GrantPermissionsActivity.java:345) QdBd [showNextPermissionGroupGrantRequest() groupCount=1]
10-25 21:40:30.192 16325 16325 V VRSVC : (GrantPermissionsActivity.java:418) QdBd [showNextPermissionGroupGrantRequest() false]
10-25 21:40:30.192 16325 16325 V VRSVC : (GrantPermissionsActivity.java:464) AmLH [setResultAndFinish]
10-25 21:40:30.202 3520 4392 D InputDispatcher: Focused application set to: xxxx
10-25 21:40:30.202 3520 4392 D InputDispatcher: Focus left window: 17353
10-25 21:40:30.202 3520 4928 D ActivityManager: post active user change for 0 fullscreen true isFloatingActivity() false isHomeActivity() false
10-25 21:40:30.202 3520 4928 D KnoxTimeoutHandler: postActiveUserChange [MsgParam] userId: 0 fullscreen is true showWhenlocked is false
10-25 21:40:30.202 3520 3520 D KnoxTimeoutHandler: handleActiveUserChange [MsgParam] userId: 0 fullscreen is true showWhenlocked is false
10-25 21:40:30.202 16325 16325 V VRSVC : (PermissionEvent.java:52) onReceive [action=com.samsung.intent.action.PERMISSION_SET_RESULT_AND_FINISH]
10-25 21:40:30.202 3520 3520 I KnoxTimeoutHandler: Shared devices show user statefalse
10-25 21:40:30.232 3520 3598 I art : Explicit concurrent mark sweep GC freed 52560(3MB) AllocSpace objects, 4(10MB) LOS objects, 23% free, 51MB/67MB, paused 9.359ms total 359.671ms
10-25 21:40:30.232 3520 3598 D PointerIcon: setMouseIconStyle1 pointerType: 1001 iconType:101 flag:0 pid:3520 uid:1000
10-25 21:40:30.232 3520 3598 D PointerIcon: setMouseCustomIcon IconType is same.101
10-25 21:40:30.232 3520 3598 D PointerIcon: setHoveringSpenIconStyle1 pointerType: 10001 iconType:1 flag:0 pid:3520 uid:1000
10-25 21:40:30.232 3520 3598 D PointerIcon: setHoveringSpenCustomIcon IconType is same.1
10-25 21:40:30.242 3126 3677 I APM::AudioPolicyManager: stopOutput() output 4, stream 1, session 518
10-25 21:40:30.252 3520 4387 D ActivityManager: post active user change for 0 fullscreen true isFloatingActivity() false isHomeActivity() false
10-25 21:40:30.252 3520 4387 D KnoxTimeoutHandler: postActiveUserChange [MsgParam] userId: 0 fullscreen is true showWhenlocked is false
10-25 21:40:30.252 3520 3520 D KnoxTimeoutHandler: handleActiveUserChange [MsgParam] userId: 0 fullscreen is true showWhenlocked is false
10-25 21:40:30.252 3520 3520 I KnoxTimeoutHandler: Shared devices show user statefalse
10-25 21:40:30.252 3099 3099 I SurfaceFlinger: id=874 createSurf (2560x1440),2 flag=404, TurfaceView
10-25 21:40:30.262 3520 4533 V WindowStateAnimator: Finishing drawing window Window{2179f08 u0 d0 SurfaceView}: mDrawState=DRAW_PENDING
10-25 21:40:30.262 3099 3099 I SurfaceFlinger: id=875 createSurf (2560x1440),1 flag=4, VnityPlayer
10-25 21:40:30.262 4130 4130 D PhoneStatusBar: setSystemUiVisibility vis=8000 mask=ffffffff oldVal=8600 newVal=8000 diff=600
10-25 21:40:30.262 3520 3542 D InputDispatcher: Focus entered window: 17329
10-25 21:40:30.262 3520 3598 D PointerIcon: setMouseIconStyle1 pointerType: 1001 iconType:101 flag:0 pid:3520 uid:1000
10-25 21:40:30.262 3520 3598 D PointerIcon: setMouseCustomIcon IconType is same.101
10-25 21:40:30.262 3520 3598 D PointerIcon: setHoveringSpenIconStyle1 pointerType: 10001 iconType:1 flag:0 pid:3520 uid:1000
10-25 21:40:30.262 3520 3598 D PointerIcon: setHoveringSpenCustomIcon IconType is same.1
10-25 21:40:30.272 3520 3543 V WindowStateAnimator: Finishing drawing window Window{2179f08 u0 d0 SurfaceView}: mDrawState=READY_TO_SHOW
10-25 21:40:30.272 17329 17329 D ViewRootImpl: MSG_RESIZED_REPORT: ci=Rect(0, 0 - 0, 0) vi=Rect(0, 0 - 0, 0) or=2
10-25 21:40:30.272 3520 4534 D InputMethodManagerService: windowGainedFocus mCurrentFocusedUserId - 0 and mSecureKeypadEnabled-false
10-25 21:40:30.272 13979 13979 D SamsungIME: IMPL finishInput
10-25 21:40:30.272 13979 13979 D SamsungIME: SwiftKeyWrapper writeDBdataToFileOnFinishInput
10-25 21:40:30.272 13979 13979 D SamsungIME: saveAndClear +
10-25 21:40:30.272 13979 13979 D SamsungIME: saveAndClear -
10-25 21:40:30.272 13979 13979 D SamsungIME: onStartInput: No inputType, No imeOption, isInputViewShown = false, isExtractViewShown = false, isShowInputRequested = false, isConfigChanged = false
10-25 21:40:30.292 17329 17589 W System.err: remove failed: ENOENT (No such file or directory) : /data/user/0/com.foo.ProductName/shared_prefs/com.foo.ProductName.v2.playerprefs.xml.bak
10-25 21:40:30.312 3520 4925 V WindowStateAnimator: Finishing drawing window Window{24a0d25 u0 d0 com.foo.ProductName/com.unity3d.player.UnityPlayerActivity}: mDrawState=DRAW_PENDING
10-25 21:40:30.322 3099 3099 D libEGL : eglInitialize EGLDisplay = 0x7fc6961138
10-25 21:40:30.322 3520 3598 D KnoxTimeoutHandler: notifyActivityDrawn [MsgParam] userId: 0 fullscreen is true showWhenlocked is true
10-25 21:40:30.322 3520 3520 D KnoxTimeoutHandler: activityDrawn [MsgParam] userId: 0 fullscreen is true showWhenlocked is true
10-25 21:40:30.322 3520 3520 I KnoxTimeoutHandler: SD activityfalse
10-25 21:40:30.322 3520 4287 D KnoxTimeoutHandler: notifyActivityDrawn [MsgParam] userId: 0 fullscreen is true showWhenlocked is true
10-25 21:40:30.322 3520 3520 D KnoxTimeoutHandler: activityDrawn [MsgParam] userId: 0 fullscreen is true showWhenlocked is true
10-25 21:40:30.322 3520 3520 I KnoxTimeoutHandler: SD activityfalse
10-25 21:40:30.322 17329 17329 I Timeline: Timeline: Activity_idle id: android.os.BinderProxy@7455395 time:84271416
10-25 21:40:30.322 16325 16325 V VRSVC : (GrantPermissionsActivity.java:295) onDestroy [onDestroy()]
10-25 21:40:30.322 3520 3598 D KnoxTimeoutHandler: notifyActivityDrawn [MsgParam] userId: 0 fullscreen is true showWhenlocked is true
10-25 21:40:30.322 3520 3520 D KnoxTimeoutHandler: activityDrawn [MsgParam] userId: 0 fullscreen is true showWhenlocked is true
10-25 21:40:30.322 3520 3520 I KnoxTimeoutHandler: SD activityfalse
10-25 21:40:30.332 3520 4534 D KnoxTimeoutHandler: notifyActivityDrawn [MsgParam] userId: 0 fullscreen is true showWhenlocked is true
10-25 21:40:30.332 3520 3520 D KnoxTimeoutHandler: activityDrawn [MsgParam] userId: 0 fullscreen is true showWhenlocked is true
10-25 21:40:30.332 3520 3520 I KnoxTimeoutHandler: SD activityfalse
10-25 21:40:30.342 17353 17353 D VrApp : com.oculus.vrappframework.VrApp@e11a381 surfaceDestroyed()
10-25 21:40:30.342 17353 17353 I App_Android: 0xee184000 nativeSurfaceDestroyed()
10-25 21:40:30.342 17353 17390 I App : 0xee184000 msg: surfaceDestroyed
10-25 21:40:30.342 17353 17390 I App_Android: AppLocal::DestroyWindowSurface()
10-25 21:40:30.342 3099 3289 E BufferQueueProducer: [SurfaceView] cancelBuffer: slot 1 is not owned by the producer (state = 3)
10-25 21:40:30.342 3099 4021 D libEGL : eglTerminate EGLDisplay = 0x7f8d6fee78
10-25 21:40:30.342 17353 17353 I App_Android: ANativeWindow_release( pendingNativeWindow )
10-25 21:40:30.342 3099 4634 D libEGL : eglTerminate EGLDisplay = 0x7f8b48de78
10-25 21:40:30.342 17329 17343 E Unity : Unable to find AudioPluginOculusSpatializer
10-25 21:40:30.352 3520 4604 D KnoxTimeoutHandler: notifyActivityDrawn [MsgParam] userId: 0 fullscreen is true showWhenlocked is true
10-25 21:40:30.352 3520 3520 D KnoxTimeoutHandler: activityDrawn [MsgParam] userId: 0 fullscreen is true showWhenlocked is true
10-25 21:40:30.352 3520 3520 I KnoxTimeoutHandler: SD activityfalse
10-25 21:40:30.352 3099 4021 D libEGL : eglTerminate EGLDisplay = 0x7f8d6fee78
10-25 21:40:30.352 3099 4021 D libEGL : eglTerminate EGLDisplay = 0x7f8d6fee78
10-25 21:40:30.352 17353 17429 D OpenGLRenderer: endAllActiveAnimators on 0xdacb2b80 (RippleDrawable) with handle 0xdef915c0
10-25 21:40:30.352 3520 4928 D KnoxTimeoutHandler: notifyActivityDrawn [MsgParam] userId: 0 fullscreen is true showWhenlocked is true
10-25 21:40:30.352 3520 3520 D KnoxTimeoutHandler: activityDrawn [MsgParam] userId: 0 fullscreen is true showWhenlocked is true
10-25 21:40:30.352 3520 3520 I KnoxTimeoutHandler: SD activityfalse
10-25 21:40:30.362 17329 17343 D libEGL : loaded /vendor/lib/egl/libGLES_mali.so
10-25 21:40:30.372 17329 17343 D libEGL : eglInitialize EGLDisplay = 0xeec6b33c
10-25 21:40:30.372 17329 17343 D : ro.exynos.dss isEnabled: 0
10-25 21:40:30.372 17329 17343 D libEGL : eglInitialize EGLDisplay = 0xeec6b304
10-25 21:40:30.372 17329 17343 D libEGL : eglInitialize EGLDisplay = 0xeec6b2e4
10-25 21:40:30.382 17329 17343 D : ro.exynos.dss isEnabled: 0
10-25 21:40:30.382 17329 17343 D : ro.exynos.dss isEnabled: 0
10-25 21:40:30.382 17329 17343 D Unity : GL_EXT_debug_marker GL_ARM_rgba8 GL_ARM_mali_shader_binary GL_OES_depth24 GL_OES_depth_texture GL_OES_depth_texture_cube_map GL_OES_packed_depth_stencil GL_OES_rgb8_rgba8 GL_EXT_read_format_bgra GL_OES_compressed_paletted_texture GL_OES_compressed_ETC1_RGB8_texture GL_OES_standard_derivatives GL_OES_EGL_image GL_OES_EGL_image_external GL_OES_EGL_sync GL_OES_texture_npot GL_OES_vertex_half_float GL_OES_required_internalformat GL_OES_vertex_array_object GL_OES_mapbuffer GL_EXT_texture_format_BGRA8888 GL_EXT_texture_rg GL_EXT_texture_type_2_10_10_10_REV GL_OES_fbo_render_mipmap GL_OES_element_index_uint GL_EXT_shadow_samplers GL_OES_texture_compression_astc GL_KHR_texture_compression_astc_ldr GL_KHR_texture_compression_astc_hdr GL_KHR_debug GL_EXT_occlusion_query_boolean GL_EXT_disjoint_timer_query GL_EXT_blend_minmax GL_EXT_discard_framebuffer GL_OES_get_program_binary GL_OES_texture_3D GL_EXT_texture_storage GL_EXT_multisampled_render_to_texture GL_OES_surfaceless_context GL_OES_texture_stencil8 GL_EXT_shade
10-25 21:40:30.382 17329 17343 D Unity : r_pixel_local_storage GL_ARM_shader_framebuffer_fetch GL_ARM_shader_framebuffer_fetch_depth_stencil GL_ARM_mali_program_binary GL_EXT_sRGB GL_EXT_sRGB_write_control GL_EXT_texture_sRGB_decode GL_KHR_blend_equation_advanced GL_KHR_blend_equation_advanced_coherent GL_OES_texture_storage_multisample_2d_array GL_OES_shader_image_atomic GL_EXT_robustness GL_EXT_draw_buffers_indexed GL_OES_draw_buffers_indexed GL_EXT_texture_border_clamp GL_OES_texture_border_clamp GL_EXT_texture_cube_map_array GL_OES_texture_cube_map_array GL_OES_sample_variables GL_OES_sample_shading GL_OES_shader_multisample_interpolation GL_EXT_shader_io_blocks GL_OES_shader_io_blocks GL_EXT_tessellation_shader GL_OES_tessellation_shader GL_EXT_primitive_bounding_box GL_OES_primitive_bounding_box GL_EXT_geometry_shader GL_OES_geometry_shader GL_ANDROID_extension_pack_es31a GL_EXT_gpu_shader5 GL_OES_gpu_shader5 GL_EXT_texture_buffer GL_OES_texture_buffer GL_EXT_copy_image GL_OES_copy_image GL_EXT_color_buffer_half_float GL_EXT_color_buffer_floa
10-25 21:40:30.382 17329 17343 D Unity : t GL_OVR_multiview GL_OVR_multiview2 GL_OVR_multiview_multisampled_render_to_texture
10-25 21:40:30.382 3520 4645 D KnoxTimeoutHandler: notifyActivityDrawn [MsgParam] userId: 0 fullscreen is true showWhenlocked is true
10-25 21:40:30.382 3520 3520 D KnoxTimeoutHandler: activityDrawn [MsgParam] userId: 0 fullscreen is true showWhenlocked is true
10-25 21:40:30.392 3520 4645 D KnoxTimeoutHandler: notifyActivityDrawn [MsgParam] userId: 0 fullscreen is true showWhenlocked is true
10-25 21:40:30.392 3520 3520 I KnoxTimeoutHandler: SD activityfalse
10-25 21:40:30.392 3520 3520 D KnoxTimeoutHandler: activityDrawn [MsgParam] userId: 0 fullscreen is true showWhenlocked is true
10-25 21:40:30.392 3520 3520 I KnoxTimeoutHandler: SD activityfalse
10-25 21:40:30.392 4130 4130 D PhoneStatusBar: setSystemUiVisibility vis=9706 mask=ffffffff oldVal=8000 newVal=9706 diff=1706
10-25 21:40:30.422 17329 17343 D libGLESv2: DTS_GLAPI : DTS is not allowed for Package : com.foo.ProductName
10-25 21:40:30.452 3126 4063 W AudioPolicyIntefaceImpl: Skipped to add effects on session 519
10-25 21:40:30.452 3126 4063 I APM::AudioPolicyManager: startOutput() output 4, stream 3, session 519
