10-25 21:40:12.962 3520 4007 D CAE : onGetSensorHubData(SensorHubParserProvider.java:92) - onGetSensorHubData Event [event buffer len :4], AP_WAKEUP
10-25 21:40:12.962 3520 4007 I CAE : parse(SensorHubParserProvider.java:188) - buffer size = 4
10-25 21:40:12.962 3520 4007 I CAE : parse(SensorHubParserProvider.java:199) - 1, 1, 7, -1,
10-25 21:40:12.962 3520 4007 D CAE : display(ContextProvider.java:375) - ================= AUTO_ROTATION =================
10-25 21:40:12.962 3520 4007 I CAE : display(ContextProvider.java:391) - Angle=[-1]
10-25 21:40:12.962 3520 4010 D SContextService: updateSContext() : event = Auto Rotation
10-25 21:40:13.122 3520 4089 D lights : button : 0 +
10-25 21:40:13.142 3520 4089 D lights : button : 0 -
10-25 21:40:13.402 16068 16111 E : [mtp_simple_sink_thread, 321] !!!!!! read failed errno [5], error [I/O error]
10-25 21:40:13.402 3102 3176 D DataRouter: After the usb select
10-25 21:40:13.402 3102 3176 D DataRouter: read length is zero
10-25 21:40:13.402 3102 3176 D DataRouter: dr_usb_deinit
10-25 21:40:13.402 3102 3176 D DataRouter: dr_usb_init
10-25 21:40:13.402 3520 3985 D SecContentProvider: insert(), uri = 2
10-25 21:40:13.402 3102 3176 E DataRouter: USB Interface is open with 0x7
10-25 21:40:13.402 3102 3176 D DataRouter: USB interface is now configured for usb_fd = 0x7
10-25 21:40:13.402 16068 16111 E : [mtp_simple_sink_thread 368] read error [0] [Success]
10-25 21:40:13.402 16068 16068 W MTPRx : notification from stack 21
10-25 21:40:13.402 16068 16068 E MTPRx : Read Error Came false
10-25 21:40:13.402 16068 16068 E MTPRx : Read Error Came so calling usbRemoved()
10-25 21:40:13.402 16068 16099 E MTPRx : state from USB_STATE event DISCONNECTED
10-25 21:40:13.402 16068 16099 E MTPRx : stop observing and calling usbRemoved
10-25 21:40:13.402 16068 16068 W MTPRx : MTP_RUNNING_STATUS = 1
10-25 21:40:13.402 16068 16099 W MTPRx : MTP_RUNNING_STATUS = 1
10-25 21:40:13.402 16068 16068 E MTPRx : sendbooster is false!
10-25 21:40:13.402 16068 16099 E MTPRx : sendbooster is false!
10-25 21:40:13.402 16068 16068 E MTPRx : In usbRemoved Status bar enabled
10-25 21:40:13.402 16068 16099 E MTPRx : In usbRemoved Status bar enabled
10-25 21:40:13.402 16068 16068 V MtpMediaDBManager: inside getMyfilesDBList
10-25 21:40:13.402 16068 16099 V MtpMediaDBManager: inside getMyfilesDBList
10-25 21:40:13.412 16068 16068 E MtpMediaDBManager: updateMyfilesDB Count :0
10-25 21:40:13.412 16068 16068 V MtpMediaDBManager: start updateMyfilesDB
10-25 21:40:13.412 16068 16068 V MtpMediaDBManager: finish getMyfilesDBList
10-25 21:40:13.422 16068 16068 E MTPRx : Sending Broadcast finish
10-25 21:40:13.432 16068 16099 E MtpMediaDBManager: updateMyfilesDB Count :0
10-25 21:40:13.432 16068 16099 V MtpMediaDBManager: start updateMyfilesDB
10-25 21:40:13.432 16068 16099 V MtpMediaDBManager: finish getMyfilesDBList
10-25 21:40:13.442 16068 16068 E MtpService: onDestroy.
10-25 21:40:13.452 16068 16099 E MTPRx : Sending Broadcast finish
10-25 21:40:13.462 16068 16068 E MtpService: Unregister Mtp disable Receiver
10-25 21:40:13.462 16068 16068 E MtpService: Receiver not registered: com.samsung.android.MtpApplication.MtpService$1@eddc745
10-25 21:40:13.462 16068 16068 E MtpService: Unregister mtpEmergencyReceiver
10-25 21:40:13.462 16068 16068 E MtpService: Receiver not registered: com.samsung.android.MtpApplication.MtpService$2@b830e9a
10-25 21:40:13.462 16068 16068 E MtpService: unregistering mtpMediaReceiver in UnregisterAllIntent
10-25 21:40:13.462 16068 16068 E MtpService: Receiver not registered: com.samsung.android.MtpApplication.MtpService$3@6c09bbc
10-25 21:40:13.462 16068 16068 E MTPJNIInterface: noti = 3
10-25 21:40:13.472 3520 3584 D BluetoothAdapter: STATE_BLE_ON
10-25 21:40:13.472 4590 4590 D BatteryMonitor: new battery level: 100
10-25 21:40:13.482 16068 16068 D : USB_MTP_ENABLED AND usb_ptp_enabled!
10-25 21:40:13.482 16068 16068 D : __mtp_handler_eh_notify: USB plugged out.
10-25 21:40:13.482 16068 16068 D : [__mtp_handler_eh_notify:627] is_connected = 1 and is_enumeration_finished = 1
10-25 21:40:13.482 16068 16068 D : [__mtp_handler_eh_notify:668] Enumeration is Complete and hence exiting the Mtp App
10-25 21:40:13.482 16068 16068 D : gbin_sem_mtp semphore destroy successful
10-25 21:40:13.482 16068 16068 D : [__mtp_handler_eh_notify:732] sending event to event handler thread to close...
10-25 21:40:13.482 16068 16068 D : [__mtp_handler_eh_notify:741] starting mtp_deinitialize() ...
10-25 21:40:13.482 16068 16068 D : cleaning MP3 properties
10-25 21:40:13.482 16068 16068 D : cleaning WMA properties
10-25 21:40:13.482 16068 16068 D : cleaning WMV properties
10-25 21:40:13.482 16068 16068 D : cleaning ALBUM properties
10-25 21:40:13.482 16068 16068 D : cleaning default properties
10-25 21:40:13.482 3520 3520 I Tethering: BATTERY_CHANGED, level = 100lowBatteryThreshold = 15
10-25 21:40:13.482 16068 16068 D : [__mtp_handler_eh_notify:773] Checking for MMC_INSERTED and kill data threads ...
10-25 21:40:13.482 16068 16068 D : [__mtp_handler_eh_notify:784] calling mtp_g_fs_mtp_init() ...
10-25 21:40:13.482 16068 16068 D : ************** In mtp_g_fs_mtp_init to kill the threads
10-25 21:40:13.482 16068 16068 D : [mtp_g_fs_mtp_init] ********* gfs_mode = 0 mtp_clean_usb_driver
10-25 21:40:13.482 16068 16068 D : [mtp_g_fs_mtp_init] ************ Calling mtp_usb_mtp_finalize fn
10-25 21:40:13.482 16068 16068 E : ****** [mtp_usb_mtp_finalize 1269] mtp_close_fd Calling
10-25 21:40:13.482 16068 16068 E : [mtp_close_fd 127] fd = 25...
10-25 21:40:13.482 16068 16068 E : [mtp_close_fd 132] USB endpoint [25] closed...
10-25 21:40:13.482 16068 16068 E : ****** [mtp_usb_mtp_finalize 1272] Updating the gInitializeFlag Flag to FALSE
10-25 21:40:13.482 16068 16068 E : ****** [mtp_usb_mtp_finalize 1275] Calling mtp_stop_io
10-25 21:40:13.482 16068 16068 D : mtp_stop_io going to kill source thread, th_source value = 1
10-25 21:40:13.512 3520 3520 I Tethering: Unplugged
10-25 21:40:13.532 4130 4130 D KeyguardUpdateMonitor: received broadcast android.intent.action.BATTERY_CHANGED
10-25 21:40:13.542 4130 4130 D KeyguardUpdateMonitor: handleBatteryUpdate
10-25 21:40:13.542 3520 3520 D EdgeLight: Turning off
10-25 21:40:13.542 20930 20942 D CatchNotificationsService: onNotificationRemoved
10-25 21:40:13.542 20930 20942 D CatchNotificationsService: Notification removed
10-25 21:40:13.542 4371 4383 D PeopleNotiListenerService: onEdgeNotificationRemoved() : pkg android,id=0,extra=Bundle[mParcelledData.dataSize=112]
10-25 21:40:13.542 4371 4383 D PeopleNotiListenerService: onEdgeNotificationRemoved() : pkg com.android.systemui,id=2131624021,extra=Bundle[mParcelledData.dataSize=84]
10-25 21:40:13.542 4371 4371 D PeopleNotiListenerService: removeEdgeNotification:Bundle[{samsung.notification.id=0, samsung.people.package_name=android, samsung.people.notification_type=led_indicator}]
10-25 21:40:13.552 4371 4371 D PeopleNotiListenerService: removeEdgeNotification:Bundle[{samsung.notification.id=2131624021, samsung.notification.type=normal, samsung.people.package_name=com.android.systemui}]
10-25 21:40:13.552 4371 4371 I PeopleStripeService: PeopleNotificationReceiver:3
10-25 21:40:13.552 4523 4523 I CocktailBarUiController: onUpdateCocktail: 4
10-25 21:40:13.552 4523 4523 I CocktailBarPanelManager: updatePanelItem: updateContainedPanel - 4
10-25 21:40:13.552 4523 4523 D CatchNotificationsView: setData
10-25 21:40:13.552 4371 4371 I PeopleStripeService: sendEdgeNotification peopleEnabled true lightingEnabled true edgeEnabled true
10-25 21:40:13.552 4371 4371 I PeopleDataManager: removeNotification
10-25 21:40:13.552 4371 4371 I NotificationParser: getNotiType:android,led_indicator
10-25 21:40:13.552 4371 4371 D PeopleDataManager: removeNotiInfo: id =0,packageName=android,isEdgeNotification=true,key=null,removeAll=false
10-25 21:40:13.552 4371 4371 D PeopleDataManager: removeNotiInfo =null
10-25 21:40:13.552 4371 4371 I PeopleStripeService: PeopleNotificationReceiver:3
10-25 21:40:13.552 4371 4371 I PeopleStripeService: sendEdgeNotification peopleEnabled true lightingEnabled true edgeEnabled true
10-25 21:40:13.552 4371 4371 I PeopleDataManager: removeNotification
10-25 21:40:13.552 4371 4371 I NotificationParser: getNotiType:com.android.systemui,null
10-25 21:40:13.552 4371 4371 D PeopleDataManager: removeNotiInfo: id =2131624021,packageName=com.android.systemui,isEdgeNotification=false,key=null,removeAll=false
10-25 21:40:13.552 4523 4523 D CatchNotificationsView: Notification removed
10-25 21:40:13.552 4371 4371 D PeopleDataManager: removeNotiInfo =null
10-25 21:40:13.552 4523 4523 D CatchNotificationsView: No notifications left to remove
10-25 21:40:13.552 4523 4523 D CatchNotificationsView: makeNoNotificationsPanel
10-25 21:40:13.552 4523 4523 D PanelDescriptionView: updateHelpView: Apps edge2130903045 --> 2130903045 helpview reapplied:0
10-25 21:40:13.552 4523 4523 D CocktailBarUiController: postUpdatePanel: 257
10-25 21:40:13.552 4130 4130 D PhoneStatusBar: removeNotification key=-1|com.android.systemui|2131624021|charging_state|10071 old=StatusBarNotification(pkg=com.android.systemui user=UserHandle{-1} id=2131624021 tag=charging_state score=-20 key=-1|com.android.systemui|2131624021|charging_state|10071: Notification(pri=-2 contentView=com.android.systemui/0x10900a3 vibrate=null sound=null defaults=0x0 flags=0xa color=0xff7792a9 category=sys vis=PUBLIC secFlags=0x0 secPriority=0))
10-25 21:40:13.552 4130 4130 D PhoneStatusBar: setAreThereNotifications: N=4 any=true clearable=true
10-25 21:40:13.562 3520 3520 I CAE : handleMessage(CaPowerManager.java:197) - POWER_DISCONNECTED
10-25 21:40:13.562 3520 3520 I CAE : sendCmdToSensorHub(SensorHubCommManager.java:162) - -76, 13, -41, 0,
10-25 21:40:13.562 3520 3520 D SensorHubManager: SendSensorHubData: send data = -76, 13, -41, 0
10-25 21:40:13.562 3135 3135 D Sensorhubs: sendContextData: -76, 13, -41, 0
10-25 21:40:13.572 16548 16548 I SAAutoConnectionManager: Intent Action: android.intent.action.ACTION_POWER_DISCONNECTED
10-25 21:40:13.602 15768 16968 W fb4a(:):UserScope: Called user scoped provider with no viewer. ViewerContextManager was created with no ViewerContext. Using EmptyViewerContextManager to return fake logged in instance.
10-25 21:40:13.602 15768 16968 W fb4a(:):UserScope: Called user scoped provider with no viewer. ViewerContextManager was created with no ViewerContext. Using EmptyViewerContextManager to return fake logged in instance.
10-25 21:40:13.602 15768 16968 W fb4a(:):QeInternalImpl: The sessioned store is not available. Are you fetching sessioned quick experiment data while the user is logged out?
10-25 21:40:13.622 15292 15365 V mfl_ApiLib_CloudGatewaySignInUtils: ::isSignedIn()
10-25 21:40:13.622 16969 16969 E Zygote : v2
10-25 21:40:13.622 15292 15365 V mfl_ApiLib_CloudGatewaySignInUtils: ::isSignedIn()
10-25 21:40:13.622 16969 16969 I SELinux : Function: selinux_compare_spd_ram, index[1], SPD-policy is existed. and_ver=SEPF_SECMOBILE_6.0.1 ver=11
10-25 21:40:13.622 16969 16969 W SELinux : Function: selinux_compare_spd_ram, index[1], priority [2], priority version is VE=SEPF_SECMOBILE_6.0.1_0013
10-25 21:40:13.622 16969 16969 E Zygote : accessInfo : 0
10-25 21:40:13.622 16969 16969 W SELinux : SELinux: seapp_context_lookup: seinfo=platform, level=s0:c512,c768, pkgname=com.sec.app.TransmitPowerService
10-25 21:40:13.642 5329 16963 D MediaProvider: savePlaylistTableInBulkDeleter started
10-25 21:40:13.642 5329 16963 D MediaProvider: savePlaylistTableInBulkDeleter started - audio_playlists_map_personal_cache existed
10-25 21:40:13.642 5329 16963 D MediaProvider: savePlaylistTableInBulkDeleter started - audio_playlists_map_personal_cache is empty
10-25 21:40:13.642 5329 16963 D MediaProvider: savePlaylistTableInBulkDeleter finished
10-25 21:40:13.652 5329 16963 D MediaScanner: getExternalStorageSdPath return null
10-25 21:40:13.652 16969 16969 D TimaKeyStoreProvider: TimaSignature is unavailable
10-25 21:40:13.652 16969 16969 D ActivityThread: Added TimaKeyStore provider
10-25 21:40:13.652 5329 16963 D MediaScanner: Prescan. DB items number : 199 DB_FILES_NUMBER_CACHING_LIMITATION : 7000 Caching mode : true
10-25 21:40:13.662 16969 16969 I InjectionManager: Inside getClassLibPath + mLibMap{0=, 1=}
10-25 21:40:13.672 16969 16969 I InjectionManager: Inside getClassLibPath caller
10-25 21:40:13.672 16969 16969 W System : ClassLoader referenced unknown path: /system/priv-app/TransmitPowerService/lib/arm64
10-25 21:40:13.682 16969 16969 D InjectionManager: InjectionManager
10-25 21:40:13.682 16969 16969 D InjectionManager: fillFeatureStoreMap com.sec.app.TransmitPowerService
10-25 21:40:13.682 16969 16969 I InjectionManager: Constructor com.sec.app.TransmitPowerService, Feature store :{}
10-25 21:40:13.682 16969 16969 I InjectionManager: featureStore :{}
10-25 21:40:13.682 16969 16969 I DeviceStateReceiver: onReceive
10-25 21:40:13.682 16969 16969 V DeviceStateReceiver: beginStartingService
10-25 21:40:13.682 5329 16963 I CMHServiceInterface: binding to CMH
10-25 21:40:13.682 16969 16969 V RequestService: Creating TransmitPowerService
10-25 21:40:13.682 16969 16969 V RequestService: Starting #1: null
10-25 21:40:13.692 16969 16988 V RequestService: Handling incoming message: { when=-1ms what=0 arg1=1 obj=Intent { act=android.intent.action.ACTION_POWER_DISCONNECTED flg=0x4000010 cmp=com.sec.app.TransmitPowerService/.RequestService bqHint=4 } target=com.sec.app.TransmitPowerService.RequestService$ServiceHandler }
10-25 21:40:13.692 16989 16989 E Zygote : v2
10-25 21:40:13.692 16989 16989 I SELinux : Function: selinux_compare_spd_ram, index[1], SPD-policy is existed. and_ver=SEPF_SECMOBILE_6.0.1 ver=11
10-25 21:40:13.692 16989 16989 W SELinux : Function: selinux_compare_spd_ram, index[1], priority [2], priority version is VE=SEPF_SECMOBILE_6.0.1_0013
10-25 21:40:13.692 16989 16989 E Zygote : accessInfo : 0
10-25 21:40:13.702 16969 16988 V DeviceStateReceiver: finishStartingService
10-25 21:40:13.702 16969 16969 V RequestService: Destroying TransmitPowerService
10-25 21:40:13.712 17001 17001 E Zygote : v2
10-25 21:40:13.712 17001 17001 I SELinux : Function: selinux_compare_spd_ram, index[1], SPD-policy is existed. and_ver=SEPF_SECMOBILE_6.0.1 ver=11
10-25 21:40:13.712 17001 17001 W SELinux : Function: selinux_compare_spd_ram, index[1], priority [2], priority version is VE=SEPF_SECMOBILE_6.0.1_0013
10-25 21:40:13.712 17001 17001 E Zygote : accessInfo : 0
10-25 21:40:13.712 17001 17001 W SELinux : SELinux: seapp_context_lookup: seinfo=platform, level=s0:c512,c768, pkgname=com.samsung.cmh:CMH
10-25 21:40:13.712 16989 16989 D TimaKeyStoreProvider: TimaSignature is unavailable
10-25 21:40:13.712 16989 16989 D ActivityThread: Added TimaKeyStore provider
10-25 21:40:13.722 5329 16963 D CMHServiceInterface: Deleting for id:[432, 433]
10-25 21:40:13.732 17001 17001 D TimaKeyStoreProvider: TimaSignature is unavailable
10-25 21:40:13.732 17001 17001 D ActivityThread: Added TimaKeyStore provider
10-25 21:40:13.732 5329 16963 E MtpServerJNI: server is null in send_object_removed
10-25 21:40:13.732 5329 16963 E MtpServerJNI: server is null in send_object_removed
10-25 21:40:13.732 16989 16989 I InjectionManager: Inside getClassLibPath + mLibMap{0=, 1=}
10-25 21:40:13.742 16989 16989 I InjectionManager: Inside getClassLibPath caller
10-25 21:40:13.742 5329 16963 V MediaScanner: processDirectory : /storage/emulated/0
10-25 21:40:13.742 16989 16989 W System : ClassLoader referenced unknown path: /system/app/KnoxSwitcher/lib/arm64
10-25 21:40:13.742 16989 16989 D KnoxUsageDB: getInstance - KnoxUsageDBHelper
10-25 21:40:13.742 16989 16989 D KnoxUsageDB: null == mDbHelperInstance - KnoxUsageDBHelper
10-25 21:40:13.742 15292 15365 V mfl_ApiLib_CloudGatewaySignInUtils: ::isSignedIn()
10-25 21:40:13.742 15292 15365 V mfl_ApiLib_CloudGatewaySignInUtils: ::isSignedIn()
10-25 21:40:13.742 16989 16989 D InjectionManager: InjectionManager
10-25 21:40:13.742 16989 16989 D InjectionManager: fillFeatureStoreMap com.sec.knox.switcher
10-25 21:40:13.742 16989 16989 I InjectionManager: Constructor com.sec.knox.switcher, Feature store :{}
10-25 21:40:13.742 16989 16989 I InjectionManager: featureStore :{}
10-25 21:40:13.742 16989 16989 I usagelog: received in receiver
10-25 21:40:13.742 16989 16989 I KnoxUsageLogPro: KnoxUsageReceiver onReceive :android.intent.action.ACTION_POWER_DISCONNECTED myUserId=0
10-25 21:40:13.742 5329 16963 I CMHServiceInterface: binding to CMH
10-25 21:40:13.752 5329 16963 D CMHServiceInterface: Sending intent to CMH to update
10-25 21:40:13.752 17001 17001 I InjectionManager: Inside getClassLibPath + mLibMap{0=, 1=}
10-25 21:40:13.752 16989 16989 I KnoxUsageLogPro: premStatus:2
10-25 21:40:13.752 16989 16989 I KnoxUsageLogPro: isEulaShown : false
10-25 21:40:13.752 16989 16989 I KnoxUsageLogPro: KnoxUsageReceiver onReceive : not Processible, just return
10-25 21:40:13.752 17001 17001 I InjectionManager: Inside getClassLibPath caller
10-25 21:40:13.752 15292 15365 V mfl_ApiLib_CloudGatewaySignInUtils: ::isSignedIn()
10-25 21:40:13.752 5329 16963 D MediaScanner: Skipping:
10-25 21:40:13.752 5329 16963 D MediaScanner: 7klwibgf7fvntblfd7(7Budiwrd7dblb7
10-25 21:40:13.752 17001 17001 W System : ClassLoader referenced unknown path: /system/priv-app/CMHProvider/lib/arm64
10-25 21:40:13.762 17013 17013 E Zygote : v2
10-25 21:40:13.762 17013 17013 I SELinux : Function: selinux_compare_spd_ram, index[1], SPD-policy is existed. and_ver=SEPF_SECMOBILE_6.0.1 ver=11
10-25 21:40:13.762 17013 17013 W SELinux : Function: selinux_compare_spd_ram, index[1], priority [2], priority version is VE=SEPF_SECMOBILE_6.0.1_0013
10-25 21:40:13.762 17013 17013 E Zygote : accessInfo : 0
10-25 21:40:13.762 5329 16963 D MediaScanner: Skipping:
10-25 21:40:13.762 5329 16963 D MediaScanner: 7klwibgf7fvntblfd7(7Budiwrd7waa7cwv5ebcfawws5sblbub7
10-25 21:40:13.762 5329 16963 D MediaScanner: Skipping:
10-25 21:40:13.762 5329 16963 D MediaScanner: 7klwibgf7fvntblfd7(75ebcf7
10-25 21:40:13.772 17001 17001 I CMHProvider: [#CMH#] onCreate
10-25 21:40:13.772 5329 16963 D MediaScanner: Skipping:
10-25 21:40:13.772 5329 16963 D MediaScanner: 7klwibgf7fvntblfd7(7DCRV75lpnvaubrtk7
10-25 21:40:13.772 17001 17001 I DatabaseManager: [#CMH#] DatabaseManager ctor
10-25 21:40:13.772 5329 16963 I CMHServiceInterface: binding to CMH
10-25 21:40:13.782 17013 17013 D TimaKeyStoreProvider: TimaSignature is unavailable
10-25 21:40:13.782 17013 17013 D ActivityThread: Added TimaKeyStore provider
10-25 21:40:13.782 5329 16963 D CMHServiceInterface: Sending intent to CMH to update
10-25 21:40:13.782 17001 17001 I CMHApplication: [#CMH#] CMH started with context com.samsung.cmh.core.CMHApplication@92a8d53
10-25 21:40:13.782 17001 17001 I DatabaseManager: [#CMH#] setContext
10-25 21:40:13.792 17001 17001 I Controller: [#CMH#] Controller Ctor
10-25 21:40:13.792 17001 17001 I Controller: [#CMH#] setContext = com.samsung.cmh.core.CMHApplication@92a8d53
10-25 21:40:13.792 17001 17001 I PermissionNotification: [#CMH#] show_permission_notification.
10-25 21:40:13.792 17001 17001 I PermissionNotification: [#CMH#] permission Size : 2
10-25 21:40:13.792 15292 15365 V mfl_ApiLib_CloudGatewaySignInUtils: ::isSignedIn()
10-25 21:40:13.792 5329 16963 I CMHServiceInterface: binding to CMH
10-25 21:40:13.792 17001 17001 I PermissionNotification: [#CMH#] STORAGE PERMISSION ALREADY GRANTED
10-25 21:40:13.792 17001 17001 I PermissionNotification: [#CMH#] SMS PERMISSION ALREADY GRANTED
10-25 21:40:13.792 17001 17001 I PermissionNotification: [#CMH#] NO PERMISSION NEEDED
10-25 21:40:13.792 17013 17013 I InjectionManager: Inside getClassLibPath + mLibMap{0=, 1=}
10-25 21:40:13.792 5329 16963 D CMHServiceInterface: Sending intent to CMH to update
10-25 21:40:13.792 17001 17001 I Controller: [#CMH#] setDBManager = com.samsung.cmh.database.DatabaseManager@f5fa690
10-25 21:40:13.792 17001 17001 I CMHApplication: [#CMH#] Controller is ready, now starting CMH Core Init
10-25 21:40:13.792 17001 17001 D InjectionManager: InjectionManager
10-25 21:40:13.792 17001 17001 D InjectionManager: fillFeatureStoreMap com.samsung.cmh
10-25 21:40:13.792 17001 17029 I Initializer: [#CMH#] CMH initialization starts
10-25 21:40:13.792 17001 17001 I InjectionManager: Constructor com.samsung.cmh, Feature store :{}
10-25 21:40:13.792 17001 17001 I InjectionManager: featureStore :{}
10-25 21:40:13.792 17001 17029 I DatabaseManager: [#CMH#] DatabaseVersion : 23
10-25 21:40:13.792 15292 15365 V mfl_ApiLib_CloudGatewaySignInUtils: ::isSignedIn()
10-25 21:40:13.792 17013 17013 I InjectionManager: Inside getClassLibPath caller
10-25 21:40:13.802 17013 17013 W System : ClassLoader referenced unknown path: /system/app/Kies/lib/arm64
10-25 21:40:13.802 17001 17001 E CMHService: [#CMH#] onCreate()
10-25 21:40:13.802 5329 5329 I CMHServiceInterface: CMHService connected
10-25 21:40:13.802 17001 17030 I Controller: [#CMH#] waitForSuccessLatch
10-25 21:40:13.802 17013 17013 D InjectionManager: InjectionManager
10-25 21:40:13.802 17013 17013 D InjectionManager: fillFeatureStoreMap com.sec.android.Kies
10-25 21:40:13.802 17013 17013 I InjectionManager: Constructor com.sec.android.Kies, Feature store :{}
10-25 21:40:13.802 17013 17013 I InjectionManager: featureStore :{}
10-25 21:40:13.802 17013 17013 I SecKies-KiesReceiver: [APK BnR] Receive KIES_USB_DISCONNECT
10-25 21:40:13.812 17001 17029 I DatabaseManager: [#CMH#] onConfigure
10-25 21:40:13.832 17001 17029 I DatabaseManager: [#CMH#] createTables
10-25 21:40:13.842 15292 15365 V mfl_ApiLib_CloudGatewaySignInUtils: ::isSignedIn()
10-25 21:40:13.842 4509 4509 D CscUpdateService: sys.boot_completed is 1. Start update ringtone notification alarm
10-25 21:40:13.842 4509 4509 D CscUpdateService: PREF_RINGTONE_SET return 3
10-25 21:40:13.842 4509 4509 D CscUpdateService: PREF_NOTIFICATION_SET return 3
10-25 21:40:13.842 4509 4509 D CscUpdateService: PREF_ALARMTONE_SET return 3
10-25 21:40:13.842 5329 5329 D MediaProvider: Network connect success, Call RequestAddressThread
10-25 21:40:13.842 17001 17029 I DatabaseManager: [#CMH#] DB init done ReadOnly: false
10-25 21:40:13.842 17001 17029 I Controller: [#CMH#] ServicesSetValue = 986942
10-25 21:40:13.842 17001 17029 I Controller: [#CMH#] storagepermisssion = 0
10-25 21:40:13.842 17001 17029 I Controller: [#CMH#] initializeBroadcastReceiver com.samsung.cmh.database.DatabaseManager@f5fa690
10-25 21:40:13.842 5329 17032 D MediaProvider: There is no image files to update address and langagecode fields
10-25 21:40:13.842 3520 4928 E RUNTIMEAASA: uid:10040 pm:android.permission.BATTERY_STATS accept!!!
10-25 21:40:13.842 3520 4928 D BluetoothAdapter: STATE_BLE_ON
10-25 21:40:13.852 17001 17029 I SystemBroadcastReceiver: [#CMH#] in initialize
10-25 21:40:13.852 17001 17029 I SystemBroadcastReceiver: [#CMH#] SystemBroadcastReceiver
10-25 21:40:13.862 17001 17033 I SystemBroadcastReceiver: [#CMH#] Received broadcast
10-25 21:40:13.862 17001 17033 I SystemBroadcastReceiver: [#CMH#] No one is registered with Event Id EVENT_SIOP
10-25 21:40:13.862 17001 17033 I SystemBroadcastReceiver: [#CMH#] onReceive completed
10-25 21:40:13.862 17001 17033 I SystemBroadcastReceiver: [#CMH#] Received broadcast
10-25 21:40:13.862 17001 17033 I SystemBroadcastReceiver: [#CMH#] No one is registered with Event Id EVENT_NETWORK_CHANGED
10-25 21:40:13.862 17001 17033 I SystemBroadcastReceiver: [#CMH#] onReceive completed
10-25 21:40:13.872 17034 17034 E Zygote : v2
10-25 21:40:13.872 17034 17034 I SELinux : Function: selinux_compare_spd_ram, index[1], SPD-policy is existed. and_ver=SEPF_SECMOBILE_6.0.1 ver=11
10-25 21:40:13.872 17034 17034 W SELinux : Function: selinux_compare_spd_ram, index[1], priority [2], priority version is VE=SEPF_SECMOBILE_6.0.1_0013
10-25 21:40:13.872 17034 17034 E Zygote : accessInfo : 0
10-25 21:40:13.872 17034 17034 W SELinux : SELinux: seapp_context_lookup: seinfo=untrusted, level=s0:c512,c768, pkgname=com.google.android.apps.photos
10-25 21:40:13.882 17001 17029 I SystemBroadcastReceiver: [#CMH#] Registered
10-25 21:40:13.882 17001 17029 I Controller: [#CMH#] initializePolicyManager
10-25 21:40:13.882 17001 17029 I PolicyManager: [#CMH#] setCriticalStateFromSystem screenOn = true high siop = false camera running = false
10-25 21:40:13.892 17034 17034 D TimaKeyStoreProvider: TimaSignature is unavailable
10-25 21:40:13.892 17034 17034 D ActivityThread: Added TimaKeyStore provider
10-25 21:40:13.892 15292 15365 V mfl_ApiLib_CloudGatewaySignInUtils: ::isSignedIn()
10-25 21:40:13.892 15292 15365 V mfl_ApiLib_CloudGatewaySignInUtils: ::isSignedIn()
10-25 21:40:13.892 17001 17029 I Controller: [#CMH#] initializeServiceManager ++
10-25 21:40:13.892 17001 17029 I ServiceManager: [#CMH#] CMHServiceManager
10-25 21:40:13.892 17001 17029 I ControllerEventHandler: [#CMH#] ControllerEventHandler ++
10-25 21:40:13.902 17001 17029 I ControllerEventHandler: [#CMH#] ControllerEventHandler --
10-25 21:40:13.902 17001 17029 I ServiceManager: [#CMH#] Binding To Service EnhanceService
10-25 21:40:13.902 5329 16963 D MediaProvider: savePlaylistTableInBulkDeleter started
10-25 21:40:13.902 5329 16963 D MediaProvider: savePlaylistTableInBulkDeleter started - audio_playlists_map_personal_cache existed
10-25 21:40:13.902 5329 16963 D MediaProvider: savePlaylistTableInBulkDeleter started - audio_playlists_map_personal_cache is empty
10-25 21:40:13.902 5329 16963 D MediaProvider: savePlaylistTableInBulkDeleter finished
10-25 21:40:13.902 17034 17034 I InjectionManager: Inside getClassLibPath + mLibMap{0=, 1=}
10-25 21:40:13.902 17050 17050 E Zygote : v2
10-25 21:40:13.902 17050 17050 I SELinux : Function: selinux_compare_spd_ram, index[1], SPD-policy is existed. and_ver=SEPF_SECMOBILE_6.0.1 ver=11
10-25 21:40:13.902 17050 17050 W SELinux : Function: selinux_compare_spd_ram, index[1], priority [2], priority version is VE=SEPF_SECMOBILE_6.0.1_0013
10-25 21:40:13.912 17050 17050 E Zygote : accessInfo : 0
10-25 21:40:13.912 5329 16963 D MediaScanner: getExternalStorageSdPath return null
10-25 21:40:13.912 17050 17050 W SELinux : SELinux: seapp_context_lookup: seinfo=platform, level=s0:c512,c768, pkgname=com.samsung.enhanceservice
10-25 21:40:13.912 17001 17029 I ServiceManager: [#CMH#] Binding To Service DCMService
10-25 21:40:13.912 17034 17034 I InjectionManager: Inside getClassLibPath caller
10-25 21:40:13.922 5329 16963 D MediaScanner: Prescan. DB items number : 197 DB_FILES_NUMBER_CACHING_LIMITATION : 7000 Caching mode : true
10-25 21:40:13.922 17062 17062 E Zygote : v2
10-25 21:40:13.922 17062 17062 I SELinux : Function: selinux_compare_spd_ram, index[1], SPD-policy is existed. and_ver=SEPF_SECMOBILE_6.0.1 ver=11
10-25 21:40:13.922 17062 17062 W SELinux : Function: selinux_compare_spd_ram, index[1], priority [2], priority version is VE=SEPF_SECMOBILE_6.0.1_0013
10-25 21:40:13.922 17050 17050 D TimaKeyStoreProvider: TimaSignature is unavailable
10-25 21:40:13.922 17050 17050 D ActivityThread: Added TimaKeyStore provider
10-25 21:40:13.922 17062 17062 E Zygote : accessInfo : 0
10-25 21:40:13.922 17062 17062 W SELinux : SELinux: seapp_context_lookup: seinfo=platform, level=s0:c512,c768, pkgname=com.samsung.dcmservice
10-25 21:40:13.932 17001 17029 I Controller: [#CMH#] initializeServiceManager --
10-25 21:40:13.932 17001 17029 I Controller: [#CMH#] initializeContentObserver
10-25 21:40:13.932 17001 17029 I Controller: [#CMH#] initializeStorageController
10-25 21:40:13.942 17062 17062 D TimaKeyStoreProvider: TimaSignature is unavailable
10-25 21:40:13.942 17062 17062 D ActivityThread: Added TimaKeyStore provider
10-25 21:40:13.942 17001 17029 I Controller: [#CMH#] initializeSmartClustering
10-25 21:40:13.952 17001 17029 I Controller: [#CMH#] registerSmartClusterIntents
10-25 21:40:13.952 17050 17050 I InjectionManager: Inside getClassLibPath + mLibMap{0=, 1=}
10-25 21:40:13.952 17062 17062 I InjectionManager: Inside getClassLibPath + mLibMap{0=, 1=}
10-25 21:40:13.952 17001 17029 I Controller: [#CMH#] startSmartClustering starting clustering
10-25 21:40:13.952 17001 17029 I Controller: [#CMH#] startSmartClustering starting day clustering
10-25 21:40:13.952 17050 17050 I InjectionManager: Inside getClassLibPath caller
10-25 21:40:13.962 5329 16963 V MediaScanner: processDirectory : /storage/emulated/0
10-25 21:40:13.962 17001 17029 I Controller: [#CMH#] startDaywiseClustering starting day clustering
10-25 21:40:13.962 17001 17076 I ClusteringTask: [#CMH#] before mutex
10-25 21:40:13.962 17001 17076 I ClusteringTask: [#CMH#] after mutex
10-25 21:40:13.962 17001 17076 I MomentClusteringAlgo: [#CMH#] performClustering images deleted false
10-25 21:40:13.962 17001 17076 I ClusteringDBUtils: [#CMH#] updateClusterTable In nothing to update
10-25 21:40:13.962 17062 17062 I InjectionManager: Inside getClassLibPath caller
10-25 21:40:13.962 17001 17029 I Controller: [#CMH#] takeBackupIfNeeded done
10-25 21:40:13.962 17001 17029 I Controller: [#CMH#] setSuccessState = true
10-25 21:40:13.962 17001 17029 I Controller: [#CMH#] setSuccessState latch is down
10-25 21:40:13.962 17001 17029 I Initializer: [#CMH#] CMH initialization ends
10-25 21:40:13.962 17001 17030 I Controller: [#CMH#] com.android.providers.media Delete
10-25 21:40:13.962 17001 17076 I MomentClusteringAlgo: [#CMH#] performClustering In 0
10-25 21:40:13.962 5329 16963 D MediaScanner: Skipping:
10-25 21:40:13.962 5329 16963 D MediaScanner: 7klwibgf7fvntblfd7(7Budiwrd7dblb7
10-25 21:40:13.962 17001 17076 I ClusteringTask: [#CMH#] Cluster size: 0
10-25 21:40:13.962 17001 17076 I ClusteringDBUtils: [#CMH#] updateClusterTable In nothing to update
10-25 21:40:13.962 17001 17077 I DayClusteringTask: [#CMH#] before mutex
10-25 21:40:13.962 17001 17077 I DayClusteringTask: [#CMH#] after mutex
10-25 21:40:13.962 17050 17050 W System : ClassLoader referenced unknown path: /system/priv-app/EnhanceService/lib/arm64
10-25 21:40:13.972 17050 17050 D InjectionManager: InjectionManager
10-25 21:40:13.972 17050 17050 D InjectionManager: fillFeatureStoreMap com.samsung.enhanceservice
10-25 21:40:13.972 17001 17077 I DayClusteringTask: [#CMH#] internalRun Cluster size after image deletion: 0
10-25 21:40:13.972 17001 17076 I ClusteringTask: [#CMH#] after mutex release
10-25 21:40:13.972 17050 17050 I InjectionManager: Constructor com.samsung.enhanceservice, Feature store :{}
10-25 21:40:13.972 17050 17050 I InjectionManager: featureStore :{}
10-25 21:40:13.972 5329 16963 D MediaScanner: Skipping:
10-25 21:40:13.972 5329 16963 D MediaScanner: 7klwibgf7fvntblfd7(7Budiwrd7waa7cwv5ebcfawws5sblbub7
10-25 21:40:13.972 17062 17062 W System : ClassLoader referenced unknown path: /system/priv-app/DCMService/lib/arm64
10-25 21:40:13.972 17050 17050 I EnhanceService: [EnhanceService] onbind () called
10-25 21:40:13.972 17001 17077 I ClusteringDBUtils: [#CMH#] No clusters..!!
10-25 21:40:13.972 5329 16963 D MediaScanner: Skipping:
10-25 21:40:13.972 5329 16963 D MediaScanner: 7klwibgf7fvntblfd7(75ebcf7
10-25 21:40:13.982 17001 17077 I TimeBasedClustering: [#CMH#] performClustering insertimages In 0
10-25 21:40:13.982 17001 17078 I DayAndMonthTask: [#CMH#] before mutex
10-25 21:40:13.982 17001 17078 I DayAndMonthTask: [#CMH#] after mutex
10-25 21:40:13.982 17001 17078 I DayAndMonthTask: [#CMH#] after mutex release
10-25 21:40:13.982 5329 16963 D MediaScanner: Skipping:
10-25 21:40:13.982 5329 16963 D MediaScanner: 7klwibgf7fvntblfd7(7DCRV75lpnvaubrtk7
10-25 21:40:13.982 17001 17030 I ValidateContentValues: [#CMH#] getInstance : success
10-25 21:40:13.982 17001 17030 I ValidateContentValues: [#CMH#] Initilized true : mIsInitialized=true
10-25 21:40:13.992 17062 17062 D InjectionManager: InjectionManager
10-25 21:40:13.992 17062 17062 D InjectionManager: fillFeatureStoreMap com.samsung.dcmservice
10-25 21:40:13.992 17062 17062 I InjectionManager: Constructor com.samsung.dcmservice, Feature store :{}
10-25 21:40:13.992 17062 17062 I InjectionManager: featureStore :{}
10-25 21:40:13.992 17062 17062 I DCMService: [#CMH#] onBind() called
10-25 21:40:13.992 17062 17062 I Utilities: [#CMH#] Location feature: true
10-25 21:40:13.992 17062 17062 I NamedPlaceExtractor: [#CMH#] Locale en_US
10-25 21:40:13.992 17001 17077 I DayClusteringTask: [#CMH#] internalRun Cluster size after image insertion: 0
10-25 21:40:13.992 17001 17077 I ClusteringDBUtils: [#CMH#] No clusters..!!
10-25 21:40:13.992 17001 17077 I DayClusteringTask: [#CMH#] startLocationClustering In 0
10-25 21:40:13.992 17001 17077 I TimeBasedClustering: [#CMH#] addMonthsForDeletedImages In true
10-25 21:40:13.992 17001 17077 I TimeBasedClustering: [#CMH#] performClustering delete 0
10-25 21:40:13.992 17001 17077 I DayClusteringTask: [#CMH#] internalRun Cluster size after image deletion: 0
10-25 21:40:13.992 17001 17077 I ClusteringDBUtils: [#CMH#] No clusters..!!
10-25 21:40:13.992 17001 17001 I ServiceManager: [#CMH#] Bound to Package com.samsung.enhanceservice
10-25 21:40:13.992 17001 17077 I TimeBasedClustering: [#CMH#] performClustering insertimages In 0
10-25 21:40:13.992 17001 17077 I DayClusteringTask: [#CMH#] internalRun Cluster size after image insertion: 0
10-25 21:40:13.992 17001 17077 I ClusteringDBUtils: [#CMH#] No clusters..!!
10-25 21:40:13.992 17001 17077 I DayClusteringTask: [#CMH#] startLocationClustering In 0
10-25 21:40:14.002 17001 17077 I DayClusteringTask: [#CMH#] internalRun::No more Images/Videos to process, Finished Task, Exiting
10-25 21:40:14.002 17001 17077 I DayClusteringTask: [#CMH#] after mutex release
10-25 21:40:14.002 17050 17050 I EnhanceService: [EnhanceService] onSetResponseHandler () called
10-25 21:40:14.002 17001 17030 E Controller: [#CMH#] Nothing matching uri: content://media/external/file?deletedata=false where:uri = ? OR uri = ? args:[content://media/external/file/432, content://media/external/file/433]
10-25 21:40:14.002 17001 17030 I Controller: [#CMH#] startSmartClustering starting clustering
10-25 21:40:14.002 17001 17030 I Controller: [#CMH#] startSmartClustering starting day clustering
10-25 21:40:14.002 17001 17030 I Controller: [#CMH#] startDaywiseClustering starting day clustering
10-25 21:40:14.002 17001 17078 I ClusteringTask: [#CMH#] before mutex
10-25 21:40:14.002 17001 17078 I ClusteringTask: [#CMH#] after mutex
10-25 21:40:14.002 17001 17078 I MomentClusteringAlgo: [#CMH#] performClustering images deleted true
10-25 21:40:14.002 17001 17078 I ClusteringDBUtils: [#CMH#] updateClusterTable In nothing to update
10-25 21:40:14.002 17001 17078 I MomentClusteringAlgo: [#CMH#] performClustering In 0
10-25 21:40:14.002 17001 17078 I ClusteringTask: [#CMH#] Cluster size: 0
10-25 21:40:14.002 17001 17078 I ClusteringDBUtils: [#CMH#] updateClusterTable In nothing to update
10-25 21:40:14.002 17001 17078 I ClusteringTask: [#CMH#] after mutex release
10-25 21:40:14.002 17050 17050 I EnhanceService: [EnhanceService] onProcessNow () called
10-25 21:40:14.002 17050 17050 I BaseThreadPoolExecutor: [EnhanceService] Task com.samsung.enhanceservice.extractors.task.EnhanceTask@f5fa690 is submitted
10-25 21:40:14.002 17050 17081 I EnhanceTask: [EnhanceService] ProcessNow request came
10-25 21:40:14.002 17050 17081 I BaseThreadPoolExecutor: [EnhanceService] afterExecute FutureTask
10-25 21:40:14.002 17050 17081 I EnhanceServiceController: [EnhanceService] onTaskFinished
10-25 21:40:14.002 17001 17001 I ServiceManager: [#CMH#] Bound to Package com.samsung.dcmservice
10-25 21:40:14.012 17001 17030 I Controller: [#CMH#] com.android.providers.media Update
10-25 21:40:14.012 17001 17030 E Controller: [#CMH#] Update failed CV: media_type=0 mime_type=null clusterDayId=-1 _size=0 title=data clusterId=-1 is_secretbox=0 is_drm=false date_modified=1477440041where:uri = ? args:[content://media/external/file/15]
10-25 21:40:14.012 17001 17030 I Controller: [#CMH#] com.android.providers.media Update
10-25 21:40:14.012 17001 17030 E Controller: [#CMH#] Update failed CV: media_type=0 mime_type=null clusterDayId=-1 _size=0 title=Oculus clusterId=-1 is_secretbox=0 is_drm=false date_modified=1477431587where:uri = ? args:[content://media/external/file/52]
10-25 21:40:14.012 17001 17030 I Controller: [#CMH#] com.android.providers.media Update
10-25 21:40:14.012 17001 17030 E Controller: [#CMH#] Update failed CV: media_type=0 mime_type=null clusterDayId=-1 _size=52284 title=defaultDistortion clusterId=-1 is_secretbox=0 is_drm=false date_modified=1477431587where:uri = ? args:[content://media/external/file/56]
10-25 21:40:14.012 17062 17062 I DCMService: [#CMH#] onProcessNow () called
10-25 21:40:14.022 17001 17077 I DayClusteringTask: [#CMH#] before mutex
10-25 21:40:14.022 17001 17077 I DayClusteringTask: [#CMH#] after mutex
10-25 21:40:14.022 17001 17077 I DayClusteringTask: [#CMH#] internalRun Cluster size after image deletion: 0
10-25 21:40:14.022 17001 17077 I ClusteringDBUtils: [#CMH#] No clusters..!!
10-25 21:40:14.032 17001 17076 I DayAndMonthTask: [#CMH#] before mutex
10-25 21:40:14.032 17001 17076 I DayAndMonthTask: [#CMH#] after mutex
10-25 21:40:14.032 17001 17076 I DayAndMonthLocationUpdate: [#CMH#] updateLocation In 2 0
10-25 21:40:14.032 17001 17077 I TimeBasedClustering: [#CMH#] performClustering insertimages In 0
10-25 21:40:14.032 17001 17077 I DayClusteringTask: [#CMH#] internalRun Cluster size after image insertion: 0
10-25 21:40:14.032 17001 17077 I ClusteringDBUtils: [#CMH#] No clusters..!!
10-25 21:40:14.032 17001 17077 I DayClusteringTask: [#CMH#] startLocationClustering In 0
10-25 21:40:14.032 17001 17077 I DayClusteringTask: [#CMH#] internalRun::No more Images/Videos to process, Finished Task, Exiting
10-25 21:40:14.032 17001 17077 I DayClusteringTask: [#CMH#] after mutex release
10-25 21:40:14.042 4509 4509 D CscUpdateService: sys.boot_completed is 1. Start update ringtone notification alarm
10-25 21:40:14.042 4509 4509 D CscUpdateService: PREF_RINGTONE_SET return 3
10-25 21:40:14.042 4509 4509 D CscUpdateService: PREF_NOTIFICATION_SET return 3
10-25 21:40:14.042 4509 4509 D CscUpdateService: PREF_ALARMTONE_SET return 3
10-25 21:40:14.042 5329 5329 D MediaProvider: Network connect success, Call RequestAddressThread
10-25 21:40:14.042 5329 17083 D MediaProvider: There is no image files to update address and langagecode fields
10-25 21:40:14.042 17001 17076 E DayAndMonthLocationUpdate: [#CMH#] updateLocationForDay Count : NULL
10-25 21:40:14.042 17001 17076 I DayAndMonthTask: [#CMH#] after mutex release
10-25 21:40:14.042 15292 15365 V mfl_ApiLib_CloudGatewaySignInUtils: ::isSignedIn()
10-25 21:40:14.132 17034 17034 D InjectionManager: InjectionManager
10-25 21:40:14.132 17034 17034 D InjectionManager: fillFeatureStoreMap com.google.android.apps.photos
10-25 21:40:14.132 17034 17034 I InjectionManager: Constructor com.google.android.apps.photos, Feature store :{}
10-25 21:40:14.132 17034 17034 I InjectionManager: featureStore :{}
10-25 21:40:14.152 17084 17084 E Zygote : v2
10-25 21:40:14.152 17084 17084 I SELinux : Function: selinux_compare_spd_ram, index[1], SPD-policy is existed. and_ver=SEPF_SECMOBILE_6.0.1 ver=11
10-25 21:40:14.152 17084 17084 W SELinux : Function: selinux_compare_spd_ram, index[1], priority [2], priority version is VE=SEPF_SECMOBILE_6.0.1_0013
10-25 21:40:14.152 17084 17084 E Zygote : accessInfo : 0
10-25 21:40:14.152 17084 17084 W SELinux : SELinux: seapp_context_lookup: seinfo=chrome, level=s0:c512,c768, pkgname=com.android.chrome
10-25 21:40:14.162 17084 17084 D TimaKeyStoreProvider: TimaSignature is unavailable
10-25 21:40:14.162 17084 17084 D ActivityThread: Added TimaKeyStore provider
10-25 21:40:14.182 17084 17084 I InjectionManager: Inside getClassLibPath + mLibMap{0=, 1=}
10-25 21:40:14.182 17084 17084 I InjectionManager: Inside getClassLibPath caller
10-25 21:40:14.192 17084 17084 W System.err: stat failed: ENOENT (No such file or directory) : /data/local/chrome-command-line
10-25 21:40:14.202 17084 17084 W DynamiteModule: Local module descriptor class for com.google.android.gms.googlecertificates not found.
10-25 21:40:14.202 17084 17084 I InjectionManager: Inside getClassLibPath caller
10-25 21:40:14.242 17084 17084 I DynamiteModule: Considering local module com.google.android.gms.googlecertificates:0 and remote module com.google.android.gms.googlecertificates:2
10-25 21:40:14.242 17084 17084 I DynamiteModule: Selected remote version of com.google.android.gms.googlecertificates, version >= 2
10-25 21:40:14.282 17096 17096 I dex2oat : /system/bin/dex2oat --compiler-filter=speed --dex-file=/data/data/com.google.android.gms/app_chimera/m/00000003/DynamiteModulesA_GmsCore_prodmnc_alldpi_release.apk --oat-file=/data/dalvik-cache/arm/data@data@com.google.android.gms@app_chimera@m@00000003@DynamiteModulesA_GmsCore_prodmnc_alldpi_release.apk@classes.dex
10-25 21:40:14.282 17096 17096 E dex2oat : Failed to create oat file: /data/dalvik-cache/arm/data@data@com.google.android.gms@app_chimera@m@00000003@DynamiteModulesA_GmsCore_prodmnc_alldpi_release.apk@classes.dex: Permission denied
10-25 21:40:14.282 17096 17096 I dex2oat : dex2oat took 528.334us (threads: 8)
10-25 21:40:14.282 17084 17084 W art : Failed execv(/system/bin/dex2oat --runtime-arg -classpath --runtime-arg --instruction-set=arm --instruction-set-features=smp,div,atomic_ldrd_strd --runtime-arg -Xrelocate --boot-image=/system/framework/boot.art --runtime-arg -Xms64m --runtime-arg -Xmx512m --compiler-filter=speed --instruction-set-variant=cortex-a15 --instruction-set-features=default --dex-file=/data/data/com.google.android.gms/app_chimera/m/00000003/DynamiteModulesA_GmsCore_prodmnc_alldpi_release.apk --oat-file=/data/dalvik-cache/arm/data@data@com.google.android.gms@app_chimera@m@00000003@DynamiteModulesA_GmsCore_prodmnc_alldpi_release.apk@classes.dex) because non-0 exit status
10-25 21:40:14.352 17084 17084 W System : ClassLoader referenced unknown path: /data/user/0/com.google.android.gms/app_chimera/m/00000003/n/armeabi
10-25 21:40:14.412 17084 17084 D GoogleCertificatesImpl: Fetched 190 Google release certificates
10-25 21:40:14.432 17084 17084 D InjectionManager: InjectionManager
10-25 21:40:14.432 17084 17084 D InjectionManager: fillFeatureStoreMap com.android.chrome
10-25 21:40:14.432 17084 17084 I InjectionManager: Constructor com.android.chrome, Feature store :{}
10-25 21:40:14.432 17084 17084 I InjectionManager: featureStore :{}
10-25 21:40:14.442 15857 15857 I WifiApBroadcastReceiver: onReceive: action com.samsung.settings.wifi.PLUG_STATE_CHANGED
10-25 21:40:14.442 15857 15857 I WifiApBroadcastReceiver: Unplugged
10-25 21:40:14.452 17100 17100 E Zygote : v2
10-25 21:40:14.452 17100 17100 I SELinux : Function: selinux_compare_spd_ram, index[1], SPD-policy is existed. and_ver=SEPF_SECMOBILE_6.0.1 ver=11
10-25 21:40:14.452 17100 17100 W SELinux : Function: selinux_compare_spd_ram, index[1], priority [2], priority version is VE=SEPF_SECMOBILE_6.0.1_0013
10-25 21:40:14.452 17100 17100 E Zygote : accessInfo : 0
10-25 21:40:14.462 17100 17100 D TimaKeyStoreProvider: TimaSignature is unavailable
10-25 21:40:14.462 17100 17100 D ActivityThread: Added TimaKeyStore provider
10-25 21:40:14.472 17100 17100 I InjectionManager: Inside getClassLibPath + mLibMap{0=, 1=}
10-25 21:40:14.472 17100 17100 I InjectionManager: Inside getClassLibPath caller
10-25 21:40:14.482 17100 17100 W System : ClassLoader referenced unknown path: /system/app/PopupuiReceiver_M/lib/arm64
10-25 21:40:14.482 17100 17100 D InjectionManager: InjectionManager
10-25 21:40:14.482 17100 17100 D InjectionManager: fillFeatureStoreMap com.sec.android.app.popupuireceiver
10-25 21:40:14.482 17100 17100 I InjectionManager: Constructor com.sec.android.app.popupuireceiver, Feature store :{}
10-25 21:40:14.482 17100 17100 I InjectionManager: featureStore :{}
10-25 21:40:14.482 17100 17100 D PR.PopupuiReceiver: >> onReceive() : com.samsung.systemui.power.action.ACTION_CABLE_DISCONNECTED
10-25 21:40:14.482 3520 4167 D SecContentProvider2: query(), uri = -1 selection = getSealedState
10-25 21:40:14.482 3520 4645 D SecContentProvider2: query(), uri = 15 selection = getSealedHideNotificationMessages
10-25 21:40:14.482 3520 4387 D SecContentProvider2: query(), uri = 15 selection = getCheckCoverPopupState
10-25 21:40:14.482 17100 17100 I PR.PopupuiReceiver_KNOX: knoxSealedHideNotiMsg : 0, knoxCheckCoverPopupState : true
10-25 21:40:14.482 17100 17100 D PR.PopupuiReceiver: actionCableDisconnected()
10-25 21:40:14.492 17001 17001 E Controller: [#CMH#] FINISHED EVENT_MEDIA_SCAN_FINISHED
10-25 21:40:14.492 17001 17001 I ControllerEventHandler: [#CMH#] onSystemRebooted
10-25 21:40:14.492 17001 17001 I BaseThreadPoolExecutor: [#CMH#] Task com.samsung.cmh.database.DatabaseRebuilderTask@ec90297 is submitted
10-25 21:40:14.492 17001 17112 I DatabaseRebuilderTask: [#CMH#] syncCMHDB started
10-25 21:40:14.502 17001 17001 I StorageController: [#CMH#] id: EVENT_MEDIA_SCAN_FINISHEDBundle = Bundle[{path=file:///storage/emulated/0, CleanBuffer=false}]
10-25 21:40:14.532 17113 17113 E Zygote : v2
10-25 21:40:14.542 17113 17113 I SELinux : Function: selinux_compare_spd_ram, index[1], SPD-policy is existed. and_ver=SEPF_SECMOBILE_6.0.1 ver=11
10-25 21:40:14.542 17113 17113 W SELinux : Function: selinux_compare_spd_ram, index[1], priority [2], priority version is VE=SEPF_SECMOBILE_6.0.1_0013
10-25 21:40:14.542 17113 17113 E Zygote : accessInfo : 0
10-25 21:40:14.542 17113 17113 W SELinux : SELinux: seapp_context_lookup: seinfo=platform, level=s0:c512,c768, pkgname=com.sec.android.app.music:provider
10-25 21:40:14.542 17001 17112 I DatabaseRebuilderTask: [#CMH#] No of Uris that are present in media : 1
10-25 21:40:14.542 17001 17112 I DatabaseRebuilderTask: [#CMH#] No of Uris that are present in CMH : 1
10-25 21:40:14.542 17001 17112 I DatabaseRebuilderTask: [#CMH#] No of Uris that are present in both Media and CMH: 1
10-25 21:40:14.542 17001 17112 I DatabaseRebuilderTask: [#CMH#] Insert = 0 Delete = 0
10-25 21:40:14.542 17001 17112 I DatabaseRebuilderTask: [#CMH#] syncCMHDB ended 0
10-25 21:40:14.552 17001 17030 I Controller: [#CMH#] com.android.providers.media Insert
10-25 21:40:14.552 17001 17030 I Controller: [#CMH#] startSmartClustering starting clustering
10-25 21:40:14.552 17001 17030 I Controller: [#CMH#] startSmartClustering starting day clustering
10-25 21:40:14.552 17001 17030 I Controller: [#CMH#] startDaywiseClustering starting day clustering
10-25 21:40:14.552 17001 17078 I ClusteringTask: [#CMH#] before mutex
10-25 21:40:14.552 17001 17078 I ClusteringTask: [#CMH#] after mutex
10-25 21:40:14.552 17001 17078 I MomentClusteringAlgo: [#CMH#] performClustering images deleted false
10-25 21:40:14.552 17001 17078 I ClusteringDBUtils: [#CMH#] updateClusterTable In nothing to update
10-25 21:40:14.552 17113 17113 D TimaKeyStoreProvider: TimaSignature is unavailable
10-25 21:40:14.552 17113 17113 D ActivityThread: Added TimaKeyStore provider
10-25 21:40:14.552 17001 17112 I DatabaseRebuilderTask: [#CMH#] sending broadcast for Event title upgrade
10-25 21:40:14.552 17001 17078 I MomentClusteringAlgo: [#CMH#] performClustering In 0
10-25 21:40:14.552 17001 17078 I ClusteringTask: [#CMH#] Cluster size: 0
10-25 21:40:14.552 17001 17078 I ClusteringDBUtils: [#CMH#] updateClusterTable In nothing to update
10-25 21:40:14.552 17001 17078 I ClusteringTask: [#CMH#] after mutex release
10-25 21:40:14.552 17001 17112 I BaseThreadPoolExecutor: [#CMH#] afterExecute FutureTask
10-25 21:40:14.552 17001 17078 I DayClusteringTask: [#CMH#] before mutex
10-25 21:40:14.552 17001 17078 I DayClusteringTask: [#CMH#] after mutex
10-25 21:40:14.552 17001 17078 I DayClusteringTask: [#CMH#] internalRun Cluster size after image deletion: 0
10-25 21:40:14.552 17001 17078 I ClusteringDBUtils: [#CMH#] No clusters..!!
10-25 21:40:14.552 17001 17078 I TimeBasedClustering: [#CMH#] performClustering insertimages In 0
10-25 21:40:14.552 17001 17078 I DayClusteringTask: [#CMH#] internalRun Cluster size after image insertion: 0
10-25 21:40:14.552 17001 17078 I ClusteringDBUtils: [#CMH#] No clusters..!!
10-25 21:40:14.552 17001 17078 I DayClusteringTask: [#CMH#] startLocationClustering In 0
10-25 21:40:14.552 17001 17078 I DayClusteringTask: [#CMH#] internalRun::No more Images/Videos to process, Finished Task, Exiting
10-25 21:40:14.552 17001 17078 I DayClusteringTask: [#CMH#] after mutex release
10-25 21:40:14.552 17001 17078 I DayAndMonthTask: [#CMH#] before mutex
10-25 21:40:14.552 17001 17078 I DayAndMonthTask: [#CMH#] after mutex
10-25 21:40:14.552 17001 17078 I DayAndMonthTask: [#CMH#] after mutex release
10-25 21:40:14.562 17113 17113 I InjectionManager: Inside getClassLibPath + mLibMap{0=, 1=}
10-25 21:40:14.572 17113 17113 I InjectionManager: Inside getClassLibPath caller
10-25 21:40:14.602 17113 17113 D MusicSearchProvider: onCreate
10-25 21:40:14.622 17113 17113 D InjectionManager: InjectionManager
10-25 21:40:14.622 17113 17113 D InjectionManager: fillFeatureStoreMap com.sec.android.app.music
10-25 21:40:14.622 17113 17113 I InjectionManager: Constructor com.sec.android.app.music, Feature store :{}
10-25 21:40:14.622 17113 17113 I InjectionManager: featureStore :{}
10-25 21:40:14.642 17127 17127 E Zygote : v2
10-25 21:40:14.642 17127 17127 I SELinux : Function: selinux_compare_spd_ram, index[1], SPD-policy is existed. and_ver=SEPF_SECMOBILE_6.0.1 ver=11
10-25 21:40:14.642 17127 17127 W SELinux : Function: selinux_compare_spd_ram, index[1], priority [2], priority version is VE=SEPF_SECMOBILE_6.0.1_0013
10-25 21:40:14.642 17127 17127 E Zygote : accessInfo : 0
10-25 21:40:14.642 17127 17127 W SELinux : SELinux: seapp_context_lookup: seinfo=platform, level=s0:c512,c768, pkgname=com.sec.android.app.music:service
10-25 21:40:14.652 17127 17127 D TimaKeyStoreProvider: TimaSignature is unavailable
10-25 21:40:14.652 17127 17127 D ActivityThread: Added TimaKeyStore provider
10-25 21:40:14.662 17127 17127 I InjectionManager: Inside getClassLibPath + mLibMap{0=, 1=}
10-25 21:40:14.672 17127 17127 I InjectionManager: Inside getClassLibPath caller
