10-25 21:40:57.122 17152 17152 E MTPRx : In MtpReceiverandroid.hardware.usb.action.USB_STATE
10-25 21:40:57.122 3520 5770 D SecContentProvider2: query(), uri = 14 selection = getSealedUsbMassStorageState
10-25 21:40:57.122 17152 17152 E MTPRx : check value of boot_completed is1
10-25 21:40:57.122 17152 17152 E MTPRx : check booting is completed_sys.boot_completed
10-25 21:40:57.132 17152 17152 E MTPRx : Sd-Card path/storage/Private
10-25 21:40:57.132 17152 17152 W MTPRx : value of connected istrue
10-25 21:40:57.132 17152 17152 W MTPRx : value of configured istrue
10-25 21:40:57.132 17152 17152 W MTPRx : value of mtpEnabled istrue
10-25 21:40:57.132 17152 17152 W MTPRx : value of ptpEnabled isfalse
10-25 21:40:57.132 17152 17152 W MTPRx : value of vzw_charging isfalse
10-25 21:40:57.132 17152 17152 W MTPRx : value of sec_charging isfalse
10-25 21:40:57.132 17152 17152 E MTPRx : Received USB_STATE with sdCardLaunch = 0
10-25 21:40:57.132 17152 17152 E MTPRx : mFirstTime: false
10-25 21:40:57.142 3099 3099 D libEGL : eglInitialize EGLDisplay = 0x7fc6961138
10-25 21:40:57.142 17923 17923 I InjectionManager: Inside getClassLibPath + mLibMap{0=, 1=}
10-25 21:40:57.152 3126 17887 I NuPlayerDecoder: [audio] saw output EOS
10-25 21:40:57.152 3126 17886 I NuPlayerRenderer: onQueueEOS audio finalResult : -1011
10-25 21:40:57.152 17923 17923 I InjectionManager: Inside getClassLibPath caller
10-25 21:40:57.162 17152 17152 D : MTP: reading debug level property
10-25 21:40:57.172 17152 17152 E MTPJNIInterface: Getting CryptionKey from JAVA
10-25 21:40:57.172 17152 17152 E MTPRx : currentUserId is 0
10-25 21:40:57.172 17152 17152 E MTPRx : mtpCurrentGlobalUserId is 0
10-25 21:40:57.172 17152 17152 E MTPRx : Start observing USB_STATE_MATCH
10-25 21:40:57.172 17152 17152 E MTPRx : usbMode is 0200
10-25 21:40:57.182 17152 17152 I EngineeringModeManager: com.samsung.android.MtpApplication connects to EngineeringModeService.
10-25 21:40:57.182 17152 17152 I EngineeringModeManager: getStatus() is called.
10-25 21:40:57.182 3520 4392 I ENGMODE : Java_com_android_server_EngineeringModeService_nativeGetStatus: EM Version - 1.0.0
10-25 21:40:57.182 17152 17152 D MTPRx : getUsbdebugStatus() is 0
10-25 21:40:57.192 17152 17152 V MtpMediaDBManager: inside isExistGUID resulttrue
10-25 21:40:57.192 17152 17152 E MTPRx : is_Privatemode is NOT 1
10-25 21:40:57.192 17152 17152 W MTPRx : driverdisplay.trust Status = 0
10-25 21:40:57.202 3126 17886 I NuPlayerRenderer: [audio] notifyEOS() End of Stream, delayUs : 287536
10-25 21:40:57.202 3126 17886 V AudioSink: stop
10-25 21:40:57.212 17152 17152 D MTPRx : Shared devices screen OFF completedfalse
10-25 21:40:57.212 17152 17152 E MTPRx : Sending NORMAL_BOOT to stack
10-25 21:40:57.212 17152 17152 E MTPJNIInterface: noti = 17
10-25 21:40:57.212 3520 4645 D SecContentProvider: query(), uri = 18 selection = isUsbMediaPlayerAvailable
10-25 21:40:57.222 17152 17152 E MTPRx : User is personal
10-25 21:40:57.222 17152 17152 E MTPRx : sending MTP_ICON_ENABLED to stack
10-25 21:40:57.232 17152 17152 E MTPRx : else part ... so first time!!!
10-25 21:40:57.232 17152 17152 E MTPPlaObsrvr: inside setContext()
10-25 21:40:57.232 17152 17152 E MTPPlaObsrvr: inside createplafiles
10-25 21:40:57.242 4521 4521 V LauncherAppWidgetHostView: calculateWidgetSize: (target widgetsize) using w/h 1359 347 span 5 1 (widgetid 6) [current Gridsize : GRID_5x5]
10-25 21:40:57.242 4521 4521 D LauncherAppWidgetHostView: calculateWidgetSize() widget = Weather and Clock(widget id = 6) result hostview size = 1771 x 452
10-25 21:40:57.242 4521 4521 D LauncherAppWidgetHostView: setResizeScaleResult() 1771/ 452 scaleToResize = 0.7673631(widget id = 6)
10-25 21:40:57.242 4521 4521 V LauncherAppWidgetHostView: calculateWidgetSize: (target widgetsize) using w/h 1359 347 span 5 1 (widgetid 2) [current Gridsize : GRID_5x5]
10-25 21:40:57.242 4521 4521 D LauncherAppWidgetHostView: calculateWidgetSize() widget = Google App(widget id = 2) result hostview size = 1771 x 452
10-25 21:40:57.242 4521 4521 D LauncherAppWidgetHostView: setResizeScaleResult() 1771/ 452 scaleToResize = 0.7673631(widget id = 2)
10-25 21:40:57.252 17947 17947 E Zygote : v2
10-25 21:40:57.252 3099 3099 D libEGL : eglInitialize EGLDisplay = 0x7fc6961138
10-25 21:40:57.252 17947 17947 I SELinux : Function: selinux_compare_spd_ram, index[1], SPD-policy is existed. and_ver=SEPF_SECMOBILE_6.0.1 ver=11
10-25 21:40:57.252 17947 17947 W SELinux : Function: selinux_compare_spd_ram, index[1], priority [2], priority version is VE=SEPF_SECMOBILE_6.0.1_0013
10-25 21:40:57.262 17947 17947 E Zygote : accessInfo : 0
10-25 21:40:57.262 17947 17947 W SELinux : SELinux: seapp_context_lookup: seinfo=untrusted, level=s0:c512,c768, pkgname=com.google.process.gapps
10-25 21:40:57.262 17909 17941 I InjectionManager: Inside getClassLibPath caller
10-25 21:40:57.272 17152 17152 E MTPPlaObsrvr: playlist count is0
10-25 21:40:57.272 17152 17152 E MTPPlaObsrvr: inside try branch createplafiles
10-25 21:40:57.272 17152 17152 E MTPPlaObsrvr: inside deleteing plas createplafiles
10-25 21:40:57.272 17152 17152 E MTPPlaObsrvr: Inside registerContentObserver
10-25 21:40:57.282 17152 17152 E MtpAdbObserver: inside setContext()
10-25 21:40:57.282 17152 17152 E MtpAdbObserver: Inside registerContentObserver
10-25 21:40:57.282 17152 17152 W Settings: Setting adb_enabled has moved from android.provider.Settings.System to android.provider.Settings.Global, returning read-only global URI.
10-25 21:40:57.282 17947 17947 D TimaKeyStoreProvider: TimaSignature is unavailable
10-25 21:40:57.282 17947 17947 D ActivityThread: Added TimaKeyStore provider
10-25 21:40:57.282 17152 17152 E MtpService: onCreate.
10-25 21:40:57.282 17152 17152 E MtpService: < MTP > Registering BroadCast receiver :::::
10-25 21:40:57.302 17152 17152 E MtpService: < MTP > Registering BroadCast registerBroadCastPolicyRec :::::
10-25 21:40:57.312 17152 17152 E MtpService: < MTP > Registering BroadCast registerBroadCastEmergencyRec :::::
10-25 21:40:57.312 17947 17947 I InjectionManager: Inside getClassLibPath + mLibMap{0=, 1=}
10-25 21:40:57.312 17909 17941 W linker : /data/app/com.google.android.gms-2/lib/arm64/libgmscore.so: unused DT entry: type 0x7ffffffd arg 0x885
10-25 21:40:57.332 17947 17947 I InjectionManager: Inside getClassLibPath caller
10-25 21:40:57.332 17152 17152 E MtpService: onStartCommand.
10-25 21:40:57.332 17152 17152 W MTPRx : calling native method
10-25 21:40:57.332 17152 17152 E MTPJNIInterface: < MTP > Registering BroadCast receiver :::::
10-25 21:40:57.342 17152 17959 E MtpService: handleMessage. msg= { when=0 what=0 arg1=1 obj=Intent { cmp=com.samsung.android.MtpApplication/.MtpService } target=com.samsung.android.MtpApplication.MtpService$ServiceHandler }
10-25 21:40:57.342 17947 17947 W System : ClassLoader referenced unknown path: /system/priv-app/GoogleServicesFramework/lib/arm64
10-25 21:40:57.352 17152 17152 E MTPJNIInterface: < MTP > Registering BroadCast receiver :::::::
10-25 21:40:57.362 17947 17947 I GservicesProvider: Gservices pushing to system: true; secure/global: true
10-25 21:40:57.362 17179 17179 D SideSync30_SideSyncReceiver: [59:onReceive] onReceive() action : android.hardware.usb.action.USB_STATE
10-25 21:40:57.362 17179 17179 D SideSync30_ConnectionManager: [315:setConnectionState] setConnectionState state : 17
10-25 21:40:57.362 17909 17941 W linker : /data/app/com.google.android.gms-2/lib/arm64/libconscrypt_gmscore_jni.so: unused DT entry: type 0x1d arg 0x80
10-25 21:40:57.362 17909 17941 W linker : /data/app/com.google.android.gms-2/lib/arm64/libconscrypt_gmscore_jni.so: unused DT entry: type 0x7ffffffd arg 0x169
10-25 21:40:57.372 17152 17152 E MTPJNIInterface: noti = 10
10-25 21:40:57.372 17179 17179 D SideSync30_ConnectionManager: [105:getMainContolState] getMainContolState CONNECTED : 0, DISCONNECTED : 1 1
10-25 21:40:57.372 17152 17152 W MTPRx : calling native method
10-25 21:40:57.372 17152 17152 E MTPRx : Checking the driver time out
10-25 21:40:57.372 17152 17152 E MTPJNIInterface: noti = 2
10-25 21:40:57.372 17152 17152 D : deleting sockets before message queue initialization
10-25 21:40:57.372 17909 17941 V JNIHelp : Registering com/google/android/gms/org/conscrypt/NativeCrypto's 239 native methods...
10-25 21:40:57.372 17152 17152 D : event handler thread is created, so set the flag
10-25 21:40:57.372 17152 17962 E : Unable to get Object Class and clearing cls 2 [int check_media_scanner_status() 594]
10-25 21:40:57.372 17152 17962 E MTPJNIInterface: Getting media scanner status0
10-25 21:40:57.382 17152 17152 E MTPRx : called native method
10-25 21:40:57.382 17152 17152 E MTPJNIInterface: setting Media scanner status0
10-25 21:40:57.382 17152 17152 E MTPJNIInterface: After setting Media scanner status0
10-25 21:40:57.382 17152 17152 E MtpService: onStartCommand.
10-25 21:40:57.382 17152 17152 W MTPRx : notification from stack 1
10-25 21:40:57.382 17152 17962 E MTPJNIInterface: DeviceName is Null in System
10-25 21:40:57.382 17152 17962 E MTPJNIInterface: DeviceName is Galaxy S6 edge+
10-25 21:40:57.382 17152 17962 E : memcpy failed [memCpy 111]
10-25 21:40:57.382 17152 17959 E MtpService: handleMessage. msg= { when=-3ms what=0 arg1=2 obj=Intent { cmp=com.samsung.android.MtpApplication/.MtpService } target=com.samsung.android.MtpApplication.MtpService$ServiceHandler }
10-25 21:40:57.382 5329 5329 D MtpService: starting MTP server in MTP mode
10-25 21:40:57.382 5329 5329 E MtpServerJNI: could not open MTP driver, errno: 2
10-25 21:40:57.392 17923 17923 D InjectionManager: InjectionManager
10-25 21:40:57.392 17923 17923 D InjectionManager: fillFeatureStoreMap com.google.android.apps.photos
10-25 21:40:57.392 17923 17923 I InjectionManager: Constructor com.google.android.apps.photos, Feature store :{}
10-25 21:40:57.392 17923 17923 I InjectionManager: featureStore :{}
10-25 21:40:57.392 17909 17941 I art : Rejecting re-init on previously-failed class java.lang.Class
10-25 21:40:57.392 17909 17941 I art : Rejecting re-init on previously-failed class java.lang.Class
10-25 21:40:57.402 5329 5329 D MtpService: Adding MTP storage 0x10001 at /storage/emulated/0
10-25 21:40:57.402 5329 5329 E MtpServerJNI: server is null in add_storage
10-25 21:40:57.402 5329 17963 E MtpServerJNI: server is null in run
10-25 21:40:57.402 5329 17963 E MtpServerJNI: server is null in cleanup
10-25 21:40:57.402 5329 5329 E MtpServerJNI: server is null in send_object_removed
10-25 21:40:57.412 17909 17941 I ProviderInstaller: Installed default security provider GmsCore_OpenSSL
10-25 21:40:57.412 17947 17947 I GoogleHttpClient: GMS http client unavailable, use old client
10-25 21:40:57.422 17909 17943 D DynamitePackage: Instantiated singleton DynamitePackage.
10-25 21:40:57.422 17909 17943 D DynamitePackage: Instantiating com.google.android.gms.ads.adshield.ChimeraAdShieldCreatorImpl
10-25 21:40:57.432 17947 17947 D InjectionManager: InjectionManager
10-25 21:40:57.432 17947 17947 D InjectionManager: fillFeatureStoreMap com.google.android.gsf
10-25 21:40:57.442 17947 17947 I InjectionManager: Constructor com.google.android.gsf, Feature store :{}
10-25 21:40:57.442 17947 17947 I InjectionManager: featureStore :{}
10-25 21:40:57.482 3126 17880 I NuPlayerRenderer: reachedAudioEOS (1)
10-25 21:40:57.482 3126 17880 V NuPlayer: reached audio EOS
10-25 21:40:57.482 3126 17880 V NuPlayer: msg : 2, ext1 : 0, ext2 : 0
10-25 21:40:57.482 3126 17880 D NuPlayerDriver: notifyListener_l(0xf178bf40), (2, 0, 0)
10-25 21:40:57.482 3126 17880 V MediaPlayerService: [188] notify (0xec85a000, 2, 0, 0)
10-25 21:40:57.482 3126 17880 V GenericSource: pause
10-25 21:40:57.482 3126 17880 V GenericSource: [Flag] clear 0x1 -> mFlags = 0x8
10-25 21:40:57.482 3126 17886 I NuPlayerRenderer: onPause
10-25 21:40:57.482 3126 17886 I MediaClock: setPlaybackRate rate : 0.000000
10-25 21:40:57.482 3126 17886 V AudioSink: stop
10-25 21:40:57.482 4130 2009 V MediaPlayer: message received msg=2, ext1=0, ext2=0
10-25 21:40:57.492 4130 2009 V MediaPlayer: playback complete
10-25 21:40:57.492 4130 2009 V MediaPlayer: callback application
10-25 21:40:57.492 4130 2009 V MediaPlayer: back from callback
10-25 21:40:57.492 3520 3542 I MediaFocusControl: AudioFocus abandonAudioFocus() from android.media.AudioManager$7cd5494
10-25 21:40:57.492 4130 17877 I MediaPlayer: sendBroadcast CONTEXT_AWARE_MUSIC_INFO - type(complete) - id(188)
10-25 21:40:57.502 3126 3677 I APM::AudioPolicyManager: stopOutput() output 2, stream 5, session 524
10-25 21:40:57.512 17987 17987 E Zygote : v2
10-25 21:40:57.512 17987 17987 I SELinux : Function: selinux_compare_spd_ram, index[1], SPD-policy is existed. and_ver=SEPF_SECMOBILE_6.0.1 ver=11
10-25 21:40:57.512 17987 17987 W SELinux : Function: selinux_compare_spd_ram, index[1], priority [2], priority version is VE=SEPF_SECMOBILE_6.0.1_0013
10-25 21:40:57.512 17987 17987 E Zygote : accessInfo : 0
10-25 21:40:57.512 17987 17987 W SELinux : SELinux: seapp_context_lookup: seinfo=chrome, level=s0:c512,c768, pkgname=com.android.chrome
10-25 21:40:57.532 17987 17987 D TimaKeyStoreProvider: TimaSignature is unavailable
10-25 21:40:57.532 17987 17987 D ActivityThread: Added TimaKeyStore provider
10-25 21:40:57.552 17987 17987 I InjectionManager: Inside getClassLibPath + mLibMap{0=, 1=}
10-25 21:40:57.552 17987 17987 I InjectionManager: Inside getClassLibPath caller
10-25 21:40:57.562 17987 17987 W System.err: stat failed: ENOENT (No such file or directory) : /data/local/chrome-command-line
10-25 21:40:57.582 17987 17987 W DynamiteModule: Local module descriptor class for com.google.android.gms.googlecertificates not found.
10-25 21:40:57.592 17987 17987 I InjectionManager: Inside getClassLibPath caller
10-25 21:40:57.632 17987 17987 I DynamiteModule: Considering local module com.google.android.gms.googlecertificates:0 and remote module com.google.android.gms.googlecertificates:2
10-25 21:40:57.632 17987 17987 I DynamiteModule: Selected remote version of com.google.android.gms.googlecertificates, version >= 2
10-25 21:40:57.672 17152 17962 E MTPJNIInterface: Status for mount/Unmount :unknown
10-25 21:40:57.672 17152 17962 E MTPJNIInterface: SDcard is not available
10-25 21:40:57.672 17909 17909 W InstanceID/Rpc: Found 10021
10-25 21:40:57.672 17152 17962 E MTPJNIInterface: Status for mount/Unmount :unknown
10-25 21:40:57.672 17152 17962 E MTPJNIInterface: SDcard is not available
10-25 21:40:57.672 17152 17962 E SQLiteLog: (21) API call with NULL database connection pointer
10-25 21:40:57.672 17152 17962 E SQLiteLog: (21) misuse at line 107734 of [2ef4f3a5b1]
10-25 21:40:57.672 17152 17962 E SQLiteLog: (21) API call with NULL database connection pointer
10-25 21:40:57.672 17152 17962 E SQLiteLog: (21) misuse at line 102845 of [2ef4f3a5b1]
10-25 21:40:57.672 17152 17962 E SQLiteLog: (21) API call with NULL database connection pointer
10-25 21:40:57.672 17152 17962 E SQLiteLog: (21) misuse at line 102845 of [2ef4f3a5b1]
10-25 21:40:57.672 17152 17962 E SQLiteLog: (21) API call with NULL database connection pointer
10-25 21:40:57.672 17152 17962 E SQLiteLog: (21) misuse at line 107734 of [2ef4f3a5b1]
10-25 21:40:57.672 17152 17152 W MTPRx : notification from stack 2
10-25 21:40:57.682 17152 18021 D : [mtp_init_device] Library open with 64 bits.
10-25 21:40:57.682 17152 18021 D : [mtp_init_device] Going to open(): /dev/usb_mtp_gadget
10-25 21:40:57.682 17152 18021 E : [mtp_init_device 733] After open the MTP fd = 25 and line = 733...
10-25 21:40:57.682 17152 18021 D : [mtp_init_device] IOCTL SET_MTP_USER_PID Sucesss
10-25 21:40:57.682 17152 18021 E : [sua_support_present:1325] returning false
10-25 21:40:57.682 17152 18021 D : *****Starting mtp_io()
10-25 21:40:57.682 17152 17152 W MTPRx : notification from stack 3
10-25 21:40:57.682 17152 18021 D : [mtp_start_io] source_thread Creation
10-25 21:40:57.682 17152 18021 D : [mtp_start_io] sink_thread Creation
10-25 21:40:57.682 17152 18021 D : [mtp_start_io:407] sink thread created so set th_sink
10-25 21:40:57.682 17152 17152 W MTPRx : notification from stack 14
10-25 21:40:57.682 17152 17152 E MTPRx : Open session has come remove the Message false
10-25 21:40:57.682 17152 18022 E SQLiteLog: (1) no such table: system
10-25 21:40:57.682 17152 18022 E SQLiteLog: (1) no such table: global
10-25 21:40:57.692 17152 17152 V MtpMediaDBManager: inside isExistGUID resulttrue
10-25 21:40:57.692 17152 17152 W MTPRx : Phone is already authorized.
10-25 21:40:57.692 17152 17152 W MTPRx : Phone is unlocked.
10-25 21:40:57.692 17152 17152 E MTPJNIInterface: noti = 13
10-25 21:40:57.692 17152 18022 E MTPJNIInterface: Value of device_name is Galaxy S6 edge+
10-25 21:40:57.702 17152 17152 E MTPRx : in startDBupdate
10-25 21:40:57.702 17152 17152 W MTPRx : notification from stack 3
10-25 21:40:57.702 17152 18031 V MtpMediaDBManager: inside deleteFilesTable
10-25 21:40:57.702 18016 18016 I dex2oat : /system/bin/dex2oat --compiler-filter=speed --dex-file=/data/data/com.google.android.gms/app_chimera/m/00000003/DynamiteModulesA_GmsCore_prodmnc_alldpi_release.apk --oat-file=/data/dalvik-cache/arm/data@data@com.google.android.gms@app_chimera@m@00000003@DynamiteModulesA_GmsCore_prodmnc_alldpi_release.apk@classes.dex
10-25 21:40:57.702 18016 18016 E dex2oat : Failed to create oat file: /data/dalvik-cache/arm/data@data@com.google.android.gms@app_chimera@m@00000003@DynamiteModulesA_GmsCore_prodmnc_alldpi_release.apk@classes.dex: Permission denied
10-25 21:40:57.702 18016 18016 I dex2oat : dex2oat took 394.292us (threads: 8)
10-25 21:40:57.702 17987 17987 W art : Failed execv(/system/bin/dex2oat --runtime-arg -classpath --runtime-arg --instruction-set=arm --instruction-set-features=smp,div,atomic_ldrd_strd --runtime-arg -Xrelocate --boot-image=/system/framework/boot.art --runtime-arg -Xms64m --runtime-arg -Xmx512m --compiler-filter=speed --instruction-set-variant=cortex-a15 --instruction-set-features=default --dex-file=/data/data/com.google.android.gms/app_chimera/m/00000003/DynamiteModulesA_GmsCore_prodmnc_alldpi_release.apk --oat-file=/data/dalvik-cache/arm/data@data@com.google.android.gms@app_chimera@m@00000003@DynamiteModulesA_GmsCore_prodmnc_alldpi_release.apk@classes.dex) because non-0 exit status
10-25 21:40:57.702 4521 4521 V LauncherAppWidgetHostView: calculateWidgetSize: (target widgetsize) using w/h 1359 347 span 5 1 (widgetid 6) [current Gridsize : GRID_5x5]
10-25 21:40:57.702 4521 4521 D LauncherAppWidgetHostView: calculateWidgetSize() widget = Weather and Clock(widget id = 6) result hostview size = 1771 x 452
10-25 21:40:57.702 4521 4521 D LauncherAppWidgetHostView: setResizeScaleResult() 1771/ 452 scaleToResize = 0.7673631(widget id = 6)
10-25 21:40:57.712 4521 4521 V LauncherAppWidgetHostView: calculateWidgetSize: (target widgetsize) using w/h 1359 347 span 5 1 (widgetid 2) [current Gridsize : GRID_5x5]
10-25 21:40:57.712 4521 4521 D LauncherAppWidgetHostView: calculateWidgetSize() widget = Google App(widget id = 2) result hostview size = 1771 x 452
10-25 21:40:57.712 4521 4521 D LauncherAppWidgetHostView: setResizeScaleResult() 1771/ 452 scaleToResize = 0.7673631(widget id = 2)
10-25 21:40:57.712 17152 18031 V MtpMediaDBManager: inside Thread updateFilesTable
10-25 21:40:57.722 17152 18022 E : mtp_get_storage_ids_mtp_handle : START !!
10-25 21:40:57.722 17152 18031 E MtpMediaDBManager: count : 197
10-25 21:40:57.742 17152 18031 E MtpMediaDBManager: Index 0 requested, with a size of 0
10-25 21:40:57.752 17152 18031 E MtpMediaDBManager: Index 0 requested, with a size of 0
10-25 21:40:57.762 17152 18031 E MtpMediaDBManager: Index 0 requested, with a size of 0
10-25 21:40:57.772 17152 18031 E MtpMediaDBManager: Index 0 requested, with a size of 0
10-25 21:40:57.782 17987 17987 W System : ClassLoader referenced unknown path: /data/user/0/com.google.android.gms/app_chimera/m/00000003/n/armeabi
10-25 21:40:57.782 17152 18031 E MtpMediaDBManager: Index 0 requested, with a size of 0
10-25 21:40:57.792 17152 18031 E MtpMediaDBManager: Index 0 requested, with a size of 0
10-25 21:40:57.812 17152 18031 E MtpMediaDBManager: Index 0 requested, with a size of 0
10-25 21:40:57.812 17152 18031 E MtpMediaDBManager: Index 0 requested, with a size of 0
10-25 21:40:57.812 17152 18031 E MtpMediaDBManager: Index 0 requested, with a size of 0
10-25 21:40:57.822 17152 18031 E MtpMediaDBManager: Index 0 requested, with a size of 0
10-25 21:40:57.842 17152 18031 E MtpMediaDBManager: Index 0 requested, with a size of 0
10-25 21:40:57.852 17152 18031 E MtpMediaDBManager: Index 0 requested, with a size of 0
10-25 21:40:57.852 17987 17987 D GoogleCertificatesImpl: Fetched 190 Google release certificates
10-25 21:40:57.862 17152 18031 E MtpMediaDBManager: Index 0 requested, with a size of 0
10-25 21:40:57.862 3520 4850 D WifiDisplayAdapter: getWifiDisplayStatusLocked: result=WifiDisplayStatus{featureState=2, scanState=0, activeDisplayState=0, activeDisplay=null, displays=[], sessionInfo=WifiDisplaySessionInfo: Client/Owner: Client GroupId: Passphrase: SessionId: 0 IP Address: , connectedState=-1, networkQoS=0}
10-25 21:40:57.862 17152 18031 E MtpMediaDBManager: Index 0 requested, with a size of 0
10-25 21:40:57.872 17152 18031 E MtpMediaDBManager: Index 0 requested, with a size of 0
10-25 21:40:57.882 17152 18031 E MtpMediaDBManager: Index 0 requested, with a size of 0
10-25 21:40:57.882 3520 4287 D WifiDisplayAdapter: getWifiDisplayStatusLocked: result=WifiDisplayStatus{featureState=2, scanState=0, activeDisplayState=0, activeDisplay=null, displays=[], sessionInfo=WifiDisplaySessionInfo: Client/Owner: Client GroupId: Passphrase: SessionId: 0 IP Address: , connectedState=-1, networkQoS=0}
10-25 21:40:57.892 17987 17987 D InjectionManager: InjectionManager
10-25 21:40:57.892 17987 17987 D InjectionManager: fillFeatureStoreMap com.android.chrome
10-25 21:40:57.892 17987 17987 I InjectionManager: Constructor com.android.chrome, Feature store :{}
10-25 21:40:57.892 17987 17987 I InjectionManager: featureStore :{}
10-25 21:40:57.902 3520 3530 I art : Background partial concurrent mark sweep GC freed 31809(1934KB) AllocSpace objects, 14(592KB) LOS objects, 24% free, 49MB/65MB, paused 1.726ms total 159.169ms
10-25 21:40:57.902 15857 15857 I WifiApBroadcastReceiver: onReceive: action com.samsung.settings.wifi.PLUG_STATE_CHANGED
10-25 21:40:57.902 15857 15857 I WifiApBroadcastReceiver: Plugged
10-25 21:40:57.902 17152 18031 E MtpMediaDBManager: Index 0 requested, with a size of 0
10-25 21:40:57.912 17100 17100 D PR.PopupuiReceiver: >> onReceive() : com.samsung.systemui.power.action.ACTION_CABLE_CONNECTED
10-25 21:40:57.912 3520 4645 D SecContentProvider2: query(), uri = -1 selection = getSealedState
10-25 21:40:57.912 3520 4041 D SecContentProvider2: query(), uri = 15 selection = getSealedHideNotificationMessages
10-25 21:40:57.912 3520 4167 D SecContentProvider2: query(), uri = 15 selection = getCheckCoverPopupState
10-25 21:40:57.912 17100 17100 I PR.PopupuiReceiver_KNOX: knoxSealedHideNotiMsg : 0, knoxCheckCoverPopupState : true
10-25 21:40:57.912 17100 17100 D PR.PopupuiReceiver: actionCableConnected()
10-25 21:40:57.912 17100 17100 I PR.PopupuiReceiver: Action cable connected ! on -
10-25 21:40:57.912 17909 17909 D InjectionManager: InjectionManager
10-25 21:40:57.912 17909 17909 D InjectionManager: fillFeatureStoreMap com.google.android.youtube
10-25 21:40:57.912 17909 17909 I InjectionManager: Constructor com.google.android.youtube, Feature store :{}
10-25 21:40:57.912 17909 17909 I InjectionManager: featureStore :{}
10-25 21:40:57.922 3126 3802 V MediaPlayerService: Create new media retriever from pid 5808
10-25 21:40:57.922 17152 18031 E MtpMediaDBManager: Index 0 requested, with a size of 0
10-25 21:40:57.922 3126 4062 I OggExtractor: ~OggExtractor ++
10-25 21:40:57.922 3126 4062 I OggExtractor: ~MyOggExtractor ++
10-25 21:40:57.922 3126 4062 I OggExtractor: ~MyOggExtractor --
10-25 21:40:57.922 3126 4062 I OggExtractor: ~OggExtractor --
10-25 21:40:57.942 17909 18056 I System.out: (HTTPLog)-Static: isSBSettingEnabled false
10-25 21:40:57.942 17909 18056 I System.out: (HTTPLog)-Static: isSBSettingEnabled false
10-25 21:40:57.942 3126 4063 V MediaPlayerService: Create new media retriever from pid 5808
10-25 21:40:57.952 17152 18031 E MtpMediaDBManager: Index 0 requested, with a size of 0
10-25 21:40:57.952 3110 3781 D EnterpriseController: netId is 0
10-25 21:40:57.952 3110 3781 D Netd : getNetworkForDns: using netid 502 for uid 10209
10-25 21:40:57.952 3126 5080 I OggExtractor: ~OggExtractor ++
10-25 21:40:57.952 3126 5080 I OggExtractor: ~MyOggExtractor ++
10-25 21:40:57.952 3126 5080 I OggExtractor: ~MyOggExtractor --
10-25 21:40:57.952 3126 5080 I OggExtractor: ~OggExtractor --
10-25 21:40:57.962 17152 18031 E MtpMediaDBManager: Index 0 requested, with a size of 0
10-25 21:40:57.962 17909 17909 D ConnectivityManager: requestNetwork; getAppId(CallingUid) : 10209, CallingPid : 17909
10-25 21:40:57.962 4782 4782 W ContentTaskController: Invalid newTask was provided to startTracking.
10-25 21:40:57.972 17152 18031 E MtpMediaDBManager: Index 0 requested, with a size of 0
10-25 21:40:57.982 17152 18031 W MtpMediaDBManager: sending db update complete noti to stack
10-25 21:40:57.982 17152 18031 E MTPJNIInterface: noti = 29
10-25 21:40:57.982 3520 4645 D ActivityManager: The following uid has registered to recieve broadcast for proxy related updates 10209
10-25 21:40:58.002 3110 3781 D EnterpriseController: netId is 0
10-25 21:40:58.002 3110 3781 D Netd : getNetworkForDns: using netid 502 for uid 10209
10-25 21:40:58.002 3520 4533 D ActivityManager: The following uid has registered to recieve broadcast for proxy related updates 10209
10-25 21:40:58.002 3126 4062 V MediaPlayerService: Create new media retriever from pid 5808
10-25 21:40:58.002 3126 5084 I OggExtractor: ~OggExtractor ++
10-25 21:40:58.002 3126 5084 I OggExtractor: ~MyOggExtractor ++
10-25 21:40:58.002 3126 5084 I OggExtractor: ~MyOggExtractor --
10-25 21:40:58.002 3126 5084 I OggExtractor: ~OggExtractor --
10-25 21:40:58.012 3520 4387 D WifiDisplayAdapter: getWifiDisplayStatusLocked: result=WifiDisplayStatus{featureState=2, scanState=0, activeDisplayState=0, activeDisplay=null, displays=[], sessionInfo=WifiDisplaySessionInfo: Client/Owner: Client GroupId: Passphrase: SessionId: 0 IP Address: , connectedState=-1, networkQoS=0}
10-25 21:40:58.022 3520 8428 I SurveyLogManager: REASON : REASON_BY_CHARGING_TYPE_CHANGE
10-25 21:40:58.022 17001 17001 I ServiceManager: [#CMH#] Disconnected to Service com.samsung.faceservice.FaceService
10-25 21:40:58.032 3520 8428 D SurveyLogging: app_id = com.android.server.ssrm, feature = CHAR, extra = {"SIOP":"0", "PST_TMP":"319", "BAT_TMP":"267", "CHG_TMP":"316", "PA_TMP":"268", "BAT_LV":"100", "BAT_CUR":"722", "RSSI":"-73", "RAD_DAT":"0", "WIFI_DAT":"110119", "BRI":"191", "CHR_TYPE":"2", "KNOX":"false", "SCRN":"true", "RAD":"2", "CALL":"false", "CF":"-1", "GF":"-1", "CG":"70", "TOP_PROC":"system_server", "TOP_USE":"11", "FOR_PKG":"com.sec.android.app.launcher"}
10-25 21:40:58.042 17001 17001 I ServiceManager: [#CMH#] Disconnected to Service com.samsung.enhanceservice.EnhanceService
10-25 21:40:58.042 5110 5110 I CastMediaRouteProvider: in onDiscoveryRequestChanged: request=DiscoveryRequest{ selector=MediaRouteSelector{ controlCategories=[com.google.android.gms.cast.CATEGORY_CAST/805741C9, com.google.android.gms.cast.CATEGORY_CAST/233637DE] }, activeScan=false, isValid=true }
10-25 21:40:58.042 3110 3781 D EnterpriseController: netId is 0
10-25 21:40:58.042 3110 3781 D Netd : getNetworkForDns: using netid 502 for uid 10209
10-25 21:40:58.052 5110 6835 W MdnsClient_Cast: Multicast lock held. Releasing. Subtypes:"805741C9"
10-25 21:40:58.052 5110 6835 W MdnsClient: unicast receiver thread is already dead.
10-25 21:40:58.052 5110 6835 W MdnsClient_Cast: #acquireLock. Multicast lock not held. Acquiring. Subtypes:"805741C9,233637DE"
10-25 21:40:58.242 3520 3520 I Tethering: BATTERY_CHANGED, level = 100lowBatteryThreshold = 15
10-25 21:40:58.242 4130 4130 D KeyguardUpdateMonitor: received broadcast android.intent.action.BATTERY_CHANGED
10-25 21:40:58.242 4130 4130 D KeyguardUpdateMonitor: handleBatteryUpdate
10-25 21:40:58.242 4590 4590 D BatteryMonitor: new battery level: 100
10-25 21:40:58.292 3135 3181 D Sensorhubs: readContextData: 1, 1, 7, -1
10-25 21:40:58.292 3520 4008 D SensorHubManager: onGetSensorHubDataLocked: library(4) = 1, 1, 7, -1
10-25 21:40:58.292 3520 4007 D CAE : onGetSensorHubData(SensorHubParserProvider.java:92) - onGetSensorHubData Event [event buffer len :4], AP_WAKEUP
10-25 21:40:58.292 3520 4007 I CAE : parse(SensorHubParserProvider.java:188) - buffer size = 4
10-25 21:40:58.292 3520 4007 I CAE : parse(SensorHubParserProvider.java:199) - 1, 1, 7, -1,
10-25 21:40:58.292 3520 4007 D CAE : display(ContextProvider.java:375) - ================= AUTO_ROTATION =================
10-25 21:40:58.292 3520 4007 I CAE : display(ContextProvider.java:391) - Angle=[-1]
10-25 21:40:58.292 3520 4010 D SContextService: updateSContext() : event = Auto Rotation
10-25 21:40:58.362 4130 4130 D PowerUI.ChargerAnimationView: Animation is running
10-25 21:40:58.462 4130 4130 D PowerUI.ChargerAnimationView: Animation stop
10-25 21:40:58.472 3099 4094 D libEGL : eglTerminate EGLDisplay = 0x7f8b5c6e78
10-25 21:40:58.472 3099 4094 D libEGL : eglTerminate EGLDisplay = 0x7f8b5c6e78
10-25 21:40:58.482 3520 4850 D ApplicationPolicy: isStatusBarNotificationAllowedAsUser: packageName = com.android.systemui,userId = -1
10-25 21:40:58.482 3099 3289 I SurfaceFlinger: id=887 Removed (10/19)
10-25 21:40:58.482 3099 3289 I SurfaceFlinger: id=887 Removed (-2/19)
10-25 21:40:58.492 4130 4130 D ViewRootImpl: #3 mView = null
10-25 21:40:58.502 3099 3099 D libEGL : eglTerminate EGLDisplay = 0x7fc6961268
10-25 21:40:58.512 17268 17278 D CatchNotificationsService: onNotificationPosted
10-25 21:40:58.532 17228 17239 D BadgeProvider: query, [selection] : null
10-25 21:40:58.532 17268 17278 E CatchNotificationsService: Invalid notification data
10-25 21:40:58.542 4130 4130 D KnoxNotification: ----- inflateViews : modified publicViewLocal -----
10-25 21:40:58.542 3110 3781 D EnterpriseController: netId is 0
10-25 21:40:58.542 3110 3781 D Netd : getNetworkForDns: using netid 502 for uid 10209
10-25 21:40:58.562 4130 4130 D KnoxNotification: ----- inflateViews : modified KnoxViewLocal -----
10-25 21:40:58.562 4130 4130 D PhoneStatusBar: setAreThereNotifications: N=5 any=true clearable=true
10-25 21:40:58.862 4521 4521 V LauncherAppWidgetHostView: calculateWidgetSize: (target widgetsize) using w/h 1359 712 span 5 2 (widgetid 3) [current Gridsize : GRID_5x5]
10-25 21:40:58.862 4521 4521 D LauncherAppWidgetHostView: calculateWidgetSize() widget = T-Mobile TV(widget id = 3) result hostview size = 1771 x 927
10-25 21:40:58.872 4521 4521 D LauncherAppWidgetHostView: setResizeScaleResult() 1771/ 927 scaleToResize = 0.7673631(widget id = 3)
10-25 21:40:59.042 18083 18083 E Zygote : v2
10-25 21:40:59.042 18083 18083 I SELinux : Function: selinux_compare_spd_ram, index[1], SPD-policy is existed. and_ver=SEPF_SECMOBILE_6.0.1 ver=11
10-25 21:40:59.042 18083 18083 W SELinux : Function: selinux_compare_spd_ram, index[1], priority [2], priority version is VE=SEPF_SECMOBILE_6.0.1_0013
10-25 21:40:59.042 18083 18083 E Zygote : accessInfo : 0
10-25 21:40:59.042 18083 18083 W SELinux : SELinux: seapp_context_lookup: seinfo=platform, level=s0:c512,c768, pkgname=com.samsung.faceservice
10-25 21:40:59.082 18083 18083 D TimaKeyStoreProvider: TimaSignature is unavailable
10-25 21:40:59.082 18083 18083 D ActivityThread: Added TimaKeyStore provider
10-25 21:40:59.102 18083 18083 I InjectionManager: Inside getClassLibPath + mLibMap{0=, 1=}
10-25 21:40:59.112 18083 18083 I InjectionManager: Inside getClassLibPath caller
10-25 21:40:59.122 18083 18083 W System : ClassLoader referenced unknown path: /system/priv-app/FaceService/lib/arm64
10-25 21:40:59.122 18083 18083 D InjectionManager: InjectionManager
10-25 21:40:59.122 18083 18083 D InjectionManager: fillFeatureStoreMap com.samsung.faceservice
10-25 21:40:59.122 18083 18083 I InjectionManager: Constructor com.samsung.faceservice, Feature store :{}
10-25 21:40:59.122 18083 18083 I InjectionManager: featureStore :{}
10-25 21:40:59.132 18083 18083 I FaceService: [FaceService] onBind() called
10-25 21:40:59.172 18083 18083 I FaceRecognition: create new instance
10-25 21:40:59.322 18083 18083 I SAIV_FACE: create face recognition engine - 20151223
10-25 21:40:59.322 18083 18083 I SAIV_FACE: feature size : 1024
10-25 21:40:59.322 18083 18083 I SAIV_FACE: File : /data/user/0/com.samsung.faceservice/face/face_data
10-25 21:40:59.352 18083 18083 I [smart_cropping]: SmartCropping.cpp(150): SmartCropping(): : SCE 1302 build
10-25 21:40:59.352 18083 18083 I [smart_cropping]: SmartCropping.cpp(169): SmartCropping(): :
10-25 21:40:59.352 18083 18083 I [smart_cropping]: SmartCropping.cpp(169): SmartCropping(): : SCE ContrastSaliency
10-25 21:40:59.352 17001 17001 I ServiceManager: [#CMH#] Bound to Package com.samsung.faceservice
10-25 21:40:59.992 4130 4130 D KeyguardUpdateMonitor: received broadcast android.intent.action.TIME_TICK
10-25 21:40:59.992 4130 4130 D KeyguardUpdateMonitor: handleTimeUpdate
10-25 21:41:00.012 4130 4130 D Clock : received broadcast android.intent.action.TIME_TICK
10-25 21:41:00.082 4130 4130 D DateView: received broadcast android.intent.action.TIME_TICK
10-25 21:41:00.142 4521 4521 V LauncherAppWidgetHostView: calculateWidgetSize: (target widgetsize) using w/h 1359 347 span 5 1 (widgetid 6) [current Gridsize : GRID_5x5]
10-25 21:41:00.142 4521 4521 D LauncherAppWidgetHostView: calculateWidgetSize() widget = Weather and Clock(widget id = 6) result hostview size = 1771 x 452
10-25 21:41:00.142 4521 4521 D LauncherAppWidgetHostView: setResizeScaleResult() 1771/ 452 scaleToResize = 0.7673631(widget id = 6)
10-25 21:41:00.142 4521 4521 V LauncherAppWidgetHostView: calculateWidgetSize: (target widgetsize) using w/h 1359 347 span 5 1 (widgetid 2) [current Gridsize : GRID_5x5]
10-25 21:41:00.142 4521 4521 D LauncherAppWidgetHostView: calculateWidgetSize() widget = Google App(widget id = 2) result hostview size = 1771 x 452
10-25 21:41:00.142 4521 4521 D LauncherAppWidgetHostView: setResizeScaleResult() 1771/ 452 scaleToResize = 0.7673631(widget id = 2)
10-25 21:41:00.172 4521 4521 V LauncherAppWidgetHostView: calculateWidgetSize: (target widgetsize) using w/h 1359 347 span 5 1 (widgetid 6) [current Gridsize : GRID_5x5]
10-25 21:41:00.172 4521 4521 D LauncherAppWidgetHostView: calculateWidgetSize() widget = Weather and Clock(widget id = 6) result hostview size = 1771 x 452
10-25 21:41:00.172 4521 4521 D LauncherAppWidgetHostView: setResizeScaleResult() 1771/ 452 scaleToResize = 0.7673631(widget id = 6)
10-25 21:41:00.172 4521 4521 V LauncherAppWidgetHostView: calculateWidgetSize: (target widgetsize) using w/h 1359 347 span 5 1 (widgetid 2) [current Gridsize : GRID_5x5]
10-25 21:41:00.172 4521 4521 D LauncherAppWidgetHostView: calculateWidgetSize() widget = Google App(widget id = 2) result hostview size = 1771 x 452
10-25 21:41:00.172 4521 4521 D LauncherAppWidgetHostView: setResizeScaleResult() 1771/ 452 scaleToResize = 0.7673631(widget id = 2)
10-25 21:41:00.192 21059 21059 D [WeatherWidget(1177)] WeatherService: {[EC3334F14841398C8B464A72D0E61AB7CD7E766A36D06043166FAD39187431A3E5A9A2F81BDF9068B74904E1B1CB541044E6D58E921E578E1E6FAAF047CA8AFC]}
10-25 21:41:00.192 21059 21059 D [WeatherWidget(1177)] : {[3AE6950019B083611567B0F9442DB03E59646CBA355B4C260B75423E37A3701A]}
10-25 21:41:00.202 21059 21059 D [WeatherWidget(1177)] : {[3AE6950019B083611567B0F9442DB03E0F7D6DF8FAB8AEDDA9C52FD622CBE93BD3B3C821E02768ECE7D54B13E96560EDB802D29C56DFCCD38F937DDED36C9453E14ACC693F7BDF399FD0A06BF2D59F2E62F0159FCF8ED080A2244B7BC466DBEB]}
10-25 21:41:00.212 21059 21059 D [WeatherWidget(1177)] : {[DF00664B5BF2DD508EC3D0ADB8B43C9FB429631765284D8658CE62A4AFFAA963]}
10-25 21:41:00.372 17001 17048 I ReschedulableTimer: [#CMH#] ReschedulableTimer started
10-25 21:41:00.392 3126 3794 I audio_hw_primary: do_out_standby +
10-25 21:41:00.392 3126 3794 D audio_hw_primary: [MAXIM] NO DSM LOG 0
10-25 21:41:00.412 3126 3794 D audio_hw_primary: output_devices devices:0
10-25 21:41:00.412 3126 3794 D audio_hw_primary: output_devices devices:0
10-25 21:41:00.412 3126 3794 I audio_hw_primary: is_voice_wakeup : ret = 0 , wakeup_baby_cry_enabled = 0 , wakeup_mic_enabled = 0
10-25 21:41:00.412 3126 3794 I audio_hw_primary: get_input_snd_device_id device:0xc
10-25 21:41:00.412 3126 3794 V audio_hw_primary: select_devices output_scenario:-1 input_scenario:26 out_snd_device 0x0 in_snd_device:0xc
10-25 21:41:00.412 3126 3794 I audio_hw_primary: set_spk_rx_mute mute(1), rx val=0
10-25 21:41:00.412 3126 3794 I audio_route:
10-25 21:41:00.412 3126 3794 I audio_route: > audio_route_reset :
10-25 21:41:00.412 3126 3794 I audio_route:
10-25 21:41:00.412 3126 3794 I audio_route: > audio_route_apply_path : "recognition-mic"
10-25 21:41:00.412 3126 3794 V audio_hw_primary: select_devices() input_route "recognition-mic"
10-25 21:41:00.412 3126 3794 I audio_route:
10-25 21:41:00.412 3126 3794 I audio_route: > audio_route_apply_path : "gain-recognition-mic"
10-25 21:41:00.412 3126 3794 V audio_hw_primary: select_devices() input_gain "gain-recognition-mic"
10-25 21:41:00.412 3126 3794 I audio_route:
10-25 21:41:00.412 3126 3794 I audio_route: > audio_route_update_mixer : +
10-25 21:41:00.452 3126 3794 I audio_route: > audio_route_update_mixer : changed(4) -
10-25 21:41:00.452 3126 3794 I audio_hw_primary: select_devices -
10-25 21:41:00.452 3126 3794 I audio_hw_primary: do_out_standby -
10-25 21:41:00.532 3520 3620 D PackageManager: [MSG] SEND_PENDING_BROADCAST
10-25 21:41:00.582 4130 4130 D ShortcutManager: onReceive : android.intent.action.PACKAGE_CHANGED
10-25 21:41:00.602 3520 4018 I InputReader: Reconfiguring input devices. changes=0x00000010
10-25 21:41:00.612 4371 4371 I PeoplePackageManager: onReceive:android.intent.action.PACKAGE_CHANGED
10-25 21:41:00.612 4371 4371 D CircleReceiver: CircleReceiver intentAction : android.intent.action.PACKAGE_CHANGED
10-25 21:41:00.612 4371 4371 D CircleReceiver: actionFilter-action : android.intent.action.PACKAGE_CHANGED
10-25 21:41:00.612 4371 4371 D CircleReceiver: checkContactState() => true
10-25 21:41:00.622 17268 17268 I CatchNotificationsService: mPackageChangedReceiver : onReceive action = android.intent.action.PACKAGE_CHANGED
10-25 21:41:00.632 17268 17268 D CatchNotificationsSupportedAppsDBHelper: Package doesn't have start activity, skip
10-25 21:41:00.652 17686 17686 I AppsEdgeBroadcastReceiver: onReceive: android.intent.action.PACKAGE_CHANGED
10-25 21:41:00.662 4130 4130 D ShortcutManager: onReceive : android.intent.action.PACKAGE_CHANGED
10-25 21:41:00.662 3520 4018 I InputReader: Reconfiguring input devices. changes=0x00000010
10-25 21:41:00.672 4371 4371 I PeoplePackageManager: onReceive:android.intent.action.PACKAGE_CHANGED
10-25 21:41:00.672 4371 4371 D CircleReceiver: CircleReceiver intentAction : android.intent.action.PACKAGE_CHANGED
10-25 21:41:00.672 4371 4371 D CircleReceiver: actionFilter-action : android.intent.action.PACKAGE_CHANGED
10-25 21:41:00.672 4371 4371 D CircleReceiver: checkContactState() => true
10-25 21:41:00.682 17268 17268 I CatchNotificationsService: mPackageChangedReceiver : onReceive action = android.intent.action.PACKAGE_CHANGED
10-25 21:41:00.682 17268 17268 D CatchNotificationsSupportedAppsDBHelper: Package doesn't have start activity, skip
10-25 21:41:00.722 17702 17702 I TaskEdgeBroadcastReceiver: onReceive:android.intent.action.PACKAGE_CHANGED
10-25 21:41:00.722 4494 4494 D ApduServiceInfo: seId: 0 --------- beginning of system
10-25 21:41:00.722 3520 3520 D ResourcesManager: For user 0 new overlays fetched Null
10-25 21:41:00.722 3520 3577 W ResourcesManager: getTopLevelResources: /system/app/STalkback/STalkback.apk / 1.0 running in null rsrc of package com.samsung.android.app.talkback
10-25 21:41:00.722 3520 3577 W ResourcesManager: getTopLevelResources: /system/app/UniversalSwitch/UniversalSwitch.apk / 1.0 running in null rsrc of package com.samsung.android.universalswitch
10-25 21:41:00.722 3520 3520 W ResourcesManager: getTopLevelResources: /data/app/com.microsoft.office.onenote-1/base.apk / 1.0 running in null rsrc of package com.microsoft.office.onenote
10-25 21:41:00.722 3520 3520 W ResourcesManager: getTopLevelResources: /data/app/com.microsoft.office.onenote-1/base.apk / 1.0 running in null rsrc of package com.microsoft.office.onenote
10-25 21:41:00.722 3520 3520 W ResourcesManager: getTopLevelResources: /data/app/com.microsoft.office.onenote-1/base.apk / 1.0 running in null rsrc of package com.microsoft.office.onenote
10-25 21:41:00.722 3520 3520 W ResourcesManager: getTopLevelResources: /data/app/com.facebook.katana-1/base.apk / 1.0 running in null rsrc of package com.facebook.katana
10-25 21:41:00.722 4494 4494 W ResourcesManager: getTopLevelResources: /data/app/com.google.android.apps.walletnfcrel-1/base.apk / 1.0 running in com.android.nfc rsrc of package com.google.android.apps.walletnfcrel
10-25 21:41:00.722 3520 4750 W ActivityManager: Permission Denial: Accessing service ComponentInfo{com.google.android.music/com.google.android.music.dial.DialMediaRouteProviderService} from pid=17909, uid=10209 that is not exported from uid 10158
10-25 21:41:00.732 4494 4494 D ApduServiceInfo: seId: 0
10-25 21:41:00.732 4494 4494 D ResourcesManager: For user 0 new overlays fetched Null
10-25 21:41:00.732 4494 4494 W ResourcesManager: getTopLevelResources: /data/app/com.google.android.apps.walletnfcrel-1/base.apk / 1.0 running in com.android.nfc rsrc of package com.google.android.apps.walletnfcrel
10-25 21:41:00.732 3520 3577 D ResourcesManager: For user 0 new overlays fetched Null
10-25 21:41:00.732 3520 3520 D ResourcesManager: For user 0 new overlays fetched Null
10-25 21:41:00.732 3520 3577 W ResourcesManager: getTopLevelResources: /system/app/UniversalSwitch/UniversalSwitch.apk / 1.0 running in null rsrc of package com.samsung.android.universalswitch
10-25 21:41:00.732 3520 3520 W ResourcesManager: getTopLevelResources: /data/app/com.facebook.katana-1/base.apk / 1.0 running in null rsrc of package com.facebook.katana
10-25 21:41:00.732 3520 3577 W ResourcesManager: getTopLevelResources: /data/app/com.lookout-1/base.apk / 1.0 running in null rsrc of package com.lookout
10-25 21:41:00.732 3520 3520 W ResourcesManager: getTopLevelResources: /data/app/com.microsoft.office.powerpoint-1/base.apk / 1.0 running in null rsrc of package com.microsoft.office.powerpoint
10-25 21:41:00.732 3520 4287 V BroadcastQueue: [background] Process cur broadcast BroadcastRecord{9803353 u0 android.intent.action.PACKAGE_CHANGED qIdx=4}, state= (APP_RECEIVE) DELIVERED for app ProcessRecord{2164c91 17716:com.samsung.android.app.FileShareServer/5005}
10-25 21:41:00.732 3520 3577 D ResourcesManager: For user 0 new overlays fetched Null
10-25 21:41:00.732 3520 3520 D ResourcesManager: For user 0 new overlays fetched Null
10-25 21:41:00.732 3520 3520 W ResourcesManager: getTopLevelResources: /data/app/com.microsoft.office.powerpoint-1/base.apk / 1.0 running in null rsrc of package com.microsoft.office.powerpoint
10-25 21:41:00.742 3520 3577 D EnterpriseDeviceManagerService: Package has changed for user 0
10-25 21:41:00.742 3520 3577 D EnterpriseDeviceManagerService: Admin package name: com.google.android.gms
10-25 21:41:00.742 3520 3520 W ResourcesManager: getTopLevelResources: /data/app/com.google.android.gm-2/base.apk / 1.0 running in null rsrc of package com.google.android.gm
10-25 21:41:00.742 3520 3577 W ResourcesManager: getTopLevelResources: /data/app/com.lookout-1/base.apk / 1.0 running in null rsrc of package com.lookout
10-25 21:41:00.742 3520 3520 D ResourcesManager: For user 0 new overlays fetched Null
10-25 21:41:00.742 3520 3520 W ResourcesManager: getTopLevelResources: /data/app/com.google.android.gm-2/base.apk / 1.0 running in null rsrc of package com.google.android.gm
10-25 21:41:00.742 3520 3520 W ResourcesManager: getTopLevelResources: /data/app/com.google.android.gm-2/base.apk / 1.0 running in null rsrc of package com.google.android.gm
10-25 21:41:00.742 3520 3577 W ResourcesManager: getTopLevelResources: /system/app/SamsungIMEv3_SYSTEMUID_SWIFTKEY_VO/SamsungIMEv3_SYSTEMUID_SWIFTKEY_VO.apk / 1.0 running in null rsrc of package com.sec.android.inputmethod
10-25 21:41:00.742 3520 3520 W ResourcesManager: getTopLevelResources: /data/app/com.google.android.gm-2/base.apk / 1.0 running in null rsrc of package com.google.android.gm
10-25 21:41:00.742 3520 3520 W ResourcesManager: getTopLevelResources: /data/app/com.google.android.gm-2/base.apk / 1.0 running in null rsrc of package com.google.android.gm
10-25 21:41:00.742 3520 3520 W ResourcesManager: getTopLevelResources: /data/app/com.google.android.gm-2/base.apk / 1.0 running in null rsrc of package com.google.android.gm
10-25 21:41:00.742 3520 3577 W ResourcesManager: getTopLevelResources: /system/app/SamsungIMEv3_SYSTEMUID_SWIFTKEY_VO/SamsungIMEv3_SYSTEMUID_SWIFTKEY_VO.apk / 1.0 running in null rsrc of package com.sec.android.inputmethod
10-25 21:41:00.742 3520 3520 W ResourcesManager: getTopLevelResources: /data/app/com.mobitv.client.tmobiletvhd-1/base.apk / 1.0 running in null rsrc of package com.mobitv.client.tmobiletvhd
10-25 21:41:00.742 3520 3520 D ResourcesManager: For user 0 new overlays fetched Null
10-25 21:41:00.742 3520 3520 W ResourcesManager: getTopLevelResources: /data/app/com.mobitv.client.tmobiletvhd-1/base.apk / 1.0 running in null rsrc of package com.mobitv.client.tmobiletvhd
10-25 21:41:00.742 3520 3520 W ResourcesManager: getTopLevelResources: /data/app/com.whitepages.nameid.tmobile-1/base.apk / 1.0 running in null rsrc of package com.whitepages.nameid.tmobile
10-25 21:41:00.752 17716 17716 D FileShare-Server: ServerBroadcastReceiver.onReceive - action android.intent.action.PACKAGE_CHANGED // package:com.samsung.android.app.galaxyfinder
10-25 21:41:00.752 3520 3577 W ResourcesManager: getTopLevelResources: /system/priv-app/SecSettings2/SecSettings2.apk / 1.0 running in null rsrc of package com.android.settings
10-25 21:41:00.752 3520 3520 D ResourcesManager: For user 0 new overlays fetched Null
10-25 21:41:00.752 3520 3520 W ResourcesManager: getTopLevelResources: /data/app/com.whitepages.nameid.tmobile-1/base.apk / 1.0 running in null rsrc of package com.whitepages.nameid.tmobile
10-25 21:41:00.752 3520 3520 W ResourcesManager: getTopLevelResources: /data/app/com.skype.raider-1/base.apk / 1.0 running in null rsrc of package com.skype.raider
10-25 21:41:00.752 3520 3520 D ResourcesManager: For user 0 new overlays fetched Null
10-25 21:41:00.752 3520 3520 W ResourcesManager: getTopLevelResources: /data/app/com.skype.raider-1/base.apk / 1.0 running in null rsrc of package com.skype.raider
10-25 21:41:00.752 3520 3520 W ResourcesManager: getTopLevelResources: /data/app/com.sec.android.app.sbrowser-1/base.apk / 1.0 running in null rsrc of package com.sec.android.app.sbrowser
10-25 21:41:00.752 3520 3543 V BroadcastQueue: [background] Process cur broadcast BroadcastRecord{9803353 u0 android.intent.action.PACKAGE_CHANGED qIdx=4}, state= (APP_RECEIVE) DELIVERED for app ProcessRecord{7f8f7f6 17728:com.enhance.gameservice/u0a138}
10-25 21:41:00.762 3520 3577 D ResourcesManager: For user 0 new overlays fetched Null
10-25 21:41:00.762 3520 3520 D ResourcesManager: For user 0 new overlays fetched Null
10-25 21:41:00.762 3520 3520 W ResourcesManager: getTopLevelResources: /data/app/com.sec.android.app.sbrowser-1/base.apk / 1.0 running in null rsrc of package com.sec.android.app.sbrowser
10-25 21:41:00.762 3520 3520 W ResourcesManager: getTopLevelResources: /data/app/com.microsoft.office.word-1/base.apk / 1.0 running in null rsrc of package com.microsoft.office.word
10-25 21:41:00.762 3520 3577 W ResourcesManager: getTopLevelResources: /system/priv-app/SecSettings2/SecSettings2.apk / 1.0 running in null rsrc of package com.android.settings
10-25 21:41:00.762 3520 3577 W ResourcesManager: getTopLevelResources: /system/priv-app/SecContacts_M/SecContacts_M.apk / 1.0 running in null rsrc of package com.android.contacts
10-25 21:41:00.762 3520 3520 D ResourcesManager: For user 0 new overlays fetched Null
10-25 21:41:00.762 3520 3520 W ResourcesManager: getTopLevelResources: /data/app/com.microsoft.office.word-1/base.apk / 1.0 running in null rsrc of package com.microsoft.office.word
10-25 21:41:00.762 3520 3520 W ResourcesManager: getTopLevelResources: /data/app/com.microsoft.office.excel-1/base.apk / 1.0 running in null rsrc of package com.microsoft.office.excel
10-25 21:41:00.762 3520 3577 D ResourcesManager: For user 0 new overlays fetched Null
10-25 21:41:00.762 3520 3520 D ResourcesManager: For user 0 new overlays fetched Null
10-25 21:41:00.762 3520 3520 W ResourcesManager: getTopLevelResources: /data/app/com.microsoft.office.excel-1/base.apk / 1.0 running in null rsrc of package com.microsoft.office.excel
10-25 21:41:00.762 3520 3520 W ResourcesManager: getTopLevelResources: /data/app/com.microsoft.skydrive-1/base.apk / 1.0 running in null rsrc of package com.microsoft.skydrive
10-25 21:41:00.762 3520 3577 W ResourcesManager: getTopLevelResources: /system/priv-app/SecContacts_M/SecContacts_M.apk / 1.0 running in null rsrc of package com.android.contacts
10-25 21:41:00.762 3520 3577 W ResourcesManager: getTopLevelResources: /system/priv-app/SecContacts_M/SecContacts_M.apk / 1.0 running in null rsrc of package com.android.contacts
10-25 21:41:00.762 3520 3577 W ResourcesManager: getTopLevelResources: /system/priv-app/SecContacts_M/SecContacts_M.apk / 1.0 running in null rsrc of package com.android.contacts
10-25 21:41:00.772 17742 17742 D PackageIntentReceiver: onReceive::android.intent.action.PACKAGE_CHANGED
