10-25 21:40:31.572 17329 17677 D VrApi : -> / 3
10-25 21:40:31.572 17329 17677 I VrApi_Clocks: CPU levels [0, 3]
10-25 21:40:31.572 17329 17677 I VrApi_Clocks: GPU levels [0, 3]
10-25 21:40:31.572 17329 17677 D VrApi : setSystemPerformance cpu: 2 gpu: 2
10-25 21:40:31.572 3970 17298 V VRManagerServer: (VRManagerService.java:751) yTqX [SetVrClocks : com.foo.ProductName (2:2)]
10-25 21:40:31.572 3970 17298 V VRManagerServer: (VRManagerService.java:950) wtkw [setCPUlevel : com.foo.ProductName (600000:1000000)]
10-25 21:40:31.572 3970 17298 V VRManagerServer: (VRManagerService.java:998) QdBd [setGPUlevel : com.foo.ProductName (420:420)]
10-25 21:40:31.582 3970 17298 V VRManagerServer: (VRManagerService.java:1046) bHGb [setBUSlevel : com.foo.ProductName (0:0)]
10-25 21:40:31.582 3970 17298 V VRManagerServer: (VRManagerService.java:864) yTqX [SetVrClocks : com.foo.ProductName (600000:420:1000000:420)]
10-25 21:40:31.582 3970 17681 V VRManagerServer: (VRManagerService.java:687) snDW [---- setCustomAffinity com.foo.ProductName ----]
10-25 21:40:31.582 17329 17677 I VrApi_Clocks: LockClocks( cpu=2, gpu=2 ) - end (14.9 ms)
10-25 21:40:31.582 17329 17343 D VrApi : setSchedFifoStatic tid:17648 pto:2
10-25 21:40:31.582 17329 17680 D VrApi : VrApi::isWifiConnected exception: Make sure android.permission.ACCESS_NETWORK_STATE is set in the manifest.
10-25 21:40:31.582 3970 17522 V VRManagerServer: (VRManagerService.java:401) yTqX [setThreadSchedFifo pkg=com.foo.ProductName pid=17329 tid=17648 prio=2]
10-25 21:40:31.582 3970 17522 V VRManagerServer: (VRManagerService.java:405) yTqX [setAffinity pid=17648 cpus=[4, 5, 6, 7]]
10-25 21:40:31.582 17329 17680 D VrApi : targetSDKVersion 24
10-25 21:40:31.582 17329 17343 D VRManagerGearVR: VRManager set thread priority to 2
10-25 21:40:31.582 17329 17343 I VrApi_Clocks: SetSchedFifo( tid=17648, pri=2 ) succeeded
10-25 21:40:31.582 17329 17343 D VrApi : setSchedFifoStatic tid:17678 pto:3
10-25 21:40:31.592 3970 3998 V VRManagerServer: (VRManagerService.java:401) yTqX [setThreadSchedFifo pkg=com.foo.ProductName pid=17329 tid=17678 prio=3]
10-25 21:40:31.592 3970 3998 V VRManagerServer: (VRManagerService.java:405) yTqX [setAffinity pid=17678 cpus=[4, 5, 6, 7]]
10-25 21:40:31.592 17329 17343 D VRManagerGearVR: VRManager set thread priority to 3
10-25 21:40:31.592 17329 17343 I VrApi_Clocks: SetSchedFifo( tid=17678, pri=3 ) succeeded
10-25 21:40:31.592 17329 17677 I VrApi_Clocks: ReleaseClocks - start
10-25 21:40:31.592 17329 17343 D VrApi : getSystemBrightness
10-25 21:40:31.592 17329 17677 D VrApi : releaseSystemPerformanceStatic
10-25 21:40:31.592 17329 17680 D VrApi : getVrHelperProperty: vr_serial: 25695d87922043b89b382d49dd206e0fa1dbd02f7464a701fc1fb6ade3b28f59
10-25 21:40:31.592 17329 17680 I Metrics : device name = samsung SM-G928T
10-25 21:40:31.592 3970 17522 V VRManagerServer: (VRManagerService.java:1518) AmLH [getSystemOption option=bright result=229]
10-25 21:40:31.592 3970 3998 E VRManagerServer: (VRManagerService.java:455) QdBd [relFreq : com.foo.ProductName <-> com.foo.ProductName]
10-25 21:40:31.602 17329 17343 I VrApi : System brightness = 229
10-25 21:40:31.602 17329 17343 D VrApi : setSystemBrightness 229
10-25 21:40:31.602 3970 3998 V VRManagerServer: (VRManagerService.java:751) yTqX [SetVrClocks : com.foo.ProductName (-1:-1)]
10-25 21:40:31.602 3970 3998 E VRManagerServer: (VRManagerService.java:455) QdBd [relFreq : freePass <-> null]
10-25 21:40:31.602 3970 3998 V VRManagerServer: (VRManagerService.java:950) wtkw [setCPUlevel : freePass (0:0)]
10-25 21:40:31.602 3970 17522 V VRManagerServer: (VRManagerService.java:1301) wtkw [setSystemOption option=bright value=229]
10-25 21:40:31.602 3970 3998 V VRManagerServer: (VRManagerService.java:998) QdBd [setGPUlevel : freePass (0:0)]
10-25 21:40:31.602 3970 17522 V VRManagerServer: (VRManagerService.java:1611) vqCz [updateBright value=229]
10-25 21:40:31.602 3970 3998 V VRManagerServer: (VRManagerService.java:1046) bHGb [setBUSlevel : freePass (0:0)]
10-25 21:40:31.602 17329 17329 I Vsync : Choreographer doFrame callback delayed by 8.2 milliseconds
10-25 21:40:31.602 17329 17677 I VrApi_Clocks: ReleaseClocks - end (10.3 ms)
10-25 21:40:31.602 17329 17680 D VrApi : getVrHelperProperty: hmt_device_model: SM-R322
10-25 21:40:31.612 17378 17388 E SDKLoggingService: Unable to find AppId for package (com.foo.ProductName)
10-25 21:40:31.612 17378 17388 E SDKLoggingService: com.oculus.horizon.service.ExternalPlatformLocal$PackageNotInLibraryException: Package com.foo.ProductName not in users library
10-25 21:40:31.612 17378 17388 E SDKLoggingService: at com.oculus.horizon.service.ExternalPlatformLocal.getAppID(ExternalPlatformLocal.java:181)
10-25 21:40:31.612 17378 17388 E SDKLoggingService: at com.oculus.horizon.service.ExternalPlatformLocal.getAppID(ExternalPlatformLocal.java:142)
10-25 21:40:31.612 17378 17388 E SDKLoggingService: at com.oculus.horizon.service.ExternalPlatformLocal.getAppID(ExternalPlatformLocal.java:133)
10-25 21:40:31.612 17378 17388 E SDKLoggingService: at com.oculus.horizon.service.SDKLoggingService$1.log(SDKLoggingService.java:66)
10-25 21:40:31.612 17378 17388 E SDKLoggingService: at com.oculus.logging.sdk_logging.SDKLoggingInterface$Stub.onTransact(SDKLoggingInterface.java:50)
10-25 21:40:31.612 17378 17388 E SDKLoggingService: at android.os.Binder.execTransact(Binder.java:453)
10-25 21:40:31.612 17329 17343 I VrApi : Set brightness to 229
10-25 21:40:31.612 17329 17343 D VrApi : getDoNotDisturbMode
10-25 21:40:31.612 17378 17388 E PresenceManager: Unknown app (com.foo.ProductName) logging presence.
10-25 21:40:31.612 17378 17388 E PresenceManager: com.oculus.horizon.service.ExternalPlatformLocal$PackageNotInLibraryException: Package com.foo.ProductName not in users library
10-25 21:40:31.612 17378 17388 E PresenceManager: at com.oculus.horizon.service.ExternalPlatformLocal.getAppID(ExternalPlatformLocal.java:181)
10-25 21:40:31.612 17378 17388 E PresenceManager: at com.oculus.horizon.service.ExternalPlatformLocal.getAppID(ExternalPlatformLocal.java:142)
10-25 21:40:31.612 17378 17388 E PresenceManager: at com.oculus.horizon.service.ExternalPlatformLocal.getAppID(ExternalPlatformLocal.java:133)
10-25 21:40:31.612 17378 17388 E PresenceManager: at com.oculus.horizon.platform.PresenceManager.logWasCalled(PresenceManager.java:257)
10-25 21:40:31.612 17378 17388 E PresenceManager: at com.oculus.horizon.service.SDKLoggingService$1.log(SDKLoggingService.java:73)
10-25 21:40:31.612 17378 17388 E PresenceManager: at com.oculus.logging.sdk_logging.SDKLoggingInterface$Stub.onTransact(SDKLoggingInterface.java:50)
10-25 21:40:31.612 17378 17388 E PresenceManager: at android.os.Binder.execTransact(Binder.java:453)
10-25 21:40:31.612 3970 3999 D VRManagerServer: (VRManagerService.java:1754) tWfk [getNotDisturbMode : 0]
10-25 21:40:31.612 3970 3999 D VRManagerServer: (VRManagerService.java:1754) tWfk [getNotDisturbMode : 0]
10-25 21:40:31.612 3970 3999 V VRManagerServer: (VRManagerService.java:1518) AmLH [getSystemOption option=do_not_disturb_mode result=0]
10-25 21:40:31.612 17329 17343 I VrApi : Set DND mode to false
10-25 21:40:31.612 17329 17343 D VrApi : setDoNotDisturbMode false
10-25 21:40:31.622 3970 17522 V VRManagerServer: (VRManagerService.java:1301) wtkw [setSystemOption option=do_not_disturb_mode value=0]
10-25 21:40:31.622 3970 17522 D VRManagerServer: (VRManagerService.java:1746) ZzLN [setDisturbMode : 0]
10-25 21:40:31.622 17329 17343 I VrApi : System DND mode = false
10-25 21:40:31.622 17329 17343 I VrApi : ---------- vrapi_EnterVrMode [end] ----------
10-25 21:40:31.622 17329 17343 I E:\tw\d45da6eca52cc600\Software\OculusSDK\Integrations\Unity\Releases\si-1: Register_Utilities
10-25 21:40:31.622 17329 17329 D VrApi : getWindow().addFlags( WindowManager.LayoutParams.FLAG_FULLSCREEN )
10-25 21:40:31.622 17329 17343 D HeadsetReceiver: Registering headset receiver
10-25 21:40:31.622 17329 17343 D HeadsetReceiver: startHeadsetReceiver: 0
10-25 21:40:31.622 17329 17343 I OVRPlugin: nativeHeadsetEvent(0)
10-25 21:40:31.622 17329 17343 D UnityVolumeReceiver: Registering volume receiver
10-25 21:40:31.622 17329 17343 D UnityVolumeReceiver: startVolumeReceiver: 15
10-25 21:40:31.622 17329 17343 D UnityBatteryReceiver: Registering battery receiver
10-25 21:40:31.622 3970 17681 V VRManagerServer: (VRManagerService.java:707) snDW [Found pkg:foo.ProductName pid=17329]
10-25 21:40:31.622 3970 17681 V VRManagerServer: (VRManagerService.java:731) yTqX [setAffinity pid=17604 cpus=[0, 1, 2, 3]]
10-25 21:40:31.622 3970 17681 V VRManagerServer: (VRManagerService.java:731) yTqX [setAffinity pid=17606 cpus=[0, 1, 2, 3]]
10-25 21:40:31.622 3970 17681 V VRManagerServer: (VRManagerService.java:731) yTqX [setAffinity pid=17607 cpus=[0, 1, 2, 3]]
10-25 21:40:31.622 3970 17681 V VRManagerServer: (VRManagerService.java:731) yTqX [setAffinity pid=17625 cpus=[0, 1, 2, 3]]
10-25 21:40:31.622 3970 17681 V VRManagerServer: (VRManagerService.java:731) yTqX [setAffinity pid=17626 cpus=[0, 1, 2, 3]]
10-25 21:40:31.632 3970 17681 V VRManagerServer: (VRManagerService.java:731) yTqX [setAffinity pid=17627 cpus=[0, 1, 2, 3]]
10-25 21:40:31.632 3970 17681 V VRManagerServer: (VRManagerService.java:731) yTqX [setAffinity pid=17628 cpus=[0, 1, 2, 3]]
10-25 21:40:31.632 3970 17681 V VRManagerServer: (VRManagerService.java:731) yTqX [setAffinity pid=17629 cpus=[0, 1, 2, 3]]
10-25 21:40:31.632 3970 17681 V VRManagerServer: (VRManagerService.java:731) yTqX [setAffinity pid=17630 cpus=[0, 1, 2, 3]]
10-25 21:40:31.632 3970 17681 V VRManagerServer: (VRManagerService.java:731) yTqX [setAffinity pid=17631 cpus=[0, 1, 2, 3]]
10-25 21:40:31.632 3520 5770 D KnoxTimeoutHandler: notifyActivityDrawn [MsgParam] userId: 0 fullscreen is true showWhenlocked is true
10-25 21:40:31.632 3970 17681 V VRManagerServer: (VRManagerService.java:731) yTqX [setAffinity pid=17632 cpus=[0, 1, 2, 3]]
10-25 21:40:31.632 3520 3520 D KnoxTimeoutHandler: activityDrawn [MsgParam] userId: 0 fullscreen is true showWhenlocked is true
10-25 21:40:31.632 3520 3520 I KnoxTimeoutHandler: SD activityfalse
10-25 21:40:31.632 3970 17681 V VRManagerServer: (VRManagerService.java:731) yTqX [setAffinity pid=17633 cpus=[0, 1, 2, 3]]
10-25 21:40:31.632 3970 17681 V VRManagerServer: (VRManagerService.java:731) yTqX [setAffinity pid=17634 cpus=[0, 1, 2, 3]]
10-25 21:40:31.632 17329 17329 I OVRPlugin: nativeBatteryEvent(3, 100, 263)
10-25 21:40:31.632 3970 17681 V VRManagerServer: (VRManagerService.java:731) yTqX [setAffinity pid=17635 cpus=[0, 1, 2, 3]]
10-25 21:40:31.632 3970 17681 V VRManagerServer: (VRManagerService.java:731) yTqX [setAffinity pid=17636 cpus=[0, 1, 2, 3]]
10-25 21:40:31.632 3970 17681 V VRManagerServer: (VRManagerService.java:731) yTqX [setAffinity pid=17637 cpus=[0, 1, 2, 3]]
10-25 21:40:31.632 3970 17681 V VRManagerServer: (VRManagerService.java:731) yTqX [setAffinity pid=17638 cpus=[0, 1, 2, 3]]
10-25 21:40:31.642 3970 17681 V VRManagerServer: (VRManagerService.java:731) yTqX [setAffinity pid=17639 cpus=[0, 1, 2, 3]]
10-25 21:40:31.642 3970 17681 V VRManagerServer: (VRManagerService.java:731) yTqX [setAffinity pid=17640 cpus=[0, 1, 2, 3]]
10-25 21:40:31.662 3520 4750 W SensorService: sensor 00000000 already enabled in connection 0x7f3ee4b7a0 (ignoring)
10-25 21:40:31.662 3520 4387 D KnoxTimeoutHandler: notifyActivityDrawn [MsgParam] userId: 0 fullscreen is true showWhenlocked is true
10-25 21:40:31.662 3520 3520 D KnoxTimeoutHandler: activityDrawn [MsgParam] userId: 0 fullscreen is true showWhenlocked is true
10-25 21:40:31.662 3520 3520 I KnoxTimeoutHandler: SD activityfalse
10-25 21:40:31.672 3520 4534 I MediaFocusControl: AudioFocus requestAudioFocus() from android.media.AudioManager$19d262f req=1flags=0x0
10-25 21:40:31.682 17329 17343 I E:\tw\d45da6eca52cc600\Software\OculusSDK\Integrations\Unity\Releases\si-1: Just mounted
10-25 21:40:31.682 17329 17343 I SystemActivities: OVR_SystemActivities_PostUpdate: Acting on System Activity reorient event.
10-25 21:40:31.682 17329 17343 W VrApi : Time to first swap: 0.348 seconds
10-25 21:40:31.682 17329 17343 W VrApi : out of order frame index (prev = 0, new = 0)
10-25 21:40:31.682 17329 17677 I VrApi_Clocks: LockClocks( cpu=2, gpu=2 ) - start
10-25 21:40:31.682 17329 17677 D VrApi : Available levels: {GPU MIN, GPU MAX, CPU MIN, CPU MAX}
10-25 21:40:31.682 17329 17677 D VrApi : -> / 0
10-25 21:40:31.682 17329 17677 D VrApi : -> / 3
10-25 21:40:31.682 17329 17677 D VrApi : -> / 0
10-25 21:40:31.682 17329 17677 D VrApi : -> / 3
10-25 21:40:31.682 17329 17677 I VrApi_Clocks: CPU levels [0, 3]
10-25 21:40:31.682 17329 17677 I VrApi_Clocks: GPU levels [0, 3]
10-25 21:40:31.682 17329 17677 D VrApi : setSystemPerformance cpu: 2 gpu: 2
10-25 21:40:31.682 3970 3999 V VRManagerServer: (VRManagerService.java:751) yTqX [SetVrClocks : com.foo.ProductName (2:2)]
10-25 21:40:31.682 3970 3999 V VRManagerServer: (VRManagerService.java:950) wtkw [setCPUlevel : com.foo.ProductName (600000:1000000)]
10-25 21:40:31.682 17329 17678 I TimeWarp: Waited 0.121 seconds for first call to warp swap.
10-25 21:40:31.682 17329 17678 I TimeWarp: Waited 0.000 seconds for first choreographer callback.
10-25 21:40:31.682 17329 17678 I TimeWarp: Adjusting 4972094.53 > 0 to 4972095
10-25 21:40:31.692 3970 3999 V VRManagerServer: (VRManagerService.java:998) QdBd [setGPUlevel : com.foo.ProductName (420:420)]
10-25 21:40:31.692 3970 3999 V VRManagerServer: (VRManagerService.java:1046) bHGb [setBUSlevel : com.foo.ProductName (0:0)]
10-25 21:40:31.702 3970 3999 V VRManagerServer: (VRManagerService.java:864) yTqX [SetVrClocks : com.foo.ProductName (600000:420:1000000:420)]
10-25 21:40:31.702 3970 17685 V VRManagerServer: (VRManagerService.java:687) snDW [---- setCustomAffinity com.foo.ProductName ----]
10-25 21:40:31.702 17329 17677 I VrApi_Clocks: LockClocks( cpu=2, gpu=2 ) - end (16.7 ms)
10-25 21:40:31.722 17329 17678 W TimeWarp: VSync 4972096: eye=1,late=0.0ms,over=0.0ms,CPU=23.2ms,GPU>=0.1
10-25 21:40:31.732 17329 17678 I TimeWarp: Adjusting 4972097.03 > 4972096 to 4972097
10-25 21:40:31.732 17329 17678 D VrApi : setSchedFifoStatic tid:17343 pto:1
10-25 21:40:31.732 3099 3099 D libEGL : eglInitialize EGLDisplay = 0x7fc6961138
10-25 21:40:31.732 3970 17522 V VRManagerServer: (VRManagerService.java:401) yTqX [setThreadSchedFifo pkg=com.foo.ProductName pid=17329 tid=17343 prio=1]
10-25 21:40:31.732 3970 17522 V VRManagerServer: (VRManagerService.java:405) yTqX [setAffinity pid=17343 cpus=[4, 5, 6, 7]]
10-25 21:40:31.742 17329 17678 D VRManagerGearVR: VRManager set thread priority to 1
10-25 21:40:31.742 17329 17678 I VrApi_Clocks: SetSchedFifo( tid=17343, pri=1 ) succeeded
10-25 21:40:31.742 17329 17678 D VrApi : setSchedFifoStatic tid:17343 pto:1
10-25 21:40:31.742 3970 3998 V VRManagerServer: (VRManagerService.java:401) yTqX [setThreadSchedFifo pkg=com.foo.ProductName pid=17329 tid=17343 prio=1]
10-25 21:40:31.742 3970 3998 V VRManagerServer: (VRManagerService.java:405) yTqX [setAffinity pid=17343 cpus=[4, 5, 6, 7]]
10-25 21:40:31.742 17329 17678 D VRManagerGearVR: VRManager set thread priority to 1
10-25 21:40:31.742 17329 17678 I VrApi_Clocks: SetSchedFifo( tid=17343, pri=1 ) succeeded
10-25 21:40:31.742 17329 17678 W TimeWarp: VSync 4972098: eye=1,late=9.2ms,over=0.0ms,CPU=1.5ms,GPU>=0.1
10-25 21:40:31.772 17329 17329 I Vsync : Choreographer doFrame callback delayed by 6.7 milliseconds
10-25 21:40:31.772 3172 3172 D AT_Distributor: Send Msg [UART > ATD] 1 bytes <>
10-25 21:40:31.782 3970 17685 V VRManagerServer: (VRManagerService.java:707) snDW [Found pkg:foo.ProductName pid=17329]
10-25 21:40:31.782 3970 17685 V VRManagerServer: (VRManagerService.java:731) yTqX [setAffinity pid=17604 cpus=[0, 1, 2, 3]]
10-25 21:40:31.782 3970 17685 V VRManagerServer: (VRManagerService.java:731) yTqX [setAffinity pid=17606 cpus=[0, 1, 2, 3]]
10-25 21:40:31.782 3970 17685 V VRManagerServer: (VRManagerService.java:731) yTqX [setAffinity pid=17607 cpus=[0, 1, 2, 3]]
10-25 21:40:31.782 3970 17685 V VRManagerServer: (VRManagerService.java:731) yTqX [setAffinity pid=17625 cpus=[0, 1, 2, 3]]
10-25 21:40:31.792 3970 17685 V VRManagerServer: (VRManagerService.java:731) yTqX [setAffinity pid=17626 cpus=[0, 1, 2, 3]]
10-25 21:40:31.792 3970 17685 V VRManagerServer: (VRManagerService.java:731) yTqX [setAffinity pid=17627 cpus=[0, 1, 2, 3]]
10-25 21:40:31.792 3970 17685 V VRManagerServer: (VRManagerService.java:731) yTqX [setAffinity pid=17628 cpus=[0, 1, 2, 3]]
10-25 21:40:31.792 3970 17685 V VRManagerServer: (VRManagerService.java:731) yTqX [setAffinity pid=17629 cpus=[0, 1, 2, 3]]
10-25 21:40:31.792 3970 17685 V VRManagerServer: (VRManagerService.java:731) yTqX [setAffinity pid=17630 cpus=[0, 1, 2, 3]]
10-25 21:40:31.792 3970 17685 V VRManagerServer: (VRManagerService.java:731) yTqX [setAffinity pid=17631 cpus=[0, 1, 2, 3]]
10-25 21:40:31.792 3970 17685 V VRManagerServer: (VRManagerService.java:731) yTqX [setAffinity pid=17632 cpus=[0, 1, 2, 3]]
10-25 21:40:31.792 3970 17685 V VRManagerServer: (VRManagerService.java:731) yTqX [setAffinity pid=17633 cpus=[0, 1, 2, 3]]
10-25 21:40:31.802 3970 17685 V VRManagerServer: (VRManagerService.java:731) yTqX [setAffinity pid=17634 cpus=[0, 1, 2, 3]]
10-25 21:40:31.802 3970 17685 V VRManagerServer: (VRManagerService.java:731) yTqX [setAffinity pid=17635 cpus=[0, 1, 2, 3]]
10-25 21:40:31.802 3970 17685 V VRManagerServer: (VRManagerService.java:731) yTqX [setAffinity pid=17636 cpus=[0, 1, 2, 3]]
10-25 21:40:31.802 3970 17685 V VRManagerServer: (VRManagerService.java:731) yTqX [setAffinity pid=17637 cpus=[0, 1, 2, 3]]
10-25 21:40:31.802 3970 17685 V VRManagerServer: (VRManagerService.java:731) yTqX [setAffinity pid=17638 cpus=[0, 1, 2, 3]]
10-25 21:40:31.802 3970 17685 V VRManagerServer: (VRManagerService.java:731) yTqX [setAffinity pid=17639 cpus=[0, 1, 2, 3]]
10-25 21:40:31.802 3970 17685 V VRManagerServer: (VRManagerService.java:731) yTqX [setAffinity pid=17640 cpus=[0, 1, 2, 3]]
10-25 21:40:31.862 17329 17678 D VrApi : setSchedFifoStatic tid:17343 pto:0
10-25 21:40:31.862 3970 3999 V VRManagerServer: (VRManagerService.java:401) yTqX [setThreadSchedFifo pkg=com.foo.ProductName pid=17329 tid=17343 prio=0]
10-25 21:40:31.862 3970 3999 V VRManagerServer: (VRManagerService.java:405) yTqX [setAffinity pid=17343 cpus=[4, 5, 6, 7]]
10-25 21:40:31.872 17329 17678 D VRManagerGearVR: VRManager set thread priority to 0
10-25 21:40:31.872 17329 17678 I VrApi_Clocks: SetSchedFifo( tid=17343, pri=0 ) succeeded
10-25 21:40:31.872 17329 17678 D VrApi : setSchedFifoStatic tid:17343 pto:0
10-25 21:40:31.872 3970 17298 V VRManagerServer: (VRManagerService.java:401) yTqX [setThreadSchedFifo pkg=com.foo.ProductName pid=17329 tid=17343 prio=0]
10-25 21:40:31.872 3970 17298 V VRManagerServer: (VRManagerService.java:405) yTqX [setAffinity pid=17343 cpus=[4, 5, 6, 7]]
10-25 21:40:31.872 17329 17678 D VRManagerGearVR: VRManager set thread priority to 0
10-25 21:40:31.872 17329 17678 I VrApi_Clocks: SetSchedFifo( tid=17343, pri=0 ) succeeded
10-25 21:40:31.882 17329 17678 W TimeWarp: VSync 4972106: eye=1,late=6.2ms,over=0.0ms,CPU=0.5ms,GPU>=1.7
10-25 21:40:32.022 17329 17678 D VrApi : setSchedFifoStatic tid:17343 pto:1
10-25 21:40:32.032 3970 17522 V VRManagerServer: (VRManagerService.java:401) yTqX [setThreadSchedFifo pkg=com.foo.ProductName pid=17329 tid=17343 prio=1]
10-25 21:40:32.032 3970 17522 V VRManagerServer: (VRManagerService.java:405) yTqX [setAffinity pid=17343 cpus=[4, 5, 6, 7]]
10-25 21:40:32.042 17329 17678 D VRManagerGearVR: VRManager set thread priority to 1
10-25 21:40:32.042 17329 17678 I VrApi_Clocks: SetSchedFifo( tid=17343, pri=1 ) succeeded
10-25 21:40:32.042 17329 17678 D VrApi : setSchedFifoStatic tid:17343 pto:1
10-25 21:40:32.042 3970 3999 V VRManagerServer: (VRManagerService.java:401) yTqX [setThreadSchedFifo pkg=com.foo.ProductName pid=17329 tid=17343 prio=1]
10-25 21:40:32.042 3970 3999 V VRManagerServer: (VRManagerService.java:405) yTqX [setAffinity pid=17343 cpus=[4, 5, 6, 7]]
10-25 21:40:32.042 17329 17678 D VRManagerGearVR: VRManager set thread priority to 1
10-25 21:40:32.042 17329 17678 I VrApi_Clocks: SetSchedFifo( tid=17343, pri=1 ) succeeded
10-25 21:40:32.052 17329 17678 W TimeWarp: VSync 4972116: eye=1,late=12.2ms,over=0.0ms,CPU=0.5ms,GPU>=0.0
10-25 21:40:32.472 17329 17648 I OVR : DeviceManagerThread - event 46 (0Hz) (Tid=17648)
10-25 21:40:32.622 17329 17680 I VrApi : FPS=0,Prd=0ms,Tear=0,Early=0,Stale=0,VSnc=0,Lat=1,CPU4/GPU=2/2,800/420MHz,OC=FF,TA=F0/F0/F0/F0,SP=F/F/F/F,Mem=1026MHz,Free=1398MB,PSM=0,PLS=0,Temp=26.3C/26.5C
10-25 21:40:32.792 3520 3620 D PackageManager: [MSG] SEND_PENDING_BROADCAST
10-25 21:40:32.802 4130 4130 D ShortcutManager: onReceive : android.intent.action.PACKAGE_CHANGED
10-25 21:40:32.812 3520 4018 I InputReader: Reconfiguring input devices. changes=0x00000010
10-25 21:40:32.812 3520 4018 I InputReader: VRInputMapper::configure
10-25 21:40:32.812 3520 4018 I InputReader: VRKeyboardInputMapper::configure
10-25 21:40:32.832 4371 4371 I PeoplePackageManager: onReceive:android.intent.action.PACKAGE_CHANGED
10-25 21:40:32.832 4371 4371 D CircleReceiver: CircleReceiver intentAction : android.intent.action.PACKAGE_CHANGED
10-25 21:40:32.832 4371 4371 D CircleReceiver: actionFilter-action : android.intent.action.PACKAGE_CHANGED
10-25 21:40:32.832 4371 4371 D CircleReceiver: checkContactState() => true
10-25 21:40:32.842 17268 17268 I CatchNotificationsService: mPackageChangedReceiver : onReceive action = android.intent.action.PACKAGE_CHANGED
10-25 21:40:32.882 17686 17686 E Zygote : v2
10-25 21:40:32.882 17686 17686 I SELinux : Function: selinux_compare_spd_ram, index[1], SPD-policy is existed. and_ver=SEPF_SECMOBILE_6.0.1 ver=11
10-25 21:40:32.882 17686 17686 W SELinux : Function: selinux_compare_spd_ram, index[1], priority [2], priority version is VE=SEPF_SECMOBILE_6.0.1_0013
10-25 21:40:32.882 17686 17686 E Zygote : accessInfo : 0
10-25 21:40:32.882 17686 17686 W SELinux : SELinux: seapp_context_lookup: seinfo=platform, level=s0:c512,c768, pkgname=com.samsung.android.app.appsedge
10-25 21:40:32.892 4130 4130 D ShortcutManager: onReceive : android.intent.action.PACKAGE_CHANGED
10-25 21:40:32.892 3520 4018 I InputReader: Reconfiguring input devices. changes=0x00000010
10-25 21:40:32.892 3520 4018 I InputReader: VRInputMapper::configure
10-25 21:40:32.892 3520 4018 I InputReader: VRKeyboardInputMapper::configure
10-25 21:40:32.902 4371 4371 I PeoplePackageManager: onReceive:android.intent.action.PACKAGE_CHANGED
10-25 21:40:32.902 4371 4371 D CircleReceiver: CircleReceiver intentAction : android.intent.action.PACKAGE_CHANGED
10-25 21:40:32.902 4371 4371 D CircleReceiver: actionFilter-action : android.intent.action.PACKAGE_CHANGED
10-25 21:40:32.902 4371 4371 D CircleReceiver: checkContactState() => true
10-25 21:40:32.902 17268 17268 I CatchNotificationsService: mPackageChangedReceiver : onReceive action = android.intent.action.PACKAGE_CHANGED
10-25 21:40:32.912 17268 17268 D CatchNotificationsSupportedAppsDBHelper: Package doesn't have start activity, skip
10-25 21:40:32.932 4494 4494 D ApduServiceInfo: seId: 0
10-25 21:40:32.932 4494 4494 D ApduServiceInfo: seId: 0
10-25 21:40:32.942 17686 17686 D TimaKeyStoreProvider: TimaSignature is unavailable
10-25 21:40:32.942 17686 17686 D ActivityThread: Added TimaKeyStore provider
10-25 21:40:32.952 3520 3577 D EnterpriseDeviceManagerService: Package has changed for user 0
10-25 21:40:32.952 3520 3577 D EnterpriseDeviceManagerService: Admin package name: com.google.android.gms
10-25 21:40:32.982 4494 17700 D RegisteredComponentCache: Collect Tech packages for Knox
10-25 21:40:32.982 17686 17686 I InjectionManager: Inside getClassLibPath + mLibMap{0=, 1=}
10-25 21:40:32.982 4494 4494 D ApduServiceInfo: seId: 0
10-25 21:40:32.992 4494 4494 D ApduServiceInfo: seId: 0
10-25 21:40:32.992 17686 17686 I InjectionManager: Inside getClassLibPath caller
10-25 21:40:33.002 17686 17686 W System : ClassLoader referenced unknown path: /system/priv-app/AppsEdgePanel/lib/arm64
10-25 21:40:33.002 4494 17701 D RegisteredComponentCache: Collect Tech packages for Knox
10-25 21:40:33.012 17686 17686 D InjectionManager: InjectionManager
10-25 21:40:33.012 17686 17686 D InjectionManager: fillFeatureStoreMap com.samsung.android.app.appsedge
10-25 21:40:33.012 17686 17686 I InjectionManager: Constructor com.samsung.android.app.appsedge, Feature store :{}
10-25 21:40:33.012 17686 17686 I InjectionManager: featureStore :{}
10-25 21:40:33.012 17686 17686 I AppsEdgeBroadcastReceiver: onReceive: android.intent.action.PACKAGE_CHANGED
10-25 21:40:33.012 17686 17686 I AppsEdgeBroadcastReceiver: updateAppsEdge : action = android.intent.action.PACKAGE_CHANGED
10-25 21:40:33.052 3520 3520 D UcmService: onReceive android.intent.action.PACKAGE_CHANGED
10-25 21:40:33.052 3520 3520 D UcmService: Package update in userId-0 and uid-10041
10-25 21:40:33.052 3520 4067 D UcmService: *****refreshAgentList userId-0 is called***
10-25 21:40:33.052 3520 4067 D UcmService: resolveAllowedAgents for user 0
10-25 21:40:33.052 3520 4067 D UcmService: found com.sec.smartcard.manager
10-25 21:40:33.052 3520 4067 D UcmService: found com.samsung.ucs.agent.boot
10-25 21:40:33.052 3520 4067 D UcmService: mPersistentServices size is 2
10-25 21:40:33.052 3520 4067 D UcmService: -------Processing started for agentPackageName----- -com.sec.smartcard.manager
10-25 21:40:33.052 3520 4067 D UcmService: agentPackageName -com.sec.smartcard.manager is an active plugin
10-25 21:40:33.052 3520 4067 D UcmService: Check if caller has UCS Plugin permission...
10-25 21:40:33.052 3520 4067 D UcmService: Agent has UCS PLUGIN permission. Processing further...
10-25 21:40:33.052 3520 4067 D UcmService: -------Processing started for agentPackageName----- -com.samsung.ucs.agent.boot
10-25 21:40:33.052 3520 4067 D UcmService: agentPackageName -com.samsung.ucs.agent.boot is an active plugin
10-25 21:40:33.052 3520 4067 D UcmService: Check if caller has UCS Plugin permission...
10-25 21:40:33.052 3520 4067 D UcmService: Agent has UCS PLUGIN permission. Processing further...
10-25 21:40:33.052 3520 4067 D UcmService: agentPackageName com.samsung.ucs.agent.boot is system storage. Checking system signature
10-25 21:40:33.052 3520 4067 D UcmService: Signature match
10-25 21:40:33.052 3520 4067 D UcmService: Valid system storage found is com.samsung.ucs.agent.boot
10-25 21:40:33.062 17702 17702 E Zygote : v2
10-25 21:40:33.062 17702 17702 I SELinux : Function: selinux_compare_spd_ram, index[1], SPD-policy is existed. and_ver=SEPF_SECMOBILE_6.0.1 ver=11
10-25 21:40:33.062 17702 17702 W SELinux : Function: selinux_compare_spd_ram, index[1], priority [2], priority version is VE=SEPF_SECMOBILE_6.0.1_0013
10-25 21:40:33.062 17702 17702 E Zygote : accessInfo : 0
10-25 21:40:33.062 17702 17702 W SELinux : SELinux: seapp_context_lookup: seinfo=platform, level=s0:c512,c768, pkgname=com.samsung.android.app.taskedge
10-25 21:40:33.072 3520 4067 D UcmService: readPersistentServicesLocked is called...
10-25 21:40:33.072 3520 4067 D UcmService: PersistentServices key-com.sec.smartcard.manager:com.samsung.ucs.agent.baiMobile
10-25 21:40:33.072 3520 4067 D UcmService: PersistentServices value-10195
10-25 21:40:33.072 3520 4067 D UcmService: PersistentServices key-com.samsung.ucs.agent.boot:com.samsung.ucs.agent.boot
10-25 21:40:33.072 3520 4067 D UcmService: PersistentServices value-1000
10-25 21:40:33.082 17686 17686 D ComponentItem: makeFromDB id=1,item=ComponentItem57280398:Contacts:ComponentInfo{com.android.contacts/com.android.contacts.activities.PeopleActivity}
10-25 21:40:33.092 17702 17702 D TimaKeyStoreProvider: TimaSignature is unavailable
10-25 21:40:33.092 17702 17702 D ActivityThread: Added TimaKeyStore provider
10-25 21:40:33.102 17686 17686 D ComponentItem: makeFromDB id=2,item=ComponentItem113286076:Phone:ComponentInfo{com.android.contacts/com.android.dialer.DialtactsActivity}
10-25 21:40:33.122 4371 4371 D Utils : resetNotificationListenerStartUp: resultFlag=3
10-25 21:40:33.122 4371 4371 D PeopleNotiListenerService: onDestroy
10-25 21:40:33.122 17702 17702 I InjectionManager: Inside getClassLibPath + mLibMap{0=, 1=}
10-25 21:40:33.132 17686 17686 D ComponentItem: makeFromDB id=3,item=ComponentItem193138330:Internet:ComponentInfo{com.sec.android.app.sbrowser/com.sec.android.app.sbrowser.SBrowserMainActivity}
10-25 21:40:33.132 17702 17702 I InjectionManager: Inside getClassLibPath caller
10-25 21:40:33.132 17702 17702 W System : ClassLoader referenced unknown path: /system/priv-app/TaskEdgePanel/lib/arm64
10-25 21:40:33.132 16325 16325 V VRSVC : (NotificationListener.java:17) onCreate [onCreate()]
10-25 21:40:33.142 4371 4371 D PeopleNotiListenerService: onCreate
10-25 21:40:33.142 4371 4371 D Utils : resetNotificationListenerStartUp: resultFlag=3
10-25 21:40:33.142 3520 3520 D UcmService: onReceive android.intent.action.PACKAGE_CHANGED
10-25 21:40:33.142 3520 3520 D UcmService: Package update in userId-0 and uid-1000
10-25 21:40:33.142 3520 4067 D UcmService: *****refreshAgentList userId-0 is called***
10-25 21:40:33.142 3520 4067 D UcmService: resolveAllowedAgents for user 0
10-25 21:40:33.142 4371 4371 I PeopleNotiListenerService: onBind
10-25 21:40:33.142 3520 4067 D UcmService: found com.sec.smartcard.manager
10-25 21:40:33.142 3520 4067 D UcmService: found com.samsung.ucs.agent.boot
10-25 21:40:33.142 3520 4067 D UcmService: mPersistentServices size is 2
10-25 21:40:33.142 3520 4067 D UcmService: -------Processing started for agentPackageName----- -com.sec.smartcard.manager
10-25 21:40:33.142 3520 4067 D UcmService: agentPackageName -com.sec.smartcard.manager is an active plugin
10-25 21:40:33.142 3520 4067 D UcmService: Check if caller has UCS Plugin permission...
10-25 21:40:33.142 3520 4067 D UcmService: Agent has UCS PLUGIN permission. Processing further...
10-25 21:40:33.142 3520 4067 D UcmService: -------Processing started for agentPackageName----- -com.samsung.ucs.agent.boot
10-25 21:40:33.142 3520 4067 D UcmService: agentPackageName -com.samsung.ucs.agent.boot is an active plugin
10-25 21:40:33.142 3520 4067 D UcmService: Check if caller has UCS Plugin permission...
10-25 21:40:33.142 3520 4067 D UcmService: Agent has UCS PLUGIN permission. Processing further...
10-25 21:40:33.142 3520 4067 D UcmService: agentPackageName com.samsung.ucs.agent.boot is system storage. Checking system signature
10-25 21:40:33.142 3520 4067 D UcmService: Signature match
10-25 21:40:33.142 3520 4067 D UcmService: Valid system storage found is com.samsung.ucs.agent.boot
10-25 21:40:33.152 4371 4371 D Utils : clearStartUpNotifyFlag: 2 resultFlag=1
10-25 21:40:33.152 3520 4067 D UcmService: readPersistentServicesLocked is called...
10-25 21:40:33.152 17702 17702 D InjectionManager: InjectionManager
10-25 21:40:33.152 17702 17702 D InjectionManager: fillFeatureStoreMap com.samsung.android.app.taskedge
10-25 21:40:33.152 3520 4067 D UcmService: PersistentServices key-com.sec.smartcard.manager:com.samsung.ucs.agent.baiMobile
10-25 21:40:33.152 3520 4067 D UcmService: PersistentServices value-10195
10-25 21:40:33.152 3520 4067 D UcmService: PersistentServices key-com.samsung.ucs.agent.boot:com.samsung.ucs.agent.boot
10-25 21:40:33.152 3520 4067 D UcmService: PersistentServices value-1000
10-25 21:40:33.152 17702 17702 I InjectionManager: Constructor com.samsung.android.app.taskedge, Feature store :{}
10-25 21:40:33.152 17702 17702 I InjectionManager: featureStore :{}
10-25 21:40:33.152 4371 4371 D PeopleStripeService: onStartCommand:INTENT_ACTION_PEOPLE_RESTART:true
10-25 21:40:33.152 4371 4371 D CircleReceiver: CircleReceiver intentAction : com.samsung.android.service.peoplestripe.action.LISTENER_ON_BIND
10-25 21:40:33.152 4371 4371 D CircleReceiver: actionFilter-action : com.samsung.android.service.peoplestripe.action.LISTENER_ON_BIND
10-25 21:40:33.152 17702 17702 I TaskEdgeBroadcastReceiver: onReceive:android.intent.action.PACKAGE_CHANGED
10-25 21:40:33.172 17686 17686 D ApplicationPackageManager: we don't have com.android.calendar package name. load it
10-25 21:40:33.182 17702 17702 I TaskEdgeDBHelper: getCount 4
10-25 21:40:33.202 17686 17686 D Minikin : FontFamily bestFont == NULL, so return vacant FakedFont
10-25 21:40:33.202 17686 17686 D Minikin : FontFamily bestFont == NULL, so return vacant FakedFont
10-25 21:40:33.202 17686 17686 D Minikin : FontFamily bestFont == NULL, so return vacant FakedFont
10-25 21:40:33.202 4523 4523 I CocktailBarUiController: onUpdateCocktail: 11
10-25 21:40:33.202 4523 4523 I CocktailBarPanelManager: updatePanelItem: updateContainedPanel - 11
10-25 21:40:33.202 4523 4523 I TaskPanelContainer: setData action=com.samsung.android.app.taskedge.action.panel_update
10-25 21:40:33.212 17702 17702 I TaskEdgeDBHelper: getCount 4
10-25 21:40:33.222 4521 4521 E Launcher.Model: onPackageChanged :com.samsung.android.app.galaxyfinder
10-25 21:40:33.222 4521 4601 D LauncherApps: getActivityList callingUid: 0 user: 0
10-25 21:40:33.232 4521 4601 D LauncherApps: getActivityList callingUid: 0 user: 0
10-25 21:40:33.232 17686 17686 D ComponentItem: makeFromDB id=4,item=ComponentItem177771201:Calendar:ComponentInfo{com.android.calendar/com.android.calendar.AllInOneActivity}
10-25 21:40:33.232 4521 4601 D Launcher.MenuWidgetsLoader: packageChanged : com.samsung.android.app.galaxyfinder
10-25 21:40:33.232 17686 17686 D ApplicationPackageManager: we has com.android.calendar class. reuse it
10-25 21:40:33.232 17716 17716 E Zygote : v2
10-25 21:40:33.232 17686 17686 D Minikin : FontFamily bestFont == NULL, so return vacant FakedFont
10-25 21:40:33.232 17686 17686 D Minikin : FontFamily bestFont == NULL, so return vacant FakedFont
10-25 21:40:33.232 17686 17686 D Minikin : FontFamily bestFont == NULL, so return vacant FakedFont
10-25 21:40:33.232 17716 17716 I SELinux : Function: selinux_compare_spd_ram, index[1], SPD-policy is existed. and_ver=SEPF_SECMOBILE_6.0.1 ver=11
10-25 21:40:33.232 17716 17716 W SELinux : Function: selinux_compare_spd_ram, index[1], priority [2], priority version is VE=SEPF_SECMOBILE_6.0.1_0013
10-25 21:40:33.242 4521 4521 D Launcher.MenuWidgetsLoader: MenuWidgetLoade-loadMenuWidgets : false
10-25 21:40:33.242 4521 20340 D Launcher.MenuWidgetsLoader: MenuWidgetLoader-start : com.android.launcher2.MenuWidgetsLoader$LoadMenuWidgetsTask@650e72c , false
10-25 21:40:33.242 17716 17716 E Zygote : accessInfo : 0
10-25 21:40:33.242 17716 17716 W SELinux : SELinux: seapp_context_lookup: seinfo=platform, level=s0:c512,c768, pkgname=com.samsung.android.app.FileShareServer
10-25 21:40:33.272 17686 17686 D ComponentItem: makeFromDB id=5,item=ComponentItem81420711:Messages:ComponentInfo{com.android.mms/com.android.mms.ui.ConversationComposer}
10-25 21:40:33.282 17716 17716 D TimaKeyStoreProvider: TimaSignature is unavailable
10-25 21:40:33.282 17716 17716 D ActivityThread: Added TimaKeyStore provider
10-25 21:40:33.292 17686 17686 D ComponentItem: makeFromDB id=6,item=ComponentItem165321213:Gallery:ComponentInfo{com.sec.android.gallery3d/com.sec.android.gallery3d.app.GalleryOpaqueActivity}
10-25 21:40:33.292 4523 4523 I TaskPanelContainer: setData column number=2
10-25 21:40:33.302 4521 4521 E Launcher.Model: onPackageChanged :com.samsung.android.hmt.vrsvc
10-25 21:40:33.302 4521 4601 D LauncherApps: getActivityList callingUid: 0 user: 0
10-25 21:40:33.302 4521 4601 D LauncherApps: getActivityList callingUid: 0 user: 0
10-25 21:40:33.302 4521 4601 D Launcher.MenuWidgetsLoader: packageChanged : com.samsung.android.hmt.vrsvc
10-25 21:40:33.312 4521 4521 D Launcher.MenuWidgetsLoader: MenuWidgetLoade-loadMenuWidgets : false
10-25 21:40:33.312 17716 17716 I InjectionManager: Inside getClassLibPath + mLibMap{0=, 1=}
10-25 21:40:33.322 17716 17716 I InjectionManager: Inside getClassLibPath caller
10-25 21:40:33.322 17686 17686 D ApplicationPackageManager: we don't have com.sec.android.app.clockpackage package name. load it
10-25 21:40:33.332 4521 4521 D Launcher.MenuWidgetsLoader: MenuWidgetLoader-cancel : com.android.launcher2.MenuWidgetsLoader$LoadMenuWidgetsTask@650e72c , false
10-25 21:40:33.332 4521 4521 D Launcher.MenuWidgetsLoader: packageChanged : com.samsung.android.app.galaxyfinder
10-25 21:40:33.332 3520 4533 D PackageManager: getComponentMetadataForIconTray : com.sec.android.app.sbrowser.sites.SitesActivity does not exist in mServices
10-25 21:40:33.332 3520 4533 D PackageManager: getComponentMetadataForIconTray : com.sec.android.app.sbrowser.sites.SitesActivity does not exist in mProviders
10-25 21:40:33.332 3520 4533 D PackageManager: getComponentMetadataForIconTray : com.sec.android.app.sbrowser.sites.SitesActivity does not exist in mReceivers
10-25 21:40:33.332 17716 17716 D InjectionManager: InjectionManager
10-25 21:40:33.332 17716 17716 D InjectionManager: fillFeatureStoreMap com.samsung.android.app.FileShareServer
10-25 21:40:33.332 17716 17716 I InjectionManager: Constructor com.samsung.android.app.FileShareServer, Feature store :{}
10-25 21:40:33.332 17716 17716 I InjectionManager: featureStore :{}
10-25 21:40:33.332 4521 15605 D Launcher.MenuWidgetsLoader: MenuWidgetLoader-start : com.android.launcher2.MenuWidgetsLoader$LoadMenuWidgetsTask@eea05f5 , false
10-25 21:40:33.332 17716 17716 D FileShare-Server: ServerBroadcastReceiver.onReceive - action android.intent.action.PACKAGE_CHANGED // package:com.samsung.android.app.galaxyfinder
10-25 21:40:33.352 17728 17728 E Zygote : v2
10-25 21:40:33.362 17686 17686 D ComponentItem: makeFromDB id=7,item=ComponentItem42750538:Clock:ComponentInfo{com.sec.android.app.clockpackage/com.sec.android.app.clockpackage.ClockPackage}
10-25 21:40:33.362 17728 17728 I SELinux : Function: selinux_compare_spd_ram, index[1], SPD-policy is existed. and_ver=SEPF_SECMOBILE_6.0.1 ver=11
10-25 21:40:33.362 17728 17728 W SELinux : Function: selinux_compare_spd_ram, index[1], priority [2], priority version is VE=SEPF_SECMOBILE_6.0.1_0013
10-25 21:40:33.362 17728 17728 E Zygote : accessInfo : 0
10-25 21:40:33.362 17728 17728 W SELinux : SELinux: seapp_context_lookup: seinfo=platform, level=s0:c512,c768, pkgname=com.enhance.gameservice
10-25 21:40:33.372 17686 17686 D ApplicationPackageManager: we has com.sec.android.app.clockpackage class. reuse it
10-25 21:40:33.392 17728 17728 D TimaKeyStoreProvider: TimaSignature is unavailable
10-25 21:40:33.392 17728 17728 D ActivityThread: Added TimaKeyStore provider
10-25 21:40:33.392 4523 4523 D ApplicationPackageManager: we has com.android.calendar class. reuse it
10-25 21:40:33.402 17686 17686 D ComponentItem: makeFromDB id=8,item=ComponentItem248054423:Calculator:ComponentInfo{com.sec.android.app.popupcalculator/com.sec.android.app.popupcalculator.Calculator}
10-25 21:40:33.412 4523 4523 D Minikin : FontFamily bestFont == NULL, so return vacant FakedFont
10-25 21:40:33.412 4523 4523 D Minikin : FontFamily bestFont == NULL, so return vacant FakedFont
10-25 21:40:33.412 4523 4523 D Minikin : FontFamily bestFont == NULL, so return vacant FakedFont
10-25 21:40:33.412 3520 3543 D PackageManager: getComponentMetadataForIconTray : com.android.calendar.event.EditEventActivity does not exist in mServices
10-25 21:40:33.412 3520 3543 D PackageManager: getComponentMetadataForIconTray : com.android.calendar.event.EditEventActivity does not exist in mProviders
10-25 21:40:33.412 3520 3543 D PackageManager: getComponentMetadataForIconTray : com.android.calendar.event.EditEventActivity does not exist in mReceivers
10-25 21:40:33.422 17728 17728 I InjectionManager: Inside getClassLibPath + mLibMap{0=, 1=}
10-25 21:40:33.422 17728 17728 I InjectionManager: Inside getClassLibPath caller
10-25 21:40:33.432 17728 17728 W System : ClassLoader referenced unknown path: /system/app/GameOptimizer/lib/arm64
10-25 21:40:33.432 17728 17728 D InjectionManager: InjectionManager
10-25 21:40:33.432 17728 17728 D InjectionManager: fillFeatureStoreMap com.enhance.gameservice
10-25 21:40:33.432 17728 17728 I InjectionManager: Constructor com.enhance.gameservice, Feature store :{}
10-25 21:40:33.432 17728 17728 I InjectionManager: featureStore :{}
10-25 21:40:33.442 4523 4523 D PanelDescriptionView: updateHelpView: Apps edge2130903045 --> 2130903045 helpview reapplied:0
10-25 21:40:33.442 4523 4523 D CocktailBarUiController: postUpdatePanel: 1
10-25 21:40:33.442 4523 4523 I CocktailBarUiController: onUpdateCocktail: 11
10-25 21:40:33.452 17742 17742 E Zygote : v2
10-25 21:40:33.452 17742 17742 I SELinux : Function: selinux_compare_spd_ram, index[1], SPD-policy is existed. and_ver=SEPF_SECMOBILE_6.0.1 ver=11
10-25 21:40:33.452 17742 17742 W SELinux : Function: selinux_compare_spd_ram, index[1], priority [2], priority version is VE=SEPF_SECMOBILE_6.0.1_0013
10-25 21:40:33.452 17742 17742 E Zygote : accessInfo : 0
10-25 21:40:33.452 17742 17742 W SELinux : SELinux: seapp_context_lookup: seinfo=platform, level=s0:c512,c768, pkgname=com.samsung.android.app.watchmanagerstub
10-25 21:40:33.462 4521 4521 D Launcher.MenuWidgetsLoader: MenuWidgetLoader-done : com.android.launcher2.MenuWidgetsLoader$LoadMenuWidgetsTask@eea05f5 , update : false , size : 54
10-25 21:40:33.482 17329 17648 I OVR : DeviceManagerThread - event 46 (499Hz) (Tid=17648)
10-25 21:40:33.482 4523 4523 I CocktailBarUiController: onUpdateCocktail: 8
10-25 21:40:33.482 4523 4523 I CocktailBarPanelManager: updatePanelItem: updateContainedPanel - 11
10-25 21:40:33.482 4523 4523 I TaskPanelContainer: setData action=com.samsung.android.app.taskedge.action.panel_update
10-25 21:40:33.482 17742 17742 D TimaKeyStoreProvider: TimaSignature is unavailable
10-25 21:40:33.482 17742 17742 D ActivityThread: Added TimaKeyStore provider
10-25 21:40:33.522 4523 4523 I TaskPanelContainer: setData column number=2
10-25 21:40:33.532 17742 17742 I InjectionManager: Inside getClassLibPath + mLibMap{0=, 1=}
10-25 21:40:33.532 3520 4750 D PackageManager: getComponentMetadataForIconTray : com.sec.android.app.sbrowser.sites.SitesActivity does not exist in mServices
10-25 21:40:33.532 3520 4750 D PackageManager: getComponentMetadataForIconTray : com.sec.android.app.sbrowser.sites.SitesActivity does not exist in mProviders
10-25 21:40:33.532 3520 4750 D PackageManager: getComponentMetadataForIconTray : com.sec.android.app.sbrowser.sites.SitesActivity does not exist in mReceivers
10-25 21:40:33.542 17742 17742 I InjectionManager: Inside getClassLibPath caller
10-25 21:40:33.542 4523 4523 D ApplicationPackageManager: we has com.android.calendar class. reuse it
10-25 21:40:33.542 4523 4523 D Minikin : FontFamily bestFont == NULL, so return vacant FakedFont
10-25 21:40:33.542 4523 4523 D Minikin : FontFamily bestFont == NULL, so return vacant FakedFont
10-25 21:40:33.542 4523 4523 D Minikin : FontFamily bestFont == NULL, so return vacant FakedFont
10-25 21:40:33.542 17742 17742 W System : ClassLoader referenced unknown path: /system/app/GearManagerStub/lib/arm64
10-25 21:40:33.552 17742 17742 D InjectionManager: InjectionManager
10-25 21:40:33.552 17742 17742 D InjectionManager: fillFeatureStoreMap com.samsung.android.app.watchmanagerstub
10-25 21:40:33.552 17742 17742 I InjectionManager: Constructor com.samsung.android.app.watchmanagerstub, Feature store :{}
10-25 21:40:33.552 17742 17742 I InjectionManager: featureStore :{}
10-25 21:40:33.552 3520 4041 D PackageManager: getComponentMetadataForIconTray : com.android.calendar.event.EditEventActivity does not exist in mServices
10-25 21:40:33.552 3520 4041 D PackageManager: getComponentMetadataForIconTray : com.android.calendar.event.EditEventActivity does not exist in mProviders
10-25 21:40:33.552 3520 4041 D PackageManager: getComponentMetadataForIconTray : com.android.calendar.event.EditEventActivity does not exist in mReceivers
10-25 21:40:33.552 17742 17742 D PackageIntentReceiver: onReceive::android.intent.action.PACKAGE_CHANGED
10-25 21:40:33.552 17742 17742 D PackageIntentReceiver: ACTION_PACKAGE_CHANGED : com.samsung.android.app.galaxyfinder
10-25 21:40:33.552 17742 17742 D PackageIntentReceiver: Not GearManger package!
10-25 21:40:33.562 4523 4523 D PanelDescriptionView: updateHelpView: Apps edge2130903045 --> 2130903045 helpview reapplied:0
10-25 21:40:33.562 4523 4523 D CocktailBarUiController: postUpdatePanel: 1
10-25 21:40:33.562 4523 4523 I CocktailBarPanelManager: updatePanelItem: updateContainedPanel - 8
10-25 21:40:33.562 16548 16548 I SAPackageEventReceiver: The current enabled state for com.samsung.android.app.galaxyfinder : 2
10-25 21:40:33.562 16548 16548 D SAPackageEventReceiver: unregisterService : com.samsung.android.app.galaxyfinder
10-25 21:40:33.562 4523 4523 I AppsPanelContainer: setData action=com.samsung.android.app.appsedge.action.panel.update,27118407
10-25 21:40:33.572 16548 16548 D SAPlatformUtils: AccessPermission of SAP FW is deleted! - com.samsung.android.app.galaxyfinder
10-25 21:40:33.602 4523 4523 D ApplicationPackageManager: we has com.android.calendar class. reuse it
10-25 21:40:33.602 4523 4523 D Minikin : FontFamily bestFont == NULL, so return vacant FakedFont
10-25 21:40:33.602 4523 4523 D Minikin : FontFamily bestFont == NULL, so return vacant FakedFont
10-25 21:40:33.602 4523 4523 D Minikin : FontFamily bestFont == NULL, so return vacant FakedFont
10-25 21:40:33.622 17329 17680 I VrApi : FPS=3,Prd=8ms,Tear=3,Early=0,Stale=18,VSnc=0,Lat=1,CPU4/GPU=2/2,900/420MHz,OC=FF,TA=F0/F0/F0/F0,SP=F/F/F/F,Mem=1264MHz,Free=1390MB,PSM=0,PLS=0,Temp=26.3C/26.5C
10-25 21:40:33.642 4523 4523 D ApplicationPackageManager: we has com.sec.android.app.clockpackage class. reuse it
10-25 21:40:33.652 5110 22137 I Icing : doRemovePackageData com.samsung.android.app.galaxyfinder
10-25 21:40:33.672 4523 4523 I AppsPanelContainer: updateItems
10-25 21:40:33.692 22727 17763 I UpdateIcingCorporaServi: Updating corpora: APPS=com.samsung.android.app.galaxyfinder, CONTACTS=MAYBE
10-25 21:40:33.712 17228 17239 D BadgeProvider: query, [selection] : null
10-25 21:40:33.712 3520 4750 D PackageManager: setEnabledSetting : userId = 0 packageName = com.google.android.gms cmp = com.google.android.gms.icing.proxy.SmsMonitor newState = 1 callingPackage = 10021
10-25 21:40:33.732 4523 4523 D BadgeManager: packageName=com.samsung.android.email.ui.activity.MessageListXL,count=0
10-25 21:40:33.732 4523 4523 D BadgeManager: packageName=com.android.mms.ui.ConversationComposer,count=0
10-25 21:40:33.732 4523 4523 D BadgeManager: packageName=com.samsung.android.email.ui.activity.MessageListXL,count=0
10-25 21:40:33.732 4523 4523 D BadgeManager: packageName=com.android.settings.Settings,count=0
10-25 21:40:33.732 4523 4523 D BadgeManager: packageName=com.android.settings.GridSettings,count=0
10-25 21:40:33.732 4523 4523 D BadgeManager: packageName=com.facebook.katana.LoginActivity,count=0
10-25 21:40:33.732 4523 4523 D BadgeManager: packageName=com.tmobile.pr.mytmobile.MyTMobileActivity,count=0
10-25 21:40:33.732 4523 4523 D BadgeManager: packageName=com.samsung.android.sm.app.dashboard.SmartManagerDashBoardActivity,count=0
10-25 21:40:33.732 4523 4523 D BadgeManager: packageName=com.android.dialer.DialtactsActivity,count=0
10-25 21:40:33.732 4523 4523 D BadgeManager: packageName=com.samsung.android.spay.ui.SpayMainActivity,count=0
10-25 21:40:33.752 4523 4523 D AppsPanelContainer: updateBadgeInfo forcetrue
10-25 21:40:33.762 4523 4523 D PanelDescriptionView: updateHelpView: Apps edge2130903045 --> 2130903045 helpview reapplied:0
10-25 21:40:33.762 4523 4523 D PanelDescriptionView: updateHelpView: Apps edge2130903045 --> 2130903045 helpview reapplied:1
10-25 21:40:33.772 4523 4523 D CocktailBarUiController: postUpdatePanel: 1
10-25 21:40:33.772 22727 17763 I UpdateIcingCorporaServi: UpdateCorporaTask done [took 80 ms] updated apps [took 80 ms]
10-25 21:40:33.852 3520 3620 D PackageManager: [MSG] WRITE_PACKAGE_RESTRICTIONS
10-25 21:40:33.862 3520 3620 W System.err: remove failed: ENOENT (No such file or directory) : /data/system/users/0/package-restrictions.xml.bak
10-25 21:40:33.882 5110 6835 I Icing : Usage reports 0 indexed 0 rejected 0 imm upload false
10-25 21:40:33.892 5110 6835 I Icing : Usage reports 0 indexed 0 rejected 0 imm upload false
10-25 21:40:33.912 5110 17764 W IcingInternalCorpora: getNumBytesRead when not calculated.
10-25 21:40:33.932 17686 17686 I AppsEdgeBroadcastReceiver: onReceive: android.intent.action.PACKAGE_CHANGED
10-25 21:40:33.962 17702 17702 I TaskEdgeBroadcastReceiver: onReceive:android.intent.action.PACKAGE_CHANGED
10-25 21:40:33.982 17716 17716 D FileShare-Server: ServerBroadcastReceiver.onReceive - action android.intent.action.PACKAGE_CHANGED // package:com.samsung.android.hmt.vrsvc
10-25 21:40:34.012 17742 17742 D PackageIntentReceiver: onReceive::android.intent.action.PACKAGE_CHANGED
10-25 21:40:34.012 17742 17742 D PackageIntentReceiver: ACTION_PACKAGE_CHANGED : com.samsung.android.hmt.vrsvc
10-25 21:40:34.012 17742 17742 D PackageIntentReceiver: Not GearManger package!
10-25 21:40:34.032 16548 16548 I SAPackageEventReceiver: The current enabled state for com.samsung.android.hmt.vrsvc : 0
10-25 21:40:34.032 16548 16548 D SAPackageEventReceiver: registerService : com.samsung.android.hmt.vrsvc
10-25 21:40:34.112 17329 17678 W TimeWarp: VSync 4972241: eye=1,late=0.0ms,over=0.0ms,CPU=0.3ms,GPU>=8.0
10-25 21:40:34.122 22727 17768 I UpdateIcingCorporaServi: Updating corpora: APPS=com.samsung.android.hmt.vrsvc, CONTACTS=MAYBE
10-25 21:40:34.152 5110 6835 I Icing : Usage reports 0 indexed 0 rejected 0 imm upload false
10-25 21:40:34.172 5110 6835 I Icing : Usage reports 0 indexed 0 rejected 0 imm upload false
10-25 21:40:34.192 22727 17768 I UpdateIcingCorporaServi: UpdateCorporaTask done [took 69 ms] updated apps [took 69 ms]
10-25 21:40:34.482 17329 17648 I OVR : DeviceManagerThread - event 46 (500Hz) (Tid=17648)
10-25 21:40:34.622 17329 17680 I VrApi : FPS=51,Prd=48ms,Tear=1,Early=49,Stale=7,VSnc=1,Lat=1,CPU4/GPU=2/2,800/420MHz,OC=FF,TA=F0/F0/F0/F0,SP=F/F/F/F,Mem=1026MHz,Free=1389MB,PSM=0,PLS=0,Temp=26.3C/26.5C
