10-25 21:39:17.682 3126 3802 D ExynosCameraNode: [CAM_ID(1)][FLITE]-DEBUG(close[269]): close
10-25 21:39:17.682 3126 3802 D ExynosCameraPipeFlite: [CAM_ID(1)][PIPE_FLITE]-DEBUG(destroy):Node(CAPTURE_NODE, m_nodeNum : 101, m_sensorIds : 21) closed
10-25 21:39:17.682 3126 3802 I ExynosCameraPipeFlite: [CAM_ID(1)][PIPE_FLITE]-INFO(destroy[119]):destroy() is succeed (0)
10-25 21:39:17.682 3126 3802 D ExynosCameraPipeFlite: [CAM_ID(1)][PIPE_FLITE]-DEBUG(destroy[94])
10-25 21:39:17.682 3126 3802 I ExynosCameraPipeFlite: [CAM_ID(1)][PIPE_FLITE]-INFO(destroy[119]):destroy() is succeed (0)
10-25 21:39:17.682 3126 3802 D ExynosCameraFrameFactory: [CAM_ID(1)][ExynosCameraFrameFactory3aaIspTpu]-DEBUG(destroy):Pipe(0) destroyed
10-25 21:39:17.682 3126 3802 D ExynosCameraMCPipe: [CAM_ID(1)][PIPE_3AA]-DEBUG(destroy[85])
10-25 21:39:17.682 3126 3802 D ExynosCameraNode: [CAM_ID(1)][3AA_PREVIEW]-DEBUG(close[269]): close
10-25 21:39:17.682 3126 3802 D ExynosCameraMCPipe: [CAM_ID(1)][PIPE_3AA]-DEBUG(destroy[107]):Main node(3AA_PREVIEW, sensorIds:1378816) closed
10-25 21:39:17.682 3126 3802 D ExynosCameraNode: [CAM_ID(1)][3AA_CAPTURE]-DEBUG(close[269]): close
10-25 21:39:17.682 3126 3802 D ExynosCameraMCPipe: [CAM_ID(1)][PIPE_3AA]-DEBUG(destroy[107]):Main node(3AA_CAPTURE, sensorIds:1378816) closed
10-25 21:39:17.682 3126 3802 D ExynosCameraNode: [CAM_ID(1)][3AA_OUTPUT]-DEBUG(close[269]): close
10-25 21:39:17.682 3126 3802 D ExynosCameraMCPipe: [CAM_ID(1)][PIPE_3AA]-DEBUG(destroy[107]):Main node(3AA_OUTPUT, sensorIds:1376529) closed
10-25 21:39:17.682 3126 3802 D ExynosCameraMCPipe: [CAM_ID(1)][PIPE_3AA]-DEBUG(destroy[125]):Node destroyed
10-25 21:39:17.682 3126 3802 I ExynosCameraMCPipe: [CAM_ID(1)][PIPE_3AA]-INFO(destroy[137]):destroy() is succeed, Pipe(1)
10-25 21:39:17.682 3126 3802 D ExynosCameraMCPipe: [CAM_ID(1)][PIPE_3AA]-DEBUG(destroy[85])
10-25 21:39:17.682 3126 3802 D ExynosCameraMCPipe: [CAM_ID(1)][PIPE_3AA]-DEBUG(destroy[125]):Node destroyed
10-25 21:39:17.682 3126 3802 I ExynosCameraMCPipe: [CAM_ID(1)][PIPE_3AA]-INFO(destroy[137]):destroy() is succeed, Pipe(1)
10-25 21:39:17.682 3126 3802 D ExynosCameraFrameFactory: [CAM_ID(1)][ExynosCameraFrameFactory3aaIspTpu]-DEBUG(destroy):Pipe(1) destroyed
10-25 21:39:17.682 3126 3802 D ExynosCameraMCPipe: [CAM_ID(1)][PIPE_ISP]-DEBUG(destroy[85])
10-25 21:39:17.682 3126 3802 D ExynosCameraNode: [CAM_ID(1)][SCP_PREVIEW]-DEBUG(close[269]): close
10-25 21:39:17.682 3126 3802 D ExynosCameraMCPipe: [CAM_ID(1)][PIPE_ISP]-DEBUG(destroy[107]):Main node(SCP_PREVIEW, sensorIds:1384464) closed
10-25 21:39:17.692 3126 3802 D ExynosCameraNode: [CAM_ID(1)][ISP_OUTPUT]-DEBUG(close[269]): close
10-25 21:39:17.692 3126 3802 D ExynosCameraMCPipe: [CAM_ID(1)][PIPE_ISP]-DEBUG(destroy[107]):Main node(ISP_OUTPUT, sensorIds:1379328) closed
10-25 21:39:17.692 3126 3802 D ExynosCameraNode: [CAM_ID(1)][ISP_PREVIEW]-DEBUG(close[269]): close
10-25 21:39:17.692 3126 3802 D ExynosCameraMCPipe: [CAM_ID(1)][PIPE_ISP]-DEBUG(destroy[121]):secondary node(ISP_PREVIEW, sensorIds:1383952) closed
10-25 21:39:17.692 3126 3802 D ExynosCameraMCPipe: [CAM_ID(1)][PIPE_ISP]-DEBUG(destroy[125]):Node destroyed
10-25 21:39:17.692 3126 3802 I ExynosCameraMCPipe: [CAM_ID(1)][PIPE_ISP]-INFO(destroy[137]):destroy() is succeed, Pipe(4)
10-25 21:39:17.692 3126 3802 D ExynosCameraMCPipe: [CAM_ID(1)][PIPE_ISP]-DEBUG(destroy[85])
10-25 21:39:17.692 3126 3802 D ExynosCameraMCPipe: [CAM_ID(1)][PIPE_ISP]-DEBUG(destroy[125]):Node destroyed
10-25 21:39:17.692 3126 3802 I ExynosCameraMCPipe: [CAM_ID(1)][PIPE_ISP]-INFO(destroy[137]):destroy() is succeed, Pipe(4)
10-25 21:39:17.692 3126 3802 D ExynosCameraFrameFactory: [CAM_ID(1)][ExynosCameraFrameFactory3aaIspTpu]-DEBUG(destroy):Pipe(4) destroyed
10-25 21:39:17.692 3126 3802 D ExynosCameraMCPipe: [CAM_ID(1)][PIPE_DIS]-DEBUG(destroy[85])
10-25 21:39:17.692 3126 3802 D ExynosCameraNode: [CAM_ID(1)][DIS_OUTPUT]-DEBUG(close[269]): close
10-25 21:39:17.742 3126 3802 D ExynosCameraMCPipe: [CAM_ID(1)][PIPE_DIS]-DEBUG(destroy[121]):secondary node(DIS_OUTPUT, sensorIds:1384464) closed
10-25 21:39:17.742 3126 3802 D ExynosCameraMCPipe: [CAM_ID(1)][PIPE_DIS]-DEBUG(destroy[125]):Node destroyed
10-25 21:39:17.742 3126 3802 I ExynosCameraMCPipe: [CAM_ID(1)][PIPE_DIS]-INFO(destroy[137]):destroy() is succeed, Pipe(-1)
10-25 21:39:17.742 3126 3802 D ExynosCameraMCPipe: [CAM_ID(1)][PIPE_DIS]-DEBUG(destroy[85])
10-25 21:39:17.742 3126 3802 D ExynosCameraMCPipe: [CAM_ID(1)][PIPE_DIS]-DEBUG(destroy[125]):Node destroyed
10-25 21:39:17.742 3126 3802 I ExynosCameraMCPipe: [CAM_ID(1)][PIPE_DIS]-INFO(destroy[137]):destroy() is succeed, Pipe(-1)
10-25 21:39:17.742 3126 3802 D ExynosCameraFrameFactory: [CAM_ID(1)][ExynosCameraFrameFactory3aaIspTpu]-DEBUG(destroy):Pipe(10) destroyed
10-25 21:39:17.742 3126 3802 E libcsc : csc_deinit:: unsupported csc_hw_type
10-25 21:39:17.742 3126 3802 I ExynosCameraPipeGSC: [CAM_ID(1)][PIPE_GSC]-INFO(destroy[64]):destroy() is succeed (12)
10-25 21:39:17.742 3126 3802 I ExynosCameraPipeGSC: [CAM_ID(1)][PIPE_GSC]-INFO(destroy[64]):destroy() is succeed (12)
10-25 21:39:17.742 3126 3802 D ExynosCameraFrameFactory: [CAM_ID(1)][ExynosCameraFrameFactory3aaIspTpu]-DEBUG(destroy):Pipe(12) destroyed
10-25 21:39:17.742 3126 3802 E libcsc : csc_deinit:: unsupported csc_hw_type
10-25 21:39:17.742 3126 3802 I ExynosCameraPipeGSC: [CAM_ID(1)][PIPE_GSC_VIDEO]-INFO(destroy[64]):destroy() is succeed (13)
10-25 21:39:17.742 3126 3802 I ExynosCameraPipeGSC: [CAM_ID(1)][PIPE_GSC_VIDEO]-INFO(destroy[64]):destroy() is succeed (13)
10-25 21:39:17.742 3126 3802 D ExynosCameraFrameFactory: [CAM_ID(1)][ExynosCameraFrameFactory3aaIspTpu]-DEBUG(destroy):Pipe(13) destroyed
10-25 21:39:17.742 3126 3802 D ExynosCameraFrameFactory: [CAM_ID(1)][ExynosCameraFrameFactory3aaIspTpu]-DEBUG(m_setCreate[104]) setCreate old(true) new(false)
10-25 21:39:17.742 3126 3802 I ExynosCameraFrameFactory: [CAM_ID(1)][ExynosCameraFrameFactory3aaIspTpu]-INFO(destroy[51])
10-25 21:39:17.742 3126 3802 D ExynosCameraFrameFactory: [CAM_ID(1)][ExynosCameraFrameFactory3aaIspTpu]-DEBUG(m_setCreate[104]) setCreate old(false) new(false)
10-25 21:39:17.742 3126 3802 I ExynosCameraFrameFactory: [CAM_ID(1)][ExynosCameraFrameFactory3aaIspTpu]-INFO(destroy[51])
10-25 21:39:17.742 3126 3802 D ExynosCameraFrameFactory: [CAM_ID(1)][ExynosCameraFrameFactory3aaIspTpu]-DEBUG(m_setCreate[104]) setCreate old(false) new(false)
10-25 21:39:17.742 3126 3802 I ExynosCameraFrameFactory: [CAM_ID(1)][ExynosCameraFrameFactory3aaIspTpu]-INFO(destroy[51])
10-25 21:39:17.742 3126 3802 D ExynosCameraFrameFactory: [CAM_ID(1)][ExynosCameraFrameFactory3aaIspTpu]-DEBUG(m_setCreate[104]) setCreate old(false) new(false)
10-25 21:39:17.742 3126 3802 D ExynosCamera: [CAM_ID(1)][]-DEBUG(m_deinitFrameFactory[963]):m_frameFactory[0] destroyed
10-25 21:39:17.742 3126 3802 I ExynosCameraFrameFactory: [CAM_ID(1)][ExynosCameraFrameFactory3aaIspOtf]-INFO(destroy[51])
10-25 21:39:17.742 3126 3802 D ExynosCameraFrameFactory: [CAM_ID(1)][ExynosCameraFrameFactory3aaIspOtf]-DEBUG(m_setCreate[104]) setCreate old(false) new(false)
10-25 21:39:17.742 3126 3802 I ExynosCameraFrameFactory: [CAM_ID(1)][ExynosCameraFrameFactory3aaIspOtf]-INFO(destroy[51])
10-25 21:39:17.742 3126 3802 D ExynosCameraFrameFactory: [CAM_ID(1)][ExynosCameraFrameFactory3aaIspOtf]-DEBUG(m_setCreate[104]) setCreate old(false) new(false)
10-25 21:39:17.742 3126 3802 I ExynosCameraFrameFactory: [CAM_ID(1)][ExynosCameraFrameFactory3aaIspOtf]-INFO(destroy[51])
10-25 21:39:17.742 3126 3802 D ExynosCameraFrameFactory: [CAM_ID(1)][ExynosCameraFrameFactory3aaIspOtf]-DEBUG(m_setCreate[104]) setCreate old(false) new(false)
10-25 21:39:17.742 3126 3802 D ExynosCamera: [CAM_ID(1)][]-DEBUG(m_deinitFrameFactory[963]):m_frameFactory[2] destroyed
10-25 21:39:17.742 3126 3802 I ExynosCameraFrameFactory: [CAM_ID(1)][ExynosCameraFrameFactory3aaIspOtfTpu]-INFO(destroy[51])
10-25 21:39:17.742 3126 3802 D ExynosCameraFrameFactory: [CAM_ID(1)][ExynosCameraFrameFactory3aaIspOtfTpu]-DEBUG(m_setCreate[104]) setCreate old(false) new(false)
10-25 21:39:17.742 3126 3802 I ExynosCameraFrameFactory: [CAM_ID(1)][ExynosCameraFrameFactory3aaIspOtfTpu]-INFO(destroy[51])
10-25 21:39:17.742 3126 3802 D ExynosCameraFrameFactory: [CAM_ID(1)][ExynosCameraFrameFactory3aaIspOtfTpu]-DEBUG(m_setCreate[104]) setCreate old(false) new(false)
10-25 21:39:17.742 3126 3802 I ExynosCameraFrameFactory: [CAM_ID(1)][ExynosCameraFrameFactory3aaIspOtfTpu]-INFO(destroy[51])
10-25 21:39:17.742 3126 3802 D ExynosCameraFrameFactory: [CAM_ID(1)][ExynosCameraFrameFactory3aaIspOtfTpu]-DEBUG(m_setCreate[104]) setCreate old(false) new(false)
10-25 21:39:17.742 3126 3802 D ExynosCamera: [CAM_ID(1)][]-DEBUG(m_deinitFrameFactory[963]):m_frameFactory[3] destroyed
10-25 21:39:17.742 3126 3802 I ExynosCameraFrameFactory: [CAM_ID(1)][FrameFactoryFrontDualPreview]-INFO(destroy[51])
10-25 21:39:17.742 3126 3802 D ExynosCameraFrameFactory: [CAM_ID(1)][FrameFactoryFrontDualPreview]-DEBUG(m_setCreate[104]) setCreate old(false) new(false)
10-25 21:39:17.742 3126 3802 I ExynosCameraFrameFactory: [CAM_ID(1)][FrameFactoryFrontDualPreview]-INFO(destroy[51])
10-25 21:39:17.742 3126 3802 D ExynosCameraFrameFactory: [CAM_ID(1)][FrameFactoryFrontDualPreview]-DEBUG(m_setCreate[104]) setCreate old(false) new(false)
10-25 21:39:17.742 3126 3802 D ExynosCamera: [CAM_ID(1)][]-DEBUG(m_deinitFrameFactory[963]):m_frameFactory[6] destroyed
10-25 21:39:17.742 3126 3802 I ExynosCameraFrameFactory: [CAM_ID(1)][FrameFactoryReprocessing]-INFO(destroy[51])
10-25 21:39:17.742 3126 3802 D ExynosCameraFrameFactory: [CAM_ID(1)][FrameFactoryReprocessing]-DEBUG(m_setCreate[104]) setCreate old(false) new(false)
10-25 21:39:17.742 3126 3802 D ExynosCameraFrameFactory: [CAM_ID(1)][FrameFactoryReprocessing]-DEBUG(m_setCreate[104]) setCreate old(false) new(false)
10-25 21:39:17.742 3126 3802 I ExynosCameraFrameFactory: [CAM_ID(1)][FrameFactoryReprocessing]-INFO(destroy[51])
10-25 21:39:17.742 3126 3802 D ExynosCameraFrameFactory: [CAM_ID(1)][FrameFactoryReprocessing]-DEBUG(m_setCreate[104]) setCreate old(false) new(false)
10-25 21:39:17.742 3126 3802 D ExynosCamera: [CAM_ID(1)][]-DEBUG(m_deinitFrameFactory[963]):m_frameFactory[7] destroyed
10-25 21:39:17.742 3126 3802 I ExynosCamera: [CAM_ID(1)][]-INFO(m_deinitFrameFactory[972]): -OUT-
10-25 21:39:17.742 3126 3802 D ExynosCameraPipeJpeg: DEBUG:duration time( 59 msec):(m_deinitFrameFactory)
10-25 21:39:17.742 3126 3802 D ExynosCamera: [CAM_ID(1)][]-DEBUG(release):Parameters(Id=1) destroyed
10-25 21:39:17.742 3126 3802 I ExynosCamera: [CAM_ID(1)][]-INFO(m_releaseBuffers[16307]):release buffer
10-25 21:39:17.742 3126 3802 D ExynosCameraBufferManager: [CAM_ID(1)][BAYER_BUF]-DEBUG(deinit[116]):IN..
10-25 21:39:17.742 3126 3802 I ExynosCameraBufferManager: [CAM_ID(1)][BAYER_BUF]-INFO(putBuffer[554]):bufIndex=0 is already in (available state)
10-25 21:39:17.742 3126 3802 I ExynosCameraBufferManager: [CAM_ID(1)][BAYER_BUF]-INFO(putBuffer[554]):bufIndex=1 is already in (available state)
10-25 21:39:17.742 3126 3802 I ExynosCameraBufferManager: [CAM_ID(1)][BAYER_BUF]-INFO(putBuffer[554]):bufIndex=2 is already in (available state)
10-25 21:39:17.742 3126 3802 I ExynosCameraBufferManager: [CAM_ID(1)][BAYER_BUF]-INFO(putBuffer[554]):bufIndex=3 is already in (available state)
10-25 21:39:17.742 3126 3802 I ExynosCameraBufferManager: [CAM_ID(1)][BAYER_BUF]-INFO(putBuffer[554]):bufIndex=4 is already in (available state)
10-25 21:39:17.742 3126 3802 I ExynosCameraBufferManager: [CAM_ID(1)][BAYER_BUF]-INFO(putBuffer[554]):bufIndex=5 is already in (available state)
10-25 21:39:17.742 3126 3802 D ExynosCameraBufferManager: [CAM_ID(1)][BAYER_BUF]-DEBUG(m_free[252]):Free the buffer (m_allocatedBufCount=6) --- dumpBufferInfo ---
10-25 21:39:17.742 3126 3802 I ExynosCameraBufferManager: [CAM_ID(1)][BAYER_BUF]-INFO(dumpBufferInfo[1244]):[m_buffer[0].fd[0]=57] .addr=0x0 .size=8184960 .position=0 .permission=1]
10-25 21:39:17.742 3126 3802 I ExynosCameraBufferManager: [CAM_ID(1)][BAYER_BUF]-INFO(dumpBufferInfo[1244]):[m_buffer[0].fd[1]=67] .addr=0xed055000 .size=32768 .position=0 .permission=1]
10-25 21:39:17.742 3126 3802 I ExynosCameraBufferManager: [CAM_ID(1)][BAYER_BUF]-INFO(dumpBufferInfo[1244]):[m_buffer[1].fd[0]=59] .addr=0x0 .size=8184960 .position=0 .permission=1]
10-25 21:39:17.742 3126 3802 I ExynosCameraBufferManager: [CAM_ID(1)][BAYER_BUF]-INFO(dumpBufferInfo[1244]):[m_buffer[1].fd[1]=68] .addr=0xed04d000 .size=32768 .position=0 .permission=1]
10-25 21:39:17.742 3126 3802 I ExynosCameraBufferManager: [CAM_ID(1)][BAYER_BUF]-INFO(dumpBufferInfo[1244]):[m_buffer[2].fd[0]=61] .addr=0x0 .size=8184960 .position=0 .permission=1]
10-25 21:39:17.742 3126 3802 I ExynosCameraBufferManager: [CAM_ID(1)][BAYER_BUF]-INFO(dumpBufferInfo[1244]):[m_buffer[2].fd[1]=69] .addr=0xed045000 .size=32768 .position=0 .permission=1]
10-25 21:39:17.742 3126 3802 I ExynosCameraBufferManager: [CAM_ID(1)][BAYER_BUF]-INFO(dumpBufferInfo[1244]):[m_buffer[3].fd[0]=63] .addr=0x0 .size=8184960 .position=0 .permission=1]
10-25 21:39:17.742 3126 3802 I ExynosCameraBufferManager: [CAM_ID(1)][BAYER_BUF]-INFO(dumpBufferInfo[1244]):[m_buffer[3].fd[1]=70] .addr=0xed004000 .size=32768 .position=0 .permission=1]
10-25 21:39:17.742 3126 3802 I ExynosCameraBufferManager: [CAM_ID(1)][BAYER_BUF]-INFO(dumpBufferInfo[1244]):[m_buffer[4].fd[0]=65] .addr=0x0 .size=8184960 .position=0 .permission=1]
10-25 21:39:17.742 3126 3802 I ExynosCameraBufferManager: [CAM_ID(1)][BAYER_BUF]-INFO(dumpBufferInfo[1244]):[m_buffer[4].fd[1]=71] .addr=0xecfb8000 .size=32768 .position=0 .permission=1]
10-25 21:39:17.742 3126 3802 I ExynosCameraBufferManager: [CAM_ID(1)][BAYER_BUF]-INFO(dumpBufferInfo[1244]):[m_buffer[5].fd[0]=66] .addr=0x0 .size=8184960 .position=0 .permission=1]
10-25 21:39:17.742 3126 3802 I ExynosCameraBufferManager: [CAM_ID(1)][BAYER_BUF]-INFO(dumpBufferInfo[1244]):[m_buffer[5].fd[1]=72] .addr=0xecfb0000 .size=32768 .position=0 .permission=1]
10-25 21:39:17.752 3126 3802 D ExynosCameraBufferManager: [CAM_ID(1)][BAYER_BUF]-DEBUG(m_free[255]):------------------------------------------------------
10-25 21:39:17.752 3126 3802 D ExynosCameraBufferManager: [CAM_ID(1)][BAYER_BUF]-DEBUG(m_free[282]):Free the buffer succeeded (m_allocatedBufCount=0)
10-25 21:39:17.752 3126 3802 D ExynosCameraPipeJpeg: DEBUG:duration time( 2 msec):(m_free)
10-25 21:39:17.752 3126 3802 D ExynosCameraBufferManager: [CAM_ID(1)][BAYER_BUF]-DEBUG(deinit[141]):OUT..
10-25 21:39:17.752 3126 3802 D ExynosCameraBufferManager: [CAM_ID(1)][FLITE_BUF]-DEBUG(deinit[116]):IN..
10-25 21:39:17.752 3126 3802 I ExynosCameraBufferManager: [CAM_ID(1)][FLITE_BUF]-INFO(deinit[119]:OUT.. Buffer is not allocated
10-25 21:39:17.752 3126 3802 D ExynosCameraBufferManager: [CAM_ID(1)][3A1_BUF]-DEBUG(deinit[116]):IN..
10-25 21:39:17.752 3126 3802 I ExynosCameraBufferManager: [CAM_ID(1)][3A1_BUF]-INFO(putBuffer[554]):bufIndex=0 is already in (available state)
10-25 21:39:17.752 3126 3802 I ExynosCameraBufferManager: [CAM_ID(1)][3A1_BUF]-INFO(putBuffer[554]):bufIndex=1 is already in (available state)
10-25 21:39:17.752 3126 3802 I ExynosCameraBufferManager: [CAM_ID(1)][3A1_BUF]-INFO(putBuffer[554]):bufIndex=2 is already in (available state)
10-25 21:39:17.752 3126 3802 I ExynosCameraBufferManager: [CAM_ID(1)][3A1_BUF]-INFO(putBuffer[554]):bufIndex=3 is already in (available state)
10-25 21:39:17.752 3126 3802 I ExynosCameraBufferManager: [CAM_ID(1)][3A1_BUF]-INFO(putBuffer[554]):bufIndex=4 is already in (available state)
10-25 21:39:17.752 3126 3802 I ExynosCameraBufferManager: [CAM_ID(1)][3A1_BUF]-INFO(putBuffer[554]):bufIndex=5 is already in (available state)
10-25 21:39:17.752 3126 3802 D ExynosCameraBufferManager: [CAM_ID(1)][3A1_BUF]-DEBUG(m_free[252]):Free the buffer (m_allocatedBufCount=6) --- dumpBufferInfo ---
10-25 21:39:17.752 3126 3802 I ExynosCameraBufferManager: [CAM_ID(1)][3A1_BUF]-INFO(dumpBufferInfo[1244]):[m_buffer[0].fd[0]=73] .addr=0x0 .size=4096 .position=0 .permission=1]
10-25 21:39:17.752 3126 3802 I ExynosCameraBufferManager: [CAM_ID(1)][3A1_BUF]-INFO(dumpBufferInfo[1244]):[m_buffer[0].fd[1]=79] .addr=0xecfa8000 .size=32768 .position=0 .permission=1]
10-25 21:39:17.752 3126 3802 I ExynosCameraBufferManager: [CAM_ID(1)][3A1_BUF]-INFO(dumpBufferInfo[1244]):[m_buffer[1].fd[0]=74] .addr=0x0 .size=4096 .position=0 .permission=1]
10-25 21:39:17.752 3126 3802 I ExynosCameraBufferManager: [CAM_ID(1)][3A1_BUF]-INFO(dumpBufferInfo[1244]):[m_buffer[1].fd[1]=80] .addr=0xecfa0000 .size=32768 .position=0 .permission=1]
10-25 21:39:17.752 3126 3802 I ExynosCameraBufferManager: [CAM_ID(1)][3A1_BUF]-INFO(dumpBufferInfo[1244]):[m_buffer[2].fd[0]=75] .addr=0x0 .size=4096 .position=0 .permission=1]
10-25 21:39:17.752 3126 3802 I ExynosCameraBufferManager: [CAM_ID(1)][3A1_BUF]-INFO(dumpBufferInfo[1244]):[m_buffer[2].fd[1]=81] .addr=0xecf98000 .size=32768 .position=0 .permission=1]
10-25 21:39:17.752 3126 3802 I ExynosCameraBufferManager: [CAM_ID(1)][3A1_BUF]-INFO(dumpBufferInfo[1244]):[m_buffer[3].fd[0]=76] .addr=0x0 .size=4096 .position=0 .permission=1]
10-25 21:39:17.752 3126 3802 I ExynosCameraBufferManager: [CAM_ID(1)][3A1_BUF]-INFO(dumpBufferInfo[1244]):[m_buffer[3].fd[1]=82] .addr=0xecf43000 .size=32768 .position=0 .permission=1]
10-25 21:39:17.752 3126 3802 I ExynosCameraBufferManager: [CAM_ID(1)][3A1_BUF]-INFO(dumpBufferInfo[1244]):[m_buffer[4].fd[0]=77] .addr=0x0 .size=4096 .position=0 .permission=1]
10-25 21:39:17.752 3126 3802 I ExynosCameraBufferManager: [CAM_ID(1)][3A1_BUF]-INFO(dumpBufferInfo[1244]):[m_buffer[4].fd[1]=83] .addr=0xebd3a000 .size=32768 .position=0 .permission=1]
10-25 21:39:17.752 3126 3802 I ExynosCameraBufferManager: [CAM_ID(1)][3A1_BUF]-INFO(dumpBufferInfo[1244]):[m_buffer[5].fd[0]=78] .addr=0x0 .size=4096 .position=0 .permission=1]
10-25 21:39:17.752 3126 3802 I ExynosCameraBufferManager: [CAM_ID(1)][3A1_BUF]-INFO(dumpBufferInfo[1244]):[m_buffer[5].fd[1]=84] .addr=0xebd32000 .size=32768 .position=0 .permission=1]
10-25 21:39:17.752 3126 3802 D ExynosCameraBufferManager: [CAM_ID(1)][3A1_BUF]-DEBUG(m_free[255]):------------------------------------------------------
10-25 21:39:17.752 3126 3802 D ExynosCameraBufferManager: [CAM_ID(1)][3A1_BUF]-DEBUG(m_free[282]):Free the buffer succeeded (m_allocatedBufCount=0)
10-25 21:39:17.752 3126 3802 D ExynosCameraPipeJpeg: DEBUG:duration time( 1 msec):(m_free)
10-25 21:39:17.752 3126 3802 D ExynosCameraBufferManager: [CAM_ID(1)][3A1_BUF]-DEBUG(deinit[141]):OUT..
10-25 21:39:17.752 3126 3802 D ExynosCameraBufferManager: [CAM_ID(1)][ISP_BUF]-DEBUG(deinit[116]):IN..
10-25 21:39:17.752 3126 3802 I ExynosCameraBufferManager: [CAM_ID(1)][ISP_BUF]-INFO(deinit[119]:OUT.. Buffer is not allocated
10-25 21:39:17.752 3126 3802 D ExynosCameraBufferManager: [CAM_ID(1)][HW_DIS_BUF]-DEBUG(deinit[116]):IN..
10-25 21:39:17.752 3126 3802 I ExynosCameraBufferManager: [CAM_ID(1)][HW_DIS_BUF]-INFO(deinit[119]:OUT.. Buffer is not allocated
10-25 21:39:17.752 3126 3802 D ExynosCameraBufferManager: [CAM_ID(1)][SCP_BUF]-DEBUG(deinit[116]):IN..
10-25 21:39:17.752 3126 3802 I ExynosCameraBufferManager: [CAM_ID(1)][SCP_BUF]-INFO(deinit[119]:OUT.. Buffer is not allocated
10-25 21:39:17.752 3126 3802 D ExynosCameraBufferManager: [CAM_ID(1)][ISP_RE_BUF]-DEBUG(deinit[116]):IN..
10-25 21:39:17.752 3126 3802 I ExynosCameraBufferManager: [CAM_ID(1)][ISP_RE_BUF]-INFO(deinit[119]:OUT.. Buffer is not allocated
10-25 21:39:17.752 3126 3802 D ExynosCameraBufferManager: [CAM_ID(1)][SCC_RE_BUF]-DEBUG(deinit[116]):IN..
10-25 21:39:17.752 3126 3802 I ExynosCameraBufferManager: [CAM_ID(1)][SCC_RE_BUF]-INFO(deinit[119]:OUT.. Buffer is not allocated
10-25 21:39:17.752 3126 3802 D ExynosCameraBufferManager: [CAM_ID(1)][SCC_BUF]-DEBUG(deinit[116]):IN..
10-25 21:39:17.752 3126 3802 I ExynosCameraBufferManager: [CAM_ID(1)][SCC_BUF]-INFO(deinit[119]:OUT.. Buffer is not allocated
10-25 21:39:17.752 3126 3802 D ExynosCameraBufferManager: [CAM_ID(1)][GSC_BUF]-DEBUG(deinit[116]):IN..
10-25 21:39:17.752 3126 3802 I ExynosCameraBufferManager: [CAM_ID(1)][GSC_BUF]-INFO(deinit[119]:OUT.. Buffer is not allocated
10-25 21:39:17.752 3126 3802 D ExynosCameraBufferManager: [CAM_ID(1)][POSTPICTURE_GSC_BUF]-DEBUG(deinit[116]):IN..
10-25 21:39:17.752 3126 3802 I ExynosCameraBufferManager: [CAM_ID(1)][POSTPICTURE_GSC_BUF]-INFO(deinit[119]:OUT.. Buffer is not allocated
10-25 21:39:17.752 3126 3802 D ExynosCameraBufferManager: [CAM_ID(1)][THUMBNAIL_GSC_BUF]-DEBUG(deinit[116]):IN..
10-25 21:39:17.752 3126 3802 I ExynosCameraBufferManager: [CAM_ID(1)][THUMBNAIL_GSC_BUF]-INFO(deinit[119]:OUT.. Buffer is not allocated
10-25 21:39:17.752 3126 3802 D ExynosCameraBufferManager: [CAM_ID(1)][JPEG_BUF]-DEBUG(deinit[116]):IN..
10-25 21:39:17.752 3126 3802 I ExynosCameraBufferManager: [CAM_ID(1)][JPEG_BUF]-INFO(deinit[119]:OUT.. Buffer is not allocated
10-25 21:39:17.752 3126 3802 D ExynosCameraBufferManager: [CAM_ID(1)][REC_BUF]-DEBUG(deinit[116]):IN..
10-25 21:39:17.752 3126 3802 I ExynosCameraBufferManager: [CAM_ID(1)][REC_BUF]-INFO(deinit[119]:OUT.. Buffer is not allocated
10-25 21:39:17.752 3126 3802 D ExynosCameraBufferManager: [CAM_ID(1)][PREVIEW_CB_BUF]-DEBUG(deinit[116]):IN..
10-25 21:39:17.752 3126 3802 I ExynosCameraBufferManager: [CAM_ID(1)][PREVIEW_CB_BUF]-INFO(deinit[119]:OUT.. Buffer is not allocated
10-25 21:39:17.752 3126 3802 D ExynosCameraBufferManager: [CAM_ID(1)][HIGH_RESOLUTION_CB_BUF]-DEBUG(deinit[116]):IN..
10-25 21:39:17.752 3126 3802 I ExynosCameraBufferManager: [CAM_ID(1)][HIGH_RESOLUTION_CB_BUF]-INFO(deinit[119]:OUT.. Buffer is not allocated
10-25 21:39:17.752 3126 3802 D ExynosCameraBufferManager: [CAM_ID(1)][VDIS_BUF]-DEBUG(deinit[116]):IN..
10-25 21:39:17.752 3126 3802 I ExynosCameraBufferManager: [CAM_ID(1)][VDIS_BUF]-INFO(deinit[119]:OUT.. Buffer is not allocated
10-25 21:39:17.752 3126 3802 I ExynosCamera: [CAM_ID(1)][]-INFO(m_releaseBuffers[16375]):free buffer done
10-25 21:39:17.752 3126 3802 D ExynosCamera: [CAM_ID(1)][]-DEBUG(release):FrameFactoryQ destroyed
10-25 21:39:17.752 3126 3802 D ExynosCameraBufferManager: [CAM_ID(1)][BAYER_BUF]-DEBUG(deinit[116]):IN..
10-25 21:39:17.752 3126 3802 I ExynosCameraBufferManager: [CAM_ID(1)][BAYER_BUF]-INFO(deinit[119]:OUT.. Buffer is not allocated
10-25 21:39:17.752 3126 3802 D ExynosCameraBufferManager: [CAM_ID(1)][BAYER_BUF]-DEBUG(deinit[116]):IN..
10-25 21:39:17.752 3126 3802 I ExynosCameraBufferManager: [CAM_ID(1)][BAYER_BUF]-INFO(deinit[119]:OUT.. Buffer is not allocated
10-25 21:39:17.752 3126 3802 D ExynosCamera: [CAM_ID(1)][]-DEBUG(release):BufferManager(bayerBufferMgr) destroyed
10-25 21:39:17.752 3126 3802 D ExynosCameraBufferManager: [CAM_ID(1)][FLITE_BUF]-DEBUG(deinit[116]):IN..
10-25 21:39:17.752 3126 3802 I ExynosCameraBufferManager: [CAM_ID(1)][FLITE_BUF]-INFO(deinit[119]:OUT.. Buffer is not allocated
10-25 21:39:17.752 3126 3802 D ExynosCameraBufferManager: [CAM_ID(1)][FLITE_BUF]-DEBUG(deinit[116]):IN..
10-25 21:39:17.752 3126 3802 I ExynosCameraBufferManager: [CAM_ID(1)][FLITE_BUF]-INFO(deinit[119]:OUT.. Buffer is not allocated
10-25 21:39:17.752 3126 3802 D ExynosCamera: [CAM_ID(1)][]-DEBUG(release):BufferManager(m_fliteBufferMgr) destroyed
10-25 21:39:17.752 3126 3802 D ExynosCameraBufferManager: [CAM_ID(1)][3A1_BUF]-DEBUG(deinit[116]):IN..
10-25 21:39:17.752 3126 3802 I ExynosCameraBufferManager: [CAM_ID(1)][3A1_BUF]-INFO(deinit[119]:OUT.. Buffer is not allocated
10-25 21:39:17.752 3126 3802 D ExynosCameraBufferManager: [CAM_ID(1)][3A1_BUF]-DEBUG(deinit[116]):IN..
10-25 21:39:17.752 3126 3802 I ExynosCameraBufferManager: [CAM_ID(1)][3A1_BUF]-INFO(deinit[119]:OUT.. Buffer is not allocated
10-25 21:39:17.752 3126 3802 D ExynosCamera: [CAM_ID(1)][]-DEBUG(release):BufferManager(3aaBufferMgr) destroyed
10-25 21:39:17.752 3126 3802 D ExynosCameraBufferManager: [CAM_ID(1)][ISP_BUF]-DEBUG(deinit[116]):IN..
10-25 21:39:17.752 3126 3802 I ExynosCameraBufferManager: [CAM_ID(1)][ISP_BUF]-INFO(deinit[119]:OUT.. Buffer is not allocated
10-25 21:39:17.752 3126 3802 D ExynosCameraBufferManager: [CAM_ID(1)][ISP_BUF]-DEBUG(deinit[116]):IN..
10-25 21:39:17.752 3126 3802 I ExynosCameraBufferManager: [CAM_ID(1)][ISP_BUF]-INFO(deinit[119]:OUT.. Buffer is not allocated
10-25 21:39:17.752 3126 3802 D ExynosCamera: [CAM_ID(1)][]-DEBUG(release):BufferManager(ispBufferMgr) destroyed
10-25 21:39:17.752 3126 3802 D ExynosCameraBufferManager: [CAM_ID(1)][HW_DIS_BUF]-DEBUG(deinit[116]):IN..
10-25 21:39:17.752 3126 3802 I ExynosCameraBufferManager: [CAM_ID(1)][HW_DIS_BUF]-INFO(deinit[119]:OUT.. Buffer is not allocated
10-25 21:39:17.752 3126 3802 D ExynosCameraBufferManager: [CAM_ID(1)][HW_DIS_BUF]-DEBUG(deinit[116]):IN..
10-25 21:39:17.752 3126 3802 I ExynosCameraBufferManager: [CAM_ID(1)][HW_DIS_BUF]-INFO(deinit[119]:OUT.. Buffer is not allocated
10-25 21:39:17.752 3126 3802 D ExynosCamera: [CAM_ID(1)][]-DEBUG(release):BufferManager(m_hwDisBufferMgr) destroyed
10-25 21:39:17.752 3126 3802 D ExynosCameraBufferManager: [CAM_ID(1)][SCP_BUF]-DEBUG(deinit[116]):IN..
10-25 21:39:17.752 3126 3802 I ExynosCameraBufferManager: [CAM_ID(1)][SCP_BUF]-INFO(deinit[119]:OUT.. Buffer is not allocated
10-25 21:39:17.752 3126 3802 D ExynosCameraBufferManager: [CAM_ID(1)][SCP_BUF]-DEBUG(deinit[116]):IN..
10-25 21:39:17.752 3126 3802 I ExynosCameraBufferManager: [CAM_ID(1)][SCP_BUF]-INFO(deinit[119]:OUT.. Buffer is not allocated
10-25 21:39:17.752 3126 3802 D ExynosCamera: [CAM_ID(1)][]-DEBUG(release):BufferManager(scpBufferMgr) destroyed
10-25 21:39:17.752 3126 3802 D ExynosCameraBufferManager: [CAM_ID(1)][DZOOM_SCALER_BUF]-DEBUG(deinit[116]):IN..
10-25 21:39:17.752 3126 3802 I ExynosCameraBufferManager: [CAM_ID(1)][DZOOM_SCALER_BUF]-INFO(deinit[119]:OUT.. Buffer is not allocated
10-25 21:39:17.752 3126 3802 D ExynosCameraBufferManager: [CAM_ID(1)][DZOOM_SCALER_BUF]-DEBUG(deinit[116]):IN..
10-25 21:39:17.752 3126 3802 I ExynosCameraBufferManager: [CAM_ID(1)][DZOOM_SCALER_BUF]-INFO(deinit[119]:OUT.. Buffer is not allocated
10-25 21:39:17.752 3126 3802 D ExynosCamera: [CAM_ID(1)][]-DEBUG(release):BufferManager(m_zoomScalerBufferMgr) destroyed
10-25 21:39:17.752 3126 3802 D ExynosCameraBufferManager: [CAM_ID(1)][ISP_RE_BUF]-DEBUG(deinit[116]):IN..
10-25 21:39:17.752 3126 3802 I ExynosCameraBufferManager: [CAM_ID(1)][ISP_RE_BUF]-INFO(deinit[119]:OUT.. Buffer is not allocated
10-25 21:39:17.752 3126 3802 D ExynosCameraBufferManager: [CAM_ID(1)][ISP_RE_BUF]-DEBUG(deinit[116]):IN..
10-25 21:39:17.752 3126 3802 I ExynosCameraBufferManager: [CAM_ID(1)][ISP_RE_BUF]-INFO(deinit[119]:OUT.. Buffer is not allocated
10-25 21:39:17.752 3126 3802 D ExynosCamera: [CAM_ID(1)][]-DEBUG(release):BufferManager(ispReprocessingBufferMgr) destroyed
10-25 21:39:17.752 3126 3802 D ExynosCameraBufferManager: [CAM_ID(1)][SCC_RE_BUF]-DEBUG(deinit[116]):IN..
10-25 21:39:17.752 3126 3802 I ExynosCameraBufferManager: [CAM_ID(1)][SCC_RE_BUF]-INFO(deinit[119]:OUT.. Buffer is not allocated
10-25 21:39:17.752 3126 3802 D ExynosCameraBufferManager: [CAM_ID(1)][SCC_RE_BUF]-DEBUG(deinit[116]):IN..
10-25 21:39:17.752 3126 3802 I ExynosCameraBufferManager: [CAM_ID(1)][SCC_RE_BUF]-INFO(deinit[119]:OUT.. Buffer is not allocated
10-25 21:39:17.752 3126 3802 D ExynosCamera: [CAM_ID(1)][]-DEBUG(release):BufferManager(sccReprocessingBufferMgr) destroyed
10-25 21:39:17.752 3126 3802 D ExynosCameraBufferManager: [CAM_ID(1)][SCC_BUF]-DEBUG(deinit[116]):IN..
10-25 21:39:17.752 3126 3802 I ExynosCameraBufferManager: [CAM_ID(1)][SCC_BUF]-INFO(deinit[119]:OUT.. Buffer is not allocated
10-25 21:39:17.752 3126 3802 D ExynosCameraBufferManager: [CAM_ID(1)][SCC_BUF]-DEBUG(deinit[116]):IN..
10-25 21:39:17.752 3126 3802 I ExynosCameraBufferManager: [CAM_ID(1)][SCC_BUF]-INFO(deinit[119]:OUT.. Buffer is not allocated
10-25 21:39:17.752 3126 3802 D ExynosCamera: [CAM_ID(1)][]-DEBUG(release):BufferManager(sccBufferMgr) destroyed
10-25 21:39:17.752 3126 3802 D ExynosCameraBufferManager: [CAM_ID(1)][GSC_BUF]-DEBUG(deinit[116]):IN..
10-25 21:39:17.752 3126 3802 I ExynosCameraBufferManager: [CAM_ID(1)][GSC_BUF]-INFO(deinit[119]:OUT.. Buffer is not allocated
10-25 21:39:17.752 3126 3802 D ExynosCameraBufferManager: [CAM_ID(1)][GSC_BUF]-DEBUG(deinit[116]):IN..
10-25 21:39:17.752 3126 3802 I ExynosCameraBufferManager: [CAM_ID(1)][GSC_BUF]-INFO(deinit[119]:OUT.. Buffer is not allocated
10-25 21:39:17.752 3126 3802 D ExynosCamera: [CAM_ID(1)][]-DEBUG(release):BufferManager(gscBufferMgr) destroyed
10-25 21:39:17.752 3126 3802 D ExynosCameraBufferManager: [CAM_ID(1)][POSTPICTURE_GSC_BUF]-DEBUG(deinit[116]):IN..
10-25 21:39:17.752 3126 3802 I ExynosCameraBufferManager: [CAM_ID(1)][POSTPICTURE_GSC_BUF]-INFO(deinit[119]:OUT.. Buffer is not allocated
10-25 21:39:17.752 3126 3802 D ExynosCameraBufferManager: [CAM_ID(1)][POSTPICTURE_GSC_BUF]-DEBUG(deinit[116]):IN..
10-25 21:39:17.752 3126 3802 I ExynosCameraBufferManager: [CAM_ID(1)][POSTPICTURE_GSC_BUF]-INFO(deinit[119]:OUT.. Buffer is not allocated
10-25 21:39:17.752 3126 3802 D ExynosCamera: [CAM_ID(1)][]-DEBUG(release):BufferManager(m_postPictureGscBufferMgr) destroyed
10-25 21:39:17.752 3126 3802 D ExynosCameraBufferManager: [CAM_ID(1)][THUMBNAIL_GSC_BUF]-DEBUG(deinit[116]):IN..
10-25 21:39:17.752 3126 3802 I ExynosCameraBufferManager: [CAM_ID(1)][THUMBNAIL_GSC_BUF]-INFO(deinit[119]:OUT.. Buffer is not allocated
10-25 21:39:17.752 3126 3802 D ExynosCameraBufferManager: [CAM_ID(1)][THUMBNAIL_GSC_BUF]-DEBUG(deinit[116]):IN..
10-25 21:39:17.752 3126 3802 I ExynosCameraBufferManager: [CAM_ID(1)][THUMBNAIL_GSC_BUF]-INFO(deinit[119]:OUT.. Buffer is not allocated
10-25 21:39:17.752 3126 3802 D ExynosCamera: [CAM_ID(1)][]-DEBUG(release):BufferManager(m_thumbnailGscBufferMgr) destroyed
10-25 21:39:17.752 3126 3802 D ExynosCameraBufferManager: [CAM_ID(1)][JPEG_BUF]-DEBUG(deinit[116]):IN..
10-25 21:39:17.752 3126 3802 I ExynosCameraBufferManager: [CAM_ID(1)][JPEG_BUF]-INFO(deinit[119]:OUT.. Buffer is not allocated
10-25 21:39:17.752 3126 3802 D ExynosCameraBufferManager: [CAM_ID(1)][JPEG_BUF]-DEBUG(deinit[116]):IN..
10-25 21:39:17.752 3126 3802 I ExynosCameraBufferManager: [CAM_ID(1)][JPEG_BUF]-INFO(deinit[119]:OUT.. Buffer is not allocated
10-25 21:39:17.752 3126 3802 D ExynosCamera: [CAM_ID(1)][]-DEBUG(release):BufferManager(jpegBufferMgr) destroyed
10-25 21:39:17.762 3126 3802 D ExynosCameraBufferManager: [CAM_ID(1)][PREVIEW_CB_BUF]-DEBUG(deinit[116]):IN..
10-25 21:39:17.762 3126 3802 I ExynosCameraBufferManager: [CAM_ID(1)][PREVIEW_CB_BUF]-INFO(deinit[119]:OUT.. Buffer is not allocated
10-25 21:39:17.762 3126 3802 D ExynosCameraBufferManager: [CAM_ID(1)][PREVIEW_CB_BUF]-DEBUG(deinit[116]):IN..
10-25 21:39:17.762 3126 3802 I ExynosCameraBufferManager: [CAM_ID(1)][PREVIEW_CB_BUF]-INFO(deinit[119]:OUT.. Buffer is not allocated
10-25 21:39:17.762 3126 3802 D ExynosCamera: [CAM_ID(1)][]-DEBUG(release):BufferManager(previewCallbackBufferMgr) destroyed
10-25 21:39:17.762 3126 3802 D ExynosCameraBufferManager: [CAM_ID(1)][HIGH_RESOLUTION_CB_BUF]-DEBUG(deinit[116]):IN..
10-25 21:39:17.762 3126 3802 I ExynosCameraBufferManager: [CAM_ID(1)][HIGH_RESOLUTION_CB_BUF]-INFO(deinit[119]:OUT.. Buffer is not allocated
10-25 21:39:17.762 3126 3802 D ExynosCameraBufferManager: [CAM_ID(1)][HIGH_RESOLUTION_CB_BUF]-DEBUG(deinit[116]):IN..
10-25 21:39:17.762 3126 3802 I ExynosCameraBufferManager: [CAM_ID(1)][HIGH_RESOLUTION_CB_BUF]-INFO(deinit[119]:OUT.. Buffer is not allocated
10-25 21:39:17.762 3126 3802 D ExynosCamera: [CAM_ID(1)][]-DEBUG(release):BufferManager(m_highResolutionCallbackBufferMgr) destroyed
10-25 21:39:17.762 3126 3802 D ExynosCameraBufferManager: [CAM_ID(1)][REC_BUF]-DEBUG(deinit[116]):IN..
10-25 21:39:17.762 3126 3802 I ExynosCameraBufferManager: [CAM_ID(1)][REC_BUF]-INFO(deinit[119]:OUT.. Buffer is not allocated
10-25 21:39:17.762 3126 3802 D ExynosCameraBufferManager: [CAM_ID(1)][REC_BUF]-DEBUG(deinit[116]):IN..
10-25 21:39:17.762 3126 3802 I ExynosCameraBufferManager: [CAM_ID(1)][REC_BUF]-INFO(deinit[119]:OUT.. Buffer is not allocated
10-25 21:39:17.762 3126 3802 D ExynosCamera: [CAM_ID(1)][]-DEBUG(release):BufferManager(recordingBufferMgr) destroyed
10-25 21:39:17.762 3126 3802 D ExynosCameraBufferManager: [CAM_ID(1)][VDIS_BUF]-DEBUG(deinit[116]):IN..
10-25 21:39:17.762 3126 3802 I ExynosCameraBufferManager: [CAM_ID(1)][VDIS_BUF]-INFO(deinit[119]:OUT.. Buffer is not allocated
10-25 21:39:17.762 3126 3802 D ExynosCameraBufferManager: [CAM_ID(1)][VDIS_BUF]-DEBUG(deinit[116]):IN..
10-25 21:39:17.762 3126 3802 I ExynosCameraBufferManager: [CAM_ID(1)][VDIS_BUF]-INFO(deinit[119]:OUT.. Buffer is not allocated
10-25 21:39:17.762 3126 3802 D ExynosCamera: VDIS_HAL(release):BufferManager(m_swVDIS_BufferMgr) destroyed
10-25 21:39:17.762 3126 3802 D UniPlugin: uni_plugin_unload is called!
10-25 21:39:17.762 3126 3802 D UniPlugin: __uni_plugin_unload is called!
10-25 21:39:17.762 3126 3802 D UniPlugin: temp->name:SmartFocusplugin
10-25 21:39:17.762 3126 3802 D UniPlugin: ~UniPlugin is called!
10-25 21:39:17.762 3126 3802 D UniPlugin: uni_plugin_unload is called!
10-25 21:39:17.762 3126 3802 D UniPlugin: __uni_plugin_unload is called!
10-25 21:39:17.762 3126 3802 D UniPlugin: temp->name:JpegQtableplugin
10-25 21:39:17.762 3126 3802 D UniPlugin: ~UniPlugin is called!
10-25 21:39:17.762 3126 3802 D UniPlugin: uni_plugin_unload is called!
10-25 21:39:17.762 3126 3802 D UniPlugin: __uni_plugin_unload is called!
10-25 21:39:17.762 3126 3802 D UniPlugin: temp->name:BlurDetectionplugin
10-25 21:39:17.762 3126 3802 D UniPlugin: ~UniPlugin is called!
10-25 21:39:17.762 3126 3802 D UniPlugin: uni_plugin_unload is called!
10-25 21:39:17.762 3126 3802 D UniPlugin: __uni_plugin_unload is called!
10-25 21:39:17.762 3126 3802 D UniPlugin: temp->name:LLSplugin
10-25 21:39:17.762 3126 3802 D UniPlugin: ~UniPlugin is called!
10-25 21:39:17.762 3126 3802 D ExynosCameraFrameManager: [CAM_ID(1)][FRAME MANAGER]-DEBUG(~ExynosCameraFrameManager): FrameManager DELETE(name(FRAME MANAGER) cameraid(1) mode(2)
10-25 21:39:17.762 3126 3802 D ExynosCameraFrameManager: [CAM_ID(1)][CREATE FRAME WORKER]-DEBUG(~CreateWorker): Worker DELETE(name(CREATE FRAME WORKER) cameraid(1) mode(2)
10-25 21:39:17.762 3126 3802 D ExynosCameraFrameManager: [CAM_ID(1)][DELETE FRAME WORKER]-DEBUG(~DeleteWorker): Worker DELETE(name(DELETE FRAME WORKER) cameraid(1) mode(2)
10-25 21:39:17.762 3126 3802 D ExynosCameraFrameManager: [CAM_ID(1)][FRAME MANAGER]-DEBUG(m_deinit[961]): delete m_lock
10-25 21:39:17.762 3126 3802 D ExynosCameraFrameManager: [CAM_ID(1)][FRAME MANAGER]-DEBUG(m_deinit[966]): delete m_keybox
10-25 21:39:17.762 3126 3802 I ExynosCamera: [CAM_ID(1)][]-INFO(release[1476]): -OUT-
10-25 21:39:17.762 3126 3802 I ExynosCamera3Interface: INFO(HAL_camera_device_release[1134]):camera(1) out from release()
10-25 21:39:17.762 3126 3802 I ExynosCamera3Interface: INFO(HAL_camera_device_release[1138]):camera(1) unlocked..
10-25 21:39:17.762 3126 3802 I ExynosCamera3Interface: INFO(HAL_camera_device_release[1143]):camera(1) out
10-25 21:39:17.762 3126 3802 D ExynosCamera3Interface: DEBUG:duration time( 82 msec):(HAL_camera_device_release)
10-25 21:39:17.762 3126 3802 D SecCameraCoreManager: SecCameraCoreManager destroyed: pid=3126
10-25 21:39:17.762 3126 3802 I ShotSingle: ShotSingle destroyed E : pid=3126
10-25 21:39:17.762 3126 3802 I ShotSingle: Wait for compressed image callback to be done.
10-25 21:39:17.762 3126 3802 I ShotSingle: Wait done. (0s. 0ms.) with [0, 22]
10-25 21:39:17.762 3126 3802 I ShotSingle: ShotSingle destroyed X
10-25 21:39:17.772 3126 3802 I ShotCommon: ShotCommon destroyed: pid=3126
10-25 21:39:17.772 3126 3802 I CameraFlashlight: Destroying camera 1
10-25 21:39:17.772 3126 3802 I ExynosCamera3Interface: INFO(HAL_camera_device_close[728]): in
10-25 21:39:17.772 3126 3802 I ExynosCamera3Interface: INFO(HAL_camera_device_close[734]):camera(1)
10-25 21:39:17.772 3126 3802 D ExynosCamera3Interface: DEBUG(check_camera_state):camera(1) state(3) checking...
10-25 21:39:17.772 3126 3802 D ExynosCamera3Interface: DEBUG(check_camera_state):camera(1) state(2:RELEASED->3:CLOSED) is valid
10-25 21:39:17.772 3126 3802 I ExynosCamera3Interface: INFO(HAL_camera_device_close[744]):camera(1) locked..
10-25 21:39:17.772 3126 3802 I ExynosCamera3Interface: INFO(HAL_camera_device_close[747]):camera(1) unlocked..
10-25 21:39:17.772 3126 3802 I ExynosCamera: [CAM_ID(1)][]-INFO(release[1003]): -IN-
10-25 21:39:17.772 3126 3802 I ExynosCamera: [CAM_ID(1)][]-INFO(release[1008]): wait m_fastenAeThread
10-25 21:39:17.772 3126 3802 I ExynosCamera: [CAM_ID(1)][]-INFO(release[1010]): wait m_fastenAeThread end
10-25 21:39:17.772 3126 3802 I ExynosCamera: [CAM_ID(1)][]-INFO(m_stopCompanion[18698]): wait m_companionThread
10-25 21:39:17.772 3126 3802 I ExynosCamera: [CAM_ID(1)][]-INFO(m_stopCompanion[18700]): wait m_companionThread end
10-25 21:39:17.772 3126 3802 I ExynosCamera: [CAM_ID(1)][]-INFO(m_deinitFrameFactory[936]): -IN-
10-25 21:39:17.772 3126 3802 I ExynosCamera: [CAM_ID(1)][]-INFO(m_deinitFrameFactory[972]): -OUT-
10-25 21:39:17.772 3126 3802 D ExynosCameraPipeJpeg: DEBUG:duration time( 0 msec):(m_deinitFrameFactory)
10-25 21:39:17.772 3126 3802 I ExynosCamera: [CAM_ID(1)][]-INFO(m_releaseBuffers[16307]):release buffer
10-25 21:39:17.772 3126 3802 I ExynosCamera: [CAM_ID(1)][]-INFO(m_releaseBuffers[16375]):free buffer done
10-25 21:39:17.772 3126 3802 I ExynosCamera: [CAM_ID(1)][]-INFO(release[1476]): -OUT-
10-25 21:39:17.772 3126 3802 D SecCameraPreviewFrameScheduler: (m_release[173] m_vsyncPeriod=0, Drop Count 0)
10-25 21:39:17.772 3126 3802 I ExynosCamera3Interface: INFO(HAL_camera_device_close[755]):camera(1)
10-25 21:39:17.772 3126 3802 I ExynosCamera3Interface: INFO(HAL_camera_device_close[758]): out
10-25 21:39:17.772 3126 3802 D ExynosCamera3Interface: DEBUG:duration time( 2 msec):(HAL_camera_device_close)
10-25 21:39:17.772 3126 3802 V CameraService: Client::disconnect
10-25 21:39:17.782 3126 3802 I CameraService: disconnect: Disconnected client for camera 1 for PID 28775
10-25 21:39:17.782 3126 5080 V CameraService: ~Client
10-25 21:39:17.782 3126 5080 V CameraService: Client::disconnect
10-25 21:39:17.782 3126 5080 V CameraService: ~BasicClient
10-25 21:39:17.782 3126 16012 V MediaPlayer: disconnect
10-25 21:39:17.782 3126 16012 V MediaPlayerService: disconnect(181) from pid 3126
10-25 21:39:17.782 3126 16012 D NuPlayerDriver: reset(0xf178c080)
10-25 21:39:17.782 3126 16012 D NuPlayerDriver: notifyListener_l(0xf178c080), (8, 0, 0)
10-25 21:39:17.782 3126 15972 V NuPlayer: kWhatReset
10-25 21:39:17.782 3126 15972 V NuPlayer: performReset
10-25 21:39:17.782 3126 15972 V GenericSource: stop()
10-25 21:39:17.782 3126 15972 V GenericSource: PREPARE_CANCELLED set to true
10-25 21:39:17.782 3126 15972 V GenericSource: [Flag] set 0x40 -> mFlags = 0x48
10-25 21:39:17.782 3126 15972 V GenericSource: [Flag] clear 0x8 -> mFlags = 0x40
10-25 21:39:17.782 3126 15972 V GenericSource: stop() end
10-25 21:39:17.782 3126 15972 V GenericSource: ~GenericSource()
10-25 21:39:17.782 3126 15972 I OggExtractor: OggSource::stop() mExtractor ref count = 2
10-25 21:39:17.782 3126 15972 I OggExtractor: ~OggSource --
10-25 21:39:17.782 3126 15972 D NuPlayerDriver: notifyResetComplete(0xf178c080)
10-25 21:39:17.782 3126 16012 V NuPlayerDriver: ~NuPlayerDriver(0xf178c080)
10-25 21:39:17.782 3126 16012 I OggExtractor: ~OggExtractor ++
10-25 21:39:17.782 3126 16012 I OggExtractor: ~MyOggExtractor ++
10-25 21:39:17.782 3126 16012 I OggExtractor: ~MyOggExtractor --
10-25 21:39:17.782 3126 16012 I OggExtractor: ~OggExtractor --
10-25 21:39:17.782 3126 16012 V MediaPlayerService: Client(181) destructor pid = 3126
10-25 21:39:17.782 3126 16012 V AudioSink: +++ close
10-25 21:39:17.782 3126 16012 V AudioSink: --- close
10-25 21:39:17.782 3126 16012 V MediaPlayerService: disconnect(181) from pid 3126
10-25 21:39:17.782 3126 16012 V MediaPlayer: destructor
10-25 21:39:17.782 3126 16012 V MediaPlayer: disconnect
10-25 21:39:17.782 3126 16012 V MediaPlayer: disconnect
10-25 21:39:17.782 3126 16012 V MediaPlayerService: disconnect(182) from pid 3126
10-25 21:39:17.782 3126 16012 D NuPlayerDriver: reset(0xf178c6c0)
10-25 21:39:17.782 3126 16012 D NuPlayerDriver: notifyListener_l(0xf178c6c0), (8, 0, 0)
10-25 21:39:17.782 3126 15975 V NuPlayer: kWhatReset
10-25 21:39:17.782 3126 15975 V NuPlayer: performReset
10-25 21:39:17.782 3126 15975 V GenericSource: stop()
10-25 21:39:17.782 3126 15975 V GenericSource: PREPARE_CANCELLED set to true
10-25 21:39:17.782 3126 15975 V GenericSource: [Flag] set 0x40 -> mFlags = 0x48
10-25 21:39:17.782 3126 15975 V GenericSource: [Flag] clear 0x8 -> mFlags = 0x40
10-25 21:39:17.782 3126 15975 V GenericSource: stop() end
10-25 21:39:17.782 3126 15975 V GenericSource: ~GenericSource()
10-25 21:39:17.782 3126 15975 I OggExtractor: OggSource::stop() mExtractor ref count = 2
10-25 21:39:17.782 3126 15975 I OggExtractor: ~OggSource --
10-25 21:39:17.782 3126 15975 D NuPlayerDriver: notifyResetComplete(0xf178c6c0)
10-25 21:39:17.782 3126 16012 V NuPlayerDriver: ~NuPlayerDriver(0xf178c6c0)
10-25 21:39:17.782 3126 16012 I OggExtractor: ~OggExtractor ++
10-25 21:39:17.782 3126 16012 I OggExtractor: ~MyOggExtractor ++
10-25 21:39:17.782 3126 16012 I OggExtractor: ~MyOggExtractor --
10-25 21:39:17.782 3126 16012 I OggExtractor: ~OggExtractor --
10-25 21:39:17.782 3126 16012 V MediaPlayerService: Client(182) destructor pid = 3126
10-25 21:39:17.782 3126 16012 V AudioSink: +++ close
10-25 21:39:17.782 3126 16012 V AudioSink: --- close
10-25 21:39:17.782 3126 16012 V MediaPlayerService: disconnect(182) from pid 3126
10-25 21:39:17.782 3126 16012 V MediaPlayer: destructor
10-25 21:39:17.782 3126 16012 V MediaPlayer: disconnect
10-25 21:39:17.782 3126 16012 V MediaPlayer: disconnect
10-25 21:39:17.782 3126 16012 V MediaPlayerService: disconnect(183) from pid 3126
10-25 21:39:17.782 3126 16012 D NuPlayerDriver: reset(0xf178d660)
10-25 21:39:17.782 3126 16012 D NuPlayerDriver: notifyListener_l(0xf178d660), (8, 0, 0)
10-25 21:39:17.782 3126 15977 V NuPlayer: kWhatReset
10-25 21:39:17.782 3126 15977 V NuPlayer: performReset
10-25 21:39:17.782 3126 15977 V GenericSource: stop()
10-25 21:39:17.782 3126 15977 V GenericSource: PREPARE_CANCELLED set to true
10-25 21:39:17.782 3126 15977 V GenericSource: [Flag] set 0x40 -> mFlags = 0x48
10-25 21:39:17.782 3126 15977 V GenericSource: [Flag] clear 0x8 -> mFlags = 0x40
10-25 21:39:17.782 3520 3603 E SmartFaceManager: checkForSmartStay X: false
10-25 21:39:17.782 3126 15977 V GenericSource: stop() end
10-25 21:39:17.782 3126 15977 V GenericSource: ~GenericSource()
10-25 21:39:17.782 3520 3603 E SmartFaceManager: Listener is null
10-25 21:39:17.782 3126 15977 I OggExtractor: OggSource::stop() mExtractor ref count = 2
10-25 21:39:17.782 3126 15977 I OggExtractor: ~OggSource --
10-25 21:39:17.782 3126 15977 D NuPlayerDriver: notifyResetComplete(0xf178d660)
10-25 21:39:17.782 3126 16012 V NuPlayerDriver: ~NuPlayerDriver(0xf178d660)
10-25 21:39:17.782 3126 16012 I OggExtractor: ~OggExtractor ++
10-25 21:39:17.782 3126 16012 I OggExtractor: ~MyOggExtractor ++
10-25 21:39:17.782 3126 16012 I OggExtractor: ~MyOggExtractor --
10-25 21:39:17.782 3126 16012 I OggExtractor: ~OggExtractor --
10-25 21:39:17.782 3126 16012 V MediaPlayerService: Client(183) destructor pid = 3126
10-25 21:39:17.782 3126 16012 V AudioSink: +++ close
10-25 21:39:17.782 3126 16012 V AudioSink: --- close
10-25 21:39:17.782 3126 16012 V MediaPlayerService: disconnect(183) from pid 3126
10-25 21:39:17.782 3126 16012 V MediaPlayer: destructor
10-25 21:39:17.782 3126 16012 V MediaPlayer: disconnect
10-25 21:39:19.452 3520 4091 D lights : lcd : 173 +
10-25 21:39:19.462 3520 4091 D lights : lcd : 173 -
10-25 21:39:19.472 3520 4091 D lights : lcd : 139 +
10-25 21:39:19.492 3520 4091 D lights : lcd : 139 -
10-25 21:39:19.492 3520 4091 D lights : lcd : 106 +
10-25 21:39:19.492 3520 4091 D lights : lcd : 106 -
10-25 21:39:19.502 3520 4091 D lights : lcd : 73 +
10-25 21:39:19.502 3520 4091 D lights : lcd : 73 -
10-25 21:39:19.522 3520 4091 D lights : lcd : 27 +
10-25 21:39:19.542 3520 4091 D lights : lcd : 27 -
10-25 21:39:19.542 3520 4091 D lights : lcd : 19 +
10-25 21:39:19.542 3520 4091 D lights : lcd : 19 -
10-25 21:39:22.542 3520 4018 D InputReader: Input event(4): value=1 when=84203637353000
10-25 21:39:22.542 3520 4018 D InputReader: Input event(4): value=1 when=84203637353000
10-25 21:39:22.542 3520 4018 I InputReader: Touch event's action is 0x0 (deviceType=0) [pCnt=1, s=0.1011 ] when=84203637353000
10-25 21:39:22.542 3520 4018 D InputReader: lastThreadEndTime = 84202757364440, currentThreadStartTime = 84202757388774, diff = 0
10-25 21:39:22.552 3520 4017 I InputDispatcher: Delivering touch to (4130): action: 0x4, toolType: 1
10-25 21:39:22.552 3520 4017 I InputDispatcher: Delivering touch to (4521): action: 0x0, toolType: 1
10-25 21:39:22.552 3520 4017 I InputDispatcher: Delivering touch to (4130): action: 0x0, toolType: 1
10-25 21:39:22.552 4521 4521 D ViewRootImpl: ViewPostImeInputStage processPointer 0
10-25 21:39:22.552 3520 4089 D lights : button : 1 +
10-25 21:39:22.592 3520 4089 D lights : button : 1 -
10-25 21:39:22.592 3520 4091 D lights : lcd : 41 +
10-25 21:39:22.592 3520 4091 D lights : lcd : 41 -
10-25 21:39:22.592 3520 4091 D lights : lcd : 74 +
10-25 21:39:22.612 3520 4091 D lights : lcd : 74 -
10-25 21:39:22.612 3520 4091 D lights : lcd : 107 +
10-25 21:39:22.612 3520 4091 D lights : lcd : 107 -
10-25 21:39:22.612 3520 4091 D lights : lcd : 141 +
10-25 21:39:22.622 3520 4091 D lights : lcd : 141 -
10-25 21:39:22.632 3520 4091 D lights : lcd : 174 +
10-25 21:39:22.642 3520 4091 D lights : lcd : 174 -
10-25 21:39:22.642 3520 4091 D lights : lcd : 191 +
10-25 21:39:22.662 3520 4091 D lights : lcd : 191 -
10-25 21:39:23.362 4521 4521 V LauncherAppWidgetHostView: calculateWidgetSize: (target widgetsize) using w/h 1359 712 span 5 2 (widgetid 3) [current Gridsize : GRID_5x5]
10-25 21:39:23.362 4521 4521 D LauncherAppWidgetHostView: calculateWidgetSize() widget = T-Mobile TV(widget id = 3) result hostview size = 1771 x 927
10-25 21:39:23.362 4521 4521 D LauncherAppWidgetHostView: setResizeScaleResult() 1771/ 927 scaleToResize = 0.7673631(widget id = 3)
10-25 21:39:24.552 3520 4018 D InputReader: Input event(4): value=0 when=84205647742000
10-25 21:39:24.552 3520 4018 D InputReader: Input event(4): value=0 when=84205647742000
10-25 21:39:24.552 3520 4018 I InputReader: Touch event's action is 0x1 (deviceType=0) [pCnt=1, s=] when=84205647742000
10-25 21:39:24.552 3520 4017 I InputDispatcher: Delivering touch to (4521): action: 0x1, toolType: 1
10-25 21:39:24.552 3520 4017 I InputDispatcher: Delivering touch to (4130): action: 0x1, toolType: 1
10-25 21:39:24.552 4521 4521 D ViewRootImpl: ViewPostImeInputStage processPointer 1
10-25 21:39:24.672 3520 4018 D InputReader: Input event(4): value=1 when=84205766330000
10-25 21:39:24.672 3520 4018 D InputReader: Input event(4): value=1 when=84205766330000
10-25 21:39:24.672 3520 4018 I InputReader: Touch event's action is 0x0 (deviceType=0) [pCnt=1, s=0.1012 ] when=84205766330000
10-25 21:39:24.672 3520 4018 D InputReader: lastThreadEndTime = 84205648128817, currentThreadStartTime = 84205648133442, diff = 0
10-25 21:39:24.672 3520 4017 I InputDispatcher: Delivering touch to (4130): action: 0x4, toolType: 1
10-25 21:39:24.672 3520 4017 I InputDispatcher: Delivering touch to (4521): action: 0x0, toolType: 1
10-25 21:39:24.672 3520 4017 I InputDispatcher: Delivering touch to (4130): action: 0x0, toolType: 1
10-25 21:39:24.672 4521 4521 D ViewRootImpl: ViewPostImeInputStage processPointer 0
10-25 21:39:24.702 4521 4521 I Launcher.Workspace: TouchSlopScale : 12.6262195
10-25 21:39:24.702 4521 4521 I Launcher.PagedView: determineScrollingStart : mTouchState=0, mIsPageMoving=false
10-25 21:39:24.722 4521 4521 I Launcher.Workspace: TouchSlopScale : 12.626207
10-25 21:39:24.722 4521 4521 I Launcher.PagedView: determineScrollingStart : mTouchState=0, mIsPageMoving=false
10-25 21:39:24.732 4521 4521 I Launcher.Workspace: TouchSlopScale : 12.151992
10-25 21:39:24.732 4521 4521 I Launcher.PagedView: determineScrollingStart : mTouchState=0, mIsPageMoving=false
10-25 21:39:24.752 4521 4521 I Launcher.Workspace: TouchSlopScale : 10.57324153
10-25 21:39:24.752 4521 4521 I Launcher.PagedView: determineScrollingStart : mTouchState=0, mIsPageMoving=false
10-25 21:39:24.772 4521 4521 I Launcher.PagedView: determineScrollingStart : mTouchState=0, mIsPageMoving=false
10-25 21:39:24.782 4521 4521 I Launcher.PagedView: determineScrollingStart : mTouchState=0, mIsPageMoving=false
10-25 21:39:24.802 4521 4521 I Launcher.PagedView: determineScrollingStart : mTouchState=0, mIsPageMoving=false
10-25 21:39:24.822 4521 4521 I Launcher.PagedView: determineScrollingStart : mTouchState=0, mIsPageMoving=false
10-25 21:39:24.842 4521 4521 I Launcher.PagedView: determineScrollingStart : mTouchState=2, mIsPageMoving=true
10-25 21:39:24.882 4521 4521 I Launcher.PagedView: determineScrollingStart : mTouchState=2, mIsPageMoving=true
10-25 21:39:24.902 4521 4521 I Launcher.PagedView: determineScrollingStart : mTouchState=1, mIsPageMoving=true
10-25 21:39:24.922 3520 4018 D InputReader: Input event(4): value=0 when=84206011020000
10-25 21:39:24.922 3520 4018 D InputReader: Input event(4): value=0 when=84206011020000
10-25 21:39:24.922 3520 4018 I InputReader: Touch event's action is 0x1 (deviceType=0) [pCnt=1, s=] when=84206011020000
10-25 21:39:24.922 3520 4017 I InputDispatcher: Delivering touch to (4521): action: 0x1, toolType: 1
10-25 21:39:24.922 3520 4017 I InputDispatcher: Delivering touch to (4130): action: 0x1, toolType: 1
10-25 21:39:24.922 4521 4521 D ViewRootImpl: ViewPostImeInputStage processPointer 1
10-25 21:39:25.612 3520 3520 I Tethering: BATTERY_CHANGED, level = 100lowBatteryThreshold = 15
10-25 21:39:25.612 4130 4130 D KeyguardUpdateMonitor: received broadcast android.intent.action.BATTERY_CHANGED
10-25 21:39:25.612 4130 4130 D KeyguardUpdateMonitor: handleBatteryUpdate
