10-25 21:41:00.882 3520 3520 W ResourcesManager: getTopLevelResources: /data/app/com.microsoft.office.excel-1/base.apk / 1.0 running in null rsrc of package com.microsoft.office.excel
10-25 21:41:00.882 3520 3520 W ResourcesManager: getTopLevelResources: /data/app/com.microsoft.office.excel-1/base.apk / 1.0 running in null rsrc of package com.microsoft.office.excel
10-25 21:41:00.882 3520 3520 W ResourcesManager: getTopLevelResources: /data/app/com.microsoft.skydrive-1/base.apk / 1.0 running in null rsrc of package com.microsoft.skydrive
10-25 21:41:00.882 3520 3520 W ResourcesManager: getTopLevelResources: /data/app/com.microsoft.skydrive-1/base.apk / 1.0 running in null rsrc of package com.microsoft.skydrive
10-25 21:41:00.892 3520 3520 W ResourcesManager: getTopLevelResources: /system/priv-app/SNS_v2/SNS_v2.apk / 1.0 running in null rsrc of package com.sec.android.app.sns3
10-25 21:41:00.892 3520 3520 W ResourcesManager: getTopLevelResources: /system/priv-app/SNS_v2/SNS_v2.apk / 1.0 running in null rsrc of package com.sec.android.app.sns3
10-25 21:41:00.892 3520 3520 W ResourcesManager: getTopLevelResources: /system/priv-app/SNS_v2/SNS_v2.apk / 1.0 running in null rsrc of package com.sec.android.app.sns3
10-25 21:41:00.892 3520 3520 W ResourcesManager: getTopLevelResources: /system/priv-app/SNS_v2/SNS_v2.apk / 1.0 running in null rsrc of package com.sec.android.app.sns3
10-25 21:41:00.892 3520 3520 W ResourcesManager: getTopLevelResources: /system/priv-app/SNS_v2/SNS_v2.apk / 1.0 running in null rsrc of package com.sec.android.app.sns3
10-25 21:41:00.892 3520 3520 W ResourcesManager: getTopLevelResources: /system/priv-app/SNS_v2/SNS_v2.apk / 1.0 running in null rsrc of package com.sec.android.app.sns3
10-25 21:41:00.892 3520 3520 W ResourcesManager: getTopLevelResources: /system/priv-app/SNS_v2/SNS_v2.apk / 1.0 running in null rsrc of package com.sec.android.app.sns3
10-25 21:41:00.892 3520 3520 W ResourcesManager: getTopLevelResources: /system/priv-app/SNS_v2/SNS_v2.apk / 1.0 running in null rsrc of package com.sec.android.app.sns3
10-25 21:41:00.892 3520 3520 W ResourcesManager: getTopLevelResources: /system/priv-app/SNS_v2/SNS_v2.apk / 1.0 running in null rsrc of package com.sec.android.app.sns3
10-25 21:41:00.892 3520 3520 W ResourcesManager: getTopLevelResources: /system/priv-app/SNS_v2/SNS_v2.apk / 1.0 running in null rsrc of package com.sec.android.app.sns3
10-25 21:41:00.892 3520 3520 W ResourcesManager: getTopLevelResources: /system/priv-app/SNS_v2/SNS_v2.apk / 1.0 running in null rsrc of package com.sec.android.app.sns3
10-25 21:41:00.892 3520 3520 W ResourcesManager: getTopLevelResources: /system/priv-app/SNS_v2/SNS_v2.apk / 1.0 running in null rsrc of package com.sec.android.app.sns3
10-25 21:41:00.892 3520 3520 W ResourcesManager: getTopLevelResources: /system/priv-app/SCloudService/SCloudService.apk / 1.0 running in null rsrc of package com.samsung.android.scloud
10-25 21:41:00.892 3520 3520 W ResourcesManager: getTopLevelResources: /system/priv-app/SCloudService/SCloudService.apk / 1.0 running in null rsrc of package com.samsung.android.scloud
10-25 21:41:00.892 3520 3520 W ResourcesManager: getTopLevelResources: /system/priv-app/SCloudService/SCloudService.apk / 1.0 running in null rsrc of package com.samsung.android.scloud
10-25 21:41:00.892 3520 3520 W ResourcesManager: getTopLevelResources: /system/priv-app/SCloudService/SCloudService.apk / 1.0 running in null rsrc of package com.samsung.android.scloud
10-25 21:41:00.902 3520 3520 W ResourcesManager: getTopLevelResources: /system/priv-app/SCloudService/SCloudService.apk / 1.0 running in null rsrc of package com.samsung.android.scloud
10-25 21:41:00.902 3520 3577 W ResourcesManager: getTopLevelResources: /system/priv-app/SecSettings2/SecSettings2.apk / 1.0 running in null rsrc of package com.android.settings
10-25 21:41:00.902 3520 3577 W ResourcesManager: getTopLevelResources: /system/priv-app/SecContacts_M/SecContacts_M.apk / 1.0 running in null rsrc of package com.android.contacts
10-25 21:41:00.902 3520 3520 W ResourcesManager: getTopLevelResources: /system/priv-app/SCloudService/SCloudService.apk / 1.0 running in null rsrc of package com.samsung.android.scloud
10-25 21:41:00.902 3520 3520 W ResourcesManager: getTopLevelResources: /system/priv-app/SCloudService/SCloudService.apk / 1.0 running in null rsrc of package com.samsung.android.scloud
10-25 21:41:00.902 3520 3577 W ResourcesManager: getTopLevelResources: /system/priv-app/SecContacts_M/SecContacts_M.apk / 1.0 running in null rsrc of package com.android.contacts
10-25 21:41:00.902 3520 3520 W ResourcesManager: getTopLevelResources: /system/priv-app/SCloudService/SCloudService.apk / 1.0 running in null rsrc of package com.samsung.android.scloud
10-25 21:41:00.902 3520 3577 W ResourcesManager: getTopLevelResources: /system/priv-app/SecContacts_M/SecContacts_M.apk / 1.0 running in null rsrc of package com.android.contacts
10-25 21:41:00.902 3520 3520 W ResourcesManager: getTopLevelResources: /system/priv-app/SCloudService/SCloudService.apk / 1.0 running in null rsrc of package com.samsung.android.scloud
10-25 21:41:00.902 3520 3577 W ResourcesManager: getTopLevelResources: /system/priv-app/SecEmail_M/SecEmail_M.apk / 1.0 running in null rsrc of package com.samsung.android.email.provider
10-25 21:41:00.902 3520 3520 W ResourcesManager: getTopLevelResources: /system/priv-app/SCloudService/SCloudService.apk / 1.0 running in null rsrc of package com.samsung.android.scloud
10-25 21:41:00.902 3520 3520 W ResourcesManager: getTopLevelResources: /system/priv-app/SCloudService/SCloudService.apk / 1.0 running in null rsrc of package com.samsung.android.scloud
10-25 21:41:00.902 3520 3577 W ResourcesManager: getTopLevelResources: /system/priv-app/SecMyFiles/SecMyFiles.apk / 1.0 running in null rsrc of package com.sec.android.app.myfiles
10-25 21:41:00.902 3520 3520 W ResourcesManager: getTopLevelResources: /system/priv-app/SCloudService/SCloudService.apk / 1.0 running in null rsrc of package com.samsung.android.scloud
10-25 21:41:00.902 3520 3520 W ResourcesManager: getTopLevelResources: /system/priv-app/SCloudService/SCloudService.apk / 1.0 running in null rsrc of package com.samsung.android.scloud
10-25 21:41:00.902 3520 3577 W ResourcesManager: getTopLevelResources: /system/priv-app/SecMms_Epic_Common/SecMms_Epic_Common.apk / 1.0 running in null rsrc of package com.android.mms
10-25 21:41:00.902 3520 3520 W ResourcesManager: getTopLevelResources: /system/priv-app/SCloudService/SCloudService.apk / 1.0 running in null rsrc of package com.samsung.android.scloud
10-25 21:41:00.902 3520 3577 W ResourcesManager: getTopLevelResources: /system/app/AccuweatherPhone2015/AccuweatherPhone2015.apk / 1.0 running in null rsrc of package com.samsung.android.weather
10-25 21:41:00.902 3520 3577 W ResourcesManager: getTopLevelResources: /system/app/SecMemo3/SecMemo3.apk / 1.0 running in null rsrc of package com.samsung.android.app.memo
10-25 21:41:00.902 3520 3520 W ResourcesManager: getTopLevelResources: /system/priv-app/SecEmail_M/SecEmail_M.apk / 1.0 running in null rsrc of package com.samsung.android.email.provider
10-25 21:41:00.902 3520 3577 W ResourcesManager: getTopLevelResources: /data/app/com.google.android.youtube-2/base.apk / 1.0 running in null rsrc of package com.google.android.youtube
10-25 21:41:00.902 3520 3520 W ResourcesManager: getTopLevelResources: /system/priv-app/SecEmail_M/SecEmail_M.apk / 1.0 running in null rsrc of package com.samsung.android.email.provider
10-25 21:41:00.902 3520 3520 W ResourcesManager: getTopLevelResources: /system/priv-app/SecEmail_M/SecEmail_M.apk / 1.0 running in null rsrc of package com.samsung.android.email.provider
10-25 21:41:00.902 3520 3577 W ResourcesManager: getTopLevelResources: /data/app/com.sec.android.app.music-1/base.apk / 1.0 running in null rsrc of package com.sec.android.app.music
10-25 21:41:00.902 3520 3520 W ResourcesManager: getTopLevelResources: /system/priv-app/SecEmail_M/SecEmail_M.apk / 1.0 running in null rsrc of package com.samsung.android.email.provider
10-25 21:41:00.902 3520 3520 W ResourcesManager: getTopLevelResources: /system/priv-app/SecEmail_M/SecEmail_M.apk / 1.0 running in null rsrc of package com.samsung.android.email.provider
10-25 21:41:00.902 3520 3577 W ResourcesManager: getTopLevelResources: /data/app/com.google.android.music-2/base.apk / 1.0 running in null rsrc of package com.google.android.music
10-25 21:41:00.902 3520 3520 W ResourcesManager: getTopLevelResources: /system/priv-app/SecEmail_M/SecEmail_M.apk / 1.0 running in null rsrc of package com.samsung.android.email.provider
10-25 21:41:00.902 3520 3520 W ResourcesManager: getTopLevelResources: /system/priv-app/SecEmail_M/SecEmail_M.apk / 1.0 running in null rsrc of package com.samsung.android.email.provider
10-25 21:41:00.902 3520 3577 W ResourcesManager: getTopLevelResources: /data/app/com.sec.android.app.shealth-2/base.apk / 1.0 running in null rsrc of package com.sec.android.app.shealth
10-25 21:41:00.902 3520 3520 W ResourcesManager: getTopLevelResources: /system/priv-app/SecEmail_M/SecEmail_M.apk / 1.0 running in null rsrc of package com.samsung.android.email.provider
10-25 21:41:00.902 3520 3577 W ResourcesManager: getTopLevelResources: /system/priv-app/MyPlaces_Hero/MyPlaces_Hero.apk / 1.0 running in null rsrc of package com.sec.android.widgetapp.locationwidget
10-25 21:41:00.902 3520 3520 W ResourcesManager: getTopLevelResources: /system/priv-app/SecEmail_M/SecEmail_M.apk / 1.0 running in null rsrc of package com.samsung.android.email.provider
10-25 21:41:00.902 3520 3577 W ResourcesManager: getTopLevelResources: /system/priv-app/SecEmail_M/SecEmail_M.apk / 1.0 running in null rsrc of package com.samsung.android.email.provider
10-25 21:41:00.902 3520 3520 W ResourcesManager: getTopLevelResources: /system/priv-app/SecEmail_M/SecEmail_M.apk / 1.0 running in null rsrc of package com.samsung.android.email.provider
10-25 21:41:00.902 3520 3520 W ResourcesManager: getTopLevelResources: /system/priv-app/SecEmail_M/SecEmail_M.apk / 1.0 running in null rsrc of package com.samsung.android.email.provider
10-25 21:41:00.902 3520 3577 W ResourcesManager: getTopLevelResources: /system/priv-app/SecSettings2/SecSettings2.apk / 1.0 running in null rsrc of package com.android.settings
10-25 21:41:00.902 3520 3520 W ResourcesManager: getTopLevelResources: /system/priv-app/SecEmail_M/SecEmail_M.apk / 1.0 running in null rsrc of package com.samsung.android.email.provider
10-25 21:41:00.902 3520 3577 W ResourcesManager: getTopLevelResources: /system/priv-app/ZVideo/ZVideo.apk / 1.0 running in null rsrc of package com.samsung.android.video
10-25 21:41:00.902 3520 3520 W ResourcesManager: getTopLevelResources: /system/priv-app/SecEmail_M/SecEmail_M.apk / 1.0 running in null rsrc of package com.samsung.android.email.provider
10-25 21:41:00.902 3520 3577 W ResourcesManager: getTopLevelResources: /system/priv-app/TouchWizHome_2016/TouchWizHome_2016.apk / 1.0 running in null rsrc of package com.sec.android.app.launcher
10-25 21:41:00.902 3520 3520 W ResourcesManager: getTopLevelResources: /system/priv-app/SecEmail_M/SecEmail_M.apk / 1.0 running in null rsrc of package com.samsung.android.email.provider
10-25 21:41:00.902 3520 3577 W ResourcesManager: getTopLevelResources: /system/app/AccuweatherPhone2015/AccuweatherPhone2015.apk / 1.0 running in null rsrc of package com.samsung.android.weather
10-25 21:41:00.912 3520 3520 W ResourcesManager: getTopLevelResources: /system/priv-app/SecEmail_M/SecEmail_M.apk / 1.0 running in null rsrc of package com.samsung.android.email.provider
10-25 21:41:00.912 3520 3520 W ResourcesManager: getTopLevelResources: /system/priv-app/SecEmail_M/SecEmail_M.apk / 1.0 running in null rsrc of package com.samsung.android.email.provider
10-25 21:41:00.912 3520 3577 W ResourcesManager: getTopLevelResources: /system/app/AccuweatherPhone2015/AccuweatherPhone2015.apk / 1.0 running in null rsrc of package com.samsung.android.weather
10-25 21:41:00.912 3520 3520 W ResourcesManager: getTopLevelResources: /system/app/CoreApps/CoreApps.apk / 1.0 running in null rsrc of package com.samsung.android.coreapps
10-25 21:41:00.912 3520 3520 W ResourcesManager: getTopLevelResources: /system/app/CoreApps/CoreApps.apk / 1.0 running in null rsrc of package com.samsung.android.coreapps
10-25 21:41:00.912 3520 3520 W ResourcesManager: getTopLevelResources: /system/app/GoogleCalendarSyncAdapter/GoogleCalendarSyncAdapter.apk / 1.0 running in null rsrc of package com.google.android.syncadapters.calendar
10-25 21:41:00.912 3520 3577 W ResourcesManager: getTopLevelResources: /system/app/AmazonShopping_TMO/AmazonShopping_TMO.apk / 1.0 running in null rsrc of package com.amazon.mShop.android
10-25 21:41:00.912 3520 3520 W ResourcesManager: getTopLevelResources: /system/app/GoogleCalendarSyncAdapter/GoogleCalendarSyncAdapter.apk / 1.0 running in null rsrc of package com.google.android.syncadapters.calendar
10-25 21:41:00.912 3520 3520 W ResourcesManager: getTopLevelResources: /system/app/GoogleContactsSyncAdapter/GoogleContactsSyncAdapter.apk / 1.0 running in null rsrc of package com.google.android.syncadapters.contacts
10-25 21:41:00.912 3520 3520 W ResourcesManager: getTopLevelResources: /system/app/GoogleContactsSyncAdapter/GoogleContactsSyncAdapter.apk / 1.0 running in null rsrc of package com.google.android.syncadapters.contacts
10-25 21:41:00.912 3520 3577 W ResourcesManager: getTopLevelResources: /system/app/SPlanner_M/SPlanner_M.apk / 1.0 running in null rsrc of package com.android.calendar
10-25 21:41:00.912 3520 3520 W ResourcesManager: getTopLevelResources: /data/app/com.google.android.apps.docs-2/base.apk / 1.0 running in null rsrc of package com.google.android.apps.docs
10-25 21:41:00.912 3520 3520 W ResourcesManager: getTopLevelResources: /data/app/com.google.android.apps.docs-2/base.apk / 1.0 running in null rsrc of package com.google.android.apps.docs
10-25 21:41:00.912 3520 4287 V BroadcastQueue: [background] Process cur broadcast BroadcastRecord{9803353 u0 android.intent.action.PACKAGE_CHANGED qIdx=4}, state= (APP_RECEIVE) DELIVERED for app ProcessRecord{5bd697e 22727:com.google.android.googlequicksearchbox:search/u0a78}
10-25 21:41:00.912 3520 3577 W ResourcesManager: getTopLevelResources: /system/app/SPlanner_M/SPlanner_M.apk / 1.0 running in null rsrc of package com.android.calendar
10-25 21:41:00.912 3520 3520 W ResourcesManager: getTopLevelResources: /data/app/com.google.android.gms-2/base.apk / 1.0 running in null rsrc of package com.google.android.gms
10-25 21:41:00.912 3520 3577 W ResourcesManager: getTopLevelResources: /system/app/SecHelp/SecHelp.apk / 1.0 running in null rsrc of package com.samsung.helphub
10-25 21:41:00.912 3520 3520 W ResourcesManager: getTopLevelResources: /data/app/com.google.android.gms-2/base.apk / 1.0 running in null rsrc of package com.google.android.gms
10-25 21:41:00.912 3520 3520 W ResourcesManager: getTopLevelResources: /data/app/com.google.android.gms-2/base.apk / 1.0 running in null rsrc of package com.google.android.gms
10-25 21:41:00.912 3520 3577 W ResourcesManager: getTopLevelResources: /system/app/CatchFavorites_M/CatchFavorites_M.apk / 1.0 running in null rsrc of package com.samsung.android.app.catchfavorites
10-25 21:41:00.912 3520 3520 W ResourcesManager: getTopLevelResources: /data/app/com.google.android.gms-2/base.apk / 1.0 running in null rsrc of package com.google.android.gms
10-25 21:41:00.912 3520 3577 W ResourcesManager: getTopLevelResources: /data/app/com.google.android.youtube-2/base.apk / 1.0 running in null rsrc of package com.google.android.youtube
10-25 21:41:00.912 3520 3520 W ResourcesManager: getTopLevelResources: /data/app/com.google.android.gms-2/base.apk / 1.0 running in null rsrc of package com.google.android.gms
10-25 21:41:00.912 3520 3577 W ResourcesManager: getTopLevelResources: /data/app/com.google.android.apps.docs-2/base.apk / 1.0 running in null rsrc of package com.google.android.apps.docs
10-25 21:41:00.912 3520 3520 W ResourcesManager: getTopLevelResources: /data/app/com.google.android.gms-2/base.apk / 1.0 running in null rsrc of package com.google.android.gms
10-25 21:41:00.912 3520 3577 W ResourcesManager: getTopLevelResources: /data/app/com.google.android.apps.docs-2/base.apk / 1.0 running in null rsrc of package com.google.android.apps.docs
10-25 21:41:00.912 3520 3520 W ResourcesManager: getTopLevelResources: /data/app/com.google.android.gms-2/base.apk / 1.0 running in null rsrc of package com.google.android.gms
10-25 21:41:00.912 3520 3520 W ResourcesManager: getTopLevelResources: /data/app/com.google.android.gms-2/base.apk / 1.0 running in null rsrc of package com.google.android.gms
10-25 21:41:00.912 3520 3577 W ResourcesManager: getTopLevelResources: /data/app/com.samsung.oh-1/base.apk / 1.0 running in null rsrc of package com.samsung.oh
10-25 21:41:00.912 3520 3520 W ResourcesManager: getTopLevelResources: /data/app/com.google.android.gms-2/base.apk / 1.0 running in null rsrc of package com.google.android.gms
10-25 21:41:00.912 3520 3520 W ResourcesManager: getTopLevelResources: /data/app/com.google.android.gms-2/base.apk / 1.0 running in null rsrc of package com.google.android.gms
10-25 21:41:00.912 3520 3577 W ResourcesManager: getTopLevelResources: /data/app/com.google.android.gms-2/base.apk / 1.0 running in null rsrc of package com.google.android.gms
10-25 21:41:00.912 3520 3520 W ResourcesManager: getTopLevelResources: /data/app/com.google.android.gms-2/base.apk / 1.0 running in null rsrc of package com.google.android.gms
10-25 21:41:00.912 3520 3520 W ResourcesManager: getTopLevelResources: /data/app/com.google.android.gms-2/base.apk / 1.0 running in null rsrc of package com.google.android.gms
10-25 21:41:00.912 3520 3577 W ResourcesManager: getTopLevelResources: /data/app/com.google.android.gms-2/base.apk / 1.0 running in null rsrc of package com.google.android.gms
10-25 21:41:00.912 3520 3520 W ResourcesManager: getTopLevelResources: /data/app/com.google.android.gms-2/base.apk / 1.0 running in null rsrc of package com.google.android.gms
10-25 21:41:00.912 3520 3520 W ResourcesManager: getTopLevelResources: /data/app/com.google.android.gms-2/base.apk / 1.0 running in null rsrc of package com.google.android.gms
10-25 21:41:00.912 3520 3577 W ResourcesManager: getTopLevelResources: /data/app/com.sec.android.app.music-1/base.apk / 1.0 running in null rsrc of package com.sec.android.app.music
10-25 21:41:00.912 3520 3520 W ResourcesManager: getTopLevelResources: /data/app/com.google.android.gms-2/base.apk / 1.0 running in null rsrc of package com.google.android.gms
10-25 21:41:00.912 3520 3520 W ResourcesManager: getTopLevelResources: /data/app/com.google.android.gms-2/base.apk / 1.0 running in null rsrc of package com.google.android.gms
10-25 21:41:00.912 3520 3577 W ResourcesManager: getTopLevelResources: /data/app/com.microsoft.skydrive-1/base.apk / 1.0 running in null rsrc of package com.microsoft.skydrive
10-25 21:41:00.912 3520 3520 W ResourcesManager: getTopLevelResources: /data/app/com.google.android.gms-2/base.apk / 1.0 running in null rsrc of package com.google.android.gms
10-25 21:41:00.912 3520 3577 W ResourcesManager: getTopLevelResources: /data/app/com.android.chrome-2/base.apk / 1.0 running in null rsrc of package com.android.chrome
10-25 21:41:00.912 3520 3520 W ResourcesManager: getTopLevelResources: /data/app/com.google.android.gms-2/base.apk / 1.0 running in null rsrc of package com.google.android.gms
10-25 21:41:00.912 3520 3520 W ResourcesManager: getTopLevelResources: /data/app/com.google.android.gms-2/base.apk / 1.0 running in null rsrc of package com.google.android.gms
10-25 21:41:00.912 3520 3577 W ResourcesManager: getTopLevelResources: /data/app/com.google.android.googlequicksearchbox-1/base.apk / 1.0 running in null rsrc of package com.google.android.googlequicksearchbox
10-25 21:41:00.922 3520 3520 W ResourcesManager: getTopLevelResources: /data/app/com.google.android.gms-2/base.apk / 1.0 running in null rsrc of package com.google.android.gms
10-25 21:41:00.922 3520 3520 W ResourcesManager: getTopLevelResources: /data/app/com.google.android.gms-2/base.apk / 1.0 running in null rsrc of package com.google.android.gms
10-25 21:41:00.922 3520 3577 W ResourcesManager: getTopLevelResources: /data/app/com.sec.android.app.music-1/base.apk / 1.0 running in null rsrc of package com.sec.android.app.music
10-25 21:41:00.922 3520 3520 W ResourcesManager: getTopLevelResources: /data/app/com.google.android.gms-2/base.apk / 1.0 running in null rsrc of package com.google.android.gms
10-25 21:41:00.922 3520 3520 W ResourcesManager: getTopLevelResources: /data/app/com.google.android.gms-2/base.apk / 1.0 running in null rsrc of package com.google.android.gms
10-25 21:41:00.922 3520 3577 W ResourcesManager: getTopLevelResources: /system/priv-app/SecContacts_M/SecContacts_M.apk / 1.0 running in null rsrc of package com.android.contacts
10-25 21:41:00.922 3520 3520 W ResourcesManager: getTopLevelResources: /data/app/com.google.android.gms-2/base.apk / 1.0 running in null rsrc of package com.google.android.gms
10-25 21:41:00.922 3520 3520 W ResourcesManager: getTopLevelResources: /data/app/com.google.android.gms-2/base.apk / 1.0 running in null rsrc of package com.google.android.gms
10-25 21:41:00.922 3520 3577 W ResourcesManager: getTopLevelResources: /system/priv-app/SecGallery2015/SecGallery2015.apk / 1.0 running in null rsrc of package com.sec.android.gallery3d
10-25 21:41:00.922 3520 3520 W ResourcesManager: getTopLevelResources: /data/app/com.google.android.gms-2/base.apk / 1.0 running in null rsrc of package com.google.android.gms
10-25 21:41:00.922 3520 3520 W ResourcesManager: getTopLevelResources: /data/app/com.google.android.gms-2/base.apk / 1.0 running in null rsrc of package com.google.android.gms
10-25 21:41:00.922 3520 3520 W ResourcesManager: getTopLevelResources: /data/app/com.google.android.gms-2/base.apk / 1.0 running in null rsrc of package com.google.android.gms
10-25 21:41:00.922 3520 3520 W ResourcesManager: getTopLevelResources: /data/app/com.google.android.gms-2/base.apk / 1.0 running in null rsrc of package com.google.android.gms
10-25 21:41:00.922 3520 3520 W ResourcesManager: getTopLevelResources: /data/app/com.google.android.gms-2/base.apk / 1.0 running in null rsrc of package com.google.android.gms
10-25 21:41:00.922 3520 3520 W ResourcesManager: getTopLevelResources: /data/app/com.google.android.gms-2/base.apk / 1.0 running in null rsrc of package com.google.android.gms
10-25 21:41:00.922 3520 3520 W ResourcesManager: getTopLevelResources: /data/app/com.google.android.gms-2/base.apk / 1.0 running in null rsrc of package com.google.android.gms
10-25 21:41:00.922 3520 3520 W ResourcesManager: getTopLevelResources: /data/app/com.google.android.videos-1/base.apk / 1.0 running in null rsrc of package com.google.android.videos
10-25 21:41:00.922 3520 3520 W ResourcesManager: getTopLevelResources: /data/app/com.google.android.videos-1/base.apk / 1.0 running in null rsrc of package com.google.android.videos
10-25 21:41:00.922 3520 3520 W ResourcesManager: getTopLevelResources: /data/app/com.google.android.music-2/base.apk / 1.0 running in null rsrc of package com.google.android.music
10-25 21:41:00.922 3520 3520 W ResourcesManager: getTopLevelResources: /data/app/com.google.android.music-2/base.apk / 1.0 running in null rsrc of package com.google.android.music
10-25 21:41:00.922 3520 3520 W ResourcesManager: getTopLevelResources: /data/app/com.microsoft.office.onenote-1/base.apk / 1.0 running in null rsrc of package com.microsoft.office.onenote
10-25 21:41:00.922 3520 3520 W ResourcesManager: getTopLevelResources: /data/app/com.microsoft.office.onenote-1/base.apk / 1.0 running in null rsrc of package com.microsoft.office.onenote
10-25 21:41:00.922 3520 3520 W ResourcesManager: getTopLevelResources: /data/app/com.sec.android.app.shealth-2/base.apk / 1.0 running in null rsrc of package com.sec.android.app.shealth
10-25 21:41:00.922 3520 3520 W ResourcesManager: getTopLevelResources: /data/app/com.sec.android.app.shealth-2/base.apk / 1.0 running in null rsrc of package com.sec.android.app.shealth
10-25 21:41:00.922 3520 3577 W ResourcesManager: getTopLevelResources: /system/priv-app/ZVideo/ZVideo.apk / 1.0 running in null rsrc of package com.samsung.android.video
10-25 21:41:00.922 3520 3520 W ResourcesManager: getTopLevelResources: /data/app/com.sec.android.app.shealth-2/base.apk / 1.0 running in null rsrc of package com.sec.android.app.shealth
10-25 21:41:00.922 3520 3520 W ResourcesManager: getTopLevelResources: /data/app/com.sec.android.app.shealth-2/base.apk / 1.0 running in null rsrc of package com.sec.android.app.shealth
10-25 21:41:00.922 3520 3520 W ResourcesManager: getTopLevelResources: /data/app/com.google.android.gm-2/base.apk / 1.0 running in null rsrc of package com.google.android.gm
10-25 21:41:00.922 3520 3577 W ResourcesManager: getTopLevelResources: /system/priv-app/SFinder_v4/SFinder_v4.apk / 1.0 running in null rsrc of package com.samsung.android.app.galaxyfinder
10-25 21:41:00.922 3520 3520 W ResourcesManager: getTopLevelResources: /data/app/com.google.android.gm-2/base.apk / 1.0 running in null rsrc of package com.google.android.gm
10-25 21:41:00.922 3520 3520 W ResourcesManager: getTopLevelResources: /data/app/com.google.android.gm-2/base.apk / 1.0 running in null rsrc of package com.google.android.gm
10-25 21:41:00.922 3520 3577 W ResourcesManager: getTopLevelResources: /system/priv-app/SFinder_v4/SFinder_v4.apk / 1.0 running in null rsrc of package com.samsung.android.app.galaxyfinder
10-25 21:41:00.922 3520 3520 W ResourcesManager: getTopLevelResources: /data/app/com.google.android.gm-2/base.apk / 1.0 running in null rsrc of package com.google.android.gm
10-25 21:41:00.922 3520 3520 W ResourcesManager: getTopLevelResources: /data/app/com.google.android.gm-2/base.apk / 1.0 running in null rsrc of package com.google.android.gm
10-25 21:41:00.922 3520 3577 W ResourcesManager: getTopLevelResources: /data/app/com.sec.android.app.voicenote-1/base.apk / 1.0 running in null rsrc of package com.sec.android.app.voicenote
10-25 21:41:00.922 3520 3520 W ResourcesManager: getTopLevelResources: /data/app/com.google.android.gm-2/base.apk / 1.0 running in null rsrc of package com.google.android.gm
10-25 21:41:00.922 3520 3520 W ResourcesManager: getTopLevelResources: /data/app/com.google.android.gm-2/base.apk / 1.0 running in null rsrc of package com.google.android.gm
10-25 21:41:00.922 3520 3577 W ResourcesManager: getTopLevelResources: /data/app/com.sec.android.app.voicenote-1/base.apk / 1.0 running in null rsrc of package com.sec.android.app.voicenote
10-25 21:41:00.922 3520 3520 W ResourcesManager: getTopLevelResources: /data/app/com.google.android.gm-2/base.apk / 1.0 running in null rsrc of package com.google.android.gm
10-25 21:41:00.922 3520 3520 W ResourcesManager: getTopLevelResources: /data/app/com.google.android.gm-2/base.apk / 1.0 running in null rsrc of package com.google.android.gm
10-25 21:41:00.922 3520 3577 W ResourcesManager: getTopLevelResources: /data/app/com.sec.android.app.sbrowser-1/base.apk / 1.0 running in null rsrc of package com.sec.android.app.sbrowser
10-25 21:41:00.922 3520 3520 W ResourcesManager: getTopLevelResources: /data/app/com.google.android.gm-2/base.apk / 1.0 running in null rsrc of package com.google.android.gm
10-25 21:41:00.922 3520 3520 W ResourcesManager: getTopLevelResources: /data/app/com.google.android.gm-2/base.apk / 1.0 running in null rsrc of package com.google.android.gm
10-25 21:41:00.922 3520 3520 W ResourcesManager: getTopLevelResources: /data/app/com.google.android.gm-2/base.apk / 1.0 running in null rsrc of package com.google.android.gm
10-25 21:41:00.922 3520 3520 W ResourcesManager: getTopLevelResources: /data/app/com.mobitv.client.tmobiletvhd-1/base.apk / 1.0 running in null rsrc of package com.mobitv.client.tmobiletvhd
10-25 21:41:00.922 3520 3520 W ResourcesManager: getTopLevelResources: /data/app/com.mobitv.client.tmobiletvhd-1/base.apk / 1.0 running in null rsrc of package com.mobitv.client.tmobiletvhd
10-25 21:41:00.922 3520 3520 W ResourcesManager: getTopLevelResources: /data/app/com.skype.raider-1/base.apk / 1.0 running in null rsrc of package com.skype.raider
10-25 21:41:00.922 3520 3520 W ResourcesManager: getTopLevelResources: /data/app/com.skype.raider-1/base.apk / 1.0 running in null rsrc of package com.skype.raider
10-25 21:41:00.922 3520 3520 W ResourcesManager: getTopLevelResources: /data/app/com.sec.android.app.sbrowser-1/base.apk / 1.0 running in null rsrc of package com.sec.android.app.sbrowser
10-25 21:41:00.922 3520 3520 W ResourcesManager: getTopLevelResources: /data/app/com.sec.android.app.sbrowser-1/base.apk / 1.0 running in null rsrc of package com.sec.android.app.sbrowser
10-25 21:41:00.922 3520 3520 W ResourcesManager: getTopLevelResources: /data/app/com.microsoft.skydrive-1/base.apk / 1.0 running in null rsrc of package com.microsoft.skydrive
10-25 21:41:00.922 3520 3520 W ResourcesManager: getTopLevelResources: /data/app/com.microsoft.skydrive-1/base.apk / 1.0 running in null rsrc of package com.microsoft.skydrive
10-25 21:41:00.922 3520 3520 W ResourcesManager: getTopLevelResources: /data/app/com.android.chrome-2/base.apk / 1.0 running in null rsrc of package com.android.chrome
10-25 21:41:00.922 3520 3520 W ResourcesManager: getTopLevelResources: /data/app/com.android.chrome-2/base.apk / 1.0 running in null rsrc of package com.android.chrome
10-25 21:41:00.932 3520 3520 D UcmService: onReceive android.intent.action.PACKAGE_CHANGED
10-25 21:41:00.932 3520 3520 D UcmService: Package update in userId-0 and uid-1000
10-25 21:41:00.932 3520 4067 D UcmService: *****refreshAgentList userId-0 is called***
10-25 21:41:00.932 3520 4067 D UcmService: resolveAllowedAgents for user 0
10-25 21:41:00.932 3520 4067 D UcmService: found com.sec.smartcard.manager
10-25 21:41:00.932 3520 4067 D UcmService: found com.samsung.ucs.agent.boot
10-25 21:41:00.932 3520 4067 D UcmService: mPersistentServices size is 2
10-25 21:41:00.932 3520 4067 D UcmService: -------Processing started for agentPackageName----- -com.sec.smartcard.manager
10-25 21:41:00.932 3520 4067 D UcmService: agentPackageName -com.sec.smartcard.manager is an active plugin
10-25 21:41:00.932 3520 4067 D UcmService: Check if caller has UCS Plugin permission...
10-25 21:41:00.932 3520 4067 D UcmService: Agent has UCS PLUGIN permission. Processing further...
10-25 21:41:00.932 3520 4067 D UcmService: -------Processing started for agentPackageName----- -com.samsung.ucs.agent.boot
10-25 21:41:00.932 3520 4067 D UcmService: agentPackageName -com.samsung.ucs.agent.boot is an active plugin
10-25 21:41:00.932 3520 4067 D UcmService: Check if caller has UCS Plugin permission...
10-25 21:41:00.932 3520 4067 D UcmService: Agent has UCS PLUGIN permission. Processing further...
10-25 21:41:00.932 3520 4067 D UcmService: agentPackageName com.samsung.ucs.agent.boot is system storage. Checking system signature
10-25 21:41:00.932 3520 4067 D UcmService: Signature match
10-25 21:41:00.932 3520 4067 D UcmService: Valid system storage found is com.samsung.ucs.agent.boot
10-25 21:41:00.932 3520 4604 V AlarmManager: remove PendingIntent] PendingIntent{663e31b: PendingIntentRecord{6646bb3 com.amazon.mShop.android broadcastIntent}}
10-25 21:41:00.942 22727 18108 I UpdateIcingCorporaServi: Updating corpora: APPS=com.samsung.android.app.galaxyfinder, CONTACTS=MAYBE
10-25 21:41:00.942 3520 4067 D UcmService: readPersistentServicesLocked is called...
10-25 21:41:00.942 3520 4067 D UcmService: PersistentServices key-com.sec.smartcard.manager:com.samsung.ucs.agent.baiMobile
10-25 21:41:00.942 3520 4067 D UcmService: PersistentServices value-10195
10-25 21:41:00.942 3520 4067 D UcmService: PersistentServices key-com.samsung.ucs.agent.boot:com.samsung.ucs.agent.boot
10-25 21:41:00.942 3520 4067 D UcmService: PersistentServices value-1000
10-25 21:41:00.942 3520 4044 D NetworkPolicy: isUidForegroundLocked: 10078, mScreenOn: true, uidstate: 3, mProxSensorScreenOff: false
10-25 21:41:00.942 3520 3577 W ResourcesManager: getTopLevelResources: /system/priv-app/SecContacts_M/SecContacts_M.apk / 1.0 running in null rsrc of package com.android.contacts
10-25 21:41:00.942 3520 3520 D CocktailBarManagerServiceContainer: onReceive : android.intent.action.PACKAGE_CHANGED
10-25 21:41:00.942 3520 3520 D AccessibilityManagerService: checkUniversalSwitchState start:
10-25 21:41:00.942 3520 3520 D AccessibilityManagerService: checkUniversalSwitchState universalSwitchEnabled:false
10-25 21:41:00.942 3520 3520 D AccessibilityManagerService: updateInputFilter universalSwitchState:false
10-25 21:41:00.942 3520 3520 D AccessibilityManagerService: updateInputFilter userState.mIsUniversalSwitchEnabled:false
10-25 21:41:00.942 3520 3577 W ResourcesManager: getTopLevelResources: /system/priv-app/SecContacts_M/SecContacts_M.apk / 1.0 running in null rsrc of package com.android.contacts
10-25 21:41:00.942 3520 3577 W ResourcesManager: getTopLevelResources: /system/priv-app/SecContacts_M/SecContacts_M.apk / 1.0 running in null rsrc of package com.android.contacts
10-25 21:41:00.952 3520 3577 W ResourcesManager: getTopLevelResources: /system/priv-app/SecContacts_M/SecContacts_M.apk / 1.0 running in null rsrc of package com.android.contacts
10-25 21:41:00.962 3520 3577 W ResourcesManager: getTopLevelResources: /system/priv-app/SecEmail_M/SecEmail_M.apk / 1.0 running in null rsrc of package com.samsung.android.email.provider
10-25 21:41:00.962 3520 3577 W ResourcesManager: getTopLevelResources: /system/priv-app/SecGallery2015/SecGallery2015.apk / 1.0 running in null rsrc of package com.sec.android.gallery3d
10-25 21:41:00.962 3520 3577 W ResourcesManager: getTopLevelResources: /system/priv-app/SecGallery2015/SecGallery2015.apk / 1.0 running in null rsrc of package com.sec.android.gallery3d
10-25 21:41:00.962 3520 3577 W ResourcesManager: getTopLevelResources: /system/priv-app/SFinder_v4/SFinder_v4.apk / 1.0 running in null rsrc of package com.samsung.android.app.galaxyfinder
10-25 21:41:00.962 3520 3577 W ResourcesManager: getTopLevelResources: /system/priv-app/LiveBroadcast/LiveBroadcast.apk / 1.0 running in null rsrc of package com.sec.android.app.camera.plb
10-25 21:41:00.962 3520 3577 W ResourcesManager: getTopLevelResources: /system/priv-app/LiveBroadcast/LiveBroadcast.apk / 1.0 running in null rsrc of package com.sec.android.app.camera.plb
10-25 21:41:00.962 3520 3577 W ResourcesManager: getTopLevelResources: /system/priv-app/SecMms_Epic_Common/SecMms_Epic_Common.apk / 1.0 running in null rsrc of package com.android.mms
10-25 21:41:00.962 3520 3577 W ResourcesManager: getTopLevelResources: /system/app/SecMemo3/SecMemo3.apk / 1.0 running in null rsrc of package com.samsung.android.app.memo
10-25 21:41:00.972 3520 4750 D PackageManager: setEnabledSetting : userId = 0 packageName = com.google.android.gms cmp = com.google.android.gms.icing.proxy.SmsMonitor newState = 1 callingPackage = 10021
10-25 21:41:00.972 3520 3577 W ResourcesManager: getTopLevelResources: /system/app/QuickConnect_40/QuickConnect_40.apk / 1.0 running in null rsrc of package com.samsung.android.qconnect
10-25 21:41:00.972 3520 3577 D ResourcesManager: For user 0 new overlays fetched Null
10-25 21:41:00.972 3520 3577 W ResourcesManager: getTopLevelResources: /system/app/QuickConnect_40/QuickConnect_40.apk / 1.0 running in null rsrc of package com.samsung.android.qconnect
10-25 21:41:00.972 3520 3577 W ResourcesManager: getTopLevelResources: /system/app/SPlanner_M/SPlanner_M.apk / 1.0 running in null rsrc of package com.android.calendar
10-25 21:41:00.972 3520 3577 W ResourcesManager: getTopLevelResources: /system/app/ClockPackage_M_Osup/ClockPackage_M_Osup.apk / 1.0 running in null rsrc of package com.sec.android.app.clockpackage
10-25 21:41:00.972 3520 4287 V BroadcastQueue: [background] Process cur broadcast BroadcastRecord{9803353 u0 android.intent.action.PACKAGE_CHANGED qIdx=4}, state= (APP_RECEIVE) DELIVERED for app ProcessRecord{5bd697e 22727:com.google.android.googlequicksearchbox:search/u0a78}
10-25 21:41:00.972 3520 3577 D ResourcesManager: For user 0 new overlays fetched Null
10-25 21:41:00.972 3520 3577 W ResourcesManager: getTopLevelResources: /system/app/ClockPackage_M_Osup/ClockPackage_M_Osup.apk / 1.0 running in null rsrc of package com.sec.android.app.clockpackage
10-25 21:41:00.972 3520 3577 W ResourcesManager: getTopLevelResources: /system/app/ClockPackage_M_Osup/ClockPackage_M_Osup.apk / 1.0 running in null rsrc of package com.sec.android.app.clockpackage
10-25 21:41:00.982 3520 3577 W ResourcesManager: getTopLevelResources: /data/app/com.sec.android.app.voicenote-1/base.apk / 1.0 running in null rsrc of package com.sec.android.app.voicenote
10-25 21:41:00.982 3520 3577 W ResourcesManager: getTopLevelResources: /data/app/com.sec.android.app.sbrowser-1/base.apk / 1.0 running in null rsrc of package com.sec.android.app.sbrowser
10-25 21:41:00.982 3520 3577 W ResourcesManager: getTopLevelResources: /system/app/SecMemo3/SecMemo3.apk / 1.0 running in null rsrc of package com.samsung.android.app.memo
10-25 21:41:00.982 3520 3577 W ResourcesManager: getTopLevelResources: /system/priv-app/SecContacts_M/SecContacts_M.apk / 1.0 running in null rsrc of package com.android.contacts
10-25 21:41:00.982 3520 3577 W ResourcesManager: getTopLevelResources: /system/priv-app/SecContacts_M/SecContacts_M.apk / 1.0 running in null rsrc of package com.android.contacts
10-25 21:41:00.992 3520 3577 W ResourcesManager: getTopLevelResources: /system/priv-app/SecContacts_M/SecContacts_M.apk / 1.0 running in null rsrc of package com.android.contacts
10-25 21:41:00.992 3520 4287 I ActivityManager: Killing 17353:com.samsung.android.hmt.vrsystem:permission/u0a217 (adj 15): DHA:empty #31
10-25 21:41:00.992 3520 3577 W ResourcesManager: getTopLevelResources: /system/priv-app/SecContacts_M/SecContacts_M.apk / 1.0 running in null rsrc of package com.android.contacts
10-25 21:41:01.002 3520 3577 W ResourcesManager: getTopLevelResources: /system/priv-app/SecEmail_M/SecEmail_M.apk / 1.0 running in null rsrc of package com.samsung.android.email.provider
10-25 21:41:01.002 3520 3577 W ResourcesManager: getTopLevelResources: /system/priv-app/SecGallery2015/SecGallery2015.apk / 1.0 running in null rsrc of package com.sec.android.gallery3d
10-25 21:41:01.002 3520 3577 W ResourcesManager: getTopLevelResources: /system/priv-app/SecGallery2015/SecGallery2015.apk / 1.0 running in null rsrc of package com.sec.android.gallery3d
10-25 21:41:01.002 3520 3577 W ResourcesManager: getTopLevelResources: /system/priv-app/SFinder_v4/SFinder_v4.apk / 1.0 running in null rsrc of package com.samsung.android.app.galaxyfinder
10-25 21:41:01.002 3520 3577 W ResourcesManager: getTopLevelResources: /system/priv-app/LiveBroadcast/LiveBroadcast.apk / 1.0 running in null rsrc of package com.sec.android.app.camera.plb
10-25 21:41:01.002 3520 3577 W ResourcesManager: getTopLevelResources: /system/priv-app/LiveBroadcast/LiveBroadcast.apk / 1.0 running in null rsrc of package com.sec.android.app.camera.plb
10-25 21:41:01.002 3520 3577 W ResourcesManager: getTopLevelResources: /system/priv-app/SecMms_Epic_Common/SecMms_Epic_Common.apk / 1.0 running in null rsrc of package com.android.mms
10-25 21:41:01.002 3520 3577 W ResourcesManager: getTopLevelResources: /system/app/SecMemo3/SecMemo3.apk / 1.0 running in null rsrc of package com.samsung.android.app.memo
10-25 21:41:01.002 3520 3577 W ResourcesManager: getTopLevelResources: /system/app/QuickConnect_40/QuickConnect_40.apk / 1.0 running in null rsrc of package com.samsung.android.qconnect
10-25 21:41:01.012 3520 3577 W ResourcesManager: getTopLevelResources: /system/app/SPlanner_M/SPlanner_M.apk / 1.0 running in null rsrc of package com.android.calendar
10-25 21:41:01.012 3520 3577 W ResourcesManager: getTopLevelResources: /system/app/ClockPackage_M_Osup/ClockPackage_M_Osup.apk / 1.0 running in null rsrc of package com.sec.android.app.clockpackage
10-25 21:41:01.012 3520 3577 W ResourcesManager: getTopLevelResources: /system/app/ClockPackage_M_Osup/ClockPackage_M_Osup.apk / 1.0 running in null rsrc of package com.sec.android.app.clockpackage
10-25 21:41:01.012 3520 3577 W ResourcesManager: getTopLevelResources: /data/app/com.sec.android.app.voicenote-1/base.apk / 1.0 running in null rsrc of package com.sec.android.app.voicenote
10-25 21:41:01.012 3520 3577 W ResourcesManager: getTopLevelResources: /data/app/com.sec.android.app.sbrowser-1/base.apk / 1.0 running in null rsrc of package com.sec.android.app.sbrowser
10-25 21:41:01.012 3520 3577 W ResourcesManager: getTopLevelResources: /system/app/SecMemo3/SecMemo3.apk / 1.0 running in null rsrc of package com.samsung.android.app.memo
10-25 21:41:01.022 4521 4521 E Launcher.Model: onPackageChanged :com.samsung.android.app.galaxyfinder
10-25 21:41:01.022 4521 4601 D LauncherApps: getActivityList callingUid: 0 user: 0
10-25 21:41:01.022 3520 3577 W ResourcesManager: getTopLevelResources: /system/priv-app/SecSettings2/SecSettings2.apk / 1.0 running in null rsrc of package com.android.settings
10-25 21:41:01.022 3520 3577 W ResourcesManager: getTopLevelResources: /system/priv-app/SecContacts_M/SecContacts_M.apk / 1.0 running in null rsrc of package com.android.contacts
10-25 21:41:01.022 3520 3577 W ResourcesManager: getTopLevelResources: /system/priv-app/SecContacts_M/SecContacts_M.apk / 1.0 running in null rsrc of package com.android.contacts
10-25 21:41:01.022 3520 3577 W ResourcesManager: getTopLevelResources: /system/priv-app/SecContacts_M/SecContacts_M.apk / 1.0 running in null rsrc of package com.android.contacts
10-25 21:41:01.022 3520 3577 W ResourcesManager: getTopLevelResources: /system/priv-app/SecEmail_M/SecEmail_M.apk / 1.0 running in null rsrc of package com.samsung.android.email.provider
10-25 21:41:01.022 3520 3577 W ResourcesManager: getTopLevelResources: /system/priv-app/SecMyFiles/SecMyFiles.apk / 1.0 running in null rsrc of package com.sec.android.app.myfiles
10-25 21:41:01.022 3520 3577 W ResourcesManager: getTopLevelResources: /system/priv-app/SecMms_Epic_Common/SecMms_Epic_Common.apk / 1.0 running in null rsrc of package com.android.mms
10-25 21:41:01.022 3520 3577 W ResourcesManager: getTopLevelResources: /system/app/AccuweatherPhone2015/AccuweatherPhone2015.apk / 1.0 running in null rsrc of package com.samsung.android.weather
10-25 21:41:01.022 3520 3577 W ResourcesManager: getTopLevelResources: /system/app/SecMemo3/SecMemo3.apk / 1.0 running in null rsrc of package com.samsung.android.app.memo
10-25 21:41:01.022 3520 3577 W ResourcesManager: getTopLevelResources: /data/app/com.google.android.youtube-2/base.apk / 1.0 running in null rsrc of package com.google.android.youtube
10-25 21:41:01.022 3520 3577 W ResourcesManager: getTopLevelResources: /data/app/com.sec.android.app.music-1/base.apk / 1.0 running in null rsrc of package com.sec.android.app.music
10-25 21:41:01.022 3520 3577 W ResourcesManager: getTopLevelResources: /data/app/com.google.android.music-2/base.apk / 1.0 running in null rsrc of package com.google.android.music
10-25 21:41:01.022 3520 3577 W ResourcesManager: getTopLevelResources: /data/app/com.sec.android.app.shealth-2/base.apk / 1.0 running in null rsrc of package com.sec.android.app.shealth
10-25 21:41:01.022 3520 3577 W ResourcesManager: getTopLevelResources: /system/priv-app/MyPlaces_Hero/MyPlaces_Hero.apk / 1.0 running in null rsrc of package com.sec.android.widgetapp.locationwidget
10-25 21:41:01.022 3520 3577 W ResourcesManager: getTopLevelResources: /system/priv-app/SecEmail_M/SecEmail_M.apk / 1.0 running in null rsrc of package com.samsung.android.email.provider
10-25 21:41:01.032 4521 4601 D LauncherApps: getActivityList callingUid: 0 user: 0
10-25 21:41:01.032 22727 18108 I UpdateIcingCorporaServi: UpdateCorporaTask done [took 88 ms] updated apps [took 88 ms]
10-25 21:41:01.032 4521 4601 D Launcher.MenuWidgetsLoader: packageChanged : com.samsung.android.app.galaxyfinder
10-25 21:41:01.032 4521 4521 D Launcher.MenuWidgetsLoader: MenuWidgetLoade-loadMenuWidgets : false
10-25 21:41:01.032 4521 10878 D Launcher.MenuWidgetsLoader: MenuWidgetLoader-start : com.android.launcher2.MenuWidgetsLoader$LoadMenuWidgetsTask@c139d73 , false
10-25 21:41:01.032 3520 3577 W ResourcesManager: getTopLevelResources: /system/priv-app/SecSettings2/SecSettings2.apk / 1.0 running in null rsrc of package com.android.settings
10-25 21:41:01.032 3520 3577 W ResourcesManager: getTopLevelResources: /system/priv-app/ZVideo/ZVideo.apk / 1.0 running in null rsrc of package com.samsung.android.video
10-25 21:41:01.032 3520 3577 W ResourcesManager: getTopLevelResources: /system/priv-app/TouchWizHome_2016/TouchWizHome_2016.apk / 1.0 running in null rsrc of package com.sec.android.app.launcher
10-25 21:41:01.032 3520 3577 W ResourcesManager: getTopLevelResources: /system/app/AccuweatherPhone2015/AccuweatherPhone2015.apk / 1.0 running in null rsrc of package com.samsung.android.weather
10-25 21:41:01.032 3520 3577 W ResourcesManager: getTopLevelResources: /system/app/AccuweatherPhone2015/AccuweatherPhone2015.apk / 1.0 running in null rsrc of package com.samsung.android.weather
10-25 21:41:01.032 3520 3577 W ResourcesManager: getTopLevelResources: /system/app/AmazonShopping_TMO/AmazonShopping_TMO.apk / 1.0 running in null rsrc of package com.amazon.mShop.android
10-25 21:41:01.032 3520 3577 W ResourcesManager: getTopLevelResources: /system/app/SPlanner_M/SPlanner_M.apk / 1.0 running in null rsrc of package com.android.calendar
10-25 21:41:01.032 3520 3577 W ResourcesManager: getTopLevelResources: /system/app/SPlanner_M/SPlanner_M.apk / 1.0 running in null rsrc of package com.android.calendar
10-25 21:41:01.032 3520 3577 W ResourcesManager: getTopLevelResources: /system/app/SecHelp/SecHelp.apk / 1.0 running in null rsrc of package com.samsung.helphub
10-25 21:41:01.032 3520 3577 W ResourcesManager: getTopLevelResources: /system/app/CatchFavorites_M/CatchFavorites_M.apk / 1.0 running in null rsrc of package com.samsung.android.app.catchfavorites
10-25 21:41:01.032 3520 3577 W ResourcesManager: getTopLevelResources: /data/app/com.google.android.youtube-2/base.apk / 1.0 running in null rsrc of package com.google.android.youtube
10-25 21:41:01.032 3520 3577 W ResourcesManager: getTopLevelResources: /data/app/com.google.android.apps.docs-2/base.apk / 1.0 running in null rsrc of package com.google.android.apps.docs
10-25 21:41:01.032 3520 3577 W ResourcesManager: getTopLevelResources: /data/app/com.google.android.apps.docs-2/base.apk / 1.0 running in null rsrc of package com.google.android.apps.docs
10-25 21:41:01.032 3520 3577 W ResourcesManager: getTopLevelResources: /data/app/com.samsung.oh-1/base.apk / 1.0 running in null rsrc of package com.samsung.oh
10-25 21:41:01.032 3520 3577 W ResourcesManager: getTopLevelResources: /data/app/com.google.android.gms-2/base.apk / 1.0 running in null rsrc of package com.google.android.gms
10-25 21:41:01.032 3520 3577 W ResourcesManager: getTopLevelResources: /data/app/com.google.android.gms-2/base.apk / 1.0 running in null rsrc of package com.google.android.gms
10-25 21:41:01.032 3520 3577 W ResourcesManager: getTopLevelResources: /data/app/com.sec.android.app.music-1/base.apk / 1.0 running in null rsrc of package com.sec.android.app.music
10-25 21:41:01.032 3520 3577 W ResourcesManager: getTopLevelResources: /data/app/com.microsoft.skydrive-1/base.apk / 1.0 running in null rsrc of package com.microsoft.skydrive
10-25 21:41:01.032 3520 3577 W ResourcesManager: getTopLevelResources: /data/app/com.android.chrome-2/base.apk / 1.0 running in null rsrc of package com.android.chrome
10-25 21:41:01.032 3520 3577 W ResourcesManager: getTopLevelResources: /data/app/com.google.android.googlequicksearchbox-1/base.apk / 1.0 running in null rsrc of package com.google.android.googlequicksearchbox
10-25 21:41:01.032 3520 3577 W ResourcesManager: getTopLevelResources: /data/app/com.sec.android.app.music-1/base.apk / 1.0 running in null rsrc of package com.sec.android.app.music
10-25 21:41:01.032 3520 3577 W ResourcesManager: getTopLevelResources: /system/priv-app/SecContacts_M/SecContacts_M.apk / 1.0 running in null rsrc of package com.android.contacts
10-25 21:41:01.032 3520 3577 W ResourcesManager: getTopLevelResources: /system/priv-app/SecGallery2015/SecGallery2015.apk / 1.0 running in null rsrc of package com.sec.android.gallery3d
10-25 21:41:01.032 3520 3577 W ResourcesManager: getTopLevelResources: /system/priv-app/ZVideo/ZVideo.apk / 1.0 running in null rsrc of package com.samsung.android.video
10-25 21:41:01.032 3520 3577 W ResourcesManager: getTopLevelResources: /system/priv-app/SFinder_v4/SFinder_v4.apk / 1.0 running in null rsrc of package com.samsung.android.app.galaxyfinder
10-25 21:41:01.032 3520 3577 W ResourcesManager: getTopLevelResources: /system/priv-app/SFinder_v4/SFinder_v4.apk / 1.0 running in null rsrc of package com.samsung.android.app.galaxyfinder
10-25 21:41:01.032 3520 3577 W ResourcesManager: getTopLevelResources: /data/app/com.sec.android.app.voicenote-1/base.apk / 1.0 running in null rsrc of package com.sec.android.app.voicenote
10-25 21:41:01.032 3520 3577 W ResourcesManager: getTopLevelResources: /data/app/com.sec.android.app.voicenote-1/base.apk / 1.0 running in null rsrc of package com.sec.android.app.voicenote
10-25 21:41:01.032 3520 3577 W ResourcesManager: getTopLevelResources: /data/app/com.sec.android.app.sbrowser-1/base.apk / 1.0 running in null rsrc of package com.sec.android.app.sbrowser
10-25 21:41:01.042 3520 4287 V BroadcastQueue: [background] Process cur broadcast BroadcastRecord{9803353 u0 android.intent.action.PACKAGE_CHANGED qIdx=4}, state= (APP_RECEIVE) DELIVERED for app ProcessRecord{30fcfbb 20025:com.tmobile.pr.mytmobile/u0a0}
