10-25 21:39:50.852 3126 3802 I ExynosCameraBufferManager: [CAM_ID(1)][JPEG_BUF]-INFO(deinit[119]:OUT.. Buffer is not allocated
10-25 21:39:50.852 3126 3802 D ExynosCameraBufferManager: [CAM_ID(1)][JPEG_BUF]-DEBUG(deinit[116]):IN..
10-25 21:39:50.852 3126 3802 I ExynosCameraBufferManager: [CAM_ID(1)][JPEG_BUF]-INFO(deinit[119]:OUT.. Buffer is not allocated
10-25 21:39:50.852 3126 3802 D ExynosCamera: [CAM_ID(1)][]-DEBUG(release):BufferManager(jpegBufferMgr) destroyed
10-25 21:39:50.852 3126 3802 D ExynosCameraBufferManager: [CAM_ID(1)][PREVIEW_CB_BUF]-DEBUG(deinit[116]):IN..
10-25 21:39:50.852 3126 3802 I ExynosCameraBufferManager: [CAM_ID(1)][PREVIEW_CB_BUF]-INFO(deinit[119]:OUT.. Buffer is not allocated
10-25 21:39:50.852 3126 3802 D ExynosCameraBufferManager: [CAM_ID(1)][PREVIEW_CB_BUF]-DEBUG(deinit[116]):IN..
10-25 21:39:50.852 3126 3802 I ExynosCameraBufferManager: [CAM_ID(1)][PREVIEW_CB_BUF]-INFO(deinit[119]:OUT.. Buffer is not allocated
10-25 21:39:50.852 3126 3802 D ExynosCamera: [CAM_ID(1)][]-DEBUG(release):BufferManager(previewCallbackBufferMgr) destroyed
10-25 21:39:50.852 3126 3802 D ExynosCameraBufferManager: [CAM_ID(1)][HIGH_RESOLUTION_CB_BUF]-DEBUG(deinit[116]):IN..
10-25 21:39:50.852 3126 3802 I ExynosCameraBufferManager: [CAM_ID(1)][HIGH_RESOLUTION_CB_BUF]-INFO(deinit[119]:OUT.. Buffer is not allocated
10-25 21:39:50.852 3126 3802 D ExynosCameraBufferManager: [CAM_ID(1)][HIGH_RESOLUTION_CB_BUF]-DEBUG(deinit[116]):IN..
10-25 21:39:50.852 3126 3802 I ExynosCameraBufferManager: [CAM_ID(1)][HIGH_RESOLUTION_CB_BUF]-INFO(deinit[119]:OUT.. Buffer is not allocated
10-25 21:39:50.852 3126 3802 D ExynosCamera: [CAM_ID(1)][]-DEBUG(release):BufferManager(m_highResolutionCallbackBufferMgr) destroyed
10-25 21:39:50.852 3126 3802 D ExynosCameraBufferManager: [CAM_ID(1)][REC_BUF]-DEBUG(deinit[116]):IN..
10-25 21:39:50.852 3126 3802 I ExynosCameraBufferManager: [CAM_ID(1)][REC_BUF]-INFO(deinit[119]:OUT.. Buffer is not allocated
10-25 21:39:50.852 3126 3802 D ExynosCameraBufferManager: [CAM_ID(1)][REC_BUF]-DEBUG(deinit[116]):IN..
10-25 21:39:50.852 3126 3802 I ExynosCameraBufferManager: [CAM_ID(1)][REC_BUF]-INFO(deinit[119]:OUT.. Buffer is not allocated
10-25 21:39:50.852 3126 3802 D ExynosCamera: [CAM_ID(1)][]-DEBUG(release):BufferManager(recordingBufferMgr) destroyed
10-25 21:39:50.852 3126 3802 D ExynosCameraBufferManager: [CAM_ID(1)][VDIS_BUF]-DEBUG(deinit[116]):IN..
10-25 21:39:50.852 3126 3802 I ExynosCameraBufferManager: [CAM_ID(1)][VDIS_BUF]-INFO(deinit[119]:OUT.. Buffer is not allocated
10-25 21:39:50.852 3126 3802 D ExynosCameraBufferManager: [CAM_ID(1)][VDIS_BUF]-DEBUG(deinit[116]):IN..
10-25 21:39:50.852 3126 3802 I ExynosCameraBufferManager: [CAM_ID(1)][VDIS_BUF]-INFO(deinit[119]:OUT.. Buffer is not allocated
10-25 21:39:50.852 3126 3802 D ExynosCamera: VDIS_HAL(release):BufferManager(m_swVDIS_BufferMgr) destroyed
10-25 21:39:50.852 3126 3802 D UniPlugin: uni_plugin_unload is called!
10-25 21:39:50.852 3126 3802 D UniPlugin: __uni_plugin_unload is called!
10-25 21:39:50.852 3126 3802 D UniPlugin: temp->name:SmartFocusplugin
10-25 21:39:50.852 3126 3802 D UniPlugin: ~UniPlugin is called!
10-25 21:39:50.852 3126 3802 D UniPlugin: uni_plugin_unload is called!
10-25 21:39:50.852 3126 3802 D UniPlugin: __uni_plugin_unload is called!
10-25 21:39:50.852 3126 3802 D UniPlugin: temp->name:JpegQtableplugin
10-25 21:39:50.852 3126 3802 D UniPlugin: ~UniPlugin is called!
10-25 21:39:50.852 3126 3802 D UniPlugin: uni_plugin_unload is called!
10-25 21:39:50.852 3126 3802 D UniPlugin: __uni_plugin_unload is called!
10-25 21:39:50.852 3126 3802 D UniPlugin: temp->name:BlurDetectionplugin
10-25 21:39:50.852 3126 3802 D UniPlugin: ~UniPlugin is called!
10-25 21:39:50.852 3126 3802 D UniPlugin: uni_plugin_unload is called!
10-25 21:39:50.852 3126 3802 D UniPlugin: __uni_plugin_unload is called!
10-25 21:39:50.852 3126 3802 D UniPlugin: temp->name:LLSplugin
10-25 21:39:50.852 3126 3802 D UniPlugin: ~UniPlugin is called!
10-25 21:39:50.852 3126 3802 D ExynosCameraFrameManager: [CAM_ID(1)][FRAME MANAGER]-DEBUG(~ExynosCameraFrameManager): FrameManager DELETE(name(FRAME MANAGER) cameraid(1) mode(2)
10-25 21:39:50.852 3126 3802 D ExynosCameraFrameManager: [CAM_ID(1)][CREATE FRAME WORKER]-DEBUG(~CreateWorker): Worker DELETE(name(CREATE FRAME WORKER) cameraid(1) mode(2)
10-25 21:39:50.852 3126 3802 D ExynosCameraFrameManager: [CAM_ID(1)][DELETE FRAME WORKER]-DEBUG(~DeleteWorker): Worker DELETE(name(DELETE FRAME WORKER) cameraid(1) mode(2)
10-25 21:39:50.852 3126 3802 D ExynosCameraFrameManager: [CAM_ID(1)][FRAME MANAGER]-DEBUG(m_deinit[961]): delete m_lock
10-25 21:39:50.852 3126 3802 D ExynosCameraFrameManager: [CAM_ID(1)][FRAME MANAGER]-DEBUG(m_deinit[966]): delete m_keybox
10-25 21:39:50.852 3126 3802 I ExynosCamera: [CAM_ID(1)][]-INFO(release[1476]): -OUT-
10-25 21:39:50.852 3126 3802 I ExynosCamera3Interface: INFO(HAL_camera_device_release[1134]):camera(1) out from release()
10-25 21:39:50.852 3126 3802 I ExynosCamera3Interface: INFO(HAL_camera_device_release[1138]):camera(1) unlocked..
10-25 21:39:50.852 3126 3802 I ExynosCamera3Interface: INFO(HAL_camera_device_release[1143]):camera(1) out
10-25 21:39:50.852 3126 3802 D ExynosCamera3Interface: DEBUG:duration time( 64 msec):(HAL_camera_device_release)
10-25 21:39:50.852 3126 3802 D SecCameraCoreManager: SecCameraCoreManager destroyed: pid=3126
10-25 21:39:50.852 3126 3802 I ShotSingle: ShotSingle destroyed E : pid=3126
10-25 21:39:50.852 3126 3802 I ShotSingle: Wait for compressed image callback to be done.
10-25 21:39:50.852 3126 3802 I ShotSingle: Wait done. (0s. 0ms.) with [0, 22]
10-25 21:39:50.852 3126 3802 I ShotSingle: ShotSingle destroyed X
10-25 21:39:50.852 3126 3802 I ShotCommon: ShotCommon destroyed: pid=3126
10-25 21:39:50.852 3126 3802 I CameraFlashlight: Destroying camera 1
10-25 21:39:50.852 3126 3802 I ExynosCamera3Interface: INFO(HAL_camera_device_close[728]): in
10-25 21:39:50.852 3126 3802 I ExynosCamera3Interface: INFO(HAL_camera_device_close[734]):camera(1)
10-25 21:39:50.852 3126 3802 D ExynosCamera3Interface: DEBUG(check_camera_state):camera(1) state(3) checking...
10-25 21:39:50.852 3126 3802 D ExynosCamera3Interface: DEBUG(check_camera_state):camera(1) state(2:RELEASED->3:CLOSED) is valid
10-25 21:39:50.852 3126 3802 I ExynosCamera3Interface: INFO(HAL_camera_device_close[744]):camera(1) locked..
10-25 21:39:50.852 3126 3802 I ExynosCamera3Interface: INFO(HAL_camera_device_close[747]):camera(1) unlocked..
10-25 21:39:50.852 3126 3802 I ExynosCamera: [CAM_ID(1)][]-INFO(release[1003]): -IN-
10-25 21:39:50.852 3126 3802 I ExynosCamera: [CAM_ID(1)][]-INFO(release[1008]): wait m_fastenAeThread
10-25 21:39:50.852 3126 3802 I ExynosCamera: [CAM_ID(1)][]-INFO(release[1010]): wait m_fastenAeThread end
10-25 21:39:50.852 3126 3802 I ExynosCamera: [CAM_ID(1)][]-INFO(m_stopCompanion[18698]): wait m_companionThread
10-25 21:39:50.852 3126 3802 I ExynosCamera: [CAM_ID(1)][]-INFO(m_stopCompanion[18700]): wait m_companionThread end
10-25 21:39:50.852 3126 3802 I ExynosCamera: [CAM_ID(1)][]-INFO(m_deinitFrameFactory[936]): -IN-
10-25 21:39:50.852 3126 3802 I ExynosCamera: [CAM_ID(1)][]-INFO(m_deinitFrameFactory[972]): -OUT-
10-25 21:39:50.862 3126 3802 D ExynosCameraPipeJpeg: DEBUG:duration time( 0 msec):(m_deinitFrameFactory)
10-25 21:39:50.862 3126 3802 I ExynosCamera: [CAM_ID(1)][]-INFO(m_releaseBuffers[16307]):release buffer
10-25 21:39:50.862 3126 3802 I ExynosCamera: [CAM_ID(1)][]-INFO(m_releaseBuffers[16375]):free buffer done
10-25 21:39:50.862 3126 3802 I ExynosCamera: [CAM_ID(1)][]-INFO(release[1476]): -OUT-
10-25 21:39:50.862 3126 3802 D SecCameraPreviewFrameScheduler: (m_release[173] m_vsyncPeriod=0, Drop Count 0)
10-25 21:39:50.862 3126 3802 I ExynosCamera3Interface: INFO(HAL_camera_device_close[755]):camera(1)
10-25 21:39:50.862 3126 3802 I ExynosCamera3Interface: INFO(HAL_camera_device_close[758]): out
10-25 21:39:50.862 3126 3802 D ExynosCamera3Interface: DEBUG:duration time( 2 msec):(HAL_camera_device_close)
10-25 21:39:50.862 3126 3802 V CameraService: Client::disconnect
10-25 21:39:50.862 3126 3802 I CameraService: disconnect: Disconnected client for camera 1 for PID 28775
10-25 21:39:50.872 3126 3126 V CameraService: ~Client
10-25 21:39:50.872 3126 3126 V CameraService: Client::disconnect
10-25 21:39:50.872 3126 16173 V MediaPlayer: disconnect
10-25 21:39:50.872 3126 16173 V MediaPlayerService: disconnect(185) from pid 3126
10-25 21:39:50.872 3126 3126 V CameraService: ~BasicClient
10-25 21:39:50.872 3126 16173 D NuPlayerDriver: reset(0xed3dd1e0)
10-25 21:39:50.872 3126 16173 D NuPlayerDriver: notifyListener_l(0xed3dd1e0), (8, 0, 0)
10-25 21:39:50.872 3126 16131 V NuPlayer: kWhatReset
10-25 21:39:50.872 3126 16131 V NuPlayer: performReset
10-25 21:39:50.872 3126 16131 V GenericSource: stop()
10-25 21:39:50.872 3126 16131 V GenericSource: PREPARE_CANCELLED set to true
10-25 21:39:50.872 3126 16131 V GenericSource: [Flag] set 0x40 -> mFlags = 0x48
10-25 21:39:50.872 3126 16131 V GenericSource: [Flag] clear 0x8 -> mFlags = 0x40
10-25 21:39:50.872 3126 16131 V GenericSource: stop() end
10-25 21:39:50.872 3126 16131 V GenericSource: ~GenericSource()
10-25 21:39:50.872 3126 16131 I OggExtractor: OggSource::stop() mExtractor ref count = 2
10-25 21:39:50.872 3126 16131 I OggExtractor: ~OggSource --
10-25 21:39:50.872 3126 16131 D NuPlayerDriver: notifyResetComplete(0xed3dd1e0)
10-25 21:39:50.872 3126 16173 V NuPlayerDriver: ~NuPlayerDriver(0xed3dd1e0)
10-25 21:39:50.872 3126 16173 I OggExtractor: ~OggExtractor ++
10-25 21:39:50.872 3126 16173 I OggExtractor: ~MyOggExtractor ++
10-25 21:39:50.872 3126 16173 I OggExtractor: ~MyOggExtractor --
10-25 21:39:50.872 3126 16173 I OggExtractor: ~OggExtractor --
10-25 21:39:50.872 3126 16173 V MediaPlayerService: Client(185) destructor pid = 3126
10-25 21:39:50.872 3126 16173 V AudioSink: +++ close
10-25 21:39:50.872 3126 16173 V AudioSink: --- close
10-25 21:39:50.872 3126 16173 V MediaPlayerService: disconnect(185) from pid 3126
10-25 21:39:50.872 3126 16173 V MediaPlayer: destructor
10-25 21:39:50.872 3126 16173 V MediaPlayer: disconnect
10-25 21:39:50.872 3126 16173 V MediaPlayer: disconnect
10-25 21:39:50.872 3126 16173 V MediaPlayerService: disconnect(186) from pid 3126
10-25 21:39:50.872 3126 16173 D NuPlayerDriver: reset(0xed3dd460)
10-25 21:39:50.872 3126 16173 D NuPlayerDriver: notifyListener_l(0xed3dd460), (8, 0, 0)
10-25 21:39:50.872 3126 16134 V NuPlayer: kWhatReset
10-25 21:39:50.872 3126 16134 V NuPlayer: performReset
10-25 21:39:50.872 3126 16134 V GenericSource: stop()
10-25 21:39:50.872 3126 16134 V GenericSource: PREPARE_CANCELLED set to true
10-25 21:39:50.872 3126 16134 V GenericSource: [Flag] set 0x40 -> mFlags = 0x48
10-25 21:39:50.872 3126 16134 V GenericSource: [Flag] clear 0x8 -> mFlags = 0x40
10-25 21:39:50.872 3126 16134 V GenericSource: stop() end
10-25 21:39:50.872 3126 16134 V GenericSource: ~GenericSource()
10-25 21:39:50.872 3126 16134 I OggExtractor: OggSource::stop() mExtractor ref count = 2
10-25 21:39:50.872 3126 16134 I OggExtractor: ~OggSource --
10-25 21:39:50.872 3126 16134 D NuPlayerDriver: notifyResetComplete(0xed3dd460)
10-25 21:39:50.872 3126 16173 V NuPlayerDriver: ~NuPlayerDriver(0xed3dd460)
10-25 21:39:50.872 3126 16173 I OggExtractor: ~OggExtractor ++
10-25 21:39:50.872 3126 16173 I OggExtractor: ~MyOggExtractor ++
10-25 21:39:50.872 3126 16173 I OggExtractor: ~MyOggExtractor --
10-25 21:39:50.872 3126 16173 I OggExtractor: ~OggExtractor --
10-25 21:39:50.872 3126 16173 V MediaPlayerService: Client(186) destructor pid = 3126
10-25 21:39:50.872 3126 16173 V AudioSink: +++ close
10-25 21:39:50.872 3126 16173 V AudioSink: --- close
10-25 21:39:50.872 3126 16173 V MediaPlayerService: disconnect(186) from pid 3126
10-25 21:39:50.872 3126 16173 V MediaPlayer: destructor
10-25 21:39:50.872 3126 16173 V MediaPlayer: disconnect
10-25 21:39:50.872 3126 16173 V MediaPlayer: disconnect
10-25 21:39:50.872 3126 16173 V MediaPlayerService: disconnect(187) from pid 3126
10-25 21:39:50.872 3126 16173 D NuPlayerDriver: reset(0xed3de9a0)
10-25 21:39:50.872 3126 16173 D NuPlayerDriver: notifyListener_l(0xed3de9a0), (8, 0, 0)
10-25 21:39:50.872 3126 16136 V NuPlayer: kWhatReset
10-25 21:39:50.872 3126 16136 V NuPlayer: performReset
10-25 21:39:50.872 3126 16136 V GenericSource: stop()
10-25 21:39:50.872 3126 16136 V GenericSource: PREPARE_CANCELLED set to true
10-25 21:39:50.872 3126 16136 V GenericSource: [Flag] set 0x40 -> mFlags = 0x48
10-25 21:39:50.872 3126 16136 V GenericSource: [Flag] clear 0x8 -> mFlags = 0x40
10-25 21:39:50.872 3126 16136 V GenericSource: stop() end
10-25 21:39:50.872 3126 16136 V GenericSource: ~GenericSource()
10-25 21:39:50.872 3126 16136 I OggExtractor: OggSource::stop() mExtractor ref count = 2
10-25 21:39:50.872 3126 16136 I OggExtractor: ~OggSource --
10-25 21:39:50.872 3126 16136 D NuPlayerDriver: notifyResetComplete(0xed3de9a0)
10-25 21:39:50.872 3126 16173 V NuPlayerDriver: ~NuPlayerDriver(0xed3de9a0)
10-25 21:39:50.872 3126 16173 I OggExtractor: ~OggExtractor ++
10-25 21:39:50.872 3126 16173 I OggExtractor: ~MyOggExtractor ++
10-25 21:39:50.872 3520 3603 E SmartFaceManager: checkForSmartStay X: false
10-25 21:39:50.872 3126 16173 I OggExtractor: ~MyOggExtractor --
10-25 21:39:50.872 3126 16173 I OggExtractor: ~OggExtractor --
10-25 21:39:50.872 3126 16173 V MediaPlayerService: Client(187) destructor pid = 3126
10-25 21:39:50.872 3126 16173 V AudioSink: +++ close
10-25 21:39:50.872 3126 16173 V AudioSink: --- close
10-25 21:39:50.872 3126 16173 V MediaPlayerService: disconnect(187) from pid 3126
10-25 21:39:50.872 3126 16173 V MediaPlayer: destructor
10-25 21:39:50.872 3126 16173 V MediaPlayer: disconnect
10-25 21:39:52.642 3520 4091 D lights : lcd : 188 +
10-25 21:39:52.652 3520 4091 D lights : lcd : 188 -
10-25 21:39:52.662 3520 4091 D lights : lcd : 155 +
10-25 21:39:52.662 3520 4091 D lights : lcd : 155 -
10-25 21:39:52.682 3520 4091 D lights : lcd : 122 +
10-25 21:39:52.682 3520 4091 D lights : lcd : 122 -
10-25 21:39:52.692 3520 4091 D lights : lcd : 89 +
10-25 21:39:52.702 3520 4091 D lights : lcd : 89 -
10-25 21:39:52.712 3520 4091 D lights : lcd : 55 +
10-25 21:39:52.712 3520 4091 D lights : lcd : 55 -
10-25 21:39:52.732 3520 4091 D lights : lcd : 22 +
10-25 21:39:52.742 3520 4091 D lights : lcd : 22 -
10-25 21:39:52.742 3520 4091 D lights : lcd : 19 +
10-25 21:39:52.752 3520 4091 D lights : lcd : 19 -
10-25 21:39:53.382 4521 4521 V LauncherAppWidgetHostView: calculateWidgetSize: (target widgetsize) using w/h 1359 712 span 5 2 (widgetid 3) [current Gridsize : GRID_5x5]
10-25 21:39:53.382 4521 4521 D LauncherAppWidgetHostView: calculateWidgetSize() widget = T-Mobile TV(widget id = 3) result hostview size = 1771 x 927
10-25 21:39:53.382 4521 4521 D LauncherAppWidgetHostView: setResizeScaleResult() 1771/ 927 scaleToResize = 0.7673631(widget id = 3)
10-25 21:39:54.002 16184 16184 I FIPS_bssl: FIPS approved mode (1) | 16184 | app_process
10-25 21:39:54.082 16184 16184 D AndroidRuntime: >>>>>> START com.android.internal.os.RuntimeInit uid 2000 <<<<<<
10-25 21:39:54.092 16184 16184 D AndroidRuntime: CheckJNI is OFF
10-25 21:39:54.092 16184 16184 D AndroidRuntime: readGMSProperty: start
10-25 21:39:54.092 16184 16184 D AndroidRuntime: readGMSProperty: already setted!!
10-25 21:39:54.092 16184 16184 D AndroidRuntime: propertySet: couldn't set property (it is from app)
10-25 21:39:54.092 16184 16184 D AndroidRuntime: readGMSProperty: could not set the property(default)!!
10-25 21:39:54.092 16184 16184 D AndroidRuntime: propertySet: couldn't set property (it is from app)
10-25 21:39:54.092 16184 16184 D AndroidRuntime: propertySet: couldn't set property (it is from app)
10-25 21:39:54.092 16184 16184 D AndroidRuntime: propertySet: couldn't set property (it is from app)
10-25 21:39:54.092 16184 16184 D AndroidRuntime: propertySet: couldn't set property (it is from app)
10-25 21:39:54.092 16184 16184 D AndroidRuntime: readGMSProperty: end
10-25 21:39:54.092 16184 16184 D AndroidRuntime: addProductProperty: start
10-25 21:39:54.152 16184 16184 D ICU : No timezone override file found: /data/misc/zoneinfo/current/icu/icu_tzdata.dat
10-25 21:39:54.222 16184 16184 I Radio-JNI: register_android_hardware_Radio DONE
10-25 21:39:54.232 16184 16184 E AffinityControl: AffinityControl: registerfunction enter
10-25 21:39:54.262 16184 16184 D AndroidRuntime: Calling main entry com.android.commands.pm.Pm
10-25 21:39:54.272 3520 4750 I PackageManager: installPackageAsUser params originPath =/data/local/tmp/Package.apk installerPackageName =null
10-25 21:39:54.272 3520 4750 D PackageManager: START_PACKAGE_INSTALL: observer{48244007}
10-25 21:39:54.272 3520 4750 D PackageManager: originPath{/data/local/tmp/Package.apk}
10-25 21:39:54.272 3520 3620 D PackageManager: [MSG] INIT_COPY: observer{48244007}
10-25 21:39:54.272 3520 3620 D PackageManager: idx{0}
10-25 21:39:54.272 3520 3620 D PackageManager: for_user{UserHandle{-1}}
10-25 21:39:54.292 16193 16193 E Zygote : v2
10-25 21:39:54.292 16193 16193 I SELinux : Function: selinux_compare_spd_ram, index[1], SPD-policy is existed. and_ver=SEPF_SECMOBILE_6.0.1 ver=11
10-25 21:39:54.292 16193 16193 W SELinux : Function: selinux_compare_spd_ram, index[1], priority [2], priority version is VE=SEPF_SECMOBILE_6.0.1_0013
10-25 21:39:54.292 16193 16193 E Zygote : accessInfo : 0
10-25 21:39:54.332 16193 16193 D TimaKeyStoreProvider: TimaSignature is unavailable
10-25 21:39:54.332 16193 16193 D ActivityThread: Added TimaKeyStore provider
10-25 21:39:54.362 16193 16193 I InjectionManager: Inside getClassLibPath + mLibMap{0=, 1=}
10-25 21:39:54.372 16193 16193 I InjectionManager: Inside getClassLibPath caller
10-25 21:39:54.382 16193 16193 D InjectionManager: InjectionManager
10-25 21:39:54.382 16193 16193 D InjectionManager: fillFeatureStoreMap com.android.defcontainer
10-25 21:39:54.382 16193 16193 I InjectionManager: Constructor com.android.defcontainer, Feature store :{}
10-25 21:39:54.382 16193 16193 I InjectionManager: featureStore :{}
10-25 21:39:54.382 3520 3620 D PackageManager: [MSG] MCS_BOUND: observer{48244007}
10-25 21:39:54.382 3520 3620 D PackageManager: for_user{UserHandle{-1}}
10-25 21:39:54.412 3520 3620 I PackageManager: EAS IT Policy AllowList =
10-25 21:39:54.412 3520 3620 I PackageManager: isAppBlockedByDPM?? = false
10-25 21:39:54.422 3520 3620 D PackageManager: [VERIFY] getRequiredVerifiersLPr: 1 verifiers
10-25 21:39:54.422 3520 3620 D PackageManager: [VERIFY] com.android.vending(10037)
10-25 21:39:54.422 3520 3620 D PersonaManagerService: needVerificationForPackage
10-25 21:39:54.422 3520 3620 D PersonaManagerService: needVerificationForPackage com.foo.ProductName
10-25 21:39:54.422 3520 3620 D PersonaManagerService: needVerificationForPackage return true for at the end com.foo.ProductName
10-25 21:39:54.422 3520 3620 I PackageManager: installerUid : 2000
10-25 21:39:54.422 3520 3620 D PackageManager: [VERIFY] Found 1 verifiers for intent Intent { act=android.intent.action.PACKAGE_NEEDS_VERIFICATION dat=file:///data/local/tmp/Package.apk typ=application/vnd.android.package-archive flg=0x10000001 } with 0 optional verifiers
10-25 21:39:54.422 3520 3620 D PackageManager: [VERIFY] sendOrderedBroadcastToPendingVerifier:
10-25 21:39:54.422 3520 3620 D PackageManager: PackageVerificationState{
10-25 21:39:54.422 3520 3620 D PackageManager: verifier packages=com.android.vending(10037),
10-25 21:39:54.422 3520 3620 D PackageManager: intent=Intent { act=android.intent.action.PACKAGE_NEEDS_VERIFICATION dat=file:///data/local/tmp/Package.apk typ=application/vnd.android.package-archive flg=0x10000001 (has extras) }
10-25 21:39:54.422 3520 3620 D PackageManager: others=36, false, false, false, false, false
10-25 21:39:54.422 3520 3620 D PackageManager: }
10-25 21:39:54.422 3520 3620 I HarmonyEASService: Updating for all 1
10-25 21:39:54.422 3520 3620 D PackageManager: remove MCS_UNBIND message and Posting MCS_UNBIND 10 secs later
10-25 21:39:54.442 16206 16206 E Zygote : v2
10-25 21:39:54.442 16206 16206 I SELinux : Function: selinux_compare_spd_ram, index[1], SPD-policy is existed. and_ver=SEPF_SECMOBILE_6.0.1 ver=11
10-25 21:39:54.442 16206 16206 W SELinux : Function: selinux_compare_spd_ram, index[1], priority [2], priority version is VE=SEPF_SECMOBILE_6.0.1_0013
10-25 21:39:54.442 16206 16206 E Zygote : accessInfo : 0
10-25 21:39:54.442 16206 16206 W SELinux : SELinux: seapp_context_lookup: seinfo=gmscore, level=s0:c512,c768, pkgname=com.android.vending
10-25 21:39:54.462 16206 16206 D TimaKeyStoreProvider: TimaSignature is unavailable
10-25 21:39:54.462 16206 16206 D ActivityThread: Added TimaKeyStore provider
10-25 21:39:54.492 16206 16206 I InjectionManager: Inside getClassLibPath + mLibMap{0=, 1=}
10-25 21:39:54.522 16206 16206 I InjectionManager: Inside getClassLibPath caller
10-25 21:39:54.532 16206 16206 W System : ClassLoader referenced unknown path: /data/app/com.android.vending-2/lib/arm64
10-25 21:39:54.622 3520 4645 D PackageManager: setEnabledSetting : userId = 0 packageName = com.android.vending cmp = com.android.vending.AssetBrowserActivity newState = 1 callingPackage = 10037
10-25 21:39:54.762 16206 16206 I Finsky : [1] com.google.android.finsky.services.DailyHygiene.a(227): No need to run daily hygiene.
10-25 21:39:54.782 16206 16206 W Settings: Setting download_manager_max_bytes_over_mobile has moved from android.provider.Settings.Secure to android.provider.Settings.Global.
10-25 21:39:54.782 16206 16206 W Settings: Setting download_manager_recommended_max_bytes_over_mobile has moved from android.provider.Settings.Secure to android.provider.Settings.Global.
10-25 21:39:54.792 4371 4383 D PeopleNotiListenerService: onEdgeNotificationRemoved() : pkg com.android.vending,id=-1050172287,extra=Bundle[mParcelledData.dataSize=84]
10-25 21:39:54.792 4371 4371 D PeopleNotiListenerService: removeEdgeNotification:Bundle[{samsung.notification.id=-1050172287, samsung.notification.type=normal, samsung.people.package_name=com.android.vending}]
10-25 21:39:54.792 4371 4371 I PeopleStripeService: PeopleNotificationReceiver:3
10-25 21:39:54.792 4371 4371 I PeopleStripeService: sendEdgeNotification peopleEnabled true lightingEnabled true edgeEnabled true
10-25 21:39:54.792 4371 4371 I PeopleDataManager: removeNotification
10-25 21:39:54.792 4371 4371 I NotificationParser: getNotiType:com.android.vending,null
10-25 21:39:54.792 4371 4371 D PeopleDataManager: removeNotiInfo: id =-1050172287,packageName=com.android.vending,isEdgeNotification=false,key=null,removeAll=false
10-25 21:39:54.792 4371 4371 D PeopleDataManager: removeNotiInfo =null
10-25 21:39:54.812 3520 4041 D PackageManager: setEnabledSetting : userId = 0 packageName = com.android.vending cmp = com.google.android.finsky.activities.DebugActivity newState = 2 callingPackage = 10037
10-25 21:39:54.812 16206 16206 I Finsky : [1] com.google.android.finsky.utils.bq.a(175): Enabling bucket experiment: factor=2.000, zeroDelta=0ms, forceNetwork=false
10-25 21:39:54.842 16206 16206 D InjectionManager: InjectionManager
10-25 21:39:54.842 16206 16206 D InjectionManager: fillFeatureStoreMap com.android.vending
10-25 21:39:54.842 16206 16206 I InjectionManager: Constructor com.android.vending, Feature store :{}
10-25 21:39:54.842 16206 16206 I InjectionManager: featureStore :{}
10-25 21:39:54.852 16206 16206 I Finsky : [1] com.google.android.vending.verifier.PackageVerificationReceiver.onReceive(40): Verification requested, id = 36
10-25 21:39:54.862 3520 3520 D PackageManager: [VERIFY] onReceive for RequiredVerifier id=36
10-25 21:39:54.862 3520 3520 D PackageManager: [VERIFY] sendMessageDelayed(CHECK_PENDING_VERIFICATION, 36, 10000)
10-25 21:39:54.872 16206 16242 V GoogleSignatureVerifier: com.google.android.gms signature not valid. Found:
10-25 21:39:54.872 16206 16242 V GoogleSignatureVerifier: MIIEQzCCAyugAwIBAgIJAMLgh0ZkSjCNMA0GCSqGSIb3DQEBBAUAMHQxCzAJBgNVBAYTAlVTMRMw
10-25 21:39:54.872 16206 16242 V GoogleSignatureVerifier: EQYDVQQIEwpDYWxpZm9ybmlhMRYwFAYDVQQHEw1Nb3VudGFpbiBWaWV3MRQwEgYDVQQKEwtHb29n
10-25 21:39:54.872 16206 16242 V GoogleSignatureVerifier: bGUgSW5jLjEQMA4GA1UECxMHQW5kcm9pZDEQMA4GA1UEAxMHQW5kcm9pZDAeFw0wODA4MjEyMzEz
10-25 21:39:54.872 16206 16242 V GoogleSignatureVerifier: MzRaFw0zNjAxMDcyMzEzMzRaMHQxCzAJBgNVBAYTAlVTMRMwEQYDVQQIEwpDYWxpZm9ybmlhMRYw
10-25 21:39:54.872 16206 16242 V GoogleSignatureVerifier: FAYDVQQHEw1Nb3VudGFpbiBWaWV3MRQwEgYDVQQKEwtHb29nbGUgSW5jLjEQMA4GA1UECxMHQW5k
10-25 21:39:54.872 16206 16242 V GoogleSignatureVerifier: cm9pZDEQMA4GA1UEAxMHQW5kcm9pZDCCASAwDQYJKoZIhvcNAQEBBQADggENADCCAQgCggEBAKtW
10-25 21:39:54.872 16206 16242 V GoogleSignatureVerifier: LgDYO6IIrgqWbxJOKdoR8qtW0I9Y4sypEwPpt1TTcvZApxsdyxMJZ2JORland2qSGT2y5b+3JKke
10-25 21:39:54.872 16206 16242 V GoogleSignatureVerifier: dxiLDmpHpDsz2WCbdxgxRczfey5YZnTJ4VZbH0xqWVW/8lGmPav5xVwnIiJS6HXk+BVKZF+JcWjA
10-25 21:39:54.872 16206 16242 V GoogleSignatureVerifier: sb/GEuq/eFdpuzSqeYTcfi6idkyugwfYwXFU1+5fZKUaRKYCwkkFQVfcAs1fXA5V+++FGfvjJ/Cx
10-25 21:39:54.872 16206 16242 V GoogleSignatureVerifier: URaSxaBvGdGDhfXE28LWuT9ozCl5xw4Yq5OGazvV24mZVSoOO0yZ31j7kYvtwYK6NeADwbSxDdJE
10-25 21:39:54.872 16206 16242 V GoogleSignatureVerifier: qO4k//0zOHKrUiGYXtqw/A0LFFtqoZKFjnkCAQOjgdkwgdYwHQYDVR0OBBYEFMd9jMIhF1Ylmn/T
10-25 21:39:54.872 16206 16242 V GoogleSignatureVerifier: gt9r45jk14alMIGmBgNVHSMEgZ4wgZuAFMd9jMIhF1Ylmn/Tgt9r45jk14aloXikdjB0MQswCQYD
10-25 21:39:54.872 16206 16242 V GoogleSignatureVerifier: VQQGEwJVUzETMBEGA1UECBMKQ2FsaWZvcm5pYTEWMBQGA1UEBxMNTW91bnRhaW4gVmlldzEUMBIG
10-25 21:39:54.872 16206 16242 V GoogleSignatureVerifier: A1UEChMLR29vZ2xlIEluYy4xEDAOBgNVBAsTB0FuZHJvaWQxEDAOBgNVBAMTB0FuZHJvaWSCCQDC
10-25 21:39:54.872 16206 16242 V GoogleSignatureVerifier: 4IdGZEowjTAMBgNVHRMEBTADAQH/MA0GCSqGSIb3DQEBBAUAA4IBAQBt0lLO74UwLDYKqs6Tm8/y
10-25 21:39:54.872 16206 16242 V GoogleSignatureVerifier: zKkEu116FmH4rkaymUIE0P9KaMftGlMexFlaYjzmB2OxZyl6euNXEsQH8gjwyxCUKRJNexBiGcCE
10-25 21:39:54.872 16206 16242 V GoogleSignatureVerifier: yj6z+a1fuHHvkiaai+KL8W1EyNmgjmyy8AW7P+LLlkR+ho5zEHatRbM/YAnqGcFh5iZBqpknHf1S
10-25 21:39:54.872 16206 16242 V GoogleSignatureVerifier: KMXFh4dd239FJ1jWYfbMDMy3NS5CTMQ2XFI1MvcyUTdZPErjQfTbQe3aDQsQcafEQPD+nqActifK
10-25 21:39:54.872 16206 16242 V GoogleSignatureVerifier: Z0Np0IS9L9kR/wbNvyz6ENwPiTrjV2KRkEjH78ZMcUQXg0L3BYHJ3lc69Vs5Ddf9uUGGMYldX3Wf
10-25 21:39:54.872 16206 16242 V GoogleSignatureVerifier: MBEmh/9iFBDAaTCK
10-25 21:39:54.872 16206 16206 I Finsky : [1] com.google.android.finsky.installer.z.a(1282): Installer kick - no action, not running yet
10-25 21:39:54.872 16206 16206 I Finsky : [1] com.google.android.finsky.l.j.run(206): Loaded library for account: [FFqX6qTo52C3JN-7r5nextqeuMI]
10-25 21:39:54.872 16206 16206 I Finsky : [1] com.google.android.finsky.l.j.run(212): Finished loading 1 libraries.
10-25 21:39:54.932 16206 16206 I Finsky : [1] com.google.android.finsky.c.l.a(250): result=false type=4
10-25 21:39:54.932 4782 4782 I WearableService: Wear is not allowed to run on this device. Not starting Wear service.
10-25 21:39:54.942 16206 16206 W System.err: remove failed: ENOENT (No such file or directory) : /data/user/0/com.android.vending/databases/assets14.db
10-25 21:39:54.942 16206 16206 W System.err: remove failed: ENOENT (No such file or directory) : /data/user/0/com.android.vending/databases/assets14.db-journal
10-25 21:39:54.942 16206 16206 W System.err: remove failed: ENOENT (No such file or directory) : /data/user/0/com.android.vending/databases/assets14.db-shm
10-25 21:39:54.942 16206 16206 W System.err: remove failed: ENOENT (No such file or directory) : /data/user/0/com.android.vending/databases/assets14.db-wal
10-25 21:39:54.942 16206 16206 W System.err: remove failed: ENOENT (No such file or directory) : /data/user/0/com.android.vending/databases/market_assets.db
10-25 21:39:54.942 16206 16206 W System.err: remove failed: ENOENT (No such file or directory) : /data/user/0/com.android.vending/databases/market_assets.db-journal
10-25 21:39:54.942 16206 16206 W System.err: remove failed: ENOENT (No such file or directory) : /data/user/0/com.android.vending/databases/market_assets.db-shm
10-25 21:39:54.942 16206 16206 W System.err: remove failed: ENOENT (No such file or directory) : /data/user/0/com.android.vending/databases/market_assets.db-wal
10-25 21:39:54.982 4371 9312 D PeopleNotiListenerService: onEdgeNotificationRemoved() : pkg com.android.vending,id=-555892993,extra=Bundle[mParcelledData.dataSize=84]
10-25 21:39:54.982 16206 16206 I Finsky : [1] com.google.android.finsky.services.bd.a(1071): Restore complete with 0 success and 0 failed.
10-25 21:39:54.982 4371 4371 D PeopleNotiListenerService: removeEdgeNotification:Bundle[{samsung.notification.id=-555892993, samsung.notification.type=normal, samsung.people.package_name=com.android.vending}]
10-25 21:39:54.982 4371 4371 I PeopleStripeService: PeopleNotificationReceiver:3
10-25 21:39:54.982 4371 4371 I PeopleStripeService: sendEdgeNotification peopleEnabled true lightingEnabled true edgeEnabled true
10-25 21:39:54.982 4371 4371 I PeopleDataManager: removeNotification
10-25 21:39:54.982 4371 4371 I NotificationParser: getNotiType:com.android.vending,null
10-25 21:39:54.982 4371 4371 D PeopleDataManager: removeNotiInfo: id =-555892993,packageName=com.android.vending,isEdgeNotification=false,key=null,removeAll=false
10-25 21:39:54.982 4371 4371 D PeopleDataManager: removeNotiInfo =null
10-25 21:39:55.002 16206 16206 E Finsky : [1] com.google.android.finsky.wear.bo.a(836): onConnectionFailed: ConnectionResult{statusCode=API_UNAVAILABLE, resolution=null, message=null}
10-25 21:39:55.002 16206 16206 I Finsky : [1] com.google.android.finsky.wear.an.run(2394): Dropping command=send_installed_apps due to Gms not connected
10-25 21:39:56.072 4371 4385 D PeopleNotiListenerService: onEdgeNotificationRemoved() : pkg com.android.vending,id=10436,extra=Bundle[mParcelledData.dataSize=84]
10-25 21:39:56.072 4371 4371 D PeopleNotiListenerService: removeEdgeNotification:Bundle[{samsung.notification.id=10436, samsung.notification.type=normal, samsung.people.package_name=com.android.vending}]
10-25 21:39:56.072 4371 4371 I PeopleStripeService: PeopleNotificationReceiver:3
10-25 21:39:56.072 4371 4371 I PeopleStripeService: sendEdgeNotification peopleEnabled true lightingEnabled true edgeEnabled true
10-25 21:39:56.072 4371 4371 I PeopleDataManager: removeNotification
10-25 21:39:56.072 4371 4371 I NotificationParser: getNotiType:com.android.vending,null
10-25 21:39:56.072 4371 4371 D PeopleDataManager: removeNotiInfo: id =10436,packageName=com.android.vending,isEdgeNotification=false,key=null,removeAll=false
10-25 21:39:56.072 4371 4371 D PeopleDataManager: removeNotiInfo =null
10-25 21:39:56.082 16206 16245 I Finsky : [10881] com.google.android.finsky.services.ForegroundCoordinator.a(102): Task 7 requested foreground
10-25 21:39:56.082 16206 16245 I Finsky : [10881] com.google.android.finsky.services.ForegroundCoordinator.a(114): Not entering foreground
10-25 21:39:56.102 3110 3781 D EnterpriseController: netId is 0
10-25 21:39:56.102 3110 3781 D Netd : getNetworkForDns: using netid 502 for uid 10037
10-25 21:39:56.162 16206 16223 I qtaguid : Tagging socket 39 with tag c9395b2600000000{3375979302,0} uid -1, pid: 16206, getuid(): 10037
10-25 21:39:56.462 16206 16223 I qtaguid : Tagging socket 43 with tag c9395b2600000000{3375979302,0} uid -1, pid: 16206, getuid(): 10037
10-25 21:39:56.752 16206 16223 I qtaguid : Untagging socket 39
10-25 21:39:56.762 16206 16206 I Finsky : [1] com.google.android.vending.verifier.ak.a_(1744): Verification id=36 response=0
10-25 21:39:56.772 16206 16206 I Finsky : [1] com.google.android.vending.verifier.ae.c(192): Verification complete: id=36, package_name=com.foo.ProductName
10-25 21:39:56.772 16206 16206 I Finsky : [1] com.google.android.vending.verifier.ae.f(12971): Verifying id=36, result=1
10-25 21:39:56.772 3520 4604 D PackageManager: [VERIFY] verifyPendingInstall(36, VERIFICATION_ALLOW), uid=10037
10-25 21:39:56.782 3520 3620 D PackageManager: [MSG] PACKAGE_VERIFIED: observer{48244007}
10-25 21:39:56.782 3520 3620 D PackageManager: [VERIFY] PACKAGE_VERIFIED:
10-25 21:39:56.782 3520 3620 D PackageManager: PackageVerificationState{
10-25 21:39:56.782 3520 3620 D PackageManager: verifier packages=com.android.vending(10037),
10-25 21:39:56.782 3520 3620 D PackageManager: intent=Intent { act=android.intent.action.PACKAGE_NEEDS_VERIFICATION dat=file:///data/local/tmp/Package.apk typ=application/vnd.android.package-archive flg=0x10000001 cmp=com.android.vending/com.google.android.vending.verifier.PackageVerificationReceiver (has extras) }
10-25 21:39:56.782 3520 3620 D PackageManager: others=36, false, false, false, false, false
10-25 21:39:56.782 3520 3620 D PackageManager: }
10-25 21:39:56.782 3520 3620 D PackageManager: [VERIFY] packageVerificationCompletion: completed id=36
10-25 21:39:56.782 3520 3620 D PackageManager: [VERIFY] broadcastPackageVerified(36, VERIFICATION_ALLOW, file:///data/local/tmp/Package.apk)
10-25 21:39:57.042 3520 3620 W System.err: remove failed: ENOENT (No such file or directory) : /data/app/vmdl1725304444.tmp/lib
10-25 21:39:57.042 3520 3620 W System.err: remove failed: ENOENT (No such file or directory) : /data/app/vmdl1725304444.tmp/lib/arm
10-25 21:39:57.162 3520 3620 D NativeLibraryHelper: Successfully fsync /data/app/vmdl1725304444.tmp/lib/arm/libOVRPlugin.so
10-25 21:39:57.172 3520 3620 D NativeLibraryHelper: Successfully fsync /data/app/vmdl1725304444.tmp/lib/arm/libvrapi.so
10-25 21:39:57.182 3520 3620 D NativeLibraryHelper: Successfully fsync /data/app/vmdl1725304444.tmp/lib/arm/libmain.so
10-25 21:39:57.612 3520 3620 D NativeLibraryHelper: Successfully fsync /data/app/vmdl1725304444.tmp/lib/arm/libunity.so
10-25 21:39:57.692 3520 3620 D NativeLibraryHelper: Successfully fsync /data/app/vmdl1725304444.tmp/lib/arm/libmono.so
10-25 21:39:57.692 3520 3620 D PackageManager: remove MCS_UNBIND and Posting MCS_UNBIND
10-25 21:39:57.692 3520 3620 D PackageManager: [MSG] PROCESS_PENDING_INSTALL: observer{48244007}
10-25 21:39:57.692 3520 3620 D PackageManager: currentStatus{1}
10-25 21:39:57.692 3520 3620 D PackageManager: installPackageLI: path
10-25 21:39:58.392 3520 3620 W PackageManager: verifying app can be installed or not
10-25 21:39:58.392 3520 3620 D ApplicationPolicy: isApplicationInstallationEnabled
10-25 21:39:58.392 3520 3620 D ApplicationPolicy: isApplicationInstallationEnabled : Checking PKG WL - false
10-25 21:39:58.392 3520 3620 D ApplicationPolicy: isApplicationInstallationEnabled : Checking PKG BL - true
10-25 21:39:58.392 3520 3620 D ApplicationPolicy: isApplicationInstallationEnabled : Checking PERM BL - true
10-25 21:39:58.392 3520 3620 D ApplicationPolicy: isApplicationInstallationEnabled : Checking SIG BL - true
10-25 21:39:58.392 3520 3620 D ApplicationPolicy: isApplicationInstallationEnabled : Checking PKG WL - false
10-25 21:39:58.392 3520 3620 D ApplicationPolicy: isApplicationInstallationEnabled : Checking PKG BL - true
10-25 21:39:58.392 3520 3620 D ApplicationPolicy: isApplicationInstallationEnabled : Checking PERM BL - true
10-25 21:39:58.392 3520 3620 D ApplicationPolicy: isApplicationInstallationEnabled : Checking SIG BL - true
10-25 21:39:58.392 3520 3620 D ApplicationPolicy: isApplicationInstallationEnabled : enabled true
10-25 21:39:58.392 3520 3620 I AASAInstall: ship device
10-25 21:39:58.452 3520 3620 I PackageManager.DexOptimizer: Running dexopt (dex2oat) on: /data/app/vmdl1725304444.tmp/base.apk pkg=com.foo.ProductName isa=arm vmSafeMode=false debuggable=false oatDir = /data/app/vmdl1725304444.tmp/oat bootComplete=true
10-25 21:39:58.492 16253 16253 I dex2oat : /system/bin/dex2oat --compiler-filter=speed
10-25 21:39:58.592 16253 16253 I dex2oat : ----------------------------------------------------
10-25 21:39:58.592 16253 16253 I dex2oat : : S T A R T I N G . . .
10-25 21:39:58.592 16253 16253 D dex2oat : : apk not found at
10-25 21:39:58.592 16253 16253 D dex2oat : : trying at /data/app/vmdl1725304444.tmp/base.apk
10-25 21:39:58.592 16253 16253 I dex2oat : : going to process manifest for 32-bit...
10-25 21:39:58.602 16253 16253 I : SS_ART_lib [I]: permission is absent: /data/app/vmdl1725304444.tmp/base.apk
10-25 21:39:58.602 16253 16253 I : SS_ART_lib [I]: access to SS denied
10-25 21:39:58.602 16253 16253 I dex2oat : Finish SS_ART_lib()
10-25 21:39:58.602 16253 16253 I dex2oat : dex2oat took 111.274ms (threads: 8) arena alloc=646KB java alloc=388KB native alloc=3MB free=3MB
10-25 21:39:58.602 3520 3620 W SELinux : SELinux: set fc_digest(/data/app/com.foo.ProductName-1)
10-25 21:39:58.602 3520 3620 D PackageManager: installNewPackageLI: Package{b507d21 com.foo.ProductName}
10-25 21:39:58.612 3520 3620 W System.err: remove failed: ENOENT (No such file or directory) : /data/system/users/0/package-restrictions.xml.bak
10-25 21:39:58.612 3520 3620 I PackageManager: scanFileNewer : com.foo.ProductName
10-25 21:39:58.622 3129 3129 I SELinux : Function: selinux_compare_spd_ram, index[1], SPD-policy is existed. and_ver=SEPF_SECMOBILE_6.0.1 ver=11
10-25 21:39:58.622 3129 3129 W SELinux : Function: selinux_compare_spd_ram, index[1], priority [2], priority version is VE=SEPF_SECMOBILE_6.0.1_0013
10-25 21:39:58.622 3129 3129 W SELinux : SELinux: seapp_context_lookup: seinfo=default, level=s0:c512,c768, pkgname=com.foo.ProductName
10-25 21:39:58.622 3520 3620 D PackageManager: Resolved nativeLibraryRoot for com.foo.ProductName to root=/data/app/com.foo.ProductName-1/lib, libraryDir=/data/app/com.foo.ProductName-1/lib/arm, isa=true
10-25 21:39:58.622 3520 3620 D PackageManager: EAS IT Policy destCodeFile /data/app/com.foo.ProductName-1
10-25 21:39:58.622 3520 3620 D PackageManager: New package installed
10-25 21:39:58.802 3520 3620 W System.err: remove failed: ENOENT (No such file or directory) : /data/system/packages.xml.bak
10-25 21:39:58.852 3520 3620 W System.err: remove failed: ENOENT (No such file or directory) : /data/system/users/0/package-restrictions.xml.bak
10-25 21:39:58.852 3520 3620 I PackageManager: enforceEDMPermissionLI
10-25 21:39:58.852 3520 3620 D SecureStorageService: apk path=/data/app/com.foo.ProductName-1/base.apk
10-25 21:39:58.852 3520 3620 D SecureStorageService: uid=10273
10-25 21:39:58.852 3520 3620 D SecureStorageService: abi=32
10-25 21:39:58.852 3520 3620 D SecureStorageService: type=dex
10-25 21:39:58.892 16266 16266 I : SS_ART_lib [I]: permission is absent: /data/app/com.foo.ProductName-1/base.apk
10-25 21:39:58.892 16266 16266 I : SS_ART_lib [I]: access to SS denied
10-25 21:39:58.892 3520 3620 E SecureStorageService: Process failed status=0x0200
10-25 21:39:58.892 3520 3620 W PackageManager: Can't sign the dex file!
10-25 21:39:58.892 3520 3620 D PackageManager: doPostInstall for uid{10273}
10-25 21:39:58.892 3520 3620 D PackageManager: token 37 to BM for possible restore
10-25 21:39:58.892 3520 3620 D PackageManager: BM finishing package install for 37
10-25 21:39:58.902 3520 3620 D PackageManager: [MSG] MCS_UNBIND
10-25 21:39:58.902 3520 3620 D PackageManager: [MSG] POST_INSTALL: observer{48244007}
10-25 21:39:58.902 3520 3620 D PackageManager: Handling post-install for 37
10-25 21:39:58.902 3520 3620 W Settings: Setting install_non_market_apps has moved from android.provider.Settings.Global to android.provider.Settings.Secure, returning read-only value.
10-25 21:39:58.902 3520 3620 I art : Starting a blocking GC Explicit
10-25 21:39:59.082 3520 3620 I art : Explicit concurrent mark sweep GC freed 134207(7MB) AllocSpace objects, 29(580KB) LOS objects, 24% free, 49MB/65MB, paused 1.780ms total 179.540ms
10-25 21:39:59.082 3520 3620 D PackageManager: result of install: 1{48244007}
10-25 21:39:59.082 16184 16184 I art : System.exit called, status: 0
10-25 21:39:59.082 16184 16184 I AndroidRuntime: VM exiting with result code 0.
10-25 21:39:59.102 3520 4018 I InputReader: Reconfiguring input devices. changes=0x00000010
10-25 21:39:59.102 4371 4371 I PeoplePackageManager: onReceive:android.intent.action.PACKAGE_ADDED
10-25 21:39:59.112 9741 9741 W BeaconManager: AppControlManager.mPackageReceiver - Intent { act=android.intent.action.PACKAGE_ADDED dat=package:com.foo.ProductName flg=0x4000010 bqHint=4 (has extras) }
10-25 21:39:59.112 20930 20930 I CatchNotificationsService: mPackageChangedReceiver : onReceive action = android.intent.action.PACKAGE_ADDED
10-25 21:39:59.112 6671 6671 D ucsBai_ConnectionManager: mPackageReceiver Action android.intent.action.PACKAGE_ADDED
10-25 21:39:59.122 20930 20930 D CatchNotificationsSupportedAppsDBHelper: Adding new supported packag
10-25 21:39:59.122 20930 20930 W CatchNotificationsSupportedAppsDBHelper: Package is not disabled, cannot enable
10-25 21:39:59.132 16272 16272 E Zygote : v2
10-25 21:39:59.132 16272 16272 I SELinux : Function: selinux_compare_spd_ram, index[1], SPD-policy is existed. and_ver=SEPF_SECMOBILE_6.0.1 ver=11
10-25 21:39:59.132 16272 16272 W SELinux : Function: selinux_compare_spd_ram, index[1], priority [2], priority version is VE=SEPF_SECMOBILE_6.0.1_0013
10-25 21:39:59.132 16272 16272 E Zygote : accessInfo : 0
10-25 21:39:59.132 16272 16272 W SELinux : SELinux: seapp_context_lookup: seinfo=platform, level=s0:c512,c768, pkgname=com.samsung.android.app.vrsetupwizard
10-25 21:39:59.152 4509 4509 D CarrierServiceBindHelper: Receive action: android.intent.action.PACKAGE_ADDED
10-25 21:39:59.152 4509 4509 D CarrierServiceBindHelper: mHandler: 3
10-25 21:39:59.152 4509 4509 D CarrierConfigLoader: mHandler: 9 phoneId: 0
10-25 21:39:59.152 4494 4494 D ApduServiceInfo: seId: 0
10-25 21:39:59.162 4494 4494 D ApduServiceInfo: seId: 0
10-25 21:39:59.172 16272 16272 D TimaKeyStoreProvider: TimaSignature is unavailable
10-25 21:39:59.172 16272 16272 D ActivityThread: Added TimaKeyStore provider
10-25 21:39:59.192 3520 3577 D EnterpriseDeviceManagerService: Package has changed for user 0
10-25 21:39:59.192 3520 3577 D EnterpriseDeviceManagerService: Admin package name: com.google.android.gms
10-25 21:39:59.192 16272 16272 I InjectionManager: Inside getClassLibPath + mLibMap{0=, 1=}
10-25 21:39:59.202 4494 16285 D RegisteredComponentCache: Collect Tech packages for Knox
10-25 21:39:59.202 16272 16272 I InjectionManager: Inside getClassLibPath caller
10-25 21:39:59.212 16272 16272 W System : ClassLoader referenced unknown path: /data/app/com.samsung.android.app.vrsetupwizard-1/lib/arm64
10-25 21:39:59.212 16272 16272 D InjectionManager: InjectionManager
10-25 21:39:59.212 16272 16272 D InjectionManager: fillFeatureStoreMap com.samsung.android.app.vrsetupwizard
10-25 21:39:59.212 16272 16272 I InjectionManager: Constructor com.samsung.android.app.vrsetupwizard, Feature store :{}
10-25 21:39:59.212 16272 16272 I InjectionManager: featureStore :{}
10-25 21:39:59.212 16272 16272 D VRSW/PackageReceiver: PackageIntentReceiver : [Working] onReceive()
10-25 21:39:59.212 16272 16272 D VRSW/PackageReceiver: PackageIntentReceiver : [Working] action : android.intent.action.PACKAGE_ADDED
10-25 21:39:59.232 22622 16289 W AmazonAppstore.AppManagerAndroidPackageDelegate: Unable to determine asin for package, skipping metadata update.
10-25 21:39:59.242 16290 16290 E Zygote : v2
10-25 21:39:59.242 16290 16290 I SELinux : Function: selinux_compare_spd_ram, index[1], SPD-policy is existed. and_ver=SEPF_SECMOBILE_6.0.1 ver=11
10-25 21:39:59.242 16290 16290 W SELinux : Function: selinux_compare_spd_ram, index[1], priority [2], priority version is VE=SEPF_SECMOBILE_6.0.1_0013
10-25 21:39:59.242 16290 16290 E Zygote : accessInfo : 0
10-25 21:39:59.242 16290 16290 W SELinux : SELinux: seapp_context_lookup: seinfo=platform, level=s0:c512,c768, pkgname=com.samsung.aasaservice
10-25 21:39:59.242 3520 3520 D KnoxMUMContainerPolicy: mPackageReceiver : action - android.intent.action.PACKAGE_ADDED
10-25 21:39:59.242 3520 3520 E SDAgentPackageStateReceiver: Not going to handle 'com.foo.ProductName'!
10-25 21:39:59.262 3520 3520 V EnterpriseBillingAsyncHandler: packageModificationReceiver - onreceive - start - android.intent.action.PACKAGE_ADDED
10-25 21:39:59.262 3520 4085 V EnterpriseBillingPolicyInternal: packageModification - start - android.intent.action.PACKAGE_ADDED
10-25 21:39:59.262 3520 4085 V EnterpriseBillingPolicyInternal: uID is 10273
10-25 21:39:59.262 3520 4085 V EnterpriseBillingPolicyInternal: Removed Packageuid is0
10-25 21:39:59.262 3520 4085 V EnterpriseBillingPolicyStorage: getProfileForApplication - enter
10-25 21:39:59.262 3520 3520 D PersonaPolicyManagerService: PersonaPolicyReceiver Receiver : android.intent.action.PACKAGE_ADDED
10-25 21:39:59.262 3520 4085 V EnterpriseBillingPolicyStorage: getProfileForApplication - exit null : containerId = 0
10-25 21:39:59.262 3520 4085 V EnterpriseBillingPolicyInternal: packageModificationReceiver - onreceive - personal application - profile null
10-25 21:39:59.262 3520 3520 D KnoxMUMContainerPolicy: packageInstalledForExternalStorage com.foo.ProductName
10-25 21:39:59.262 3520 8446 I System.out: Thread-203(ApacheHTTPLog):isSBSettingEnabled false
10-25 21:39:59.262 3520 8446 I System.out: Thread-203(ApacheHTTPLog):isShipBuild true
10-25 21:39:59.262 3520 8446 I System.out: Thread-203(ApacheHTTPLog):getDebugLevel 0x4f4c
10-25 21:39:59.262 3520 8446 I System.out: Thread-203(ApacheHTTPLog):Smart Bonding Setting is false
10-25 21:39:59.262 3520 8446 I System.out: Thread-203(ApacheHTTPLog):SmartBonding Setting is false, SHIP_BUILD is true, log to file is false, DBG is false, DEBUG_LEVEL (1-LOW, 2-MID, 3-HIGH) is 1
10-25 21:39:59.262 3110 3781 D EnterpriseController: netId is 0
10-25 21:39:59.262 3110 3781 D Netd : getNetworkForDns: using netid 502 for uid 1000
10-25 21:39:59.282 16305 16305 E Zygote : v2
10-25 21:39:59.282 16305 16305 I SELinux : Function: selinux_compare_spd_ram, index[1], SPD-policy is existed. and_ver=SEPF_SECMOBILE_6.0.1 ver=11
10-25 21:39:59.282 16305 16305 W SELinux : Function: selinux_compare_spd_ram, index[1], priority [2], priority version is VE=SEPF_SECMOBILE_6.0.1_0013
10-25 21:39:59.282 16305 16305 E Zygote : accessInfo : 0
10-25 21:39:59.282 16290 16290 D TimaKeyStoreProvider: TimaSignature is unavailable
10-25 21:39:59.282 16290 16290 D ActivityThread: Added TimaKeyStore provider
10-25 21:39:59.292 16305 16305 D TimaKeyStoreProvider: TimaSignature is unavailable
10-25 21:39:59.292 16305 16305 D ActivityThread: Added TimaKeyStore provider
10-25 21:39:59.302 16290 16290 I InjectionManager: Inside getClassLibPath + mLibMap{0=, 1=}
10-25 21:39:59.302 16305 16305 I InjectionManager: Inside getClassLibPath + mLibMap{0=, 1=}
10-25 21:39:59.302 16290 16290 I InjectionManager: Inside getClassLibPath caller
10-25 21:39:59.312 16290 16290 W System : ClassLoader referenced unknown path: /system/app/AASAservice/lib/arm64
10-25 21:39:59.312 16305 16305 I InjectionManager: Inside getClassLibPath caller
10-25 21:39:59.312 16290 16290 D InjectionManager: InjectionManager
10-25 21:39:59.312 16290 16290 D InjectionManager: fillFeatureStoreMap com.samsung.aasaservice
10-25 21:39:59.312 16290 16290 I InjectionManager: Constructor com.samsung.aasaservice, Feature store :{}
10-25 21:39:59.312 16290 16290 I InjectionManager: featureStore :{}
10-25 21:39:59.312 16290 16290 I AASAservice-TokenRule: parseToken()
10-25 21:39:59.312 16290 16290 E AASAservice-TokenRule: parseToken() : TokenFile is null
10-25 21:39:59.312 16290 16290 D AASAservice-UpdateReceiver: AASAUpdateReceiver : android.intent.action.PACKAGE_ADDED, package = com.foo.ProductName, uid = -1
10-25 21:39:59.312 3520 4750 I AASASERVICE: AASA_enforceCMPermissionCheck: call by com.samsung.aasaservice
10-25 21:39:59.312 3520 4750 I AASAdebug: readUids-end
10-25 21:39:59.312 16290 16290 D AASAservice-AASABinder: getManagedSharedPkgList() : packageName - com.foo.ProductName, uid - -1
10-25 21:39:59.312 16305 16305 W System : ClassLoader referenced unknown path: /system/priv-app/SmartManagerProvider/lib/arm64
10-25 21:39:59.332 16305 16305 D InjectionManager: InjectionManager
10-25 21:39:59.332 16305 16305 D InjectionManager: fillFeatureStoreMap com.samsung.android.sm.provider
10-25 21:39:59.332 16305 16305 I InjectionManager: Constructor com.samsung.android.sm.provider, Feature store :{}
10-25 21:39:59.332 16305 16305 I InjectionManager: featureStore :{}
10-25 21:39:59.392 4521 4521 V LauncherAppWidgetHostView: calculateWidgetSize: (target widgetsize) using w/h 1359 712 span 5 2 (widgetid 3) [current Gridsize : GRID_5x5]
10-25 21:39:59.392 4521 4521 D LauncherAppWidgetHostView: calculateWidgetSize() widget = T-Mobile TV(widget id = 3) result hostview size = 1771 x 927
10-25 21:39:59.392 4521 4521 D LauncherAppWidgetHostView: setResizeScaleResult() 1771/ 927 scaleToResize = 0.7673631(widget id = 3)
10-25 21:39:59.432 4521 4521 E Launcher.Model: onPackageAdded :com.foo.ProductName
10-25 21:39:59.432 4521 4601 D LauncherApps: getActivityList callingUid: 0 user: 0
10-25 21:39:59.462 4521 4601 I ApplicationPackageManager: load=NULL, bg=168-168, dr=384-384
10-25 21:39:59.462 4521 4601 I ApplicationPackageManager: DR-icon scaling ori=384,384 - scaled=168,168
10-25 21:39:59.462 4521 4601 I ApplicationPackageManager: scaled rate=0.94, size=168, alpha=0, hold=26, target=168
10-25 21:39:59.462 4521 4601 D LauncherActivityInfo: mActivityInfo.packageName = com.foo.ProductName
10-25 21:39:59.472 4521 4601 D LauncherApps: getActivityList callingUid: 0 user: 0
10-25 21:39:59.472 4521 4601 D Launcher.MenuWidgetsLoader: packageChanged : com.foo.ProductName
10-25 21:39:59.472 4521 4521 D Launcher.MenuWidgetsLoader: MenuWidgetLoade-loadMenuWidgets : false
10-25 21:39:59.482 4521 4521 D MenuAppModel: get TopLevelItems:42
10-25 21:39:59.482 4521 12019 D Launcher.MenuWidgetsLoader: MenuWidgetLoader-start : com.android.launcher2.MenuWidgetsLoader$LoadMenuWidgetsTask@91d993 , false
10-25 21:39:59.482 4521 4521 D Launcher.MenuAppsGrid: syncPages
