10-25 21:40:40.622 3970 3998 V VRManagerServer: (VRManagerService.java:405) yTqX [setAffinity pid=17343 cpus=[4, 5, 6, 7]]
10-25 21:40:40.622 17329 17678 D VRManagerGearVR: VRManager set thread priority to 1
10-25 21:40:40.622 17329 17678 I VrApi_Clocks: SetSchedFifo( tid=17343, pri=1 ) succeeded
10-25 21:40:40.622 17329 17678 D VrApi : setSchedFifoStatic tid:17343 pto:1
10-25 21:40:40.632 3970 17522 V VRManagerServer: (VRManagerService.java:401) yTqX [setThreadSchedFifo pkg=com.foo.ProductName pid=17329 tid=17343 prio=1]
10-25 21:40:40.632 3970 17522 V VRManagerServer: (VRManagerService.java:405) yTqX [setAffinity pid=17343 cpus=[4, 5, 6, 7]]
10-25 21:40:40.632 17329 17678 D VRManagerGearVR: VRManager set thread priority to 1
10-25 21:40:40.632 17329 17678 I VrApi_Clocks: SetSchedFifo( tid=17343, pri=1 ) succeeded
10-25 21:40:40.632 17329 17678 W TimeWarp: VSync 4972634: eye=1,late=5.6ms,over=0.0ms,CPU=0.4ms,GPU>=2.4
10-25 21:40:40.722 17329 17678 D VrApi : setSchedFifoStatic tid:17343 pto:0
10-25 21:40:40.722 3970 3999 V VRManagerServer: (VRManagerService.java:401) yTqX [setThreadSchedFifo pkg=com.foo.ProductName pid=17329 tid=17343 prio=0]
10-25 21:40:40.722 3970 3999 V VRManagerServer: (VRManagerService.java:405) yTqX [setAffinity pid=17343 cpus=[4, 5, 6, 7]]
10-25 21:40:40.722 17329 17678 D VRManagerGearVR: VRManager set thread priority to 0
10-25 21:40:40.722 17329 17678 I VrApi_Clocks: SetSchedFifo( tid=17343, pri=0 ) succeeded
10-25 21:40:40.722 17329 17678 D VrApi : setSchedFifoStatic tid:17343 pto:0
10-25 21:40:40.732 3970 3998 V VRManagerServer: (VRManagerService.java:401) yTqX [setThreadSchedFifo pkg=com.foo.ProductName pid=17329 tid=17343 prio=0]
10-25 21:40:40.732 3970 3998 V VRManagerServer: (VRManagerService.java:405) yTqX [setAffinity pid=17343 cpus=[4, 5, 6, 7]]
10-25 21:40:40.732 17329 17678 D VRManagerGearVR: VRManager set thread priority to 0
10-25 21:40:40.732 17329 17678 I VrApi_Clocks: SetSchedFifo( tid=17343, pri=0 ) succeeded
10-25 21:40:40.732 17329 17678 W TimeWarp: VSync 4972640: eye=1,late=7.3ms,over=0.0ms,CPU=0.7ms,GPU>=0.3
10-25 21:40:40.772 17329 17678 D VrApi : setSchedFifoStatic tid:17343 pto:1
10-25 21:40:40.772 3970 17298 V VRManagerServer: (VRManagerService.java:401) yTqX [setThreadSchedFifo pkg=com.foo.ProductName pid=17329 tid=17343 prio=1]
10-25 21:40:40.772 3970 17298 V VRManagerServer: (VRManagerService.java:405) yTqX [setAffinity pid=17343 cpus=[4, 5, 6, 7]]
10-25 21:40:40.772 17329 17678 D VRManagerGearVR: VRManager set thread priority to 1
10-25 21:40:40.772 17329 17678 I VrApi_Clocks: SetSchedFifo( tid=17343, pri=1 ) succeeded
10-25 21:40:40.772 17329 17678 D VrApi : setSchedFifoStatic tid:17343 pto:1
10-25 21:40:40.782 3970 3999 V VRManagerServer: (VRManagerService.java:401) yTqX [setThreadSchedFifo pkg=com.foo.ProductName pid=17329 tid=17343 prio=1]
10-25 21:40:40.782 3970 3999 V VRManagerServer: (VRManagerService.java:405) yTqX [setAffinity pid=17343 cpus=[4, 5, 6, 7]]
10-25 21:40:40.782 17329 17678 D VRManagerGearVR: VRManager set thread priority to 1
10-25 21:40:40.782 17329 17678 I VrApi_Clocks: SetSchedFifo( tid=17343, pri=1 ) succeeded
10-25 21:40:40.782 17329 17678 W TimeWarp: VSync 4972643: eye=1,late=6.7ms,over=0.0ms,CPU=0.4ms,GPU>=1.2
10-25 21:40:40.872 17329 17678 D VrApi : setSchedFifoStatic tid:17343 pto:0
10-25 21:40:40.872 3970 3998 V VRManagerServer: (VRManagerService.java:401) yTqX [setThreadSchedFifo pkg=com.foo.ProductName pid=17329 tid=17343 prio=0]
10-25 21:40:40.872 3970 3998 V VRManagerServer: (VRManagerService.java:405) yTqX [setAffinity pid=17343 cpus=[4, 5, 6, 7]]
10-25 21:40:40.872 17329 17678 D VRManagerGearVR: VRManager set thread priority to 0
10-25 21:40:40.872 17329 17678 I VrApi_Clocks: SetSchedFifo( tid=17343, pri=0 ) succeeded
10-25 21:40:40.872 17329 17678 D VrApi : setSchedFifoStatic tid:17343 pto:0
10-25 21:40:40.882 3970 17298 V VRManagerServer: (VRManagerService.java:401) yTqX [setThreadSchedFifo pkg=com.foo.ProductName pid=17329 tid=17343 prio=0]
10-25 21:40:40.882 3970 17298 V VRManagerServer: (VRManagerService.java:405) yTqX [setAffinity pid=17343 cpus=[4, 5, 6, 7]]
10-25 21:40:40.882 17329 17678 D VRManagerGearVR: VRManager set thread priority to 0
10-25 21:40:40.882 17329 17678 I VrApi_Clocks: SetSchedFifo( tid=17343, pri=0 ) succeeded
10-25 21:40:40.882 17329 17343 I TimeWarp: WarpSwap: usleep( 505 )
10-25 21:40:40.882 17329 17678 W TimeWarp: VSync 4972649: eye=1,late=6.8ms,over=0.0ms,CPU=0.4ms,GPU>=1.1
10-25 21:40:40.882 17329 17678 D VrApi : setSchedFifoStatic tid:17343 pto:1
10-25 21:40:40.892 3970 17522 V VRManagerServer: (VRManagerService.java:401) yTqX [setThreadSchedFifo pkg=com.foo.ProductName pid=17329 tid=17343 prio=1]
10-25 21:40:40.892 3970 17522 V VRManagerServer: (VRManagerService.java:405) yTqX [setAffinity pid=17343 cpus=[4, 5, 6, 7]]
10-25 21:40:40.892 17329 17678 D VRManagerGearVR: VRManager set thread priority to 1
10-25 21:40:40.892 17329 17678 I VrApi_Clocks: SetSchedFifo( tid=17343, pri=1 ) succeeded
10-25 21:40:40.892 17329 17678 D VrApi : setSchedFifoStatic tid:17343 pto:1
10-25 21:40:40.892 3970 3998 V VRManagerServer: (VRManagerService.java:401) yTqX [setThreadSchedFifo pkg=com.foo.ProductName pid=17329 tid=17343 prio=1]
10-25 21:40:40.892 3970 3998 V VRManagerServer: (VRManagerService.java:405) yTqX [setAffinity pid=17343 cpus=[4, 5, 6, 7]]
10-25 21:40:40.902 17329 17678 D VRManagerGearVR: VRManager set thread priority to 1
10-25 21:40:40.902 17329 17678 I VrApi_Clocks: SetSchedFifo( tid=17343, pri=1 ) succeeded
10-25 21:40:40.902 17329 17678 W TimeWarp: VSync 4972650: eye=1,late=8.1ms,over=0.0ms,CPU=0.4ms,GPU>=0.0
10-25 21:40:40.982 17329 17678 D VrApi : setSchedFifoStatic tid:17343 pto:0
10-25 21:40:40.992 3970 3999 V VRManagerServer: (VRManagerService.java:401) yTqX [setThreadSchedFifo pkg=com.foo.ProductName pid=17329 tid=17343 prio=0]
10-25 21:40:40.992 3970 3999 V VRManagerServer: (VRManagerService.java:405) yTqX [setAffinity pid=17343 cpus=[4, 5, 6, 7]]
10-25 21:40:40.992 17329 17678 D VRManagerGearVR: VRManager set thread priority to 0
10-25 21:40:40.992 17329 17678 I VrApi_Clocks: SetSchedFifo( tid=17343, pri=0 ) succeeded
10-25 21:40:40.992 17329 17678 D VrApi : setSchedFifoStatic tid:17343 pto:0
10-25 21:40:40.992 3970 17298 V VRManagerServer: (VRManagerService.java:401) yTqX [setThreadSchedFifo pkg=com.foo.ProductName pid=17329 tid=17343 prio=0]
10-25 21:40:40.992 3970 17298 V VRManagerServer: (VRManagerService.java:405) yTqX [setAffinity pid=17343 cpus=[4, 5, 6, 7]]
10-25 21:40:41.002 17329 17678 D VRManagerGearVR: VRManager set thread priority to 0
10-25 21:40:41.002 17329 17678 I VrApi_Clocks: SetSchedFifo( tid=17343, pri=0 ) succeeded
10-25 21:40:41.002 17329 17678 W TimeWarp: VSync 4972656: eye=1,late=6.3ms,over=0.0ms,CPU=0.4ms,GPU>=1.6
10-25 21:40:41.022 17329 17678 D VrApi : setSchedFifoStatic tid:17343 pto:1
10-25 21:40:41.022 3970 17522 V VRManagerServer: (VRManagerService.java:401) yTqX [setThreadSchedFifo pkg=com.foo.ProductName pid=17329 tid=17343 prio=1]
10-25 21:40:41.022 3970 17522 V VRManagerServer: (VRManagerService.java:405) yTqX [setAffinity pid=17343 cpus=[4, 5, 6, 7]]
10-25 21:40:41.022 17329 17678 D VRManagerGearVR: VRManager set thread priority to 1
10-25 21:40:41.022 17329 17678 I VrApi_Clocks: SetSchedFifo( tid=17343, pri=1 ) succeeded
10-25 21:40:41.022 17329 17678 D VrApi : setSchedFifoStatic tid:17343 pto:1
10-25 21:40:41.032 3970 3998 V VRManagerServer: (VRManagerService.java:401) yTqX [setThreadSchedFifo pkg=com.foo.ProductName pid=17329 tid=17343 prio=1]
10-25 21:40:41.032 3970 3998 V VRManagerServer: (VRManagerService.java:405) yTqX [setAffinity pid=17343 cpus=[4, 5, 6, 7]]
10-25 21:40:41.032 17329 17678 D VRManagerGearVR: VRManager set thread priority to 1
10-25 21:40:41.032 17329 17678 I VrApi_Clocks: SetSchedFifo( tid=17343, pri=1 ) succeeded
10-25 21:40:41.032 17329 17678 W TimeWarp: VSync 4972658: eye=1,late=7.0ms,over=0.0ms,CPU=0.4ms,GPU>=1.0
10-25 21:40:41.122 17329 17678 D VrApi : setSchedFifoStatic tid:17343 pto:0
10-25 21:40:41.122 3970 3999 V VRManagerServer: (VRManagerService.java:401) yTqX [setThreadSchedFifo pkg=com.foo.ProductName pid=17329 tid=17343 prio=0]
10-25 21:40:41.122 3970 3999 V VRManagerServer: (VRManagerService.java:405) yTqX [setAffinity pid=17343 cpus=[4, 5, 6, 7]]
10-25 21:40:41.122 17329 17678 D VRManagerGearVR: VRManager set thread priority to 0
10-25 21:40:41.122 17329 17678 I VrApi_Clocks: SetSchedFifo( tid=17343, pri=0 ) succeeded
10-25 21:40:41.122 17329 17678 D VrApi : setSchedFifoStatic tid:17343 pto:0
10-25 21:40:41.132 3970 17298 V VRManagerServer: (VRManagerService.java:401) yTqX [setThreadSchedFifo pkg=com.foo.ProductName pid=17329 tid=17343 prio=0]
10-25 21:40:41.132 3970 17298 V VRManagerServer: (VRManagerService.java:405) yTqX [setAffinity pid=17343 cpus=[4, 5, 6, 7]]
10-25 21:40:41.132 17329 17678 D VRManagerGearVR: VRManager set thread priority to 0
10-25 21:40:41.132 17329 17678 I VrApi_Clocks: SetSchedFifo( tid=17343, pri=0 ) succeeded
10-25 21:40:41.132 17329 17678 W TimeWarp: VSync 4972664: eye=1,late=9.8ms,over=0.0ms,CPU=0.4ms,GPU>=0.0
10-25 21:40:41.182 17329 17678 W TimeWarp: VSync 4972667: eye=1,late=0.0ms,over=0.1ms,CPU=0.4ms,GPU>=7.9
10-25 21:40:41.182 17329 17678 D VrApi : setSchedFifoStatic tid:17343 pto:1
10-25 21:40:41.182 3970 17522 V VRManagerServer: (VRManagerService.java:401) yTqX [setThreadSchedFifo pkg=com.foo.ProductName pid=17329 tid=17343 prio=1]
10-25 21:40:41.192 3970 17522 V VRManagerServer: (VRManagerService.java:405) yTqX [setAffinity pid=17343 cpus=[4, 5, 6, 7]]
10-25 21:40:41.192 17329 17678 D VRManagerGearVR: VRManager set thread priority to 1
10-25 21:40:41.192 17329 17678 I VrApi_Clocks: SetSchedFifo( tid=17343, pri=1 ) succeeded
10-25 21:40:41.192 17329 17678 D VrApi : setSchedFifoStatic tid:17343 pto:1
10-25 21:40:41.192 3970 3998 V VRManagerServer: (VRManagerService.java:401) yTqX [setThreadSchedFifo pkg=com.foo.ProductName pid=17329 tid=17343 prio=1]
10-25 21:40:41.192 3970 3998 V VRManagerServer: (VRManagerService.java:405) yTqX [setAffinity pid=17343 cpus=[4, 5, 6, 7]]
10-25 21:40:41.192 17329 17678 D VRManagerGearVR: VRManager set thread priority to 1
10-25 21:40:41.192 17329 17678 I VrApi_Clocks: SetSchedFifo( tid=17343, pri=1 ) succeeded
10-25 21:40:41.202 17329 17678 W TimeWarp: VSync 4972668: eye=1,late=6.2ms,over=0.0ms,CPU=0.5ms,GPU>=1.7
10-25 21:40:41.282 17329 17678 D VrApi : setSchedFifoStatic tid:17343 pto:0
10-25 21:40:41.282 3970 3999 V VRManagerServer: (VRManagerService.java:401) yTqX [setThreadSchedFifo pkg=com.foo.ProductName pid=17329 tid=17343 prio=0]
10-25 21:40:41.292 3970 3999 V VRManagerServer: (VRManagerService.java:405) yTqX [setAffinity pid=17343 cpus=[4, 5, 6, 7]]
10-25 21:40:41.292 17788 17788 E Zygote : v2
10-25 21:40:41.292 17788 17788 I SELinux : Function: selinux_compare_spd_ram, index[1], SPD-policy is existed. and_ver=SEPF_SECMOBILE_6.0.1 ver=11
10-25 21:40:41.292 17788 17788 W SELinux : Function: selinux_compare_spd_ram, index[1], priority [2], priority version is VE=SEPF_SECMOBILE_6.0.1_0013
10-25 21:40:41.292 17788 17788 E Zygote : accessInfo : 0
10-25 21:40:41.292 17329 17678 D VRManagerGearVR: VRManager set thread priority to 0
10-25 21:40:41.292 17329 17678 I VrApi_Clocks: SetSchedFifo( tid=17343, pri=0 ) succeeded
10-25 21:40:41.292 17329 17678 D VrApi : setSchedFifoStatic tid:17343 pto:0
10-25 21:40:41.292 3970 17298 V VRManagerServer: (VRManagerService.java:401) yTqX [setThreadSchedFifo pkg=com.foo.ProductName pid=17329 tid=17343 prio=0]
10-25 21:40:41.292 3970 17298 V VRManagerServer: (VRManagerService.java:405) yTqX [setAffinity pid=17343 cpus=[4, 5, 6, 7]]
10-25 21:40:41.302 17329 17678 D VRManagerGearVR: VRManager set thread priority to 0
10-25 21:40:41.302 17329 17678 I VrApi_Clocks: SetSchedFifo( tid=17343, pri=0 ) succeeded
10-25 21:40:41.302 17329 17678 W TimeWarp: VSync 4972674: eye=1,late=8.1ms,over=0.0ms,CPU=0.5ms,GPU>=0.0
10-25 21:40:41.312 17329 17678 D VrApi : setSchedFifoStatic tid:17343 pto:1
10-25 21:40:41.322 3970 17522 V VRManagerServer: (VRManagerService.java:401) yTqX [setThreadSchedFifo pkg=com.foo.ProductName pid=17329 tid=17343 prio=1]
10-25 21:40:41.322 3970 17522 V VRManagerServer: (VRManagerService.java:405) yTqX [setAffinity pid=17343 cpus=[4, 5, 6, 7]]
10-25 21:40:41.322 17329 17678 D VRManagerGearVR: VRManager set thread priority to 1
10-25 21:40:41.322 17329 17678 I VrApi_Clocks: SetSchedFifo( tid=17343, pri=1 ) succeeded
10-25 21:40:41.322 17329 17678 D VrApi : setSchedFifoStatic tid:17343 pto:1
10-25 21:40:41.332 3970 3998 V VRManagerServer: (VRManagerService.java:401) yTqX [setThreadSchedFifo pkg=com.foo.ProductName pid=17329 tid=17343 prio=1]
10-25 21:40:41.332 3970 3998 V VRManagerServer: (VRManagerService.java:405) yTqX [setAffinity pid=17343 cpus=[4, 5, 6, 7]]
10-25 21:40:41.332 17788 17788 D TimaKeyStoreProvider: TimaSignature is unavailable
10-25 21:40:41.332 17788 17788 D ActivityThread: Added TimaKeyStore provider
10-25 21:40:41.332 17329 17678 D VRManagerGearVR: VRManager set thread priority to 1
10-25 21:40:41.332 17329 17678 I VrApi_Clocks: SetSchedFifo( tid=17343, pri=1 ) succeeded
10-25 21:40:41.332 17329 17678 W TimeWarp: VSync 4972676: eye=1,late=8.6ms,over=0.0ms,CPU=0.4ms,GPU>=0.0
10-25 21:40:41.352 17788 17788 I InjectionManager: Inside getClassLibPath + mLibMap{0=, 1=}
10-25 21:40:41.362 17788 17788 I InjectionManager: Inside getClassLibPath caller
10-25 21:40:41.372 17788 17788 D InjectionManager: InjectionManager
10-25 21:40:41.372 17788 17788 D InjectionManager: fillFeatureStoreMap com.trustonic.tuiservice
10-25 21:40:41.372 17788 17788 I InjectionManager: Constructor com.trustonic.tuiservice, Feature store :{}
10-25 21:40:41.372 17788 17788 I InjectionManager: featureStore :{}
10-25 21:40:41.382 17788 17788 I TlcTuiJni: JNI_OnLoad;256
10-25 21:40:41.382 17788 17788 I TlcTuiJni: JNI_OnLoad: TuiTlcWrapperClass = 100025;270
10-25 21:40:41.382 17788 17788 I TlcTuiJni: JNI_OnLoad: gVm = 8C074500 vm = 8C074500;283
10-25 21:40:41.382 17788 17788 I TlcTuiJni: calling tlcLaunch();228
10-25 21:40:41.382 17788 17800 I TlcTui : mainThread: TlcTui start!;76
10-25 21:40:41.412 17329 17678 D VrApi : setSchedFifoStatic tid:17343 pto:0
10-25 21:40:41.422 3970 3999 V VRManagerServer: (VRManagerService.java:401) yTqX [setThreadSchedFifo pkg=com.foo.ProductName pid=17329 tid=17343 prio=0]
10-25 21:40:41.422 3970 3999 V VRManagerServer: (VRManagerService.java:405) yTqX [setAffinity pid=17343 cpus=[4, 5, 6, 7]]
10-25 21:40:41.422 17329 17678 D VRManagerGearVR: VRManager set thread priority to 0
10-25 21:40:41.422 17329 17678 I VrApi_Clocks: SetSchedFifo( tid=17343, pri=0 ) succeeded
10-25 21:40:41.422 17329 17678 D VrApi : setSchedFifoStatic tid:17343 pto:0
10-25 21:40:41.422 3970 17298 V VRManagerServer: (VRManagerService.java:401) yTqX [setThreadSchedFifo pkg=com.foo.ProductName pid=17329 tid=17343 prio=0]
10-25 21:40:41.422 3970 17298 V VRManagerServer: (VRManagerService.java:405) yTqX [setAffinity pid=17343 cpus=[4, 5, 6, 7]]
10-25 21:40:41.432 17329 17678 D VRManagerGearVR: VRManager set thread priority to 0
10-25 21:40:41.432 17329 17678 I VrApi_Clocks: SetSchedFifo( tid=17343, pri=0 ) succeeded
10-25 21:40:41.432 17329 17678 W TimeWarp: VSync 4972682: eye=1,late=7.3ms,over=0.0ms,CPU=0.4ms,GPU>=0.6
10-25 21:40:41.432 17329 17678 D VrApi : setSchedFifoStatic tid:17343 pto:1
10-25 21:40:41.432 3970 17522 V VRManagerServer: (VRManagerService.java:401) yTqX [setThreadSchedFifo pkg=com.foo.ProductName pid=17329 tid=17343 prio=1]
10-25 21:40:41.442 3970 17522 V VRManagerServer: (VRManagerService.java:405) yTqX [setAffinity pid=17343 cpus=[4, 5, 6, 7]]
10-25 21:40:41.442 17329 17678 D VRManagerGearVR: VRManager set thread priority to 1
10-25 21:40:41.442 17329 17678 I VrApi_Clocks: SetSchedFifo( tid=17343, pri=1 ) succeeded
10-25 21:40:41.442 17329 17678 D VrApi : setSchedFifoStatic tid:17343 pto:1
10-25 21:40:41.442 3970 3998 V VRManagerServer: (VRManagerService.java:401) yTqX [setThreadSchedFifo pkg=com.foo.ProductName pid=17329 tid=17343 prio=1]
10-25 21:40:41.442 3970 3998 V VRManagerServer: (VRManagerService.java:405) yTqX [setAffinity pid=17343 cpus=[4, 5, 6, 7]]
10-25 21:40:41.442 17329 17678 D VRManagerGearVR: VRManager set thread priority to 1
10-25 21:40:41.442 17329 17678 I VrApi_Clocks: SetSchedFifo( tid=17343, pri=1 ) succeeded
10-25 21:40:41.452 17329 17678 W TimeWarp: VSync 4972683: eye=1,late=6.7ms,over=0.0ms,CPU=0.4ms,GPU>=1.2
10-25 21:40:41.492 17329 17648 I OVR : DeviceManagerThread - event 46 (500Hz) (Tid=17648)
10-25 21:40:41.622 17329 17680 I VrApi : FPS=39,Prd=50ms,Tear=0,Early=20,Stale=23,VSnc=1,Lat=1,CPU4/GPU=2/2,1000/420MHz,OC=FF,TA=F0/F0/F0/F0,SP=F/F/F/F,Mem=1026MHz,Free=1351MB,PSM=0,PLS=0,Temp=26.3C/27.0C
10-25 21:40:41.732 17329 17678 W TimeWarp: VSync 4972700: eye=1,late=0.0ms,over=0.0ms,CPU=0.4ms,GPU>=8.0
10-25 21:40:42.492 17329 17648 I OVR : DeviceManagerThread - event 46 (498Hz) (Tid=17648)
10-25 21:40:42.622 17329 17680 I VrApi : FPS=11,Prd=49ms,Tear=9,Early=0,Stale=66,VSnc=1,Lat=1,CPU4/GPU=2/2,1000/420MHz,OC=FF,TA=F0/F0/F0/F0,SP=F/F/F/F,Mem=1026MHz,Free=1351MB,PSM=0,PLS=0,Temp=26.3C/27.0C
10-25 21:40:42.742 17329 17678 W TimeWarp: VSync 4972761: eye=1,late=0.0ms,over=0.1ms,CPU=0.3ms,GPU>=7.9
10-25 21:40:43.022 17329 17678 D VrApi : setSchedFifoStatic tid:17343 pto:0
10-25 21:40:43.032 3970 3999 V VRManagerServer: (VRManagerService.java:401) yTqX [setThreadSchedFifo pkg=com.foo.ProductName pid=17329 tid=17343 prio=0]
10-25 21:40:43.032 3970 3999 V VRManagerServer: (VRManagerService.java:405) yTqX [setAffinity pid=17343 cpus=[4, 5, 6, 7]]
10-25 21:40:43.032 17329 17678 D VRManagerGearVR: VRManager set thread priority to 0
10-25 21:40:43.032 17329 17678 I VrApi_Clocks: SetSchedFifo( tid=17343, pri=0 ) succeeded
10-25 21:40:43.032 17329 17678 D VrApi : setSchedFifoStatic tid:17343 pto:0
10-25 21:40:43.032 3970 17298 V VRManagerServer: (VRManagerService.java:401) yTqX [setThreadSchedFifo pkg=com.foo.ProductName pid=17329 tid=17343 prio=0]
10-25 21:40:43.032 3970 17298 V VRManagerServer: (VRManagerService.java:405) yTqX [setAffinity pid=17343 cpus=[4, 5, 6, 7]]
10-25 21:40:43.042 17329 17678 D VRManagerGearVR: VRManager set thread priority to 0
10-25 21:40:43.042 17329 17678 I VrApi_Clocks: SetSchedFifo( tid=17343, pri=0 ) succeeded
10-25 21:40:43.042 17329 17678 W TimeWarp: VSync 4972779: eye=1,late=7.6ms,over=0.0ms,CPU=0.4ms,GPU>=0.4
10-25 21:40:43.042 17329 17678 D VrApi : setSchedFifoStatic tid:17343 pto:1
10-25 21:40:43.042 3970 17522 V VRManagerServer: (VRManagerService.java:401) yTqX [setThreadSchedFifo pkg=com.foo.ProductName pid=17329 tid=17343 prio=1]
10-25 21:40:43.042 3970 17522 V VRManagerServer: (VRManagerService.java:405) yTqX [setAffinity pid=17343 cpus=[4, 5, 6, 7]]
10-25 21:40:43.052 17329 17678 D VRManagerGearVR: VRManager set thread priority to 1
10-25 21:40:43.052 17329 17678 I VrApi_Clocks: SetSchedFifo( tid=17343, pri=1 ) succeeded
10-25 21:40:43.052 17329 17678 D VrApi : setSchedFifoStatic tid:17343 pto:1
10-25 21:40:43.052 3970 3998 V VRManagerServer: (VRManagerService.java:401) yTqX [setThreadSchedFifo pkg=com.foo.ProductName pid=17329 tid=17343 prio=1]
10-25 21:40:43.052 3970 3998 V VRManagerServer: (VRManagerService.java:405) yTqX [setAffinity pid=17343 cpus=[4, 5, 6, 7]]
10-25 21:40:43.052 17329 17678 D VRManagerGearVR: VRManager set thread priority to 1
10-25 21:40:43.052 17329 17678 I VrApi_Clocks: SetSchedFifo( tid=17343, pri=1 ) succeeded
10-25 21:40:43.052 17329 17678 W TimeWarp: VSync 4972780: eye=1,late=7.2ms,over=0.0ms,CPU=0.4ms,GPU>=0.7
10-25 21:40:43.142 17329 17678 D VrApi : setSchedFifoStatic tid:17343 pto:0
10-25 21:40:43.142 3970 3999 V VRManagerServer: (VRManagerService.java:401) yTqX [setThreadSchedFifo pkg=com.foo.ProductName pid=17329 tid=17343 prio=0]
10-25 21:40:43.142 3970 3999 V VRManagerServer: (VRManagerService.java:405) yTqX [setAffinity pid=17343 cpus=[4, 5, 6, 7]]
10-25 21:40:43.152 17329 17678 D VRManagerGearVR: VRManager set thread priority to 0
10-25 21:40:43.152 17329 17678 I VrApi_Clocks: SetSchedFifo( tid=17343, pri=0 ) succeeded
10-25 21:40:43.152 17329 17678 D VrApi : setSchedFifoStatic tid:17343 pto:0
10-25 21:40:43.152 3970 17298 V VRManagerServer: (VRManagerService.java:401) yTqX [setThreadSchedFifo pkg=com.foo.ProductName pid=17329 tid=17343 prio=0]
10-25 21:40:43.152 3970 17298 V VRManagerServer: (VRManagerService.java:405) yTqX [setAffinity pid=17343 cpus=[4, 5, 6, 7]]
10-25 21:40:43.152 17329 17678 D VRManagerGearVR: VRManager set thread priority to 0
10-25 21:40:43.152 17329 17678 I VrApi_Clocks: SetSchedFifo( tid=17343, pri=0 ) succeeded
10-25 21:40:43.152 17329 17678 W TimeWarp: VSync 4972786: eye=1,late=7.0ms,over=0.0ms,CPU=0.4ms,GPU>=0.9
10-25 21:40:43.152 17329 17678 D VrApi : setSchedFifoStatic tid:17343 pto:1
10-25 21:40:43.162 3970 3998 V VRManagerServer: (VRManagerService.java:401) yTqX [setThreadSchedFifo pkg=com.foo.ProductName pid=17329 tid=17343 prio=1]
10-25 21:40:43.162 3970 3998 V VRManagerServer: (VRManagerService.java:405) yTqX [setAffinity pid=17343 cpus=[4, 5, 6, 7]]
10-25 21:40:43.162 17329 17678 D VRManagerGearVR: VRManager set thread priority to 1
10-25 21:40:43.162 17329 17678 I VrApi_Clocks: SetSchedFifo( tid=17343, pri=1 ) succeeded
10-25 21:40:43.162 17329 17678 D VrApi : setSchedFifoStatic tid:17343 pto:1
10-25 21:40:43.162 3970 3999 V VRManagerServer: (VRManagerService.java:401) yTqX [setThreadSchedFifo pkg=com.foo.ProductName pid=17329 tid=17343 prio=1]
10-25 21:40:43.172 3970 3999 V VRManagerServer: (VRManagerService.java:405) yTqX [setAffinity pid=17343 cpus=[4, 5, 6, 7]]
10-25 21:40:43.172 17329 17678 D VRManagerGearVR: VRManager set thread priority to 1
10-25 21:40:43.172 17329 17678 I VrApi_Clocks: SetSchedFifo( tid=17343, pri=1 ) succeeded
10-25 21:40:43.172 17329 17678 W TimeWarp: VSync 4972787: eye=1,late=6.4ms,over=0.0ms,CPU=0.5ms,GPU>=1.5
10-25 21:40:43.252 17329 17678 D VrApi : setSchedFifoStatic tid:17343 pto:0
10-25 21:40:43.262 3970 17522 V VRManagerServer: (VRManagerService.java:401) yTqX [setThreadSchedFifo pkg=com.foo.ProductName pid=17329 tid=17343 prio=0]
10-25 21:40:43.262 3970 17522 V VRManagerServer: (VRManagerService.java:405) yTqX [setAffinity pid=17343 cpus=[4, 5, 6, 7]]
10-25 21:40:43.262 17329 17678 D VRManagerGearVR: VRManager set thread priority to 0
10-25 21:40:43.262 17329 17678 I VrApi_Clocks: SetSchedFifo( tid=17343, pri=0 ) succeeded
10-25 21:40:43.262 17329 17678 D VrApi : setSchedFifoStatic tid:17343 pto:0
10-25 21:40:43.262 3970 17298 V VRManagerServer: (VRManagerService.java:401) yTqX [setThreadSchedFifo pkg=com.foo.ProductName pid=17329 tid=17343 prio=0]
10-25 21:40:43.272 3970 17298 V VRManagerServer: (VRManagerService.java:405) yTqX [setAffinity pid=17343 cpus=[4, 5, 6, 7]]
10-25 21:40:43.272 17329 17678 D VRManagerGearVR: VRManager set thread priority to 0
10-25 21:40:43.272 17329 17678 I VrApi_Clocks: SetSchedFifo( tid=17343, pri=0 ) succeeded
10-25 21:40:43.272 17329 17678 W TimeWarp: VSync 4972793: eye=1,late=7.3ms,over=0.0ms,CPU=0.4ms,GPU>=0.6
10-25 21:40:43.292 17329 17678 D VrApi : setSchedFifoStatic tid:17343 pto:1
10-25 21:40:43.292 3970 3998 V VRManagerServer: (VRManagerService.java:401) yTqX [setThreadSchedFifo pkg=com.foo.ProductName pid=17329 tid=17343 prio=1]
10-25 21:40:43.292 3970 3998 V VRManagerServer: (VRManagerService.java:405) yTqX [setAffinity pid=17343 cpus=[4, 5, 6, 7]]
10-25 21:40:43.292 17329 17678 D VRManagerGearVR: VRManager set thread priority to 1
10-25 21:40:43.292 17329 17678 I VrApi_Clocks: SetSchedFifo( tid=17343, pri=1 ) succeeded
10-25 21:40:43.292 17329 17678 D VrApi : setSchedFifoStatic tid:17343 pto:1
10-25 21:40:43.302 3970 3999 V VRManagerServer: (VRManagerService.java:401) yTqX [setThreadSchedFifo pkg=com.foo.ProductName pid=17329 tid=17343 prio=1]
10-25 21:40:43.302 3970 3999 V VRManagerServer: (VRManagerService.java:405) yTqX [setAffinity pid=17343 cpus=[4, 5, 6, 7]]
10-25 21:40:43.302 17329 17678 D VRManagerGearVR: VRManager set thread priority to 1
10-25 21:40:43.302 17329 17678 I VrApi_Clocks: SetSchedFifo( tid=17343, pri=1 ) succeeded
10-25 21:40:43.302 17329 17678 W TimeWarp: VSync 4972795: eye=1,late=6.4ms,over=0.0ms,CPU=0.4ms,GPU>=1.5
10-25 21:40:43.392 17329 17678 D VrApi : setSchedFifoStatic tid:17343 pto:0
10-25 21:40:43.392 3970 17522 V VRManagerServer: (VRManagerService.java:401) yTqX [setThreadSchedFifo pkg=com.foo.ProductName pid=17329 tid=17343 prio=0]
10-25 21:40:43.392 3970 17522 V VRManagerServer: (VRManagerService.java:405) yTqX [setAffinity pid=17343 cpus=[4, 5, 6, 7]]
10-25 21:40:43.392 17329 17678 D VRManagerGearVR: VRManager set thread priority to 0
10-25 21:40:43.392 17329 17678 I VrApi_Clocks: SetSchedFifo( tid=17343, pri=0 ) succeeded
10-25 21:40:43.392 17329 17678 D VrApi : setSchedFifoStatic tid:17343 pto:0
10-25 21:40:43.402 3970 17298 V VRManagerServer: (VRManagerService.java:401) yTqX [setThreadSchedFifo pkg=com.foo.ProductName pid=17329 tid=17343 prio=0]
10-25 21:40:43.402 3970 17298 V VRManagerServer: (VRManagerService.java:405) yTqX [setAffinity pid=17343 cpus=[4, 5, 6, 7]]
10-25 21:40:43.402 17329 17678 D VRManagerGearVR: VRManager set thread priority to 0
10-25 21:40:43.402 17329 17678 I VrApi_Clocks: SetSchedFifo( tid=17343, pri=0 ) succeeded
10-25 21:40:43.402 17329 17678 W TimeWarp: VSync 4972801: eye=1,late=5.5ms,over=0.0ms,CPU=0.4ms,GPU>=2.4
10-25 21:40:43.412 17329 17343 I TimeWarp: WarpSwap: usleep( 32 )
10-25 21:40:43.422 17329 17678 W TimeWarp: VSync 4972802: eye=1,late=0.0ms,over=0.1ms,CPU=0.4ms,GPU>=7.9
10-25 21:40:43.422 17329 17678 D VrApi : setSchedFifoStatic tid:17343 pto:1
10-25 21:40:43.422 3970 3998 V VRManagerServer: (VRManagerService.java:401) yTqX [setThreadSchedFifo pkg=com.foo.ProductName pid=17329 tid=17343 prio=1]
10-25 21:40:43.432 3970 3998 V VRManagerServer: (VRManagerService.java:405) yTqX [setAffinity pid=17343 cpus=[4, 5, 6, 7]]
10-25 21:40:43.432 17329 17678 D VRManagerGearVR: VRManager set thread priority to 1
10-25 21:40:43.432 17329 17678 I VrApi_Clocks: SetSchedFifo( tid=17343, pri=1 ) succeeded
10-25 21:40:43.432 17329 17678 D VrApi : setSchedFifoStatic tid:17343 pto:1
10-25 21:40:43.432 3970 3999 V VRManagerServer: (VRManagerService.java:401) yTqX [setThreadSchedFifo pkg=com.foo.ProductName pid=17329 tid=17343 prio=1]
10-25 21:40:43.432 3970 3999 V VRManagerServer: (VRManagerService.java:405) yTqX [setAffinity pid=17343 cpus=[4, 5, 6, 7]]
10-25 21:40:43.432 17329 17678 D VRManagerGearVR: VRManager set thread priority to 1
10-25 21:40:43.432 17329 17678 I VrApi_Clocks: SetSchedFifo( tid=17343, pri=1 ) succeeded
10-25 21:40:43.442 17329 17678 W TimeWarp: VSync 4972803: eye=1,late=7.0ms,over=0.0ms,CPU=0.4ms,GPU>=0.9
10-25 21:40:43.492 17329 17648 I OVR : DeviceManagerThread - event 46 (500Hz) (Tid=17648)
10-25 21:40:43.522 17329 17678 D VrApi : setSchedFifoStatic tid:17343 pto:0
10-25 21:40:43.522 3970 17298 V VRManagerServer: (VRManagerService.java:401) yTqX [setThreadSchedFifo pkg=com.foo.ProductName pid=17329 tid=17343 prio=0]
10-25 21:40:43.522 3970 17298 V VRManagerServer: (VRManagerService.java:405) yTqX [setAffinity pid=17343 cpus=[4, 5, 6, 7]]
10-25 21:40:43.532 17329 17678 D VRManagerGearVR: VRManager set thread priority to 0
10-25 21:40:43.532 17329 17678 I VrApi_Clocks: SetSchedFifo( tid=17343, pri=0 ) succeeded
10-25 21:40:43.532 17329 17678 D VrApi : setSchedFifoStatic tid:17343 pto:0
10-25 21:40:43.532 3970 17522 V VRManagerServer: (VRManagerService.java:401) yTqX [setThreadSchedFifo pkg=com.foo.ProductName pid=17329 tid=17343 prio=0]
10-25 21:40:43.532 3970 17522 V VRManagerServer: (VRManagerService.java:405) yTqX [setAffinity pid=17343 cpus=[4, 5, 6, 7]]
10-25 21:40:43.532 17329 17678 D VRManagerGearVR: VRManager set thread priority to 0
10-25 21:40:43.532 17329 17678 I VrApi_Clocks: SetSchedFifo( tid=17343, pri=0 ) succeeded
10-25 21:40:43.542 17329 17678 W TimeWarp: VSync 4972809: eye=1,late=6.7ms,over=0.0ms,CPU=0.4ms,GPU>=1.2
10-25 21:40:43.552 17329 17678 D VrApi : setSchedFifoStatic tid:17343 pto:1
10-25 21:40:43.562 3970 3998 V VRManagerServer: (VRManagerService.java:401) yTqX [setThreadSchedFifo pkg=com.foo.ProductName pid=17329 tid=17343 prio=1]
10-25 21:40:43.562 3970 3998 V VRManagerServer: (VRManagerService.java:405) yTqX [setAffinity pid=17343 cpus=[4, 5, 6, 7]]
10-25 21:40:43.562 17329 17678 D VRManagerGearVR: VRManager set thread priority to 1
10-25 21:40:43.562 17329 17678 I VrApi_Clocks: SetSchedFifo( tid=17343, pri=1 ) succeeded
10-25 21:40:43.562 17329 17678 D VrApi : setSchedFifoStatic tid:17343 pto:1
10-25 21:40:43.562 3970 17298 V VRManagerServer: (VRManagerService.java:401) yTqX [setThreadSchedFifo pkg=com.foo.ProductName pid=17329 tid=17343 prio=1]
10-25 21:40:43.562 3970 17298 V VRManagerServer: (VRManagerService.java:405) yTqX [setAffinity pid=17343 cpus=[4, 5, 6, 7]]
10-25 21:40:43.572 17329 17678 D VRManagerGearVR: VRManager set thread priority to 1
10-25 21:40:43.572 17329 17678 I VrApi_Clocks: SetSchedFifo( tid=17343, pri=1 ) succeeded
10-25 21:40:43.572 17329 17678 W TimeWarp: VSync 4972811: eye=1,late=6.6ms,over=0.0ms,CPU=0.4ms,GPU>=1.4
10-25 21:40:43.622 17329 17680 I VrApi : FPS=9,Prd=47ms,Tear=9,Early=0,Stale=55,VSnc=1,Lat=1,CPU4/GPU=2/2,1000/420MHz,OC=FF,TA=F0/F0/F0/F0,SP=F/F/F/F,Mem=1026MHz,Free=1350MB,PSM=0,PLS=0,Temp=26.3C/27.0C
10-25 21:40:43.652 17329 17678 D VrApi : setSchedFifoStatic tid:17343 pto:0
10-25 21:40:43.662 3970 17298 V VRManagerServer: (VRManagerService.java:401) yTqX [setThreadSchedFifo pkg=com.foo.ProductName pid=17329 tid=17343 prio=0]
10-25 21:40:43.662 3970 17298 V VRManagerServer: (VRManagerService.java:405) yTqX [setAffinity pid=17343 cpus=[4, 5, 6, 7]]
10-25 21:40:43.662 17329 17678 D VRManagerGearVR: VRManager set thread priority to 0
10-25 21:40:43.662 17329 17678 I VrApi_Clocks: SetSchedFifo( tid=17343, pri=0 ) succeeded
10-25 21:40:43.662 17329 17678 D VrApi : setSchedFifoStatic tid:17343 pto:0
10-25 21:40:43.662 3970 3998 V VRManagerServer: (VRManagerService.java:401) yTqX [setThreadSchedFifo pkg=com.foo.ProductName pid=17329 tid=17343 prio=0]
10-25 21:40:43.662 3970 3998 V VRManagerServer: (VRManagerService.java:405) yTqX [setAffinity pid=17343 cpus=[4, 5, 6, 7]]
10-25 21:40:43.672 17329 17678 D VRManagerGearVR: VRManager set thread priority to 0
10-25 21:40:43.672 17329 17678 I VrApi_Clocks: SetSchedFifo( tid=17343, pri=0 ) succeeded
10-25 21:40:43.672 17329 17678 W TimeWarp: VSync 4972817: eye=1,late=6.0ms,over=0.0ms,CPU=0.4ms,GPU>=1.9
10-25 21:40:43.702 17329 17678 D VrApi : setSchedFifoStatic tid:17343 pto:1
10-25 21:40:43.712 3970 3999 V VRManagerServer: (VRManagerService.java:401) yTqX [setThreadSchedFifo pkg=com.foo.ProductName pid=17329 tid=17343 prio=1]
10-25 21:40:43.712 3970 3999 V VRManagerServer: (VRManagerService.java:405) yTqX [setAffinity pid=17343 cpus=[4, 5, 6, 7]]
10-25 21:40:43.712 17329 17678 D VRManagerGearVR: VRManager set thread priority to 1
10-25 21:40:43.712 17329 17678 I VrApi_Clocks: SetSchedFifo( tid=17343, pri=1 ) succeeded
10-25 21:40:43.712 17329 17678 D VrApi : setSchedFifoStatic tid:17343 pto:1
10-25 21:40:43.712 3970 17522 V VRManagerServer: (VRManagerService.java:401) yTqX [setThreadSchedFifo pkg=com.foo.ProductName pid=17329 tid=17343 prio=1]
10-25 21:40:43.712 3970 17522 V VRManagerServer: (VRManagerService.java:405) yTqX [setAffinity pid=17343 cpus=[4, 5, 6, 7]]
10-25 21:40:43.722 17329 17678 D VRManagerGearVR: VRManager set thread priority to 1
10-25 21:40:43.722 17329 17678 I VrApi_Clocks: SetSchedFifo( tid=17343, pri=1 ) succeeded
10-25 21:40:43.722 17329 17678 W TimeWarp: VSync 4972820: eye=1,late=7.1ms,over=0.0ms,CPU=0.6ms,GPU>=0.6
10-25 21:40:43.772 17329 17678 W TimeWarp: VSync 4972823: eye=1,late=0.0ms,over=0.0ms,CPU=0.3ms,GPU>=8.0
10-25 21:40:43.802 17329 17678 D VrApi : setSchedFifoStatic tid:17343 pto:0
10-25 21:40:43.812 3970 17298 V VRManagerServer: (VRManagerService.java:401) yTqX [setThreadSchedFifo pkg=com.foo.ProductName pid=17329 tid=17343 prio=0]
10-25 21:40:43.812 3970 17298 V VRManagerServer: (VRManagerService.java:405) yTqX [setAffinity pid=17343 cpus=[4, 5, 6, 7]]
10-25 21:40:43.812 17329 17678 D VRManagerGearVR: VRManager set thread priority to 0
10-25 21:40:43.812 17329 17678 I VrApi_Clocks: SetSchedFifo( tid=17343, pri=0 ) succeeded
10-25 21:40:43.812 17329 17678 D VrApi : setSchedFifoStatic tid:17343 pto:0
10-25 21:40:43.812 3970 3998 V VRManagerServer: (VRManagerService.java:401) yTqX [setThreadSchedFifo pkg=com.foo.ProductName pid=17329 tid=17343 prio=0]
10-25 21:40:43.812 3970 3998 V VRManagerServer: (VRManagerService.java:405) yTqX [setAffinity pid=17343 cpus=[4, 5, 6, 7]]
10-25 21:40:43.822 17329 17678 D VRManagerGearVR: VRManager set thread priority to 0
10-25 21:40:43.822 17329 17678 I VrApi_Clocks: SetSchedFifo( tid=17343, pri=0 ) succeeded
10-25 21:40:43.822 17329 17678 W TimeWarp: VSync 4972826: eye=1,late=7.1ms,over=0.0ms,CPU=0.4ms,GPU>=0.8
10-25 21:40:43.852 17329 17678 D VrApi : setSchedFifoStatic tid:17343 pto:1
10-25 21:40:43.852 3970 17522 V VRManagerServer: (VRManagerService.java:401) yTqX [setThreadSchedFifo pkg=com.foo.ProductName pid=17329 tid=17343 prio=1]
10-25 21:40:43.862 3970 17522 V VRManagerServer: (VRManagerService.java:405) yTqX [setAffinity pid=17343 cpus=[4, 5, 6, 7]]
10-25 21:40:43.862 17329 17678 D VRManagerGearVR: VRManager set thread priority to 1
10-25 21:40:43.862 17329 17678 I VrApi_Clocks: SetSchedFifo( tid=17343, pri=1 ) succeeded
10-25 21:40:43.862 17329 17678 D VrApi : setSchedFifoStatic tid:17343 pto:1
10-25 21:40:43.862 3970 3999 V VRManagerServer: (VRManagerService.java:401) yTqX [setThreadSchedFifo pkg=com.foo.ProductName pid=17329 tid=17343 prio=1]
10-25 21:40:43.862 3970 3999 V VRManagerServer: (VRManagerService.java:405) yTqX [setAffinity pid=17343 cpus=[4, 5, 6, 7]]
10-25 21:40:43.872 17329 17678 D VRManagerGearVR: VRManager set thread priority to 1
10-25 21:40:43.872 17329 17678 I VrApi_Clocks: SetSchedFifo( tid=17343, pri=1 ) succeeded
10-25 21:40:43.872 17329 17678 W TimeWarp: VSync 4972829: eye=1,late=6.6ms,over=0.0ms,CPU=0.4ms,GPU>=1.3
10-25 21:40:43.952 17329 17678 D VrApi : setSchedFifoStatic tid:17343 pto:0
10-25 21:40:43.952 3970 17298 V VRManagerServer: (VRManagerService.java:401) yTqX [setThreadSchedFifo pkg=com.foo.ProductName pid=17329 tid=17343 prio=0]
10-25 21:40:43.962 3970 17298 V VRManagerServer: (VRManagerService.java:405) yTqX [setAffinity pid=17343 cpus=[4, 5, 6, 7]]
10-25 21:40:43.962 17329 17678 D VRManagerGearVR: VRManager set thread priority to 0
10-25 21:40:43.962 17329 17678 I VrApi_Clocks: SetSchedFifo( tid=17343, pri=0 ) succeeded
10-25 21:40:43.962 17329 17678 D VrApi : setSchedFifoStatic tid:17343 pto:0
10-25 21:40:43.962 3970 3998 V VRManagerServer: (VRManagerService.java:401) yTqX [setThreadSchedFifo pkg=com.foo.ProductName pid=17329 tid=17343 prio=0]
10-25 21:40:43.962 3970 3998 V VRManagerServer: (VRManagerService.java:405) yTqX [setAffinity pid=17343 cpus=[4, 5, 6, 7]]
10-25 21:40:43.962 17329 17678 D VRManagerGearVR: VRManager set thread priority to 0
10-25 21:40:43.962 17329 17678 I VrApi_Clocks: SetSchedFifo( tid=17343, pri=0 ) succeeded
10-25 21:40:43.972 17329 17678 W TimeWarp: VSync 4972835: eye=1,late=6.3ms,over=0.0ms,CPU=0.5ms,GPU>=1.5
10-25 21:40:43.972 17329 17678 D VrApi : setSchedFifoStatic tid:17343 pto:1
10-25 21:40:43.972 3970 17522 V VRManagerServer: (VRManagerService.java:401) yTqX [setThreadSchedFifo pkg=com.foo.ProductName pid=17329 tid=17343 prio=1]
10-25 21:40:43.972 3970 17522 V VRManagerServer: (VRManagerService.java:405) yTqX [setAffinity pid=17343 cpus=[4, 5, 6, 7]]
10-25 21:40:43.982 17329 17678 D VRManagerGearVR: VRManager set thread priority to 1
10-25 21:40:43.982 17329 17678 I VrApi_Clocks: SetSchedFifo( tid=17343, pri=1 ) succeeded
10-25 21:40:43.982 17329 17678 D VrApi : setSchedFifoStatic tid:17343 pto:1
10-25 21:40:43.982 3970 3999 V VRManagerServer: (VRManagerService.java:401) yTqX [setThreadSchedFifo pkg=com.foo.ProductName pid=17329 tid=17343 prio=1]
10-25 21:40:43.982 3970 3999 V VRManagerServer: (VRManagerService.java:405) yTqX [setAffinity pid=17343 cpus=[4, 5, 6, 7]]
10-25 21:40:43.982 17329 17678 D VRManagerGearVR: VRManager set thread priority to 1
10-25 21:40:43.982 17329 17678 I VrApi_Clocks: SetSchedFifo( tid=17343, pri=1 ) succeeded
10-25 21:40:43.982 17329 17678 W TimeWarp: VSync 4972836: eye=1,late=8.3ms,over=0.0ms,CPU=0.4ms,GPU>=0.0
10-25 21:40:44.052 17329 17678 W TimeWarp: VSync 4972840: eye=1,late=0.0ms,over=0.0ms,CPU=0.4ms,GPU>=8.0
10-25 21:40:44.072 17329 17678 D VrApi : setSchedFifoStatic tid:17343 pto:0
10-25 21:40:44.072 3970 3998 V VRManagerServer: (VRManagerService.java:401) yTqX [setThreadSchedFifo pkg=com.foo.ProductName pid=17329 tid=17343 prio=0]
10-25 21:40:44.072 3970 3998 V VRManagerServer: (VRManagerService.java:405) yTqX [setAffinity pid=17343 cpus=[4, 5, 6, 7]]
10-25 21:40:44.072 17329 17678 D VRManagerGearVR: VRManager set thread priority to 0
10-25 21:40:44.072 17329 17678 I VrApi_Clocks: SetSchedFifo( tid=17343, pri=0 ) succeeded
10-25 21:40:44.072 17329 17678 D VrApi : setSchedFifoStatic tid:17343 pto:0
10-25 21:40:44.082 3970 17298 V VRManagerServer: (VRManagerService.java:401) yTqX [setThreadSchedFifo pkg=com.foo.ProductName pid=17329 tid=17343 prio=0]
10-25 21:40:44.082 3970 17298 V VRManagerServer: (VRManagerService.java:405) yTqX [setAffinity pid=17343 cpus=[4, 5, 6, 7]]
10-25 21:40:44.092 17329 17678 D VRManagerGearVR: VRManager set thread priority to 0
10-25 21:40:44.092 17329 17678 I VrApi_Clocks: SetSchedFifo( tid=17343, pri=0 ) succeeded
10-25 21:40:44.092 17329 17678 W TimeWarp: VSync 4972842: eye=1,late=11.5ms,over=0.0ms,CPU=0.4ms,GPU>=0.0
10-25 21:40:44.092 17329 17678 D VrApi : setSchedFifoStatic tid:17343 pto:1
10-25 21:40:44.092 3970 17522 V VRManagerServer: (VRManagerService.java:401) yTqX [setThreadSchedFifo pkg=com.foo.ProductName pid=17329 tid=17343 prio=1]
10-25 21:40:44.092 3970 17522 V VRManagerServer: (VRManagerService.java:405) yTqX [setAffinity pid=17343 cpus=[4, 5, 6, 7]]
10-25 21:40:44.102 17329 17678 D VRManagerGearVR: VRManager set thread priority to 1
10-25 21:40:44.102 17329 17678 I VrApi_Clocks: SetSchedFifo( tid=17343, pri=1 ) succeeded
10-25 21:40:44.102 17329 17678 D VrApi : setSchedFifoStatic tid:17343 pto:1
10-25 21:40:44.102 3970 3998 V VRManagerServer: (VRManagerService.java:401) yTqX [setThreadSchedFifo pkg=com.foo.ProductName pid=17329 tid=17343 prio=1]
10-25 21:40:44.102 3970 3998 V VRManagerServer: (VRManagerService.java:405) yTqX [setAffinity pid=17343 cpus=[4, 5, 6, 7]]
10-25 21:40:44.102 17329 17678 D VRManagerGearVR: VRManager set thread priority to 1
10-25 21:40:44.102 17329 17678 I VrApi_Clocks: SetSchedFifo( tid=17343, pri=1 ) succeeded
10-25 21:40:44.102 17329 17678 W TimeWarp: VSync 4972843: eye=1,late=11.5ms,over=0.0ms,CPU=0.4ms,GPU>=0.0
10-25 21:40:44.182 17329 17678 D VrApi : setSchedFifoStatic tid:17343 pto:0
10-25 21:40:44.192 3970 3999 V VRManagerServer: (VRManagerService.java:401) yTqX [setThreadSchedFifo pkg=com.foo.ProductName pid=17329 tid=17343 prio=0]
10-25 21:40:44.192 3970 3999 V VRManagerServer: (VRManagerService.java:405) yTqX [setAffinity pid=17343 cpus=[4, 5, 6, 7]]
10-25 21:40:44.192 17329 17678 D VRManagerGearVR: VRManager set thread priority to 0
10-25 21:40:44.192 17329 17678 I VrApi_Clocks: SetSchedFifo( tid=17343, pri=0 ) succeeded
10-25 21:40:44.192 17329 17678 D VrApi : setSchedFifoStatic tid:17343 pto:0
10-25 21:40:44.192 3970 17298 V VRManagerServer: (VRManagerService.java:401) yTqX [setThreadSchedFifo pkg=com.foo.ProductName pid=17329 tid=17343 prio=0]
10-25 21:40:44.192 3970 17298 V VRManagerServer: (VRManagerService.java:405) yTqX [setAffinity pid=17343 cpus=[4, 5, 6, 7]]
10-25 21:40:44.202 17329 17678 D VRManagerGearVR: VRManager set thread priority to 0
10-25 21:40:44.202 17329 17678 I VrApi_Clocks: SetSchedFifo( tid=17343, pri=0 ) succeeded
10-25 21:40:44.202 17329 17678 W TimeWarp: VSync 4972849: eye=1,late=5.9ms,over=0.0ms,CPU=0.4ms,GPU>=2.0
10-25 21:40:44.222 17329 17678 D VrApi : setSchedFifoStatic tid:17343 pto:1
10-25 21:40:44.222 3970 17522 V VRManagerServer: (VRManagerService.java:401) yTqX [setThreadSchedFifo pkg=com.foo.ProductName pid=17329 tid=17343 prio=1]
10-25 21:40:44.222 3970 17522 V VRManagerServer: (VRManagerService.java:405) yTqX [setAffinity pid=17343 cpus=[4, 5, 6, 7]]
10-25 21:40:44.222 17329 17678 D VRManagerGearVR: VRManager set thread priority to 1
10-25 21:40:44.222 17329 17678 I VrApi_Clocks: SetSchedFifo( tid=17343, pri=1 ) succeeded
10-25 21:40:44.222 17329 17678 D VrApi : setSchedFifoStatic tid:17343 pto:1
10-25 21:40:44.232 3970 3998 V VRManagerServer: (VRManagerService.java:401) yTqX [setThreadSchedFifo pkg=com.foo.ProductName pid=17329 tid=17343 prio=1]
10-25 21:40:44.232 3970 3998 V VRManagerServer: (VRManagerService.java:405) yTqX [setAffinity pid=17343 cpus=[4, 5, 6, 7]]
10-25 21:40:44.232 17329 17678 D VRManagerGearVR: VRManager set thread priority to 1
10-25 21:40:44.232 17329 17678 I VrApi_Clocks: SetSchedFifo( tid=17343, pri=1 ) succeeded
10-25 21:40:44.232 17329 17678 W TimeWarp: VSync 4972851: eye=1,late=5.9ms,over=0.0ms,CPU=0.4ms,GPU>=2.0
10-25 21:40:44.322 17329 17678 D VrApi : setSchedFifoStatic tid:17343 pto:0
10-25 21:40:44.322 3970 17298 V VRManagerServer: (VRManagerService.java:401) yTqX [setThreadSchedFifo pkg=com.foo.ProductName pid=17329 tid=17343 prio=0]
10-25 21:40:44.322 3970 17298 V VRManagerServer: (VRManagerService.java:405) yTqX [setAffinity pid=17343 cpus=[4, 5, 6, 7]]
10-25 21:40:44.322 17329 17678 D VRManagerGearVR: VRManager set thread priority to 0
10-25 21:40:44.322 17329 17678 I VrApi_Clocks: SetSchedFifo( tid=17343, pri=0 ) succeeded
10-25 21:40:44.322 17329 17678 D VrApi : setSchedFifoStatic tid:17343 pto:0
10-25 21:40:44.332 3970 17522 V VRManagerServer: (VRManagerService.java:401) yTqX [setThreadSchedFifo pkg=com.foo.ProductName pid=17329 tid=17343 prio=0]
10-25 21:40:44.332 3970 17522 V VRManagerServer: (VRManagerService.java:405) yTqX [setAffinity pid=17343 cpus=[4, 5, 6, 7]]
10-25 21:40:44.332 17329 17678 D VRManagerGearVR: VRManager set thread priority to 0
10-25 21:40:44.332 17329 17678 I VrApi_Clocks: SetSchedFifo( tid=17343, pri=0 ) succeeded
10-25 21:40:44.332 17329 17678 W TimeWarp: VSync 4972857: eye=1,late=6.4ms,over=0.0ms,CPU=0.4ms,GPU>=1.6
10-25 21:40:44.332 17329 17678 D VrApi : setSchedFifoStatic tid:17343 pto:1
10-25 21:40:44.342 3970 3999 V VRManagerServer: (VRManagerService.java:401) yTqX [setThreadSchedFifo pkg=com.foo.ProductName pid=17329 tid=17343 prio=1]
10-25 21:40:44.342 3970 3999 V VRManagerServer: (VRManagerService.java:405) yTqX [setAffinity pid=17343 cpus=[4, 5, 6, 7]]
10-25 21:40:44.342 17329 17678 D VRManagerGearVR: VRManager set thread priority to 1
10-25 21:40:44.342 17329 17678 I VrApi_Clocks: SetSchedFifo( tid=17343, pri=1 ) succeeded
10-25 21:40:44.342 17329 17678 D VrApi : setSchedFifoStatic tid:17343 pto:1
10-25 21:40:44.342 3970 3998 V VRManagerServer: (VRManagerService.java:401) yTqX [setThreadSchedFifo pkg=com.foo.ProductName pid=17329 tid=17343 prio=1]
10-25 21:40:44.342 3970 3998 V VRManagerServer: (VRManagerService.java:405) yTqX [setAffinity pid=17343 cpus=[4, 5, 6, 7]]
10-25 21:40:44.352 17329 17678 D VRManagerGearVR: VRManager set thread priority to 1
10-25 21:40:44.352 17329 17678 I VrApi_Clocks: SetSchedFifo( tid=17343, pri=1 ) succeeded
10-25 21:40:44.352 17329 17678 W TimeWarp: VSync 4972858: eye=1,late=6.4ms,over=0.0ms,CPU=0.4ms,GPU>=1.5
10-25 21:40:44.432 17329 17678 D VrApi : setSchedFifoStatic tid:17343 pto:0
10-25 21:40:44.432 3970 17298 V VRManagerServer: (VRManagerService.java:401) yTqX [setThreadSchedFifo pkg=com.foo.ProductName pid=17329 tid=17343 prio=0]
10-25 21:40:44.442 3970 17298 V VRManagerServer: (VRManagerService.java:405) yTqX [setAffinity pid=17343 cpus=[4, 5, 6, 7]]
10-25 21:40:44.442 17329 17678 D VRManagerGearVR: VRManager set thread priority to 0
10-25 21:40:44.442 17329 17678 I VrApi_Clocks: SetSchedFifo( tid=17343, pri=0 ) succeeded
10-25 21:40:44.442 17329 17678 D VrApi : setSchedFifoStatic tid:17343 pto:0
10-25 21:40:44.442 3970 3999 V VRManagerServer: (VRManagerService.java:401) yTqX [setThreadSchedFifo pkg=com.foo.ProductName pid=17329 tid=17343 prio=0]
10-25 21:40:44.442 3970 3999 V VRManagerServer: (VRManagerService.java:405) yTqX [setAffinity pid=17343 cpus=[4, 5, 6, 7]]
10-25 21:40:44.442 17329 17678 D VRManagerGearVR: VRManager set thread priority to 0
10-25 21:40:44.442 17329 17678 I VrApi_Clocks: SetSchedFifo( tid=17343, pri=0 ) succeeded
10-25 21:40:44.452 17329 17678 W TimeWarp: VSync 4972864: eye=1,late=4.7ms,over=0.0ms,CPU=0.4ms,GPU>=3.4
10-25 21:40:44.452 17329 17678 D VrApi : setSchedFifoStatic tid:17343 pto:1
10-25 21:40:44.452 3970 17522 V VRManagerServer: (VRManagerService.java:401) yTqX [setThreadSchedFifo pkg=com.foo.ProductName pid=17329 tid=17343 prio=1]
10-25 21:40:44.452 3970 17522 V VRManagerServer: (VRManagerService.java:405) yTqX [setAffinity pid=17343 cpus=[4, 5, 6, 7]]
10-25 21:40:44.462 17329 17678 D VRManagerGearVR: VRManager set thread priority to 1
10-25 21:40:44.462 17329 17678 I VrApi_Clocks: SetSchedFifo( tid=17343, pri=1 ) succeeded
10-25 21:40:44.462 17329 17678 D VrApi : setSchedFifoStatic tid:17343 pto:1
10-25 21:40:44.462 3970 3998 V VRManagerServer: (VRManagerService.java:401) yTqX [setThreadSchedFifo pkg=com.foo.ProductName pid=17329 tid=17343 prio=1]
10-25 21:40:44.462 3970 3998 V VRManagerServer: (VRManagerService.java:405) yTqX [setAffinity pid=17343 cpus=[4, 5, 6, 7]]
10-25 21:40:44.462 17329 17678 D VRManagerGearVR: VRManager set thread priority to 1
10-25 21:40:44.462 17329 17678 I VrApi_Clocks: SetSchedFifo( tid=17343, pri=1 ) succeeded
10-25 21:40:44.462 17329 17678 W TimeWarp: VSync 4972865: eye=1,late=6.6ms,over=0.0ms,CPU=0.4ms,GPU>=1.4
10-25 21:40:44.492 17329 17648 I OVR : DeviceManagerThread - event 46 (500Hz) (Tid=17648)
10-25 21:40:44.552 17329 17678 D VrApi : setSchedFifoStatic tid:17343 pto:0
10-25 21:40:44.552 3970 3999 V VRManagerServer: (VRManagerService.java:401) yTqX [setThreadSchedFifo pkg=com.foo.ProductName pid=17329 tid=17343 prio=0]
10-25 21:40:44.552 3970 3999 V VRManagerServer: (VRManagerService.java:405) yTqX [setAffinity pid=17343 cpus=[4, 5, 6, 7]]
10-25 21:40:44.562 17329 17678 D VRManagerGearVR: VRManager set thread priority to 0
10-25 21:40:44.562 17329 17678 I VrApi_Clocks: SetSchedFifo( tid=17343, pri=0 ) succeeded
10-25 21:40:44.562 17329 17678 D VrApi : setSchedFifoStatic tid:17343 pto:0
10-25 21:40:44.562 3970 17522 V VRManagerServer: (VRManagerService.java:401) yTqX [setThreadSchedFifo pkg=com.foo.ProductName pid=17329 tid=17343 prio=0]
10-25 21:40:44.562 3970 17522 V VRManagerServer: (VRManagerService.java:405) yTqX [setAffinity pid=17343 cpus=[4, 5, 6, 7]]
10-25 21:40:44.562 17329 17678 D VRManagerGearVR: VRManager set thread priority to 0
10-25 21:40:44.562 17329 17678 I VrApi_Clocks: SetSchedFifo( tid=17343, pri=0 ) succeeded
10-25 21:40:44.562 17329 17678 W TimeWarp: VSync 4972871: eye=1,late=7.9ms,over=0.0ms,CPU=0.4ms,GPU>=0.0
10-25 21:40:44.602 17329 17678 D VrApi : setSchedFifoStatic tid:17343 pto:1
10-25 21:40:44.602 3970 17298 V VRManagerServer: (VRManagerService.java:401) yTqX [setThreadSchedFifo pkg=com.foo.ProductName pid=17329 tid=17343 prio=1]
10-25 21:40:44.602 3970 17298 V VRManagerServer: (VRManagerService.java:405) yTqX [setAffinity pid=17343 cpus=[4, 5, 6, 7]]
10-25 21:40:44.612 17329 17678 D VRManagerGearVR: VRManager set thread priority to 1
10-25 21:40:44.612 17329 17678 I VrApi_Clocks: SetSchedFifo( tid=17343, pri=1 ) succeeded
10-25 21:40:44.612 17329 17678 D VrApi : setSchedFifoStatic tid:17343 pto:1
10-25 21:40:44.612 3970 3998 V VRManagerServer: (VRManagerService.java:401) yTqX [setThreadSchedFifo pkg=com.foo.ProductName pid=17329 tid=17343 prio=1]
10-25 21:40:44.612 3970 3998 V VRManagerServer: (VRManagerService.java:405) yTqX [setAffinity pid=17343 cpus=[4, 5, 6, 7]]
10-25 21:40:44.612 17329 17678 D VRManagerGearVR: VRManager set thread priority to 1
10-25 21:40:44.612 17329 17678 I VrApi_Clocks: SetSchedFifo( tid=17343, pri=1 ) succeeded
10-25 21:40:44.612 17329 17678 W TimeWarp: VSync 4972874: eye=1,late=6.0ms,over=0.0ms,CPU=0.4ms,GPU>=1.8
10-25 21:40:44.622 17329 17680 I VrApi : FPS=14,Prd=50ms,Tear=1,Early=0,Stale=60,VSnc=1,Lat=1,CPU4/GPU=2/2,800/420MHz,OC=FF,TA=F0/F0/F0/F0,SP=F/F/F/F,Mem=1026MHz,Free=1352MB,PSM=0,PLS=0,Temp=26.3C/27.0C
10-25 21:40:44.662 17329 17678 W TimeWarp: VSync 4972877: eye=1,late=0.0ms,over=0.1ms,CPU=0.3ms,GPU>=7.9
10-25 21:40:44.702 17329 17678 D VrApi : setSchedFifoStatic tid:17343 pto:0
10-25 21:40:44.702 3970 3998 V VRManagerServer: (VRManagerService.java:401) yTqX [setThreadSchedFifo pkg=com.foo.ProductName pid=17329 tid=17343 prio=0]
10-25 21:40:44.702 3970 3998 V VRManagerServer: (VRManagerService.java:405) yTqX [setAffinity pid=17343 cpus=[4, 5, 6, 7]]
10-25 21:40:44.712 17329 17678 D VRManagerGearVR: VRManager set thread priority to 0
10-25 21:40:44.712 17329 17678 I VrApi_Clocks: SetSchedFifo( tid=17343, pri=0 ) succeeded
10-25 21:40:44.712 17329 17678 D VrApi : setSchedFifoStatic tid:17343 pto:0
10-25 21:40:44.712 3970 17522 V VRManagerServer: (VRManagerService.java:401) yTqX [setThreadSchedFifo pkg=com.foo.ProductName pid=17329 tid=17343 prio=0]
10-25 21:40:44.712 3970 17522 V VRManagerServer: (VRManagerService.java:405) yTqX [setAffinity pid=17343 cpus=[4, 5, 6, 7]]
10-25 21:40:44.712 17329 17678 D VRManagerGearVR: VRManager set thread priority to 0
10-25 21:40:44.712 17329 17678 I VrApi_Clocks: SetSchedFifo( tid=17343, pri=0 ) succeeded
10-25 21:40:44.712 17329 17678 W TimeWarp: VSync 4972880: eye=1,late=8.0ms,over=0.0ms,CPU=0.4ms,GPU>=0.0
10-25 21:40:44.742 17329 17343 I TimeWarp: WarpSwap: usleep( 91 )
10-25 21:40:44.752 17329 17678 W TimeWarp: VSync 4972882: eye=1,late=0.0ms,over=0.1ms,CPU=0.4ms,GPU>=7.9
10-25 21:40:44.752 17329 17678 D VrApi : setSchedFifoStatic tid:17343 pto:1
