10-25 21:41:01.052 3520 3577 W ResourcesManager: getTopLevelResources: /system/priv-app/SecContacts_M/SecContacts_M.apk / 1.0 running in null rsrc of package com.android.contacts
10-25 21:41:01.052 3520 3577 W ResourcesManager: getTopLevelResources: /system/priv-app/SecContacts_M/SecContacts_M.apk / 1.0 running in null rsrc of package com.android.contacts
10-25 21:41:01.052 3520 3577 W ResourcesManager: getTopLevelResources: /system/priv-app/SecContacts_M/SecContacts_M.apk / 1.0 running in null rsrc of package com.android.contacts
10-25 21:41:01.062 3520 3577 W ResourcesManager: getTopLevelResources: /system/priv-app/SecContacts_M/SecContacts_M.apk / 1.0 running in null rsrc of package com.android.contacts
10-25 21:41:01.062 3520 3577 W ResourcesManager: getTopLevelResources: /system/priv-app/SecEmail_M/SecEmail_M.apk / 1.0 running in null rsrc of package com.samsung.android.email.provider
10-25 21:41:01.062 3520 3577 W ResourcesManager: getTopLevelResources: /system/priv-app/SecGallery2015/SecGallery2015.apk / 1.0 running in null rsrc of package com.sec.android.gallery3d
10-25 21:41:01.062 3520 3577 W ResourcesManager: getTopLevelResources: /system/priv-app/SecGallery2015/SecGallery2015.apk / 1.0 running in null rsrc of package com.sec.android.gallery3d
10-25 21:41:01.062 3520 3577 W ResourcesManager: getTopLevelResources: /system/priv-app/SFinder_v4/SFinder_v4.apk / 1.0 running in null rsrc of package com.samsung.android.app.galaxyfinder
10-25 21:41:01.062 3520 3577 W ResourcesManager: getTopLevelResources: /system/priv-app/LiveBroadcast/LiveBroadcast.apk / 1.0 running in null rsrc of package com.sec.android.app.camera.plb
10-25 21:41:01.062 3520 3577 W ResourcesManager: getTopLevelResources: /system/priv-app/LiveBroadcast/LiveBroadcast.apk / 1.0 running in null rsrc of package com.sec.android.app.camera.plb
10-25 21:41:01.062 3520 3577 W ResourcesManager: getTopLevelResources: /system/priv-app/SecMms_Epic_Common/SecMms_Epic_Common.apk / 1.0 running in null rsrc of package com.android.mms
10-25 21:41:01.072 3520 4750 D GraphicsStats: Buffer count: 8
10-25 21:41:01.072 3520 3577 W ResourcesManager: getTopLevelResources: /system/app/SecMemo3/SecMemo3.apk / 1.0 running in null rsrc of package com.samsung.android.app.memo
10-25 21:41:01.072 3520 3577 W ResourcesManager: getTopLevelResources: /system/app/QuickConnect_40/QuickConnect_40.apk / 1.0 running in null rsrc of package com.samsung.android.qconnect
10-25 21:41:01.072 3520 3577 W ResourcesManager: getTopLevelResources: /system/app/SPlanner_M/SPlanner_M.apk / 1.0 running in null rsrc of package com.android.calendar
10-25 21:41:01.072 3520 3577 W ResourcesManager: getTopLevelResources: /system/app/ClockPackage_M_Osup/ClockPackage_M_Osup.apk / 1.0 running in null rsrc of package com.sec.android.app.clockpackage
10-25 21:41:01.072 3520 3577 W ResourcesManager: getTopLevelResources: /system/app/ClockPackage_M_Osup/ClockPackage_M_Osup.apk / 1.0 running in null rsrc of package com.sec.android.app.clockpackage
10-25 21:41:01.072 3520 4533 I VirtualDisplayAdapter: Virtual display device released because application token died: com.samsung.android.hmt.vrsystem
10-25 21:41:01.072 3520 3577 W ResourcesManager: getTopLevelResources: /data/app/com.sec.android.app.voicenote-1/base.apk / 1.0 running in null rsrc of package com.sec.android.app.voicenote
10-25 21:41:01.072 3520 3577 W ResourcesManager: getTopLevelResources: /data/app/com.sec.android.app.sbrowser-1/base.apk / 1.0 running in null rsrc of package com.sec.android.app.sbrowser
10-25 21:41:01.072 3520 3577 W ResourcesManager: getTopLevelResources: /system/app/SecMemo3/SecMemo3.apk / 1.0 running in null rsrc of package com.samsung.android.app.memo
10-25 21:41:01.082 3099 3099 W libEGL : EGLNativeWindowType 0x7f91413e10 disconnect failed
10-25 21:41:01.082 3520 3598 I DisplayManagerService: chipname info: universal7420
10-25 21:41:01.082 3520 3598 I DisplayManagerService: Display device removed: DisplayDeviceInfo{"vr": uniqueId="virtual:com.samsung.android.hmt.vrsystem,10217,vr,0", 1280 x 960, modeId 3, defaultModeId 3, supportedModes [{id=3, width=1280, height=960, fps=60.0}], colorTransformId 0, defaultColorTransformId 0, supportedColorTransforms [], density 640, 640.0 x 640.0 dpi, appVsyncOff 0, presDeadline 16666666, touch NONE, rotation 0, fixedOrientation -1, type VIRTUAL, state ON, owner com.samsung.android.hmt.vrsystem (uid 10217), FLAG_PRIVATE, FLAG_NEVER_BLANK, FLAG_OWN_CONTENT_ONLY}
10-25 21:41:01.082 3520 3598 W DisplayManagerService: Failed to notify process 17353 that displays changed, assuming it died.
10-25 21:41:01.082 3520 3598 W DisplayManagerService: android.os.DeadObjectException
10-25 21:41:01.082 3520 3598 W DisplayManagerService: at android.os.BinderProxy.transactNative(Native Method)
10-25 21:41:01.082 3520 3598 W DisplayManagerService: at android.os.BinderProxy.transact(Binder.java:503)
10-25 21:41:01.082 3520 3598 W DisplayManagerService: at android.hardware.display.IDisplayManagerCallback$Stub$Proxy.onDisplayEvent(IDisplayManagerCallback.java:81)
10-25 21:41:01.082 3520 3598 W DisplayManagerService: at com.android.server.display.DisplayManagerService$CallbackRecord.notifyDisplayEventAsync(DisplayManagerService.java:1832)
10-25 21:41:01.082 3520 3598 W DisplayManagerService: at com.android.server.display.DisplayManagerService.deliverDisplayEvent(DisplayManagerService.java:1616)
10-25 21:41:01.082 3520 3598 W DisplayManagerService: at com.android.server.display.DisplayManagerService.access$500(DisplayManagerService.java:187)
10-25 21:41:01.082 3520 3598 W DisplayManagerService: at com.android.server.display.DisplayManagerService$DisplayManagerHandler.handleMessage(DisplayManagerService.java:1760)
10-25 21:41:01.082 3520 3598 W DisplayManagerService: at android.os.Handler.dispatchMessage(Handler.java:102)
10-25 21:41:01.082 3520 3598 W DisplayManagerService: at android.os.Looper.loop(Looper.java:158)
10-25 21:41:01.082 3520 3598 W DisplayManagerService: at android.os.HandlerThread.run(HandlerThread.java:61)
10-25 21:41:01.082 3520 3598 W DisplayManagerService: at com.android.server.ServiceThread.run(ServiceThread.java:46)
10-25 21:41:01.092 3520 4925 D ActivityManager: isAutoRunBlockedApp:: com.samsung.android.hmt.vrsystem, Auto Run ON
10-25 21:41:01.102 3099 3099 E VirtualDisplaySurface: VirtualDisplaySurface is deleted,WFDMode 0
10-25 21:41:01.102 4521 4521 E Launcher.Model: onPackageChanged :com.samsung.android.hmt.vrsvc
10-25 21:41:01.102 4521 4601 D LauncherApps: getActivityList callingUid: 0 user: 0
10-25 21:41:01.122 4521 4601 D LauncherApps: getActivityList callingUid: 0 user: 0
10-25 21:41:01.122 4521 4601 D Launcher.MenuWidgetsLoader: packageChanged : com.samsung.android.hmt.vrsvc
10-25 21:41:01.122 4521 4521 D Launcher.MenuWidgetsLoader: MenuWidgetLoade-loadMenuWidgets : false
10-25 21:41:01.142 5110 6835 I Icing : Usage reports 0 indexed 0 rejected 0 imm upload false
10-25 21:41:01.152 3520 4287 V BroadcastQueue: [background] Process cur broadcast BroadcastRecord{9803353 u0 android.intent.action.PACKAGE_CHANGED qIdx=4}, state= (APP_RECEIVE) DELIVERED for app ProcessRecord{20d6940 16206:com.android.vending/u0a37}
10-25 21:41:01.162 5110 18109 W IcingInternalCorpora: getNumBytesRead when not calculated.
10-25 21:41:01.162 4521 4521 D Launcher.MenuWidgetsLoader: MenuWidgetLoader-cancel : com.android.launcher2.MenuWidgetsLoader$LoadMenuWidgetsTask@c139d73 , false
10-25 21:41:01.162 4521 4521 D Launcher.MenuWidgetsLoader: packageChanged : com.samsung.android.app.galaxyfinder
10-25 21:41:01.162 4521 10878 D Launcher.MenuWidgetsLoader: MenuWidgetLoader-start : com.android.launcher2.MenuWidgetsLoader$LoadMenuWidgetsTask@8454430 , false
10-25 21:41:01.162 3520 4044 D NetworkPolicy: isUidForegroundLocked: 10078, mScreenOn: true, uidstate: 2, mProxSensorScreenOff: false
10-25 21:41:01.172 5110 6835 I Icing : Usage reports 0 indexed 0 rejected 0 imm upload false
10-25 21:41:01.182 3520 4287 V BroadcastQueue: [background] Process cur broadcast BroadcastRecord{9803353 u0 android.intent.action.PACKAGE_CHANGED qIdx=4}, state= (APP_RECEIVE) DELIVERED for app ProcessRecord{20d6940 16206:com.android.vending/u0a37}
10-25 21:41:01.192 17686 17686 I AppsEdgeBroadcastReceiver: onReceive: android.intent.action.PACKAGE_CHANGED
10-25 21:41:01.192 3520 4287 V BroadcastQueue: [background] Process cur broadcast BroadcastRecord{1c31839 u0 android.intent.action.PACKAGE_CHANGED qIdx=4}, state= (APP_RECEIVE) DELIVERED for app ProcessRecord{1bc13af 17686:com.samsung.android.app.appsedge/u0a238}
10-25 21:41:01.212 3135 3181 D Sensorhubs: readContextData: 1, 1, 26, 1, 1, 1, 66, -58, 1, 0
10-25 21:41:01.212 3520 4008 D SensorHubManager: onGetSensorHubDataLocked: library(10) = 1, 1, 26, 1, 1, 1, 66, -58, 1, 0
10-25 21:41:01.212 3520 4007 D CAE : onGetSensorHubData(SensorHubParserProvider.java:92) - onGetSensorHubData Event [event buffer len :10], AP_WAKEUP
10-25 21:41:01.212 3520 4007 I CAE : parse(SensorHubParserProvider.java:188) - buffer size = 10
10-25 21:41:01.212 3520 4007 I CAE : parse(SensorHubParserProvider.java:199) - 1, 1, 26, 1, 1, 1, 66, -58, 1, 0,
10-25 21:41:01.212 3520 4007 D CAE : display(ContextProvider.java:375) - ================= ACTIVITY_TRACKER =================
10-25 21:41:01.212 3520 4007 I CAE : display(ContextProvider.java:391) - Accuracy=[0], OperationMode=[0], ActivityType=[1], TimeStamp=[1477456859846]
10-25 21:41:01.212 3520 4010 D SContextService: updateSContext() : event = Activity Tracker
10-25 21:41:01.212 3520 3520 D WifiStateMachine: setWifiScanMove bMove = 0
10-25 21:41:01.212 3520 3520 I WifiStateMachine: not vehicle, sendMessageDelayed CMD_SET_SCAN_MOVE with 0
10-25 21:41:01.212 3520 4046 I WifiStateMachine: DriverStartedState :: CMD_SET_SCAN_MOVE(0)
10-25 21:41:01.212 4319 4319 I wpa_supplicant: @@wpa_supplicant_set_scan_move : set [0]
10-25 21:41:01.212 3520 4287 V BroadcastQueue: [background] Process cur broadcast BroadcastRecord{1c31839 u0 android.intent.action.PACKAGE_CHANGED qIdx=4}, state= (APP_RECEIVE) DELIVERED for app ProcessRecord{765e884 4574:android.process.acore/u0a29}
10-25 21:41:01.212 3520 3520 D WifiService: mActivityTrackerListener: onSContextChanged(): 25
10-25 21:41:01.212 3520 3520 D WifiService: ACTIVITY_STATUS_STATIONARY
10-25 21:41:01.212 3520 3520 D WifiService: setWifiScanWithSensor bMove = 0
10-25 21:41:01.222 3520 4287 V BroadcastQueue: [background] Process cur broadcast BroadcastRecord{1c31839 u0 android.intent.action.PACKAGE_CHANGED qIdx=4}, state= (APP_RECEIVE) DELIVERED for app ProcessRecord{559656c 17702:com.samsung.android.app.taskedge/u0a242}
10-25 21:41:01.232 17702 17702 I TaskEdgeBroadcastReceiver: onReceive:android.intent.action.PACKAGE_CHANGED
10-25 21:41:01.242 17716 17716 D FileShare-Server: ServerBroadcastReceiver.onReceive - action android.intent.action.PACKAGE_CHANGED // package:com.samsung.android.hmt.vrsvc
10-25 21:41:01.242 4521 4521 D Launcher.MenuWidgetsLoader: MenuWidgetLoader-done : com.android.launcher2.MenuWidgetsLoader$LoadMenuWidgetsTask@8454430 , update : false , size : 54
10-25 21:41:01.242 3520 4287 V BroadcastQueue: [background] Process cur broadcast BroadcastRecord{1c31839 u0 android.intent.action.PACKAGE_CHANGED qIdx=4}, state= (APP_RECEIVE) DELIVERED for app ProcessRecord{2164c91 17716:com.samsung.android.app.FileShareServer/5005}
10-25 21:41:01.252 3520 4604 V BroadcastQueue: [background] Process cur broadcast BroadcastRecord{1c31839 u0 android.intent.action.PACKAGE_CHANGED qIdx=4}, state= (APP_RECEIVE) DELIVERED for app ProcessRecord{7f8f7f6 17728:com.enhance.gameservice/u0a138}
10-25 21:41:01.262 3520 4604 V BroadcastQueue: [background] Process cur broadcast BroadcastRecord{1c31839 u0 android.intent.action.PACKAGE_CHANGED qIdx=4}, state= (APP_RECEIVE) DELIVERED for app ProcessRecord{ed2b7f7 17742:com.samsung.android.app.watchmanagerstub/u0a139}
10-25 21:41:01.272 17742 17742 D PackageIntentReceiver: onReceive::android.intent.action.PACKAGE_CHANGED
10-25 21:41:01.272 17742 17742 D PackageIntentReceiver: ACTION_PACKAGE_CHANGED : com.samsung.android.hmt.vrsvc
10-25 21:41:01.272 17742 17742 D PackageIntentReceiver: Not GearManger package!
10-25 21:41:01.282 16548 16548 I SAPackageEventReceiver: The current enabled state for com.samsung.android.hmt.vrsvc : 0
10-25 21:41:01.282 16548 16548 D SAPackageEventReceiver: registerService : com.samsung.android.hmt.vrsvc
10-25 21:41:01.282 3520 4604 V BroadcastQueue: [background] Process cur broadcast BroadcastRecord{1c31839 u0 android.intent.action.PACKAGE_CHANGED qIdx=4}, state= (APP_RECEIVE) DELIVERED for app ProcessRecord{e91a288 16548:com.samsung.accessory.framework/u0a20}
10-25 21:41:01.292 3520 4604 V BroadcastQueue: [background] Process cur broadcast BroadcastRecord{1c31839 u0 android.intent.action.PACKAGE_CHANGED qIdx=4}, state= (APP_RECEIVE) DELIVERED for app ProcessRecord{d64b33 4782:com.google.android.gms.persistent/u0a21}
10-25 21:41:01.312 3520 4287 V BroadcastQueue: [background] Process cur broadcast BroadcastRecord{1c31839 u0 android.intent.action.PACKAGE_CHANGED qIdx=4}, state= (APP_RECEIVE) DELIVERED for app ProcessRecord{c0129b6 16794:com.sec.android.app.shealth:remote/u0a42}
10-25 21:41:01.342 3520 4287 V BroadcastQueue: [background] Process cur broadcast BroadcastRecord{1c31839 u0 android.intent.action.PACKAGE_CHANGED qIdx=4}, state= (APP_RECEIVE) DELIVERED for app ProcessRecord{5bd697e 22727:com.google.android.googlequicksearchbox:search/u0a78}
10-25 21:41:01.362 3520 4044 D NetworkPolicy: isUidForegroundLocked: 10078, mScreenOn: true, uidstate: 3, mProxSensorScreenOff: false
10-25 21:41:01.372 22727 18114 I UpdateIcingCorporaServi: Updating corpora: APPS=com.samsung.android.hmt.vrsvc, CONTACTS=MAYBE
10-25 21:41:01.382 3520 4287 V BroadcastQueue: [background] Process cur broadcast BroadcastRecord{1c31839 u0 android.intent.action.PACKAGE_CHANGED qIdx=4}, state= (APP_RECEIVE) DELIVERED for app ProcessRecord{5bd697e 22727:com.google.android.googlequicksearchbox:search/u0a78}
10-25 21:41:01.392 5110 6835 I Icing : Usage reports 0 indexed 0 rejected 0 imm upload false
10-25 21:41:01.402 3520 4287 V BroadcastQueue: [background] Process cur broadcast BroadcastRecord{1c31839 u0 android.intent.action.PACKAGE_CHANGED qIdx=4}, state= (APP_RECEIVE) DELIVERED for app ProcessRecord{30fcfbb 20025:com.tmobile.pr.mytmobile/u0a0}
10-25 21:41:01.412 5110 6835 I Icing : Usage reports 0 indexed 0 rejected 0 imm upload false
10-25 21:41:01.422 3520 4287 V BroadcastQueue: [background] Process cur broadcast BroadcastRecord{1c31839 u0 android.intent.action.PACKAGE_CHANGED qIdx=4}, state= (APP_RECEIVE) DELIVERED for app ProcessRecord{20d6940 16206:com.android.vending/u0a37}
10-25 21:41:01.432 22727 18114 I UpdateIcingCorporaServi: UpdateCorporaTask done [took 65 ms] updated apps [took 65 ms]
10-25 21:41:01.432 3520 4287 V BroadcastQueue: [background] Process cur broadcast BroadcastRecord{1c31839 u0 android.intent.action.PACKAGE_CHANGED qIdx=4}, state= (APP_RECEIVE) DELIVERED for app ProcessRecord{20d6940 16206:com.android.vending/u0a37}
10-25 21:41:01.452 3520 4287 V BroadcastQueue: [background] Process cur broadcast BroadcastRecord{6d0648a u0 com.samsung.android.intent.action.PACKAGE_CHANGED qIdx=4}, state= (APP_RECEIVE) DELIVERED for app ProcessRecord{b97289f 16813:com.sec.android.app.shealth/u0a42}
10-25 21:41:01.462 16592 16634 I Quasar : start to send events
10-25 21:41:01.462 3520 4287 V BroadcastQueue: [background] Process cur broadcast BroadcastRecord{2190afb u0 com.google.android.gms.icing.action.CONTACT_CHANGED qIdx=4}, state= (APP_RECEIVE) DELIVERED for app ProcessRecord{d64b33 4782:com.google.android.gms.persistent/u0a21}
10-25 21:41:01.462 3520 4044 D NetworkPolicy: isUidForegroundLocked: 10078, mScreenOn: true, uidstate: 2, mProxSensorScreenOff: false
10-25 21:41:01.472 3520 4287 V BroadcastQueue: [background] Process cur broadcast BroadcastRecord{f245718 u0 com.samsung.android.intent.action.PACKAGE_CHANGED qIdx=4}, state= (APP_RECEIVE) DELIVERED for app ProcessRecord{b97289f 16813:com.sec.android.app.shealth/u0a42}
10-25 21:41:01.472 16592 16634 W ActivityThread: ClassLoader.loadClass: The class loader returned by Thread.getContextClassLoader() may fail for processes that host multiple applications. You should explicitly specify a context class loader. For example: Thread.setContextClassLoader(getClass().getClassLoader());
10-25 21:41:01.482 16592 16634 I System.out: (HTTPLog)-Static: isSBSettingEnabled false
10-25 21:41:01.482 16592 16634 I System.out: (HTTPLog)-Static: isSBSettingEnabled false
10-25 21:41:01.492 3110 3781 D EnterpriseController: netId is 0
10-25 21:41:01.492 3110 3781 D Netd : getNetworkForDns: using netid 502 for uid 10013
10-25 21:41:01.932 16592 16634 I Quasar : 200:Total 1 client events logged
10-25 21:41:02.172 5110 22137 I Icing : Indexing 84F31B9B811550257F8E65DCF03199089E575834 from com.google.android.gms
10-25 21:41:02.182 5110 22137 I Icing : Indexing done 84F31B9B811550257F8E65DCF03199089E575834
10-25 21:41:02.412 5110 6835 I Icing : Indexing 84F31B9B811550257F8E65DCF03199089E575834 from com.google.android.gms
10-25 21:41:02.422 5110 6835 I Icing : Indexing done 84F31B9B811550257F8E65DCF03199089E575834
10-25 21:41:02.512 3520 4041 I ActivityManager: Killing 17302:com.samsung.android.sdk.professionalaudio.utility.jammonitor/u0a185 (adj 15): DHA:empty #31
10-25 21:41:02.552 3520 4750 D ActivityManager: isAutoRunBlockedApp:: com.samsung.android.sdk.professionalaudio.utility.jammonitor, Auto Run ON
10-25 21:41:02.982 3520 8428 D SSRM:n : SIOP:: AP = 340, PST = 322 (W:10), CP = 272, CUR = 704, LCD = 191
10-25 21:41:03.032 22727 22727 I GrammarCompilationSvcCt: #startService for null, APP_NAMES.
10-25 21:41:03.042 3520 4044 D NetworkPolicy: isUidForegroundLocked: 10078, mScreenOn: true, uidstate: 3, mProxSensorScreenOff: false
10-25 21:41:03.052 22727 18123 I ContextCompilationHandl: Compiling grammar for: en-US, type=APP_NAMES
10-25 21:41:03.112 5110 6496 I Icing : Query from com.google.android.googlequicksearchbox package restrict com.google.android.gms start 0 num 1000
10-25 21:41:03.132 5110 22137 I Icing : Usage reports 0 indexed 0 rejected 0 imm upload true
10-25 21:41:03.132 5110 22137 I Icing : Usage reports 0 indexed 0 rejected 0 imm upload true
10-25 21:41:03.432 22727 18123 E native : :0 Cannot transform: lighting01
10-25 21:41:03.432 22727 18123 W native : :0 Cannot transform: lighting01
10-25 21:41:03.432 22727 18123 E native : :0 Cannot transform: test_demo01
10-25 21:41:03.432 22727 18123 W native : :0 Cannot transform: test_demo01
10-25 21:41:03.482 22727 18123 W native : :0 Phrase not compiled:
10-25 21:41:03.482 22727 18123 W native : written_phrase {
10-25 21:41:03.482 22727 18123 W native : weight: 1
10-25 21:41:03.482 22727 18123 W native : written_word: "lighting01"
10-25 21:41:03.482 22727 18123 W native : original_phrase: "lighting01"
10-25 21:41:03.482 22727 18123 W native : }
10-25 21:41:03.482 22727 18123 W native : spoken_phrase {
10-25 21:41:03.482 22727 18123 W native : spoken_forms {
10-25 21:41:03.482 22727 18123 W native : variant: "lighting01"
10-25 21:41:03.482 22727 18123 W native : }
10-25 21:41:03.482 22727 18123 W native : }
10-25 21:41:03.482 22727 18123 W native :
10-25 21:41:03.482 22727 18123 W native : Unknown grapheme: '0'
10-25 21:41:03.482 22727 18123 W native : :0 Phrase not compiled:
10-25 21:41:03.482 22727 18123 W native : written_phrase {
10-25 21:41:03.482 22727 18123 W native : weight: 1
10-25 21:41:03.482 22727 18123 W native : written_word: "test_demo01"
10-25 21:41:03.482 22727 18123 W native : original_phrase: "test_demo01"
10-25 21:41:03.482 22727 18123 W native : }
10-25 21:41:03.482 22727 18123 W native : spoken_phrase {
10-25 21:41:03.482 22727 18123 W native : spoken_forms {
10-25 21:41:03.482 22727 18123 W native : variant: "testdemo01"
10-25 21:41:03.482 22727 18123 W native : }
10-25 21:41:03.482 22727 18123 W native : }
10-25 21:41:03.482 22727 18123 W native :
10-25 21:41:03.482 22727 18123 W native : Unknown grapheme: '0'
10-25 21:41:03.562 4425 4425 D WfcPhoneStateListener: onSignalStrengthsChanged(): signal strength did not change
10-25 21:41:03.562 4130 4343 D NetworkController.MobileSignalController(0/2147483643): onSignalStrengthsChanged signalStrength=SignalStrength: 18 99 -18 -200 -18 -200 -1 99 2147483647 2147483647 2147483647 2147483647 2147483647 0x5 gsm|lte level=5
10-25 21:41:03.562 4130 4343 D NetworkController.MobileSignalController(0/2147483643): getMobileIconGroup(): 0
10-25 21:41:03.562 4130 4343 D NetworkController.MobileSignalController(0/2147483643): updateTMOMobileIconGroup(): 0
10-25 21:41:03.592 3520 4750 D BatteryService: !@BatteryListener : batteryPropertiesChanged!
10-25 21:41:03.592 3520 4750 D BatteryService: level:100, scale:100, status:2, health:2, present:true, voltage: 4074, temperature: 267, technology: Li-ion, AC powered:false, USB powered:true, POGO powered:false, Wireless powered:false, icon:17303413, invalid charger:0, maxChargingCurrent:0
10-25 21:41:03.592 3520 4750 D BatteryService: online:4, current avg:-578, charge type:2, power sharing:false, high voltage charger:false, capacity:280000, batterySWSelfDischarging:false, current_now:-236
10-25 21:41:03.592 3520 3520 D BatteryService: Sending ACTION_BATTERY_CHANGED.
10-25 21:41:03.602 3520 3520 I Tethering: BATTERY_CHANGED, level = 100lowBatteryThreshold = 15
10-25 21:41:03.602 4130 4130 D KeyguardUpdateMonitor: received broadcast android.intent.action.BATTERY_CHANGED
10-25 21:41:03.602 4130 4130 D KeyguardUpdateMonitor: handleBatteryUpdate
10-25 21:41:03.602 3520 3520 I MotionRecognitionService: Plugged
10-25 21:41:03.602 3520 3520 D MotionRecognitionService: cableConnection= 1
10-25 21:41:03.602 3520 3520 D MotionRecognitionService: setPowerConnected | current backoffstate = 1024 , state =1024
10-25 21:41:03.602 3520 3520 D MotionRecognitionService: skip setTransmitPower.
10-25 21:41:03.602 4130 4130 D PowerUI : priorPlugType = 2 mPlugType = 2
10-25 21:41:03.602 4130 4130 D PowerUI.Notification: showChargingNotice oldChargingType : 5 currentChargingType : 5 oldChargingTime : -1 mChargingTime : -1
10-25 21:41:03.602 4130 4130 D PowerUI.Notification: There is no change about charging status, so return!
10-25 21:41:03.612 4590 4590 D BatteryMonitor: new battery level: 100
10-25 21:41:03.632 4130 4130 D BatteryMeterView: ACTION_BATTERY_CHANGED : level:100 status:2 health:2
10-25 21:41:03.632 4130 4130 D BatteryMeterView: ACTION_BATTERY_CHANGED : level:100 status:2 health:2
10-25 21:41:04.882 4521 4521 V LauncherAppWidgetHostView: calculateWidgetSize: (target widgetsize) using w/h 1359 712 span 5 2 (widgetid 3) [current Gridsize : GRID_5x5]
10-25 21:41:04.882 4521 4521 D LauncherAppWidgetHostView: calculateWidgetSize() widget = T-Mobile TV(widget id = 3) result hostview size = 1771 x 927
10-25 21:41:04.882 4521 4521 D LauncherAppWidgetHostView: setResizeScaleResult() 1771/ 927 scaleToResize = 0.7673631(widget id = 3)
10-25 21:41:06.192 3135 3181 D Sensorhubs: readContextData: 1, 1, 26, 1, 1, 1, 86, 58, 1, 1
10-25 21:41:06.202 3520 4008 D SensorHubManager: onGetSensorHubDataLocked: library(10) = 1, 1, 26, 1, 1, 1, 86, 58, 1, 1
10-25 21:41:06.202 3520 4007 D CAE : onGetSensorHubData(SensorHubParserProvider.java:92) - onGetSensorHubData Event [event buffer len :10], AP_WAKEUP
10-25 21:41:06.202 3520 4007 I CAE : parse(SensorHubParserProvider.java:188) - buffer size = 10
10-25 21:41:06.202 3520 4007 I CAE : parse(SensorHubParserProvider.java:199) - 1, 1, 26, 1, 1, 1, 86, 58, 1, 1,
10-25 21:41:06.202 3520 4007 D CAE : display(ContextProvider.java:375) - ================= ACTIVITY_TRACKER =================
10-25 21:41:06.202 3520 4007 I CAE : display(ContextProvider.java:391) - Accuracy=[1], OperationMode=[0], ActivityType=[1], TimeStamp=[1477456864826]
10-25 21:41:06.202 3520 4010 D SContextService: updateSContext() : event = Activity Tracker
10-25 21:41:06.212 3520 3520 D WifiService: mActivityTrackerListener: onSContextChanged(): 25
10-25 21:41:06.212 3520 3520 D WifiService: ACTIVITY_STATUS_STATIONARY
10-25 21:41:07.252 3520 4387 V AlarmManager: remove PendingIntent] PendingIntent{6b0fae2: PendingIntentRecord{6e409ad com.oculus.horizon broadcastIntent}}
10-25 21:41:07.272 17378 17580 I System.out: (HTTPLog)-Static: isSBSettingEnabled false
10-25 21:41:07.272 17378 17580 I System.out: (HTTPLog)-Static: isSBSettingEnabled false
10-25 21:41:07.272 3110 3781 D EnterpriseController: netId is 0
10-25 21:41:07.272 3110 3781 D Netd : getNetworkForDns: using netid 502 for uid 10220
10-25 21:41:07.582 17378 17580 I WakeupUtil: Call Home wakeup for: DO_LOGGING
10-25 21:41:07.622 3520 3581 V BroadcastQueue: [background] Process cur broadcast BroadcastRecord{297de73 u0 com.oculus.home.wakeup qIdx=4}, state= (APP_RECEIVE) DELIVERED for app ProcessRecord{fe3d1f3 17455:com.oculus.home/u0a220}
10-25 21:41:07.622 3520 4044 D NetworkPolicy: isUidForegroundLocked: 10078, mScreenOn: true, uidstate: 2, mProxSensorScreenOff: false
10-25 21:41:07.622 3520 4044 D NetworkPolicy: isUidForegroundLocked: 10021, mScreenOn: true, uidstate: 2, mProxSensorScreenOff: false
10-25 21:41:08.302 3520 4041 D BatteryService: !@BatteryListener : batteryPropertiesChanged!
10-25 21:41:08.302 3520 4041 D BatteryService: level:100, scale:100, status:2, health:2, present:true, voltage: 4221, temperature: 270, technology: Li-ion, AC powered:false, USB powered:true, POGO powered:false, Wireless powered:false, icon:17303413, invalid charger:0, maxChargingCurrent:0
10-25 21:41:08.302 3520 4041 D BatteryService: online:4, current avg:-421, charge type:2, power sharing:false, high voltage charger:false, capacity:280000, batterySWSelfDischarging:false, current_now:-37
10-25 21:41:08.312 3520 3520 D BatteryService: Sending ACTION_BATTERY_CHANGED.
10-25 21:41:08.312 3520 3520 I MotionRecognitionService: Plugged
10-25 21:41:08.312 3520 3520 D MotionRecognitionService: cableConnection= 1
10-25 21:41:08.312 3520 3520 D MotionRecognitionService: setPowerConnected | current backoffstate = 1024 , state =1024
10-25 21:41:08.312 3520 3520 D MotionRecognitionService: skip setTransmitPower.
10-25 21:41:08.322 3520 3520 I Tethering: BATTERY_CHANGED, level = 100lowBatteryThreshold = 15
10-25 21:41:08.322 4130 4130 D KeyguardUpdateMonitor: received broadcast android.intent.action.BATTERY_CHANGED
10-25 21:41:08.322 4130 4130 D KeyguardUpdateMonitor: handleBatteryUpdate
10-25 21:41:08.332 4130 4130 D PowerUI : priorPlugType = 2 mPlugType = 2
10-25 21:41:08.332 4130 4130 D PowerUI.Notification: showChargingNotice oldChargingType : 5 currentChargingType : 5 oldChargingTime : -1 mChargingTime : -1
10-25 21:41:08.332 4130 4130 D PowerUI.Notification: There is no change about charging status, so return!
10-25 21:41:08.352 4590 4590 D BatteryMonitor: new battery level: 100
10-25 21:41:08.372 4130 4130 D BatteryMeterView: ACTION_BATTERY_CHANGED : level:100 status:2 health:2
10-25 21:41:08.372 4130 4130 D BatteryMeterView: ACTION_BATTERY_CHANGED : level:100 status:2 health:2
10-25 21:41:08.382 3520 4044 D NetworkPolicy: isUidForegroundLocked: 10021, mScreenOn: true, uidstate: 3, mProxSensorScreenOff: false
10-25 21:41:09.072 18130 18130 E Zygote : v2
10-25 21:41:09.072 18130 18130 I SELinux : Function: selinux_compare_spd_ram, index[1], SPD-policy is existed. and_ver=SEPF_SECMOBILE_6.0.1 ver=11
10-25 21:41:09.072 18130 18130 W SELinux : Function: selinux_compare_spd_ram, index[1], priority [2], priority version is VE=SEPF_SECMOBILE_6.0.1_0013
10-25 21:41:09.072 18130 18130 E Zygote : accessInfo : 0
10-25 21:41:09.072 18130 18130 W SELinux : SELinux: seapp_context_lookup: seinfo=platform, level=s0:c512,c768, pkgname=com.samsung.enhanceservice
10-25 21:41:09.072 18130 18130 I libpersona: KNOX_SDCARD checking this for 5004
10-25 21:41:09.072 18130 18130 I libpersona: KNOX_SDCARD not a persona
10-25 21:41:09.072 3520 3581 I ActivityManager: Start proc 18130:com.samsung.enhanceservice/5004 for service com.samsung.enhanceservice/.EnhanceService
10-25 21:41:09.112 18130 18130 D TimaKeyStoreProvider: TimaSignature is unavailable
10-25 21:41:09.112 18130 18130 D ActivityThread: Added TimaKeyStore provider
10-25 21:41:09.142 18130 18130 I InjectionManager: Inside getClassLibPath + mLibMap{0=, 1=}
10-25 21:41:09.142 18130 18130 W ResourcesManager: getTopLevelResources: /system/priv-app/EnhanceService/EnhanceService.apk / 1.0 running in com.samsung.enhanceservice rsrc of package com.samsung.enhanceservice
10-25 21:41:09.142 3520 4392 I InjectionManagerService -AppFeature: getCoreFeaturePkgList :[]
10-25 21:41:09.142 18130 18130 D ResourcesManager: For user 0 new overlays fetched Null
10-25 21:41:09.152 18130 18130 I InjectionManager: Inside getClassLibPath caller
10-25 21:41:09.162 18130 18130 W System : ClassLoader referenced unknown path: /system/priv-app/EnhanceService/lib/arm64
10-25 21:41:09.162 18130 18130 D InjectionManager: InjectionManager
10-25 21:41:09.162 18130 18130 D InjectionManager: fillFeatureStoreMap com.samsung.enhanceservice
10-25 21:41:09.162 18130 18130 I InjectionManager: Constructor com.samsung.enhanceservice, Feature store :{}
10-25 21:41:09.162 18130 18130 I InjectionManager: featureStore :{}
10-25 21:41:09.172 18130 18130 I EnhanceService: [EnhanceService] onbind () called
10-25 21:41:09.182 17001 17001 I ServiceManager: [#CMH#] Bound to Package com.samsung.enhanceservice
10-25 21:41:09.182 3520 4533 I ActivityManager: Killing 17378:com.oculus.horizon/u0a220 (adj 15): DHA:empty #31
10-25 21:41:09.192 18130 18130 I EnhanceService: [EnhanceService] onSetResponseHandler () called
10-25 21:41:09.202 3520 4850 D ActivityManager: isAutoRunBlockedApp:: com.oculus.horizon, Auto Run ON
10-25 21:41:10.192 17001 17048 I ReschedulableTimer: [#CMH#] ReschedulableTimer started
10-25 21:41:10.882 4521 4521 V LauncherAppWidgetHostView: calculateWidgetSize: (target widgetsize) using w/h 1359 712 span 5 2 (widgetid 3) [current Gridsize : GRID_5x5]
10-25 21:41:10.882 4521 4521 D LauncherAppWidgetHostView: calculateWidgetSize() widget = T-Mobile TV(widget id = 3) result hostview size = 1771 x 927
10-25 21:41:10.882 4521 4521 D LauncherAppWidgetHostView: setResizeScaleResult() 1771/ 927 scaleToResize = 0.7673631(widget id = 3)
10-25 21:41:11.592 3520 3988 D TimaService: TIMA: TimaService scheduler is intialized.
10-25 21:41:11.592 3520 3988 D TimaService: TIMA: checkEvent, operation: 50000 subject: 10000
10-25 21:41:11.592 3520 3987 D TimaService: TimaServiceHandler.handleMessage what =1
10-25 21:41:13.032 3520 8428 D SSRM:n : SIOP:: AP = 310, PST = 322 (W:16), CP = 269, CUR = 453, LCD = 191
10-25 21:41:16.902 4521 4521 V LauncherAppWidgetHostView: calculateWidgetSize: (target widgetsize) using w/h 1359 712 span 5 2 (widgetid 3) [current Gridsize : GRID_5x5]
10-25 21:41:16.902 4521 4521 D LauncherAppWidgetHostView: calculateWidgetSize() widget = T-Mobile TV(widget id = 3) result hostview size = 1771 x 927
10-25 21:41:16.902 4521 4521 D LauncherAppWidgetHostView: setResizeScaleResult() 1771/ 927 scaleToResize = 0.7673631(widget id = 3)
10-25 21:41:17.712 3520 3603 E SmartFaceManager: checkForSmartStay S
10-25 21:41:17.712 3520 3603 D PowerManagerService: [smart stay] handleSmartStay
10-25 21:41:17.722 3520 3603 D SmartFaceManager: Sending smart-stay-framecount-reset: to service
10-25 21:41:17.722 28775 28786 E SmartFaceService: setValue, key: empty key for ping value: empty value
10-25 21:41:17.722 28775 28786 E SmartFaceService: Client not found. for command: empty key for ping
10-25 21:41:17.722 28775 28785 E SmartFaceService: setValue, key: smart-stay-framecount-reset value:
10-25 21:41:17.722 28775 15084 E SmartFaceService: setValue, key: empty key for ping value: empty value
10-25 21:41:17.722 28775 15084 E SmartFaceService: Client not found. for command: empty key for ping
10-25 21:41:17.732 28775 28786 E SmartFaceService: register:84318823
10-25 21:41:17.742 28775 28786 E SmartFaceService: register, serviceType(100) pid 3520 : system
10-25 21:41:17.752 28775 28786 E SmartFaceService.Client: New SmartFaceService.Client, service type: 100 pid: 3520 appName: system
10-25 21:41:17.752 28775 28786 E SmartFaceService: mLightIntensityEnough: true mLux: 0.0
10-25 21:41:17.752 28775 28786 D Stay/Rotation Worker: client added
10-25 21:41:17.752 28775 28786 D Stay/Rotation Worker: updateClientsDone. def. do nothing.
10-25 21:41:17.752 28775 28786 E SmartFaceService: Service Type to Worker: 100
10-25 21:41:17.752 28775 28786 E SmartFaceService: Last Active clients:0 Current Active clients: 1
10-25 21:41:17.752 28775 28786 E SmartFaceService: Last Smart Pause clients: 0 Current Smart Pause clients: 0
10-25 21:41:17.752 28775 28786 E SmartFaceService: We have active clients. open camera
10-25 21:41:17.752 3520 3603 W PowerManagerService: [smart stay] updateUserActivitySummaryLocked : don't have time to smart stay
10-25 21:41:17.752 28775 28786 E SmartFaceService: mWakeLock.acquire() in FD
10-25 21:41:17.752 28775 28786 D SmartFaceIndicator: no icon
10-25 21:41:17.762 28775 28793 E SecCamera-JNI-Java: SecCamera.open()
10-25 21:41:17.762 28775 28786 E CameraController: openCamera S
10-25 21:41:17.762 28775 28786 E CameraController: sendMessageAndWait, lock.lock before
10-25 21:41:17.762 28775 28786 E CameraController: sendMessageAndWait, lock.lock after
10-25 21:41:17.762 28775 28786 E CameraController: Wait for 1
10-25 21:41:17.762 28775 28786 E CameraController: waitHere, condition var. will be used. related lock release and re-acquired after await done.
10-25 21:41:17.762 28775 28793 E CameraController: handleMessage(1) before lock{ when=-1ms what=1 arg1=4 target=com.samsung.android.smartface.CameraController$EventHandler }
10-25 21:41:17.762 28775 28793 E CameraController: handleMessage, lock.lock after
10-25 21:41:17.762 28775 28793 E CameraController: handleMessage(1) after lock{ when=-2ms what=1 arg1=4 target=com.samsung.android.smartface.CameraController$EventHandler }
10-25 21:41:17.762 28775 28793 E CameraController: isCameraAllowed: true
10-25 21:41:17.762 28775 28793 E CameraController: open() as 100
10-25 21:41:17.772 3126 5080 I CameraService: CameraService::connect call (PID 28775 "com.samsung.android.smartface", camera ID 1) for HAL version default and Camera API version 1
10-25 21:41:17.772 3520 4604 I EDMNativeHelperService: isCameraEnabled
10-25 21:41:17.782 3126 5080 E CameraService: companion_disable property set to enable
10-25 21:41:17.792 3126 5080 I CameraService: Country code is USA
10-25 21:41:17.792 3126 5080 V CameraService: startCameraOps: Start camera ops, package name = com.samsung.android.smartface, client UID = 1000
10-25 21:41:17.792 3126 18143 V MediaPlayer: constructor
10-25 21:41:17.792 3126 18143 E Parcel : Reading a NULL string not supported here.
10-25 21:41:17.792 3126 18143 V MediaPlayerService: Create new client(189) from pid 3126, uid 1013,
10-25 21:41:17.792 3126 18143 I MediaPlayerService: Setting player type to NuPlayer
10-25 21:41:17.792 3126 18143 V MediaPlayerService: player type = 4
10-25 21:41:17.792 3126 18143 V NuPlayerDriver: NuPlayerDriver(0xf178c080)
10-25 21:41:17.792 3126 18143 V AudioSink: AudioOutput(525)
10-25 21:41:17.792 3126 18144 V NuPlayer: kWhatSetAudioSink
10-25 21:41:17.792 3126 18143 V NuPlayerDriver: setDataSource(0xf178c080) url()
10-25 21:41:17.792 3126 18143 V GenericSource: setDefault
10-25 21:41:17.792 3126 18143 V NuPlayer: url=/system/media/audio/ui/Shutter.ogg
10-25 21:41:17.792 3126 18144 V NuPlayer: kWhatSetDataSource
10-25 21:41:17.792 3126 18143 V MediaPlayerService: [189] getParameter(31700)
10-25 21:41:17.792 3126 18143 V MediaPlayer: MediaPlayer::setAudioStreamType
10-25 21:41:17.792 3126 18143 V MediaPlayer: prepare
10-25 21:41:17.792 3126 18143 V MediaPlayerService: [189] setAudioStreamType(1)
10-25 21:41:17.792 3126 18143 V MediaPlayerService: [189] prepareAsync
10-25 21:41:17.792 3126 18143 V NuPlayerDriver: prepareAsync(0xf178c080)
10-25 21:41:17.802 3126 18144 V GenericSource: [Flag] set 0x8 -> mFlags = 0x8
10-25 21:41:17.802 3126 18145 V GenericSource: onPrepareAsync
10-25 21:41:17.802 3126 5080 D SecCameraCoreManager: !@ SecCameraCoreManager created: pid=3126, cameraId=1
10-25 21:41:17.802 3126 5080 E SecCameraCoreManager: initialize1
10-25 21:41:17.802 3126 5080 I SecCameraCoreManager: Opening camera 1
10-25 21:41:17.802 3126 5080 I Samsung_HAL_V1: [OpenLagacy_v1][610] name(1) cameraId(1) EnableLog_v1(0)
10-25 21:41:17.802 3126 5080 I ExynosCamera3Interface: INFO(HAL_open_legacy[443]):in =====
10-25 21:41:17.802 3126 5080 I ExynosCamera3Interface: INFO(HAL_open_legacy[463]):out =====
10-25 21:41:17.802 3126 5080 I ExynosCamera3Interface: INFO(HAL_camera_device_open[624]):camera(1) in
10-25 21:41:17.802 3126 5080 D ExynosCamera3Interface: DEBUG(check_camera_state):camera(1) state(1) checking...
10-25 21:41:17.802 3126 5080 D ExynosCamera3Interface: DEBUG(check_camera_state):camera(1) state(3:CLOSED->1:OPENED) is valid
10-25 21:41:17.802 3126 5080 D ExynosCamera3Interface: DEBUG(HAL_camera_device_open):open camera 1
10-25 21:41:17.802 3126 5080 E ExynosCamera: Build Date is (Aug 29 2016) (20:29:56)
10-25 21:41:17.802 3126 5080 D ExynosCameraUtils: DEBUG(checkAndroidVersion[2056]): Tartget Android version (4.4), build version (6.0.1)
10-25 21:41:17.802 3126 5080 I ExynosCamera: [CAM_ID(1)][]-INFO(ExynosCamera):cameraId(1), use_companion(1)
10-25 21:41:17.802 3126 5080 D ExynosCamera: [CAM_ID(1)][]-DEBUG(ExynosCamera): companionThread starts
10-25 21:41:17.802 3126 18145 I OggExtractor: OggSource::OggSource() mExtractor ref count = 4
10-25 21:41:17.802 3126 18145 I AnotherPacketSource: setFormat() audio
10-25 21:41:17.802 3126 18145 V GenericSource: setDefault
10-25 21:41:17.802 3126 18145 I GenericSource: ORmode enable : mUnsupportedAudio = 0 mUnsupportedVideo = 0 mHaveAudio = 1 mHaveVideo = 0
10-25 21:41:17.802 3126 18144 V NuPlayer: prepare posted successfully.
10-25 21:41:17.802 3126 18145 V GenericSource: onPrepareAsyncEvent() done
10-25 21:41:17.802 3126 5080 D ExynosCameraSensorInfo: createSensorInfo[34] sensor ID(21)
10-25 21:41:17.812 3126 18144 V NuPlayer: mUnsupportedAudio = 0, mUnsupportedVideo = 0, mHaveAudioTrack = 1, mHaveVideoTrack = 0
10-25 21:41:17.812 3126 18144 V NuPlayer: msg : 200, ext1 : 10973, ext2 : 0
10-25 21:41:17.812 3126 18144 D NuPlayerDriver: notifyListener_l(0xf178c080), (200, 10973, 0)
10-25 21:41:17.812 3126 18144 V MediaPlayerService: [189] notify (0xe8954580, 200, 10973, 0)
10-25 21:41:17.812 3126 18144 V MediaPlayer: message received msg=200, ext1=10973, ext2=0
10-25 21:41:17.812 3126 18144 W MediaPlayer: info/warning (10973, 0)
10-25 21:41:17.812 3126 18144 V NuPlayer: extractMetadata Tracks : 1
10-25 21:41:17.812 3126 18144 V NuPlayer: enableInbandTextFromExtr
10-25 21:41:17.812 3126 18144 D NuPlayerDriver: notifyListener_l(0xf178c080), (1, 0, 0)
10-25 21:41:17.812 3126 18144 V MediaPlayerService: [189] notify (0xe8954580, 1, 0, 0)
10-25 21:41:17.812 3126 18144 V MediaPlayer: message received msg=1, ext1=0, ext2=0
10-25 21:41:17.812 3126 18144 V MediaPlayer: prepared
10-25 21:41:17.812 3126 18144 V MediaPlayer: signal application thread
10-25 21:41:17.812 3126 18143 V MediaPlayer: prepare complete - status=0
10-25 21:41:17.812 3126 18143 V MediaPlayer: constructor
10-25 21:41:17.812 3126 18143 E Parcel : Reading a NULL string not supported here.
10-25 21:41:17.812 3126 18143 V MediaPlayerService: Create new client(190) from pid 3126, uid 1013,
10-25 21:41:17.812 3126 18143 I MediaPlayerService: Setting player type to NuPlayer
10-25 21:41:17.812 3126 18143 V MediaPlayerService: player type = 4
10-25 21:41:17.812 3126 5080 I ExynosCameraParameters: [CAM_ID(1)][ParametersFront]-DEBUG(m_setParamCropRegion):size0(2592, 1950, 2560, 1920)
10-25 21:41:17.812 3126 5080 I ExynosCameraParameters: [CAM_ID(1)][ParametersFront]-DEBUG(m_setParamCropRegion):size(0, 0, 2592, 1950), level(0)
10-25 21:41:17.812 3126 18143 V NuPlayerDriver: NuPlayerDriver(0xf178cee0)
10-25 21:41:17.812 3126 18146 I ExynosCamera: [CAM_ID(1)][]-INFO(m_companionThreadFunc[11646]):
10-25 21:41:17.812 3126 5080 I ExynosCameraParameters: [CAM_ID(1)][ParametersFront]-INFO(setDefaultCameraInfo[616])
10-25 21:41:17.812 3126 5080 D ExynosCameraParameters: [CAM_ID(1)][ParametersFront]-DEBUG(m_setBnsScaleRatio[3998]): This camera does not support BNS
10-25 21:41:17.812 3126 5080 D ExynosCameraParameters: [CAM_ID(1)][ParametersFront]-DEBUG(m_setBnsScaleRatio[4007]): update BNS ratio(0 -> 1000)
10-25 21:41:17.812 3126 18143 V AudioSink: AudioOutput(526)
10-25 21:41:17.812 3126 5080 I ExynosCameraParameters: [CAM_ID(1)][ParametersFront]-INFO(setDefaultParameter[631])
10-25 21:41:17.812 3126 18143 V NuPlayerDriver: setDataSource(0xf178cee0) url()
10-25 21:41:17.812 3126 18143 V GenericSource: setDefault
10-25 21:41:17.812 3126 18143 V NuPlayer: url=/system/media/audio/ui/Cam_Start.ogg
10-25 21:41:17.812 3126 5080 D ExynosCameraParameters: [CAM_ID(1)][ParametersFront]-DEBUG(setDefaultParameter): Default preview size is 1920x1080
10-25 21:41:17.812 3126 18147 V NuPlayer: kWhatSetAudioSink
10-25 21:41:17.812 3126 18147 V NuPlayer: kWhatSetDataSource
10-25 21:41:17.812 3126 18143 V MediaPlayerService: [190] getParameter(31700)
10-25 21:41:17.812 3126 5080 D ExynosCameraParameters: [CAM_ID(1)][ParametersFront]-DEBUG(setDefaultParameter): KEY_SUPPORTED_VIDEO_SIZES 1920x1080,1440x1080,1088x1088,1280x720,960x720,800x450,720x480,640x480,480x320,352x288,320x240,256x144,176x144
10-25 21:41:17.812 3126 18143 V MediaPlayer: MediaPlayer::setAudioStreamType
10-25 21:41:17.812 3126 5080 D ExynosCameraParameters: [CAM_ID(1)][ParametersFront]-DEBUG(setDefaultParameter): Max video size is 1920x1080
10-25 21:41:17.812 3126 18143 V MediaPlayer: prepare
10-25 21:41:17.812 3126 5080 D ExynosCameraParameters: [CAM_ID(1)][ParametersFront]-DEBUG(setDefaultParameter): Default video size is 1920x1080
10-25 21:41:17.812 3126 18143 V MediaPlayerService: [190] setAudioStreamType(1)
10-25 21:41:17.812 3126 18143 V MediaPlayerService: [190] prepareAsync
10-25 21:41:17.812 3126 5080 I ExynosCameraParameters: [CAM_ID(1)][ParametersFront]-INFO(setDefaultParameter[703]):video_frame_foramt == YUV420SP
10-25 21:41:17.812 3126 18143 V NuPlayerDriver: prepareAsync(0xf178cee0)
10-25 21:41:17.812 3126 5080 D ExynosCameraParameters: [CAM_ID(1)][ParametersFront]-DEBUG(setDefaultParameter): Default picture size is 2592x1458
10-25 21:41:17.812 3126 18147 V GenericSource: [Flag] set 0x8 -> mFlags = 0x8
10-25 21:41:17.812 3126 5080 D ExynosCameraParameters: [CAM_ID(1)][ParametersFront]-m_antiBanding = 60hz
10-25 21:41:17.812 3126 18148 V GenericSource: onPrepareAsync
10-25 21:41:17.812 3126 5080 I ExynosCameraParameters: INFO(setDefaultParameter):getMaxZoomLevel(31)
10-25 21:41:17.812 3126 18146 D ExynosCameraNode: [CAM_ID(1)][companion]-DEBUG(open[251]): Node(109)(/dev/video109) opened. m_fd(48)
10-25 21:41:17.812 3126 18146 D ExynosCamera: [CAM_ID(1)][]-DEBUG(m_companionThreadFunc):Companion Node(109) opened running)
10-25 21:41:17.812 3126 5080 I ExynosCameraParameters: [CAM_ID(1)][ParametersFront]-INFO(getPreviewFpsRange[1144]):minFpsRange=15, maxFpsRange=30
10-25 21:41:17.812 3126 5080 I ExynosCameraParameters: [CAM_ID(1)][ParametersFront]-INFO(setDefaultParameter):supportedFpsList=(15000,15000),(24000,24000),(15000,30000),(30000,30000)
10-25 21:41:17.812 3126 5080 D ExynosCameraParameters: [CAM_ID(1)][ParametersFront]-DEBUG(setParameters):intelligent_mode : -1
10-25 21:41:17.812 3126 5080 D ExynosCameraParameters: [CAM_ID(1)][ParametersFront]-DEBUG(setParameters):intelligent_mode(-1) getVisionMode(0)
10-25 21:41:17.812 3126 5080 I ExynosCameraParameters: INFO(checkPreviewFpsRange):Original FpsRange[Min=15000, Max=30000]
10-25 21:41:17.812 3126 5080 I ExynosCameraParameters: [CAM_ID(1)][ParametersFront]-INFO(checkPreviewFpsRange):curFpsRange[Min=15, Max=30], newFpsRange[Min=15, Max=30], [curFrameRate=30]
10-25 21:41:17.812 3126 5080 I ExynosCameraActivityControl: INFO(setFpsValue[889]): m_fpsValue(15)
10-25 21:41:17.812 3126 5080 I ExynosCameraParameters: [CAM_ID(1)][ParametersFront]-INFO(setParameters):newVideo Size (1920x1080), ratioId(0)
10-25 21:41:17.812 3126 5080 D ExynosCameraParameters: [CAM_ID(1)][ParametersFront]-DEBUG(setParameters):newVTMode -1
10-25 21:41:17.812 3126 5080 D ExynosCameraParameters: [CAM_ID(1)][ParametersFront]-DEBUG(setParameters):newHwVdis 0
10-25 21:41:17.812 3126 5080 D ExynosCameraParameters: [CAM_ID(1)][ParametersFront]-DEBUG(setParameters):new3dnrMode true
10-25 21:41:17.812 3126 5080 D ExynosCameraParameters: [CAM_ID(1)][ParametersFront]-DEBUG(setParameters):newDrcMode false
10-25 21:41:17.812 3126 5080 D ExynosCameraParameters: [CAM_ID(1)][ParametersFront]-DEBUG(setParameters):newOdcMode false
10-25 21:41:17.812 3126 5080 D ExynosCameraParameters: DEBUG(setParameters):highResolutionMode:off
10-25 21:41:17.812 3126 5080 I ExynosCameraParameters: INFO(setParameters):Cur Preview size(1920x1080)
10-25 21:41:17.812 3126 5080 I ExynosCameraParameters: INFO(setParameters):Cur HwPreview size(2560x1920)
10-25 21:41:17.812 3126 5080 I ExynosCameraParameters: INFO(setParameters):param.preview size(1920x1080)
10-25 21:41:17.812 3126 5080 I ExynosCameraParameters: INFO(setParameters):Adjust Preview size(1920x1080), ratioId(0)
10-25 21:41:17.812 3126 5080 I ExynosCameraParameters: INFO(setParameters):Calibrated HwPreview size(1920x1080)
10-25 21:41:17.812 3126 5080 D ExynosCameraParameters: DEBUG(checkPreviewSize):setRestartPreviewChecked true
10-25 21:41:17.812 3126 5080 D ExynosCameraParameters: [CAM_ID(1)][ParametersFront]-DEBUG(m_setRestartPreviewChecked):setRestartPreviewChecked(during SetParameters) true
10-25 21:41:17.822 3126 5080 D ExynosCameraParameters: [CAM_ID(1)][ParametersFront]-DEBUG(setParameters):newPreviewFormat: yuv420sp
10-25 21:41:17.822 3126 5080 I ExynosCameraParameters: [CAM_ID(1)][ParametersFront]-INFO(Parameters[3716]): preview format changed cur(yuv420sp) -> new(yuv420sp)
10-25 21:41:17.822 3126 5080 I ExynosCameraParameters: [CAM_ID(1)][ParametersFront]-INFO(setParameters):newPicture Size (2592x1458), ratioId(0)
10-25 21:41:17.822 3126 5080 D ExynosCameraParameters: [CAM_ID(1)][ParametersFront]-DEBUG(setParameters):newPictureFormat jpeg
10-25 21:41:17.822 3126 5080 I ExynosCameraParameters: [CAM_ID(1)][ParametersFront]-INFO(Parameters[4462]): Picture format changed, cur(jpeg) -> new(jpeg)
10-25 21:41:17.822 3126 5080 D ExynosCameraParameters: [CAM_ID(1)][ParametersFront]-DEBUG(setParameters):newJpegQuality 96
10-25 21:41:17.822 3126 5080 D ExynosCameraParameters: [CAM_ID(1)][ParametersFront]-DEBUG(setParameters):newJpegThumbnailW X newJpegThumbnailH: 512 X 384
10-25 21:41:17.822 3126 5080 D ExynosCameraParameters: [CAM_ID(1)][ParametersFront]-DEBUG(setParameters):newJpegThumbnailQuality 100
10-25 21:41:17.822 3126 5080 D ExynosCameraParameters: [CAM_ID(1)][ParametersFront]-DEBUG(setParameters):newZoom 0
10-25 21:41:17.822 3126 5080 D ExynosCameraParameters: [CAM_ID(1)][ParametersFront]-DEBUG(setParameters):set orientation:0
10-25 21:41:17.822 3126 5080 D ExynosCameraParameters: [CAM_ID(1)][ParametersFront]-DEBUG(setParameters):newExposureCompensation 0
10-25 21:41:17.822 3126 5080 D ExynosCameraParameters: [CAM_ID(1)][ParametersFront]-DEBUG(setParameters):newExposureTime : -1
10-25 21:41:17.822 3126 5080 D ExynosCameraParameters: DEBUG(setParameters):strNewMeteringMode center
10-25 21:41:17.822 3126 5080 I ExynosCameraParameters: INFO(checkMeteringMode): Metering Area is changed (0 -> 2)
10-25 21:41:17.822 3126 5080 D ExynosCameraParameters: [CAM_ID(1)][ParametersFront]-DEBUG(setParameters):m_antiBanding 60hz
10-25 21:41:17.822 3126 5080 D ExynosCameraParameters: [CAM_ID(1)][ParametersFront]-DEBUG(setParameters):strNewAntibanding 60hz
10-25 21:41:17.822 3126 5080 D ExynosCameraParameters: [CAM_ID(1)][ParametersFront]-DEBUG(setParameters):strNewSceneMode auto
10-25 21:41:17.822 3126 5080 D ExynosCameraParameters: [CAM_ID(1)][ParametersFront]-DEBUG(setParameters):strNewFocusMode fixed
10-25 21:41:17.822 3126 5080 D ExynosCameraParameters: [CAM_ID(1)][ParametersFront]-DEBUG(setParameters):strNewFlashMode off
10-25 21:41:17.822 3126 5080 D ExynosCameraParameters: [CAM_ID(1)][ParametersFront]-DEBUG(setParameters):newWhiteBalance auto
10-25 21:41:17.822 3126 5080 D ExynosCameraParameters: [CAM_ID(1)][ParametersFront]-DEBUG(setParameters):strNewEffectMode none
10-25 21:41:17.822 3126 5080 D ExynosCameraParameters: [CAM_ID(1)][ParametersFront]-DEBUG(setParameters):newBrightness 0
10-25 21:41:17.822 3126 5080 D ExynosCameraParameters: [CAM_ID(1)][ParametersFront]-DEBUG(setParameters):newSaturation 0
10-25 21:41:17.822 3126 5080 D ExynosCameraParameters: [CAM_ID(1)][ParametersFront]-DEBUG(setParameters):newSharpness 0
10-25 21:41:17.822 3126 5080 D ExynosCameraParameters: [CAM_ID(1)][ParametersFront]-DEBUG(setParameters):newHue 0
10-25 21:41:17.822 3126 5080 D ExynosCameraParameters: [CAM_ID(1)][ParametersFront]-DEBUG(setParameters):strNewRTDrc off
10-25 21:41:17.822 3126 5080 D ExynosCameraParameters: [CAM_ID(1)][ParametersFront]-DEBUG(setParameters):strNewPaf off
10-25 21:41:17.822 3126 5080 D ExynosCameraParameters: [CAM_ID(1)][ParametersFront]-DEBUG(setParameters):strNewRTWdr off
10-25 21:41:17.822 3126 5080 D ExynosCameraParameters: [CAM_ID(1)][ParametersFront]-DEBUG(setParameters):strNewISO auto
10-25 21:41:17.822 3126 5080 D ExynosCameraParameters: [CAM_ID(1)][ParametersFront]-DEBUG(setParameters):strNewContrast auto
10-25 21:41:17.822 3126 5080 D ExynosCameraParameters: [CAM_ID(1)][ParametersFront]-DEBUG(setParameters):newHDR 0
10-25 21:41:17.822 3126 5080 D ExynosCameraParameters: [CAM_ID(1)][ParametersFront]-DEBUG(setParameters):newWDR 0
10-25 21:41:17.822 3126 5080 D ExynosCameraParameters: [CAM_ID(1)][ParametersFront]-DEBUG(setParameters):newVRMode -1
10-25 21:41:17.822 3126 5080 D ExynosCameraParameters: DEBUG(setParameters): checkImageUniqueId : romReadThreadDone(0)
