10-25 21:39:17.502 28775 28795 D DMCFaceEngine: caSmartDP_SmartStay : loop Start with dir 1, width 270 and heighe 480
10-25 21:39:17.502 3126 5084 I ShotCommon: enableMsgType : msg(In:0x10, Out:0xc1d)
10-25 21:39:17.502 3126 5084 I ShotCommon: setAppUsePreviewFrame(1)
10-25 21:39:17.502 28775 28795 D DMCFaceEngine: caFace_RunFaceDetection_SmartStayRotation : FaceDetection Start with width 270, heighe 480
10-25 21:39:17.502 28775 28795 D DMCFaceEngine: fd_find_run : Use A New Sensor ==========> 1 [270][480]
10-25 21:39:17.502 3126 5084 I ShotCommon: enablePreviewMsgBy : msg(In:0x2, Out:0x2)
10-25 21:39:17.502 28775 28795 D DMCFaceEngine: fd_scan_frontal_partial : Re(24 x 43) / Src(270 x 480) / Search(2 x 19) / 8, 0
10-25 21:39:17.502 28775 15081 D DMCFaceEngine: fd_scan_frontal_partial : Re(25 x 46) / Src(270 x 480) / Search(3 x 22) / 9, 1
10-25 21:39:17.502 3126 4062 I ShotCommon: setAppUsePreviewFrame(0)
10-25 21:39:17.502 28775 28795 D DMCFaceEngine: fd_scan_frontal_partial : Re(28 x 50) / Src(270 x 480) / Search(6 x 26) / 10, 0
10-25 21:39:17.502 3126 4062 I ShotCommon: disablePreviewMsgBy : msg(In:0x2, Out:0x0)
10-25 21:39:17.502 3126 4062 I ShotCommon: previewCallbackEnabled (0x0)
10-25 21:39:17.502 3126 4062 I ShotCommon: disableMsgType : msg(In:0x10, Out:0xc0d)
10-25 21:39:17.512 3126 4063 I ShotCommon: setAppUsePreviewFrame(0)
10-25 21:39:17.512 3126 4063 I ShotCommon: disablePreviewMsgBy : msg(In:0x2, Out:0x0)
10-25 21:39:17.512 28775 28795 D DMCFaceEngine: fd_scan_frontal_partial : Re(32 x 58) / Src(270 x 480) / Search(10 x 34) / 12, 0
10-25 21:39:17.512 3126 4063 I ShotCommon: previewCallbackEnabled (0x0)
10-25 21:39:17.512 28775 15082 D DMCFaceEngine: fd_scan_frontal_partial : Re(30 x 54) / Src(270 x 480) / Search(8 x 30) / 11, 2
10-25 21:39:17.512 3126 4063 I ShotCommon: disableMsgType : msg(In:0x10, Out:0xc0d)
10-25 21:39:17.512 28775 15081 D DMCFaceEngine: fd_scan_frontal_partial : Re(34 x 62) / Src(270 x 480) / Search(12 x 38) / 13, 1
10-25 21:39:17.512 3126 4063 D SecCameraCoreManager: virtual void android::SecCameraCoreManager::stopPreview():stop IT Policy checking thread
10-25 21:39:17.512 28775 28795 D DMCFaceEngine: fd_scan_frontal_partial : Re(36 x 65) / Src(270 x 480) / Search(14 x 41) / 14, 0
10-25 21:39:17.512 28775 15082 D DMCFaceEngine: fd_scan_frontal_partial : Re(41 x 74) / Src(270 x 480) / Search(19 x 50) / 15, 2
10-25 21:39:17.512 28775 15081 D DMCFaceEngine: fd_scan_frontal_partial : Re(47 x 85) / Src(270 x 480) / Search(25 x 61) / 16, 1
10-25 21:39:17.512 28775 28795 D DMCFaceEngine: fd_scan_frontal_partial : Re(53 x 95) / Src(270 x 480) / Search(31 x 71) / 17, 0
10-25 21:39:17.512 28775 15083 D DMCFaceEngine: fd_scan_frontal_partial : Re(61 x 110) / Src(270 x 480) / Search(39 x 86) / 18, 3
10-25 21:39:17.512 28775 15082 D DMCFaceEngine: fd_scan_frontal_partial : Re(75 x 134) / Src(270 x 480) / Search(53 x 110) / 19, 2
10-25 21:39:17.512 28775 28795 D DMCFaceEngine: fd_scan_frontal_partial : Re(92 x 164) / Src(270 x 480) / Search(70 x 140) / 20, 0
10-25 21:39:17.512 28775 15081 D DMCFaceEngine: fd_scan_frontal_partial : Re(112 x 200) / Src(270 x 480) / Search(90 x 176) / 21, 1
10-25 21:39:17.512 28775 28795 D DMCFaceEngine: fd_find_run : Use A New Sensor ==========> 1 [270][480]
10-25 21:39:17.512 28775 28795 D DMCFaceEngine: fd_scan_frontal_partial : Re(24 x 43) / Src(270 x 480) / Search(2 x 19) / 8, 0
10-25 21:39:17.512 28775 15082 D DMCFaceEngine: fd_scan_frontal_partial : Re(25 x 46) / Src(270 x 480) / Search(3 x 22) / 9, 2
10-25 21:39:17.512 28775 15083 D DMCFaceEngine: fd_scan_frontal_partial : Re(30 x 54) / Src(270 x 480) / Search(8 x 30) / 11, 3
10-25 21:39:17.512 28775 15081 D DMCFaceEngine: fd_scan_frontal_partial : Re(28 x 50) / Src(270 x 480) / Search(6 x 26) / 10, 1
10-25 21:39:17.522 28775 28795 D DMCFaceEngine: fd_scan_frontal_partial : Re(32 x 58) / Src(270 x 480) / Search(10 x 34) / 12, 0
10-25 21:39:17.522 28775 15081 D DMCFaceEngine: fd_scan_frontal_partial : Re(34 x 62) / Src(270 x 480) / Search(12 x 38) / 13, 1
10-25 21:39:17.522 28775 15083 D DMCFaceEngine: fd_scan_frontal_partial : Re(36 x 65) / Src(270 x 480) / Search(14 x 41) / 14, 3
10-25 21:39:17.522 28775 28795 D DMCFaceEngine: fd_scan_frontal_partial : Re(41 x 74) / Src(270 x 480) / Search(19 x 50) / 15, 0
10-25 21:39:17.522 28775 15081 D DMCFaceEngine: fd_scan_frontal_partial : Re(47 x 85) / Src(270 x 480) / Search(25 x 61) / 16, 1
10-25 21:39:17.522 28775 28795 D DMCFaceEngine: fd_scan_frontal_partial : Re(53 x 95) / Src(270 x 480) / Search(31 x 71) / 17, 0
10-25 21:39:17.522 28775 15082 D DMCFaceEngine: fd_scan_frontal_partial : Re(61 x 110) / Src(270 x 480) / Search(39 x 86) / 18, 2
10-25 21:39:17.522 28775 15083 D DMCFaceEngine: fd_scan_frontal_partial : Re(75 x 134) / Src(270 x 480) / Search(53 x 110) / 19, 3
10-25 21:39:17.522 28775 28795 D DMCFaceEngine: fd_scan_frontal_partial : Re(92 x 164) / Src(270 x 480) / Search(70 x 140) / 20, 0
10-25 21:39:17.522 28775 15081 D DMCFaceEngine: fd_scan_frontal_partial : Re(112 x 200) / Src(270 x 480) / Search(90 x 176) / 21, 1
10-25 21:39:17.532 28775 28795 D DMCFaceEngine: fd_find_run : Use A New Sensor ==========> 1 [270][480]
10-25 21:39:17.532 28775 28795 D DMCFaceEngine: fd_scan_frontal_partial : Re(24 x 43) / Src(270 x 480) / Search(2 x 19) / 8, 0
10-25 21:39:17.532 28775 15082 D DMCFaceEngine: fd_scan_frontal_partial : Re(25 x 46) / Src(270 x 480) / Search(3 x 22) / 9, 2
10-25 21:39:17.532 28775 15083 D DMCFaceEngine: fd_scan_frontal_partial : Re(28 x 50) / Src(270 x 480) / Search(6 x 26) / 10, 3
10-25 21:39:17.532 28775 15081 D DMCFaceEngine: fd_scan_frontal_partial : Re(30 x 54) / Src(270 x 480) / Search(8 x 30) / 11, 1
10-25 21:39:17.532 28775 28795 D DMCFaceEngine: fd_scan_frontal_partial : Re(32 x 58) / Src(270 x 480) / Search(10 x 34) / 12, 0
10-25 21:39:17.532 28775 15082 D DMCFaceEngine: fd_scan_frontal_partial : Re(34 x 62) / Src(270 x 480) / Search(12 x 38) / 13, 2
10-25 21:39:17.532 28775 15083 D DMCFaceEngine: fd_scan_frontal_partial : Re(36 x 65) / Src(270 x 480) / Search(14 x 41) / 14, 3
10-25 21:39:17.532 28775 15081 D DMCFaceEngine: fd_scan_frontal_partial : Re(41 x 74) / Src(270 x 480) / Search(19 x 50) / 15, 1
10-25 21:39:17.532 28775 28795 D DMCFaceEngine: fd_scan_frontal_partial : Re(47 x 85) / Src(270 x 480) / Search(25 x 61) / 16, 0
10-25 21:39:17.532 28775 15082 D DMCFaceEngine: fd_scan_frontal_partial : Re(53 x 95) / Src(270 x 480) / Search(31 x 71) / 17, 2
10-25 21:39:17.532 28775 15083 D DMCFaceEngine: fd_scan_frontal_partial : Re(61 x 110) / Src(270 x 480) / Search(39 x 86) / 18, 3
10-25 21:39:17.532 28775 28795 D DMCFaceEngine: fd_scan_frontal_partial : Re(75 x 134) / Src(270 x 480) / Search(53 x 110) / 19, 0
10-25 21:39:17.532 28775 15081 D DMCFaceEngine: fd_scan_frontal_partial : Re(92 x 164) / Src(270 x 480) / Search(70 x 140) / 20, 1
10-25 21:39:17.532 28775 15082 D DMCFaceEngine: fd_scan_frontal_partial : Re(112 x 200) / Src(270 x 480) / Search(90 x 176) / 21, 2
10-25 21:39:17.542 28775 28795 D DMCFaceEngine: fd_find_run : Use A New Sensor ==========> 0 [110][110]
10-25 21:39:17.542 28775 28795 D DMCFaceEngine: fd_find_run : Use A New Sensor ==========> 0 [110][110]
10-25 21:39:17.542 28775 28795 D DMCFaceEngine: caFace_RunFaceDetection_SmartStayRotation : Detected No Face
10-25 21:39:17.542 28775 28795 D DMCFaceEngine: caSmartDP_SmartStay : SINGLE EYE DETECTION LOOP START
10-25 21:39:17.542 28775 28795 D DMCFaceEngine: caSmartDP_SmartStay : single eye detection loop start _ dir 1
10-25 21:39:17.542 28775 28795 D DMCFaceEngine: caIF_RunEyeDetection_MCT_IRS : caIF_RunEyeDetection_MCT_IRS START
10-25 21:39:17.542 28775 28795 D DMCFaceEngine: caIF_RunEyeDetection_MCT_IRS : Width 180, Height 320
10-25 21:39:17.572 28775 28795 D DMCFaceEngine: caIF_RunEyeDetection_MCT_IRS : caIF_RunEyeDetection_MCT_IRS END
10-25 21:39:17.572 28775 28795 D DMCFaceEngine: caSmartDP_SmartStay : caFace_Aux_FindEyes_IRS time 27221
10-25 21:39:17.572 28775 28795 D DMCFaceEngine: caSmartDP_SmartStay : Single Eye Detection Fail dir 1
10-25 21:39:17.572 28775 28795 D DMCFaceEngine: caSmartDP_SmartStay : loop End ED dir 1 with nResult -1
10-25 21:39:17.572 28775 28795 D DMCFaceEngine: caSmartDP_SmartStay : SINGLE EYE DETECTION LOOP END with nResult -1
10-25 21:39:17.572 28775 28795 D DMCFaceEngine: caSmartDP_SmartStay : DETECT HUMAN FAIL
10-25 21:39:17.572 28775 28795 D DMCFaceEngine: caSmartDP_SmartStay : face : X[0] Y[0] W[0] H[0]
10-25 21:39:17.572 28775 28795 D DMCFaceEngine: caSmartDP_SmartStay : eye : LX[0] LY[0] RX[0] RY[0]
10-25 21:39:17.572 28775 28795 E SmartScreen_JNI: processImage end : function time [ 122972 ] [-1]
10-25 21:39:17.592 3126 4063 I ShotSingle: stopPreview E
10-25 21:39:17.592 3126 4063 I ShotCommon: disableMsgType : msg(In:0x3c2, Out:0xc0d)
10-25 21:39:17.592 3126 4063 V ShotSingle: stopPreview(1)
10-25 21:39:17.592 3126 4063 I ExynosCamera3Interface: INFO(HAL_camera_device_stop_preview[879]):camera(1) in
10-25 21:39:17.592 3126 4063 D ExynosCamera3Interface: DEBUG(check_camera_state):camera(1) state(5) checking...
10-25 21:39:17.592 3126 4063 D ExynosCamera3Interface: DEBUG(check_camera_state):camera(1) state(4:PREVIEW_RUNNING->5:PREVIEW_STOPPED) is valid
10-25 21:39:17.592 3126 4063 I ExynosCamera: [CAM_ID(1)][]-INFO(stopPreview[2315])
10-25 21:39:17.592 3126 4063 I ExynosCamera: [CAM_ID(1)][]-INFO(stopPreview[2334]): wait m_fastenAeThread
10-25 21:39:17.592 3126 4063 I ExynosCamera: [CAM_ID(1)][]-INFO(stopPreview[2336]): wait m_fastenAeThread end
10-25 21:39:17.592 3126 4063 I ExynosCamera: [CAM_ID(1)][]-INFO(stopPreview[2345]): wait m_companionThread
10-25 21:39:17.592 3126 4063 I ExynosCamera: [CAM_ID(1)][]-INFO(stopPreview[2347]): wait m_companionThread end
10-25 21:39:17.592 3126 4063 D ExynosCameraMCPipe: [CAM_ID(1)][PIPE_3AA]-DEBUG(setControl[430])
10-25 21:39:17.592 3126 4063 I ExynosCameraMCPipe: [CAM_ID(1)][PIPE_3AA]-INFO(setControl[441]):setControl() is succeed, Pipe(1)
10-25 21:39:17.592 3126 4063 I ExynosCameraActivityAutofocus: INFO(stopAutofocus[733]):m_autoFocusMode(8)
10-25 21:39:17.592 3126 4063 D ExynosCameraActivityFlash: DEBUG(setFlashStep[1740]):flashStepVal=0
10-25 21:39:17.592 3126 4063 D ExynosCameraActivityFlash: DEBUG(setFlashTrigerPath[1759]):flashTriggerVal=0
10-25 21:39:17.592 3126 4063 D ExynosCamera: [CAM_ID(1)][]-DEBUG(stopPreview[2403]): (0, 0)
10-25 21:39:17.592 3126 4063 I ExynosCameraFrameFactoryPreview: [CAM_ID(1)][ExynosCameraFrameFactory3aaIspTpu]-INFO(setStopFlag[1258]):
10-25 21:39:17.592 3126 4063 D ExynosCameraPipe: [CAM_ID(1)][PIPE_FLITE]-DEBUG(setStopFlag[991])
10-25 21:39:17.592 3126 4063 D ExynosCameraMCPipe: [CAM_ID(1)][PIPE_3AA]-DEBUG(setStopFlag[1159])
10-25 21:39:17.592 3126 4063 D ExynosCameraMCPipe: [CAM_ID(1)][PIPE_ISP]-DEBUG(setStopFlag[1159])
10-25 21:39:17.592 3126 4063 I ExynosCamera: [CAM_ID(1)][]-INFO(m_stopPictureInternal[6492])
10-25 21:39:17.592 3126 4063 I ExynosCamera: [CAM_ID(1)][]-INFO(m_clearFrameQ[15375]): IN... frameQSize(0)
10-25 21:39:17.592 3126 4063 I ExynosCamera: [CAM_ID(1)][]-INFO(m_clearFrameQ[15375]): IN... frameQSize(0)
10-25 21:39:17.592 3126 4063 I ExynosCamera: [CAM_ID(1)][]-INFO(m_clearFrameQ[15375]): IN... frameQSize(0)
10-25 21:39:17.592 3126 4063 D ExynosCamera: [CAM_ID(1)][]-DEBUG(m_stopPictureInternal[6603]):clear postProcess(Picture) Frame list
10-25 21:39:17.592 3126 4063 D ExynosCamera: [CAM_ID(1)][]-DEBUG(m_clearList):remaining frame(0), we remove them all
10-25 21:39:17.592 3126 4063 D ExynosCamera: [CAM_ID(1)][]-DEBUG(m_clearList):EXIT
10-25 21:39:17.592 3126 16007 I ExynosCamera: [CAM_ID(1)][]-INFO(m_previewThreadFunc[9502]):m_flagThreadStop(1)
10-25 21:39:17.592 3126 16008 I ExynosCamera: [CAM_ID(1)][]-INFO(m_mainThreadFunc[7597]):m_flagThreadStop(1)
10-25 21:39:17.602 3126 16009 I ExynosCamera: [CAM_ID(1)][]-INFO(m_monitorThreadFunc[16545]): m_flagThreadStop(1)
10-25 21:39:17.602 3126 16004 I ExynosCamera: [CAM_ID(1)][]-INFO(m_mainThreadQSetup3AA[7127]):m_flagThreadStop(1)
10-25 21:39:17.602 3126 16006 I ExynosCamera: [CAM_ID(1)][]-INFO(m_facedetectThreadFunc[4350]):m_flagThreadStop(1) m_flagStartFaceDetection(0)
10-25 21:39:17.602 3126 4063 D ExynosCamera: [CAM_ID(1)][]-DEBUG(m_clearList):remaining frame(0), we remove them all
10-25 21:39:17.602 3126 4063 D ExynosCamera: [CAM_ID(1)][]-DEBUG(m_clearList):EXIT
10-25 21:39:17.602 3126 4063 D ExynosCamera: [CAM_ID(1)][]-DEBUG(m_clearList):remaining frame(0), we remove them all
10-25 21:39:17.602 3126 4063 D ExynosCamera: [CAM_ID(1)][]-DEBUG(m_clearList):EXIT
10-25 21:39:17.602 3126 4063 D ExynosCamera: [CAM_ID(1)][]-DEBUG(m_clearList):remaining frame(0), we remove them all
10-25 21:39:17.602 3126 4063 D ExynosCamera: [CAM_ID(1)][]-DEBUG(m_clearList):EXIT
10-25 21:39:17.602 3126 4063 D ExynosCamera: [CAM_ID(1)][]-DEBUG(m_clearList):remaining frame(0), we remove them all
10-25 21:39:17.602 3126 4063 D ExynosCamera: [CAM_ID(1)][]-DEBUG(m_clearList):EXIT
10-25 21:39:17.602 3126 4063 D ExynosCamera: [CAM_ID(1)][]-DEBUG(m_clearList):remaining frame(0), we remove them all
10-25 21:39:17.602 3126 4063 D ExynosCamera: [CAM_ID(1)][]-DEBUG(m_clearList):EXIT
10-25 21:39:17.602 3126 4063 D ExynosCamera: [CAM_ID(1)][]-DEBUG(m_clearList):remaining frame(0), we remove them all
10-25 21:39:17.602 3126 4063 D ExynosCamera: [CAM_ID(1)][]-DEBUG(m_clearList):EXIT
10-25 21:39:17.602 3126 4063 D ExynosCamera: [CAM_ID(1)][]-DEBUG(m_clearList):remaining frame(0), we remove them all
10-25 21:39:17.602 3126 4063 D ExynosCamera: [CAM_ID(1)][]-DEBUG(m_clearList):EXIT
10-25 21:39:17.602 3126 4063 D ExynosCamera: [CAM_ID(1)][]-DEBUG(m_clearList):remaining frame(0), we remove them all
10-25 21:39:17.602 3126 4063 D ExynosCamera: [CAM_ID(1)][]-DEBUG(m_clearList):EXIT
10-25 21:39:17.602 3126 4063 D ExynosCamera: [CAM_ID(1)][]-DEBUG(m_clearList):remaining frame(0), we remove them all
10-25 21:39:17.602 3126 4063 D ExynosCamera: [CAM_ID(1)][]-DEBUG(m_clearList):EXIT
10-25 21:39:17.602 3126 4063 D ExynosCamera: [CAM_ID(1)][]-DEBUG(m_clearList):remaining frame(0), we remove them all
10-25 21:39:17.602 3126 4063 D ExynosCamera: [CAM_ID(1)][]-DEBUG(m_clearList):EXIT
10-25 21:39:17.602 3126 4063 D ExynosCamera: [CAM_ID(1)][]-DEBUG(m_clearList):remaining frame(0), we remove them all
10-25 21:39:17.602 3126 4063 D ExynosCamera: [CAM_ID(1)][]-DEBUG(m_clearList):EXIT
10-25 21:39:17.602 3126 4063 D ExynosCamera: [CAM_ID(1)][]-DEBUG(m_clearList):remaining frame(0), we remove them all
10-25 21:39:17.602 3126 4063 D ExynosCamera: [CAM_ID(1)][]-DEBUG(m_clearList):EXIT
10-25 21:39:17.602 3126 4063 D ExynosCamera: [CAM_ID(1)][]-DEBUG(m_clearList):remaining frame(0), we remove them all
10-25 21:39:17.602 3126 4063 D ExynosCamera: [CAM_ID(1)][]-DEBUG(m_clearList):EXIT
10-25 21:39:17.602 3126 4063 D ExynosCamera: [CAM_ID(1)][]-DEBUG(m_clearList):remaining frame(0), we remove them all
10-25 21:39:17.602 3126 4063 D ExynosCamera: [CAM_ID(1)][]-DEBUG(m_clearList):EXIT
10-25 21:39:17.602 3126 4063 D ExynosCamera: [CAM_ID(1)][]-DEBUG(m_clearList):remaining frame(0), we remove them all
10-25 21:39:17.602 3126 4063 D ExynosCamera: [CAM_ID(1)][]-DEBUG(m_clearList):EXIT
10-25 21:39:17.602 3126 4063 D ExynosCamera: [CAM_ID(1)][]-DEBUG(m_clearList):remaining frame(0), we remove them all
10-25 21:39:17.602 3126 4063 D ExynosCamera: [CAM_ID(1)][]-DEBUG(m_clearList):EXIT
10-25 21:39:17.602 3126 4063 D ExynosCamera: [CAM_ID(1)][]-DEBUG(m_clearList):remaining frame(0), we remove them all
10-25 21:39:17.602 3126 4063 D ExynosCamera: [CAM_ID(1)][]-DEBUG(m_clearList):EXIT
10-25 21:39:17.602 3126 4063 D ExynosCamera: [CAM_ID(1)][]-DEBUG(m_clearList):remaining frame(0), we remove them all
10-25 21:39:17.602 3126 4063 D ExynosCamera: [CAM_ID(1)][]-DEBUG(m_clearList):EXIT
10-25 21:39:17.602 3126 4063 I ExynosCamera: [CAM_ID(1)][]-DEBUG(m_stopPreviewInternal[6306]):IN
10-25 21:39:17.602 3126 4063 D ExynosCameraMCPipe: [CAM_ID(1)][PIPE_3AA]-DEBUG(stopThread[341])
10-25 21:39:17.602 3126 4063 I ExynosCameraMCPipe: [CAM_ID(1)][PIPE_3AA]-INFO(m_dumpRunningFrameList[2879]):*********runningFrameList dump***********
10-25 21:39:17.602 3126 15999 W ExynosCameraMCPipe: [CAM_ID(1)][PIPE_3AA]-WARN(m_putBuffer[1392]):inputFrameQ wait timeout
10-25 21:39:17.602 3126 4063 I ExynosCameraMCPipe: [CAM_ID(1)][PIPE_3AA]-INFO(m_dumpRunningFrameList[2881]):m_numBuffers[0] : 6
10-25 21:39:17.602 3126 15999 W ExynosCameraMCPipe: [CAM_ID(1)][PIPE_3AA]-WARN(m_putBufferThreadFunc[1348]):m_putbuffer fail, ret(-110)
10-25 21:39:17.602 3126 4063 I ExynosCameraMCPipe: [CAM_ID(1)][PIPE_3AA]-runningFrameList[0][0]: fcount = 12
10-25 21:39:17.602 3126 4063 I ExynosCameraMCPipe: [CAM_ID(1)][PIPE_3AA]-runningFrameList[0][1] is NULL
10-25 21:39:17.602 3126 4063 I ExynosCameraMCPipe: [CAM_ID(1)][PIPE_3AA]-runningFrameList[0][2] is NULL
10-25 21:39:17.602 3126 4063 I ExynosCameraMCPipe: [CAM_ID(1)][PIPE_3AA]-runningFrameList[0][3] is NULL
10-25 21:39:17.602 3126 4063 I ExynosCameraMCPipe: [CAM_ID(1)][PIPE_3AA]-runningFrameList[0][4]: fcount = 10
10-25 21:39:17.602 3126 4063 I ExynosCameraMCPipe: [CAM_ID(1)][PIPE_3AA]-runningFrameList[0][5]: fcount = 11
10-25 21:39:17.602 3126 4063 I ExynosCameraMCPipe: [CAM_ID(1)][PIPE_3AA]-INFO(m_dumpRunningFrameList[2881]):m_numBuffers[1] : 6
10-25 21:39:17.602 3126 4063 I ExynosCameraMCPipe: [CAM_ID(1)][PIPE_3AA]-runningFrameList[1][0] is NULL
10-25 21:39:17.602 3126 4063 I ExynosCameraMCPipe: [CAM_ID(1)][PIPE_3AA]-runningFrameList[1][1] is NULL
10-25 21:39:17.602 3126 4063 I ExynosCameraMCPipe: [CAM_ID(1)][PIPE_3AA]-runningFrameList[1][2] is NULL
10-25 21:39:17.602 3126 4063 I ExynosCameraMCPipe: [CAM_ID(1)][PIPE_3AA]-runningFrameList[1][3] is NULL
10-25 21:39:17.602 3126 4063 I ExynosCameraMCPipe: [CAM_ID(1)][PIPE_3AA]-runningFrameList[1][4] is NULL
10-25 21:39:17.602 3126 4063 I ExynosCameraMCPipe: [CAM_ID(1)][PIPE_3AA]-runningFrameList[1][5] is NULL
10-25 21:39:17.602 3126 4063 I ExynosCameraMCPipe: [CAM_ID(1)][PIPE_3AA]-INFO(m_dumpRunningFrameList[2881]):m_numBuffers[2] : 6
10-25 21:39:17.602 3126 4063 I ExynosCameraMCPipe: [CAM_ID(1)][PIPE_3AA]-runningFrameList[2][0]: fcount = 12
10-25 21:39:17.602 3126 4063 I ExynosCameraMCPipe: [CAM_ID(1)][PIPE_3AA]-runningFrameList[2][1] is NULL
10-25 21:39:17.602 3126 4063 I ExynosCameraMCPipe: [CAM_ID(1)][PIPE_3AA]-runningFrameList[2][2] is NULL
10-25 21:39:17.602 3126 4063 I ExynosCameraMCPipe: [CAM_ID(1)][PIPE_3AA]-runningFrameList[2][3] is NULL
10-25 21:39:17.602 3126 4063 I ExynosCameraMCPipe: [CAM_ID(1)][PIPE_3AA]-runningFrameList[2][4]: fcount = 10
10-25 21:39:17.602 3126 4063 I ExynosCameraMCPipe: [CAM_ID(1)][PIPE_3AA]-runningFrameList[2][5]: fcount = 11
10-25 21:39:17.602 3126 4063 I ExynosCameraMCPipe: [CAM_ID(1)][PIPE_3AA]-INFO(m_dumpRunningFrameList[2881]):m_numBuffers[3] : 0
10-25 21:39:17.602 3126 4063 I ExynosCameraMCPipe: [CAM_ID(1)][PIPE_3AA]-INFO(m_dumpRunningFrameList[2881]):m_numBuffers[4] : 0
10-25 21:39:17.602 3126 4063 I ExynosCameraMCPipe: [CAM_ID(1)][PIPE_3AA]-INFO(m_dumpRunningFrameList[2881]):m_numBuffers[5] : 0
10-25 21:39:17.602 3126 4063 I ExynosCameraMCPipe: [CAM_ID(1)][PIPE_3AA]-INFO(m_dumpRunningFrameList[2881]):m_numBuffers[6] : 0
10-25 21:39:17.602 3126 4063 I ExynosCameraMCPipe: [CAM_ID(1)][PIPE_3AA]-INFO(m_dumpRunningFrameList[2881]):m_numBuffers[7] : 0
10-25 21:39:17.602 3126 4063 I ExynosCameraMCPipe: [CAM_ID(1)][PIPE_3AA]-INFO(m_dumpRunningFrameList[2881]):m_numBuffers[8] : 0
10-25 21:39:17.602 3126 4063 I ExynosCameraMCPipe: [CAM_ID(1)][PIPE_3AA]-INFO(m_dumpRunningFrameList[2881]):m_numBuffers[9] : 0
10-25 21:39:17.602 3126 4063 I ExynosCameraMCPipe: [CAM_ID(1)][PIPE_3AA]-INFO(m_dumpRunningFrameList[2881]):m_numBuffers[10] : 0
10-25 21:39:17.602 3126 4063 I ExynosCameraMCPipe: [CAM_ID(1)][PIPE_3AA]-INFO(m_dumpRunningFrameList[2881]):m_numBuffers[11] : 0
10-25 21:39:17.602 3126 4063 I ExynosCameraMCPipe: [CAM_ID(1)][PIPE_3AA]-INFO(m_dumpRunningFrameList[2881]):m_numBuffers[12] : 0
10-25 21:39:17.602 3126 4063 I ExynosCameraMCPipe: [CAM_ID(1)][PIPE_3AA]-INFO(m_dumpRunningFrameList[2881]):m_numBuffers[13] : 0
10-25 21:39:17.602 3126 4063 I ExynosCameraMCPipe: [CAM_ID(1)][PIPE_3AA]-INFO(m_dumpRunningFrameList[2881]):m_numBuffers[14] : 0
10-25 21:39:17.602 3126 4063 I ExynosCameraMCPipe: [CAM_ID(1)][PIPE_3AA]-INFO(m_dumpRunningFrameList[2881]):m_numBuffers[15] : 0
10-25 21:39:17.602 3126 4063 I ExynosCameraMCPipe: [CAM_ID(1)][PIPE_3AA]-INFO(stopThread[352]):stopThread is succeed, Pipe(1)
10-25 21:39:17.602 3126 4063 D ExynosCameraMCPipe: [CAM_ID(1)][PIPE_ISP]-DEBUG(stopThread[341])
10-25 21:39:17.602 3126 4063 I ExynosCameraMCPipe: [CAM_ID(1)][PIPE_ISP]-INFO(m_dumpRunningFrameList[2879]):*********runningFrameList dump***********
10-25 21:39:17.602 3126 16002 W ExynosCameraMCPipe: [CAM_ID(1)][PIPE_ISP]-WARN(m_getBuffer[1696]):requestFrameQ wait timeout
10-25 21:39:17.602 3126 4063 I ExynosCameraMCPipe: [CAM_ID(1)][PIPE_ISP]-INFO(m_dumpRunningFrameList[2881]):m_numBuffers[0] : 6
10-25 21:39:17.602 3126 16001 W ExynosCameraMCPipe: [CAM_ID(1)][PIPE_ISP]-WARN(m_putBuffer[1392]):inputFrameQ wait timeout
10-25 21:39:17.602 3126 16002 W ExynosCameraMCPipe: [CAM_ID(1)][PIPE_ISP]-WARN(m_getBufferThreadFunc[1364]):m_getBuffer fail, ret(-110)
10-25 21:39:17.602 3126 4063 I ExynosCameraMCPipe: [CAM_ID(1)][PIPE_ISP]-runningFrameList[0][0] is NULL
10-25 21:39:17.602 3126 16001 W ExynosCameraMCPipe: [CAM_ID(1)][PIPE_ISP]-WARN(m_putBufferThreadFunc[1348]):m_putbuffer fail, ret(-110)
10-25 21:39:17.602 3126 4063 I ExynosCameraMCPipe: [CAM_ID(1)][PIPE_ISP]-runningFrameList[0][1] is NULL
10-25 21:39:17.602 3126 4063 I ExynosCameraMCPipe: [CAM_ID(1)][PIPE_ISP]-runningFrameList[0][2] is NULL
10-25 21:39:17.602 3126 4063 I ExynosCameraMCPipe: [CAM_ID(1)][PIPE_ISP]-runningFrameList[0][3] is NULL
10-25 21:39:17.602 3126 4063 I ExynosCameraMCPipe: [CAM_ID(1)][PIPE_ISP]-runningFrameList[0][4] is NULL
10-25 21:39:17.602 3126 4063 I ExynosCameraMCPipe: [CAM_ID(1)][PIPE_ISP]-runningFrameList[0][5] is NULL
10-25 21:39:17.602 3126 4063 I ExynosCameraMCPipe: [CAM_ID(1)][PIPE_ISP]-INFO(m_dumpRunningFrameList[2881]):m_numBuffers[1] : 0
10-25 21:39:17.602 3126 4063 I ExynosCameraMCPipe: [CAM_ID(1)][PIPE_ISP]-INFO(m_dumpRunningFrameList[2881]):m_numBuffers[2] : 0
10-25 21:39:17.602 3126 4063 I ExynosCameraMCPipe: [CAM_ID(1)][PIPE_ISP]-INFO(m_dumpRunningFrameList[2881]):m_numBuffers[3] : 0
10-25 21:39:17.602 3126 4063 I ExynosCameraMCPipe: [CAM_ID(1)][PIPE_ISP]-INFO(m_dumpRunningFrameList[2881]):m_numBuffers[4] : 0
10-25 21:39:17.602 3126 4063 I ExynosCameraMCPipe: [CAM_ID(1)][PIPE_ISP]-INFO(m_dumpRunningFrameList[2881]):m_numBuffers[5] : 9
10-25 21:39:17.602 3126 4063 I ExynosCameraMCPipe: [CAM_ID(1)][PIPE_ISP]-runningFrameList[5][0] is NULL
10-25 21:39:17.602 3126 4063 I ExynosCameraMCPipe: [CAM_ID(1)][PIPE_ISP]-runningFrameList[5][1] is NULL
10-25 21:39:17.602 3126 4063 I ExynosCameraMCPipe: [CAM_ID(1)][PIPE_ISP]-runningFrameList[5][2] is NULL
10-25 21:39:17.602 3126 4063 I ExynosCameraMCPipe: [CAM_ID(1)][PIPE_ISP]-runningFrameList[5][3] is NULL
10-25 21:39:17.602 3126 4063 I ExynosCameraMCPipe: [CAM_ID(1)][PIPE_ISP]-runningFrameList[5][4] is NULL
10-25 21:39:17.602 3126 4063 I ExynosCameraMCPipe: [CAM_ID(1)][PIPE_ISP]-runningFrameList[5][5] is NULL
10-25 21:39:17.602 3126 4063 I ExynosCameraMCPipe: [CAM_ID(1)][PIPE_ISP]-runningFrameList[5][6] is NULL
10-25 21:39:17.602 3126 4063 I ExynosCameraMCPipe: [CAM_ID(1)][PIPE_ISP]-runningFrameList[5][7] is NULL
10-25 21:39:17.602 3126 4063 I ExynosCameraMCPipe: [CAM_ID(1)][PIPE_ISP]-runningFrameList[5][8] is NULL
10-25 21:39:17.602 3126 4063 I ExynosCameraMCPipe: [CAM_ID(1)][PIPE_ISP]-INFO(m_dumpRunningFrameList[2881]):m_numBuffers[6] : 0
10-25 21:39:17.602 3126 4063 I ExynosCameraMCPipe: [CAM_ID(1)][PIPE_ISP]-INFO(m_dumpRunningFrameList[2881]):m_numBuffers[7] : 0
10-25 21:39:17.602 3126 4063 I ExynosCameraMCPipe: [CAM_ID(1)][PIPE_ISP]-INFO(m_dumpRunningFrameList[2881]):m_numBuffers[8] : 0
10-25 21:39:17.602 3126 4063 I ExynosCameraMCPipe: [CAM_ID(1)][PIPE_ISP]-INFO(m_dumpRunningFrameList[2881]):m_numBuffers[9] : 0
10-25 21:39:17.602 3126 4063 I ExynosCameraMCPipe: [CAM_ID(1)][PIPE_ISP]-INFO(m_dumpRunningFrameList[2881]):m_numBuffers[10] : 0
10-25 21:39:17.602 3126 4063 I ExynosCameraMCPipe: [CAM_ID(1)][PIPE_ISP]-INFO(m_dumpRunningFrameList[2881]):m_numBuffers[11] : 0
10-25 21:39:17.602 3126 4063 I ExynosCameraMCPipe: [CAM_ID(1)][PIPE_ISP]-INFO(m_dumpRunningFrameList[2881]):m_numBuffers[12] : 0
10-25 21:39:17.602 3126 4063 I ExynosCameraMCPipe: [CAM_ID(1)][PIPE_ISP]-INFO(m_dumpRunningFrameList[2881]):m_numBuffers[13] : 0
10-25 21:39:17.602 3126 4063 I ExynosCameraMCPipe: [CAM_ID(1)][PIPE_ISP]-INFO(m_dumpRunningFrameList[2881]):m_numBuffers[14] : 0
10-25 21:39:17.602 3126 4063 I ExynosCameraMCPipe: [CAM_ID(1)][PIPE_ISP]-INFO(m_dumpRunningFrameList[2881]):m_numBuffers[15] : 0
10-25 21:39:17.602 3126 4063 I ExynosCameraMCPipe: [CAM_ID(1)][PIPE_ISP]-INFO(stopThread[352]):stopThread is succeed, Pipe(4)
10-25 21:39:17.602 3126 4063 D ExynosCameraPipeFlite: [CAM_ID(1)][PIPE_FLITE]-DEBUG(sensorStream[260])
10-25 21:39:17.612 3126 4063 D ExynosCameraPipe: [CAM_ID(1)][PIPE_FLITE]-DEBUG(stop[323])
10-25 21:39:17.612 3126 4063 D ExynosCameraPipe: [CAM_ID(1)][PIPE_FLITE]-DEBUG(stop[348]): thead exited
10-25 21:39:17.612 3126 4063 D ExynosCameraMCPipe: [CAM_ID(1)][PIPE_3AA]-DEBUG(forceDone[409])
10-25 21:39:17.612 3126 4063 D ExynosCameraMCPipe: [CAM_ID(1)][PIPE_3AA]-DEBUG(m_forceDone[2691])
10-25 21:39:17.612 3126 4063 I ExynosCameraMCPipe: [CAM_ID(1)][PIPE_3AA]-INFO(forceDone[423]):forceDone() is succeed, Pipe(1)
10-25 21:39:17.612 3126 4063 D ExynosCameraMCPipe: [CAM_ID(1)][PIPE_3AA]-DEBUG(stop[278])
10-25 21:39:17.612 3126 4063 D ExynosCameraMCPipe: [CAM_ID(1)][PIPE_3AA]-DEBUG(m_stopNode[2758])
10-25 21:39:17.642 3126 4063 D ExynosCameraMCPipe: [CAM_ID(1)][PIPE_3AA]-DEBUG(stop[290]):Thread exited
10-25 21:39:17.642 3126 4063 I ExynosCameraMCPipe: [CAM_ID(1)][PIPE_3AA]-INFO(stop[311]):stop() is succeed, Pipe(1)
10-25 21:39:17.642 3126 4063 D ExynosCameraMCPipe: [CAM_ID(1)][PIPE_ISP]-DEBUG(forceDone[409])
10-25 21:39:17.642 3126 4063 D ExynosCameraMCPipe: [CAM_ID(1)][PIPE_ISP]-DEBUG(m_forceDone[2691])
10-25 21:39:17.642 3126 4063 I ExynosCameraMCPipe: [CAM_ID(1)][PIPE_ISP]-INFO(forceDone[423]):forceDone() is succeed, Pipe(4)
10-25 21:39:17.642 3126 4063 D ExynosCameraMCPipe: [CAM_ID(1)][PIPE_ISP]-DEBUG(stop[278])
10-25 21:39:17.642 3126 4063 D ExynosCameraMCPipe: [CAM_ID(1)][PIPE_ISP]-DEBUG(m_stopNode[2758])
10-25 21:39:17.642 3126 4063 D ExynosCameraMCPipe: [CAM_ID(1)][PIPE_ISP]-DEBUG(stop[290]):Thread exited
10-25 21:39:17.642 3126 4063 I ExynosCameraMCPipe: [CAM_ID(1)][PIPE_ISP]-INFO(stop[311]):stop() is succeed, Pipe(4)
10-25 21:39:17.642 3126 4063 I ExynosCameraFrameFactory: [CAM_ID(1)][ExynosCameraFrameFactory3aaIspTpu]-INFO(stopThreadAndWait[453]):pipeId=12
10-25 21:39:17.642 3126 4063 D ExynosCameraPipe: [CAM_ID(1)][PIPE_GSC]-DEBUG(stopThreadAndWait[413]) IN
10-25 21:39:17.642 3126 4063 D ExynosCameraPipe: [CAM_ID(1)][PIPE_GSC]-DEBUG(stopThreadAndWait[429]) OUT
10-25 21:39:17.642 3126 4063 I ExynosCameraFrameFactoryPreview: [CAM_ID(1)][ExynosCameraFrameFactory3aaIspTpu]-INFO(stopPipes[1395]):Stopping Success!
10-25 21:39:17.642 3126 4063 D ExynosCamera: [CAM_ID(1)][]-DEBUG(m_stopPreviewInternal[6316]):clear process Frame list
10-25 21:39:17.642 3126 4063 D ExynosCamera: [CAM_ID(1)][]-DEBUG(m_clearList):remaining frame(3), we remove them all
10-25 21:39:17.642 3126 4063 D ExynosCamera: [CAM_ID(1)][]-DEBUG(m_clearList):EXIT
10-25 21:39:17.642 3126 4063 D ExynosCamera: [CAM_ID(1)][]-DEBUG(m_stopPreviewInternal[6325]):Recording m_recordingProcessList(0) IN
10-25 21:39:17.642 3126 4063 D ExynosCamera: [CAM_ID(1)][]-DEBUG(m_clearList):remaining frame(0), we remove them all
10-25 21:39:17.642 3126 4063 D ExynosCamera: [CAM_ID(1)][]-DEBUG(m_clearList):EXIT
10-25 21:39:17.642 3126 4063 D ExynosCamera: [CAM_ID(1)][]-DEBUG(m_stopPreviewInternal[6333]):Recording m_recordingProcessList(0) OUT
10-25 21:39:17.642 3126 4063 I ExynosCamera: [CAM_ID(1)][]-DEBUG(m_stopPreviewInternal[6347]):OUT
10-25 21:39:17.642 3126 4063 D ExynosCameraBufferManager: [CAM_ID(1)][BAYER_BUF]-DEBUG(resetBuffers[148]):IN..
10-25 21:39:17.642 3126 4063 I ExynosCameraBufferManager: [CAM_ID(1)][BAYER_BUF]-INFO(putBuffer[554]):bufIndex=0 is already in (available state)
10-25 21:39:17.642 3126 4063 I ExynosCameraBufferManager: [CAM_ID(1)][BAYER_BUF]-INFO(putBuffer[554]):bufIndex=1 is already in (available state)
10-25 21:39:17.642 3126 4063 I ExynosCameraBufferManager: [CAM_ID(1)][BAYER_BUF]-INFO(putBuffer[554]):bufIndex=2 is already in (available state)
10-25 21:39:17.652 3126 4063 I ExynosCameraBufferManager: [CAM_ID(1)][BAYER_BUF]-INFO(putBuffer[554]):bufIndex=3 is already in (available state)
10-25 21:39:17.652 3126 4063 I ExynosCameraBufferManager: [CAM_ID(1)][BAYER_BUF]-INFO(putBuffer[554]):bufIndex=4 is already in (available state)
10-25 21:39:17.652 3126 4063 I ExynosCameraBufferManager: [CAM_ID(1)][BAYER_BUF]-INFO(putBuffer[554]):bufIndex=5 is already in (available state)
10-25 21:39:17.652 3126 4063 D ExynosCameraBufferManager: [CAM_ID(1)][FLITE_BUF]-DEBUG(resetBuffers[148]):IN..
10-25 21:39:17.652 3126 4063 I ExynosCameraBufferManager: [CAM_ID(1)][FLITE_BUF]-INFO(resetBuffers[152]:OUT.. Buffer is not allocated
10-25 21:39:17.652 3126 4063 D ExynosCameraBufferManager: [CAM_ID(1)][3A1_BUF]-DEBUG(resetBuffers[148]):IN..
10-25 21:39:17.652 3126 4063 I ExynosCameraBufferManager: [CAM_ID(1)][3A1_BUF]-INFO(putBuffer[554]):bufIndex=1 is already in (available state)
10-25 21:39:17.652 3126 4063 I ExynosCameraBufferManager: [CAM_ID(1)][3A1_BUF]-INFO(putBuffer[554]):bufIndex=2 is already in (available state)
10-25 21:39:17.652 3126 4063 I ExynosCameraBufferManager: [CAM_ID(1)][3A1_BUF]-INFO(putBuffer[554]):bufIndex=3 is already in (available state)
10-25 21:39:17.652 3126 4063 D ExynosCameraBufferManager: [CAM_ID(1)][ISP_BUF]-DEBUG(deinit[116]):IN..
10-25 21:39:17.652 3126 4063 I ExynosCameraBufferManager: [CAM_ID(1)][ISP_BUF]-INFO(putBuffer[554]):bufIndex=1 is already in (available state)
10-25 21:39:17.652 3126 4063 I ExynosCameraBufferManager: [CAM_ID(1)][ISP_BUF]-INFO(putBuffer[554]):bufIndex=2 is already in (available state)
10-25 21:39:17.652 3126 4063 I ExynosCameraBufferManager: [CAM_ID(1)][ISP_BUF]-INFO(putBuffer[554]):bufIndex=3 is already in (available state)
10-25 21:39:17.652 3126 4063 D ExynosCameraBufferManager: [CAM_ID(1)][ISP_BUF]-DEBUG(m_free[252]):Free the buffer (m_allocatedBufCount=6) --- dumpBufferInfo ---
10-25 21:39:17.652 3126 4063 I ExynosCameraBufferManager: [CAM_ID(1)][ISP_BUF]-INFO(dumpBufferInfo[1244]):[m_buffer[0].fd[0]=85] .addr=0x0 .size=3110400 .position=0 .permission=1]
10-25 21:39:17.652 3126 4063 I ExynosCameraBufferManager: [CAM_ID(1)][ISP_BUF]-INFO(dumpBufferInfo[1244]):[m_buffer[0].fd[1]=91] .addr=0xebd2a000 .size=32768 .position=0 .permission=1]
10-25 21:39:17.652 3126 4063 I ExynosCameraBufferManager: [CAM_ID(1)][ISP_BUF]-INFO(dumpBufferInfo[1244]):[m_buffer[1].fd[0]=86] .addr=0x0 .size=3110400 .position=0 .permission=1]
10-25 21:39:17.652 3126 4063 I ExynosCameraBufferManager: [CAM_ID(1)][ISP_BUF]-INFO(dumpBufferInfo[1244]):[m_buffer[1].fd[1]=92] .addr=0xebd22000 .size=32768 .position=0 .permission=1]
10-25 21:39:17.652 3126 4063 I ExynosCameraBufferManager: [CAM_ID(1)][ISP_BUF]-INFO(dumpBufferInfo[1244]):[m_buffer[2].fd[0]=87] .addr=0x0 .size=3110400 .position=0 .permission=1]
10-25 21:39:17.652 3126 4063 I ExynosCameraBufferManager: [CAM_ID(1)][ISP_BUF]-INFO(dumpBufferInfo[1244]):[m_buffer[2].fd[1]=93] .addr=0xebd1a000 .size=32768 .position=0 .permission=1]
10-25 21:39:17.652 3126 4063 I ExynosCameraBufferManager: [CAM_ID(1)][ISP_BUF]-INFO(dumpBufferInfo[1244]):[m_buffer[3].fd[0]=88] .addr=0x0 .size=3110400 .position=0 .permission=1]
10-25 21:39:17.652 3126 4063 I ExynosCameraBufferManager: [CAM_ID(1)][ISP_BUF]-INFO(dumpBufferInfo[1244]):[m_buffer[3].fd[1]=94] .addr=0xebd12000 .size=32768 .position=0 .permission=1]
10-25 21:39:17.652 3126 4063 I ExynosCameraBufferManager: [CAM_ID(1)][ISP_BUF]-INFO(dumpBufferInfo[1244]):[m_buffer[4].fd[0]=89] .addr=0x0 .size=3110400 .position=0 .permission=1]
10-25 21:39:17.652 3126 4063 I ExynosCameraBufferManager: [CAM_ID(1)][ISP_BUF]-INFO(dumpBufferInfo[1244]):[m_buffer[4].fd[1]=95] .addr=0xebd0a000 .size=32768 .position=0 .permission=1]
10-25 21:39:17.652 3126 4063 I ExynosCameraBufferManager: [CAM_ID(1)][ISP_BUF]-INFO(dumpBufferInfo[1244]):[m_buffer[5].fd[0]=90] .addr=0x0 .size=3110400 .position=0 .permission=1]
10-25 21:39:17.652 3126 4063 I ExynosCameraBufferManager: [CAM_ID(1)][ISP_BUF]-INFO(dumpBufferInfo[1244]):[m_buffer[5].fd[1]=96] .addr=0xebd02000 .size=32768 .position=0 .permission=1]
10-25 21:39:17.652 3126 4063 D ExynosCameraBufferManager: [CAM_ID(1)][ISP_BUF]-DEBUG(m_free[255]):------------------------------------------------------
10-25 21:39:17.652 3126 4063 D ExynosCameraBufferManager: [CAM_ID(1)][ISP_BUF]-DEBUG(m_free[282]):Free the buffer succeeded (m_allocatedBufCount=0)
10-25 21:39:17.652 3126 4063 D ExynosCameraPipeJpeg: DEBUG:duration time( 3 msec):(m_free)
10-25 21:39:17.652 3126 4063 D ExynosCameraBufferManager: [CAM_ID(1)][ISP_BUF]-DEBUG(deinit[141]):OUT..
10-25 21:39:17.652 3126 4063 D ExynosCameraBufferManager: [CAM_ID(1)][HW_DIS_BUF]-DEBUG(resetBuffers[148]):IN..
10-25 21:39:17.652 3126 4063 I ExynosCameraBufferManager: [CAM_ID(1)][HW_DIS_BUF]-INFO(resetBuffers[152]:OUT.. Buffer is not allocated
10-25 21:39:17.652 3126 4063 D ExynosCameraBufferManager: [CAM_ID(1)][ISP_RE_BUF]-DEBUG(resetBuffers[148]):IN..
10-25 21:39:17.652 3126 4063 I ExynosCameraBufferManager: [CAM_ID(1)][ISP_RE_BUF]-INFO(resetBuffers[152]:OUT.. Buffer is not allocated
10-25 21:39:17.652 3126 4063 D ExynosCameraBufferManager: [CAM_ID(1)][SCC_RE_BUF]-DEBUG(resetBuffers[148]):IN..
10-25 21:39:17.652 3126 4063 I ExynosCameraBufferManager: [CAM_ID(1)][SCC_RE_BUF]-INFO(resetBuffers[152]:OUT.. Buffer is not allocated
10-25 21:39:17.652 3126 4063 D ExynosCameraBufferManager: [CAM_ID(1)][SCP_BUF]-DEBUG(deinit[116]):IN..
10-25 21:39:17.652 3126 4063 I ExynosCameraBufferManager: [CAM_ID(1)][SCP_BUF]-INFO(putBuffer[554]):bufIndex=0 is already in (available state)
10-25 21:39:17.652 3126 4063 I ExynosCameraBufferManager: [CAM_ID(1)][SCP_BUF]-INFO(putBuffer[554]):bufIndex=1 is already in (available state)
10-25 21:39:17.652 3126 4063 I ExynosCameraBufferManager: [CAM_ID(1)][SCP_BUF]-INFO(putBuffer[554]):bufIndex=2 is already in (available state)
10-25 21:39:17.652 3126 4063 I ExynosCameraBufferManager: [CAM_ID(1)][SCP_BUF]-INFO(putBuffer[554]):bufIndex=3 is already in (available state)
10-25 21:39:17.652 3126 4063 I ExynosCameraBufferManager: [CAM_ID(1)][SCP_BUF]-INFO(putBuffer[554]):bufIndex=4 is already in (available state)
10-25 21:39:17.652 3126 4063 I ExynosCameraBufferManager: [CAM_ID(1)][SCP_BUF]-INFO(putBuffer[554]):bufIndex=5 is already in (available state)
10-25 21:39:17.652 3126 4063 I ExynosCameraBufferManager: [CAM_ID(1)][SCP_BUF]-INFO(putBuffer[554]):bufIndex=6 is already in (available state)
10-25 21:39:17.652 3126 4063 I ExynosCameraBufferManager: [CAM_ID(1)][SCP_BUF]-INFO(putBuffer[554]):bufIndex=7 is already in (available state)
10-25 21:39:17.652 3126 4063 I ExynosCameraBufferManager: [CAM_ID(1)][SCP_BUF]-INFO(putBuffer[554]):bufIndex=8 is already in (available state)
10-25 21:39:17.652 3126 4063 D ExynosCameraBufferManager: [CAM_ID(1)][SCP_BUF]-DEBUG(m_free[252]):Free the buffer (m_allocatedBufCount=9) --- dumpBufferInfo ---
10-25 21:39:17.652 3126 4063 I ExynosCameraBufferManager: [CAM_ID(1)][SCP_BUF]-INFO(dumpBufferInfo[1244]):[m_buffer[0].fd[0]=100] .addr=0xeb9e1000 .size=129600 .position=0 .permission=1]
10-25 21:39:17.652 3126 4063 I ExynosCameraBufferManager: [CAM_ID(1)][SCP_BUF]-INFO(dumpBufferInfo[1244]):[m_buffer[0].fd[1]=101] .addr=0xeb9d1000 .size=64800 .position=0 .permission=1]
10-25 21:39:17.652 3126 4063 I ExynosCameraBufferManager: [CAM_ID(1)][SCP_BUF]-INFO(dumpBufferInfo[1244]):[m_buffer[0].fd[2]=118] .addr=0xe8d4b000 .size=32768 .position=0 .permission=1]
10-25 21:39:17.652 3126 4063 I ExynosCameraBufferManager: [CAM_ID(1)][SCP_BUF]-INFO(dumpBufferInfo[1244]):[m_buffer[1].fd[0]=102] .addr=0xeb461000 .size=129600 .position=0 .permission=1]
10-25 21:39:17.652 3126 4063 I ExynosCameraBufferManager: [CAM_ID(1)][SCP_BUF]-INFO(dumpBufferInfo[1244]):[m_buffer[1].fd[1]=103] .addr=0xeb9c1000 .size=64800 .position=0 .permission=1]
10-25 21:39:17.652 3126 4063 I ExynosCameraBufferManager: [CAM_ID(1)][SCP_BUF]-INFO(dumpBufferInfo[1244]):[m_buffer[1].fd[2]=119] .addr=0xe8d43000 .size=32768 .position=0 .permission=1]
10-25 21:39:17.652 3126 4063 I ExynosCameraBufferManager: [CAM_ID(1)][SCP_BUF]-INFO(dumpBufferInfo[1244]):[m_buffer[2].fd[0]=104] .addr=0xeb441000 .size=129600 .position=0 .permission=1]
10-25 21:39:17.652 3126 4063 I ExynosCameraBufferManager: [CAM_ID(1)][SCP_BUF]-INFO(dumpBufferInfo[1244]):[m_buffer[2].fd[1]=105] .addr=0xeb3f0000 .size=64800 .position=0 .permission=1]
10-25 21:39:17.652 3126 4063 I ExynosCameraBufferManager: [CAM_ID(1)][SCP_BUF]-INFO(dumpBufferInfo[1244]):[m_buffer[2].fd[2]=120] .addr=0xe8a79000 .size=32768 .position=0 .permission=1]
10-25 21:39:17.652 3126 4063 I ExynosCameraBufferManager: [CAM_ID(1)][SCP_BUF]-INFO(dumpBufferInfo[1244]):[m_buffer[3].fd[0]=106] .addr=0xeb3d0000 .size=129600 .position=0 .permission=1]
10-25 21:39:17.652 3126 4063 I ExynosCameraBufferManager: [CAM_ID(1)][SCP_BUF]-INFO(dumpBufferInfo[1244]):[m_buffer[3].fd[1]=107] .addr=0xeb3c0000 .size=64800 .position=0 .permission=1]
10-25 21:39:17.652 3126 4063 I ExynosCameraBufferManager: [CAM_ID(1)][SCP_BUF]-INFO(dumpBufferInfo[1244]):[m_buffer[3].fd[2]=121] .addr=0xe8a71000 .size=32768 .position=0 .permission=1]
10-25 21:39:17.652 3126 4063 I ExynosCameraBufferManager: [CAM_ID(1)][SCP_BUF]-INFO(dumpBufferInfo[1244]):[m_buffer[4].fd[0]=108] .addr=0xea7e2000 .size=129600 .position=0 .permission=1]
10-25 21:39:17.652 3126 4063 I ExynosCameraBufferManager: [CAM_ID(1)][SCP_BUF]-INFO(dumpBufferInfo[1244]):[m_buffer[4].fd[1]=109] .addr=0xea7d2000 .size=64800 .position=0 .permission=1]
10-25 21:39:17.652 3126 4063 I ExynosCameraBufferManager: [CAM_ID(1)][SCP_BUF]-INFO(dumpBufferInfo[1244]):[m_buffer[4].fd[2]=122] .addr=0xe8a69000 .size=32768 .position=0 .permission=1]
10-25 21:39:17.652 3126 4063 I ExynosCameraBufferManager: [CAM_ID(1)][SCP_BUF]-INFO(dumpBufferInfo[1244]):[m_buffer[5].fd[0]=110] .addr=0xea3e2000 .size=129600 .position=0 .permission=1]
10-25 21:39:17.652 3126 4063 I ExynosCameraBufferManager: [CAM_ID(1)][SCP_BUF]-INFO(dumpBufferInfo[1244]):[m_buffer[5].fd[1]=111] .addr=0xea7c2000 .size=64800 .position=0 .permission=1]
10-25 21:39:17.652 3126 4063 I ExynosCameraBufferManager: [CAM_ID(1)][SCP_BUF]-INFO(dumpBufferInfo[1244]):[m_buffer[5].fd[2]=123] .addr=0xe8a61000 .size=32768 .position=0 .permission=1]
10-25 21:39:17.652 3126 4063 I ExynosCameraBufferManager: [CAM_ID(1)][SCP_BUF]-INFO(dumpBufferInfo[1244]):[m_buffer[6].fd[0]=112] .addr=0xea3c2000 .size=129600 .position=0 .permission=1]
10-25 21:39:17.652 3126 4063 I ExynosCameraBufferManager: [CAM_ID(1)][SCP_BUF]-INFO(dumpBufferInfo[1244]):[m_buffer[6].fd[1]=113] .addr=0xe94b2000 .size=64800 .position=0 .permission=1]
10-25 21:39:17.652 3126 4063 I ExynosCameraBufferManager: [CAM_ID(1)][SCP_BUF]-INFO(dumpBufferInfo[1244]):[m_buffer[6].fd[2]=124] .addr=0xe8a59000 .size=32768 .position=0 .permission=1]
10-25 21:39:17.652 3126 4063 I ExynosCameraBufferManager: [CAM_ID(1)][SCP_BUF]-INFO(dumpBufferInfo[1244]):[m_buffer[7].fd[0]=114] .addr=0xe9492000 .size=129600 .position=0 .permission=1]
10-25 21:39:17.652 3126 4063 I ExynosCameraBufferManager: [CAM_ID(1)][SCP_BUF]-INFO(dumpBufferInfo[1244]):[m_buffer[7].fd[1]=115] .addr=0xe9482000 .size=64800 .position=0 .permission=1]
10-25 21:39:17.652 3126 4063 I ExynosCameraBufferManager: [CAM_ID(1)][SCP_BUF]-INFO(dumpBufferInfo[1244]):[m_buffer[7].fd[2]=125] .addr=0xe8a51000 .size=32768 .position=0 .permission=1]
10-25 21:39:17.652 3126 4063 I ExynosCameraBufferManager: [CAM_ID(1)][SCP_BUF]-INFO(dumpBufferInfo[1244]):[m_buffer[8].fd[0]=116] .addr=0xe8d63000 .size=129600 .position=0 .permission=1]
10-25 21:39:17.652 3126 4063 I ExynosCameraBufferManager: [CAM_ID(1)][SCP_BUF]-INFO(dumpBufferInfo[1244]):[m_buffer[8].fd[1]=117] .addr=0xe8d53000 .size=64800 .position=0 .permission=1]
10-25 21:39:17.652 3126 4063 I ExynosCameraBufferManager: [CAM_ID(1)][SCP_BUF]-INFO(dumpBufferInfo[1244]):[m_buffer[8].fd[2]=126] .addr=0xe8a49000 .size=32768 .position=0 .permission=1]
10-25 21:39:17.652 3126 4063 D ExynosCameraBufferManager: [CAM_ID(1)][SCP_BUF]-DEBUG(m_free[255]):------------------------------------------------------
10-25 21:39:17.652 3126 4063 D ExynosCameraBufferManager: [CAM_ID(1)][SCP_BUF]-DEBUG(m_free[282]):Free the buffer succeeded (m_allocatedBufCount=0)
10-25 21:39:17.652 3126 4063 D ExynosCameraPipeJpeg: DEBUG:duration time( 4 msec):(m_free)
10-25 21:39:17.652 3126 4063 D ExynosCameraBufferManager: [CAM_ID(1)][SCP_BUF]-DEBUG(deinit[141]):OUT..
10-25 21:39:17.652 3126 4063 D ExynosCameraBufferManager: [CAM_ID(1)][SCP_BUF]-DEBUG(setBufferCount[1253]):
10-25 21:39:17.652 3126 4063 D ExynosCameraBufferManager: [CAM_ID(1)][DZOOM_SCALER_BUF]-DEBUG(deinit[116]):IN..
10-25 21:39:17.652 3126 4063 I ExynosCameraBufferManager: [CAM_ID(1)][DZOOM_SCALER_BUF]-INFO(deinit[119]:OUT.. Buffer is not allocated
10-25 21:39:17.652 3126 4063 D ExynosCameraBufferManager: [CAM_ID(1)][SCC_BUF]-DEBUG(resetBuffers[148]):IN..
10-25 21:39:17.652 3126 4063 I ExynosCameraBufferManager: [CAM_ID(1)][SCC_BUF]-INFO(resetBuffers[152]:OUT.. Buffer is not allocated
10-25 21:39:17.652 3126 4063 D ExynosCameraBufferManager: [CAM_ID(1)][GSC_BUF]-DEBUG(resetBuffers[148]):IN..
10-25 21:39:17.652 3126 4063 I ExynosCameraBufferManager: [CAM_ID(1)][GSC_BUF]-INFO(resetBuffers[152]:OUT.. Buffer is not allocated
10-25 21:39:17.652 3126 4063 D ExynosCameraBufferManager: [CAM_ID(1)][POSTPICTURE_GSC_BUF]-DEBUG(deinit[116]):IN..
10-25 21:39:17.652 3126 4063 I ExynosCameraBufferManager: [CAM_ID(1)][POSTPICTURE_GSC_BUF]-INFO(deinit[119]:OUT.. Buffer is not allocated
10-25 21:39:17.652 3126 4063 D ExynosCameraBufferManager: [CAM_ID(1)][THUMBNAIL_GSC_BUF]-DEBUG(deinit[116]):IN..
10-25 21:39:17.662 3126 4063 I ExynosCameraBufferManager: [CAM_ID(1)][THUMBNAIL_GSC_BUF]-INFO(deinit[119]:OUT.. Buffer is not allocated
10-25 21:39:17.662 3126 4063 D ExynosCameraBufferManager: [CAM_ID(1)][JPEG_BUF]-DEBUG(deinit[116]):IN..
10-25 21:39:17.662 3126 4063 I ExynosCameraBufferManager: [CAM_ID(1)][JPEG_BUF]-INFO(deinit[119]:OUT.. Buffer is not allocated
10-25 21:39:17.662 3126 4063 D ExynosCameraBufferManager: [CAM_ID(1)][HW_DIS_BUF]-DEBUG(deinit[116]):IN..
10-25 21:39:17.662 3126 4063 I ExynosCameraBufferManager: [CAM_ID(1)][HW_DIS_BUF]-INFO(deinit[119]:OUT.. Buffer is not allocated
10-25 21:39:17.662 3126 4063 D ExynosCameraBufferManager: [CAM_ID(1)][REC_BUF]-DEBUG(deinit[116]):IN..
10-25 21:39:17.662 3126 4063 I ExynosCameraBufferManager: [CAM_ID(1)][REC_BUF]-INFO(deinit[119]:OUT.. Buffer is not allocated
10-25 21:39:17.662 3126 4063 D ExynosCameraBufferManager: [CAM_ID(1)][PREVIEW_CB_BUF]-DEBUG(deinit[116]):IN..
10-25 21:39:17.662 3126 4063 I ExynosCameraBufferManager: [CAM_ID(1)][PREVIEW_CB_BUF]-INFO(putBuffer[554]):bufIndex=0 is already in (available state)
10-25 21:39:17.662 3126 4063 D ExynosCameraBufferManager: [CAM_ID(1)][PREVIEW_CB_BUF]-DEBUG(m_free[252]):Free the buffer (m_allocatedBufCount=1) --- dumpBufferInfo ---
10-25 21:39:17.662 3126 4063 I ExynosCameraBufferManager: [CAM_ID(1)][PREVIEW_CB_BUF]-INFO(dumpBufferInfo[1244]):[m_buffer[0].fd[0]=127] .addr=0x0 .size=194400 .position=0 .permission=1]
10-25 21:39:17.662 3126 4063 D ExynosCameraBufferManager: [CAM_ID(1)][PREVIEW_CB_BUF]-DEBUG(m_free[255]):------------------------------------------------------
10-25 21:39:17.662 3126 4063 D ExynosCameraBufferManager: [CAM_ID(1)][PREVIEW_CB_BUF]-DEBUG(m_free[282]):Free the buffer succeeded (m_allocatedBufCount=0)
10-25 21:39:17.662 3126 4063 D ExynosCameraPipeJpeg: DEBUG:duration time( 0 msec):(m_free)
10-25 21:39:17.662 3126 4063 D ExynosCameraBufferManager: [CAM_ID(1)][PREVIEW_CB_BUF]-DEBUG(deinit[141]):OUT..
10-25 21:39:17.662 3126 4063 D ExynosCameraBufferManager: [CAM_ID(1)][HIGH_RESOLUTION_CB_BUF]-DEBUG(deinit[116]):IN..
10-25 21:39:17.662 3126 4063 I ExynosCameraBufferManager: [CAM_ID(1)][HIGH_RESOLUTION_CB_BUF]-INFO(deinit[119]:OUT.. Buffer is not allocated
10-25 21:39:17.662 3126 4063 D ExynosCameraFrameManager: [CAM_ID(1)][CREATE FRAME WORKER]-DEBUG(stop[200]): worker stopped remove ths remained frames(200)
10-25 21:39:17.672 3126 4063 D ExynosCameraFrameManager: [CAM_ID(1)][DELETE FRAME WORKER]-DEBUG(stop[448]): worker stopped remove ths remained frames(0)
10-25 21:39:17.672 3126 4063 D ExynosCameraFrameManager: [CAM_ID(1)][FRAME MANAGER]-DEBUG(deleteAllFrame[769]):No memory leak detected m_runningFrameList.size()(0)
10-25 21:39:17.672 3126 4063 D UniPlugin: uni_plugin_deinit is called!
10-25 21:39:17.672 3126 4063 I ExynosCamera3Interface: INFO(HAL_camera_device_stop_preview[913]):camera(1) out from stopPreview()
10-25 21:39:17.672 3126 4063 I ExynosCamera3Interface: INFO(HAL_camera_device_stop_preview[917]):camera(1) unlocked..
10-25 21:39:17.672 3126 4063 I ExynosCamera3Interface: INFO(HAL_camera_device_stop_preview[922]):camera(1) out
10-25 21:39:17.672 3126 4063 D ExynosCamera3Interface: DEBUG:duration time( 87 msec):(HAL_camera_device_stop_preview)
10-25 21:39:17.672 3126 4063 I ShotSingle: stopPreview X
10-25 21:39:17.682 28775 28793 I SecCamera-JNI-Java: stopPreview
10-25 21:39:17.682 3126 3126 I ShotCommon: setAppUsePreviewFrame(0)
10-25 21:39:17.682 3126 3126 I ShotCommon: disablePreviewMsgBy : msg(In:0x2, Out:0x0)
10-25 21:39:17.682 3126 3126 I ShotCommon: previewCallbackEnabled (0x0)
10-25 21:39:17.682 3126 3126 I ShotCommon: disableMsgType : msg(In:0x10, Out:0xc0d)
10-25 21:39:17.682 3126 3802 I ShotCommon: setAppUsePreviewFrame(0)
10-25 21:39:17.682 3126 3802 I ShotCommon: disablePreviewMsgBy : msg(In:0x2, Out:0x0)
10-25 21:39:17.682 3126 3802 I ShotCommon: disableMsgType : msg(In:0xffffffff, Out:0x0)
10-25 21:39:17.682 3126 3802 I ShotSingle: stopPreview E
10-25 21:39:17.682 3126 3802 I ShotCommon: disableMsgType : msg(In:0x3c2, Out:0x0)
10-25 21:39:17.682 3126 3802 V ShotSingle: stopPreview(1)
10-25 21:39:17.682 3126 3802 I ExynosCamera3Interface: INFO(HAL_camera_device_stop_preview[879]):camera(1) in
10-25 21:39:17.682 3126 3802 D ExynosCamera3Interface: DEBUG(check_camera_state):camera(1) state(5) checking...
10-25 21:39:17.682 3126 3802 D ExynosCamera3Interface: DEBUG(check_camera_state):camera(1) state(5:PREVIEW_STOPPED->5:PREVIEW_STOPPED) is valid
10-25 21:39:17.682 3126 3802 I ExynosCamera: [CAM_ID(1)][]-INFO(stopPreview[2315])
10-25 21:39:17.682 3126 3802 I ExynosCamera: [CAM_ID(1)][]-INFO(stopPreview[2334]): wait m_fastenAeThread
10-25 21:39:17.682 3126 3802 I ExynosCamera: [CAM_ID(1)][]-INFO(stopPreview[2336]): wait m_fastenAeThread end
10-25 21:39:17.682 3126 3802 I ExynosCamera: [CAM_ID(1)][]-INFO(stopPreview[2345]): wait m_companionThread
10-25 21:39:17.682 3126 3802 I ExynosCamera: [CAM_ID(1)][]-INFO(stopPreview[2347]): wait m_companionThread end
10-25 21:39:17.682 3126 3802 D ExynosCamera: [CAM_ID(1)][]-DEBUG(stopPreview[2355]): preview is not enabled
10-25 21:39:17.682 3126 3802 I ExynosCamera3Interface: INFO(HAL_camera_device_stop_preview[913]):camera(1) out from stopPreview()
10-25 21:39:17.682 3126 3802 I ExynosCamera3Interface: INFO(HAL_camera_device_stop_preview[917]):camera(1) unlocked..
10-25 21:39:17.682 3126 3802 I ExynosCamera3Interface: INFO(HAL_camera_device_stop_preview[922]):camera(1) out
10-25 21:39:17.682 3126 3802 D ExynosCamera3Interface: DEBUG:duration time( 0 msec):(HAL_camera_device_stop_preview)
10-25 21:39:17.682 3126 3802 I ShotSingle: stopPreview X
10-25 21:39:17.682 3126 3802 I ExynosCamera: [CAM_ID(1)][]-INFO(cancelPicture[4071])
10-25 21:39:17.682 3126 3802 D ExynosCamera3Interface: DEBUG:duration time( 0 msec):(HAL_camera_device_cancel_picture)
10-25 21:39:17.682 3126 3802 I ExynosCamera3Interface: INFO(HAL_camera_device_release[1121]):camera(1) in
10-25 21:39:17.682 3126 3802 D ExynosCamera3Interface: DEBUG(check_camera_state):camera(1) state(2) checking...
10-25 21:39:17.682 3126 3802 D ExynosCamera3Interface: DEBUG(check_camera_state):camera(1) state(5:PREVIEW_STOPPED->2:RELEASED) is valid
10-25 21:39:17.682 3126 3802 I ExynosCamera: [CAM_ID(1)][]-INFO(release[1003]): -IN-
10-25 21:39:17.682 3126 3802 I ExynosCamera: [CAM_ID(1)][]-INFO(release[1008]): wait m_fastenAeThread
10-25 21:39:17.682 3126 3802 I ExynosCamera: [CAM_ID(1)][]-INFO(release[1010]): wait m_fastenAeThread end
10-25 21:39:17.682 3126 3802 I ExynosCamera: [CAM_ID(1)][]-INFO(m_stopCompanion[18698]): wait m_companionThread
10-25 21:39:17.682 3126 3802 I ExynosCamera: [CAM_ID(1)][]-INFO(m_stopCompanion[18700]): wait m_companionThread end
10-25 21:39:17.682 3126 3802 D ExynosCameraNode: [CAM_ID(1)][companion]-DEBUG(close[269]): close
10-25 21:39:17.682 3126 3802 D ExynosCamera: [CAM_ID(1)][]-DEBUG(m_stopCompanion):Companion Node(109) closed
10-25 21:39:17.682 3126 3802 D ExynosCamera: [CAM_ID(1)][]-DEBUG(m_stopCompanion[18719]):duration time( 0 msec)
10-25 21:39:17.682 3126 3802 D ExynosCameraFrameManager: [CAM_ID(1)][FRAME MANAGER]-stop(736): frameManager already stop!!
10-25 21:39:17.682 3126 3802 I ExynosCamera: [CAM_ID(1)][]-INFO(m_deinitFrameFactory[936]): -IN-
10-25 21:39:17.682 3126 3802 D ExynosCamera: [CAM_ID(1)][]-DEBUG(m_deinitFrameFactory[950]): m_frameFactory index(0) and index(1) are same instance, set index(1) = NULL
10-25 21:39:17.682 3126 3802 I ExynosCameraFrameFactory: [CAM_ID(1)][ExynosCameraFrameFactory3aaIspTpu]-INFO(destroy[51])
10-25 21:39:17.682 3126 3802 D ExynosCameraPipeFlite: [CAM_ID(1)][PIPE_FLITE]-DEBUG(destroy[94])
10-25 21:39:17.682 3126 3802 D ExynosCameraPipeFlite: [CAM_ID(1)]-DEBUG(m_destroyNode[149]): delete g_nodeRefCount[1] : (1)
