10-25 21:40:24.842 17353 17453 I OVR : PhoneSensors::GetLatestUncalibratedMagAndBiasValue: initializing queue
10-25 21:40:24.842 3520 4925 E SensorService: getSensorList a sensor (HRM Ambient Light Canceling) without holding its required permission: com.samsung.permission.HRM_EXT
10-25 21:40:24.842 3520 4925 I SensorService: Skipped sensor HRM Ambient Light Canceling because it requires permission com.samsung.permission.HRM_EXT and app op -1
10-25 21:40:24.842 3520 4925 E SensorService: getSensorList a sensor (HRM Proximity detecting) without holding its required permission: com.samsung.permission.HRM_EXT
10-25 21:40:24.842 3520 4925 I SensorService: Skipped sensor HRM Proximity detecting because it requires permission com.samsung.permission.HRM_EXT and app op -1
10-25 21:40:24.842 3520 4925 W ServiceManager: Permission failure: android.permission.BODY_SENSORS from uid=10217 pid=17353
10-25 21:40:24.842 3520 4925 E SensorService: getSensorList a sensor (HRMLED IR) without holding its required permission: android.permission.BODY_SENSORS
10-25 21:40:24.842 3520 4925 I SensorService: Skipped sensor HRMLED IR because it requires permission android.permission.BODY_SENSORS and app op 56
10-25 21:40:24.842 3520 4925 W ServiceManager: Permission failure: android.permission.BODY_SENSORS from uid=10217 pid=17353
10-25 21:40:24.842 3520 4925 E SensorService: getSensorList a sensor (HRMLED RED) without holding its required permission: android.permission.BODY_SENSORS
10-25 21:40:24.842 3520 4925 I SensorService: Skipped sensor HRMLED RED because it requires permission android.permission.BODY_SENSORS and app op 56
10-25 21:40:24.842 3520 4925 E SensorService: getSensorList a sensor (MAX86900) without holding its required permission: com.samsung.permission.SSENSOR
10-25 21:40:24.842 3520 4925 I SensorService: Skipped sensor MAX86900 because it requires permission com.samsung.permission.SSENSOR and app op -1
10-25 21:40:24.842 3520 4925 E SensorService: getSensorList a sensor (HRM Sensor) without holding its required permission: com.samsung.permission.SSENSOR
10-25 21:40:24.842 3520 4925 I SensorService: Skipped sensor HRM Sensor because it requires permission com.samsung.permission.SSENSOR and app op -1
10-25 21:40:24.842 3520 4925 W ServiceManager: Permission failure: android.permission.BODY_SENSORS from uid=10217 pid=17353
10-25 21:40:24.842 3520 4925 E SensorService: getSensorList a sensor (HeartRate Sensor) without holding its required permission: android.permission.BODY_SENSORS
10-25 21:40:24.842 3520 4925 I SensorService: Skipped sensor HeartRate Sensor because it requires permission android.permission.BODY_SENSORS and app op 56
10-25 21:40:24.842 3520 4287 D SensorService: SensorEventConnection::SocketBufferSize, SystemSocketBufferSize - 102400, 2097152
10-25 21:40:24.842 3520 4928 E Sensors : Mag old sensor_state 0, new sensor_state : 4 en : 1
10-25 21:40:24.842 17353 17390 I HmdSensors: HmdSensors::StartSensor: created headset sensor.
10-25 21:40:24.842 17353 17390 D VrApi : targetSDKVersion 23
10-25 21:40:24.852 17353 17390 I VrApi : DEVICE MODEL NUMBER = SM-G928T
10-25 21:40:24.852 17353 17390 I VrApi : DEVICE HARDWARE = samsungexynos7420
10-25 21:40:24.852 17353 17390 I VrApi : DEVICE BUILD NAME = MMB29K.G928TUVS4DPH2
10-25 21:40:24.852 17353 17390 I VrApi : DEVICE BUILD TYPE = user
10-25 21:40:24.852 17353 17390 I VrApi : DEVICE OS VERSION = 6.0.1
10-25 21:40:24.852 17353 17390 I VrApi : VRAPI VERSION = 1.0.4.1-293889-41586955 Oct 14 2016 14:14:35 Development RELEASE
10-25 21:40:24.852 17353 17390 I VrApi : VRAPI LOADER VERSION = 1.0.0.1
10-25 21:40:24.852 17353 17390 I VrApi : APP NAME = Gear VR System
10-25 21:40:24.852 17353 17390 I VrApi : APP VERSION = 1.0.27 versionCode 102700000 internalVersionName
10-25 21:40:24.852 17353 17390 I VrApi : APP VR TYPE = dual
10-25 21:40:24.852 17353 17390 I VrApi : APP PACKAGE NAME = com.samsung.android.hmt.vrsystem
10-25 21:40:24.852 17353 17390 I VrApi : APP ACTIVITY CLASS = com.samsung.android.hmt.vrsystem.permission.PermissionActivity
10-25 21:40:24.852 17353 17390 I VrApi : ovrModeParms::VRAPI_MODE_FLAG_ALLOW_POWER_SAVE = 1
10-25 21:40:24.852 17353 17390 I VrApi : ovrModeParms::VRAPI_MODE_FLAG_RESET_WINDOW_FULLSCREEN = 1
10-25 21:40:24.852 17353 17390 I VrApi : ovrModeParms::VRAPI_MODE_FLAG_NATIVE_WINDOW = 0
10-25 21:40:24.852 17353 17390 I VrApi : ovrModeParms::VRAPI_MODE_FLAG_FRONT_BUFFER_PROTECTED = 0
10-25 21:40:24.852 17353 17390 I VrApi : ovrModeParms::VRAPI_MODE_FLAG_FRONT_BUFFER_565 = 0
10-25 21:40:24.852 17353 17390 I VrApi : ovrModeParms::VRAPI_MODE_FLAG_FRONT_BUFFER_SRGB = 0
10-25 21:40:24.852 17353 17390 I OVR_LogUtils: SetAllowGpuTimerQueries( 0 )
10-25 21:40:24.872 17353 17390 I HmdSensors: HmdSensors::GetPredictedSensorState: created headset sensor (tid=17390)
10-25 21:40:24.872 17353 17390 I VrApi : HMD sensor attached.
10-25 21:40:24.882 17353 17390 I Vsync : Android reported display refresh rate = 59.00 Hz
10-25 21:40:24.882 17353 17390 I Vsync : Failed to open /sys/class/graphics/fb0/vsync_event (No such file or directory)
10-25 21:40:24.882 17353 17390 I Vsync : Started Choreographer doFrame() callback.
10-25 21:40:24.882 17353 17390 I VrApi : ovr_RegisterStatsReceivers
10-25 21:40:24.882 17353 17390 D BatteryReceiver: Registering battery receiver
10-25 21:40:24.882 17455 17455 W StaticBindingVerifier: Verify
10-25 21:40:24.882 17353 17390 D HeadsetReceiver: startHeadsetReceiver: 0
10-25 21:40:24.882 17353 17390 I VrApi : nativeHeadsetEvent(0)
10-25 21:40:24.892 17433 17433 D ACRA : ACRA init; reportURL: https://www.facebook.com/mobile/generic_android_crash_logs/1437758943160428
10-25 21:40:24.892 17433 17433 D ACRA : ACRA is enabled for com.oculus.horizon, intializing...
10-25 21:40:24.892 17353 17390 I VrApi : nativeGamepadListener(0)
10-25 21:40:24.892 17353 17390 I OutsideIn: OIT::Enter()
10-25 21:40:24.892 17353 17390 I OutsideIn: Set the dev_oitCamera localpref to enable
10-25 21:40:24.892 17353 17390 I VrApi : OVR::Clocks thread started
10-25 21:40:24.892 17353 17390 I TimeWarp: -------------------- TimeWarpLocal() --------------------
10-25 21:40:24.892 17353 17390 I TimeWarp: dev_asyncTimewarp = 1
10-25 21:40:24.892 17353 17390 I TimeWarp: dev_frontbuffer = 1
10-25 21:40:24.892 17353 17390 I TimeWarp: dev_singleTriangle = 0
10-25 21:40:24.892 17353 17390 I TimeWarp: dev_singleTile = 0
10-25 21:40:24.892 17353 17390 I TimeWarp: dev_testTileOrder = 0
10-25 21:40:24.892 17353 17390 I TimeWarp: TimeWarpAllocatedFrontBuffer = 0
10-25 21:40:24.892 17353 17390 I TimeWarp: Application context EGL_CONTEXT_CLIENT_VERSION = 3
10-25 21:40:24.892 17353 17390 I TimeWarp: eglFrontBufferSurface = 0xeea03920
10-25 21:40:24.892 17353 17390 I TimeWarp: frontBufferWidth = 2560
10-25 21:40:24.892 17353 17390 I TimeWarp: frontBufferHeight = 1440
10-25 21:40:24.892 17353 17390 I TimeWarp: frontBufferIsProtected = 0
10-25 21:40:24.892 17353 17390 I TimeWarp: frontBufferIs565 = 0
10-25 21:40:24.892 17353 17390 I TimeWarp: warpMeshClipMode = 1
10-25 21:40:24.892 17353 17390 I TimeWarp: forceChromaticAberrationCorrection = -
10-25 21:40:24.892 17353 17390 I TimeWarp: Requesting EGL_CONTEXT_PRIORITY_HIGH_IMG
10-25 21:40:24.892 17353 17513 D VrApi : getDeviceProperty: device_gpu
10-25 21:40:24.892 17353 17514 I TimeWarp: WarpThreadInit()
10-25 21:40:24.892 17353 17514 D : ro.exynos.dss isEnabled: 0
10-25 21:40:24.892 17353 17514 I TimeWarp: eglWarpContext: 0xee4d3040
10-25 21:40:24.892 17353 17514 I TimeWarp: Context is EGL_CONTEXT_PRIORITY_HIGH_IMG
10-25 21:40:24.892 17353 17514 I TimeWarp: eglMakeCurrent on 0xeea03920
10-25 21:40:24.902 17353 17514 I OVR_GlUtils: GL_EXTENSIONS:
10-25 21:40:24.902 17353 17514 I OVR_GlUtils: GL_EXT_debug_marker
10-25 21:40:24.902 17353 17514 I OVR_GlUtils: GL_ARM_rgba8
10-25 21:40:24.902 17353 17514 I OVR_GlUtils: GL_ARM_mali_shader_binary
10-25 21:40:24.902 17353 17514 I OVR_GlUtils: GL_OES_depth24
10-25 21:40:24.902 17353 17514 I OVR_GlUtils: GL_OES_depth_texture
10-25 21:40:24.902 17353 17514 I OVR_GlUtils: GL_OES_depth_texture_cube_map
10-25 21:40:24.902 17353 17514 I OVR_GlUtils: GL_OES_packed_depth_stencil
10-25 21:40:24.902 17353 17514 I OVR_GlUtils: GL_OES_rgb8_rgba8
10-25 21:40:24.902 17353 17514 I OVR_GlUtils: GL_EXT_read_format_bgra
10-25 21:40:24.902 17353 17514 I OVR_GlUtils: GL_OES_compressed_paletted_texture
10-25 21:40:24.902 17353 17514 I OVR_GlUtils: GL_OES_compressed_ETC1_RGB8_texture
10-25 21:40:24.902 17353 17514 I OVR_GlUtils: GL_OES_standard_derivatives
10-25 21:40:24.902 17353 17514 I OVR_GlUtils: GL_OES_EGL_image
10-25 21:40:24.902 17353 17514 I OVR_GlUtils: GL_OES_EGL_image_external
10-25 21:40:24.902 17353 17514 I OVR_GlUtils: GL_OES_EGL_sync
10-25 21:40:24.902 17353 17514 I OVR_GlUtils: GL_OES_texture_npot
10-25 21:40:24.902 17353 17514 I OVR_GlUtils: GL_OES_vertex_half_float
10-25 21:40:24.902 17353 17514 I OVR_GlUtils: GL_OES_required_internalformat
10-25 21:40:24.902 17353 17514 I OVR_GlUtils: GL_OES_vertex_array_object
10-25 21:40:24.902 17353 17514 I OVR_GlUtils: GL_OES_mapbuffer
10-25 21:40:24.902 17353 17514 I OVR_GlUtils: GL_EXT_texture_format_BGRA8888
10-25 21:40:24.902 17353 17514 I OVR_GlUtils: GL_EXT_texture_rg
10-25 21:40:24.902 17353 17514 I OVR_GlUtils: GL_EXT_texture_type_2_10_10_10_REV
10-25 21:40:24.902 17353 17514 I OVR_GlUtils: GL_OES_fbo_render_mipmap
10-25 21:40:24.902 17353 17514 I OVR_GlUtils: GL_OES_element_index_uint
10-25 21:40:24.902 17353 17514 I OVR_GlUtils: GL_EXT_shadow_samplers
10-25 21:40:24.902 17353 17514 I OVR_GlUtils: GL_OES_texture_compression_astc
10-25 21:40:24.902 17353 17514 I OVR_GlUtils: GL_KHR_texture_compression_astc_ldr
10-25 21:40:24.902 17353 17514 I OVR_GlUtils: GL_KHR_texture_compression_astc_hdr
10-25 21:40:24.902 17353 17514 I OVR_GlUtils: GL_KHR_debug
10-25 21:40:24.902 17353 17514 I OVR_GlUtils: GL_EXT_occlusion_query_boolean
10-25 21:40:24.902 17353 17514 I OVR_GlUtils: GL_EXT_disjoint_timer_query
10-25 21:40:24.902 17353 17514 I OVR_GlUtils: GL_EXT_blend_minmax
10-25 21:40:24.902 17353 17514 I OVR_GlUtils: GL_EXT_discard_framebuffer
10-25 21:40:24.902 17353 17514 I OVR_GlUtils: GL_OES_get_program_binary
10-25 21:40:24.902 17353 17514 I OVR_GlUtils: GL_OES_texture_3D
10-25 21:40:24.902 17353 17514 I OVR_GlUtils: GL_EXT_texture_storage
10-25 21:40:24.902 17353 17514 I OVR_GlUtils: GL_EXT_multisampled_render_to_texture
10-25 21:40:24.902 17353 17514 I OVR_GlUtils: GL_OES_surfaceless_context
10-25 21:40:24.902 17353 17514 I OVR_GlUtils: GL_OES_texture_stencil8
10-25 21:40:24.902 17353 17514 I OVR_GlUtils: GL_EXT_shader_pixel_local_storage
10-25 21:40:24.902 17353 17514 I OVR_GlUtils: GL_ARM_shader_framebuffer_fetch
10-25 21:40:24.902 17353 17514 I OVR_GlUtils: GL_ARM_shader_framebuffer_fetch_depth_stencil
10-25 21:40:24.902 17353 17514 I OVR_GlUtils: GL_ARM_mali_program_binary
10-25 21:40:24.902 17353 17514 I OVR_GlUtils: GL_EXT_sRGB
10-25 21:40:24.902 17353 17514 I OVR_GlUtils: GL_EXT_sRGB_write_control
10-25 21:40:24.902 17353 17514 I OVR_GlUtils: GL_EXT_texture_sRGB_decode
10-25 21:40:24.902 17353 17514 I OVR_GlUtils: GL_KHR_blend_equation_advanced
10-25 21:40:24.902 17353 17514 I OVR_GlUtils: GL_KHR_blend_equation_advanced_coherent
10-25 21:40:24.902 17353 17514 I OVR_GlUtils: GL_OES_texture_storage_multisample_2d_array
10-25 21:40:24.902 17353 17514 I OVR_GlUtils: GL_OES_shader_image_atomic
10-25 21:40:24.902 17353 17514 I OVR_GlUtils: GL_EXT_robustness
10-25 21:40:24.902 17353 17514 I OVR_GlUtils: GL_EXT_draw_buffers_indexed
10-25 21:40:24.902 17353 17514 I OVR_GlUtils: GL_OES_draw_buffers_indexed
10-25 21:40:24.902 17353 17514 I OVR_GlUtils: GL_EXT_texture_border_clamp
10-25 21:40:24.902 17353 17514 I OVR_GlUtils: GL_OES_texture_border_clamp
10-25 21:40:24.902 17353 17514 I OVR_GlUtils: GL_EXT_texture_cube_map_array
10-25 21:40:24.902 17353 17514 I OVR_GlUtils: GL_OES_texture_cube_map_array
10-25 21:40:24.902 17353 17514 I OVR_GlUtils: GL_OES_sample_variables
10-25 21:40:24.902 17353 17514 I OVR_GlUtils: GL_OES_sample_shading
10-25 21:40:24.902 17353 17514 I OVR_GlUtils: GL_OES_shader_multisample_interpolation
10-25 21:40:24.902 17353 17514 I OVR_GlUtils: GL_EXT_shader_io_blocks
10-25 21:40:24.902 17353 17514 I OVR_GlUtils: GL_OES_shader_io_blocks
10-25 21:40:24.902 17353 17514 I OVR_GlUtils: GL_EXT_tessellation_shader
10-25 21:40:24.902 17353 17514 I OVR_GlUtils: GL_OES_tessellation_shader
10-25 21:40:24.902 17353 17514 I OVR_GlUtils: GL_EXT_primitive_bounding_box
10-25 21:40:24.902 17353 17514 I OVR_GlUtils: GL_OES_primitive_bounding_box
10-25 21:40:24.902 17353 17514 I OVR_GlUtils: GL_EXT_geometry_shader
10-25 21:40:24.902 17353 17514 I OVR_GlUtils: GL_OES_geometry_shader
10-25 21:40:24.902 17353 17514 I OVR_GlUtils: GL_ANDROID_extension_pack_es31a
10-25 21:40:24.902 17353 17514 I OVR_GlUtils: GL_EXT_gpu_shader5
10-25 21:40:24.902 17353 17514 I OVR_GlUtils: GL_OES_gpu_shader5
10-25 21:40:24.902 17353 17514 I OVR_GlUtils: GL_EXT_texture_buffer
10-25 21:40:24.902 17353 17514 I OVR_GlUtils: GL_OES_texture_buffer
10-25 21:40:24.902 17353 17514 I OVR_GlUtils: GL_EXT_copy_image
10-25 21:40:24.902 17353 17514 I OVR_GlUtils: GL_OES_copy_image
10-25 21:40:24.902 17353 17514 I OVR_GlUtils: GL_EXT_color_buffer_half_float
10-25 21:40:24.902 17353 17514 I OVR_GlUtils: GL_EXT_color_buffer_float
10-25 21:40:24.902 17353 17514 I OVR_GlUtils: GL_OVR_multiview
10-25 21:40:24.902 17353 17514 I OVR_GlUtils: GL_OVR_multiview2
10-25 21:40:24.902 17353 17514 I OVR_GlUtils: GL_OVR_multiview_multisampled_render_to_texture
10-25 21:40:24.902 17353 17514 I OVR_GlUtils: es3 = TRUE
10-25 21:40:24.902 17353 17514 I OVR_GlUtils: Found: GL_EXT_discard_framebuffer
10-25 21:40:24.902 17353 17514 I OVR_GlUtils: Found: GL_EXT_multisampled_render_to_texture
10-25 21:40:24.902 17353 17514 I OVR_GlUtils: Found: GL_OES_vertex_array_object
10-25 21:40:24.902 17353 17514 I OVR_GlUtils: Not found: GL_QCOM_tiled_rendering
10-25 21:40:24.902 17353 17514 I OVR_GlUtils: Found: GL_EXT_disjoint_timer_query
10-25 21:40:24.902 17353 17514 I OVR_GlUtils: Found: GL_EXT_texture_sRGB_decode
10-25 21:40:24.902 17353 17514 I OVR_GlUtils: Found: GL_EXT_texture_border_clamp
10-25 21:40:24.902 17353 17514 I OVR_GlUtils: Not found: GL_EXT_texture_filter_anisotropic
10-25 21:40:24.902 17353 17514 I OVR_GlUtils: Found: GL_OVR_multiview2
10-25 21:40:24.902 17353 17514 I OVR_GlUtils: Found: GL_OVR_multiview_multisampled_render_to_texture
10-25 21:40:24.902 17353 17514 I OVR_GlUtils: GL_MAX_TEXTURE_SIZE = 8192
10-25 21:40:24.902 17353 17514 I OVR_GlUtils: GL_MAX_VERTEX_UNIFORM_VECTORS = 1024
10-25 21:40:24.902 17353 17514 I OVR_GlUtils: GL_MAX_FRAGMENT_UNIFORM_VECTORS = 1024
10-25 21:40:24.902 17353 17514 I TimeWarp: frontBufferIsSrgb = 0
10-25 21:40:24.902 17353 17514 I OVR_GlUtils: Found: GL_EXT_sRGB_write_control
10-25 21:40:24.902 17353 17514 I DirectRender: 0xdde47140 DirectRender::Init(true, false, 23)
10-25 21:40:24.902 17353 17514 D VrApi : getDeviceProperty: device_gpu
10-25 21:40:24.902 17353 17514 I DirectRender: Performing an initial swapbuffers.
10-25 21:40:24.912 17353 17514 I DirectRender: surface size: 2560 x 1440
10-25 21:40:24.912 17353 17514 I DirectRender: Found VrSurfaceManager API: 0x100562
10-25 21:40:24.912 17353 17514 I DirectRender: Calling java method
10-25 21:40:24.912 17353 17514 D libSEC_EGL: EGL : EGL_SEC_frontbuffer_set mode PASSED ...
10-25 21:40:24.912 17353 17514 I DirectRender: gvrFrontbufferExtension = TRUE
10-25 21:40:24.912 17353 17514 I DirectRender: Mali GPU
10-25 21:40:24.922 16325 16457 D VRSVC : (DistortionFileProvider.java:70) openAssetFile [Uri=content://com.samsung.android.hmt.vrsvc.distortion mode=r model=SM-R322]
10-25 21:40:24.922 16325 16457 V VRSVC : (DistortionFileManager.java:104) wtkw [vr model=SM-R322 device=SM-G928T distortion=distortion/distortion_R322_G928.bin]
10-25 21:40:24.922 16325 16457 V VRSVC : (DistortionFileManager.java:54) yTqX [fileName=distortion/distortion_R322_G928.bin]
10-25 21:40:24.922 16325 16457 V VRSVC : (DistortionFileManager.java:140) yTqX [copyAssetToFile.. assetPath=distortion/distortion_R322_G928.bin file=/data/user/0/com.samsung.android.hmt.vrsvc/cache/distortion/distortion_R322_G928.bin overWrite=true]
10-25 21:40:24.922 3099 3099 D libEGL : eglInitialize EGLDisplay = 0x7fc6961138
10-25 21:40:24.922 16325 16457 V VRSVC : (DistortionFileManager.java:145) yTqX [delete /data/user/0/com.samsung.android.hmt.vrsvc/cache/distortion/distortion_R322_G928.bin]
10-25 21:40:24.932 17353 17514 I Distortion: Loaded distortion file from VRSVC
10-25 21:40:24.932 17353 17514 I Distortion: ovrDistortionMeshHeader::magic = 0x56347806
10-25 21:40:24.932 17353 17514 I Distortion: ovrDistortionMeshHeader::deviceModel = 0x472D4D53
10-25 21:40:24.932 17353 17514 I Distortion: ovrDistortionMeshHeader::headsetModel = 0xA500
10-25 21:40:24.932 17353 17514 I Distortion: ovrDistortionMeshHeader::eyeBlocksWide = 32
10-25 21:40:24.932 17353 17514 I Distortion: ovrDistortionMeshHeader::eyeBlocksHigh = 32
10-25 21:40:24.932 17353 17514 I Distortion: ovrDistortionMeshHeader::lensSeparationMeters = 0.063000
10-25 21:40:24.932 17353 17514 I Distortion: ovrDistortionMeshHeader::horizontalOffsetMeters = 0.000000
10-25 21:40:24.932 17353 17514 I Distortion: ovrDistortionMeshHeader::displayWidthMeters = 0.125000
10-25 21:40:24.932 17353 17514 I Distortion: ovrDistortionMeshHeader::displayHeightMeters = 0.070700
10-25 21:40:24.932 17353 17514 I Distortion: ovrDistortionMeshHeader::displayWidthPixels = 2560
10-25 21:40:24.932 17353 17514 I Distortion: ovrDistortionMeshHeader::displayHeightPixels = 1440
10-25 21:40:24.932 17353 17514 I Distortion: ovrDistortionMeshHeader::eyeTextureWidthPixels = 1024
10-25 21:40:24.932 17353 17514 I Distortion: ovrDistortionMeshHeader::eyeTextureHeightPixels = 1024
10-25 21:40:24.932 17353 17514 I Distortion: ovrDistortionMeshHeader::eyeTextureFovDegreesX = 90
10-25 21:40:24.932 17353 17514 I Distortion: ovrDistortionMeshHeader::eyeTextureFovDegreesY = 90
10-25 21:40:24.932 17353 17514 I TimeWarp: distortion mesh clipping saved 25.70 percent fill rate
10-25 21:40:24.932 17353 17514 I TimeWarp: WarpThreadInit() - End
10-25 21:40:24.932 17353 17514 I TimeWarp: WarpThreadLoop()
10-25 21:40:24.932 17353 17390 I TimeWarp: ----------------- TimeWarpLocal() End -----------------
10-25 21:40:24.932 17353 17390 I VrApi : OVR::Stats thread started
10-25 21:40:24.932 17353 17513 I VrApi_Clocks: LockClocks( cpu=2, gpu=2 ) - start
10-25 21:40:24.932 17353 17521 D VrApi : getDeviceProperty: device_gpu
10-25 21:40:24.942 17353 17513 D VrApi : Available levels: {GPU MIN, GPU MAX, CPU MIN, CPU MAX}
10-25 21:40:24.942 17353 17513 D VrApi : -> / 0
10-25 21:40:24.942 17353 17513 D VrApi : -> / 3
10-25 21:40:24.942 17353 17513 D VrApi : -> / 0
10-25 21:40:24.942 17353 17513 D VrApi : -> / 3
10-25 21:40:24.942 17353 17513 I VrApi_Clocks: CPU levels [0, 3]
10-25 21:40:24.942 17353 17513 I VrApi_Clocks: GPU levels [0, 3]
10-25 21:40:24.942 17353 17513 D VrApi : setSystemPerformance cpu: 2 gpu: 2
10-25 21:40:24.942 3970 17522 V VRManagerServer: (VRManagerService.java:751) yTqX [SetVrClocks : com.samsung.android.hmt.vrsystem (2:2)]
10-25 21:40:24.942 17353 17521 D VrApi : targetSDKVersion 23
10-25 21:40:24.942 3970 17522 V VRManagerServer: (VRManagerService.java:950) wtkw [setCPUlevel : com.samsung.android.hmt.vrsystem (600000:1000000)]
10-25 21:40:24.952 17353 17521 D VrApi : getVrHelperProperty: vr_serial: e3b0c44298fc1c149afbf4c8996fb92427ae41e4649b934ca495991b7852b855
10-25 21:40:24.952 17353 17521 I Metrics : device name = samsung SM-G928T
10-25 21:40:24.952 17353 17521 D VrApi : getVrHelperProperty: hmt_device_model: SM-R322
10-25 21:40:24.962 3970 17522 V VRManagerServer: (VRManagerService.java:998) QdBd [setGPUlevel : com.samsung.android.hmt.vrsystem (420:420)]
10-25 21:40:24.962 17378 17389 E SDKLoggingService: Unable to find AppId for package (com.samsung.android.hmt.vrsystem)
10-25 21:40:24.962 17378 17389 E SDKLoggingService: com.oculus.horizon.service.ExternalPlatformLocal$PackageNotInLibraryException: Package com.samsung.android.hmt.vrsystem not in users library
10-25 21:40:24.962 17378 17389 E SDKLoggingService: at com.oculus.horizon.service.ExternalPlatformLocal.getAppID(ExternalPlatformLocal.java:181)
10-25 21:40:24.962 17378 17389 E SDKLoggingService: at com.oculus.horizon.service.ExternalPlatformLocal.getAppID(ExternalPlatformLocal.java:142)
10-25 21:40:24.962 17378 17389 E SDKLoggingService: at com.oculus.horizon.service.ExternalPlatformLocal.getAppID(ExternalPlatformLocal.java:133)
10-25 21:40:24.962 17378 17389 E SDKLoggingService: at com.oculus.horizon.service.SDKLoggingService$1.log(SDKLoggingService.java:66)
10-25 21:40:24.962 17378 17389 E SDKLoggingService: at com.oculus.logging.sdk_logging.SDKLoggingInterface$Stub.onTransact(SDKLoggingInterface.java:50)
10-25 21:40:24.962 17378 17389 E SDKLoggingService: at android.os.Binder.execTransact(Binder.java:453)
10-25 21:40:24.972 3970 17522 V VRManagerServer: (VRManagerService.java:1046) bHGb [setBUSlevel : com.samsung.android.hmt.vrsystem (0:0)]
10-25 21:40:24.972 3970 17522 V VRManagerServer: (VRManagerService.java:864) yTqX [SetVrClocks : com.samsung.android.hmt.vrsystem (600000:420:1000000:420)]
10-25 21:40:24.972 3970 17533 V VRManagerServer: (VRManagerService.java:687) snDW [---- setCustomAffinity com.samsung.android.hmt.vrsystem ----]
10-25 21:40:24.972 17353 17513 I VrApi_Clocks: LockClocks( cpu=2, gpu=2 ) - end (40.3 ms)
10-25 21:40:24.972 17353 17390 D VrApi : setSchedFifoStatic tid:17453 pto:2
10-25 21:40:24.972 17378 17389 E PresenceManager: Unknown app (com.samsung.android.hmt.vrsystem) logging presence.
10-25 21:40:24.972 17378 17389 E PresenceManager: com.oculus.horizon.service.ExternalPlatformLocal$PackageNotInLibraryException: Package com.samsung.android.hmt.vrsystem not in users library
10-25 21:40:24.972 17378 17389 E PresenceManager: at com.oculus.horizon.service.ExternalPlatformLocal.getAppID(ExternalPlatformLocal.java:181)
10-25 21:40:24.972 17378 17389 E PresenceManager: at com.oculus.horizon.service.ExternalPlatformLocal.getAppID(ExternalPlatformLocal.java:142)
10-25 21:40:24.972 17378 17389 E PresenceManager: at com.oculus.horizon.service.ExternalPlatformLocal.getAppID(ExternalPlatformLocal.java:133)
10-25 21:40:24.972 17378 17389 E PresenceManager: at com.oculus.horizon.platform.PresenceManager.logWasCalled(PresenceManager.java:257)
10-25 21:40:24.972 17378 17389 E PresenceManager: at com.oculus.horizon.service.SDKLoggingService$1.log(SDKLoggingService.java:73)
10-25 21:40:24.972 17378 17389 E PresenceManager: at com.oculus.logging.sdk_logging.SDKLoggingInterface$Stub.onTransact(SDKLoggingInterface.java:50)
10-25 21:40:24.972 17378 17389 E PresenceManager: at android.os.Binder.execTransact(Binder.java:453)
10-25 21:40:24.972 3970 3999 V VRManagerServer: (VRManagerService.java:401) yTqX [setThreadSchedFifo pkg=com.samsung.android.hmt.vrsystem pid=17353 tid=17453 prio=2]
10-25 21:40:24.972 3970 3999 V VRManagerServer: (VRManagerService.java:405) yTqX [setAffinity pid=17453 cpus=[4, 5, 6, 7]]
10-25 21:40:24.992 17353 17390 D VRManagerGearVR: VRManager set thread priority to 2
10-25 21:40:24.992 17353 17390 I VrApi_Clocks: SetSchedFifo( tid=17453, pri=2 ) succeeded
10-25 21:40:24.992 17353 17390 D VrApi : setSchedFifoStatic tid:17514 pto:3
10-25 21:40:24.992 17433 17534 I System.out: (HTTPLog)-Static: isSBSettingEnabled false
10-25 21:40:24.992 17433 17534 I System.out: (HTTPLog)-Static: isSBSettingEnabled false
10-25 21:40:24.992 3110 3781 D EnterpriseController: netId is 0
10-25 21:40:24.992 3110 3781 D Netd : getNetworkForDns: using netid 502 for uid 10220
10-25 21:40:25.002 17455 17455 D ACRA : ACRA init; reportURL: https://www.facebook.com/mobile/generic_android_crash_logs/1548792348668883
10-25 21:40:25.002 3970 17522 V VRManagerServer: (VRManagerService.java:401) yTqX [setThreadSchedFifo pkg=com.samsung.android.hmt.vrsystem pid=17353 tid=17514 prio=3]
10-25 21:40:25.002 17455 17455 D ACRA : ACRA is enabled for com.oculus.home, intializing...
10-25 21:40:25.002 3970 17522 V VRManagerServer: (VRManagerService.java:405) yTqX [setAffinity pid=17514 cpus=[4, 5, 6, 7]]
10-25 21:40:25.012 17353 17390 D VRManagerGearVR: VRManager set thread priority to 3
10-25 21:40:25.012 17353 17390 I VrApi_Clocks: SetSchedFifo( tid=17514, pri=3 ) succeeded
10-25 21:40:25.012 17353 17390 D VrApi : getSystemBrightness
10-25 21:40:25.012 17353 17513 I VrApi_Clocks: ReleaseClocks - start
10-25 21:40:25.012 17353 17513 D VrApi : releaseSystemPerformanceStatic
10-25 21:40:25.022 3970 17522 V VRManagerServer: (VRManagerService.java:1518) AmLH [getSystemOption option=bright result=229]
10-25 21:40:25.022 17353 17390 I VrApi : System brightness = 229
10-25 21:40:25.022 17353 17390 D VrApi : setSystemBrightness 229
10-25 21:40:25.022 17433 17433 D InjectionManager: InjectionManager
10-25 21:40:25.022 17433 17433 D InjectionManager: fillFeatureStoreMap com.oculus.horizon
10-25 21:40:25.022 17433 17433 I InjectionManager: Constructor com.oculus.horizon, Feature store :{}
10-25 21:40:25.022 17433 17433 I InjectionManager: featureStore :{}
10-25 21:40:25.022 3970 3999 V VRManagerServer: (VRManagerService.java:1301) wtkw [setSystemOption option=bright value=229]
10-25 21:40:25.022 3970 3999 V VRManagerServer: (VRManagerService.java:1611) vqCz [updateBright value=229]
10-25 21:40:25.022 3970 3998 E VRManagerServer: (VRManagerService.java:455) QdBd [relFreq : com.samsung.android.hmt.vrsystem <-> com.samsung.android.hmt.vrsystem]
10-25 21:40:25.022 3970 3998 V VRManagerServer: (VRManagerService.java:751) yTqX [SetVrClocks : com.samsung.android.hmt.vrsystem (-1:-1)]
10-25 21:40:25.022 3970 3998 E VRManagerServer: (VRManagerService.java:455) QdBd [relFreq : freePass <-> null]
10-25 21:40:25.022 3970 3998 V VRManagerServer: (VRManagerService.java:950) wtkw [setCPUlevel : freePass (0:0)]
10-25 21:40:25.032 3970 3998 V VRManagerServer: (VRManagerService.java:998) QdBd [setGPUlevel : freePass (0:0)]
10-25 21:40:25.032 3970 3998 V VRManagerServer: (VRManagerService.java:1046) bHGb [setBUSlevel : freePass (0:0)]
10-25 21:40:25.032 17353 17513 I VrApi_Clocks: ReleaseClocks - end (19.0 ms)
10-25 21:40:25.032 17353 17390 I VrApi : Set brightness to 229
10-25 21:40:25.032 17353 17390 D VrApi : getDoNotDisturbMode
10-25 21:40:25.042 3970 17298 D VRManagerServer: (VRManagerService.java:1754) tWfk [getNotDisturbMode : 0]
10-25 21:40:25.042 3970 17298 D VRManagerServer: (VRManagerService.java:1754) tWfk [getNotDisturbMode : 0]
10-25 21:40:25.042 3970 17298 V VRManagerServer: (VRManagerService.java:1518) AmLH [getSystemOption option=do_not_disturb_mode result=0]
10-25 21:40:25.042 17353 17390 I VrApi : Set DND mode to false
10-25 21:40:25.042 17353 17390 D VrApi : setDoNotDisturbMode false
10-25 21:40:25.042 3970 3998 V VRManagerServer: (VRManagerService.java:1301) wtkw [setSystemOption option=do_not_disturb_mode value=0]
10-25 21:40:25.052 3970 3998 D VRManagerServer: (VRManagerService.java:1746) ZzLN [setDisturbMode : 0]
10-25 21:40:25.052 17353 17390 I VrApi : System DND mode = false
10-25 21:40:25.052 17353 17390 I VrApi : ---------- vrapi_EnterVrMode [end] ----------
10-25 21:40:25.052 17353 17353 D VrApp : com.oculus.vrappframework.VrApp@e11a381 surfaceChanged() format: 4 width: 2560 height: 1440
10-25 21:40:25.052 17353 17353 I App_Android: 0xee184000 nativeSurfaceChanged( 0xffdb4df0 )
10-25 21:40:25.052 17353 17390 W VrApi : out of order frame index (prev = 0, new = 0)
10-25 21:40:25.052 3520 4925 V WindowStateAnimator: Finishing drawing window Window{c96916a u0 d0 SurfaceView}: mDrawState=DRAW_PENDING
10-25 21:40:25.052 3520 3598 D KnoxTimeoutHandler: notifyActivityDrawn [MsgParam] userId: 0 fullscreen is true showWhenlocked is true
10-25 21:40:25.052 3520 3520 D KnoxTimeoutHandler: activityDrawn [MsgParam] userId: 0 fullscreen is true showWhenlocked is true
10-25 21:40:25.052 3520 3520 I KnoxTimeoutHandler: SD activityfalse
10-25 21:40:25.052 17353 17514 I TimeWarp: Waited 0.121 seconds for first call to warp swap.
10-25 21:40:25.062 17353 17353 V VRSystem: at (VrViewActivity.java:230) dispatchGenericMotionEvent() [dispatchGenericMotionEvent event=MotionEvent { action=ACTION_HOVER_ENTER, actionButton=0, id[0]=0, x[0]=1534.0, y[0]=1228.0, toolType[0]=TOOL_TYPE_MOUSE, buttonState=0, metaState=0, flags=0x1, edgeFlags=0x0, pointerCount=1, historySize=0, eventTime=84265744, downTime=0, deviceId=47, source=0x2002 }]
10-25 21:40:25.062 17353 17353 V VRSystem: at (VrViewActivity.java:230) dispatchGenericMotionEvent() [dispatchGenericMotionEvent event=MotionEvent { action=ACTION_HOVER_MOVE, actionButton=0, id[0]=0, x[0]=1534.0, y[0]=1228.0, toolType[0]=TOOL_TYPE_MOUSE, buttonState=0, metaState=0, flags=0x1, edgeFlags=0x0, pointerCount=1, historySize=0, eventTime=84265744, downTime=0, deviceId=47, source=0x2002 }]
10-25 21:40:25.062 3520 4287 D KnoxTimeoutHandler: notifyActivityDrawn [MsgParam] userId: 0 fullscreen is true showWhenlocked is true
10-25 21:40:25.062 3520 3520 D KnoxTimeoutHandler: activityDrawn [MsgParam] userId: 0 fullscreen is true showWhenlocked is true
10-25 21:40:25.062 3520 3520 I KnoxTimeoutHandler: SD activityfalse
10-25 21:40:25.072 3520 4041 D KnoxTimeoutHandler: notifyActivityDrawn [MsgParam] userId: 0 fullscreen is true showWhenlocked is true
10-25 21:40:25.072 3520 3520 D KnoxTimeoutHandler: activityDrawn [MsgParam] userId: 0 fullscreen is true showWhenlocked is true
10-25 21:40:25.072 3520 3520 I KnoxTimeoutHandler: SD activityfalse
10-25 21:40:25.072 3520 5770 V WindowStateAnimator: Finishing drawing window Window{c96916a u0 d0 SurfaceView}: mDrawState=READY_TO_SHOW
10-25 21:40:25.092 17433 17433 I art : Rejecting re-init on previously-failed class java.lang.Class
10-25 21:40:25.092 17433 17433 I art : Rejecting re-init on previously-failed class java.lang.Class
10-25 21:40:25.102 3099 3099 D libEGL : eglInitialize EGLDisplay = 0x7fc6961138
10-25 21:40:25.112 3520 4041 V WindowStateAnimator: Finishing drawing window Window{183460a u0 d0 com.samsung.android.hmt.vrsystem/com.samsung.android.hmt.vrsystem.permission.PermissionActivity}: mDrawState=DRAW_PENDING
10-25 21:40:25.112 17353 17353 D ViewRootImpl: MSG_RESIZED_REPORT: ci=Rect(0, 0 - 0, 0) vi=Rect(0, 0 - 0, 0) or=2
10-25 21:40:25.112 3520 3598 D KnoxTimeoutHandler: notifyActivityDrawn [MsgParam] userId: 0 fullscreen is true showWhenlocked is true
10-25 21:40:25.112 3520 3520 D KnoxTimeoutHandler: activityDrawn [MsgParam] userId: 0 fullscreen is true showWhenlocked is true
10-25 21:40:25.112 3520 3520 I KnoxTimeoutHandler: SD activityfalse
10-25 21:40:25.112 3520 3598 D KnoxTimeoutHandler: notifyActivityDrawn [MsgParam] userId: 0 fullscreen is true showWhenlocked is true
10-25 21:40:25.112 3520 3520 D KnoxTimeoutHandler: activityDrawn [MsgParam] userId: 0 fullscreen is true showWhenlocked is true
10-25 21:40:25.112 3520 4167 D InputMethodManagerService: windowGainedFocus mCurrentFocusedUserId - 0 and mSecureKeypadEnabled-false
10-25 21:40:25.122 3520 3598 D KnoxTimeoutHandler: notifyActivityDrawn [MsgParam] userId: 0 fullscreen is true showWhenlocked is true
10-25 21:40:25.122 3520 3520 I KnoxTimeoutHandler: SD activityfalse
10-25 21:40:25.122 3520 3520 D KnoxTimeoutHandler: activityDrawn [MsgParam] userId: 0 fullscreen is true showWhenlocked is true
10-25 21:40:25.122 3520 3598 I ActivityManager: Displayed com.samsung.android.hmt.vrsystem/.permission.PermissionActivity: +1s36ms (total +1s275ms)
10-25 21:40:25.122 3520 3520 I KnoxTimeoutHandler: SD activityfalse
10-25 21:40:25.122 3520 3598 I Timeline: Timeline: Activity_windows_visible id: ActivityRecord{84720c6 u0 com.samsung.android.hmt.vrsystem/.permission.PermissionActivity t713} time:84266212
10-25 21:40:25.122 3520 3598 D ViewRootImpl: #3 mView = null
10-25 21:40:25.122 3520 3598 D KnoxTimeoutHandler: notifyActivityDrawn [MsgParam] userId: 0 fullscreen is true showWhenlocked is true
10-25 21:40:25.132 13979 13979 D SamsungIME: IMPL finishInput
10-25 21:40:25.132 13979 13979 D SamsungIME: SwiftKeyWrapper writeDBdataToFileOnFinishInput
10-25 21:40:25.132 13979 13979 D SamsungIME: saveAndClear +
10-25 21:40:25.132 13979 13979 D SamsungIME: saveAndClear -
10-25 21:40:25.132 13979 13979 D SamsungIME: onStartInput: No inputType, No imeOption, isInputViewShown = false, isExtractViewShown = false, isShowInputRequested = false, isConfigChanged = false
10-25 21:40:25.132 3520 3520 D KnoxTimeoutHandler: activityDrawn [MsgParam] userId: 0 fullscreen is true showWhenlocked is true
10-25 21:40:25.132 3520 3598 D KnoxTimeoutHandler: notifyActivityDrawn [MsgParam] userId: 0 fullscreen is true showWhenlocked is true
10-25 21:40:25.132 3520 3520 I KnoxTimeoutHandler: SD activityfalse
10-25 21:40:25.132 3520 3520 D KnoxTimeoutHandler: activityDrawn [MsgParam] userId: 0 fullscreen is true showWhenlocked is true
10-25 21:40:25.132 3520 3520 I KnoxTimeoutHandler: SD activityfalse
10-25 21:40:25.142 17353 17353 D VrApi : getWindow().addFlags( WindowManager.LayoutParams.FLAG_FULLSCREEN )
10-25 21:40:25.142 17353 17514 I TimeWarp: Waited 0.090 seconds for first choreographer callback.
10-25 21:40:25.142 17353 17514 I TimeWarp: Adjusting 4971708.11 > 0 to 4971708
10-25 21:40:25.142 3520 5770 D KnoxTimeoutHandler: notifyActivityDrawn [MsgParam] userId: 0 fullscreen is true showWhenlocked is true
10-25 21:40:25.142 3520 3520 D KnoxTimeoutHandler: activityDrawn [MsgParam] userId: 0 fullscreen is true showWhenlocked is true
10-25 21:40:25.142 3520 3520 I KnoxTimeoutHandler: SD activityfalse
10-25 21:40:25.152 3099 3099 D libEGL : eglInitialize EGLDisplay = 0x7fc6961138
10-25 21:40:25.152 3520 4387 V WindowStateAnimator: Finishing drawing window Window{183460a u0 d0 com.samsung.android.hmt.vrsystem/com.samsung.android.hmt.vrsystem.permission.PermissionActivity}: mDrawState=HAS_DRAWN
10-25 21:40:25.162 17353 17353 I Vsync : Vsync 4971709: Choreographer: 1 x 14.25 ms (59.00 Hz, at 84266.250)
10-25 21:40:25.162 17353 17353 I Timeline: Timeline: Activity_idle id: android.os.BinderProxy@8f0e813 time:84266250
10-25 21:40:25.162 16325 16325 V VRSVC : (MonoActivity.java:207) onSaveInstanceState [onSaveInstanceState()]
10-25 21:40:25.162 16325 16325 V VRSVC : (MonoActivity.java:269) onStop [onStop()]
10-25 21:40:25.162 17353 17514 W TimeWarp: VSync 4971709: eye=1,late=0.0ms,over=0.0ms,CPU=14.7ms,GPU>=0.0
10-25 21:40:25.172 3099 3099 D libEGL : eglInitialize EGLDisplay = 0x7fc6961138
10-25 21:40:25.182 4371 9312 D PeopleNotiListenerService: onEdgeNotificationRemoved() : pkg com.oculus.horizon,id=362699928,extra=Bundle[mParcelledData.dataSize=84]
10-25 21:40:25.182 4371 4371 D PeopleNotiListenerService: removeEdgeNotification:Bundle[{samsung.notification.id=362699928, samsung.notification.type=normal, samsung.people.package_name=com.oculus.horizon}]
10-25 21:40:25.182 4371 4371 I PeopleStripeService: PeopleNotificationReceiver:3
10-25 21:40:25.192 4371 4371 I PeopleStripeService: sendEdgeNotification peopleEnabled true lightingEnabled false edgeEnabled true
10-25 21:40:25.192 4371 4371 I PeopleDataManager: removeNotification
10-25 21:40:25.192 4371 4371 I NotificationParser: getNotiType:com.oculus.horizon,null
10-25 21:40:25.192 3110 3781 D EnterpriseController: netId is 0
10-25 21:40:25.192 3110 3781 D Netd : getNetworkForDns: using netid 502 for uid 10220
10-25 21:40:25.192 4371 4371 D PeopleDataManager: removeNotiInfo: id =362699928,packageName=com.oculus.horizon,isEdgeNotification=false,key=null,removeAll=false
10-25 21:40:25.192 4371 4371 D PeopleDataManager: removeNotiInfo =null
10-25 21:40:25.192 17353 17390 I App : VrAppInterface::OneTimeInit()
10-25 21:40:25.192 17353 17390 I App : IntentFromPackage:
10-25 21:40:25.192 17353 17390 I App : IntentJSON:
10-25 21:40:25.192 17353 17390 I App : IntentURI:
10-25 21:40:25.192 17353 17390 I VrView : OneTimeInit
10-25 21:40:25.192 17353 17390 I OVR_Locale: ovrLocale::Create - entered
10-25 21:40:25.192 17353 17390 I OVR_Locale: ovrLocale::Create - exited
10-25 21:40:25.202 17353 17390 I BitmapFont: BitmapFontSurfaceLocal::Init: success
10-25 21:40:25.202 17353 17390 I GuiSys : OvrGuiSysLocal::Init
10-25 21:40:25.202 17353 17390 I VRMenuMgr: VRMenuMgrLocal::Init
10-25 21:40:25.202 17353 17390 I Console : Registered console function 'debugMenuBounds'
10-25 21:40:25.202 17353 17390 I Console : Registered console function 'debugMenuHierarchy'
10-25 21:40:25.202 17353 17390 I Console : Registered console function 'debugMenuPoses'
10-25 21:40:25.202 17353 17390 I Console : Registered console function 'debugShowStats'
10-25 21:40:25.202 17353 17390 I GazeCursor: OvrGazeCursorLocal::Init
10-25 21:40:25.202 17455 17455 D InjectionManager: InjectionManager
10-25 21:40:25.202 17455 17455 D InjectionManager: fillFeatureStoreMap com.oculus.home
10-25 21:40:25.202 17455 17455 I InjectionManager: Constructor com.oculus.home, Feature store :{}
10-25 21:40:25.202 17455 17455 I InjectionManager: featureStore :{}
10-25 21:40:25.212 3520 4534 D PackageManager: setEnabledSetting : userId = 0 packageName = com.oculus.horizon cmp = com.facebook.rti.push.service.FbnsService newState = 1 callingPackage = 10220
10-25 21:40:25.212 17353 17390 I GuiSys : GuiSys::Init - fontName is 'efigs.fnt'
10-25 21:40:25.222 17353 17390 I BitmapFont: FontName = efigs.fnt
10-25 21:40:25.222 17353 17390 I BitmapFont: CommandLine = OculusSans-Medium.otf efigs\efigs -co -0.01 -ts 1.0 -hpad 128 -vpad 128 -sdf 256 1024 1024 -cf ..\..\..\VrAppFramework\res\values\strings.xml -cf ..\..\..\VrAppFramework\res\values-de\strings.xml -cf ..\..\..\VrAppFramework\res\values-en-rGB\strings.xml -cf ..\..\..\VrAppFramework\res\values-es\strings.xml -cf ..\..\..\VrAppFramework\res\values-es-rES\strings.xml -cf ..\..\..\VrAppFramework\res\values-fr\strings.xml -cf ..\..\..\VrAppFramework\res\values-it\strings.xml -cf strings\values\strings.xml -cf strings\values-de\strings.xml -cf strings\values-en-rGB\strings.xml -cf strings\values-es\strings.xml -cf strings\values-es-rES\strings.xml -cf strings\values-fr\strings.xml -cf strings\values-it\strings.xml -cf EFIGS_extended.txt
10-25 21:40:25.222 17353 17390 I BitmapFont: HorizontalPad = 0.0156
10-25 21:40:25.222 17353 17390 I BitmapFont: VerticalPad = 0.0373
10-25 21:40:25.222 17353 17390 I BitmapFont: FontHeight = 0.0894
10-25 21:40:25.222 17353 17390 I BitmapFont: CenterOffset = -0.0100
10-25 21:40:25.222 17353 17390 I BitmapFont: TweakScale = 1.0000
10-25 21:40:25.222 17353 17390 I BitmapFont: ImageFileName = efigs_sdf.ktx
10-25 21:40:25.222 17353 17390 I BitmapFont: Loading 387 glyphs.
10-25 21:40:25.222 17353 17390 I BitmapFont: FontInfo file Uri = apk://font/res/raw/efigs.fnt
10-25 21:40:25.222 17353 17390 I BitmapFont: FontInfo file path = /res/raw/efigs.fnt
10-25 21:40:25.222 17353 17390 I BitmapFont: image base name = efigs_sdf.ktx
10-25 21:40:25.222 17353 17390 I BitmapFont: FontInfo base path = /res/raw/
10-25 21:40:25.222 17353 17390 I BitmapFont: imagePath = /res/raw/efigs_sdf.ktx
10-25 21:40:25.222 17353 17390 I BitmapFont: imageUri = apk://font/res/raw/efigs_sdf.ktx
10-25 21:40:25.232 17353 17390 I BitmapFont: BitmapFontLocal::LoadImageFromBuffer: success
10-25 21:40:25.232 17353 17390 D VolumeReceiver: Registering volume receiver
10-25 21:40:25.252 17353 17390 D VolumeReceiver: startVolumeReceiver: 15
10-25 21:40:25.252 17353 17390 I Console : Registered console function 'GUISkipFrame'
10-25 21:40:25.252 17353 17390 I Console : Registered console function 'GUISkipRender'
10-25 21:40:25.252 17353 17390 I Console : Registered console function 'GUISkipSubmit'
10-25 21:40:25.252 17353 17390 I Console : Registered console function 'GUISkipFont'
10-25 21:40:25.252 17353 17390 I Console : Registered console function 'GUISkipCursor'
10-25 21:40:25.252 17353 17390 I SceneView: OvrSceneView::LoadScene( assets/default.ovrscene )
10-25 21:40:25.252 17353 17390 I ModelFile: LoadModelFileFromMemory assets/default.ovrscene 729408
10-25 21:40:25.252 17353 17390 I ModelFile: LoadModelFileFromMemory zfp = 0xde9fb900
10-25 21:40:25.262 17353 17390 I ModelFile: parsing assets/default.ovrscene
10-25 21:40:25.262 17353 17390 I ModelFile: loading render model..
10-25 21:40:25.262 17353 17390 I OVR_LogUtils: LoadModelFile took 0.0025 seconds
10-25 21:40:25.262 17353 17390 I SceneView: OvrSceneView::SetWorldModel( assets/default.ovrscene )
10-25 21:40:25.262 17353 17390 V VRSystem: at (VrViewActivity.java:137) oneTimeInit() [Init appPtr=-300400640]
10-25 21:40:25.262 17353 17390 I App : VrAppInterface::NewIntent()
10-25 21:40:25.262 17353 17390 I App : IntentFromPackage:
10-25 21:40:25.262 17353 17390 I App : IntentJSON:
10-25 21:40:25.262 17353 17390 I App : IntentURI:
10-25 21:40:25.262 17353 17390 I App : VrAppInterface::NewIntent - default handler called -
10-25 21:40:25.262 17353 17390 V VRSystem: at (VrViewActivity.java:147) enteredVrMode() [enteredVrMode appPtr=-300400640]
10-25 21:40:25.262 17353 17390 I VrView : VrView::Command: createSurfaceTexture 99 1280 960
10-25 21:40:25.262 17353 17390 I VrView : createSurfaceTexture 99 1280 960
10-25 21:40:25.262 17353 17390 I PanelContainer: CreatePanel requestId=99
10-25 21:40:25.262 17353 17390 I DisplaySurface: displaySurface Init 1280, 960
10-25 21:40:25.272 17353 17514 W TimeWarp: VSync 4971716: eye=1,late=0.0ms,over=0.0ms,CPU=2.3ms,GPU>=5.8
10-25 21:40:25.282 17353 17390 V VRSystem: at (VrViewActivity.java:267) onSurfaceCreatedInternal() [onSurfaceCreatedInternal id=99 surfaceTexture=android.graphics.SurfaceTexture@385480a]
10-25 21:40:25.282 17353 17353 V VRSystem: at (PermissionActivity.java:106) onSurfaceCreated() [onSurfaceCreated id=99]
10-25 21:40:25.282 17353 17353 V VRSystem: at (VrVirtualDisplay.java:37) () [densityDpi=560]
10-25 21:40:25.282 17353 17390 W VrApi : Time to first swap: 1.101 seconds
10-25 21:40:25.282 17353 17513 I VrApi_Clocks: LockClocks( cpu=2, gpu=2 ) - start
10-25 21:40:25.282 17353 17513 D VrApi : Available levels: {GPU MIN, GPU MAX, CPU MIN, CPU MAX}
10-25 21:40:25.282 17353 17513 D VrApi : -> / 0
10-25 21:40:25.282 17353 17513 D VrApi : -> / 3
10-25 21:40:25.282 17353 17513 D VrApi : -> / 0
10-25 21:40:25.282 17353 17513 D VrApi : -> / 3
10-25 21:40:25.282 17353 17513 I VrApi_Clocks: CPU levels [0, 3]
10-25 21:40:25.282 17353 17513 I VrApi_Clocks: GPU levels [0, 3]
10-25 21:40:25.282 17353 17513 D VrApi : setSystemPerformance cpu: 2 gpu: 2
10-25 21:40:25.292 3970 17522 V VRManagerServer: (VRManagerService.java:751) yTqX [SetVrClocks : com.samsung.android.hmt.vrsystem (2:2)]
10-25 21:40:25.292 3970 17522 V VRManagerServer: (VRManagerService.java:950) wtkw [setCPUlevel : com.samsung.android.hmt.vrsystem (600000:1000000)]
10-25 21:40:25.302 3970 17522 V VRManagerServer: (VRManagerService.java:998) QdBd [setGPUlevel : com.samsung.android.hmt.vrsystem (420:420)]
10-25 21:40:25.302 3970 17522 V VRManagerServer: (VRManagerService.java:1046) bHGb [setBUSlevel : com.samsung.android.hmt.vrsystem (0:0)]
10-25 21:40:25.302 3970 17522 V VRManagerServer: (VRManagerService.java:864) yTqX [SetVrClocks : com.samsung.android.hmt.vrsystem (600000:420:1000000:420)]
10-25 21:40:25.302 3970 17572 V VRManagerServer: (VRManagerService.java:687) snDW [---- setCustomAffinity com.samsung.android.hmt.vrsystem ----]
10-25 21:40:25.312 17353 17513 I VrApi_Clocks: LockClocks( cpu=2, gpu=2 ) - end (26.1 ms)
10-25 21:40:25.322 17353 17514 D VrApi : setSchedFifoStatic tid:17390 pto:1
10-25 21:40:25.322 17353 17353 V VRSystem: at (VrVirtualDisplay.java:48) () [VirtualDisplay info=Display id 2: DisplayInfo{"vr", uniqueId "virtual:com.samsung.android.hmt.vrsystem,10217,vr,0", app 1280 x 960, real 1280 x 960, largest app 1280 x 960, smallest app 1280 x 960, mode 3, defaultMode 3, modes [{id=3, width=1280, height=960, fps=60.0}], colorTransformId 0, defaultColorTransformId 0, supportedColorTransforms [], rotation 0, density 640 (640.0 x 640.0) dpi, layerStack 2, appVsyncOff 0, presDeadline 16666666, type VIRTUAL, state ON, owner com.samsung.android.hmt.vrsystem (uid 10217), FLAG_PRIVATE}, DisplayMetrics{density=4.0, width=1280, height=960, scaledDensity=4.0, xdpi=640.0, ydpi=640.0}, isValid=true]
10-25 21:40:25.322 3520 3598 D KnoxTimeoutHandler: notifyActivityDrawn [MsgParam] userId: 0 fullscreen is true showWhenlocked is true
10-25 21:40:25.322 3520 3520 D KnoxTimeoutHandler: activityDrawn [MsgParam] userId: 0 fullscreen is true showWhenlocked is true
10-25 21:40:25.322 3520 3520 I KnoxTimeoutHandler: SD activityfalse
10-25 21:40:25.322 4371 4383 D PeopleNotiListenerService: onEdgeNotificationRemoved() : pkg com.oculus.horizon,id=362699928,extra=Bundle[mParcelledData.dataSize=84]
10-25 21:40:25.322 3970 3998 V VRManagerServer: (VRManagerService.java:401) yTqX [setThreadSchedFifo pkg=com.samsung.android.hmt.vrsystem pid=17353 tid=17390 prio=1]
10-25 21:40:25.322 4371 4371 D PeopleNotiListenerService: removeEdgeNotification:Bundle[{samsung.notification.id=362699928, samsung.notification.type=normal, samsung.people.package_name=com.oculus.horizon}]
10-25 21:40:25.322 4371 4371 I PeopleStripeService: PeopleNotificationReceiver:3
10-25 21:40:25.322 4371 4371 I PeopleStripeService: sendEdgeNotification peopleEnabled true lightingEnabled false edgeEnabled true
10-25 21:40:25.322 4371 4371 I PeopleDataManager: removeNotification
10-25 21:40:25.322 4371 4371 I NotificationParser: getNotiType:com.oculus.horizon,null
10-25 21:40:25.322 4371 4371 D PeopleDataManager: removeNotiInfo: id =362699928,packageName=com.oculus.horizon,isEdgeNotification=false,key=null,removeAll=false
10-25 21:40:25.322 4371 4371 D PeopleDataManager: removeNotiInfo =null
10-25 21:40:25.322 3970 3998 V VRManagerServer: (VRManagerService.java:405) yTqX [setAffinity pid=17390 cpus=[4, 5, 6, 7]]
10-25 21:40:25.332 17353 17353 V VRSystem: at (PermissionActivity.java:272) onCreate() [onCreate]
10-25 21:40:25.332 17353 17514 D VRManagerGearVR: VRManager set thread priority to 1
10-25 21:40:25.332 17353 17514 I VrApi_Clocks: SetSchedFifo( tid=17390, pri=1 ) succeeded
10-25 21:40:25.342 4371 9312 D PeopleNotiListenerService: onEdgeNotificationRemoved() : pkg com.oculus.horizon,id=362699928,extra=Bundle[mParcelledData.dataSize=84]
10-25 21:40:25.342 4371 4371 D PeopleNotiListenerService: removeEdgeNotification:Bundle[{samsung.notification.id=362699928, samsung.notification.type=normal, samsung.people.package_name=com.oculus.horizon}]
10-25 21:40:25.342 4371 4371 I PeopleStripeService: PeopleNotificationReceiver:3
10-25 21:40:25.342 4371 4371 I PeopleStripeService: sendEdgeNotification peopleEnabled true lightingEnabled false edgeEnabled true
10-25 21:40:25.342 4371 4371 I PeopleDataManager: removeNotification
10-25 21:40:25.342 4371 4371 I NotificationParser: getNotiType:com.oculus.horizon,null
10-25 21:40:25.342 4371 4371 D PeopleDataManager: removeNotiInfo: id =362699928,packageName=com.oculus.horizon,isEdgeNotification=false,key=null,removeAll=false
10-25 21:40:25.342 4371 4371 D PeopleDataManager: removeNotiInfo =null
10-25 21:40:25.342 3099 3099 D libEGL : eglInitialize EGLDisplay = 0x7fc69612f8
10-25 21:40:25.342 3099 3099 D mali_winsys: new_window_surface returns 0x3000, [1280x960]-format:1
10-25 21:40:25.342 3099 3099 D SurfaceFlinger: debugMultiDownscale = 1
10-25 21:40:25.352 3099 4021 I SurfaceFlinger: id=865 Removed QroductName (3/23)
10-25 21:40:25.352 3099 3289 I SurfaceFlinger: id=865 Removed QroductName (-2/23)
10-25 21:40:25.352 3520 3598 D KnoxTimeoutHandler: notifyActivityDrawn [MsgParam] userId: 0 fullscreen is true showWhenlocked is true
10-25 21:40:25.352 3520 3520 D KnoxTimeoutHandler: activityDrawn [MsgParam] userId: 0 fullscreen is true showWhenlocked is true
10-25 21:40:25.352 3520 3520 I KnoxTimeoutHandler: SD activityfalse
10-25 21:40:25.372 3099 3099 D libEGL : eglTerminate EGLDisplay = 0x7fc6961268
10-25 21:40:25.372 4523 4523 E CocktailBarPositionManager: Window direction: 1
10-25 21:40:25.372 4523 4523 I CocktailBarPositionManager: updateAlphaScreenPosition position is dirty 1
10-25 21:40:25.372 3520 3598 D KnoxTimeoutHandler: notifyActivityDrawn [MsgParam] userId: 0 fullscreen is true showWhenlocked is true
10-25 21:40:25.372 3520 3520 D KnoxTimeoutHandler: activityDrawn [MsgParam] userId: 0 fullscreen is true showWhenlocked is true
10-25 21:40:25.372 3520 3520 I KnoxTimeoutHandler: SD activityfalse
10-25 21:40:25.382 17353 17390 D libEGL : eglInitialize EGLDisplay = 0xf32be574
10-25 21:40:25.382 3135 3181 D Sensorhubs: readContextData: 1, 1, 7, 1
10-25 21:40:25.382 3520 4008 D SensorHubManager: onGetSensorHubDataLocked: library(4) = 1, 1, 7, 1
10-25 21:40:25.382 3520 4007 D CAE : onGetSensorHubData(SensorHubParserProvider.java:92) - onGetSensorHubData Event [event buffer len :4], AP_WAKEUP
10-25 21:40:25.382 3520 4007 I CAE : parse(SensorHubParserProvider.java:188) - buffer size = 4
10-25 21:40:25.382 3520 4007 I CAE : parse(SensorHubParserProvider.java:199) - 1, 1, 7, 1,
10-25 21:40:25.382 3520 4007 D CAE : display(ContextProvider.java:375) - ================= AUTO_ROTATION =================
10-25 21:40:25.382 3520 4007 I CAE : display(ContextProvider.java:391) - Angle=[1]
10-25 21:40:25.382 3520 4010 D SContextService: updateSContext() : event = Auto Rotation
10-25 21:40:25.392 3520 3582 D KnoxTimeoutHandler: notifyActivityDrawn [MsgParam] userId: 0 fullscreen is true showWhenlocked is true
10-25 21:40:25.392 3520 3520 D KnoxTimeoutHandler: activityDrawn [MsgParam] userId: 0 fullscreen is true showWhenlocked is true
10-25 21:40:25.392 3520 3520 I KnoxTimeoutHandler: SD activityfalse
10-25 21:40:25.402 17353 17353 V VRSystem: at (PermissionActivity.java:341) nTMC() [extra=Bundle[{icon_package=[Ljava.lang.String;@5f346ce, icon=[I@97c19ef, label=Jitter_test, show_do_not_ask=[Z@7980cfc, message=[Ljava.lang.CharSequence;@69a7f85, group_name=[Ljava.lang.String;@88101da}]]
10-25 21:40:25.412 17353 17353 W Bundle : Key label expected CharSequence[] but value was a java.lang.String. The default value was returned.
