10-25 21:40:24.082 3520 3520 D KnoxTimeoutHandler: handleActiveUserChange [MsgParam] userId: 0 fullscreen is true showWhenlocked is false
10-25 21:40:24.082 3520 3520 I KnoxTimeoutHandler: Shared devices show user statefalse
10-25 21:40:24.092 17353 17353 E Zygote : v2
10-25 21:40:24.092 17353 17353 I SELinux : Function: selinux_compare_spd_ram, index[1], SPD-policy is existed. and_ver=SEPF_SECMOBILE_6.0.1 ver=11
10-25 21:40:24.092 17353 17353 W SELinux : Function: selinux_compare_spd_ram, index[1], priority [2], priority version is VE=SEPF_SECMOBILE_6.0.1_0013
10-25 21:40:24.092 17353 17353 E Zygote : accessInfo : 0
10-25 21:40:24.092 17353 17353 W SELinux : SELinux: seapp_context_lookup: seinfo=release, level=s0:c512,c768, pkgname=com.samsung.android.hmt.vrsystem:permission
10-25 21:40:24.092 16325 16325 I Timeline: Timeline: Activity_idle id: android.os.BinderProxy@497d4c9 time:84265189
10-25 21:40:24.102 17353 17353 D TimaKeyStoreProvider: TimaSignature is unavailable
10-25 21:40:24.102 17353 17353 D ActivityThread: Added TimaKeyStore provider
10-25 21:40:24.112 3520 4533 D KnoxTimeoutHandler: notifyActivityDrawn [MsgParam] userId: 0 fullscreen is true showWhenlocked is true
10-25 21:40:24.112 3520 3520 D KnoxTimeoutHandler: activityDrawn [MsgParam] userId: 0 fullscreen is true showWhenlocked is true
10-25 21:40:24.112 3520 3520 I KnoxTimeoutHandler: SD activityfalse
10-25 21:40:24.112 3520 4533 D KnoxTimeoutHandler: notifyActivityDrawn [MsgParam] userId: 0 fullscreen is true showWhenlocked is true
10-25 21:40:24.112 3520 3520 D KnoxTimeoutHandler: activityDrawn [MsgParam] userId: 0 fullscreen is true showWhenlocked is true
10-25 21:40:24.112 3520 3520 I KnoxTimeoutHandler: SD activityfalse
10-25 21:40:24.122 17353 17353 I InjectionManager: Inside getClassLibPath + mLibMap{0=, 1=}
10-25 21:40:24.122 17353 17353 I InjectionManager: Inside getClassLibPath caller
10-25 21:40:24.132 17353 17353 D VRSystem: at (VRSystemApplication.java:16) onCreate() [onCreate()]
10-25 21:40:24.132 17353 17353 D InjectionManager: InjectionManager
10-25 21:40:24.132 17353 17353 D InjectionManager: fillFeatureStoreMap com.samsung.android.hmt.vrsystem
10-25 21:40:24.132 17353 17353 I InjectionManager: Constructor com.samsung.android.hmt.vrsystem, Feature store :{}
10-25 21:40:24.132 17353 17353 I InjectionManager: featureStore :{}
10-25 21:40:24.142 17353 17353 V VRSystem: at (VrViewActivity.java:23) () [Load Library]
10-25 21:40:24.162 17353 17353 V VRSystem: at (PermissionActivity.java:124) onCreate() [onCreate]
10-25 21:40:24.162 17353 17353 V VRSystem: at (VrViewActivity.java:57) onCreate() [onCreate]
10-25 21:40:24.162 17353 17353 I VrApiLoader: Loading com.oculus.systemactivities version 1.10.1-41777333 code 41777333
10-25 21:40:24.162 17353 17353 I InjectionManager: Inside getClassLibPath caller
10-25 21:40:24.162 17353 17353 V VrDriverRouter: Routing VrApi to driver package
10-25 21:40:24.172 17353 17353 I InjectionManager: Inside getClassLibPath caller
10-25 21:40:24.172 17353 17353 V VrDriver: Loading Legacy VrDriver...
10-25 21:40:24.182 17353 17353 I JniUtils: Using caller's JNIEnv
10-25 21:40:24.182 17353 17353 I VrApi : ----------- vrapi_Initialize ----------
10-25 21:40:24.212 17353 17353 D libEGL : loaded /vendor/lib/egl/libGLES_mali.so
10-25 21:40:24.232 17353 17353 D libEGL : eglInitialize EGLDisplay = 0xffdb4a9c
10-25 21:40:24.232 17353 17353 I JniUtils: Using caller's JNIEnv
10-25 21:40:24.232 17353 17353 D VrApi : onInitialize
10-25 21:40:24.232 17353 17353 D ScreenCaptureReceiver: startReceiver
10-25 21:40:24.242 17353 17353 D VrApi : VrApi::getScenario: 1
10-25 21:40:24.242 17353 17353 D LoggingService: Binding to logging service
10-25 21:40:24.242 17353 17353 D LoggingService: Logging Package version: 2.19.4
10-25 21:40:24.242 17378 17378 E Zygote : v2
10-25 21:40:24.242 17378 17378 I SELinux : Function: selinux_compare_spd_ram, index[1], SPD-policy is existed. and_ver=SEPF_SECMOBILE_6.0.1 ver=11
10-25 21:40:24.242 17378 17378 W SELinux : Function: selinux_compare_spd_ram, index[1], priority [2], priority version is VE=SEPF_SECMOBILE_6.0.1_0013
10-25 21:40:24.252 17378 17378 E Zygote : accessInfo : 0
10-25 21:40:24.252 17378 17378 W SELinux : SELinux: seapp_context_lookup: seinfo=default, level=s0:c512,c768, pkgname=com.oculus.horizon
10-25 21:40:24.252 17353 17353 I LocalPreferences: ovr_InitLocalPreferences devmode=false
10-25 21:40:24.252 17353 17353 D VrApi : hasVrPermissions
10-25 21:40:24.262 17378 17378 D TimaKeyStoreProvider: TimaSignature is unavailable
10-25 21:40:24.262 17378 17378 D ActivityThread: Added TimaKeyStore provider
10-25 21:40:24.262 16325 16325 D VRSVC : (MonoManager.java:37) wtkw [dismissMonoForeground]
10-25 21:40:24.272 17378 17378 I InjectionManager: Inside getClassLibPath + mLibMap{0=, 1=}
10-25 21:40:24.282 17378 17378 I InjectionManager: Inside getClassLibPath caller
10-25 21:40:24.282 3520 4392 D KnoxTimeoutHandler: notifyActivityDrawn [MsgParam] userId: 0 fullscreen is true showWhenlocked is true
10-25 21:40:24.282 3520 3520 D KnoxTimeoutHandler: activityDrawn [MsgParam] userId: 0 fullscreen is true showWhenlocked is true
10-25 21:40:24.282 16325 17296 V VRSVC : (HmtSensorEvent.java:134) tWfk [handleMessageSendProximity send setProximity complete. initialized.]
10-25 21:40:24.282 3520 3520 I KnoxTimeoutHandler: SD activityfalse
10-25 21:40:24.282 3099 3287 D libEGL : eglTerminate EGLDisplay = 0x7f912c0e78
10-25 21:40:24.282 16325 16325 D ViewRootImpl: #3 mView = null
10-25 21:40:24.282 3520 4604 D KnoxTimeoutHandler: notifyActivityDrawn [MsgParam] userId: 0 fullscreen is true showWhenlocked is true
10-25 21:40:24.282 3520 3520 D KnoxTimeoutHandler: activityDrawn [MsgParam] userId: 0 fullscreen is true showWhenlocked is true
10-25 21:40:24.292 3520 3520 I KnoxTimeoutHandler: SD activityfalse
10-25 21:40:24.292 17378 17378 V fb-UnpackingSoSource: locked dso store /data/user/0/com.oculus.horizon/lib-main
10-25 21:40:24.292 17378 17378 I fb-UnpackingSoSource: dso store is up-to-date: /data/user/0/com.oculus.horizon/lib-main
10-25 21:40:24.292 17378 17378 V fb-UnpackingSoSource: releasing dso store lock for /data/user/0/com.oculus.horizon/lib-main
10-25 21:40:24.312 17353 17353 D VrApi : getDeviceProperty: device_model
10-25 21:40:24.312 3099 3287 I SurfaceFlinger: id=863 Removed TcreenshotS (22/26)
10-25 21:40:24.312 3099 4094 I SurfaceFlinger: id=863 Removed TcreenshotS (-2/26)
10-25 21:40:24.312 3099 4021 I SurfaceFlinger: id=866 Removed ClackSurfac (22/25)
10-25 21:40:24.312 3099 4634 I SurfaceFlinger: id=867 Removed ClackSurfac (22/24)
10-25 21:40:24.312 3099 4634 I SurfaceFlinger: id=866 Removed ClackSurfac (-2/24)
10-25 21:40:24.312 3099 4634 I SurfaceFlinger: id=868 Removed ClackSurfac (22/23)
10-25 21:40:24.312 3099 4634 I SurfaceFlinger: id=867 Removed ClackSurfac (-2/23)
10-25 21:40:24.312 3099 4094 I SurfaceFlinger: id=869 Removed ClackSurfac (22/22)
10-25 21:40:24.312 3099 4094 I SurfaceFlinger: id=868 Removed ClackSurfac (-2/22)
10-25 21:40:24.312 3099 4094 I SurfaceFlinger: id=869 Removed ClackSurfac (-2/22)
10-25 21:40:24.312 3520 3598 D KnoxTimeoutHandler: notifyActivityDrawn [MsgParam] userId: 0 fullscreen is true showWhenlocked is true
10-25 21:40:24.312 3520 3520 D KnoxTimeoutHandler: activityDrawn [MsgParam] userId: 0 fullscreen is true showWhenlocked is true
10-25 21:40:24.312 3520 3520 I KnoxTimeoutHandler: SD activityfalse
10-25 21:40:24.322 17353 17353 D VrApi : getVrHelperProperty: hmt_device_model: SM-R322
10-25 21:40:24.322 17353 17353 D VrApi : getDeviceProperty: replace_samsung
10-25 21:40:24.322 17353 17353 D VrApi : VrApi::getScenario: 1
10-25 21:40:24.322 17353 17353 D VrApi : getDeviceProperty: device_gpu
10-25 21:40:24.332 17353 17353 D VrApi : getDeviceProperty: device_support_sdcard_path
10-25 21:40:24.332 3099 3099 D libEGL : eglTerminate EGLDisplay = 0x7fc6961238
10-25 21:40:24.332 3970 17298 V VRManagerServer: (VRManagerService.java:1469) AmLH [subSystemfuse path=/storage/emulated/0 state=mounted]
10-25 21:40:24.332 3970 17298 V VRManagerServer: (VRManagerService.java:1469) AmLH [subSystemprivate path=/storage/Private state=unmounted]
10-25 21:40:24.332 17353 17353 D VRManagerGearVR: Property Type device_support_sdcard_path is not supported.
10-25 21:40:24.342 16325 16336 D VRSVC : (DistortionFileProvider.java:70) openAssetFile [Uri=content://com.samsung.android.hmt.vrsvc.distortion mode=r model=SM-R322]
10-25 21:40:24.342 16325 16336 V VRSVC : (DistortionFileManager.java:104) wtkw [vr model=SM-R322 device=SM-G928T distortion=distortion/distortion_R322_G928.bin]
10-25 21:40:24.342 16325 16336 V VRSVC : (DistortionFileManager.java:54) yTqX [fileName=distortion/distortion_R322_G928.bin]
10-25 21:40:24.342 16325 16336 V VRSVC : (DistortionFileManager.java:140) yTqX [copyAssetToFile.. assetPath=distortion/distortion_R322_G928.bin file=/data/user/0/com.samsung.android.hmt.vrsvc/cache/distortion/distortion_R322_G928.bin overWrite=true]
10-25 21:40:24.342 16325 16336 V VRSVC : (DistortionFileManager.java:145) yTqX [delete /data/user/0/com.samsung.android.hmt.vrsvc/cache/distortion/distortion_R322_G928.bin]
10-25 21:40:24.352 17353 17353 I Distortion: Loaded distortion file from VRSVC
10-25 21:40:24.352 17353 17353 I Distortion: ovrDistortionMeshHeader::magic = 0x56347806
10-25 21:40:24.352 17353 17353 I Distortion: ovrDistortionMeshHeader::deviceModel = 0x472D4D53
10-25 21:40:24.352 17353 17353 I Distortion: ovrDistortionMeshHeader::headsetModel = 0x0
10-25 21:40:24.352 17353 17353 I Distortion: ovrDistortionMeshHeader::eyeBlocksWide = 32
10-25 21:40:24.352 17353 17353 I Distortion: ovrDistortionMeshHeader::eyeBlocksHigh = 32
10-25 21:40:24.352 17353 17353 I Distortion: ovrDistortionMeshHeader::lensSeparationMeters = 0.063000
10-25 21:40:24.352 17353 17353 I Distortion: ovrDistortionMeshHeader::horizontalOffsetMeters = 0.000000
10-25 21:40:24.352 17353 17353 I Distortion: ovrDistortionMeshHeader::displayWidthMeters = 0.125000
10-25 21:40:24.352 17353 17353 I Distortion: ovrDistortionMeshHeader::displayHeightMeters = 0.070700
10-25 21:40:24.352 17353 17353 I Distortion: ovrDistortionMeshHeader::displayWidthPixels = 2560
10-25 21:40:24.352 17353 17353 I Distortion: ovrDistortionMeshHeader::displayHeightPixels = 1440
10-25 21:40:24.352 17353 17353 I Distortion: ovrDistortionMeshHeader::eyeTextureWidthPixels = 1024
10-25 21:40:24.352 17353 17353 I Distortion: ovrDistortionMeshHeader::eyeTextureHeightPixels = 1024
10-25 21:40:24.352 17353 17353 I Distortion: ovrDistortionMeshHeader::eyeTextureFovDegreesX = 90
10-25 21:40:24.352 17353 17353 I Distortion: ovrDistortionMeshHeader::eyeTextureFovDegreesY = 90
10-25 21:40:24.352 17353 17353 I App_Android: VrAppInterface::SetActivity:
10-25 21:40:24.352 17353 17353 I App_Android: new AppLocal( 0xf4996de0 0xffdb50a0 0xeb7bb500 )
10-25 21:40:24.352 17353 17353 I App : ----------------- AppLocal::AppLocal() -----------------
10-25 21:40:24.352 17353 17353 I PathUtils: StorageFolderPaths[0][0] = /data/
10-25 21:40:24.352 17353 17353 I PathUtils: StorageFolderPaths[0][1] = /data/user/0/com.samsung.android.hmt.vrsystem/files/
10-25 21:40:24.352 17353 17353 I PathUtils: StorageFolderPaths[0][2] = /data/user/0/com.samsung.android.hmt.vrsystem/cache/
10-25 21:40:24.352 17353 17353 I PathUtils: StorageFolderPaths[1][0] = /storage/emulated/0/
10-25 21:40:24.352 17353 17353 I PathUtils: StorageFolderPaths[1][1] = /storage/emulated/0/Android/data/com.samsung.android.hmt.vrsystem/files/
10-25 21:40:24.352 17353 17353 I PathUtils: StorageFolderPaths[1][2] = /storage/emulated/0/Android/data/com.samsung.android.hmt.vrsystem/cache/
10-25 21:40:24.352 17353 17353 I PathUtils: StorageFolderPaths[2][0] = /storage/extSdCard/
10-25 21:40:24.352 17353 17353 I PathUtils: StorageFolderPaths[2][1] =
10-25 21:40:24.352 17353 17353 I PathUtils: StorageFolderPaths[2][2] =
10-25 21:40:24.352 17353 17353 W UserProfile: Failed to load user profile "/sdcard/Oculus/userprofile.json". Using defaults.
10-25 21:40:24.352 17353 17353 I App : StartVrThread
10-25 21:40:24.352 17353 17390 I App : AppLocal::VrThreadFunction - init
10-25 21:40:24.352 17353 17390 I OVR_Uri : Uri ':///sdcard/oculus/360Photos/pic.jpg' has an empty scheme!
10-25 21:40:24.352 17353 17390 I OVR_Uri : Uri 'file:No host double slash': valid scheme must be followed by a host separator ( '//' ).
10-25 21:40:24.352 17353 17390 I OVR_Uri : Uri 'file:/No host double slash': valid scheme must be followed by a host separator ( '//' ).
10-25 21:40:24.352 17353 17390 I OVR_Uri : Uri 'file://No path slash': illegal character 0x20 in host.
10-25 21:40:24.352 17353 17390 I OVR_Uri : Uri 'http:': valid scheme must be followed by a host separator ( '//' ).
10-25 21:40:24.352 17353 17390 I OVR_Uri : Uri 'http://': missing host!
10-25 21:40:24.352 17353 17390 I OVR_Uri : Uri 'http:///': empty path!
10-25 21:40:24.352 17353 17390 D VrActivity: Searching installed packages for 'com.oculus.systemactivities'
10-25 21:40:24.352 3126 3677 I APM::AudioPolicyManager: stopOutput() output 4, stream 3, session 516
10-25 21:40:24.372 17378 17378 W StaticBindingVerifier: Verify
10-25 21:40:24.412 3135 3181 D Sensorhubs: readContextData: 1, 1, 7, -1
10-25 21:40:24.412 3520 4008 D SensorHubManager: onGetSensorHubDataLocked: library(4) = 1, 1, 7, -1
10-25 21:40:24.412 3520 4007 D CAE : onGetSensorHubData(SensorHubParserProvider.java:92) - onGetSensorHubData Event [event buffer len :4], AP_WAKEUP
10-25 21:40:24.412 3520 4007 I CAE : parse(SensorHubParserProvider.java:188) - buffer size = 4
10-25 21:40:24.412 3520 4007 I CAE : parse(SensorHubParserProvider.java:199) - 1, 1, 7, -1,
10-25 21:40:24.412 3520 4007 D CAE : display(ContextProvider.java:375) - ================= AUTO_ROTATION =================
10-25 21:40:24.412 3520 4007 I CAE : display(ContextProvider.java:391) - Angle=[-1]
10-25 21:40:24.412 3520 4010 D SContextService: updateSContext() : event = Auto Rotation
10-25 21:40:24.412 3520 3598 D KnoxTimeoutHandler: notifyActivityDrawn [MsgParam] userId: 0 fullscreen is true showWhenlocked is true
10-25 21:40:24.412 3520 3520 D KnoxTimeoutHandler: activityDrawn [MsgParam] userId: 0 fullscreen is true showWhenlocked is true
10-25 21:40:24.412 3099 4094 I SurfaceFlinger: id=864 Removed NonoActivit (11/21)
10-25 21:40:24.412 3099 4634 I SurfaceFlinger: id=864 Removed NonoActivit (-2/21)
10-25 21:40:24.412 3520 3520 I KnoxTimeoutHandler: SD activityfalse
10-25 21:40:24.422 17353 17390 D VrActivity: Found installed application package com.oculus.systemactivities
10-25 21:40:24.432 17353 17390 I PackageFiles: File 'res/raw/font_location.txt' not found in apk!
10-25 21:40:24.432 17353 17390 D VrActivity: Searching installed packages for 'com.oculus.systemactivities'
10-25 21:40:24.432 3099 3099 D libEGL : eglTerminate EGLDisplay = 0x7fc6961268
10-25 21:40:24.472 3520 4018 I InputReader: VRKeyboardInputMapper::process
10-25 21:40:24.472 3520 4018 D InputReader: Input event(48): value=1 when=84265568263000
10-25 21:40:24.472 3520 4018 I InputReader: VRKeyboardInputMapper::process
10-25 21:40:24.472 3520 4018 I InputReader: VRKeyboardInputMapper::process
10-25 21:40:24.472 3520 4018 E InputReader: Undefined HMT TA event, not broadcasting
10-25 21:40:24.472 3520 4018 D InputReader: TA Event -1 sent
10-25 21:40:24.482 17378 17378 D ACRA : ACRA init; reportURL: https://www.facebook.com/mobile/generic_android_crash_logs/1437758943160428
10-25 21:40:24.482 17378 17378 D ACRA : ACRA is enabled for com.oculus.horizon, intializing...
10-25 21:40:24.492 17403 17403 E Zygote : v2
10-25 21:40:24.492 17403 17403 I SELinux : Function: selinux_compare_spd_ram, index[1], SPD-policy is existed. and_ver=SEPF_SECMOBILE_6.0.1 ver=11
10-25 21:40:24.492 17403 17403 W SELinux : Function: selinux_compare_spd_ram, index[1], priority [2], priority version is VE=SEPF_SECMOBILE_6.0.1_0013
10-25 21:40:24.492 17403 17403 E Zygote : accessInfo : 0
10-25 21:40:24.492 17403 17403 W SELinux : SELinux: seapp_context_lookup: seinfo=default, level=s0:c512,c768, pkgname=com.facebook.appmanager
10-25 21:40:24.492 17353 17390 D VrActivity: Found installed application package com.oculus.systemactivities
10-25 21:40:24.492 17353 17390 I OVR_FileSys: Added host 'com.oculus.systemactivities' for fonts @'file:///data/app/com.oculus.systemactivities-1/base.apk'
10-25 21:40:24.502 17353 17390 I GlSetup_Android: GL_Setup: requestGlEsVersion(3), redBits(8), greenBits(8), blueBits(8), depthBits(0), multisamples(0), contextPriority(12546)
10-25 21:40:24.502 17353 17390 D libEGL : eglInitialize EGLDisplay = 0xf32beb54
10-25 21:40:24.502 17353 17390 I GlSetup_Android: eglInitialize gives majorVersion 1, minorVersion 4
10-25 21:40:24.502 17353 17390 I GlSetup_Android: EGL_VENDOR: Android
10-25 21:40:24.502 3520 4018 I InputReader: VRKeyboardInputMapper::process
10-25 21:40:24.502 17353 17390 I GlSetup_Android: EGL_CLIENT_APIS: OpenGL_ES
10-25 21:40:24.502 17353 17390 I GlSetup_Android: EGL_VERSION: 1.4 Android META-EGL
10-25 21:40:24.502 3520 4018 D InputReader: Input event(48): value=0 when=84265592263000
10-25 21:40:24.502 17353 17390 I GlSetup_Android: EGL_EXTENSIONS:
10-25 21:40:24.502 3520 4018 I InputReader: VRKeyboardInputMapper::process
10-25 21:40:24.502 17353 17390 I GlSetup_Android: EGL_KHR_get_all_proc_addresses
10-25 21:40:24.502 17353 17409 I TalkToJava: TalkToJava: Jvm->AttachCurrentThread
10-25 21:40:24.502 17353 17390 I GlSetup_Android: EGL_ANDROID_presentation_time
10-25 21:40:24.502 17353 17390 I GlSetup_Android: EGL_KHR_swap_buffers_with_damage
10-25 21:40:24.502 17353 17390 I GlSetup_Android: EGL_KHR_image
10-25 21:40:24.502 17353 17390 I GlSetup_Android: EGL_KHR_image_base
10-25 21:40:24.502 17353 17390 I GlSetup_Android: EGL_KHR_gl_texture_2D_image
10-25 21:40:24.502 17353 17390 I GlSetup_Android: EGL_KHR_gl_texture_cubemap_image
10-25 21:40:24.502 17353 17390 I GlSetup_Android: EGL_KHR_gl_renderbuffer_image
10-25 21:40:24.502 17353 17390 I GlSetup_Android: EGL_KHR_fence_sync
10-25 21:40:24.502 17353 17390 I GlSetup_Android: EGL_KHR_create_context
10-25 21:40:24.502 17353 17390 I GlSetup_Android: EGL_KHR_config_attribs
10-25 21:40:24.502 17353 17390 I GlSetup_Android: EGL_KHR_surfaceless_context
10-25 21:40:24.502 17353 17390 I GlSetup_Android: EGL_EXT_create_context_robustness
10-25 21:40:24.502 3520 4018 V InputManager: notifyVRTAEventChanged event=1
10-25 21:40:24.502 17353 17390 I GlSetup_Android: EGL_ANDROID_image_native_buffer
10-25 21:40:24.502 17353 17390 I GlSetup_Android: EGL_KHR_wait_sync
10-25 21:40:24.502 17353 17390 I GlSetup_Android: EGL_ANDROID_recordable
10-25 21:40:24.502 17353 17390 I GlSetup_Android: EGL_KHR_partial_update
10-25 21:40:24.502 3520 4018 D InputReader: TA Event 1 sent
10-25 21:40:24.502 17353 17390 I GlSetup_Android: EGL_ARM_version_check_r7p0
10-25 21:40:24.502 3520 4018 I InputReader: VRKeyboardInputMapper::process
10-25 21:40:24.502 3520 4018 E InputReader: Undefined HMT TA event, not broadcasting
10-25 21:40:24.502 3520 4018 D InputReader: TA Event 1 sent
10-25 21:40:24.502 17353 17390 I GlSetup_Android: eglGetConfigs() = 21 configs
10-25 21:40:24.502 17353 17390 I GlSetup_Android: Got an ES 3 renderable config: -300404440
10-25 21:40:24.502 17353 17390 I GlSetup_Android: Trying for a EGL_CONTEXT_CLIENT_VERSION 3 context shared with 0x0:
10-25 21:40:24.502 3520 3598 V InputManager: sendVRTAEventChanged event=1
10-25 21:40:24.502 17353 17390 D : ro.exynos.dss isEnabled: 0
10-25 21:40:24.502 17353 17390 I GlSetup_Android: Succeeded.
10-25 21:40:24.502 17353 17390 I GlSetup_Android: Created context with config -300404440, query returned ID 1 = config -300404440
10-25 21:40:24.502 17353 17390 I GlSetup_Android: GL_VENDOR: ARM
10-25 21:40:24.502 17353 17390 I GlSetup_Android: GL_RENDERER: Mali-T760
10-25 21:40:24.502 17353 17390 I GlSetup_Android: GL_VERSION: OpenGL ES 3.1 v1.r7p0-03rel0.b596bd02e7d0169c10574b57180c8b57
10-25 21:40:24.502 17353 17390 I GlSetup_Android: GL_SHADING_LANGUAGE_VERSION: OpenGL ES GLSL ES 3.10
10-25 21:40:24.502 17353 17390 I OVR_GlUtils: GL_EXTENSIONS:
10-25 21:40:24.502 17353 17390 I OVR_GlUtils: GL_EXT_debug_marker
10-25 21:40:24.502 17353 17390 I OVR_GlUtils: GL_ARM_rgba8
10-25 21:40:24.502 17353 17390 I OVR_GlUtils: GL_ARM_mali_shader_binary
10-25 21:40:24.502 17353 17390 I OVR_GlUtils: GL_OES_depth24
10-25 21:40:24.502 17353 17390 I OVR_GlUtils: GL_OES_depth_texture
10-25 21:40:24.502 17353 17390 I OVR_GlUtils: GL_OES_depth_texture_cube_map
10-25 21:40:24.502 17353 17390 I OVR_GlUtils: GL_OES_packed_depth_stencil
10-25 21:40:24.502 17353 17390 I OVR_GlUtils: GL_OES_rgb8_rgba8
10-25 21:40:24.502 17353 17390 I OVR_GlUtils: GL_EXT_read_format_bgra
10-25 21:40:24.502 17353 17390 I OVR_GlUtils: GL_OES_compressed_paletted_texture
10-25 21:40:24.502 17353 17390 I OVR_GlUtils: GL_OES_compressed_ETC1_RGB8_texture
10-25 21:40:24.502 17353 17390 I OVR_GlUtils: GL_OES_standard_derivatives
10-25 21:40:24.502 17353 17390 I OVR_GlUtils: GL_OES_EGL_image
10-25 21:40:24.502 17353 17390 I OVR_GlUtils: GL_OES_EGL_image_external
10-25 21:40:24.502 17353 17390 I OVR_GlUtils: GL_OES_EGL_sync
10-25 21:40:24.502 17353 17390 I OVR_GlUtils: GL_OES_texture_npot
10-25 21:40:24.502 17353 17390 I OVR_GlUtils: GL_OES_vertex_half_float
10-25 21:40:24.502 17353 17390 I OVR_GlUtils: GL_OES_required_internalformat
10-25 21:40:24.502 17353 17390 I OVR_GlUtils: GL_OES_vertex_array_object
10-25 21:40:24.502 17353 17390 I OVR_GlUtils: GL_OES_mapbuffer
10-25 21:40:24.502 17353 17390 I OVR_GlUtils: GL_EXT_texture_format_BGRA8888
10-25 21:40:24.502 17353 17390 I OVR_GlUtils: GL_EXT_texture_rg
10-25 21:40:24.502 17353 17390 I OVR_GlUtils: GL_EXT_texture_type_2_10_10_10_REV
10-25 21:40:24.502 17353 17390 I OVR_GlUtils: GL_OES_fbo_render_mipmap
10-25 21:40:24.502 17353 17390 I OVR_GlUtils: GL_OES_element_index_uint
10-25 21:40:24.502 17353 17390 I OVR_GlUtils: GL_EXT_shadow_samplers
10-25 21:40:24.502 17353 17390 I OVR_GlUtils: GL_OES_texture_compression_astc
10-25 21:40:24.502 17353 17390 I OVR_GlUtils: GL_KHR_texture_compression_astc_ldr
10-25 21:40:24.502 17353 17390 I OVR_GlUtils: GL_KHR_texture_compression_astc_hdr
10-25 21:40:24.502 17353 17390 I OVR_GlUtils: GL_KHR_debug
10-25 21:40:24.502 17353 17390 I OVR_GlUtils: GL_EXT_occlusion_query_boolean
10-25 21:40:24.502 17353 17390 I OVR_GlUtils: GL_EXT_disjoint_timer_query
10-25 21:40:24.502 17353 17390 I OVR_GlUtils: GL_EXT_blend_minmax
10-25 21:40:24.502 17353 17390 I OVR_GlUtils: GL_EXT_discard_framebuffer
10-25 21:40:24.502 17353 17390 I OVR_GlUtils: GL_OES_get_program_binary
10-25 21:40:24.502 17353 17390 I OVR_GlUtils: GL_OES_texture_3D
10-25 21:40:24.502 17353 17390 I OVR_GlUtils: GL_EXT_texture_storage
10-25 21:40:24.502 17353 17390 I OVR_GlUtils: GL_EXT_multisampled_render_to_texture
10-25 21:40:24.502 17353 17390 I OVR_GlUtils: GL_OES_surfaceless_context
10-25 21:40:24.502 17353 17390 I OVR_GlUtils: GL_OES_texture_stencil8
10-25 21:40:24.502 17353 17390 I OVR_GlUtils: GL_EXT_shader_pixel_local_storage
10-25 21:40:24.502 17353 17390 I OVR_GlUtils: GL_ARM_shader_framebuffer_fetch
10-25 21:40:24.502 17353 17390 I OVR_GlUtils: GL_ARM_shader_framebuffer_fetch_depth_stencil
10-25 21:40:24.502 17353 17390 I OVR_GlUtils: GL_ARM_mali_program_binary
10-25 21:40:24.502 17353 17390 I OVR_GlUtils: GL_EXT_sRGB
10-25 21:40:24.502 17353 17390 I OVR_GlUtils: GL_EXT_sRGB_write_control
10-25 21:40:24.502 17353 17390 I OVR_GlUtils: GL_EXT_texture_sRGB_decode
10-25 21:40:24.502 17353 17390 I OVR_GlUtils: GL_KHR_blend_equation_advanced
10-25 21:40:24.502 17353 17390 I OVR_GlUtils: GL_KHR_blend_equation_advanced_coherent
10-25 21:40:24.502 17353 17390 I OVR_GlUtils: GL_OES_texture_storage_multisample_2d_array
10-25 21:40:24.502 17353 17390 I OVR_GlUtils: GL_OES_shader_image_atomic
10-25 21:40:24.502 17353 17390 I OVR_GlUtils: GL_EXT_robustness
10-25 21:40:24.502 17353 17390 I OVR_GlUtils: GL_EXT_draw_buffers_indexed
10-25 21:40:24.502 17353 17390 I OVR_GlUtils: GL_OES_draw_buffers_indexed
10-25 21:40:24.502 17353 17390 I OVR_GlUtils: GL_EXT_texture_border_clamp
10-25 21:40:24.502 17353 17390 I OVR_GlUtils: GL_OES_texture_border_clamp
10-25 21:40:24.502 17353 17390 I OVR_GlUtils: GL_EXT_texture_cube_map_array
10-25 21:40:24.502 17353 17390 I OVR_GlUtils: GL_OES_texture_cube_map_array
10-25 21:40:24.502 17353 17390 I OVR_GlUtils: GL_OES_sample_variables
10-25 21:40:24.502 17353 17390 I OVR_GlUtils: GL_OES_sample_shading
10-25 21:40:24.502 17353 17390 I OVR_GlUtils: GL_OES_shader_multisample_interpolation
10-25 21:40:24.502 17353 17390 I OVR_GlUtils: GL_EXT_shader_io_blocks
10-25 21:40:24.502 17353 17390 I OVR_GlUtils: GL_OES_shader_io_blocks
10-25 21:40:24.502 17353 17390 I OVR_GlUtils: GL_EXT_tessellation_shader
10-25 21:40:24.502 17353 17390 I OVR_GlUtils: GL_OES_tessellation_shader
10-25 21:40:24.502 17353 17390 I OVR_GlUtils: GL_EXT_primitive_bounding_box
10-25 21:40:24.502 17353 17390 I OVR_GlUtils: GL_OES_primitive_bounding_box
10-25 21:40:24.502 17353 17390 I OVR_GlUtils: GL_EXT_geometry_shader
10-25 21:40:24.502 17353 17390 I OVR_GlUtils: GL_OES_geometry_shader
10-25 21:40:24.502 17353 17390 I OVR_GlUtils: GL_ANDROID_extension_pack_es31a
10-25 21:40:24.502 17353 17390 I OVR_GlUtils: GL_EXT_gpu_shader5
10-25 21:40:24.502 17353 17390 I OVR_GlUtils: GL_OES_gpu_shader5
10-25 21:40:24.502 17353 17390 I OVR_GlUtils: GL_EXT_texture_buffer
10-25 21:40:24.502 17353 17390 I OVR_GlUtils: GL_OES_texture_buffer
10-25 21:40:24.502 17353 17390 I OVR_GlUtils: GL_EXT_copy_image
10-25 21:40:24.502 17353 17390 I OVR_GlUtils: GL_OES_copy_image
10-25 21:40:24.502 17353 17390 I OVR_GlUtils: GL_EXT_color_buffer_half_float
10-25 21:40:24.502 17353 17390 I OVR_GlUtils: GL_EXT_color_buffer_float
10-25 21:40:24.502 17353 17390 I OVR_GlUtils: GL_OVR_multiview
10-25 21:40:24.502 17353 17390 I OVR_GlUtils: GL_OVR_multiview2
10-25 21:40:24.502 17353 17390 I OVR_GlUtils: GL_OVR_multiview_multisampled_render_to_texture
10-25 21:40:24.502 17353 17390 I OVR_GlUtils: es3 = TRUE
10-25 21:40:24.502 17353 17390 I OVR_GlUtils: Found: GL_EXT_discard_framebuffer
10-25 21:40:24.502 17353 17390 I OVR_GlUtils: Found: GL_EXT_multisampled_render_to_texture
10-25 21:40:24.502 17353 17390 I OVR_GlUtils: Found: GL_OES_vertex_array_object
10-25 21:40:24.502 17353 17390 I OVR_GlUtils: Not found: GL_QCOM_tiled_rendering
10-25 21:40:24.502 17353 17390 I OVR_GlUtils: Found: GL_EXT_disjoint_timer_query
10-25 21:40:24.502 17353 17390 I OVR_GlUtils: Found: GL_EXT_texture_sRGB_decode
10-25 21:40:24.502 17353 17390 I OVR_GlUtils: Not found: GL_EXT_texture_filter_anisotropic
10-25 21:40:24.502 17353 17390 I OVR_GlUtils: GL_MAX_TEXTURE_SIZE = 8192
10-25 21:40:24.502 17353 17390 I OVR_GlUtils: GL_MAX_VERTEX_UNIFORM_VECTORS = 1024
10-25 21:40:24.502 17353 17390 I OVR_GlUtils: GL_MAX_FRAGMENT_UNIFORM_VECTORS = 1024
10-25 21:40:24.512 3970 3998 V VRManagerServer: (VRManagerService.java:1760) QdBd [notifyDeviceEventChanged event=256(100)]
10-25 21:40:24.512 3970 3998 V VRManagerServer: (DeviceEventManager.java:67) wtkw [notifyTAEventChanged event=1]
10-25 21:40:24.512 16325 16325 V VRSVC : (HmtService.java:50) onStartCommand [onStartCommand() flags=0 startId=5 sys.hmt.connected=true]
10-25 21:40:24.512 16325 17241 V VRSVC : (HmtService.java:112) yTqX [onHandleIntent action=com.samsung.intent.action.HMT_TA_EVENT]
10-25 21:40:24.522 17353 17390 I EyePostRender: EyePostRender::Init()
10-25 21:40:24.522 17353 17390 D libGLESv2: DTS_GLAPI : DTS is not allowed for Package : com.samsung.android.hmt.vrsystem:permission
10-25 21:40:24.522 16325 17241 D VRSVC : (HmtService.java:190) yTqX [handleIntentTA type=1 docked=true]
10-25 21:40:24.522 16325 17241 V VRSVC : (HmtDeviceEventManager.java:109) wtkw [OnDeviceEvent onTAEvent start.]
10-25 21:40:24.522 16325 17244 V VRSVC : (TAEvent.java:67) QdBd [[TA] handleIntentTA type=1 sys.hmt.connected=true taAttachedMoreThanOnce=false]
10-25 21:40:24.522 16325 17242 D VRSVC : (LogEvent.java:121) wtkw [OnDeviceEvent onTAEvent type=1 topActivity=com.samsung.android.hmt.vrsystem/.permission.PermissionActivity hmtConnected=true]
10-25 21:40:24.522 17403 17403 D TimaKeyStoreProvider: TimaSignature is unavailable
10-25 21:40:24.522 17403 17403 D ActivityThread: Added TimaKeyStore provider
10-25 21:40:24.532 16325 17244 V VRSVC : (TAEvent.java:126) bcjL [[TA] TA was not connected. So ignore TADisconnected intent]
10-25 21:40:24.532 16325 17241 V VRSVC : (HmtDeviceEventManager.java:101) wtkw [OnDeviceEvent onTAEvent finished. elapsedTime=5]
10-25 21:40:24.532 17353 17390 I BitmapFont: FontName = efigs.fnt
10-25 21:40:24.532 17353 17390 I BitmapFont: CommandLine = OculusSans-Medium.otf efigs\efigs -co -0.01 -ts 1.0 -hpad 128 -vpad 128 -sdf 256 1024 1024 -cf ..\..\..\VrAppFramework\res\values\strings.xml -cf ..\..\..\VrAppFramework\res\values-de\strings.xml -cf ..\..\..\VrAppFramework\res\values-en-rGB\strings.xml -cf ..\..\..\VrAppFramework\res\values-es\strings.xml -cf ..\..\..\VrAppFramework\res\values-es-rES\strings.xml -cf ..\..\..\VrAppFramework\res\values-fr\strings.xml -cf ..\..\..\VrAppFramework\res\values-it\strings.xml -cf strings\values\strings.xml -cf strings\values-de\strings.xml -cf strings\values-en-rGB\strings.xml -cf strings\values-es\strings.xml -cf strings\values-es-rES\strings.xml -cf strings\values-fr\strings.xml -cf strings\values-it\strings.xml -cf EFIGS_extended.txt
10-25 21:40:24.532 17353 17390 I BitmapFont: HorizontalPad = 0.0156
10-25 21:40:24.532 17353 17390 I BitmapFont: VerticalPad = 0.0373
10-25 21:40:24.532 17353 17390 I BitmapFont: FontHeight = 0.0894
10-25 21:40:24.532 17353 17390 I BitmapFont: CenterOffset = -0.0100
10-25 21:40:24.532 17353 17390 I BitmapFont: TweakScale = 1.0000
10-25 21:40:24.532 17353 17390 I BitmapFont: ImageFileName = efigs_sdf.ktx
10-25 21:40:24.532 17353 17390 I BitmapFont: Loading 387 glyphs.
10-25 21:40:24.542 17403 17403 I InjectionManager: Inside getClassLibPath + mLibMap{0=, 1=}
10-25 21:40:24.542 17353 17390 I BitmapFont: FontInfo file Uri = apk://font/res/raw/efigs.fnt
10-25 21:40:24.542 17353 17390 I BitmapFont: FontInfo file path = /res/raw/efigs.fnt
10-25 21:40:24.542 17353 17390 I BitmapFont: image base name = efigs_sdf.ktx
10-25 21:40:24.542 17353 17390 I BitmapFont: FontInfo base path = /res/raw/
10-25 21:40:24.542 17353 17390 I BitmapFont: imagePath = /res/raw/efigs_sdf.ktx
10-25 21:40:24.542 17353 17390 I BitmapFont: imageUri = apk://font/res/raw/efigs_sdf.ktx
10-25 21:40:24.542 17403 17403 I InjectionManager: Inside getClassLibPath caller
10-25 21:40:24.542 17353 17390 I BitmapFont: BitmapFontLocal::LoadImageFromBuffer: success
10-25 21:40:24.542 17353 17390 I BitmapFont: BitmapFontSurfaceLocal::Init: success
10-25 21:40:24.542 17353 17390 I SystemActivities: Loading SystemActivitiesReceiver class
10-25 21:40:24.542 17353 17390 I SystemActivities: Loading SystemActivities class
10-25 21:40:24.542 17353 17390 D ProximityReceiver: Registering Oculus System Activity receiver
10-25 21:40:24.552 17353 17390 D HeadsetReceiver: startHeadsetReceiver: 0
10-25 21:40:24.552 17353 17390 I VrFrameBuilder: nativeHeadsetEvent(0)
10-25 21:40:24.552 17353 17390 D OvrConsole: !!#######!! Registering console receiver
10-25 21:40:24.552 17353 17390 I Console : Registered console function 'print'
10-25 21:40:24.552 17353 17390 I Console : Registered console function 'showFPS'
10-25 21:40:24.552 17353 17390 I App : 0xee184000 msg: VrThreadSynced
10-25 21:40:24.552 17353 17390 I App : 0xee184000 msg: intent
10-25 21:40:24.552 17353 17353 V VRSystem: at (VrViewActivity.java:67) onCreate() [appPtr=-300400640]
10-25 21:40:24.552 17403 17403 D ACRA : ACRA init; reportURL: https://www.facebook.com/mobile/generic_android_crash_logs/659091980805095
10-25 21:40:24.552 17403 17403 D ACRA : ACRA is enabled for com.facebook.appmanager, intializing...
10-25 21:40:24.562 17403 17403 V fb-UnpackingSoSource: locked dso store /data/user/0/com.facebook.appmanager/lib-main
10-25 21:40:24.562 17403 17403 I fb-UnpackingSoSource: dso store is up-to-date: /data/user/0/com.facebook.appmanager/lib-main
10-25 21:40:24.562 17403 17403 V fb-UnpackingSoSource: releasing dso store lock for /data/user/0/com.facebook.appmanager/lib-main
10-25 21:40:24.562 17353 17353 I VrView : postCreateSurfaceTexture id=99, width=1280, height=960
10-25 21:40:24.562 17353 17353 V VRSystem: at (PermissionActivity.java:143) onCreate() [vrMode=true]
10-25 21:40:24.562 17353 17353 D Activity: performCreate Call Injection manager
10-25 21:40:24.562 17353 17353 V VRSystem: at (VrViewActivity.java:76) onStart() [onStart appPtr=-300400640]
10-25 21:40:24.562 17353 17353 I InjectionManager: dispatchOnViewCreated > Target : com.samsung.android.hmt.vrsystem.permission.PermissionActivity isFragment :false
10-25 21:40:24.572 17353 17353 V VRSystem: at (PermissionActivity.java:152) onResume() [onResume]
10-25 21:40:24.572 17353 17353 V VRSystem: at (VrViewActivity.java:82) onResume() [onResume appPtr=-300400640]
10-25 21:40:24.572 17353 17353 I App_Android: 0xee184000 nativeResume
10-25 21:40:24.572 17353 17390 I App : 0xee184000 msg: resume
10-25 21:40:24.572 17378 17421 I System.out: (HTTPLog)-Static: isSBSettingEnabled false
10-25 21:40:24.572 17378 17421 I System.out: (HTTPLog)-Static: isSBSettingEnabled false
10-25 21:40:24.572 3110 3781 D EnterpriseController: netId is 0
10-25 21:40:24.572 3110 3781 D Netd : getNetworkForDns: using netid 502 for uid 10220
10-25 21:40:24.582 17353 17353 D ViewRootImpl: #1 mView = com.android.internal.policy.PhoneWindow$DecorView{bd9368 I.E...... R.....ID 0,0-0,0}
10-25 21:40:24.582 17378 17378 D InjectionManager: InjectionManager
10-25 21:40:24.582 17403 17403 W com.facebook.appmanager:co: Verify
10-25 21:40:24.582 17378 17378 D InjectionManager: fillFeatureStoreMap com.oculus.horizon
10-25 21:40:24.582 17378 17378 I InjectionManager: Constructor com.oculus.horizon, Feature store :{}
10-25 21:40:24.582 17378 17378 I InjectionManager: featureStore :{}
10-25 21:40:24.592 17403 17403 D InjectionManager: InjectionManager
10-25 21:40:24.592 17403 17403 D InjectionManager: fillFeatureStoreMap com.facebook.appmanager
10-25 21:40:24.592 17353 17429 D OpenGLRenderer: Use EGL_SWAP_BEHAVIOR_PRESERVED: true
10-25 21:40:24.592 17403 17403 I InjectionManager: Constructor com.facebook.appmanager, Feature store :{}
10-25 21:40:24.592 17403 17403 I InjectionManager: featureStore :{}
10-25 21:40:24.602 3520 4604 D ISSUE_DEBUG: InputChannelName : 183460a com.samsung.android.hmt.vrsystem/com.samsung.android.hmt.vrsystem.permission.PermissionActivity
10-25 21:40:24.602 3520 4167 D PackageManager: setEnabledSetting : userId = 0 packageName = com.oculus.horizon cmp = com.facebook.rti.push.service.FbnsService newState = 1 callingPackage = 10220
10-25 21:40:24.602 3520 5770 D ActivityManager: post active user change for 0 fullscreen true isFloatingActivity() false isHomeActivity() false
10-25 21:40:24.602 3520 5770 D KnoxTimeoutHandler: postActiveUserChange [MsgParam] userId: 0 fullscreen is true showWhenlocked is true
10-25 21:40:24.602 3520 3520 D KnoxTimeoutHandler: handleActiveUserChange [MsgParam] userId: 0 fullscreen is true showWhenlocked is true
10-25 21:40:24.602 3520 3520 I KnoxTimeoutHandler: Shared devices show user statefalse
10-25 21:40:24.612 17433 17433 E Zygote : v2
10-25 21:40:24.612 17433 17433 I SELinux : Function: selinux_compare_spd_ram, index[1], SPD-policy is existed. and_ver=SEPF_SECMOBILE_6.0.1 ver=11
10-25 21:40:24.612 17433 17433 W SELinux : Function: selinux_compare_spd_ram, index[1], priority [2], priority version is VE=SEPF_SECMOBILE_6.0.1_0013
10-25 21:40:24.612 17433 17433 E Zygote : accessInfo : 0
10-25 21:40:24.612 17433 17433 W SELinux : SELinux: seapp_context_lookup: seinfo=default, level=s0:c512,c768, pkgname=com.oculus.horizon:fbns
10-25 21:40:24.632 17353 17353 D LoggingService: Connected to logging service: ComponentInfo{com.oculus.horizon/com.oculus.horizon.service.SDKLoggingService}
10-25 21:40:24.632 17433 17433 D TimaKeyStoreProvider: TimaSignature is unavailable
10-25 21:40:24.632 17433 17433 D ActivityThread: Added TimaKeyStore provider
10-25 21:40:24.632 3099 3099 I SurfaceFlinger: id=870 createSurf (1x1),1 flag=4, QermissionA
10-25 21:40:24.632 3520 4604 D KnoxTimeoutHandler: notifyActivityDrawn [MsgParam] userId: 0 fullscreen is true showWhenlocked is true
10-25 21:40:24.632 3520 3520 D KnoxTimeoutHandler: activityDrawn [MsgParam] userId: 0 fullscreen is true showWhenlocked is true
10-25 21:40:24.632 3520 3520 I KnoxTimeoutHandler: SD activityfalse
10-25 21:40:24.642 4130 4130 D PhoneStatusBar: setSystemUiVisibility vis=8600 mask=ffffffff oldVal=8000 newVal=8600 diff=600
10-25 21:40:24.642 3520 4604 D InputDispatcher: Focus entered window: 17353
10-25 21:40:24.642 3520 4604 D KnoxTimeoutHandler: notifyActivityDrawn [MsgParam] userId: 0 fullscreen is true showWhenlocked is true
10-25 21:40:24.642 3520 3520 D KnoxTimeoutHandler: activityDrawn [MsgParam] userId: 0 fullscreen is true showWhenlocked is true
10-25 21:40:24.642 3520 3520 I KnoxTimeoutHandler: SD activityfalse
10-25 21:40:24.642 17433 17433 I InjectionManager: Inside getClassLibPath + mLibMap{0=, 1=}
10-25 21:40:24.642 3520 3598 D PointerIcon: setMouseIconStyle1 pointerType: 1001 iconType:101 flag:0 pid:3520 uid:1000
10-25 21:40:24.642 3520 3598 D PointerIcon: setMouseCustomIcon IconType is same.101
10-25 21:40:24.642 3520 3598 D PointerIcon: setHoveringSpenIconStyle1 pointerType: 10001 iconType:1 flag:0 pid:3520 uid:1000
10-25 21:40:24.642 3520 3598 D PointerIcon: setHoveringSpenCustomIcon IconType is same.1
10-25 21:40:24.652 17353 17429 D libEGL : eglInitialize EGLDisplay = 0xded937c4
10-25 21:40:24.652 17353 17429 I OpenGLRenderer: Initialized EGL, version 1.4
10-25 21:40:24.652 17353 17429 D : ro.exynos.dss isEnabled: 0
10-25 21:40:24.652 17433 17433 I InjectionManager: Inside getClassLibPath caller
10-25 21:40:24.652 17353 17429 D mali_winsys: new_window_surface returns 0x3000, [2560x1440]-format:1
10-25 21:40:24.652 3520 4018 D InputReader: sendBroadcastEvent 0 (vr proximity)
10-25 21:40:24.652 3520 4018 V InputManager: notifyVRProximityEventChanged event=0
10-25 21:40:24.652 3520 3598 V InputManager: sendVRProximityEventChanged event=0
10-25 21:40:24.652 3520 4017 I InputDispatcher: Delivering touch to (17353): action: 0x9, toolType: 3
10-25 21:40:24.652 3520 4017 I InputDispatcher: Delivering touch to (16325): action: 0xa, toolType: 3
10-25 21:40:24.662 3970 3999 V VRManagerServer: (VRManagerService.java:1760) QdBd [notifyDeviceEventChanged event=32(20)]
10-25 21:40:24.662 3099 3099 I SurfaceFlinger: id=871 createSurf (2560x1440),4 flag=404, TurfaceView
10-25 21:40:24.662 3970 3999 V VRManagerServer: (DeviceEventManager.java:59) yTqX [notifyProximityEventChanged mount=false]
10-25 21:40:24.662 17433 17433 V fb-UnpackingSoSource: locked dso store /data/user/0/com.oculus.horizon/lib-main
10-25 21:40:24.662 17433 17433 I fb-UnpackingSoSource: dso store is up-to-date: /data/user/0/com.oculus.horizon/lib-main
10-25 21:40:24.662 17433 17433 V fb-UnpackingSoSource: releasing dso store lock for /data/user/0/com.oculus.horizon/lib-main
10-25 21:40:24.662 3520 3543 D KnoxTimeoutHandler: notifyActivityDrawn [MsgParam] userId: 0 fullscreen is true showWhenlocked is true
10-25 21:40:24.662 3520 3520 D KnoxTimeoutHandler: activityDrawn [MsgParam] userId: 0 fullscreen is true showWhenlocked is true
10-25 21:40:24.662 16325 16325 V VRSVC : (HmtService.java:50) onStartCommand [onStartCommand() flags=0 startId=6 sys.hmt.connected=true]
10-25 21:40:24.662 16325 17241 V VRSVC : (HmtService.java:112) yTqX [onHandleIntent action=com.samsung.intent.action.HMT_MOUNT_EVENT]
10-25 21:40:24.662 3520 3520 I KnoxTimeoutHandler: SD activityfalse
10-25 21:40:24.662 17353 17353 D VrApp : com.oculus.vrappframework.VrApp@e11a381 surfaceCreated()
10-25 21:40:24.662 17353 17353 I App_Android: 0xee184000 nativeSurfaceCreated( 0xffdb4df0 )
10-25 21:40:24.662 17353 17353 I App_Android: pendingNativeWindow = ANativeWindow_fromSurface( jni, surface )
10-25 21:40:24.662 17353 17390 I App : 0xee184000 msg: surfaceCreated
10-25 21:40:24.662 17353 17390 I App_Android: AppLocal::CreateWindowSurface()
10-25 21:40:24.662 17353 17390 I App : VrAppInterface::Configure - default handler called
10-25 21:40:24.662 17353 17390 D mali_winsys: new_window_surface returns 0x3000, [2560x1440]-format:1
10-25 21:40:24.662 17353 17390 I App_Android: nativeWindow 0xf493d008 gives surface 0xeea03920
10-25 21:40:24.662 17353 17390 I App_Android: FramebufferIsSrgb: false
10-25 21:40:24.662 17353 17390 I App_Android: FramebufferIsProtected: false
10-25 21:40:24.662 17353 17390 I App : AppLocal::EnterVrMode()
10-25 21:40:24.662 17353 17390 I EyeBuffers: Reallocating buffers
10-25 21:40:24.662 17353 17390 I EyeBuffers: Allocate FBO: res=1024x1024 color=3 depth=2 ms=4
10-25 21:40:24.662 17353 17390 I Framebuffer: MSAA_RENDER_TO_TEXTURE
10-25 21:40:24.662 17353 17390 I Framebuffer: resolveDepth = false
10-25 21:40:24.672 16325 17241 V VRSVC : (HmtService.java:197) yTqX [handleIntentProximitySensor type=0 docked=true mounted=true sensorEvent=true]
10-25 21:40:24.672 16325 17241 V VRSVC : (HmtDeviceEventManager.java:109) wtkw [OnDeviceEvent onProximitySensorEvent start.]
10-25 21:40:24.672 16325 17245 D VRSVC : (LogEvent.java:126) yTqX [OnDeviceEvent onProximitySensorEvent type=0 hmtConnected=true]
10-25 21:40:24.672 16325 17241 V VRSVC : (HmtDeviceEventManager.java:101) wtkw [OnDeviceEvent onProximitySensorEvent finished. elapsedTime=1]
10-25 21:40:24.682 16325 17241 V VRSVC : (HmtDeviceEventManager.java:109) wtkw [OnDeviceEvent onPreUnMount start.]
10-25 21:40:24.682 16325 17244 D VRSVC : (LogEvent.java:89) bHGb [OnDeviceEvent onPreUnMount]
10-25 21:40:24.682 16325 17241 V VRSVC : (HmtDeviceEventManager.java:101) wtkw [OnDeviceEvent onPreUnMount finished. elapsedTime=0]
10-25 21:40:24.682 16325 17241 V VRSVC : (HmtDeviceEventManager.java:109) wtkw [OnDeviceEvent onUnMount start.]
10-25 21:40:24.682 16325 17244 V VRSVC : (ScreenEvent.java:143) AmLH [send lcd off message... by onUnmount timeout=10000]
10-25 21:40:24.682 16325 17245 V VRSVC : (WirelessChargeControlEvent.java:53) yTqX [enableWirelessCharge isSupportWirelessCharge=true]
10-25 21:40:24.682 16325 17242 V VRSVC : (HmtMountEvent.java:41) AmLH [onUnMount SystemProperties sys.hmt.mounted=false]
10-25 21:40:24.682 16325 16325 D VRSVC : (MonoScreenEvent.java:131) wtkw [cancelHideMonoForeground. canceled.]
10-25 21:40:24.682 16325 16325 D VRSVC : (MonoScreenEvent.java:134) yTqX [showMonoForeground animate=false]
10-25 21:40:24.692 16325 17243 D VRSVC : (LogEvent.java:95) AmLH [OnDeviceEvent onUnMount sensorEvent=true topActivity=com.samsung.android.hmt.vrsystem/.permission.PermissionActivity hmtConnected=true]
10-25 21:40:24.692 3970 3970 D VRManagerServer: (VRManagerService.java:375) onReceive [action=com.samsung.intent.action.HMT_MOUNT_STICKY_EVENT sticky=false]
10-25 21:40:24.692 3970 3970 V VRManagerServer: (VRManagerService.java:378) onReceive [mountState=0]
10-25 21:40:24.692 16325 16325 D ViewRootImpl: #1 mView = android.widget.FrameLayout{3eb5e8 V.E...... ......ID 0,0-0,0 #7f0b0031 app:id/mono_layout}
10-25 21:40:24.702 3520 4387 D PackageManager: setEnabledSetting : userId = 0 packageName = com.facebook.appmanager cmp = com.facebook.oxygen.appmanager.crashmanager.CrashManagerActivity newState = 2 callingPackage = 10128
10-25 21:40:24.702 17353 17390 I Framebuffer: MSAA_RENDER_TO_TEXTURE
10-25 21:40:24.702 17353 17390 I Framebuffer: resolveDepth = false
10-25 21:40:24.712 3520 4925 D ISSUE_DEBUG: InputChannelName : 404ff2d Mono foreground window
10-25 21:40:24.712 3099 3099 I SurfaceFlinger: id=872 createSurf (1x1),1 flag=404, Nono foregr
10-25 21:40:24.712 3520 4928 D PackageManager: setEnabledSetting : userId = 0 packageName = com.facebook.appmanager cmp = com.facebook.oxygen.appmanager.firstparty.tos.ShouldShowTos newState = 2 callingPackage = 10128
10-25 21:40:24.712 3520 4392 D KnoxTimeoutHandler: notifyActivityDrawn [MsgParam] userId: 0 fullscreen is true showWhenlocked is true
10-25 21:40:24.712 3520 3520 D KnoxTimeoutHandler: activityDrawn [MsgParam] userId: 0 fullscreen is true showWhenlocked is true
10-25 21:40:24.712 16325 17245 V VRSVC : (SamsungDiagnosticEvent.java:191) AmLH [SamsungDiagnostic onUnMount life=972 mountLifeSum=1477456823121 sensorEvent = true]
10-25 21:40:24.722 16325 17241 V VRSVC : (HmtDeviceEventManager.java:101) wtkw [OnDeviceEvent onUnMount finished. elapsedTime=32]
10-25 21:40:24.722 3520 3520 I KnoxTimeoutHandler: SD activityfalse
10-25 21:40:24.722 16325 17241 V VRSVC : (HmtDeviceEventManager.java:109) wtkw [OnDeviceEvent onPostUnMount start.]
10-25 21:40:24.722 16325 17243 D VRSVC : (LogEvent.java:100) vqCz [OnDeviceEvent onPostUnMount]
10-25 21:40:24.722 16325 17244 V VRSVC : (HmtMountEvent.java:49) vqCz [onPostUnMount sendHmtUnMountEvent]
10-25 21:40:24.722 16325 17244 V VRSVC : (HmtMountEvent.java:60) vqCz [onPostUnMount send proximity unmount to compatibility]
10-25 21:40:24.722 3520 3520 I AudioService: HMT unmount
10-25 21:40:24.722 16325 17241 V VRSVC : (HmtDeviceEventManager.java:101) wtkw [OnDeviceEvent onPostUnMount finished. elapsedTime=5]
10-25 21:40:24.722 3520 4604 D PackageManager: setEnabledSetting : userId = 0 packageName = com.facebook.appmanager cmp = com.facebook.oxygen.appmanager.nekodirect.NekoDirectService newState = 2 callingPackage = 10128
10-25 21:40:24.732 17353 17390 I VrApi : ---------- vrapi_EnterVrMode [start] ----------
10-25 21:40:24.732 17353 17390 D InputHooksJava: Enabling Java Input Hooks
10-25 21:40:24.732 17353 17390 I OVR : DeviceManagerThread::AddSelectFd 36 (Tid=0)
10-25 21:40:24.732 17353 17453 I OVR : DeviceManagerThread - running (Tid=0).
10-25 21:40:24.732 17353 17390 I OVR : OVR::DeviceManager - initialized.
10-25 21:40:24.732 3520 4392 D KnoxTimeoutHandler: notifyActivityDrawn [MsgParam] userId: 0 fullscreen is true showWhenlocked is true
10-25 21:40:24.732 3520 3520 D KnoxTimeoutHandler: activityDrawn [MsgParam] userId: 0 fullscreen is true showWhenlocked is true
10-25 21:40:24.732 3520 3520 I KnoxTimeoutHandler: SD activityfalse
10-25 21:40:24.732 16325 16402 D mali_winsys: new_window_surface returns 0x3000, [2560x1440]-format:1
10-25 21:40:24.732 3520 4645 D PackageManager: setEnabledSetting : userId = 0 packageName = com.facebook.appmanager cmp = com.facebook.oxygen.appmanager.nekodirect.progress.ProgressContentProvider newState = 2 callingPackage = 10128
10-25 21:40:24.742 16325 16325 D ViewRootImpl: MSG_RESIZED_REPORT: ci=Rect(0, 0 - 0, 0) vi=Rect(0, 0 - 0, 0) or=2
10-25 21:40:24.742 17455 17455 E Zygote : v2
10-25 21:40:24.742 17455 17455 I SELinux : Function: selinux_compare_spd_ram, index[1], SPD-policy is existed. and_ver=SEPF_SECMOBILE_6.0.1 ver=11
10-25 21:40:24.742 17455 17455 W SELinux : Function: selinux_compare_spd_ram, index[1], priority [2], priority version is VE=SEPF_SECMOBILE_6.0.1_0013
10-25 21:40:24.742 17455 17455 E Zygote : accessInfo : 0
10-25 21:40:24.742 17455 17455 W SELinux : SELinux: seapp_context_lookup: seinfo=default, level=s0:c512,c768, pkgname=com.oculus.home
10-25 21:40:24.762 3099 3099 D libEGL : eglInitialize EGLDisplay = 0x7fc6961138
10-25 21:40:24.762 3520 4167 V WindowStateAnimator: Finishing drawing window Window{404ff2d u0 d0 Mono foreground window}: mDrawState=DRAW_PENDING
10-25 21:40:24.762 3520 3598 D KnoxTimeoutHandler: notifyActivityDrawn [MsgParam] userId: 0 fullscreen is true showWhenlocked is true
10-25 21:40:24.762 3520 3520 D KnoxTimeoutHandler: activityDrawn [MsgParam] userId: 0 fullscreen is true showWhenlocked is true
10-25 21:40:24.762 3520 3520 I KnoxTimeoutHandler: SD activityfalse
10-25 21:40:24.772 17353 17453 I HmdSensors: HmdSensors::OnMessage: added Device_Sensor (tid=17453, cnt=1)
10-25 21:40:24.772 17353 17390 I HmdSensors: ovrHmdCap_UseHeadsetSensors
10-25 21:40:24.772 3520 3976 I Sensors : SigMotionSensor old sensor_state 16384, new sensor_state : 0 en : 0
10-25 21:40:24.772 17433 17433 W StaticBindingVerifier: Verify
10-25 21:40:24.772 3520 3976 I Sensors : SigMotionSensor::readEvents disable this sensor
10-25 21:40:24.782 17455 17455 D TimaKeyStoreProvider: TimaSignature is unavailable
10-25 21:40:24.782 4782 4782 D SensorManager: cancelTrigger ::
10-25 21:40:24.782 17455 17455 D ActivityThread: Added TimaKeyStore provider
10-25 21:40:24.782 3520 3598 D KnoxTimeoutHandler: notifyActivityDrawn [MsgParam] userId: 0 fullscreen is true showWhenlocked is true
10-25 21:40:24.782 3520 3520 D KnoxTimeoutHandler: activityDrawn [MsgParam] userId: 0 fullscreen is true showWhenlocked is true
10-25 21:40:24.782 3520 3520 I KnoxTimeoutHandler: SD activityfalse
10-25 21:40:24.802 17455 17455 I InjectionManager: Inside getClassLibPath + mLibMap{0=, 1=}
10-25 21:40:24.802 17455 17455 I InjectionManager: Inside getClassLibPath caller
10-25 21:40:24.802 17353 17453 I HmdSensors: HmdSensors::OnMessage: added Device_Sensor (tid=17453, cnt=2)
10-25 21:40:24.802 17353 17453 I OVR : PhoneSensors::PhoneSensors()
10-25 21:40:24.812 17353 17453 I OVR : OVR::Android::HIDDevice - Opened /dev/ovr0
10-25 21:40:24.812 17353 17453 I OVR : DeviceManagerThread::AddSelectFd 39 (Tid=17453)
10-25 21:40:24.822 17455 17455 V fb-UnpackingSoSource: locked dso store /data/user/0/com.oculus.home/lib-main
10-25 21:40:24.822 17455 17455 I fb-UnpackingSoSource: dso store is up-to-date: /data/user/0/com.oculus.home/lib-main
10-25 21:40:24.822 17455 17455 V fb-UnpackingSoSource: releasing dso store lock for /data/user/0/com.oculus.home/lib-main
10-25 21:40:24.832 17353 17453 I OVR : OVR::Android::HIDDevice - Opened:'vid=04e8:pid=a500:ser=R322XXU0AOJ1' Manufacturer:'sec_hmt' Product:'Gear VR' Serial#:'R322XXU0AOJ1' Version:'0000'
10-25 21:40:24.832 17353 17453 I OVR : OVR::SensorDeviceImpl::openDevice - with serial code '523030323430473248414430'.
10-25 21:40:24.842 17353 17453 I OVR : OVR::SensorDevice initialized.
