10-25 21:40:25.412 4371 4383 D PeopleNotiListenerService: onEdgeNotificationRemoved() : pkg com.oculus.horizon,id=362699928,extra=Bundle[mParcelledData.dataSize=84]
10-25 21:40:25.412 4371 4371 D PeopleNotiListenerService: removeEdgeNotification:Bundle[{samsung.notification.id=362699928, samsung.notification.type=normal, samsung.people.package_name=com.oculus.horizon}]
10-25 21:40:25.412 4371 4371 I PeopleStripeService: PeopleNotificationReceiver:3
10-25 21:40:25.412 4371 4371 I PeopleStripeService: sendEdgeNotification peopleEnabled true lightingEnabled false edgeEnabled true
10-25 21:40:25.412 4371 4371 I PeopleDataManager: removeNotification
10-25 21:40:25.412 4371 4371 I NotificationParser: getNotiType:com.oculus.horizon,null
10-25 21:40:25.412 4371 4371 D PeopleDataManager: removeNotiInfo: id =362699928,packageName=com.oculus.horizon,isEdgeNotification=false,key=null,removeAll=false
10-25 21:40:25.412 4371 4371 D PeopleDataManager: removeNotiInfo =null
10-25 21:40:25.412 17353 17353 W Bundle : Attempt to cast generated internal exception:
10-25 21:40:25.412 17353 17353 W Bundle : java.lang.ClassCastException: java.lang.String cannot be cast to java.lang.CharSequence[]
10-25 21:40:25.412 17353 17353 W Bundle : at android.os.BaseBundle.getCharSequenceArray(BaseBundle.java:1297)
10-25 21:40:25.412 17353 17353 W Bundle : at android.os.Bundle.getCharSequenceArray(Bundle.java:992)
10-25 21:40:25.412 17353 17353 W Bundle : at android.content.Intent.getCharSequenceArrayExtra(Intent.java:6435)
10-25 21:40:25.412 17353 17353 W Bundle : at qj.nTMC(PermissionActivity.java:343)
10-25 21:40:25.412 17353 17353 W Bundle : at qj.onCreate(PermissionActivity.java:280)
10-25 21:40:25.412 17353 17353 W Bundle : at android.app.Dialog.dispatchOnCreate(Dialog.java:578)
10-25 21:40:25.412 17353 17353 W Bundle : at android.app.Dialog.show(Dialog.java:314)
10-25 21:40:25.412 17353 17353 W Bundle : at android.app.Presentation.show(Presentation.java:249)
10-25 21:40:25.412 17353 17353 W Bundle : at com.samsung.android.hmt.vrsystem.permission.PermissionActivity.onSurfaceCreated(PermissionActivity.java:114)
10-25 21:40:25.412 17353 17353 W Bundle : at qp.run(VrViewActivity.java:271)
10-25 21:40:25.412 17353 17353 W Bundle : at android.os.Handler.handleCallback(Handler.java:739)
10-25 21:40:25.412 17353 17353 W Bundle : at android.os.Handler.dispatchMessage(Handler.java:95)
10-25 21:40:25.412 17353 17353 W Bundle : at android.os.Looper.loop(Looper.java:158)
10-25 21:40:25.412 17353 17353 W Bundle : at android.app.ActivityThread.main(ActivityThread.java:7229)
10-25 21:40:25.412 17353 17353 W Bundle : at java.lang.reflect.Method.invoke(Native Method)
10-25 21:40:25.412 17353 17353 W Bundle : at com.android.internal.os.ZygoteInit$MethodAndArgsCaller.run(ZygoteInit.java:1230)
10-25 21:40:25.412 17353 17353 W Bundle : at com.android.internal.os.ZygoteInit.main(ZygoteInit.java:1120)
10-25 21:40:25.422 17353 17353 V VRSystem: at (PermissionActivity.java:319) bcjL() [showNextPermissionGroupGrantRequest() groupCount=1]
10-25 21:40:25.422 17353 17353 V VRSystem: at (PermissionActivity.java:328) bcjL() [showNextPermissionGroupGrantRequest() true currentIndex=0]
10-25 21:40:25.422 3520 3520 D KnoxTimeoutHandler: notifyActivityDrawn [MsgParam] userId: 0 fullscreen is true showWhenlocked is true
10-25 21:40:25.422 17353 17353 D ViewRootImpl: #1 mView = com.android.internal.policy.PhoneWindow$DecorView{dfd61a6 V.E...... R.....I. 0,0-0,0}
10-25 21:40:25.422 3520 3520 D KnoxTimeoutHandler: notifyActivityDrawn [MsgParam] userId: 0 fullscreen is true showWhenlocked is true
10-25 21:40:25.422 3520 3520 I SecExternalDisplayIntents_Java: Intent Recieved .. -com.samsung.intent.action.SEC_PRESENTATION_STARTBroadCast Map value - 24
10-25 21:40:25.422 3520 4925 D ISSUE_DEBUG: InputChannelName : e855007 com.samsung.android.hmt.vrsystem/com.samsung.android.hmt.vrsystem.permission.PermissionActivity
10-25 21:40:25.432 17353 17353 I Vsync : Choreographer doFrame callback delayed by 7.0 milliseconds
10-25 21:40:25.432 17353 17353 I Vsync : Vsync 4971725: Choreographer: 9 x 16.89 ms (60.04 Hz, at 84266.522)
10-25 21:40:25.442 3520 3520 D KnoxTimeoutHandler: activityDrawn [MsgParam] userId: 0 fullscreen is true showWhenlocked is true
10-25 21:40:25.442 3520 3520 I KnoxTimeoutHandler: SD activityfalse
10-25 21:40:25.442 3520 3520 D KnoxTimeoutHandler: activityDrawn [MsgParam] userId: 0 fullscreen is true showWhenlocked is true
10-25 21:40:25.442 3520 3520 I KnoxTimeoutHandler: SD activityfalse
10-25 21:40:25.442 3172 3172 D AT_Distributor: Send Msg [UART > ATD] 1 bytes <>
10-25 21:40:25.462 3099 3099 I SurfaceFlinger: id=873 createSurf (257x257),1 flag=4, QermissionA
10-25 21:40:25.462 3520 4533 D KnoxTimeoutHandler: notifyActivityDrawn [MsgParam] userId: 0 fullscreen is true showWhenlocked is true
10-25 21:40:25.462 3520 3520 D KnoxTimeoutHandler: activityDrawn [MsgParam] userId: 0 fullscreen is true showWhenlocked is true
10-25 21:40:25.462 3520 3520 I KnoxTimeoutHandler: SD activityfalse
10-25 21:40:25.472 3520 4018 D InputReader: sendBroadcastEvent 1 (vr proximity)
10-25 21:40:25.472 3520 4018 V InputManager: notifyVRProximityEventChanged event=1
10-25 21:40:25.472 3520 4533 D KnoxTimeoutHandler: notifyActivityDrawn [MsgParam] userId: 0 fullscreen is true showWhenlocked is true
10-25 21:40:25.472 3520 3520 D KnoxTimeoutHandler: activityDrawn [MsgParam] userId: 0 fullscreen is true showWhenlocked is true
10-25 21:40:25.482 3520 3520 I KnoxTimeoutHandler: SD activityfalse
10-25 21:40:25.482 17353 17429 D mali_winsys: new_window_surface returns 0x3000, [1536x1216]-format:1
10-25 21:40:25.482 3520 3598 V InputManager: sendVRProximityEventChanged event=1
10-25 21:40:25.482 3970 3998 V VRManagerServer: (VRManagerService.java:1760) QdBd [notifyDeviceEventChanged event=16(10)]
10-25 21:40:25.482 3970 3998 V VRManagerServer: (DeviceEventManager.java:59) yTqX [notifyProximityEventChanged mount=true]
10-25 21:40:25.482 3520 3520 D EdgeLight: Turning off
10-25 21:40:25.482 16325 16325 V VRSVC : (HmtService.java:50) onStartCommand [onStartCommand() flags=0 startId=7 sys.hmt.connected=true]
10-25 21:40:25.482 16325 17241 V VRSVC : (HmtService.java:112) yTqX [onHandleIntent action=com.samsung.intent.action.HMT_MOUNT_EVENT]
10-25 21:40:25.492 3520 4064 D ApplicationPolicy: isStatusBarNotificationAllowedAsUser: packageName = android,userId = -1
10-25 21:40:25.502 4371 9312 D PeopleNotiListenerService: onEdgeNotificationRemoved() : pkg android,id=0,extra=Bundle[mParcelledData.dataSize=112]
10-25 21:40:25.502 4371 4371 D PeopleNotiListenerService: removeEdgeNotification:Bundle[{samsung.notification.id=0, samsung.people.package_name=android, samsung.people.notification_type=led_indicator}]
10-25 21:40:25.502 17268 17279 D CatchNotificationsService: onNotificationRemoved
10-25 21:40:25.502 4371 4371 I PeopleStripeService: PeopleNotificationReceiver:3
10-25 21:40:25.502 4371 4371 I PeopleStripeService: sendEdgeNotification peopleEnabled true lightingEnabled false edgeEnabled true
10-25 21:40:25.502 4371 4371 I PeopleDataManager: removeNotification
10-25 21:40:25.502 4371 4371 I NotificationParser: getNotiType:android,led_indicator
10-25 21:40:25.502 17268 17279 D CatchNotificationsService: Notification removed
10-25 21:40:25.502 4371 4371 D PeopleDataManager: removeNotiInfo: id =0,packageName=android,isEdgeNotification=true,key=null,removeAll=false
10-25 21:40:25.502 4371 4371 D PeopleDataManager: removeNotiInfo =null
10-25 21:40:25.502 4130 4130 D PhoneStatusBar: removeNotification key=-1|android|998563545|null|1000 old=StatusBarNotification(pkg=android user=UserHandle{-1} id=998563545 tag=null score=-20 key=-1|android|998563545|null|1000: Notification(pri=-2 contentView=android/0x10900a3 vibrate=null sound=null defaults=0x0 flags=0x2 color=0x00000000 vis=PUBLIC secFlags=0x0 secPriority=0))
10-25 21:40:25.502 4130 4130 D PhoneStatusBar: setAreThereNotifications: N=3 any=true clearable=true
10-25 21:40:25.502 4371 9312 D PeopleNotiListenerService: onEdgeNotificationRemoved() : pkg android,id=998563545,extra=Bundle[mParcelledData.dataSize=84]
10-25 21:40:25.502 4371 4371 D PeopleNotiListenerService: removeEdgeNotification:Bundle[{samsung.notification.id=998563545, samsung.notification.type=normal, samsung.people.package_name=android}]
10-25 21:40:25.502 4371 4371 I PeopleStripeService: PeopleNotificationReceiver:3
10-25 21:40:25.502 4371 4371 I PeopleStripeService: sendEdgeNotification peopleEnabled true lightingEnabled false edgeEnabled true
10-25 21:40:25.502 4371 4371 I PeopleDataManager: removeNotification
10-25 21:40:25.502 4371 4371 I NotificationParser: getNotiType:android,null
10-25 21:40:25.502 4371 4371 D PeopleDataManager: removeNotiInfo: id =998563545,packageName=android,isEdgeNotification=false,key=null,removeAll=false
10-25 21:40:25.502 4371 4371 D PeopleDataManager: removeNotiInfo =null
10-25 21:40:25.502 16325 16336 V VRSVC : (NotificationListener.java:35) onNotificationRemoved [android_Notification(pri=-2 contentView=null vibrate=null sound=null defaults=0x0 flags=0x2 color=0x00000000 vis=PUBLIC secFlags=0x0 secPriority=0)_998563545]
10-25 21:40:25.502 17353 17353 V VRSystem: at (VrViewActivity.java:230) dispatchGenericMotionEvent() [dispatchGenericMotionEvent event=MotionEvent { action=ACTION_HOVER_MOVE, actionButton=0, id[0]=0, x[0]=1407.0, y[0]=1101.0, toolType[0]=TOOL_TYPE_MOUSE, buttonState=0, metaState=0, flags=0x1, edgeFlags=0x0, pointerCount=1, historySize=0, eventTime=84266560, downTime=0, deviceId=47, source=0x2002 }]
10-25 21:40:25.502 17353 17353 I Vsync : Choreographer doFrame callback delayed by 14.5 milliseconds
10-25 21:40:25.502 17353 17353 I Vsync : Vsync 4971729: Choreographer: 4 x 17.57 ms (60.04 Hz, at 84266.600)
10-25 21:40:25.512 16325 17241 V VRSVC : (HmtService.java:197) yTqX [handleIntentProximitySensor type=1 docked=true mounted=false sensorEvent=true]
10-25 21:40:25.512 16325 16325 D VRSVC : (NotificationControlEvent.java:100) onReceive [intent action=com.samsung.android.hmt.action.NOTIFICATION]
10-25 21:40:25.512 16325 17241 V VRSVC : (HmtDeviceEventManager.java:109) wtkw [OnDeviceEvent onProximitySensorEvent start.]
10-25 21:40:25.512 16325 16325 D VRSVC : (NotificationControlEvent.java:126) yTqX [handleIntentNotification() packageName=android notificationType=1 packageName=android]
10-25 21:40:25.512 17353 17429 D libGLESv1: DTS_GLAPI : DTS is not allowed for Package : com.samsung.android.hmt.vrsystem:permission
10-25 21:40:25.512 16325 17245 D VRSVC : (LogEvent.java:126) yTqX [OnDeviceEvent onProximitySensorEvent type=1 hmtConnected=true]
10-25 21:40:25.512 16325 16325 D VRSVC : (NotificationControlEvent.java:190) QdBd [notification updated]
10-25 21:40:25.512 16325 17241 V VRSVC : (HmtDeviceEventManager.java:101) wtkw [OnDeviceEvent onProximitySensorEvent finished. elapsedTime=0]
10-25 21:40:25.512 16325 16325 V VRSVC : (NotificationControlEvent.java:211) yTqX [sound=null]
10-25 21:40:25.512 16325 16325 V VRSVC : (NotificationControlEvent.java:220) wtkw [vibrate=null]
10-25 21:40:25.512 16325 16325 V VRSVC : (NotificationControlEvent.java:150) yTqX [handleIntentNotification() isSystemNoti=true isNotiUpdated=true isTickerText=false pri=-2 isIncludeSound=false isInclueVibrate=false]
10-25 21:40:25.522 16325 17241 V VRSVC : (HmtDeviceEventManager.java:109) wtkw [OnDeviceEvent onPreMount start.]
10-25 21:40:25.522 16325 17242 D VRSVC : (LogEvent.java:74) snDW [OnDeviceEvent onPreMount]
10-25 21:40:25.522 16325 17243 V VRSVC : (HmtMountEvent.java:24) snDW [onPreMount SystemProperties sys.hmt.mounted=true]
10-25 21:40:25.522 16325 17241 V VRSVC : (HmtDeviceEventManager.java:101) wtkw [OnDeviceEvent onPreMount finished. elapsedTime=4]
10-25 21:40:25.522 3970 3970 D VRManagerServer: (VRManagerService.java:375) onReceive [action=com.samsung.intent.action.HMT_MOUNT_STICKY_EVENT sticky=false]
10-25 21:40:25.522 16325 17241 V VRSVC : (HmtDeviceEventManager.java:109) wtkw [OnDeviceEvent onMount start.]
10-25 21:40:25.522 3970 3970 V VRManagerServer: (VRManagerService.java:378) onReceive [mountState=1]
10-25 21:40:25.522 16325 17244 D VRSVC : (LogEvent.java:79) ZzLN [OnDeviceEvent onMount hmtConnected=true]
10-25 21:40:25.522 16325 17245 V VRSVC : (ScreenEvent.java:131) ZzLN [wakeup! onMount]
10-25 21:40:25.522 16325 17242 V VRSVC : (WirelessChargeControlEvent.java:65) wtkw [disableWirelessCharge isSupportWirelessCharge=true]
10-25 21:40:25.522 16325 16325 D VRSVC : (MonoScreenEvent.java:115) wtkw [cancelHideMonoForeground. canceled.]
10-25 21:40:25.522 16325 17259 V VRSVC : (SoundUtil.java:86) run [play() await....]
10-25 21:40:25.522 16325 17259 V VRSVC : (SoundUtil.java:94) run [play() mLoadedSound=1]
10-25 21:40:25.522 16325 16325 D VRSVC : (MonoScreenEvent.java:116) yTqX [dismissMonoForegroundDelayed delayMillis=500 animate=true]
10-25 21:40:25.532 16325 17245 V VRSVC : (ScreenEvent.java:135) ZzLN [remove lcd off message...]
10-25 21:40:25.532 4523 4523 I CocktailBarUiController: onUpdateCocktail: 4
10-25 21:40:25.532 4523 4523 I CocktailBarPanelManager: updatePanelItem: updateContainedPanel - 4
10-25 21:40:25.532 4523 4523 D CatchNotificationsView: setData
10-25 21:40:25.532 4523 4523 D CatchNotificationsView: Notification removed
10-25 21:40:25.532 4523 4523 D CatchNotificationsView: No notifications left to remove
10-25 21:40:25.532 4523 4523 D CatchNotificationsView: makeNoNotificationsPanel
10-25 21:40:25.532 17353 17390 I VrApi : ovr_HandleHmdEvents: HMT was mounted
10-25 21:40:25.542 16325 17259 W AudioTrack: AUDIO_OUTPUT_FLAG_FAST denied by client; transfer 4, track 44100 Hz, output 48000 Hz
10-25 21:40:25.542 4523 4523 D PanelDescriptionView: updateHelpView: Apps edge2130903045 --> 2130903045 helpview reapplied:1
10-25 21:40:25.542 4130 4130 D KnoxNotification: ----- inflateViews : modified publicViewLocal -----
10-25 21:40:25.542 4523 4523 D CocktailBarUiController: postUpdatePanel: 257
10-25 21:40:25.552 3520 3542 V WindowStateAnimator: Finishing drawing window Window{e855007 u0 d2 com.samsung.android.hmt.vrsystem/com.samsung.android.hmt.vrsystem.permission.PermissionActivity}: mDrawState=DRAW_PENDING
10-25 21:40:25.552 16325 17296 D VRSVC_log: GetFeatureReport [10][0]
10-25 21:40:25.552 17353 17353 D ViewRootImpl: MSG_RESIZED_REPORT: ci=Rect(0, 0 - 0, 0) vi=Rect(0, 0 - 0, 0) or=2
10-25 21:40:25.552 16325 17296 D VRSVC_log: nativeGetUn: GetFeatureReport ret is 64
10-25 21:40:25.552 17353 17353 I Vsync : Choreographer doFrame callback delayed by 7.5 milliseconds
10-25 21:40:25.552 17353 17353 I Vsync : Vsync 4971732: Choreographer: 3 x 16.47 ms (60.13 Hz, at 84266.642)
10-25 21:40:25.552 16325 17296 D VRSVC_log: mUN : R00240G2HAD0
10-25 21:40:25.552 16325 17296 D VRSVC_log: UTF8 WARNING: NewStringUTF input is R00240G2HAD0
10-25 21:40:25.552 16325 17243 V VRSVC : (SSRMDisableControlEvent.java:92) wtkw [ssrmStatus=0]
10-25 21:40:25.552 3520 3598 D KnoxTimeoutHandler: notifyActivityDrawn [MsgParam] userId: 0 fullscreen is true showWhenlocked is true
10-25 21:40:25.552 3520 3520 D KnoxTimeoutHandler: activityDrawn [MsgParam] userId: 0 fullscreen is true showWhenlocked is true
10-25 21:40:25.552 16325 17241 V VRSVC : (HmtDeviceEventManager.java:101) wtkw [OnDeviceEvent onMount finished. elapsedTime=26]
10-25 21:40:25.552 16325 17241 V VRSVC : (HmtDeviceEventManager.java:109) wtkw [OnDeviceEvent onPostMount start.]
10-25 21:40:25.552 16325 17242 D VRSVC : (LogEvent.java:84) IOpR [OnDeviceEvent onPostMount]
10-25 21:40:25.552 16325 17245 V VRSVC : (HmtMountEvent.java:31) IOpR [onPostMount sendHmtMountEvent]
10-25 21:40:25.552 16325 17244 V VRSVC : (TouchControlEvent.java:81) wtkw [setTouchControl value=0]
10-25 21:40:25.552 4130 4130 D KnoxNotification: ----- inflateViews : modified KnoxViewLocal -----
10-25 21:40:25.552 16325 17245 V VRSVC : (HmtMountEvent.java:34) IOpR [onPostMount send proximity mount to compatibility]
10-25 21:40:25.552 3126 19918 W AudioPolicyIntefaceImpl: Skipped to add effects on session 517
10-25 21:40:25.552 3126 19918 I APM::AudioPolicyManager: startOutput() output 4, stream 3, session 517
10-25 21:40:25.562 3099 3099 D libEGL : eglInitialize EGLDisplay = 0x7fc6961138
10-25 21:40:25.562 3520 3520 I KnoxTimeoutHandler: SD activityfalse
10-25 21:40:25.562 17268 17279 D CatchNotificationsService: onNotificationPosted
10-25 21:40:25.562 4130 4130 D PhoneStatusBar: setAreThereNotifications: N=4 any=true clearable=true
10-25 21:40:25.562 17353 17390 I App : AppLocal::RecenterYaw
10-25 21:40:25.562 17353 17390 I GuiSys : ResetMenuOrientation -> 'Volume'
10-25 21:40:25.562 17353 17390 I VRMenu : ResetMenuOrientation for 'Volume'
10-25 21:40:25.572 3520 3520 I AudioService: HMT mount!
10-25 21:40:25.572 3520 3598 D KnoxTimeoutHandler: notifyActivityDrawn [MsgParam] userId: 0 fullscreen is true showWhenlocked is true
10-25 21:40:25.572 3126 3796 D audio_hw_primary: out_set_parameters: enter: kvpairs: routing=2
10-25 21:40:25.572 3126 3796 I audio_hw_primary: out_set_parameters adev->out_device:2
10-25 21:40:25.572 3126 3796 V audio_hw_primary: select_devices output_scenario:0 input_scenario:-1 out_snd_device 0x2 in_snd_device:0x0
10-25 21:40:25.572 3126 3796 I audio_hw_primary: select_devices - do not update mixer_path
10-25 21:40:25.572 3126 3796 D AudioFlinger: setCurDevice() 0x2
10-25 21:40:25.572 3520 3520 D KnoxTimeoutHandler: activityDrawn [MsgParam] userId: 0 fullscreen is true showWhenlocked is true
10-25 21:40:25.572 17353 17514 W TimeWarp: VSync 4971734: eye=1,late=0.0ms,over=0.0ms,CPU=0.6ms,GPU>=7.7
10-25 21:40:25.582 3099 3099 D libEGL : eglInitialize EGLDisplay = 0x7fc6961138
10-25 21:40:25.582 3520 3542 V WindowStateAnimator: Finishing drawing window Window{e855007 u0 d2 com.samsung.android.hmt.vrsystem/com.samsung.android.hmt.vrsystem.permission.PermissionActivity}: mDrawState=HAS_DRAWN
10-25 21:40:25.582 16325 17241 V VRSVC : (HmtDeviceEventManager.java:101) wtkw [OnDeviceEvent onPostMount finished. elapsedTime=30]
10-25 21:40:25.582 3126 3796 I AudioMixer: create resampler src 44100, 2, dst 48000, 2
10-25 21:40:25.582 3126 3796 D SoundAliveResampler: [SoundAliveResampler] Init+++
10-25 21:40:25.582 17353 17353 I Vsync : Choreographer doFrame callback delayed by 8.7 milliseconds
10-25 21:40:25.582 17353 17353 I Vsync : Vsync 4971734: Choreographer: 2 x 16.41 ms (60.23 Hz, at 84266.676)
10-25 21:40:25.582 3520 3520 I KnoxTimeoutHandler: SD activityfalse
10-25 21:40:25.582 17353 17390 V VRSystem: at (VrViewActivity.java:243) setTouchConfiguration() [setTouchConfiguration id=99 shouldCapture=true px=689 py=308]
10-25 21:40:25.582 17353 17390 D libEGL : eglInitialize EGLDisplay = 0xf32be574
10-25 21:40:25.592 16325 17296 V VRSVC : (HmtSensorEvent.java:209) MFdC [getSerial() uuid=R00240G2HAD0 uuidOnPhone=R00240G2HAD0]
10-25 21:40:25.592 16325 17296 V VRSVC : (HmtSensorEvent.java:216) MFdC [Already have same UUID uuidOnPhone=R00240G2HAD0 serial=RFAGC07MZVB]
10-25 21:40:25.592 17353 17353 I Vsync : Vsync 4971735: Choreographer: 1 x 16.22 ms (60.23 Hz, at 84266.684)
10-25 21:40:25.592 17228 17240 D BadgeProvider: query, [selection] : null
10-25 21:40:25.602 17353 17390 V VRSystem: at (VrViewActivity.java:243) setTouchConfiguration() [setTouchConfiguration id=99 shouldCapture=true px=671 py=317]
10-25 21:40:25.602 17353 17390 D libEGL : eglInitialize EGLDisplay = 0xf32be574
10-25 21:40:25.612 17268 17279 E CatchNotificationsService: Invalid notification data
10-25 21:40:25.612 17353 17390 V VRSystem: at (VrViewActivity.java:243) setTouchConfiguration() [setTouchConfiguration id=99 shouldCapture=true px=658 py=327]
10-25 21:40:25.622 3126 3796 D AudioFlinger: mixer(0xede40000) throttle end: throttle time(11)
10-25 21:40:25.632 17353 17390 V VRSystem: at (VrViewActivity.java:243) setTouchConfiguration() [setTouchConfiguration id=99 shouldCapture=true px=647 py=337]
10-25 21:40:25.652 17353 17390 V VRSystem: at (VrViewActivity.java:243) setTouchConfiguration() [setTouchConfiguration id=99 shouldCapture=true px=636 py=345]
10-25 21:40:25.662 17353 17390 V VRSystem: at (VrViewActivity.java:243) setTouchConfiguration() [setTouchConfiguration id=99 shouldCapture=true px=635 py=350]
10-25 21:40:25.682 17353 17390 V VRSystem: at (VrViewActivity.java:243) setTouchConfiguration() [setTouchConfiguration id=99 shouldCapture=true px=642 py=352]
10-25 21:40:25.702 17353 17390 V VRSystem: at (VrViewActivity.java:243) setTouchConfiguration() [setTouchConfiguration id=99 shouldCapture=true px=644 py=349]
10-25 21:40:25.712 17353 17390 V VRSystem: at (VrViewActivity.java:243) setTouchConfiguration() [setTouchConfiguration id=99 shouldCapture=true px=651 py=331]
10-25 21:40:25.732 17353 17390 V VRSystem: at (VrViewActivity.java:243) setTouchConfiguration() [setTouchConfiguration id=99 shouldCapture=true px=659 py=300]
10-25 21:40:25.742 3520 3598 D KnoxTimeoutHandler: notifyActivityDrawn [MsgParam] userId: 0 fullscreen is true showWhenlocked is true
10-25 21:40:25.742 3520 3520 D KnoxTimeoutHandler: activityDrawn [MsgParam] userId: 0 fullscreen is true showWhenlocked is true
10-25 21:40:25.742 3520 3520 I KnoxTimeoutHandler: SD activityfalse
10-25 21:40:25.752 17353 17390 V VRSystem: at (VrViewActivity.java:243) setTouchConfiguration() [setTouchConfiguration id=99 shouldCapture=true px=665 py=262]
10-25 21:40:25.762 17353 17390 V VRSystem: at (VrViewActivity.java:243) setTouchConfiguration() [setTouchConfiguration id=99 shouldCapture=true px=676 py=220]
10-25 21:40:25.782 17353 17390 V VRSystem: at (VrViewActivity.java:243) setTouchConfiguration() [setTouchConfiguration id=99 shouldCapture=true px=689 py=193]
10-25 21:40:25.802 17353 17390 V VRSystem: at (VrViewActivity.java:243) setTouchConfiguration() [setTouchConfiguration id=99 shouldCapture=true px=700 py=180]
10-25 21:40:25.802 17353 17453 I OVR : DeviceManagerThread - event 39 (0Hz) (Tid=17453)
10-25 21:40:25.812 17353 17390 V VRSystem: at (VrViewActivity.java:243) setTouchConfiguration() [setTouchConfiguration id=99 shouldCapture=true px=708 py=184]
10-25 21:40:25.832 17353 17390 V VRSystem: at (VrViewActivity.java:243) setTouchConfiguration() [setTouchConfiguration id=99 shouldCapture=true px=716 py=190]
10-25 21:40:25.852 17353 17390 V VRSystem: at (VrViewActivity.java:243) setTouchConfiguration() [setTouchConfiguration id=99 shouldCapture=true px=722 py=205]
10-25 21:40:25.862 17353 17390 V VRSystem: at (VrViewActivity.java:243) setTouchConfiguration() [setTouchConfiguration id=99 shouldCapture=true px=731 py=209]
10-25 21:40:25.882 17353 17390 V VRSystem: at (VrViewActivity.java:243) setTouchConfiguration() [setTouchConfiguration id=99 shouldCapture=true px=738 py=203]
10-25 21:40:25.902 17353 17390 V VRSystem: at (VrViewActivity.java:243) setTouchConfiguration() [setTouchConfiguration id=99 shouldCapture=true px=734 py=191]
10-25 21:40:25.912 17353 17390 V VRSystem: at (VrViewActivity.java:243) setTouchConfiguration() [setTouchConfiguration id=99 shouldCapture=true px=722 py=189]
10-25 21:40:25.932 17353 17390 V VRSystem: at (VrViewActivity.java:243) setTouchConfiguration() [setTouchConfiguration id=99 shouldCapture=true px=714 py=177]
10-25 21:40:25.952 17353 17390 V VRSystem: at (VrViewActivity.java:243) setTouchConfiguration() [setTouchConfiguration id=99 shouldCapture=true px=723 py=184]
10-25 21:40:25.962 17353 17390 V VRSystem: at (VrViewActivity.java:243) setTouchConfiguration() [setTouchConfiguration id=99 shouldCapture=true px=737 py=187]
10-25 21:40:25.982 17353 17390 V VRSystem: at (VrViewActivity.java:243) setTouchConfiguration() [setTouchConfiguration id=99 shouldCapture=true px=735 py=159]
10-25 21:40:25.992 17353 17521 I VrApi : FPS=0,Prd=0ms,Tear=0,Early=0,Stale=0,VSnc=0,Lat=0,CPU4/GPU=2/2,800/420MHz,OC=FF,TA=F0/F0/F0/0,SP=F/F/F/N,Mem=1264MHz,Free=1442MB,PSM=0,PLS=0,Temp=26.3C/26.0C
10-25 21:40:26.002 17353 17390 V VRSystem: at (VrViewActivity.java:243) setTouchConfiguration() [setTouchConfiguration id=99 shouldCapture=true px=726 py=146]
10-25 21:40:26.012 17353 17390 V VRSystem: at (VrViewActivity.java:243) setTouchConfiguration() [setTouchConfiguration id=99 shouldCapture=true px=722 py=144]
10-25 21:40:26.022 16325 16325 D VRSVC : (MonoManager.java:37) wtkw [dismissMonoForeground]
10-25 21:40:26.032 17353 17390 V VRSystem: at (VrViewActivity.java:243) setTouchConfiguration() [setTouchConfiguration id=99 shouldCapture=true px=725 py=142]
10-25 21:40:26.042 3520 4850 D KnoxTimeoutHandler: notifyActivityDrawn [MsgParam] userId: 0 fullscreen is true showWhenlocked is true
10-25 21:40:26.042 3520 3520 D KnoxTimeoutHandler: activityDrawn [MsgParam] userId: 0 fullscreen is true showWhenlocked is true
10-25 21:40:26.042 3520 3520 I KnoxTimeoutHandler: SD activityfalse
10-25 21:40:26.052 17353 17390 V VRSystem: at (VrViewActivity.java:243) setTouchConfiguration() [setTouchConfiguration id=99 shouldCapture=true px=729 py=131]
10-25 21:40:26.052 16325 16325 D ViewRootImpl: #3 mView = null
10-25 21:40:26.062 3520 4041 D KnoxTimeoutHandler: notifyActivityDrawn [MsgParam] userId: 0 fullscreen is true showWhenlocked is true
10-25 21:40:26.062 3520 3520 D KnoxTimeoutHandler: activityDrawn [MsgParam] userId: 0 fullscreen is true showWhenlocked is true
10-25 21:40:26.062 3520 3520 I KnoxTimeoutHandler: SD activityfalse
10-25 21:40:26.062 17353 17390 V VRSystem: at (VrViewActivity.java:243) setTouchConfiguration() [setTouchConfiguration id=99 shouldCapture=true px=739 py=127]
10-25 21:40:26.082 17353 17390 V VRSystem: at (VrViewActivity.java:243) setTouchConfiguration() [setTouchConfiguration id=99 shouldCapture=true px=740 py=122]
10-25 21:40:26.092 17353 17390 V VRSystem: at (VrViewActivity.java:243) setTouchConfiguration() [setTouchConfiguration id=99 shouldCapture=true px=742 py=121]
10-25 21:40:26.112 17353 17390 V VRSystem: at (VrViewActivity.java:243) setTouchConfiguration() [setTouchConfiguration id=99 shouldCapture=true px=746 py=109]
10-25 21:40:26.132 17353 17390 V VRSystem: at (VrViewActivity.java:243) setTouchConfiguration() [setTouchConfiguration id=99 shouldCapture=true px=747 py=105]
10-25 21:40:26.142 17353 17390 V VRSystem: at (VrViewActivity.java:243) setTouchConfiguration() [setTouchConfiguration id=99 shouldCapture=true px=746 py=105]
10-25 21:40:26.162 17353 17390 V VRSystem: at (VrViewActivity.java:243) setTouchConfiguration() [setTouchConfiguration id=99 shouldCapture=true px=738 py=101]
10-25 21:40:26.182 17353 17390 V VRSystem: at (VrViewActivity.java:243) setTouchConfiguration() [setTouchConfiguration id=99 shouldCapture=true px=723 py=99]
10-25 21:40:26.192 3126 3677 I APM::AudioPolicyManager: stopOutput() output 4, stream 3, session 517
10-25 21:40:26.192 17353 17390 V VRSystem: at (VrViewActivity.java:243) setTouchConfiguration() [setTouchConfiguration id=99 shouldCapture=true px=720 py=79]
10-25 21:40:26.212 17353 17390 V VRSystem: at (VrViewActivity.java:243) setTouchConfiguration() [setTouchConfiguration id=99 shouldCapture=true px=720 py=74]
10-25 21:40:26.232 17353 17390 V VRSystem: at (VrViewActivity.java:243) setTouchConfiguration() [setTouchConfiguration id=99 shouldCapture=true px=720 py=66]
10-25 21:40:26.242 17353 17390 V VRSystem: at (VrViewActivity.java:243) setTouchConfiguration() [setTouchConfiguration id=99 shouldCapture=true px=717 py=63]
10-25 21:40:26.262 17353 17390 V VRSystem: at (VrViewActivity.java:243) setTouchConfiguration() [setTouchConfiguration id=99 shouldCapture=true px=710 py=62]
10-25 21:40:26.282 17353 17390 V VRSystem: at (VrViewActivity.java:243) setTouchConfiguration() [setTouchConfiguration id=99 shouldCapture=true px=705 py=62]
10-25 21:40:26.292 17353 17390 V VRSystem: at (VrViewActivity.java:243) setTouchConfiguration() [setTouchConfiguration id=99 shouldCapture=true px=706 py=63]
10-25 21:40:26.312 17353 17390 V VRSystem: at (VrViewActivity.java:243) setTouchConfiguration() [setTouchConfiguration id=99 shouldCapture=true px=709 py=60]
10-25 21:40:26.322 3520 3598 D KnoxTimeoutHandler: notifyActivityDrawn [MsgParam] userId: 0 fullscreen is true showWhenlocked is true
10-25 21:40:26.322 3520 3520 D KnoxTimeoutHandler: activityDrawn [MsgParam] userId: 0 fullscreen is true showWhenlocked is true
10-25 21:40:26.322 3099 4094 I SurfaceFlinger: id=858 Removed Nono foregr (12/23)
10-25 21:40:26.322 3520 3520 I KnoxTimeoutHandler: SD activityfalse
10-25 21:40:26.322 3099 4094 I SurfaceFlinger: id=858 Removed Nono foregr (-2/23)
10-25 21:40:26.332 17353 17390 V VRSystem: at (VrViewActivity.java:243) setTouchConfiguration() [setTouchConfiguration id=99 shouldCapture=true px=716 py=51]
10-25 21:40:26.332 3520 3598 D KnoxTimeoutHandler: notifyActivityDrawn [MsgParam] userId: 0 fullscreen is true showWhenlocked is true
10-25 21:40:26.332 3520 3520 D KnoxTimeoutHandler: activityDrawn [MsgParam] userId: 0 fullscreen is true showWhenlocked is true
10-25 21:40:26.332 3520 3520 I KnoxTimeoutHandler: SD activityfalse
10-25 21:40:26.342 3099 3099 D libEGL : eglTerminate EGLDisplay = 0x7fc6961268
10-25 21:40:26.342 17353 17390 V VRSystem: at (VrViewActivity.java:243) setTouchConfiguration() [setTouchConfiguration id=99 shouldCapture=true px=726 py=44]
10-25 21:40:26.362 17353 17390 V VRSystem: at (VrViewActivity.java:243) setTouchConfiguration() [setTouchConfiguration id=99 shouldCapture=true px=736 py=37]
10-25 21:40:26.382 17353 17390 V VRSystem: at (VrViewActivity.java:243) setTouchConfiguration() [setTouchConfiguration id=99 shouldCapture=true px=743 py=40]
10-25 21:40:26.392 17353 17390 V VRSystem: at (VrViewActivity.java:243) setTouchConfiguration() [setTouchConfiguration id=99 shouldCapture=true px=747 py=44]
10-25 21:40:26.412 17353 17390 V VRSystem: at (VrViewActivity.java:243) setTouchConfiguration() [setTouchConfiguration id=99 shouldCapture=true px=747 py=54]
10-25 21:40:26.432 17353 17390 V VRSystem: at (VrViewActivity.java:243) setTouchConfiguration() [setTouchConfiguration id=99 shouldCapture=true px=748 py=67]
10-25 21:40:26.442 17353 17390 V VRSystem: at (VrViewActivity.java:243) setTouchConfiguration() [setTouchConfiguration id=99 shouldCapture=true px=748 py=75]
10-25 21:40:26.462 17353 17390 V VRSystem: at (VrViewActivity.java:243) setTouchConfiguration() [setTouchConfiguration id=99 shouldCapture=true px=749 py=79]
10-25 21:40:26.482 17353 17390 V VRSystem: at (VrViewActivity.java:243) setTouchConfiguration() [setTouchConfiguration id=99 shouldCapture=true px=752 py=80]
10-25 21:40:26.492 17353 17390 V VRSystem: at (VrViewActivity.java:243) setTouchConfiguration() [setTouchConfiguration id=99 shouldCapture=true px=755 py=81]
10-25 21:40:26.512 17353 17390 V VRSystem: at (VrViewActivity.java:243) setTouchConfiguration() [setTouchConfiguration id=99 shouldCapture=true px=756 py=89]
10-25 21:40:26.532 17353 17390 V VRSystem: at (VrViewActivity.java:243) setTouchConfiguration() [setTouchConfiguration id=99 shouldCapture=true px=757 py=98]
10-25 21:40:26.542 17353 17390 V VRSystem: at (VrViewActivity.java:243) setTouchConfiguration() [setTouchConfiguration id=99 shouldCapture=true px=757 py=105]
10-25 21:40:26.562 17353 17390 V VRSystem: at (VrViewActivity.java:243) setTouchConfiguration() [setTouchConfiguration id=99 shouldCapture=true px=759 py=114]
10-25 21:40:26.582 17353 17390 V VRSystem: at (VrViewActivity.java:243) setTouchConfiguration() [setTouchConfiguration id=99 shouldCapture=true px=761 py=113]
10-25 21:40:26.592 17353 17390 V VRSystem: at (VrViewActivity.java:243) setTouchConfiguration() [setTouchConfiguration id=99 shouldCapture=true px=759 py=109]
10-25 21:40:26.612 17353 17390 V VRSystem: at (VrViewActivity.java:243) setTouchConfiguration() [setTouchConfiguration id=99 shouldCapture=true px=758 py=106]
10-25 21:40:26.632 17353 17390 V VRSystem: at (VrViewActivity.java:243) setTouchConfiguration() [setTouchConfiguration id=99 shouldCapture=true px=757 py=100]
10-25 21:40:26.642 17353 17390 V VRSystem: at (VrViewActivity.java:243) setTouchConfiguration() [setTouchConfiguration id=99 shouldCapture=true px=757 py=101]
10-25 21:40:26.662 17353 17390 V VRSystem: at (VrViewActivity.java:243) setTouchConfiguration() [setTouchConfiguration id=99 shouldCapture=true px=757 py=103]
10-25 21:40:26.682 17353 17390 V VRSystem: at (VrViewActivity.java:243) setTouchConfiguration() [setTouchConfiguration id=99 shouldCapture=true px=754 py=105]
10-25 21:40:26.692 17353 17390 V VRSystem: at (VrViewActivity.java:243) setTouchConfiguration() [setTouchConfiguration id=99 shouldCapture=true px=751 py=106]
10-25 21:40:26.712 17353 17390 V VRSystem: at (VrViewActivity.java:243) setTouchConfiguration() [setTouchConfiguration id=99 shouldCapture=true px=748 py=107]
10-25 21:40:26.732 17353 17390 V VRSystem: at (VrViewActivity.java:243) setTouchConfiguration() [setTouchConfiguration id=99 shouldCapture=true px=747 py=108]
10-25 21:40:26.742 17353 17390 V VRSystem: at (VrViewActivity.java:243) setTouchConfiguration() [setTouchConfiguration id=99 shouldCapture=true px=745 py=109]
10-25 21:40:26.762 17353 17390 V VRSystem: at (VrViewActivity.java:243) setTouchConfiguration() [setTouchConfiguration id=99 shouldCapture=true px=743 py=110]
10-25 21:40:26.782 17353 17390 V VRSystem: at (VrViewActivity.java:243) setTouchConfiguration() [setTouchConfiguration id=99 shouldCapture=true px=742 py=112]
10-25 21:40:26.792 17353 17390 V VRSystem: at (VrViewActivity.java:243) setTouchConfiguration() [setTouchConfiguration id=99 shouldCapture=true px=738 py=116]
10-25 21:40:26.802 17353 17453 I OVR : DeviceManagerThread - event 39 (500Hz) (Tid=17453)
10-25 21:40:26.812 17353 17390 V VRSystem: at (VrViewActivity.java:243) setTouchConfiguration() [setTouchConfiguration id=99 shouldCapture=true px=735 py=123]
10-25 21:40:26.822 3520 4096 W System.err: remove failed: ENOENT (No such file or directory) : /data/system/recent_tasks/713_task.xml.bak
10-25 21:40:26.822 17353 17390 V VRSystem: at (VrViewActivity.java:243) setTouchConfiguration() [setTouchConfiguration id=99 shouldCapture=true px=733 py=133]
10-25 21:40:26.842 17353 17390 V VRSystem: at (VrViewActivity.java:243) setTouchConfiguration() [setTouchConfiguration id=99 shouldCapture=true px=733 py=145]
10-25 21:40:26.862 17353 17390 V VRSystem: at (VrViewActivity.java:243) setTouchConfiguration() [setTouchConfiguration id=99 shouldCapture=true px=730 py=157]
10-25 21:40:26.872 17353 17390 V VRSystem: at (VrViewActivity.java:243) setTouchConfiguration() [setTouchConfiguration id=99 shouldCapture=true px=727 py=165]
10-25 21:40:26.892 17353 17390 V VRSystem: at (VrViewActivity.java:243) setTouchConfiguration() [setTouchConfiguration id=99 shouldCapture=true px=724 py=172]
10-25 21:40:26.912 17353 17390 V VRSystem: at (VrViewActivity.java:243) setTouchConfiguration() [setTouchConfiguration id=99 shouldCapture=true px=719 py=179]
10-25 21:40:26.922 17353 17390 V VRSystem: at (VrViewActivity.java:243) setTouchConfiguration() [setTouchConfiguration id=99 shouldCapture=true px=713 py=184]
10-25 21:40:26.942 17353 17390 V VRSystem: at (VrViewActivity.java:243) setTouchConfiguration() [setTouchConfiguration id=99 shouldCapture=true px=709 py=186]
10-25 21:40:26.962 17353 17390 V VRSystem: at (VrViewActivity.java:243) setTouchConfiguration() [setTouchConfiguration id=99 shouldCapture=true px=707 py=186]
10-25 21:40:26.972 17353 17390 V VRSystem: at (VrViewActivity.java:243) setTouchConfiguration() [setTouchConfiguration id=99 shouldCapture=true px=704 py=190]
10-25 21:40:26.982 17353 17521 I VrApi : FPS=39,Prd=30ms,Tear=3,Early=0,Stale=13,VSnc=1,Lat=0,CPU4/GPU=2/2,800/420MHz,OC=FF,TA=F0/F0/F0/0,SP=F/F/F/N,Mem=1026MHz,Free=1442MB,PSM=0,PLS=0,Temp=26.3C/26.0C
10-25 21:40:26.992 17353 17390 V VRSystem: at (VrViewActivity.java:243) setTouchConfiguration() [setTouchConfiguration id=99 shouldCapture=true px=701 py=198]
10-25 21:40:27.012 17353 17390 V VRSystem: at (VrViewActivity.java:243) setTouchConfiguration() [setTouchConfiguration id=99 shouldCapture=true px=699 py=204]
10-25 21:40:27.022 17353 17390 V VRSystem: at (VrViewActivity.java:243) setTouchConfiguration() [setTouchConfiguration id=99 shouldCapture=true px=699 py=207]
10-25 21:40:27.042 17353 17390 V VRSystem: at (VrViewActivity.java:243) setTouchConfiguration() [setTouchConfiguration id=99 shouldCapture=true px=700 py=205]
10-25 21:40:27.052 3099 3099 D libEGL : eglInitialize EGLDisplay = 0x7fc6961138
10-25 21:40:27.072 17353 17390 V VRSystem: at (VrViewActivity.java:243) setTouchConfiguration() [setTouchConfiguration id=99 shouldCapture=true px=700 py=206]
10-25 21:40:27.092 17353 17390 V VRSystem: at (VrViewActivity.java:243) setTouchConfiguration() [setTouchConfiguration id=99 shouldCapture=true px=699 py=207]
10-25 21:40:27.112 17353 17390 V VRSystem: at (VrViewActivity.java:243) setTouchConfiguration() [setTouchConfiguration id=99 shouldCapture=true px=699 py=208]
10-25 21:40:27.122 17353 17390 V VRSystem: at (VrViewActivity.java:243) setTouchConfiguration() [setTouchConfiguration id=99 shouldCapture=true px=698 py=209]
10-25 21:40:27.142 17353 17390 V VRSystem: at (VrViewActivity.java:243) setTouchConfiguration() [setTouchConfiguration id=99 shouldCapture=true px=698 py=210]
10-25 21:40:27.162 17353 17390 V VRSystem: at (VrViewActivity.java:243) setTouchConfiguration() [setTouchConfiguration id=99 shouldCapture=true px=698 py=211]
10-25 21:40:27.192 17353 17390 V VRSystem: at (VrViewActivity.java:243) setTouchConfiguration() [setTouchConfiguration id=99 shouldCapture=true px=697 py=213]
10-25 21:40:27.212 17353 17390 V VRSystem: at (VrViewActivity.java:243) setTouchConfiguration() [setTouchConfiguration id=99 shouldCapture=true px=696 py=214]
10-25 21:40:27.242 17353 17390 V VRSystem: at (VrViewActivity.java:243) setTouchConfiguration() [setTouchConfiguration id=99 shouldCapture=true px=696 py=215]
10-25 21:40:27.262 17353 17390 V VRSystem: at (VrViewActivity.java:243) setTouchConfiguration() [setTouchConfiguration id=99 shouldCapture=true px=697 py=216]
10-25 21:40:27.272 17353 17390 V VRSystem: at (VrViewActivity.java:243) setTouchConfiguration() [setTouchConfiguration id=99 shouldCapture=true px=698 py=220]
10-25 21:40:27.292 17353 17390 V VRSystem: at (VrViewActivity.java:243) setTouchConfiguration() [setTouchConfiguration id=99 shouldCapture=true px=701 py=225]
10-25 21:40:27.312 17353 17390 V VRSystem: at (VrViewActivity.java:243) setTouchConfiguration() [setTouchConfiguration id=99 shouldCapture=true px=706 py=231]
10-25 21:40:27.322 17353 17390 V VRSystem: at (VrViewActivity.java:243) setTouchConfiguration() [setTouchConfiguration id=99 shouldCapture=true px=711 py=236]
10-25 21:40:27.342 17353 17390 V VRSystem: at (VrViewActivity.java:243) setTouchConfiguration() [setTouchConfiguration id=99 shouldCapture=true px=715 py=241]
10-25 21:40:27.362 17353 17390 V VRSystem: at (VrViewActivity.java:243) setTouchConfiguration() [setTouchConfiguration id=99 shouldCapture=true px=722 py=249]
10-25 21:40:27.372 17353 17390 V VRSystem: at (VrViewActivity.java:243) setTouchConfiguration() [setTouchConfiguration id=99 shouldCapture=true px=732 py=260]
10-25 21:40:27.392 17353 17390 V VRSystem: at (VrViewActivity.java:243) setTouchConfiguration() [setTouchConfiguration id=99 shouldCapture=true px=743 py=273]
10-25 21:40:27.412 17353 17390 V VRSystem: at (VrViewActivity.java:243) setTouchConfiguration() [setTouchConfiguration id=99 shouldCapture=true px=757 py=288]
10-25 21:40:27.422 17353 17390 V VRSystem: at (VrViewActivity.java:243) setTouchConfiguration() [setTouchConfiguration id=99 shouldCapture=true px=772 py=305]
10-25 21:40:27.442 17353 17390 V VRSystem: at (VrViewActivity.java:243) setTouchConfiguration() [setTouchConfiguration id=99 shouldCapture=true px=788 py=328]
10-25 21:40:27.462 17353 17390 V VRSystem: at (VrViewActivity.java:243) setTouchConfiguration() [setTouchConfiguration id=99 shouldCapture=true px=800 py=362]
10-25 21:40:27.472 17353 17390 V VRSystem: at (VrViewActivity.java:243) setTouchConfiguration() [setTouchConfiguration id=99 shouldCapture=true px=820 py=389]
10-25 21:40:27.492 17353 17390 V VRSystem: at (VrViewActivity.java:243) setTouchConfiguration() [setTouchConfiguration id=99 shouldCapture=true px=844 py=405]
10-25 21:40:27.502 17353 17390 V VRSystem: at (VrViewActivity.java:243) setTouchConfiguration() [setTouchConfiguration id=99 shouldCapture=true px=866 py=427]
10-25 21:40:27.522 17353 17390 V VRSystem: at (VrViewActivity.java:243) setTouchConfiguration() [setTouchConfiguration id=99 shouldCapture=true px=880 py=452]
10-25 21:40:27.542 17353 17390 V VRSystem: at (VrViewActivity.java:243) setTouchConfiguration() [setTouchConfiguration id=99 shouldCapture=true px=906 py=473]
10-25 21:40:27.552 17353 17390 V VRSystem: at (VrViewActivity.java:243) setTouchConfiguration() [setTouchConfiguration id=99 shouldCapture=true px=935 py=506]
10-25 21:40:27.572 17353 17390 V VRSystem: at (VrViewActivity.java:243) setTouchConfiguration() [setTouchConfiguration id=99 shouldCapture=true px=963 py=540]
10-25 21:40:27.592 17353 17390 V VRSystem: at (VrViewActivity.java:243) setTouchConfiguration() [setTouchConfiguration id=99 shouldCapture=true px=989 py=564]
10-25 21:40:27.602 17353 17390 V VRSystem: at (VrViewActivity.java:243) setTouchConfiguration() [setTouchConfiguration id=99 shouldCapture=true px=1016 py=584]
10-25 21:40:27.622 17353 17390 V VRSystem: at (VrViewActivity.java:243) setTouchConfiguration() [setTouchConfiguration id=99 shouldCapture=true px=1040 py=607]
10-25 21:40:27.642 17353 17390 V VRSystem: at (VrViewActivity.java:243) setTouchConfiguration() [setTouchConfiguration id=99 shouldCapture=true px=1064 py=630]
10-25 21:40:27.652 17353 17390 V VRSystem: at (VrViewActivity.java:243) setTouchConfiguration() [setTouchConfiguration id=99 shouldCapture=true px=1082 py=651]
10-25 21:40:27.672 17353 17390 V VRSystem: at (VrViewActivity.java:243) setTouchConfiguration() [setTouchConfiguration id=99 shouldCapture=true px=1098 py=669]
10-25 21:40:27.692 17353 17390 V VRSystem: at (VrViewActivity.java:243) setTouchConfiguration() [setTouchConfiguration id=99 shouldCapture=true px=1114 py=686]
10-25 21:40:27.702 17353 17390 V VRSystem: at (VrViewActivity.java:243) setTouchConfiguration() [setTouchConfiguration id=99 shouldCapture=true px=1124 py=704]
10-25 21:40:27.722 17353 17390 V VRSystem: at (VrViewActivity.java:243) setTouchConfiguration() [setTouchConfiguration id=99 shouldCapture=true px=1129 py=722]
10-25 21:40:27.742 17353 17390 V VRSystem: at (VrViewActivity.java:243) setTouchConfiguration() [setTouchConfiguration id=99 shouldCapture=true px=1133 py=742]
10-25 21:40:27.752 17353 17390 V VRSystem: at (VrViewActivity.java:243) setTouchConfiguration() [setTouchConfiguration id=99 shouldCapture=true px=1137 py=766]
10-25 21:40:27.772 17353 17390 V VRSystem: at (VrViewActivity.java:243) setTouchConfiguration() [setTouchConfiguration id=99 shouldCapture=true px=1142 py=792]
10-25 21:40:27.792 17353 17390 V VRSystem: at (VrViewActivity.java:243) setTouchConfiguration() [setTouchConfiguration id=99 shouldCapture=true px=1146 py=819]
10-25 21:40:27.802 17353 17453 I OVR : DeviceManagerThread - event 39 (500Hz) (Tid=17453)
10-25 21:40:27.802 3135 3181 D Sensorhubs: readContextData: 1, 1, 26, 1, 1, 0, -64, 69, 1, 1
10-25 21:40:27.802 3520 4008 D SensorHubManager: onGetSensorHubDataLocked: library(10) = 1, 1, 26, 1, 1, 0, -64, 69, 1, 1
10-25 21:40:27.802 17353 17390 V VRSystem: at (VrViewActivity.java:243) setTouchConfiguration() [setTouchConfiguration id=99 shouldCapture=true px=1149 py=844]
10-25 21:40:27.802 3520 4007 D CAE : onGetSensorHubData(SensorHubParserProvider.java:92) - onGetSensorHubData Event [event buffer len :10], AP_WAKEUP
10-25 21:40:27.802 3520 4007 I CAE : parse(SensorHubParserProvider.java:188) - buffer size = 10
10-25 21:40:27.802 3520 4007 I CAE : parse(SensorHubParserProvider.java:199) - 1, 1, 26, 1, 1, 0, -64, 69, 1, 1,
10-25 21:40:27.802 3520 4007 D CAE : display(ContextProvider.java:375) - ================= ACTIVITY_TRACKER =================
10-25 21:40:27.812 3520 4007 I CAE : display(ContextProvider.java:391) - Accuracy=[1], OperationMode=[0], ActivityType=[1], TimeStamp=[1477456826437]
10-25 21:40:27.812 3520 4010 D SContextService: updateSContext() : event = Activity Tracker
10-25 21:40:27.822 17353 17390 V VRSystem: at (VrViewActivity.java:243) setTouchConfiguration() [setTouchConfiguration id=99 shouldCapture=true px=1143 py=866]
10-25 21:40:27.842 17353 17390 V VRSystem: at (VrViewActivity.java:243) setTouchConfiguration() [setTouchConfiguration id=99 shouldCapture=true px=1146 py=870]
10-25 21:40:27.852 17353 17390 V VRSystem: at (VrViewActivity.java:243) setTouchConfiguration() [setTouchConfiguration id=99 shouldCapture=true px=1144 py=867]
10-25 21:40:27.872 17353 17390 V VRSystem: at (VrViewActivity.java:243) setTouchConfiguration() [setTouchConfiguration id=99 shouldCapture=true px=1141 py=855]
10-25 21:40:27.892 17353 17390 V VRSystem: at (VrViewActivity.java:243) setTouchConfiguration() [setTouchConfiguration id=99 shouldCapture=true px=1138 py=854]
10-25 21:40:27.902 17353 17390 V VRSystem: at (VrViewActivity.java:243) setTouchConfiguration() [setTouchConfiguration id=99 shouldCapture=true px=1131 py=848]
10-25 21:40:27.922 17353 17390 V VRSystem: at (VrViewActivity.java:243) setTouchConfiguration() [setTouchConfiguration id=99 shouldCapture=true px=1123 py=841]
10-25 21:40:27.942 17353 17390 V VRSystem: at (VrViewActivity.java:243) setTouchConfiguration() [setTouchConfiguration id=99 shouldCapture=true px=1118 py=832]
10-25 21:40:27.952 17353 17390 V VRSystem: at (VrViewActivity.java:243) setTouchConfiguration() [setTouchConfiguration id=99 shouldCapture=true px=1113 py=825]
10-25 21:40:27.972 17353 17390 V VRSystem: at (VrViewActivity.java:243) setTouchConfiguration() [setTouchConfiguration id=99 shouldCapture=true px=1106 py=821]
10-25 21:40:27.982 17353 17521 I VrApi : FPS=60,Prd=34ms,Tear=0,Early=0,Stale=0,VSnc=1,Lat=0,CPU4/GPU=2/2,800/420MHz,OC=FF,TA=F0/F0/F0/0,SP=F/F/F/N,Mem=1026MHz,Free=1441MB,PSM=0,PLS=0,Temp=26.3C/26.0C
10-25 21:40:27.992 17353 17390 V VRSystem: at (VrViewActivity.java:243) setTouchConfiguration() [setTouchConfiguration id=99 shouldCapture=true px=1102 py=821]
10-25 21:40:28.002 17353 17390 V VRSystem: at (VrViewActivity.java:243) setTouchConfiguration() [setTouchConfiguration id=99 shouldCapture=true px=1097 py=818]
10-25 21:40:28.022 17353 17390 V VRSystem: at (VrViewActivity.java:243) setTouchConfiguration() [setTouchConfiguration id=99 shouldCapture=true px=1092 py=814]
10-25 21:40:28.022 16325 16325 V VRSVC : (KeyguardControlEvent.java:52) handleMessage [handleMessage() what:0]
10-25 21:40:28.032 16325 16325 V VRSVC : (KeyguardDisableManager.java:55) QdBd [disableKeyguard]
10-25 21:40:28.032 4130 32252 D KeyguardViewMediator: setKeyguardEnabled(false)
10-25 21:40:28.042 17353 17390 V VRSystem: at (VrViewActivity.java:243) setTouchConfiguration() [setTouchConfiguration id=99 shouldCapture=true px=1090 py=809]
10-25 21:40:28.052 17353 17390 V VRSystem: at (VrViewActivity.java:243) setTouchConfiguration() [setTouchConfiguration id=99 shouldCapture=true px=1087 py=806]
10-25 21:40:28.072 17353 17390 V VRSystem: at (VrViewActivity.java:243) setTouchConfiguration() [setTouchConfiguration id=99 shouldCapture=true px=1086 py=805]
10-25 21:40:28.082 3520 3598 D KnoxTimeoutHandler: notifyActivityDrawn [MsgParam] userId: 0 fullscreen is true showWhenlocked is true
10-25 21:40:28.082 3520 3520 D KnoxTimeoutHandler: activityDrawn [MsgParam] userId: 0 fullscreen is true showWhenlocked is true
10-25 21:40:28.092 17353 17390 V VRSystem: at (VrViewActivity.java:243) setTouchConfiguration() [setTouchConfiguration id=99 shouldCapture=true px=1087 py=806]
10-25 21:40:28.092 3099 3289 I SurfaceFlinger: id=872 Removed Nono foregr (12/22)
10-25 21:40:28.092 3520 3520 I KnoxTimeoutHandler: SD activityfalse
10-25 21:40:28.092 3099 4021 I SurfaceFlinger: id=872 Removed Nono foregr (-2/22)
10-25 21:40:28.092 3520 3598 D KnoxTimeoutHandler: notifyActivityDrawn [MsgParam] userId: 0 fullscreen is true showWhenlocked is true
10-25 21:40:28.092 3520 3520 D KnoxTimeoutHandler: activityDrawn [MsgParam] userId: 0 fullscreen is true showWhenlocked is true
10-25 21:40:28.092 3520 3520 I KnoxTimeoutHandler: SD activityfalse
10-25 21:40:28.092 3099 3099 D libEGL : eglTerminate EGLDisplay = 0x7fc6961268
10-25 21:40:28.102 17353 17390 V VRSystem: at (VrViewActivity.java:243) setTouchConfiguration() [setTouchConfiguration id=99 shouldCapture=true px=1086 py=805]
10-25 21:40:28.122 17353 17390 V VRSystem: at (VrViewActivity.java:243) setTouchConfiguration() [setTouchConfiguration id=99 shouldCapture=true px=1085 py=803]
10-25 21:40:28.152 17353 17390 V VRSystem: at (VrViewActivity.java:243) setTouchConfiguration() [setTouchConfiguration id=99 shouldCapture=true px=1085 py=804]
10-25 21:40:28.172 17353 17390 V VRSystem: at (VrViewActivity.java:243) setTouchConfiguration() [setTouchConfiguration id=99 shouldCapture=true px=1085 py=805]
10-25 21:40:28.182 17353 17390 V VRSystem: at (VrViewActivity.java:243) setTouchConfiguration() [setTouchConfiguration id=99 shouldCapture=true px=1085 py=809]
10-25 21:40:28.202 17353 17390 V VRSystem: at (VrViewActivity.java:243) setTouchConfiguration() [setTouchConfiguration id=99 shouldCapture=true px=1086 py=811]
10-25 21:40:28.222 17353 17390 V VRSystem: at (VrViewActivity.java:243) setTouchConfiguration() [setTouchConfiguration id=99 shouldCapture=true px=1086 py=812]
10-25 21:40:28.232 17353 17390 V VRSystem: at (VrViewActivity.java:243) setTouchConfiguration() [setTouchConfiguration id=99 shouldCapture=true px=1086 py=813]
10-25 21:40:28.252 17353 17390 V VRSystem: at (VrViewActivity.java:243) setTouchConfiguration() [setTouchConfiguration id=99 shouldCapture=true px=1087 py=815]
10-25 21:40:28.272 17353 17390 V VRSystem: at (VrViewActivity.java:243) setTouchConfiguration() [setTouchConfiguration id=99 shouldCapture=true px=1088 py=817]
