10-25 21:40:00.702 16435 16435 D SamsungTTS: onLoadLanguage() : [ LANG_COUNTRY_AVAILABLE ] L=eng C=USA DV=f00
10-25 21:40:00.702 16466 16466 W System : ClassLoader referenced unknown path: /system/priv-app/ThemeCenter/lib/arm64
10-25 21:40:00.702 16390 16464 I PLM : App title : Phone & activity name : com.android.dialer.DialtactsActivity_com.android.contacts
10-25 21:40:00.702 16466 16466 D InjectionManager: InjectionManager
10-25 21:40:00.702 16466 16466 D InjectionManager: fillFeatureStoreMap com.samsung.android.themecenter
10-25 21:40:00.702 16466 16466 I InjectionManager: Constructor com.samsung.android.themecenter, Feature store :{}
10-25 21:40:00.702 16466 16466 I InjectionManager: featureStore :{}
10-25 21:40:00.712 16390 16464 I PLM : App title : Email & activity name : com.samsung.android.email.ui.activity.MessageListXL_com.samsung.android.email.provider
10-25 21:40:00.712 16390 16464 I PLM : App title : Settings & activity name : com.android.settings.Settings_com.android.settings
10-25 21:40:00.712 16390 16464 I PLM : App title : Mobile_HotSpot & activity name : com.android.settings.Settings$WifiApSettingsActivity_com.android.settings
10-25 21:40:00.722 16480 16480 E Zygote : v2
10-25 21:40:00.722 16480 16480 I SELinux : Function: selinux_compare_spd_ram, index[1], SPD-policy is existed. and_ver=SEPF_SECMOBILE_6.0.1 ver=11
10-25 21:40:00.722 16480 16480 W SELinux : Function: selinux_compare_spd_ram, index[1], priority [2], priority version is VE=SEPF_SECMOBILE_6.0.1_0013
10-25 21:40:00.722 16480 16480 E Zygote : accessInfo : 0
10-25 21:40:00.722 16480 16480 W SELinux : SELinux: seapp_context_lookup: seinfo=platform, level=s0:c512,c768, pkgname=com.samsung.android.app.taskedge
10-25 21:40:00.722 16390 16464 I PLM : App alias title : sms & activity name : com.android.mms.ui.ConversationComposer_com.android.mms
10-25 21:40:00.722 16390 16464 I PLM : App title : Messages & activity name : com.android.mms.ui.ConversationComposer_com.android.mms
10-25 21:40:00.732 16390 16464 I PLM : App title : Camera & activity name : com.sec.android.app.camera.Camera_com.sec.android.app.camera
10-25 21:40:00.732 16390 16464 I PLM : App alias title : calendar & activity name : com.android.calendar.AllInOneActivity_com.android.calendar
10-25 21:40:00.732 16390 16464 I PLM : App alias title : s_planner & activity name : com.android.calendar.AllInOneActivity_com.android.calendar
10-25 21:40:00.732 16390 16464 I PLM : App alias title : schedule & activity name : com.android.calendar.AllInOneActivity_com.android.calendar
10-25 21:40:00.732 16390 16464 I PLM : App alias title : diary & activity name : com.android.calendar.AllInOneActivity_com.android.calendar
10-25 21:40:00.732 16390 16464 I PLM : App title : S_Planner & activity name : com.android.calendar.AllInOneActivity_com.android.calendar
10-25 21:40:00.732 16390 16464 I PLM : App title : YouTube & activity name : com.google.android.youtube.app.honeycomb.Shell$HomeActivity_com.google.android.youtube
10-25 21:40:00.742 16480 16480 D TimaKeyStoreProvider: TimaSignature is unavailable
10-25 21:40:00.742 16480 16480 D ActivityThread: Added TimaKeyStore provider
10-25 21:40:00.742 16390 16464 I PLM : App title : Drive & activity name : com.google.android.apps.docs.app.NewMainProxyActivity_com.google.android.apps.docs
10-25 21:40:00.752 16390 16464 I PLM : App title : Play_Movies_&_TV & activity name : com.google.android.youtube.videos.EntryPoint_com.google.android.videos
10-25 21:40:00.752 16480 16480 I InjectionManager: Inside getClassLibPath + mLibMap{0=, 1=}
10-25 21:40:00.762 16390 16464 I PLM : App title : Play_Music & activity name : com.android.music.activitymanagement.TopLevelActivity_com.google.android.music
10-25 21:40:00.762 16480 16480 I InjectionManager: Inside getClassLibPath caller
10-25 21:40:00.772 16390 16464 I PLM : App title : S_Health & activity name : com.samsung.android.app.shealth.home.HomeMainActivity_com.sec.android.app.shealth
10-25 21:40:00.772 16480 16480 W System : ClassLoader referenced unknown path: /system/priv-app/TaskEdgePanel/lib/arm64
10-25 21:40:00.772 16390 16464 I PLM : App title : Gmail & activity name : com.google.android.gm.ConversationListActivityGmail_com.google.android.gm
10-25 21:40:00.772 16390 16464 I PLM : App title : T-Mobile_TV & activity name : com.mobitv.client.tmobiletvhd.MobiTVPlayer_com.mobitv.client.tmobiletvhd
10-25 21:40:00.772 16435 16435 I SamsungTTS: Interface ver201503021
10-25 21:40:00.772 16435 16435 I SamsungTTS: Engine ver201608061
10-25 21:40:00.772 16390 16390 I TextToSpeech: Connected to ComponentInfo{com.samsung.SMT/com.samsung.SMT.SamsungTTSService}
10-25 21:40:00.782 16390 16464 I PLM : App title : Visual_Voicemail & activity name : com.tmobile.vvm.application.activity.setup.WelcomeActivity_com.tmobile.vvm.application
10-25 21:40:00.782 16435 16493 D SamsungTTS: onIsLanguageAvailable() : L=eng C=USA V=null LANG_COUNTRY_AVAILABLE
10-25 21:40:00.782 16390 16492 I TextToSpeech: Set up connection to ComponentInfo{com.samsung.SMT/com.samsung.SMT.SamsungTTSService}
10-25 21:40:00.782 16390 16390 I SV_TTSPlayer:main: : VSP::locale is: en_US
10-25 21:40:00.782 16435 16446 D SamsungTTS: onIsLanguageAvailable() : L=eng C=USA V=null LANG_COUNTRY_AVAILABLE
10-25 21:40:00.782 16435 16445 D SamsungTTS: onIsLanguageAvailable() : L=eng C=USA V=null LANG_COUNTRY_AVAILABLE
10-25 21:40:00.782 16480 16480 D InjectionManager: InjectionManager
10-25 21:40:00.782 16480 16480 D InjectionManager: fillFeatureStoreMap com.samsung.android.app.taskedge
10-25 21:40:00.782 16480 16480 I InjectionManager: Constructor com.samsung.android.app.taskedge, Feature store :{}
10-25 21:40:00.782 16480 16480 I InjectionManager: featureStore :{}
10-25 21:40:00.782 16435 16493 D SamsungTTS: onIsLanguageAvailable() : L=eng C=USA V=null LANG_COUNTRY_AVAILABLE
10-25 21:40:00.782 16480 16480 I TaskEdgeBroadcastReceiver: onReceive:android.intent.action.PACKAGE_ADDED
10-25 21:40:00.782 16435 16478 D SamsungTTS: onIsLanguageAvailable() : L=eng C=USA V=f00 LANG_COUNTRY_VAR_AVAILABLE
10-25 21:40:00.782 16435 16478 D SamsungTTS: onLoadLanguage() : [ LANG_COUNTRY_VAR_AVAILABLE ] L=eng C=USA V=f00
10-25 21:40:00.782 16390 16464 I PLM : App title : Internet & activity name : com.sec.android.app.sbrowser.SBrowserMainActivity_com.sec.android.app.sbrowser
10-25 21:40:00.792 16390 16464 I PLM : App title : Play_Store & activity name : com.android.vending.AssetBrowserActivity_com.android.vending
10-25 21:40:00.792 16390 16390 D Test : TTS initialized! & queue size is : 0
10-25 21:40:00.792 16494 16494 E Zygote : v2
10-25 21:40:00.792 16494 16494 I SELinux : Function: selinux_compare_spd_ram, index[1], SPD-policy is existed. and_ver=SEPF_SECMOBILE_6.0.1 ver=11
10-25 21:40:00.792 16494 16494 W SELinux : Function: selinux_compare_spd_ram, index[1], priority [2], priority version is VE=SEPF_SECMOBILE_6.0.1_0013
10-25 21:40:00.792 16494 16494 E Zygote : accessInfo : 0
10-25 21:40:00.792 16390 16464 I PLM : App title : Hangouts & activity name : com.google.android.talk.SigningInActivity_com.google.android.talk
10-25 21:40:00.792 16494 16494 W SELinux : SELinux: seapp_context_lookup: seinfo=platform, level=s0:c512,c768, pkgname=com.samsung.android.provider.shootingmodeprovider
10-25 21:40:00.802 16390 16464 I PLM : App title : Photos & activity name : com.google.android.apps.photos.home.HomeActivity_com.google.android.apps.photos
10-25 21:40:00.802 16390 16464 I PLM : App title : Android_Pay & activity name : com.google.commerce.tapandpay.android.cardlist.CardListActivity_com.google.android.apps.walletnfcrel
10-25 21:40:00.802 16494 16494 D TimaKeyStoreProvider: TimaSignature is unavailable
10-25 21:40:00.802 16494 16494 D ActivityThread: Added TimaKeyStore provider
10-25 21:40:00.812 16390 16464 I PLM : App title : Chrome & activity name : com.google.android.apps.chrome.Main_com.android.chrome
10-25 21:40:00.822 16390 16464 I PLM : App title : Calculator & activity name : com.sec.android.app.popupcalculator.Calculator_com.sec.android.app.popupcalculator
10-25 21:40:00.822 16390 16464 I PLM : App title : My_Files & activity name : com.sec.android.app.myfiles.common.MainActivity_com.sec.android.app.myfiles
10-25 21:40:00.822 16390 16464 I PLM : App title : Device_Unlock & activity name : com.tmobile.simlock.WelcomeActivity_com.tmobile.simlock
10-25 21:40:00.822 16494 16494 I InjectionManager: Inside getClassLibPath + mLibMap{0=, 1=}
10-25 21:40:00.822 16390 16464 I PLM : App title : Video & activity name : com.samsung.android.video.list.activity.VideoList_com.samsung.android.video
10-25 21:40:00.832 16494 16494 I InjectionManager: Inside getClassLibPath caller
10-25 21:40:00.832 16494 16494 W System : ClassLoader referenced unknown path: /system/priv-app/ShootingModeProvider/lib/arm64
10-25 21:40:00.832 16390 16464 I PLM : App title : Smart_Manager & activity name : com.samsung.android.sm.app.dashboard.SmartManagerDashBoardActivity_com.samsung.android.sm
10-25 21:40:00.842 16390 16464 I PLM : App title : Amazon & activity name : com.amazon.mShop.home.HomeActivity_com.amazon.mShop.android
10-25 21:40:00.842 16390 16464 I PLM : App title : Memo & activity name : com.samsung.android.app.memo.Main_com.samsung.android.app.memo
10-25 21:40:00.842 16494 16494 D InjectionManager: InjectionManager
10-25 21:40:00.842 16494 16494 D InjectionManager: fillFeatureStoreMap com.samsung.android.provider.shootingmodeprovider
10-25 21:40:00.842 16494 16494 I InjectionManager: Constructor com.samsung.android.provider.shootingmodeprovider, Feature store :{}
10-25 21:40:00.842 16494 16494 I InjectionManager: featureStore :{}
10-25 21:40:00.842 16390 16464 I PLM : App alias title : alarm & activity name : com.sec.android.app.clockpackage.ClockPackage_com.sec.android.app.clockpackage
10-25 21:40:00.842 16390 16464 I PLM : App title : Clock & activity name : com.sec.android.app.clockpackage.ClockPackage_com.sec.android.app.clockpackage
10-25 21:40:00.852 16390 16464 I PLM : App title : Samsung+ & activity name : com.samsung.oep.ui.EntryActivity_com.samsung.oh
10-25 21:40:00.862 16390 16464 I PLM : App title : Samsung_Gear & activity name : com.samsung.android.app.watchmanager.setupwizard.SetupWizardWelcomeActivity_com.samsung.android.app.watchmanager
10-25 21:40:00.862 16390 16464 I PLM : App title : Lookout & activity name : com.lookout.ui.LoadDispatch_com.lookout
10-25 21:40:00.862 16390 16464 I PLM : App title : Voice_Recorder & activity name : com.sec.android.app.voicenote.main.VNMainActivity_com.sec.android.app.voicenote
10-25 21:40:00.882 16509 16509 E Zygote : v2
10-25 21:40:00.882 16509 16509 I SELinux : Function: selinux_compare_spd_ram, index[1], SPD-policy is existed. and_ver=SEPF_SECMOBILE_6.0.1 ver=11
10-25 21:40:00.882 16509 16509 W SELinux : Function: selinux_compare_spd_ram, index[1], priority [2], priority version is VE=SEPF_SECMOBILE_6.0.1_0013
10-25 21:40:00.882 16509 16509 E Zygote : accessInfo : 0
10-25 21:40:00.902 16390 16464 I PLM : App title : OneNote & activity name : com.microsoft.office.onenote.ui.ONMSplashActivity_com.microsoft.office.onenote
10-25 21:40:00.902 16509 16509 D TimaKeyStoreProvider: TimaSignature is unavailable
10-25 21:40:00.902 16509 16509 D ActivityThread: Added TimaKeyStore provider
10-25 21:40:00.902 16390 16464 I PLM : App title : App_Source & activity name : us.com.dt.iq.appsource.tmobile.IQStartActivity_us.com.dt.iq.appsource.tmobile
10-25 21:40:00.912 16390 16464 I PLM : App title : Facebook & activity name : com.facebook.katana.LoginActivity_com.facebook.katana
10-25 21:40:00.912 16509 16509 I InjectionManager: Inside getClassLibPath + mLibMap{0=, 1=}
10-25 21:40:00.912 16509 16509 I InjectionManager: Inside getClassLibPath caller
10-25 21:40:00.912 16390 16464 I PLM : App title : Samsung_Pay & activity name : com.samsung.android.spay.ui.SpayMainActivity_com.samsung.android.spay
10-25 21:40:00.922 16390 16464 I PLM : App title : PowerPoint & activity name : com.microsoft.office.apphost.LaunchActivity_com.microsoft.office.powerpoint
10-25 21:40:00.922 16509 16509 W System : ClassLoader referenced unknown path: /system/app/BBCAgent/lib/arm64
10-25 21:40:00.922 16390 16464 I PLM : App title : T-Mobile_Name_ID & activity name : com.whitepages.nameid.ui.NIMainActivity_com.whitepages.nameid.tmobile
10-25 21:40:00.922 16509 16509 D InjectionManager: InjectionManager
10-25 21:40:00.922 16509 16509 D InjectionManager: fillFeatureStoreMap com.samsung.android.bbc.bbcagent
10-25 21:40:00.922 16509 16509 I InjectionManager: Constructor com.samsung.android.bbc.bbcagent, Feature store :{}
10-25 21:40:00.922 16509 16509 I InjectionManager: featureStore :{}
10-25 21:40:00.932 16390 16464 I PLM : App title : Voice_Search & activity name : com.google.android.googlequicksearchbox.VoiceSearchActivity_com.google.android.googlequicksearchbox
10-25 21:40:00.932 16390 16464 I PLM : App title : Google & activity name : com.google.android.googlequicksearchbox.SearchActivity_com.google.android.googlequicksearchbox
10-25 21:40:00.932 16390 16464 I PLM : App title : SideSync & activity name : com.sec.android.sidesync30.ui.SideSyncActivity_com.sec.android.sidesync30
10-25 21:40:00.932 16390 16464 I PLM : App title : Skype & activity name : com.skype.raider.Main_com.skype.raider
10-25 21:40:00.932 16390 16464 I PLM : App title : Word & activity name : com.microsoft.office.apphost.LaunchActivity_com.microsoft.office.word
10-25 21:40:00.942 16390 16464 I PLM : App title : Samsung_Milk_Music & activity name : com.samsung.mdl.radio.MainActivity_com.samsung.mdl.radio
10-25 21:40:00.942 16521 16521 E Zygote : v2
10-25 21:40:00.942 16521 16521 I SELinux : Function: selinux_compare_spd_ram, index[1], SPD-policy is existed. and_ver=SEPF_SECMOBILE_6.0.1 ver=11
10-25 21:40:00.942 16521 16521 W SELinux : Function: selinux_compare_spd_ram, index[1], priority [2], priority version is VE=SEPF_SECMOBILE_6.0.1_0013
10-25 21:40:00.942 16521 16521 E Zygote : accessInfo : 0
10-25 21:40:00.942 16390 16464 I PLM : App title : Excel & activity name : com.microsoft.office.apphost.LaunchActivity_com.microsoft.office.excel
10-25 21:40:00.942 16390 16464 I PLM : App title : OneDrive & activity name : com.microsoft.skydrive.MainActivity_com.microsoft.skydrive
10-25 21:40:00.952 16390 16464 I PLM : App title : T-Mobile & activity name : com.tmobile.pr.mytmobile.MyTMobileActivity_com.tmobile.pr.mytmobile
10-25 21:40:00.952 16521 16521 D TimaKeyStoreProvider: TimaSignature is unavailable
10-25 21:40:00.952 16521 16521 D ActivityThread: Added TimaKeyStore provider
10-25 21:40:00.962 16390 16464 I PLM : App title : Maps & activity name : com.google.android.maps.MapsActivity_com.google.android.apps.maps
10-25 21:40:00.972 16390 16464 I PLM : App title : Galaxy_Apps & activity name : com.sec.android.app.samsungapps.SamsungAppsMainActivity_com.sec.android.app.samsungapps
10-25 21:40:00.972 16390 16464 I PLM : App title : test_demo01 & activity name : com.unity3d.player.UnityPlayerActivity_com.kkim.officeTest
10-25 21:40:00.972 16521 16521 I InjectionManager: Inside getClassLibPath + mLibMap{0=, 1=}
10-25 21:40:00.972 16390 16464 I PLM : App title : SideloadVR_DeviceID & activity name : com.skyworxx.sideloadvrdeviceid.DeviceID_com.skyworxx.sideloadvrdeviceid
10-25 21:40:00.972 16390 16464 I PLM : App title : Oculus_Sample_Framework & activity name : com.unity3d.player.UnityPlayerActivity_com.oculus.SampleFramework
10-25 21:40:00.972 16521 16521 I InjectionManager: Inside getClassLibPath caller
10-25 21:40:00.982 16390 16464 I PLM : App title : lighting01 & activity name : com.unity3d.player.UnityPlayerActivity_com.ilive.vr
10-25 21:40:00.982 16390 16464 I PLM : App title : zwJitterTest & activity name : com.unity3d.player.UnityPlayerActivity_com.zubin.ProductName
10-25 21:40:00.982 16521 16521 W System : ClassLoader referenced unknown path: /system/app/FilterInstaller/lib/arm64
10-25 21:40:00.982 16521 16521 D InjectionManager: InjectionManager
10-25 21:40:00.982 16521 16521 D InjectionManager: fillFeatureStoreMap com.samsung.android.app.filterinstaller
10-25 21:40:00.982 16521 16521 I InjectionManager: Constructor com.samsung.android.app.filterinstaller, Feature store :{}
10-25 21:40:00.982 16521 16521 I InjectionManager: featureStore :{}
10-25 21:40:00.982 16390 16464 I PLM : App title : Antialiasing_Test & activity name : com.unity3d.player.UnityPlayerActivity_com.ilive.kkim
10-25 21:40:00.982 16521 16521 E FilterPackageIntentReceiver: This package is not a effect filter
10-25 21:40:00.982 16390 16464 I PLM : App title : Jitter_test & activity name : com.unity3d.player.UnityPlayerActivity_com.ilive.kim
10-25 21:40:00.992 16390 16464 I PLM : App title : Oculus & activity name : com.oculus.horizon.main.StartActivity_com.oculus.horizon
10-25 21:40:00.992 16390 16464 I PLM : App title : Jitter_test & activity name : com.unity3d.player.UnityPlayerActivity_com.foo.ProductName
10-25 21:40:00.992 16534 16534 E Zygote : v2
10-25 21:40:00.992 16534 16534 I SELinux : Function: selinux_compare_spd_ram, index[1], SPD-policy is existed. and_ver=SEPF_SECMOBILE_6.0.1 ver=11
10-25 21:40:00.992 16534 16534 W SELinux : Function: selinux_compare_spd_ram, index[1], priority [2], priority version is VE=SEPF_SECMOBILE_6.0.1_0013
10-25 21:40:00.992 16534 16534 E Zygote : accessInfo : 0
10-25 21:40:00.992 16534 16534 W SELinux : SELinux: seapp_context_lookup: seinfo=samsung, level=s0:c512,c768, pkgname=com.sec.android.widgetapp.samsungapps
10-25 21:40:01.012 16534 16534 D TimaKeyStoreProvider: TimaSignature is unavailable
10-25 21:40:01.012 16534 16534 D ActivityThread: Added TimaKeyStore provider
10-25 21:40:01.022 16390 16464 D ContactInfo: Matched with previous entries!
10-25 21:40:01.022 16534 16534 I InjectionManager: Inside getClassLibPath + mLibMap{0=, 1=}
10-25 21:40:01.022 16534 16534 I InjectionManager: Inside getClassLibPath caller
10-25 21:40:01.032 16534 16534 W System : ClassLoader referenced unknown path: /system/app/GalaxyAppsWidget_Phone/lib/arm64
10-25 21:40:01.032 16534 16534 D InjectionManager: InjectionManager
10-25 21:40:01.032 16534 16534 D InjectionManager: fillFeatureStoreMap com.sec.android.widgetapp.samsungapps
10-25 21:40:01.032 16534 16534 I InjectionManager: Constructor com.sec.android.widgetapp.samsungapps, Feature store :{}
10-25 21:40:01.032 16534 16534 I InjectionManager: featureStore :{}
10-25 21:40:01.032 16390 16464 D PLMGenManager: Any updates for FSG and DICT? : Yes
10-25 21:40:01.032 16390 16464 D PLMGenManager: TimeTaken for Contact & App sync 352ms
10-25 21:40:01.042 16390 16464 D etickcount:BuildCmd: Dictionary name : /data/user/0/com.sec.svoice.lang.en_US/files/en_US/dict/hero.dict
10-25 21:40:01.042 16390 16464 I FSGFileGenerator:PocketSphinx: Model dir : /data/user/0/com.sec.svoice.lang.en_US/files/en_US
10-25 21:40:01.042 16390 16464 I FSGFileGenerator:PocketSphinx: FSG : start
10-25 21:40:01.042 16390 16464 D FSGFileGenerator:PocketSphinx: Inside initFileWriter
10-25 21:40:01.042 16390 16464 I FSGFileGenerator:PocketSphinx: templateFsgFileToRead = { /data/user/0/com.sec.svoice.lang.en_US/files/en_US/lm/hero.detmin.fsg.org, fsgFileToCreate = /data/user/0/com.sec.svoice.lang.en_US/files/en_US/lm/hero.detmin.fsg }
10-25 21:40:01.042 16390 16464 D FSGFileGenerator:PocketSphinx: FileWriter/FileReader created
10-25 21:40:01.052 16390 16464 D FSGFileGenerator:PocketSphinx: FileWriter is closed sucessfull
10-25 21:40:01.052 16390 16464 D FSGFileGenerator:PocketSphinx: FileReader is closed sucessfull
10-25 21:40:01.052 16390 16464 D FSGFileGenerator:PocketSphinx: Inside initFileWriter
10-25 21:40:01.052 16390 16464 I FSGFileGenerator:PocketSphinx: templateFsgFileToRead = { /data/user/0/com.sec.svoice.lang.en_US/files/en_US/lm/hero.detmin.wo.wakeup.fsg.org, fsgFileToCreate = /data/user/0/com.sec.svoice.lang.en_US/files/en_US/lm/hero.detmin.wo.wakeup.fsg }
10-25 21:40:01.052 16390 16464 D FSGFileGenerator:PocketSphinx: FileWriter/FileReader created
10-25 21:40:01.062 15556 16547 I System.out: (HTTPLog)-Static: isSBSettingEnabled false
10-25 21:40:01.062 15556 16547 I System.out: (HTTPLog)-Static: isSBSettingEnabled false
10-25 21:40:01.062 16548 16548 E Zygote : v2
10-25 21:40:01.062 16548 16548 I SELinux : Function: selinux_compare_spd_ram, index[1], SPD-policy is existed. and_ver=SEPF_SECMOBILE_6.0.1 ver=11
10-25 21:40:01.062 16548 16548 W SELinux : Function: selinux_compare_spd_ram, index[1], priority [2], priority version is VE=SEPF_SECMOBILE_6.0.1_0013
10-25 21:40:01.062 16548 16548 E Zygote : accessInfo : 0
10-25 21:40:01.062 16548 16548 W SELinux : SELinux: seapp_context_lookup: seinfo=platform, level=s0:c512,c768, pkgname=com.samsung.accessory.framework
10-25 21:40:01.062 16390 16464 D FSGFileGenerator:PocketSphinx: FileWriter is closed sucessfull
10-25 21:40:01.062 16390 16464 D FSGFileGenerator:PocketSphinx: FileReader is closed sucessfull
10-25 21:40:01.062 16390 16464 D FSGFileGenerator:PocketSphinx: FSG : COMPLETED in 21 ms.
10-25 21:40:01.062 16390 16464 I FSGFileGenerator:PocketSphinx: FSG : start
10-25 21:40:01.062 16390 16464 D FSGFileGenerator:PocketSphinx: Inside initFileWriter
10-25 21:40:01.062 16390 16464 I FSGFileGenerator:PocketSphinx: templateFsgFileToRead = { /data/user/0/com.sec.svoice.lang.en_US/files/en_US/lm/contact.fsg.org, fsgFileToCreate = /data/user/0/com.sec.svoice.lang.en_US/files/en_US/lm/contact.fsg }
10-25 21:40:01.062 16390 16464 D FSGFileGenerator:PocketSphinx: FileWriter/FileReader created
10-25 21:40:01.062 16390 16464 D FSGFileGenerator:PocketSphinx: FileWriter is closed sucessfull
10-25 21:40:01.062 16390 16464 D FSGFileGenerator:PocketSphinx: FileReader is closed sucessfull
10-25 21:40:01.062 16390 16464 D FSGFileGenerator:PocketSphinx: Inside initFileWriter
10-25 21:40:01.062 16390 16464 I FSGFileGenerator:PocketSphinx: templateFsgFileToRead = { /data/user/0/com.sec.svoice.lang.en_US/files/en_US/lm/contact.fav.fsg.org, fsgFileToCreate = /data/user/0/com.sec.svoice.lang.en_US/files/en_US/lm/contact.fav.fsg }
10-25 21:40:01.062 16390 16464 D FSGFileGenerator:PocketSphinx: FileWriter/FileReader created
10-25 21:40:01.062 16390 16464 D FSGFileGenerator:PocketSphinx: FileWriter is closed sucessfull
10-25 21:40:01.062 16390 16464 D FSGFileGenerator:PocketSphinx: FileReader is closed sucessfull
10-25 21:40:01.062 16390 16464 D FSGFileGenerator:PocketSphinx:OWC: FSG : COMPLETED in 2 ms.
10-25 21:40:01.062 3110 3781 D EnterpriseController: netId is 0
10-25 21:40:01.062 3110 3781 D Netd : getNetworkForDns: using netid 502 for uid 10138
10-25 21:40:01.062 16390 16464 I DictionaryGenerator:PocketSphinx: Model dir : /data/user/0/com.sec.svoice.lang.en_US/files/en_US
10-25 21:40:01.062 16390 16464 I DictionaryGenerator:PocketSphinx: Locale : en_US
10-25 21:40:01.062 16390 16464 I DictionaryGenerator:PocketSphinx: DFG : Start
10-25 21:40:01.062 16390 16464 D DictionaryGenerator:PocketSphinx: Inside initFileWriter : Dict file name : /data/user/0/com.sec.svoice.lang.en_US/files/en_US/dict/hero.dict
10-25 21:40:01.062 16390 16464 I DictionaryGenerator:PocketSphinx: mDictionaryFile = { /data/user/0/com.sec.svoice.lang.en_US/files/en_US/dict/hero.dict }
10-25 21:40:01.062 16390 16464 D DictionaryGenerator:PocketSphinx: FileWriter created
10-25 21:40:01.062 16390 16464 D DictionaryGenerator:PocketSphinx: copying frm : /data/user/0/com.sec.svoice.lang.en_US/files/en_US/dict/hero.dict
10-25 21:40:01.072 16390 16464 D DictionaryGenerator:PocketSphinx: Wakeup word is : null
10-25 21:40:01.072 16390 16464 D DictionaryGenerator:PocketSphinx: wakeup string added to dict : slot_wakeup_start__WAKEUP__slot_wakeup_end S L AA T W EY K AH P S T AA R T W EY K AH P S L AA T W EY K AH P EH N D
10-25 21:40:01.072 16390 16464 I G2P : PocketSphinxEngine:Trying to load : /data/user/0/com.sec.svoice.lang.en_US/files/en_US/libs/libG2PenUS.so
10-25 21:40:01.072 16390 16464 I G2P : PocketSphinxEngine:loading /data/user/0/com.sec.svoice.lang.en_US/files/en_US/libs/libG2PenUS.so done
10-25 21:40:01.072 16548 16548 D TimaKeyStoreProvider: TimaSignature is unavailable
10-25 21:40:01.072 16548 16548 D ActivityThread: Added TimaKeyStore provider
10-25 21:40:01.082 16548 16548 I InjectionManager: Inside getClassLibPath + mLibMap{0=, 1=}
10-25 21:40:01.082 16548 16548 I InjectionManager: Inside getClassLibPath caller
10-25 21:40:01.092 16548 16548 W System : ClassLoader referenced unknown path: /system/app/SamsungAccessoryService/lib/arm64
10-25 21:40:01.092 16548 16548 D InjectionManager: InjectionManager
10-25 21:40:01.092 16548 16548 D InjectionManager: fillFeatureStoreMap com.samsung.accessory
10-25 21:40:01.092 16548 16548 I InjectionManager: Constructor com.samsung.accessory, Feature store :{}
10-25 21:40:01.092 16548 16548 I InjectionManager: featureStore :{}
10-25 21:40:01.102 16548 16548 I SAPackageEventReceiver: App com.foo.ProductName was installed.
10-25 21:40:01.102 16548 16548 D SAPackageEventReceiver: registerService : com.foo.ProductName
10-25 21:40:01.102 16548 16548 W SAPlatformUtils: No cached Peer Ids found!
10-25 21:40:01.102 16562 16562 E Zygote : v2
10-25 21:40:01.102 16548 16548 I SaBufferPool: BufferPool[v1.0] initialised with capacity 4MB
10-25 21:40:01.102 16562 16562 I SELinux : Function: selinux_compare_spd_ram, index[1], SPD-policy is existed. and_ver=SEPF_SECMOBILE_6.0.1 ver=11
10-25 21:40:01.102 16562 16562 W SELinux : Function: selinux_compare_spd_ram, index[1], priority [2], priority version is VE=SEPF_SECMOBILE_6.0.1_0013
10-25 21:40:01.112 16562 16562 E Zygote : accessInfo : 0
10-25 21:40:01.112 16548 16548 W SADiscoveryCore: No cached device info found!
10-25 21:40:01.122 16548 16567 D SADiscoveryNative: SA_DISCOVERY_INIT
10-25 21:40:01.122 16548 16567 D SADiscoveryCore: Start advertising ...
10-25 21:40:01.122 16548 16548 D SACapabilityManager: Attempting to open database for Accessory framework ...
10-25 21:40:01.122 16562 16562 D TimaKeyStoreProvider: TimaSignature is unavailable
10-25 21:40:01.122 16562 16562 D ActivityThread: Added TimaKeyStore provider
10-25 21:40:01.122 16548 16567 I SABtServerListener: BT Is OFF
10-25 21:40:01.122 16548 16567 D SADiscoveryCore: Start advertising ...
10-25 21:40:01.132 16548 16567 V SAWifiUtility: WiFi state is enabled
10-25 21:40:01.132 16548 16567 V SAWifiServerListener: start() : WiFi is ON!
10-25 21:40:01.132 16548 16567 V SAWifiServerListener: WiFi Listen Thread started
10-25 21:40:01.132 16548 16567 D SADiscoveryCore: Start advertising ...
10-25 21:40:01.132 16548 16576 D SAWifiServerListener: before Accept
10-25 21:40:01.132 16390 16464 D DictionaryGenerator:PocketSphinx: FileWriter is closed sucessfull
10-25 21:40:01.132 16390 16464 D DictionaryGenerator:PocketSphinx: DFG : COMPLETED in 69 ms.
10-25 21:40:01.132 16390 16464 I DictionaryGenerator:PocketSphinx:OWC: DFG : Start
10-25 21:40:01.132 16390 16464 D DictionaryGenerator:PocketSphinx: Inside initFileWriter : Dict file name : /data/user/0/com.sec.svoice.lang.en_US/files/en_US/dict/contact.dict
10-25 21:40:01.132 16390 16464 I DictionaryGenerator:PocketSphinx: mDictionaryFile = { /data/user/0/com.sec.svoice.lang.en_US/files/en_US/dict/contact.dict }
10-25 21:40:01.132 16390 16464 D DictionaryGenerator:PocketSphinx: FileWriter created
10-25 21:40:01.132 16390 16464 D DictionaryGenerator:PocketSphinx: copying frm : /data/user/0/com.sec.svoice.lang.en_US/files/en_US/dict/contact.dict
10-25 21:40:01.132 16390 16464 D DictionaryGenerator:PocketSphinx: inside process_one_word_Call
10-25 21:40:01.132 16390 16464 D DictionaryGenerator:PocketSphinx: /data/user/0/com.sec.svoice.lang.en_US/databases
10-25 21:40:01.132 16548 16548 V SAFrameworkDbAdapter: We can ignore this SQLException...
10-25 21:40:01.132 16548 16548 I SACapabilityManager: DB open result : false
10-25 21:40:01.132 16548 16548 W SAPolicyManager: policyContent :null
10-25 21:40:01.132 16548 16548 W SAPolicyManager: No entry found for CMPolicy in Shared Prefs
10-25 21:40:01.142 16562 16562 I InjectionManager: Inside getClassLibPath + mLibMap{0=, 1=}
10-25 21:40:01.142 16548 16567 I SAScsCore: load SAP_sconeW_masi_M
10-25 21:40:01.142 16390 16464 D DictionaryGenerator:PocketSphinx::OWC: Deleted below entries :
10-25 21:40:01.142 16390 16464 D DictionaryGenerator:PocketSphinx::OWC: Newly added entries are :
10-25 21:40:01.142 16562 16562 I InjectionManager: Inside getClassLibPath caller
10-25 21:40:01.142 16562 16562 W System : ClassLoader referenced unknown path: /system/app/MirrorLink/lib/arm
10-25 21:40:01.142 16390 16464 D DictionaryGenerator:PocketSphinx: FileWriter is closed sucessfull
10-25 21:40:01.142 16390 16464 D DictionaryGenerator:PocketSphinx:OWC: DFG : COMPLETED in 10 ms.
10-25 21:40:01.142 16390 16464 D PLMGenManager: TimeTaken for Dict & FSG generation 107ms
10-25 21:40:01.142 16390 16464 D etickcount:PocketSphinx Recognition Engine: : VSP::TimeTaken for syncUserData 460ms
10-25 21:40:01.142 16548 16577 I SAScsCore: Successed removing old Account
10-25 21:40:01.142 16548 16577 W SAScsCore: No cached Account info!
10-25 21:40:01.152 16548 16548 I SASdkConfig: Accessory Framework:2.16.122 Accessory SDK:2.3.1
10-25 21:40:01.152 16548 16548 I SAFrameworkService: ******************************************************************
10-25 21:40:01.152 16548 16548 I SAFrameworkService: Samsung Accessory Framework for Android: version 2.16.122
10-25 21:40:01.152 16548 16548 I SAFrameworkService: Copyright (c) 2013 - 2015 Applicative S/W Group
10-25 21:40:01.152 16548 16548 I SAFrameworkService: Samsung Accessory Protocol version: 0
10-25 21:40:01.152 16548 16548 I SAFrameworkService: Segmentation and Re-assembly Support: NO
10-25 21:40:01.152 16548 16548 I SAFrameworkService: 2.16.122
10-25 21:40:01.152 16548 16548 I SAFrameworkService:
10-25 21:40:01.152 16548 16548 I SAFrameworkService: DEBUG
10-25 21:40:01.152 16548 16548 I SAFrameworkService: true
10-25 21:40:01.152 16548 16548 I SAFrameworkService: 2
10-25 21:40:01.152 16548 16548 I SAFrameworkService:
10-25 21:40:01.152 16548 16548 I SAFrameworkService: ******************************************************************
10-25 21:40:01.152 16548 16548 V SACapabilityManager: getLocalServices(flags) cache available
10-25 21:40:01.152 16548 16548 W SAFrameworkService: Some services are missing. Need SAP registration
10-25 21:40:01.152 16548 16548 D SAFrameworkService: AccessoryPreferences - isNotRegistered : false isDBChanged : true
10-25 21:40:01.152 16390 16464 W etickcount:PocketSphinx Recognition Engine: : VSP::Entered to default case....i.e. a miss happened for : #en_us_v2.0.4
10-25 21:40:01.152 16390 16464 I etickcount:PocketSphinx Recognition Engine: : VSP::#en_us_v2.0.4
10-25 21:40:01.152 16390 16464 W etickcount:PocketSphinx Recognition Engine: : VSP::Entered to default case....i.e. a miss happened for : ##General
10-25 21:40:01.152 16390 16464 I etickcount:PocketSphinx Recognition Engine: : VSP::##General
10-25 21:40:01.152 16390 16464 I etickcount:PocketSphinx Recognition Engine: : VSP::-hmm am
10-25 21:40:01.152 16390 16464 I etickcount:PocketSphinx Recognition Engine: : VSP::-fsg lm/hero.detmin.fsg
10-25 21:40:01.152 16390 16464 I etickcount:PocketSphinx Recognition Engine: : VSP::-fsg2 lm/hero.detmin.wo.wakeup.fsg
10-25 21:40:01.152 16548 16548 D SAFrameworkService: Edit SharedPreferences for FLAG_ACCESSORY_SERVICE_STARTED
10-25 21:40:01.152 16390 16464 I etickcount:PocketSphinx Recognition Engine: : VSP::-dict dict/hero.dict
10-25 21:40:01.152 16548 16548 I SAFrameworkService: Samsung Accessory framework started. All service components registered ...
10-25 21:40:01.152 16548 16548 D SAWifiUtility: updateWifiStateChange
10-25 21:40:01.152 16548 16567 D SADiscoveryCore: handling msg: DEVICE_STATE_CHANGED...
10-25 21:40:01.152 16548 16567 D SADiscoveryCore: received DEVICE_STATE_ON for connectivity : 1
10-25 21:40:01.152 16548 16567 D SADiscoveryCore: Start advertising ...
10-25 21:40:01.152 16548 16567 V SAWifiUtility: WiFi state is enabled
10-25 21:40:01.152 16548 16567 V SAWifiServerListener: start() : WiFi is ON!
10-25 21:40:01.152 16390 16464 I etickcount:PocketSphinx Recognition Engine: : VSP::-rnlu nlu/nlu.cfg
10-25 21:40:01.152 16562 16562 D InjectionManager: InjectionManager
10-25 21:40:01.152 16562 16562 D InjectionManager: fillFeatureStoreMap com.samsung.android.app.mirrorlink
10-25 21:40:01.152 16562 16562 I InjectionManager: Constructor com.samsung.android.app.mirrorlink, Feature store :{}
10-25 21:40:01.152 16562 16562 I InjectionManager: featureStore :{}
10-25 21:40:01.152 16390 16464 I etickcount:PocketSphinx Recognition Engine: : VSP::-maxwpf 4
10-25 21:40:01.152 16390 16464 I etickcount:PocketSphinx Recognition Engine: : VSP::-maxhmmpf 1800
10-25 21:40:01.152 16390 16464 W etickcount:PocketSphinx Recognition Engine: : VSP::Entered to default case....i.e. a miss happened for : #-rawlogdir
10-25 21:40:01.152 16390 16464 I etickcount:PocketSphinx Recognition Engine: : VSP::#-rawlogdir log
10-25 21:40:01.152 16390 16464 W etickcount:PocketSphinx Recognition Engine: : VSP::Entered to default case....i.e. a miss happened for :
10-25 21:40:01.152 16390 16464 I etickcount:PocketSphinx Recognition Engine: : VSP::
10-25 21:40:01.152 16390 16464 W etickcount:PocketSphinx Recognition Engine: : VSP::Entered to default case....i.e. a miss happened for : ##DNN
10-25 21:40:01.152 16390 16464 I etickcount:PocketSphinx Recognition Engine: : VSP::##DNN
10-25 21:40:01.152 16390 16464 I etickcount:PocketSphinx Recognition Engine: : VSP::-context 11
10-25 21:40:01.152 16390 16464 W etickcount:PocketSphinx Recognition Engine: : VSP::Entered to default case....i.e. a miss happened for : #quantization range
10-25 21:40:01.152 16390 16464 I etickcount:PocketSphinx Recognition Engine: : VSP::#quantization range
10-25 21:40:01.152 16390 16464 I etickcount:PocketSphinx Recognition Engine: : VSP::-QRange 1024
10-25 21:40:01.152 16390 16464 W etickcount:PocketSphinx Recognition Engine: : VSP::Entered to default case....i.e. a miss happened for : #1 means not skipped, 2 means skip every 2 frames
10-25 21:40:01.152 16390 16464 I etickcount:PocketSphinx Recognition Engine: : VSP::#1 means not skipped, 2 means skip every 2 frames
10-25 21:40:01.152 16390 16464 I etickcount:PocketSphinx Recognition Engine: : VSP::-frmskip 1
10-25 21:40:01.152 16390 16464 W etickcount:PocketSphinx Recognition Engine: : VSP::Entered to default case....i.e. a miss happened for : #quantized dnn binary file (not using dnn)
10-25 21:40:01.152 16390 16464 I etickcount:PocketSphinx Recognition Engine: : VSP::#quantized dnn binary file (not using dnn)
10-25 21:40:01.152 16390 16464 I etickcount:PocketSphinx Recognition Engine: : VSP::-qdnn am/qdnn.net
10-25 21:40:01.152 16390 16464 I etickcount:PocketSphinx Recognition Engine: : VSP::-feat_transform am/feat.bin
10-25 21:40:01.152 16390 16464 I etickcount:PocketSphinx Recognition Engine: : VSP::-prior am/prior_prob.out
10-25 21:40:01.152 16562 16562 D AcmsPackageEventListener: action2:android.intent.action.PACKAGE_ADDED
10-25 21:40:01.152 16390 16464 W etickcount:PocketSphinx Recognition Engine: : VSP::Entered to default case....i.e. a miss happened for :
10-25 21:40:01.152 16390 16464 I etickcount:PocketSphinx Recognition Engine: : VSP::
10-25 21:40:01.152 16390 16464 W etickcount:PocketSphinx Recognition Engine: : VSP::Entered to default case....i.e. a miss happened for : ##Confidence score
10-25 21:40:01.152 16390 16464 I etickcount:PocketSphinx Recognition Engine: : VSP::##Confidence score
10-25 21:40:01.152 16390 16464 W etickcount:PocketSphinx Recognition Engine: : VSP::Entered to default case....i.e. a miss happened for : #-confs
10-25 21:40:01.152 16390 16464 I etickcount:PocketSphinx Recognition Engine: : VSP::#-confs yes
10-25 21:40:01.152 16390 16464 I etickcount:PocketSphinx Recognition Engine: : VSP::-conf_use_senone 0
10-25 21:40:01.152 16562 16562 D AcmsPackageEventListener: pkgName:com.foo.ProductName ,10273
10-25 21:40:01.152 16390 16464 I etickcount:PocketSphinx Recognition Engine: : VSP::-conf_use_pls 0
10-25 21:40:01.152 16390 16464 I etickcount:PocketSphinx Recognition Engine: : VSP::-conf_use_ll 1
10-25 21:40:01.152 16390 16464 I etickcount:PocketSphinx Recognition Engine: : VSP::-pip 1.5
10-25 21:40:01.152 16390 16464 I etickcount:PocketSphinx Recognition Engine: : VSP::-wip 7
10-25 21:40:01.152 16390 16464 I etickcount:PocketSphinx Recognition Engine: : VSP::-lw 3
10-25 21:40:01.152 16390 16464 I etickcount:PocketSphinx Recognition Engine: : VSP::-dnn_ascale 2.5
10-25 21:40:01.152 16390 16464 I etickcount:PocketSphinx Recognition Engine: : VSP::-prior_ratio 0.92
10-25 21:40:01.152 16390 16464 I etickcount:PocketSphinx Recognition Engine: : VSP::-conf_mapscore_params [-42,0,-18,50,-4,100][9,0,28,50,57,100][-12,0,10,50,24,100]
10-25 21:40:01.152 16390 16464 I etickcount:PocketSphinx Recognition Engine: : VSP::-non_speech_tied_states [93:94:95]
10-25 21:40:01.152 16390 16464 I etickcount:PocketSphinx Recognition Engine: : VSP::-conf_disagreement_percent 20.0
10-25 21:40:01.152 16390 16464 W etickcount:PocketSphinx Recognition Engine: : VSP::Entered to default case....i.e. a miss happened for :
10-25 21:40:01.152 16390 16464 I etickcount:PocketSphinx Recognition Engine: : VSP::
10-25 21:40:01.152 16390 16464 I etickcount:PocketSphinx Recognition Engine: : VSP::-conf_max_llr_th 25
10-25 21:40:01.152 16390 16464 I etickcount:PocketSphinx Recognition Engine: : VSP::-conf_use_ci no
10-25 21:40:01.152 16390 16464 I etickcount:PocketSphinx Recognition Engine: : VSP::-bestpath 0
10-25 21:40:01.152 16390 16464 W etickcount:PocketSphinx Recognition Engine: : VSP::Entered to default case....i.e. a miss happened for : #now phoneloop score is not used phoneloop score => senon score
10-25 21:40:01.152 16390 16464 I etickcount:PocketSphinx Recognition Engine: : VSP::#now phoneloop score is not used phoneloop score => senon score
10-25 21:40:01.152 16390 16464 I etickcount:PocketSphinx Recognition Engine: : VSP::-pl_window 0
10-25 21:40:01.152 16390 16464 W etickcount:PocketSphinx Recognition Engine: : VSP::Entered to default case....i.e. a miss happened for : #excluding silence frames in score
10-25 21:40:01.152 16390 16464 I etickcount:PocketSphinx Recognition Engine: : VSP::#excluding silence frames in score
10-25 21:40:01.152 16390 16464 I etickcount:PocketSphinx Recognition Engine: : VSP::-no_silence 1
10-25 21:40:01.152 16390 16464 W etickcount:PocketSphinx Recognition Engine: : VSP::Entered to default case....i.e. a miss happened for : #mapping parameter
10-25 21:40:01.152 16390 16464 I etickcount:PocketSphinx Recognition Engine: : VSP::#mapping parameter
10-25 21:40:01.152 16390 16464 W etickcount:PocketSphinx Recognition Engine: : VSP::Entered to default case....i.e. a miss happened for : #-lang
10-25 21:40:01.152 16390 16464 I etickcount:PocketSphinx Recognition Engine: : VSP::#-lang 1
10-25 21:40:01.152 16390 16464 W etickcount:PocketSphinx Recognition Engine: : VSP::Entered to default case....i.e. a miss happened for : #excluding score on WUW
10-25 21:40:01.152 16390 16464 I etickcount:PocketSphinx Recognition Engine: : VSP::#excluding score on WUW
10-25 21:40:01.152 16390 16464 I etickcount:PocketSphinx Recognition Engine: : VSP::-wake-up-cmd 1
10-25 21:40:01.152 16390 16464 W etickcount:PocketSphinx Recognition Engine: : VSP::Entered to default case....i.e. a miss happened for :
10-25 21:40:01.152 16390 16464 I etickcount:PocketSphinx Recognition Engine: : VSP::
10-25 21:40:01.152 16390 16464 W etickcount:PocketSphinx Recognition Engine: : VSP::Entered to default case....i.e. a miss happened for : ##Rejection
10-25 21:40:01.152 16390 16464 I etickcount:PocketSphinx Recognition Engine: : VSP::##Rejection
10-25 21:40:01.152 16390 16464 I etickcount:PocketSphinx Recognition Engine: : VSP::-reject_list lm/reject.hyp
10-25 21:40:01.152 16390 16464 W etickcount:PocketSphinx Recognition Engine: : VSP::Entered to default case....i.e. a miss happened for :
10-25 21:40:01.152 16390 16464 I etickcount:PocketSphinx Recognition Engine: : VSP::
10-25 21:40:01.152 16390 16464 W etickcount:PocketSphinx Recognition Engine: : VSP::Entered to default case....i.e. a miss happened for : ##Android related
10-25 21:40:01.152 16390 16464 I etickcount:PocketSphinx Recognition Engine: : VSP::##Android related
10-25 21:40:01.152 16390 16464 I etickcount:PocketSphinx Recognition Engine: : VSP::-conf_thresh 49
10-25 21:40:01.152 16390 16464 D etickcount:PocketSphinx Recognition Engine: : VSP::Previous state : INIT
10-25 21:40:01.152 16390 16464 I eN66 : ps_reinit start
10-25 21:40:01.152 16390 16464 I eN66 : configured dir of hmm /data/user/0/com.sec.svoice.lang.en_US/files/en_US/am
10-25 21:40:01.162 16390 16464 I eN66 : ps_init_defaults end
10-25 21:40:01.182 16579 16579 E Zygote : v2
10-25 21:40:01.182 16579 16579 I SELinux : Function: selinux_compare_spd_ram, index[1], SPD-policy is existed. and_ver=SEPF_SECMOBILE_6.0.1 ver=11
10-25 21:40:01.182 16579 16579 W SELinux : Function: selinux_compare_spd_ram, index[1], priority [2], priority version is VE=SEPF_SECMOBILE_6.0.1_0013
10-25 21:40:01.182 16579 16579 E Zygote : accessInfo : 0
10-25 21:40:01.182 16579 16579 W SELinux : SELinux: seapp_context_lookup: seinfo=default, level=s0:c512,c768, pkgname=com.facebook.appmanager
10-25 21:40:01.202 16579 16579 D TimaKeyStoreProvider: TimaSignature is unavailable
10-25 21:40:01.202 16579 16579 D ActivityThread: Added TimaKeyStore provider
10-25 21:40:01.212 16579 16579 I InjectionManager: Inside getClassLibPath + mLibMap{0=, 1=}
10-25 21:40:01.222 16579 16579 I InjectionManager: Inside getClassLibPath caller
10-25 21:40:01.222 16390 16464 I eN66 :
10-25 21:40:01.222 16390 16464 I eN66 : FSG model is loaded
10-25 21:40:01.242 16390 16464 I eN66 :
10-25 21:40:01.242 16390 16464 I eN66 : ps_reinit : Secondary FSG model is loaded
10-25 21:40:01.242 16390 16464 I eN66 :
10-25 21:40:01.242 16390 16464 I eN66 : ps_reinit : Current active FSG model is
10-25 21:40:01.242 16390 16464 I eN66 : Decoder initialization is complete
10-25 21:40:01.242 16390 16464 I etickcount:PocketSphinx Recognition Engine: : VSP::State changed to READY
10-25 21:40:01.242 16390 16464 D etickcount:PocketSphinx Recognition Engine: : VSP::TimeTaken for Decoder init 98ms
10-25 21:40:01.242 16390 16464 D etickcount:PocketSphinx Recognition Engine: : VSP::Total Load time 594ms
10-25 21:40:01.242 16579 16579 D ACRA : ACRA init; reportURL: https://www.facebook.com/mobile/generic_android_crash_logs/659091980805095
10-25 21:40:01.242 16579 16579 D ACRA : ACRA is enabled for com.facebook.appmanager, intializing...
10-25 21:40:01.252 16579 16579 V fb-UnpackingSoSource: locked dso store /data/user/0/com.facebook.appmanager/lib-main
10-25 21:40:01.252 16579 16579 I fb-UnpackingSoSource: dso store is up-to-date: /data/user/0/com.facebook.appmanager/lib-main
10-25 21:40:01.252 16579 16579 V fb-UnpackingSoSource: releasing dso store lock for /data/user/0/com.facebook.appmanager/lib-main
10-25 21:40:01.272 16592 16592 E Zygote : v2
10-25 21:40:01.272 16592 16592 I SELinux : Function: selinux_compare_spd_ram, index[1], SPD-policy is existed. and_ver=SEPF_SECMOBILE_6.0.1 ver=11
10-25 21:40:01.272 16592 16592 W SELinux : Function: selinux_compare_spd_ram, index[1], priority [2], priority version is VE=SEPF_SECMOBILE_6.0.1_0013
10-25 21:40:01.272 16592 16592 E Zygote : accessInfo : 0
10-25 21:40:01.272 16592 16592 W SELinux : SELinux: seapp_context_lookup: seinfo=default, level=s0:c512,c768, pkgname=com.microsoft.office.word
10-25 21:40:01.282 16579 16579 W com.facebook.appmanager:co: Verify
10-25 21:40:01.282 16592 16592 D TimaKeyStoreProvider: TimaSignature is unavailable
10-25 21:40:01.282 16592 16592 D ActivityThread: Added TimaKeyStore provider
10-25 21:40:01.292 16579 16579 D InjectionManager: InjectionManager
10-25 21:40:01.292 16579 16579 D InjectionManager: fillFeatureStoreMap com.facebook.appmanager
10-25 21:40:01.292 16579 16579 I InjectionManager: Constructor com.facebook.appmanager, Feature store :{}
10-25 21:40:01.292 16579 16579 I InjectionManager: featureStore :{}
10-25 21:40:01.302 16592 16592 I InjectionManager: Inside getClassLibPath + mLibMap{0=, 1=}
10-25 21:40:01.302 16592 16592 I InjectionManager: Inside getClassLibPath caller
10-25 21:40:01.332 16609 16609 E Zygote : v2
10-25 21:40:01.332 16609 16609 I SELinux : Function: selinux_compare_spd_ram, index[1], SPD-policy is existed. and_ver=SEPF_SECMOBILE_6.0.1 ver=11
10-25 21:40:01.332 16609 16609 W SELinux : Function: selinux_compare_spd_ram, index[1], priority [2], priority version is VE=SEPF_SECMOBILE_6.0.1_0013
10-25 21:40:01.332 16609 16609 E Zygote : accessInfo : 0
10-25 21:40:01.332 16609 16609 W SELinux : SELinux: seapp_context_lookup: seinfo=untrusted, level=s0:c512,c768, pkgname=com.google.android.apps.docs
10-25 21:40:01.342 3520 4534 E PackageManager: Failed to generatePackageInfoFromSettingsLPw, There isn't package setting object for
10-25 21:40:01.342 16592 16592 I MAMComponents: Not initializing MAM classes because the MDM package is not installed.
10-25 21:40:01.352 16609 16609 D TimaKeyStoreProvider: TimaSignature is unavailable
10-25 21:40:01.352 16609 16609 D ActivityThread: Added TimaKeyStore provider
10-25 21:40:01.352 16592 16592 I MultiDex: VM with version 2.1.0 has multidex support
10-25 21:40:01.352 16592 16592 I MultiDex: install
10-25 21:40:01.352 16592 16592 I MultiDex: VM has multidex support, MultiDex support library is disabled.
10-25 21:40:01.362 16609 16609 I InjectionManager: Inside getClassLibPath + mLibMap{0=, 1=}
10-25 21:40:01.362 16609 16609 I InjectionManager: Inside getClassLibPath caller
10-25 21:40:01.372 16592 16592 I AMEnrollmentStatusCache: No MAM enrollment status found.
10-25 21:40:01.372 16592 16592 D InjectionManager: InjectionManager
10-25 21:40:01.372 16592 16592 D InjectionManager: fillFeatureStoreMap com.microsoft.office.word
10-25 21:40:01.372 16592 16592 I InjectionManager: Constructor com.microsoft.office.word, Feature store :{}
10-25 21:40:01.372 16592 16592 I InjectionManager: featureStore :{}
10-25 21:40:01.372 16592 16592 I PreInstallService: PreInstallService created
10-25 21:40:01.372 3520 4387 D PackageManager: setEnabledSetting : userId = 0 packageName = com.facebook.appmanager cmp = com.facebook.oxygen.appmanager.crashmanager.CrashManagerActivity newState = 2 callingPackage = 10128
10-25 21:40:01.402 3172 3172 D AT_Distributor: Send Msg [UART > ATD] 1 bytes <>
10-25 21:40:01.422 3520 4645 D PackageManager: setEnabledSetting : userId = 0 packageName = com.facebook.appmanager cmp = com.facebook.oxygen.appmanager.firstparty.tos.ShouldShowTos newState = 2 callingPackage = 10128
10-25 21:40:01.422 3520 4750 D PackageManager: setEnabledSetting : userId = 0 packageName = com.facebook.appmanager cmp = com.facebook.oxygen.appmanager.nekodirect.NekoDirectService newState = 2 callingPackage = 10128
10-25 21:40:01.432 3520 5770 D PackageManager: setEnabledSetting : userId = 0 packageName = com.facebook.appmanager cmp = com.facebook.oxygen.appmanager.nekodirect.progress.ProgressContentProvider newState = 2 callingPackage = 10128
10-25 21:40:01.452 16592 16592 I PreInstallService: com.microsoft.office.powerpoint_APPTYPE full
10-25 21:40:01.452 16592 16592 I PreInstallService: com.microsoft.skydrive_APPTYPE full
10-25 21:40:01.452 16592 16592 I PreInstallService: com.microsoft.office.word_APPTYPE full
10-25 21:40:01.452 16592 16592 I PreInstallService: com.microsoft.office.onenote_APPTYPE full
10-25 21:40:01.452 16592 16592 I PreInstallService: com.microsoft.office.powerpoint_UPGRADED Yes
10-25 21:40:01.452 16592 16592 I PreInstallService: k2appUUID 992f713b-394d-37d1-966b-653e5ba30771
10-25 21:40:01.452 16592 16592 I PreInstallService: com.microsoft.office.word_UPGRADED Yes
10-25 21:40:01.452 16592 16592 I PreInstallService: com.microsoft.office.excel_APPTYPE full
10-25 21:40:01.452 16592 16592 I PreInstallService: com.microsoft.office.excel_UPGRADED Yes
10-25 21:40:01.452 16592 16592 I PreInstallService: PreInstallService Start Quasar
10-25 21:40:01.452 16592 16592 I PreInstallService: Trying to get IsDebugApp
10-25 21:40:01.452 16592 16592 I PreInstallService: is Release app
10-25 21:40:01.572 16609 16641 I GAv4 : Google Analytics 8.4.87 is starting up. To enable debug logging on a device run:
10-25 21:40:01.572 16609 16641 I GAv4 : adb shell setprop log.tag.GAv4 DEBUG
10-25 21:40:01.572 16609 16641 I GAv4 : adb logcat -s GAv4
10-25 21:40:01.582 16609 16641 W GAv4 : AnalyticsReceiver is not registered or is disabled. Register the receiver for reliable dispatching on non-Google Play devices. See http://goo.gl/8Rd3yj for instructions.
10-25 21:40:01.592 16609 16641 W GAv4 : CampaignTrackingReceiver is not registered, not exported or is disabled. Installation campaign tracking is not possible. See http://goo.gl/8Rd3yj for instructions.
10-25 21:40:01.592 16609 16644 W GAv4 : AnalyticsService not registered in the app manifest. Hits might not be delivered reliably. See http://goo.gl/8Rd3yj for instructions.
10-25 21:40:01.672 16609 16609 D InjectionManager: InjectionManager
10-25 21:40:01.672 16609 16609 D InjectionManager: fillFeatureStoreMap com.google.android.apps.docs
10-25 21:40:01.672 16609 16609 I InjectionManager: Constructor com.google.android.apps.docs, Feature store :{}
10-25 21:40:01.672 16609 16609 I InjectionManager: featureStore :{}
10-25 21:40:01.692 4371 9312 D PeopleNotiListenerService: onEdgeNotificationRemoved() : pkg com.google.android.apps.docs,id=10436,extra=Bundle[mParcelledData.dataSize=84]
10-25 21:40:01.692 4371 4371 D PeopleNotiListenerService: removeEdgeNotification:Bundle[{samsung.notification.id=10436, samsung.notification.type=normal, samsung.people.package_name=com.google.android.apps.docs}]
10-25 21:40:01.692 4371 4371 I PeopleStripeService: PeopleNotificationReceiver:3
10-25 21:40:01.692 4371 4371 I PeopleStripeService: sendEdgeNotification peopleEnabled true lightingEnabled true edgeEnabled true
10-25 21:40:01.692 4371 4371 I PeopleDataManager: removeNotification
