10-25 21:40:23.422 21059 21059 D [WeatherWidget(1177)] : {[73EAB9A6B1C382E6796BBD18F89C762CB8826FE94261435D33620C0FB53A2D6E992CE234CCC952459B361995F38476E4CCE6370DB5B24EBAB74F11661264211A0FEBC7F8ADC98F0975ADDFD8678EF787]}
10-25 21:40:23.422 4523 4523 D PanelDescriptionView: updateHelpView: Apps edge2130903045 --> 2130903045 helpview reapplied:0
10-25 21:40:23.432 21059 21059 D [WeatherWidget(1177)] : {[9FB27AF96A3460EBA2EF737E7BD1225357BF86C06DF9B1F2F6CA5C3D40D81D4C8D689882BA747DEDEDC0129E18B2CB075BE30AB4436960EF4B6AF8D3C1C65CCA]}
10-25 21:40:23.432 4523 4523 D AbstractCocktailPanelView: setPanelVisible: CocktailPortraitRemotePanelViewfalse will be hiden: 8
10-25 21:40:23.432 4523 4523 D CocktailBarPanelVisibilityManager: updateActivePanelView: vis=false screenOn=true onTransit=false -hide: 8 current Active: 8
10-25 21:40:23.432 4523 4523 E CocktailBarContainerView: updateContainerVisibility: 0
10-25 21:40:23.432 4523 4523 D AbstractCocktailPanelView: setPanelVisible: CocktailPortraitRemotePanelViewfalse will be hiden: 8
10-25 21:40:23.432 4523 4523 D CocktailBarPanelVisibilityManager: updateActivePanelView: vis=false screenOn=true onTransit=false -hide: 8 current Active: 8
10-25 21:40:23.432 4523 4523 E CocktailBarContainerView: updateContainerVisibility: 0
10-25 21:40:23.432 21059 21059 D [WeatherWidget(1177)] : {[7E49FF3321088531596C9B7C60C6CB13F2F64C9F1E3D137D4745E449E85B3DA726071F716F8FE3D1AC7A2029E5B7D6F2]}
10-25 21:40:23.432 21059 21059 D [WeatherWidget(1177)] : {[891A1A63A745C85D658E5B35E40158D130B02FB8DFC4D04F1A5FF889FA676753C3D02A1FD81D4AC32946472D36B70485B566A5E2A59040DBDAA1A16BE04CF787]}
10-25 21:40:23.432 21059 21059 D [WeatherWidget(1177)] : {[0F89E4659C793AB05BC1450DC633FD2BCAE8D252B9718E8BD3B89A605CA65B3DE2E4874F8BE8C284E758FF6BF3F45306]}
10-25 21:40:23.432 21059 21059 D [WeatherWidget(1177)] : {[F0673552CB76ECBB94655C12B98AE55FE1543CF3F666676BA6D0CCC58FBEEC4C58C647013D728C5109795E821E795B0D]}
10-25 21:40:23.432 21059 21059 D [WeatherWidget(1177)] : {[82F97B3D98DD1500ADB438FAC62490BC65234462363AAAD3CD45BAF555665F79331F54213A20372D41AAD0155AE1850A]}
10-25 21:40:23.432 21059 21059 D [WeatherWidget(1177)] : {[9D0CFECA4ED6A2A5833D871EA0EA3DFA97030459EA35269EFCE8BD8DE322B1FF419167CBB73549F4ECE00E09DF7F8DEB]}
10-25 21:40:23.432 21059 21059 D [WeatherWidget(1177)] : {[2A8463536DE7B6B6177F9E654079EB7920014A636ED295E867533A82068A0EA72F100D08BBA11563F1B97C74261CE7AE]}
10-25 21:40:23.432 21059 21059 D [WeatherWidget(1177)] : {[513935A50155FB8ED96AEF8FAA02F4C503EBA045D5A20EA21588F513B0BBCEF5978AEB5CFEE9E1A55315CC49E5351809]}
10-25 21:40:23.442 21059 21059 D [WeatherWidget(1177)] : {[AADA8E11BED18B9FC7DEE95D7DD324510ED96F72C0D8ACEED80595BBBC84B76F6B15A05C3F6A7554476584D625660EBA]}
10-25 21:40:23.442 21059 21059 D [WeatherWidget(1177)] : {[1DA75A4D4203EB86B8D84545A59EC8B643EB62FBAE998C24111809616B596F5CFE646FD657DF548620F6E285437A9FBF]}
10-25 21:40:23.442 21059 21059 D [WeatherWidget(1177)] : {[BB131508F63C73DC0ABD14BDBC0CA587F5FCB661C08B5067267918E9FA5A4959]}
10-25 21:40:23.442 21059 21059 D [WeatherWidget(1177)] : {[319CE276A6FC5261F27EF7613AEE2A2B95A5B5602264331BBA6451B2FD7B76568960A78DE09C855D77F5A4A80B88F673C986C05EB2FBC7372A3845D59AF732F1]}
10-25 21:40:23.442 21059 21059 D [WeatherWidget(1177)] : {[BAC8F9A292C96546468D59E48F4705D2208889905CFFC733E22333B1BF606B9A096E4B708AA856072400CC599BA23579]}
10-25 21:40:23.442 21059 21059 D [WeatherWidget(1177)] : {[59A9DDB51731907C1B6E6FA645FE8EBB27EC23BC95B3CAAE0FE62176AA1E092A]}
10-25 21:40:23.442 21059 21059 D [WeatherWidget(1177)] : {[87D956A96320CCDB7808C88A61B53825139E025C666E2C700ECC9384DA17A9FE769F8C4DE9657EE68F3E147DFBD6D9E2]}
10-25 21:40:23.442 21059 21059 D [WeatherWidget(1177)] : {[F4D818DE6762182B65BB70ED58740D9D8CAD86123574BBF3CE7052FF04DD4C63FCA16398ADFC0016B76DD6065DFEC586]}
10-25 21:40:23.442 21059 21059 D [WeatherWidget(1177)] : {[C36421F583CFA674400E19946906844DB5D8688AAEF80A9C5D7E7AB946067C9B3458BE529FFF85EB93C49D89093F97AE]}
10-25 21:40:23.442 21059 21059 D [WeatherWidget(1177)] : {[4EC178DE2094A94D38E010FBFB5275EA362CCD0DEBAB5BAF6DA8A394B0E7B5E252FEB4AD6D8C32FD34300DEAA817E3EA]}
10-25 21:40:23.442 21059 21059 D [WeatherWidget(1177)] : {[156288F8A4812455B51BF20997EC0184AD73F98D24904A1694E18DF5BCD77F5089D2D3F90B2CC9423C08DCC334A49D37]}
10-25 21:40:23.442 21059 21059 D [WeatherWidget(1177)] : {[D0202CFF4EBC5D2BAB60CD6E7E9C96B4CED3872D3DFBA56B635E22F6BA070FEF]}
10-25 21:40:23.452 21059 21059 D [WeatherWidget(1177)] : {[A3E6166BB88C77D8B67E50B8497E49CC5C6F76A262BB0FCEE033A306C5DA3DD5]}
10-25 21:40:23.452 21059 21059 D [WeatherWidget(1177)] DateTimeUtil: {[04598F923CD5394063C71C73750454BF91269387E69197FF1DA95CEF79005763870B6F5F9AE93CFB278B4DC4600142066C3EB8186220AA0F0A151827ABE33EDD38AB37A251318292A65D678ACBD3C4C91134031063B5ABDADFE021C1DD4A5B43]}
10-25 21:40:23.452 21059 21059 D [WeatherWidget(1177)] : {[F7FD120C3B8703AE17CE16AD35F2500601AAE611A9EDDAAC2122B0D801670005]}
10-25 21:40:23.452 21059 21059 D [WeatherWidget(1177)] : {[7A5E0574F3C51227BC17D0BAB9E44559E1B4EDE160842D8FCA47FBD8B02D921ED4E56E3DA6D84437787E3E790D9D40AC]}
10-25 21:40:23.452 21059 21059 D [WeatherWidget(1177)] : {[ECD35B599614A6A38524BC429E1DB3E7C99414A558B923D92A983E277DDED0367A3D9A336419467F10B92E28CF2CE112]}
10-25 21:40:23.462 4371 4371 D Utils : clearStartUpNotifyFlag: 2 resultFlag=1
10-25 21:40:23.462 16325 16325 V VRSVC : (HmtDeviceEventManager.java:109) wtkw [OnDeviceEvent onScreenOrientation start.]
10-25 21:40:23.462 16325 17243 D VRSVC : (LogEvent.java:115) yTqX [OnDeviceEvent onScreenOrientation orientation=2 hmtConnected=true]
10-25 21:40:23.462 16325 16325 V VRSVC : (HmtDeviceEventManager.java:101) wtkw [OnDeviceEvent onScreenOrientation finished. elapsedTime=0]
10-25 21:40:23.462 16325 16325 D VRSVC : (PopupManager.java:301) yTqX [updateStereoViewWindowOrientation() already StereoView detached]
10-25 21:40:23.462 4523 4523 I Utils : isCurrentUser current = 0, ownerId = 0
10-25 21:40:23.462 4523 4523 I TrayVisibilityController: updateTrayVisible : State : 257 visible = 2 mCurrentVisible = 1
10-25 21:40:23.462 4523 4523 D TrayStateController: setUiState: hide on landscape, requested=2
10-25 21:40:23.462 4523 4523 D TrayStateController: putInputRect mDynamicInputRegion=4221932@LastEvent=t=1477456823216Rect(18, 0 - 67, 588),Rect=Rect(0, 0 - 0, 0)
10-25 21:40:23.462 4371 4371 D ViewRootImpl: MSG_RESIZED: ci=Rect(0, 0 - 0, 0) vi=Rect(0, 0 - 0, 0) or=1
10-25 21:40:23.472 4130 4343 D NetworkController.MobileSignalController(0/2147483643): getMobileIconGroup(): 0
10-25 21:40:23.472 4130 4343 D NetworkController.MobileSignalController(0/2147483643): updateTMOMobileIconGroup(): 0
10-25 21:40:23.472 4130 4130 D ImageWallpaper: mNewKeyboard : 0 mLastKeyboard : 0
10-25 21:40:23.472 4130 4130 D WallpaperService: MSG_WINDOW_RESIZED
10-25 21:40:23.472 4523 4523 D TrayStateController: setUiState: 0 --> 2
10-25 21:40:23.472 16325 16325 D ViewRootImpl: MSG_RESIZED_REPORT: ci=Rect(0, 0 - 0, 0) vi=Rect(0, 0 - 0, 0) or=2
10-25 21:40:23.472 16325 16325 D ViewRootImpl: MSG_RESIZED_REPORT: ci=Rect(0, 0 - 0, 0) vi=Rect(0, 0 - 0, 0) or=2
10-25 21:40:23.472 16325 16325 D ViewRootImpl: MSG_RESIZED_REPORT: ci=Rect(0, 0 - 0, 0) vi=Rect(0, 0 - 0, 0) or=2
10-25 21:40:23.472 3520 3520 E Tethering: No numeric data
10-25 21:40:23.472 4130 4233 D vol.VolumeDialogControl: onReceive ACTION_CONFIGURATION_CHANGED
10-25 21:40:23.472 4130 4130 V WallpaperService: Wallpaper size has changed: (2560, 2560
10-25 21:40:23.472 4130 4130 D ImageWallpaper: onSurfaceRedrawNeeded: newRotation:2
10-25 21:40:23.472 4130 4130 D ImageWallpaper: updateSurfaceSize Width : 2560 Height: 2560
10-25 21:40:23.472 4130 4130 D ImageWallpaper: drawFrame() mXOffset:0.0 mYOffset:0.0
10-25 21:40:23.472 4130 4130 D libEGL : eglInitialize EGLDisplay = 0x7ffcac3728
10-25 21:40:23.472 4130 4130 D : ro.exynos.dss isEnabled: 0
10-25 21:40:23.482 4130 28179 D vol.VolumeDialogControl.VC: setLayoutDirection
10-25 21:40:23.482 4130 4130 D mali_winsys: new_window_surface returns 0x3000, [2560x2560]-format:2
10-25 21:40:23.482 4130 4130 D ImageWallpaper: drawWallpaperWithOpenGL() w:0 h:0 left:0 top:0
10-25 21:40:23.492 21059 21059 D [WeatherWidget(1177)] : {[5FB78522D7A85F98B5B0A93AC4ACDBBCF50D869C021BA0793F15AA9621CEEC24]}
10-25 21:40:23.492 4523 4523 D PanelDescriptionView: updateHelpView: Apps edge-1 --> 2130903045 helpview applied:7
10-25 21:40:23.492 21059 21059 D [WeatherWidget(1177)] : {[83B63E52DE8FBFF1D8E162345F4966B8F5BB4B9B5D09476DBE6BE441AE4FB0BA]}
10-25 21:40:23.492 16325 17296 D VRSVC_log: nativeVrGetFirmware result=R322XXU0AOJ1
10-25 21:40:23.492 16325 17296 V VRSVC : (HmtSensorEvent.java:157) wtkw [identifyVRDevice=R322XXU0AOJ1]
10-25 21:40:23.492 4523 4523 D TrayStateController: setUiState: hide on landscape, requested=2
10-25 21:40:23.502 21059 21059 D [WeatherWidget(1177)] : {[73EAB9A6B1C382E6796BBD18F89C762CB8826FE94261435D33620C0FB53A2D6E992CE234CCC952459B361995F38476E4CCE6370DB5B24EBAB74F11661264211A0FEBC7F8ADC98F0975ADDFD8678EF787]}
10-25 21:40:23.502 16325 16325 V VRSVC : (MonoActivity.java:156) onCreate [onCreate()]
10-25 21:40:23.502 21059 21059 D [WeatherWidget(1177)] : {[5CB09D66338B7398169B8C00C155C34CAAAC85A3C4F67FDC3FB8C85BFFFD962A15789C38818043DB621116B34600440835F63609F4B0175BC5CECD5656D7E6E7FAA6CBC7F8258CDCD288333E6B66A7CB]}
10-25 21:40:23.522 16325 16325 V VRSVC : (MonoActivity.java:186) onCreate [pending_intent intent=Intent { act=android.intent.action.MAIN cat=[android.intent.category.LAUNCHER] flg=0x10200000 cmp=com.foo.ProductName/com.unity3d.player.UnityPlayerActivity } pendingIntents=[PendingIntent{48a1437: android.os.BinderProxy@6a2a08}]]
10-25 21:40:23.522 16325 16325 V VRSVC : (MonoActivity.java:195) onCreate [top_activity=ComponentInfo{com.sec.android.app.launcher/com.sec.android.app.launcher.activities.LauncherActivity}]
10-25 21:40:23.532 3099 3289 I SurfaceFlinger: id=852 Removed DocktailBar (10/23)
10-25 21:40:23.532 3099 3287 I SurfaceFlinger: id=852 Removed DocktailBar (-2/23)
10-25 21:40:23.532 4371 4371 I PeopleStripeManager: isExistVisibleHandler false
10-25 21:40:23.532 4371 4371 I PeopleStripeManager: hideStripe
10-25 21:40:23.532 4371 4371 I PeopleStripeManager: isExistVisibleHandler false
10-25 21:40:23.532 4371 4371 I PeopleStripeManager: hideStripe
10-25 21:40:23.532 3099 3099 D libEGL : eglTerminate EGLDisplay = 0x7fc6961268
10-25 21:40:23.532 16325 17296 V VRSVC : (DistortionFileManager.java:104) wtkw [vr model=SM-R322 device=SM-G928T distortion=distortion/distortion_R322_G928.bin]
10-25 21:40:23.532 4371 4371 D PeopleStripeService: onStartCommand:INTENT_ACTION_PEOPLE_RESTART:true
10-25 21:40:23.532 16325 17296 V VRSVC : (DistortionFileManager.java:140) yTqX [copyAssetToFile.. assetPath=distortion/distortion_R322_G928.bin file=/storage/emulated/0/Oculus/defaultDistortion.bin overWrite=true]
10-25 21:40:23.532 17268 17268 D CatchNotificationsService: onStartCommand
10-25 21:40:23.542 16325 17296 V VRSVC : (DistortionFileManager.java:145) yTqX [delete /storage/emulated/0/Oculus/defaultDistortion.bin]
10-25 21:40:23.542 4130 4417 D BluetoothTile: handleUpdateState : supported = true, enabled = false, enabling = false, connected = false, connecting = false, mController.getLastDeviceName() = null
10-25 21:40:23.542 4371 4371 D CircleReceiver: CircleReceiver intentAction : com.samsung.android.service.peoplestripe.action.LISTENER_ON_BIND
10-25 21:40:23.542 4371 4371 D CircleReceiver: actionFilter-action : com.samsung.android.service.peoplestripe.action.LISTENER_ON_BIND
10-25 21:40:23.542 4523 4523 E AbstractCocktailPanelView: notifyPanelVisibilityChanged: visibility not changed 2 id: 8
10-25 21:40:23.542 4523 4523 D ViewRootImpl: MSG_RESIZED_REPORT: ci=Rect(0, 0 - 0, 0) vi=Rect(0, 0 - 0, 0) or=2
10-25 21:40:23.542 4523 4523 D CocktailBarUiController: onCocktailBarStateChanged: flag=0x1 vis=2 bgType=0 showTimeout=-1 activate=true
10-25 21:40:23.552 16325 16325 D Activity: performCreate Call Injection manager
10-25 21:40:23.562 3520 3520 I SecExternalDisplayIntents_Java: Intent Recieved .. -android.intent.action.USBHID_MOUSE_EVENTBroadCast Map value - 17
10-25 21:40:23.562 3520 3520 D SecExternalDisplayIntents_Java: Smart Dock Event Received !!!!! Dock Status : 1 HMT Status :true
10-25 21:40:23.562 16325 16325 V VRSVC : (MonoActivity.java:239) onStart [onStart()]
10-25 21:40:23.562 16325 16325 I InjectionManager: dispatchOnViewCreated > Target : com.samsung.android.hmt.vrsvc.MonoActivity isFragment :false
10-25 21:40:23.562 16325 16325 V VRSVC : (MonoActivity.java:245) onResume [onResume()]
10-25 21:40:23.582 4130 4417 D WifiCallingTile: getMode : true
10-25 21:40:23.582 4371 4371 D PeopleStripeManager: onVisibilityChanged : 2
10-25 21:40:23.582 4371 4371 D PeopleStripeVisibilityController: setHiddenEdgePanel enable=true
10-25 21:40:23.582 4371 4371 I PeopleStripeVisibilityController: updateStripeVisible : State 1025 visible = 2
10-25 21:40:23.582 4371 4371 I PeopleStripeManager: hideStripe
10-25 21:40:23.582 16325 16325 D ViewRootImpl: #1 mView = com.android.internal.policy.PhoneWindow$DecorView{c54a670 I.E...... R.....ID 0,0-0,0}
10-25 21:40:23.582 4130 4417 D AirplaneModeTile: getQSTileMultiState 2
10-25 21:40:23.582 4130 4417 D FlashlightTile: handleUpdateState : MultiState[visible=true,icon=ResourceIcon[resId=0x7f02035a],label=Flashlight,contentDescription=Flashlight Button Off.,dualLabelContentDescription=null,autoMirrorDrawable=false,secondaryLabel=null,textTruncate=true,value=2,bgValue=0] arg : null
10-25 21:40:23.582 4130 4417 D PersonalModeTile: getMState state = 2
10-25 21:40:23.582 3520 4604 D ISSUE_DEBUG: InputChannelName : b38fb90 com.samsung.android.hmt.vrsvc/com.samsung.android.hmt.vrsvc.MonoActivity
10-25 21:40:23.592 4130 4417 D NfcTile : getNfcTileState : nfcState 3
10-25 21:40:23.592 3520 4041 D ActivityManager: post active user change for 0 fullscreen true isFloatingActivity() false isHomeActivity() false
10-25 21:40:23.592 3520 4041 D KnoxTimeoutHandler: postActiveUserChange [MsgParam] userId: 0 fullscreen is true showWhenlocked is false
10-25 21:40:23.592 3520 3520 D KnoxTimeoutHandler: handleActiveUserChange [MsgParam] userId: 0 fullscreen is true showWhenlocked is false
10-25 21:40:23.592 3520 3520 I KnoxTimeoutHandler: Shared devices show user statefalse
10-25 21:40:23.592 3099 3287 D libEGL : eglTerminate EGLDisplay = 0x7f912c0e78
10-25 21:40:23.602 3099 3289 I SurfaceFlinger: id=857 Removed XaitActivit (4/22)
10-25 21:40:23.602 3099 4094 I SurfaceFlinger: id=857 Removed XaitActivit (-2/22)
10-25 21:40:23.602 3099 3099 D libEGL : eglTerminate EGLDisplay = 0x7fc6961268
10-25 21:40:23.622 16325 16402 D mali_winsys: new_window_surface returns 0x3000, [2560x1440]-format:1
10-25 21:40:23.622 4130 4130 D libEGL : eglTerminate EGLDisplay = 0x7ffcac37b8
10-25 21:40:23.622 3520 4167 V WindowStateAnimator: Finishing drawing window Window{e88d5a3 u0 d0 com.android.systemui.ImageWallpaper}: mDrawState=DRAW_PENDING
10-25 21:40:23.622 4130 4130 D ViewRootImpl: MSG_RESIZED_REPORT: ci=Rect(0, 0 - 0, 0) vi=Rect(0, 0 - 0, 0) or=2
10-25 21:40:23.622 4130 4130 D KeyguardCircleAffordanceView: setPreviewView: mRight=false,preview=android.widget.RelativeLayout{75e1768 I.E...... ......ID 0,0-1440,2560}
10-25 21:40:23.632 3520 4850 V WindowStateAnimator: Finishing drawing window Window{bdacd0b u0 d0 Mono background window}: mDrawState=DRAW_PENDING
10-25 21:40:23.632 3099 3099 D libEGL : eglInitialize EGLDisplay = 0x7fc6961138
10-25 21:40:23.632 3099 3099 D libEGL : eglTerminate EGLDisplay = 0x7fc69611c8
10-25 21:40:23.632 3099 3099 D libEGL : eglInitialize EGLDisplay = 0x7fc6961138
10-25 21:40:23.632 3099 3099 D libEGL : eglTerminate EGLDisplay = 0x7fc69611c8
10-25 21:40:23.642 16325 16402 D mali_winsys: new_window_surface returns 0x3000, [2560x1440]-format:1
10-25 21:40:23.652 4130 4130 D KeyguardCircleAffordanceView: setPreviewView: mRight=true,preview=android.widget.AbsoluteLayout{a1d781 I.E...... ......ID 0,0-1440,2560}
10-25 21:40:23.652 3520 4645 V WindowStateAnimator: Finishing drawing window Window{944b9ce u0 d0 Mono foreground window}: mDrawState=DRAW_PENDING
10-25 21:40:23.662 3099 3099 I SurfaceFlinger: id=864 createSurf (2560x1440),1 flag=404, NonoActivit
10-25 21:40:23.662 3520 3543 D InputDispatcher: Focus entered window: 16325
10-25 21:40:23.662 3520 3598 D PointerIcon: setMouseIconStyle1 pointerType: 1001 iconType:101 flag:0 pid:3520 uid:1000
10-25 21:40:23.662 3520 3598 D PointerIcon: setMouseCustomIcon IconType is same.101
10-25 21:40:23.662 3520 3598 D PointerIcon: setHoveringSpenIconStyle1 pointerType: 10001 iconType:1 flag:0 pid:3520 uid:1000
10-25 21:40:23.662 3520 3598 D PointerIcon: setHoveringSpenCustomIcon IconType is same.1
10-25 21:40:23.662 16325 16402 D mali_winsys: new_window_surface returns 0x3000, [2560x1440]-format:1
10-25 21:40:23.672 3099 3099 D libEGL : eglInitialize EGLDisplay = 0x7fc6961138
10-25 21:40:23.672 3099 3099 D libEGL : eglTerminate EGLDisplay = 0x7fc69611c8
10-25 21:40:23.672 16325 16325 V VRSVC : (HmtService.java:50) onStartCommand [onStartCommand() flags=0 startId=3 sys.hmt.connected=true]
10-25 21:40:23.672 16325 17241 V VRSVC : (HmtService.java:112) yTqX [onHandleIntent action=com.samsung.intent.action.HMT_MOUNT_EVENT]
10-25 21:40:23.682 16325 16325 V VRSVC : (DeviceEventReceiver.java:21) onReceive [action=android.hardware.usb.action.USB_DEVICE_ATTACHED]
10-25 21:40:23.682 4130 4130 D SecKeyguardClockView: onConfigurationChanged()
10-25 21:40:23.682 4130 4130 D SecKeyguardClockView: handleDelayedOnConfigurationChanged()
10-25 21:40:23.682 16325 17241 V VRSVC : (HmtService.java:197) yTqX [handleIntentProximitySensor type=1 docked=true mounted=false sensorEvent=true]
10-25 21:40:23.692 16325 16325 D VRSVC : (HmtReceiver.java:56) yTqX [handleIntentUSB usbState=1 /dev/bus/usb/001/002 class=0 subClass=0]
10-25 21:40:23.692 16325 17241 V VRSVC : (HmtDeviceEventManager.java:109) wtkw [OnDeviceEvent onProximitySensorEvent start.]
10-25 21:40:23.692 16325 17243 D VRSVC : (LogEvent.java:126) yTqX [OnDeviceEvent onProximitySensorEvent type=1 hmtConnected=true]
10-25 21:40:23.692 16325 17241 V VRSVC : (HmtDeviceEventManager.java:101) wtkw [OnDeviceEvent onProximitySensorEvent finished. elapsedTime=0]
10-25 21:40:23.692 16325 16325 D VRSVC : (MonoActivity.java:78) onReceive [action=com.samsung.intent.action.HMT_DOCK_STICKY_EVENT sticky=true]
10-25 21:40:23.692 16325 16325 V VRSVC : (MonoActivity.java:81) onReceive [dockState=1]
10-25 21:40:23.692 16325 16325 D VRSVC : (MonoActivity.java:93) onReceive [action=com.samsung.intent.action.HMT_MOUNT_STICKY_EVENT sticky=true]
10-25 21:40:23.692 16325 16325 V VRSVC : (MonoActivity.java:96) onReceive [mountState=0]
10-25 21:40:23.692 4130 4130 D KeyguardCarrierText: onConfigurationChanged:
10-25 21:40:23.692 3520 4167 D SecContentProvider2: query(), uri = 15 selection = getLockScreenHiddenItems
10-25 21:40:23.692 4130 4130 D KeyguardCarrierText: updateCarrierText(): isMultiSIMState: false
10-25 21:40:23.692 4130 4130 D KeyguardCarrierText: updateDate slot by SubID
10-25 21:40:23.692 16325 17241 V VRSVC : (HmtDeviceEventManager.java:109) wtkw [OnDeviceEvent onPreMount start.]
10-25 21:40:23.692 4130 4130 D KeyguardCarrierText: updateIntentData(): isMultiSIMState: falsesubId: 2147483643 phoneId:0plmn: Emergency onlySPN:
10-25 21:40:23.692 16325 17242 D VRSVC : (LogEvent.java:74) snDW [OnDeviceEvent onPreMount]
10-25 21:40:23.692 16325 17245 V VRSVC : (HmtMountEvent.java:24) snDW [onPreMount SystemProperties sys.hmt.mounted=true]
10-25 21:40:23.692 4130 4130 D KeyguardCarrierText: mSimState[0]ABSENT
10-25 21:40:23.692 4130 4130 D KeyguardCarrierText: mSimState[1]ABSENT
10-25 21:40:23.692 4130 4130 D KeyguardCarrierText: Getting plmn/spn sticky brdcst mPlmn:Emergency only / mSpn: phoneId:0 subId:2147483643 showPlmn: true showSpn:false
10-25 21:40:23.692 4130 4130 D KeyguardCarrierText: getStatusForIccState : SIM state = ABSENT
10-25 21:40:23.692 4130 4130 D KeyguardCarrierText: makeCarrierStringOnEmergencyCapable : mIsEmergencyCallCapable: true
10-25 21:40:23.692 4130 4130 D KeyguardCarrierText: concatenate : plmn = No SIM card, spn = Emergency only
10-25 21:40:23.692 4130 4130 D KeyguardCarrierText: getCarrierTextForSimState : SIM state = SimMissingcarrierText: No SIM card | Emergency only
10-25 21:40:23.692 4130 4130 D KeyguardCarrierText: Handling ABSENT , carrierTextForSimState = No SIM card | Emergency only
10-25 21:40:23.692 4130 4130 D KeyguardCarrierText: updateCarrierText insertedMultiSim = false
10-25 21:40:23.692 4130 4130 D KeyguardCarrierText: updateCarrierText State: Absent SIM Number = 0
10-25 21:40:23.702 17302 17302 E Zygote : v2
10-25 21:40:23.702 17302 17302 I SELinux : Function: selinux_compare_spd_ram, index[1], SPD-policy is existed. and_ver=SEPF_SECMOBILE_6.0.1 ver=11
10-25 21:40:23.702 17302 17302 W SELinux : Function: selinux_compare_spd_ram, index[1], priority [2], priority version is VE=SEPF_SECMOBILE_6.0.1_0013
10-25 21:40:23.702 17302 17302 E Zygote : accessInfo : 0
10-25 21:40:23.702 17302 17302 W SELinux : SELinux: seapp_context_lookup: seinfo=platform, level=s0:c512,c768, pkgname=com.samsung.android.sdk.professionalaudio.utility.jammonitor
10-25 21:40:23.702 3099 3099 D libEGL : eglInitialize EGLDisplay = 0x7fc6961138
10-25 21:40:23.712 16325 17241 V VRSVC : (HmtDeviceEventManager.java:101) wtkw [OnDeviceEvent onPreMount finished. elapsedTime=16]
10-25 21:40:23.712 16325 17241 V VRSVC : (HmtDeviceEventManager.java:109) wtkw [OnDeviceEvent onMount start.]
10-25 21:40:23.712 16325 17243 D VRSVC : (LogEvent.java:79) ZzLN [OnDeviceEvent onMount hmtConnected=true]
10-25 21:40:23.712 16325 17243 V VRSVC : (ScreenEvent.java:131) ZzLN [wakeup! onMount]
10-25 21:40:23.712 16325 17245 V VRSVC : (WirelessChargeControlEvent.java:65) wtkw [disableWirelessCharge isSupportWirelessCharge=true]
10-25 21:40:23.712 16325 17259 V VRSVC : (SoundUtil.java:86) run [play() await....]
10-25 21:40:23.712 16325 17259 V VRSVC : (SoundUtil.java:94) run [play() mLoadedSound=1]
10-25 21:40:23.712 4130 4130 D KeyguardCarrierText: Getting plmn/spn sticky brdcst for Absent case Emergency only/showPlmn: trueshowSpn: false phoneId:0 subId:2147483643
10-25 21:40:23.712 4130 4130 D KeyguardCarrierText: concatenate : plmn = Emergency only
10-25 21:40:23.712 4130 4130 D KeyguardCarrierText: makeCarrierStringOnEmergencyCapable : mIsEmergencyCallCapable: true
10-25 21:40:23.712 4130 4130 D KeyguardCarrierText: concatenate : plmn = No SIM card, spn = Emergency only
10-25 21:40:23.712 4130 4130 D KeyguardCarrierText: setText : displayText = No SIM card | Emergency only
10-25 21:40:23.712 3970 3970 D VRManagerServer: (VRManagerService.java:375) onReceive [action=com.samsung.intent.action.HMT_MOUNT_STICKY_EVENT sticky=false]
10-25 21:40:23.712 3970 3970 V VRManagerServer: (VRManagerService.java:378) onReceive [mountState=1]
10-25 21:40:23.712 16325 17243 V VRSVC : (ScreenEvent.java:135) ZzLN [remove lcd off message...]
10-25 21:40:23.712 3099 3099 D libEGL : eglInitialize EGLDisplay = 0x7fc6961138
10-25 21:40:23.722 16325 17259 W AudioTrack: AUDIO_OUTPUT_FLAG_FAST denied by client; transfer 4, track 44100 Hz, output 48000 Hz
10-25 21:40:23.732 4130 4137 V MediaPlayer-JNI: native_finalize
10-25 21:40:23.732 4130 4137 V MediaPlayer-JNI: release
10-25 21:40:23.732 3126 19918 W AudioPolicyIntefaceImpl: Skipped to add effects on session 516
10-25 21:40:23.732 3126 19918 I APM::AudioPolicyManager: startOutput() output 4, stream 3, session 516
10-25 21:40:23.732 16325 17242 V VRSVC : (SSRMDisableControlEvent.java:92) wtkw [ssrmStatus=0]
10-25 21:40:23.732 16325 17241 V VRSVC : (HmtDeviceEventManager.java:101) wtkw [OnDeviceEvent onMount finished. elapsedTime=23]
10-25 21:40:23.732 17302 17302 D TimaKeyStoreProvider: TimaSignature is unavailable
10-25 21:40:23.732 17302 17302 D ActivityThread: Added TimaKeyStore provider
10-25 21:40:23.732 16325 17241 V VRSVC : (HmtDeviceEventManager.java:109) wtkw [OnDeviceEvent onPostMount start.]
10-25 21:40:23.732 3126 3796 I AudioMixer: create resampler src 44100, 2, dst 48000, 2
10-25 21:40:23.732 3126 3796 D SoundAliveResampler: [SoundAliveResampler] Init+++
10-25 21:40:23.732 16325 17245 D VRSVC : (LogEvent.java:84) IOpR [OnDeviceEvent onPostMount]
10-25 21:40:23.732 16325 17242 V VRSVC : (TouchControlEvent.java:81) wtkw [setTouchControl value=0]
10-25 21:40:23.732 16325 17244 V VRSVC : (HmtMountEvent.java:31) IOpR [onPostMount sendHmtMountEvent]
10-25 21:40:23.742 16325 17244 V VRSVC : (HmtMountEvent.java:34) IOpR [onPostMount send proximity mount to compatibility]
10-25 21:40:23.742 3520 3520 I AudioService: HMT mount!
10-25 21:40:23.742 3520 3543 V WindowStateAnimator: Finishing drawing window Window{b38fb90 u0 d0 com.samsung.android.hmt.vrsvc/com.samsung.android.hmt.vrsvc.MonoActivity}: mDrawState=DRAW_PENDING
10-25 21:40:23.742 16325 16325 D ViewRootImpl: MSG_RESIZED_REPORT: ci=Rect(0, 0 - 0, 0) vi=Rect(0, 0 - 0, 0) or=2
10-25 21:40:23.742 3520 4534 D InputMethodManagerService: windowGainedFocus mCurrentFocusedUserId - 0 and mSecureKeypadEnabled-false
10-25 21:40:23.752 3099 3099 D libEGL : eglInitialize EGLDisplay = 0x7fc6961138
10-25 21:40:23.752 16325 17241 V VRSVC : (HmtDeviceEventManager.java:101) wtkw [OnDeviceEvent onPostMount finished. elapsedTime=15]
10-25 21:40:23.762 17302 17302 I InjectionManager: Inside getClassLibPath + mLibMap{0=, 1=}
10-25 21:40:23.762 3520 3598 D KnoxTimeoutHandler: notifyActivityDrawn [MsgParam] userId: 0 fullscreen is true showWhenlocked is false
10-25 21:40:23.762 3520 3520 D KnoxTimeoutHandler: activityDrawn [MsgParam] userId: 0 fullscreen is true showWhenlocked is false
10-25 21:40:23.762 3520 3598 D KnoxTimeoutHandler: notifyActivityDrawn [MsgParam] userId: 0 fullscreen is true showWhenlocked is false
10-25 21:40:23.762 13979 13979 D SamsungIME: IMPL finishInput
10-25 21:40:23.762 13979 13979 D SamsungIME: SwiftKeyWrapper writeDBdataToFileOnFinishInput
10-25 21:40:23.762 13979 13979 D SamsungIME: saveAndClear +
10-25 21:40:23.762 13979 13979 D SamsungIME: saveAndClear -
10-25 21:40:23.762 3520 3598 D KnoxTimeoutHandler: notifyActivityDrawn [MsgParam] userId: 0 fullscreen is true showWhenlocked is false
10-25 21:40:23.762 3520 3598 D KnoxTimeoutHandler: notifyActivityDrawn [MsgParam] userId: 0 fullscreen is true showWhenlocked is false
10-25 21:40:23.762 16325 16325 V VRSVC : (HmtService.java:50) onStartCommand [onStartCommand() flags=0 startId=4 sys.hmt.connected=true]
10-25 21:40:23.762 16325 17241 V VRSVC : (HmtService.java:112) yTqX [onHandleIntent action=com.samsung.intent.action.HMT_USB_EVENT]
10-25 21:40:23.762 16325 16325 D VRSVC : (MonoScreenEvent.java:115) wtkw [cancelHideMonoForeground. canceled.]
10-25 21:40:23.762 16325 16325 D VRSVC : (MonoScreenEvent.java:116) yTqX [dismissMonoForegroundDelayed delayMillis=500 animate=true]
10-25 21:40:23.762 3126 3796 D AudioFlinger: mixer(0xede40000) throttle end: throttle time(1)
10-25 21:40:23.762 3520 3598 D KnoxTimeoutHandler: notifyActivityDrawn [MsgParam] userId: 0 fullscreen is true showWhenlocked is false
10-25 21:40:23.762 3520 3598 D KnoxTimeoutHandler: notifyActivityDrawn [MsgParam] userId: 0 fullscreen is true showWhenlocked is false
10-25 21:40:23.762 16325 16325 D VRSVC : (MonoActivity.java:93) onReceive [action=com.samsung.intent.action.HMT_MOUNT_STICKY_EVENT sticky=false]
10-25 21:40:23.762 3520 3598 D KnoxTimeoutHandler: notifyActivityDrawn [MsgParam] userId: 0 fullscreen is true showWhenlocked is false
10-25 21:40:23.762 3520 3598 D KnoxTimeoutHandler: notifyActivityDrawn [MsgParam] userId: 0 fullscreen is true showWhenlocked is false
10-25 21:40:23.762 3520 3598 D KnoxTimeoutHandler: notifyActivityDrawn [MsgParam] userId: 0 fullscreen is true showWhenlocked is false
10-25 21:40:23.762 16325 16325 V VRSVC : (MonoActivity.java:96) onReceive [mountState=1]
10-25 21:40:23.762 3520 3598 D KnoxTimeoutHandler: notifyActivityDrawn [MsgParam] userId: 0 fullscreen is true showWhenlocked is false
10-25 21:40:23.762 3520 3598 D KnoxTimeoutHandler: notifyActivityDrawn [MsgParam] userId: 0 fullscreen is true showWhenlocked is false
10-25 21:40:23.762 3520 3598 D KnoxTimeoutHandler: notifyActivityDrawn [MsgParam] userId: 0 fullscreen is true showWhenlocked is false
10-25 21:40:23.762 16325 16325 V VRSVC : (MonoActivity.java:105) yTqX [handlePendingIntent mPendingIntents.size=1]
10-25 21:40:23.762 3520 3598 I ActivityManager: Displayed com.samsung.android.hmt.vrsvc/.MonoActivity: +494ms
10-25 21:40:23.762 3520 3598 I Timeline: Timeline: Activity_windows_visible id: ActivityRecord{a386273 u0 com.samsung.android.hmt.vrsvc/.MonoActivity t712} time:84264859
10-25 21:40:23.762 16325 16325 V VRSVC : (MonoActivity.java:113) yTqX [handlePendingIntent i=0 pIntent=Intent { act=android.intent.action.MAIN cat=[android.intent.category.LAUNCHER] flg=0x10200000 cmp=com.foo.ProductName/com.unity3d.player.UnityPlayerActivity } mTopActivity=ComponentInfo{com.sec.android.app.launcher/com.sec.android.app.launcher.activities.LauncherActivity}]
10-25 21:40:23.772 13979 13979 D SamsungIME: onStartInput: No inputType, No imeOption, isInputViewShown = false, isExtractViewShown = false, isShowInputRequested = false, isConfigChanged = false
10-25 21:40:23.772 3099 3289 D libEGL : eglTerminate EGLDisplay = 0x7f9107ee78
10-25 21:40:23.772 3099 3289 D libEGL : eglTerminate EGLDisplay = 0x7f9107ee78
10-25 21:40:23.772 16325 16325 V VRSVC : (MonoActivity.java:118) yTqX [taskAffinity2dActivity=com.sec.android.app.launcher taskAffinityVRActivity=com.foo.ProductName]
10-25 21:40:23.772 16325 16325 V VRSVC : (MonoActivity.java:125) yTqX [task affinity ok.]
10-25 21:40:23.772 16325 16325 I VRSVC : (MonoActivity.java:132) yTqX [mPendingIntent send! intent=Intent { act=android.intent.action.MAIN cat=[android.intent.category.LAUNCHER] flg=0x10200000 cmp=com.foo.ProductName/com.unity3d.player.UnityPlayerActivity }]
10-25 21:40:23.772 4130 4323 D mali_winsys: new_window_surface returns 0x3000, [2560x84]-format:1
10-25 21:40:23.772 4130 4130 D KeyguardEffectViewController: onLayoutChange() v: com.android.keyguard.effect.EffectBehindView{1728aa1 I.E...... ......ID 0,0-2560,84 #7f0e0325 app:id/keyguard_effect_behind}, bottom : 84, oldBottom : 84
10-25 21:40:23.772 4130 4130 W View : requestLayout() improperly called by com.android.systemui.qs.QSContainer{f2c55b1 V.E...... ......ID 0,406-2560,1058 #7f0e01b7 app:id/quick_settings_container} during layout: running second layout pass
10-25 21:40:23.772 4130 4130 I ViewRootImpl: requestLayout is already in process
10-25 21:40:23.782 3520 3520 I KnoxTimeoutHandler: SD activityfalse
10-25 21:40:23.782 3520 3520 D KnoxTimeoutHandler: activityDrawn [MsgParam] userId: 0 fullscreen is true showWhenlocked is false
10-25 21:40:23.782 3520 3520 I KnoxTimeoutHandler: SD activityfalse
10-25 21:40:23.782 16325 17241 V VRSVC : (HmtService.java:234) yTqX [handleIntentUSB dockState=1 device=/dev/bus/usb/001/002 class=0 subclass=0]
10-25 21:40:23.782 3520 3520 D KnoxTimeoutHandler: activityDrawn [MsgParam] userId: 0 fullscreen is true showWhenlocked is false
10-25 21:40:23.782 17302 17302 I InjectionManager: Inside getClassLibPath caller
10-25 21:40:23.782 16325 17241 V VRSVC : (HmtDeviceEventManager.java:109) wtkw [OnDeviceEvent onUSBStateChanged start.]
10-25 21:40:23.782 16325 17245 V VRSVC : (USBDeviceEvent.java:48) yTqX [onUSBStateChanged usbState=1]
10-25 21:40:23.782 3520 3520 I KnoxTimeoutHandler: SD activityfalse
10-25 21:40:23.782 3520 3520 D KnoxTimeoutHandler: activityDrawn [MsgParam] userId: 0 fullscreen is true showWhenlocked is false
10-25 21:40:23.782 16325 17245 V VRSVC : (USBDeviceEvent.java:50) yTqX [ignore gearvr usb event]
10-25 21:40:23.782 3520 3520 I KnoxTimeoutHandler: SD activityfalse
10-25 21:40:23.782 3520 3520 D KnoxTimeoutHandler: activityDrawn [MsgParam] userId: 0 fullscreen is true showWhenlocked is false
10-25 21:40:23.782 3520 3520 I KnoxTimeoutHandler: SD activityfalse
10-25 21:40:23.782 3520 3520 D KnoxTimeoutHandler: activityDrawn [MsgParam] userId: 0 fullscreen is true showWhenlocked is false
10-25 21:40:23.782 3520 3598 D ViewRootImpl: #3 mView = null
10-25 21:40:23.782 3520 3520 I KnoxTimeoutHandler: SD activityfalse
10-25 21:40:23.782 3099 3287 I SurfaceFlinger: id=862 Removed wrsvc (5/22)
10-25 21:40:23.782 3520 3520 D KnoxTimeoutHandler: activityDrawn [MsgParam] userId: 0 fullscreen is true showWhenlocked is false
10-25 21:40:23.782 3099 4094 I SurfaceFlinger: id=862 Removed wrsvc (-2/22)
10-25 21:40:23.782 3520 3520 I KnoxTimeoutHandler: SD activityfalse
10-25 21:40:23.782 3520 3520 D KnoxTimeoutHandler: activityDrawn [MsgParam] userId: 0 fullscreen is true showWhenlocked is false
10-25 21:40:23.782 3520 3598 D KnoxTimeoutHandler: notifyActivityDrawn [MsgParam] userId: 0 fullscreen is true showWhenlocked is true
10-25 21:40:23.782 3126 3677 I APM::AudioPolicyManager: stopOutput() output 4, stream 5, session 515
10-25 21:40:23.782 3520 3520 I KnoxTimeoutHandler: SD activityfalse
10-25 21:40:23.782 3520 3520 D KnoxTimeoutHandler: activityDrawn [MsgParam] userId: 0 fullscreen is true showWhenlocked is false
10-25 21:40:23.782 3520 3520 I KnoxTimeoutHandler: SD activityfalse
10-25 21:40:23.782 3520 3520 D KnoxTimeoutHandler: activityDrawn [MsgParam] userId: 0 fullscreen is true showWhenlocked is false
10-25 21:40:23.782 3520 3520 I KnoxTimeoutHandler: SD activityfalse
10-25 21:40:23.782 3520 3520 D KnoxTimeoutHandler: activityDrawn [MsgParam] userId: 0 fullscreen is true showWhenlocked is false
10-25 21:40:23.782 3520 3520 I KnoxTimeoutHandler: SD activityfalse
10-25 21:40:23.782 3520 3520 D KnoxTimeoutHandler: activityDrawn [MsgParam] userId: 0 fullscreen is true showWhenlocked is false
10-25 21:40:23.782 3520 3520 I KnoxTimeoutHandler: SD activityfalse
10-25 21:40:23.792 3520 3520 D KnoxTimeoutHandler: activityDrawn [MsgParam] userId: 0 fullscreen is true showWhenlocked is true
10-25 21:40:23.792 3520 3520 I KnoxTimeoutHandler: SD activityfalse
10-25 21:40:23.792 17302 17302 D InjectionManager: InjectionManager
10-25 21:40:23.792 17302 17302 D InjectionManager: fillFeatureStoreMap com.samsung.android.sdk.professionalaudio.utility.jammonitor
10-25 21:40:23.792 17302 17302 I InjectionManager: Constructor com.samsung.android.sdk.professionalaudio.utility.jammonitor, Feature store :{}
10-25 21:40:23.792 17302 17302 I InjectionManager: featureStore :{}
10-25 21:40:23.802 3099 3099 D libEGL : eglTerminate EGLDisplay = 0x7fc6961268
10-25 21:40:23.802 3099 3099 D libEGL : eglInitialize EGLDisplay = 0x7fc6961138
10-25 21:40:23.802 3099 3099 D libEGL : eglTerminate EGLDisplay = 0x7fc69611c8
10-25 21:40:23.812 3520 4387 V WindowStateAnimator: Finishing drawing window Window{80318d3 u0 d0 StatusBar}: mDrawState=DRAW_PENDING
10-25 21:40:23.812 4130 4130 D vol.SecVolumeDialog: updateWindowWidth lp.width=1420
10-25 21:40:23.812 4130 4130 D Clock : received broadcast android.intent.action.CONFIGURATION_CHANGED
10-25 21:40:23.812 3520 4041 D InputDispatcher: Focused application set to: xxxx
10-25 21:40:23.812 3520 4041 D InputDispatcher: Focus left window: 16325
10-25 21:40:23.812 16325 16325 V VRSVC : (MonoActivity.java:134) yTqX [send ok!]
10-25 21:40:23.812 3520 3598 D ViewRootImpl: #1 mView = com.android.internal.policy.PhoneWindow$DecorView{277f766 V.E...... R.....ID 0,0-0,0}
10-25 21:40:23.812 3520 3598 D ISSUE_DEBUG: InputChannelName : c6feb54 Starting com.foo.ProductName
10-25 21:40:23.812 3099 3099 I SurfaceFlinger: id=865 createSurf (1x1),2 flag=404, QroductName
10-25 21:40:23.812 16325 17243 D VRSVC : (LogEvent.java:177) yTqX [onUSBStateChanged usbstate=1 topActivity=com.foo.ProductName/com.unity3d.player.UnityPlayerActivity hmtConnected=true]
10-25 21:40:23.812 16325 17241 V VRSVC : (HmtDeviceEventManager.java:101) wtkw [OnDeviceEvent onUSBStateChanged finished. elapsedTime=35]
10-25 21:40:23.822 3520 3598 D KnoxTimeoutHandler: notifyActivityDrawn [MsgParam] userId: 0 fullscreen is true showWhenlocked is true
10-25 21:40:23.822 3520 3520 D KnoxTimeoutHandler: activityDrawn [MsgParam] userId: 0 fullscreen is true showWhenlocked is true
10-25 21:40:23.822 3520 3520 I KnoxTimeoutHandler: SD activityfalse
10-25 21:40:23.832 4130 4130 D SecKeyguardClockView: HomeTimezone(): 1
10-25 21:40:23.832 4130 4130 D SecKeyguardClockView: isDualClockSetting, isHomeTimeZoneExist, isEasyUxOn, mIsNetworkRoaming: true, false, false, false
10-25 21:40:23.832 4130 4130 D SecKeyguardClockView: handleUpdateClock() >> START >> Text Single Clock will be inflated.
10-25 21:40:23.832 3099 3099 D libEGL : eglInitialize EGLDisplay = 0x7fc6961138
10-25 21:40:23.832 4130 4130 V KeyguardUpdateMonitor: *** unregister callback for com.android.keyguard.status.KeyguardDateView$3@cd97d2d
10-25 21:40:23.832 4130 4130 V KeyguardUpdateMonitor: *** unregister callback for com.android.keyguard.status.SecKeyguardClockSingleView$2@a46fed6
10-25 21:40:23.832 3520 3598 D KnoxTimeoutHandler: notifyActivityDrawn [MsgParam] userId: 0 fullscreen is true showWhenlocked is true
10-25 21:40:23.832 3520 3520 D KnoxTimeoutHandler: activityDrawn [MsgParam] userId: 0 fullscreen is true showWhenlocked is true
10-25 21:40:23.832 3520 3520 I KnoxTimeoutHandler: SD activityfalse
10-25 21:40:23.832 3520 5770 V WindowStateAnimator: Finishing drawing window Window{b38fb90 u0 d0 com.samsung.android.hmt.vrsvc/com.samsung.android.hmt.vrsvc.MonoActivity}: mDrawState=HAS_DRAWN
10-25 21:40:23.832 16325 16325 V VRSVC : (MonoActivity.java:259) onPause [onPause() destroyed=false finishing=false]
10-25 21:40:23.842 4130 4130 D Minikin : FontFamily bestFont == NULL, so return vacant FakedFont
10-25 21:40:23.842 4130 4130 D Minikin : FontFamily bestFont == NULL, so return vacant FakedFont
10-25 21:40:23.842 4130 4130 D Minikin : FontFamily bestFont == NULL, so return vacant FakedFont
10-25 21:40:23.842 3520 3598 D PointerIcon: setMouseIconStyle1 pointerType: 1001 iconType:101 flag:0 pid:3520 uid:1000
10-25 21:40:23.842 3520 3598 D PointerIcon: setMouseCustomIcon IconType is same.101
10-25 21:40:23.842 3520 3598 D PointerIcon: setHoveringSpenIconStyle1 pointerType: 10001 iconType:1 flag:0 pid:3520 uid:1000
10-25 21:40:23.842 3520 3598 D PointerIcon: setHoveringSpenCustomIcon IconType is same.1
10-25 21:40:23.842 3520 3598 D ViewRootImpl: MSG_RESIZED_REPORT: ci=Rect(0, 0 - 0, 0) vi=Rect(0, 0 - 0, 0) or=2
10-25 21:40:23.852 17329 17329 E Zygote : v2
10-25 21:40:23.852 17329 17329 I SELinux : Function: selinux_compare_spd_ram, index[1], SPD-policy is existed. and_ver=SEPF_SECMOBILE_6.0.1 ver=11
10-25 21:40:23.852 17329 17329 W SELinux : Function: selinux_compare_spd_ram, index[1], priority [2], priority version is VE=SEPF_SECMOBILE_6.0.1_0013
10-25 21:40:23.852 17329 17329 E Zygote : accessInfo : 0
10-25 21:40:23.852 17329 17329 W SELinux : SELinux: seapp_context_lookup: seinfo=default, level=s0:c512,c768, pkgname=com.foo.ProductName
10-25 21:40:23.852 4130 4130 D SecKeyguardClockSingleView: font effect info: null
10-25 21:40:23.862 16325 16325 I Timeline: Timeline: Activity_idle id: android.os.BinderProxy@bf8ae04 time:84264950
10-25 21:40:23.862 4130 4130 V KeyguardUpdateMonitor: *** register callback for com.android.keyguard.status.SecKeyguardClockSingleView$2@4773ee
10-25 21:40:23.862 4130 4130 V KeyguardUpdateMonitor: *** unregister callback for null
10-25 21:40:23.862 3520 3598 V WindowStateAnimator: Finishing drawing window Window{c6feb54 u0 d0 Starting com.foo.ProductName}: mDrawState=DRAW_PENDING
10-25 21:40:23.862 3520 3598 D KnoxTimeoutHandler: notifyActivityDrawn [MsgParam] userId: 0 fullscreen is true showWhenlocked is true
10-25 21:40:23.862 3520 3520 D KnoxTimeoutHandler: activityDrawn [MsgParam] userId: 0 fullscreen is true showWhenlocked is true
10-25 21:40:23.862 3520 3520 I KnoxTimeoutHandler: SD activityfalse
10-25 21:40:23.862 3099 3099 I SurfaceFlinger: id=866 createSurf (2880x2560),-1 flag=20004, ClackSurfac
10-25 21:40:23.862 3099 3099 D libEGL : eglInitialize EGLDisplay = 0x7fc6961138
10-25 21:40:23.872 3099 3099 I SurfaceFlinger: id=867 createSurf (1440x5120),-1 flag=20004, ClackSurfac
10-25 21:40:23.872 16325 16325 V VRSVC : (WaitActivity.java:306) onDestroy [onDestroy() isDestroyed=true isFinishing=true]
10-25 21:40:23.872 3099 3099 I SurfaceFlinger: id=868 createSurf (2880x2560),-1 flag=20004, ClackSurfac
10-25 21:40:23.872 16325 16325 D ViewRootImpl: #3 mView = null
10-25 21:40:23.872 3099 3099 I SurfaceFlinger: id=869 createSurf (1440x5120),-1 flag=20004, ClackSurfac
10-25 21:40:23.872 3520 3598 D InputDispatcher: setInputDispatchMode: enabled=1, frozen=0
10-25 21:40:23.872 17329 17329 D TimaKeyStoreProvider: TimaSignature is unavailable
10-25 21:40:23.872 17329 17329 D ActivityThread: Added TimaKeyStore provider
10-25 21:40:23.882 3520 4534 D KnoxTimeoutHandler: notifyActivityDrawn [MsgParam] userId: 0 fullscreen is true showWhenlocked is true
10-25 21:40:23.882 3520 3520 D KnoxTimeoutHandler: activityDrawn [MsgParam] userId: 0 fullscreen is true showWhenlocked is true
10-25 21:40:23.882 4130 4130 V KeyguardUpdateMonitor: *** register callback for com.android.keyguard.status.KeyguardDateView$3@de1e725
10-25 21:40:23.882 4130 4130 V KeyguardUpdateMonitor: *** unregister callback for null
10-25 21:40:23.882 4130 4130 D SecKeyguardClockView: handleUpdateClock() << END << Clock is inflated.
10-25 21:40:23.882 3520 3520 I KnoxTimeoutHandler: SD activityfalse
10-25 21:40:23.882 3520 4017 D KnoxTimeoutHandler: notifyActivityDrawn [MsgParam] userId: 0 fullscreen is true showWhenlocked is true
10-25 21:40:23.882 3520 3520 D KnoxTimeoutHandler: activityDrawn [MsgParam] userId: 0 fullscreen is true showWhenlocked is true
10-25 21:40:23.882 3520 3520 I KnoxTimeoutHandler: SD activityfalse
10-25 21:40:23.882 3520 4017 I InputDispatcher: Delivering touch to (16325): action: 0x9, toolType: 3
10-25 21:40:23.892 3520 4533 D KnoxTimeoutHandler: notifyActivityDrawn [MsgParam] userId: 0 fullscreen is true showWhenlocked is true
10-25 21:40:23.892 3520 3520 D KnoxTimeoutHandler: activityDrawn [MsgParam] userId: 0 fullscreen is true showWhenlocked is true
10-25 21:40:23.892 3520 3520 I KnoxTimeoutHandler: SD activityfalse
10-25 21:40:23.902 3099 3099 D libEGL : eglInitialize EGLDisplay = 0x7fc6961138
10-25 21:40:23.912 17329 17329 I InjectionManager: Inside getClassLibPath + mLibMap{0=, 1=}
10-25 21:40:23.912 3099 4094 D libEGL : eglTerminate EGLDisplay = 0x7f8b5c6e78
10-25 21:40:23.912 17329 17329 I InjectionManager: Inside getClassLibPath caller
10-25 21:40:23.912 17329 17329 D InjectionManager: InjectionManager
10-25 21:40:23.912 17329 17329 D InjectionManager: fillFeatureStoreMap com.foo.ProductName
10-25 21:40:23.912 3099 3099 D libEGL : eglInitialize EGLDisplay = 0x7fc6961138
10-25 21:40:23.912 17329 17329 I InjectionManager: Constructor com.foo.ProductName, Feature store :{}
10-25 21:40:23.912 17329 17329 I InjectionManager: featureStore :{}
10-25 21:40:23.912 3520 4533 D KnoxTimeoutHandler: notifyActivityDrawn [MsgParam] userId: 0 fullscreen is true showWhenlocked is true
10-25 21:40:23.912 3520 3520 D KnoxTimeoutHandler: activityDrawn [MsgParam] userId: 0 fullscreen is true showWhenlocked is true
10-25 21:40:23.922 3520 3520 I KnoxTimeoutHandler: SD activityfalse
10-25 21:40:23.922 16325 16325 V VRSVC : (HmtSensorEvent.java:328) handleMessage [sensor open!]
10-25 21:40:23.972 17329 17329 D Activity: performCreate Call Injection manager
10-25 21:40:23.992 3520 4850 D KnoxTimeoutHandler: notifyActivityDrawn [MsgParam] userId: 0 fullscreen is true showWhenlocked is true
10-25 21:40:23.992 3520 3520 D KnoxTimeoutHandler: activityDrawn [MsgParam] userId: 0 fullscreen is true showWhenlocked is true
10-25 21:40:23.992 3520 3520 I KnoxTimeoutHandler: SD activityfalse
10-25 21:40:23.992 3520 4850 D KnoxTimeoutHandler: notifyActivityDrawn [MsgParam] userId: 0 fullscreen is true showWhenlocked is true
10-25 21:40:23.992 3520 3520 D KnoxTimeoutHandler: activityDrawn [MsgParam] userId: 0 fullscreen is true showWhenlocked is true
10-25 21:40:23.992 3520 3520 I KnoxTimeoutHandler: SD activityfalse
10-25 21:40:23.992 3520 4850 D InputDispatcher: Focused application set to: xxxx
10-25 21:40:23.992 17329 17329 I InjectionManager: dispatchOnViewCreated > Target : com.unity3d.player.UnityPlayerActivity isFragment :false
10-25 21:40:23.992 3520 3598 D KnoxTimeoutHandler: notifyActivityDrawn [MsgParam] userId: 0 fullscreen is true showWhenlocked is true
10-25 21:40:23.992 3520 3520 D KnoxTimeoutHandler: activityDrawn [MsgParam] userId: 0 fullscreen is true showWhenlocked is true
10-25 21:40:23.992 3520 3520 I KnoxTimeoutHandler: SD activityfalse
10-25 21:40:24.002 17329 17329 D ViewRootImpl: #1 mView = com.android.internal.policy.PhoneWindow$DecorView{7010b77 I.E...... R.....ID 0,0-0,0}
10-25 21:40:24.012 3520 4750 D ISSUE_DEBUG: InputChannelName : 24a0d25 com.foo.ProductName/com.unity3d.player.UnityPlayerActivity
10-25 21:40:24.012 3520 3543 D ActivityManager: post active user change for 0 fullscreen true isFloatingActivity() false isHomeActivity() false
10-25 21:40:24.012 3520 3543 D KnoxTimeoutHandler: postActiveUserChange [MsgParam] userId: 0 fullscreen is true showWhenlocked is false
10-25 21:40:24.012 3520 3520 D KnoxTimeoutHandler: handleActiveUserChange [MsgParam] userId: 0 fullscreen is true showWhenlocked is false
10-25 21:40:24.012 3520 3520 I KnoxTimeoutHandler: Shared devices show user statefalse
10-25 21:40:24.022 3520 4387 D KnoxTimeoutHandler: notifyActivityDrawn [MsgParam] userId: 0 fullscreen is true showWhenlocked is true
10-25 21:40:24.022 3520 3520 D KnoxTimeoutHandler: activityDrawn [MsgParam] userId: 0 fullscreen is true showWhenlocked is true
10-25 21:40:24.022 3520 3520 I KnoxTimeoutHandler: SD activityfalse
10-25 21:40:24.022 3520 4387 D KnoxTimeoutHandler: notifyActivityDrawn [MsgParam] userId: 0 fullscreen is true showWhenlocked is true
10-25 21:40:24.022 3520 3520 D KnoxTimeoutHandler: activityDrawn [MsgParam] userId: 0 fullscreen is true showWhenlocked is true
10-25 21:40:24.022 3520 3520 I KnoxTimeoutHandler: SD activityfalse
10-25 21:40:24.022 3520 4925 D KnoxTimeoutHandler: notifyActivityDrawn [MsgParam] userId: 0 fullscreen is true showWhenlocked is true
10-25 21:40:24.022 3520 3520 D KnoxTimeoutHandler: activityDrawn [MsgParam] userId: 0 fullscreen is true showWhenlocked is true
10-25 21:40:24.022 3520 3520 I KnoxTimeoutHandler: SD activityfalse
10-25 21:40:24.032 16325 16325 V VRSVC : (GrantPermissionsActivity.java:137) onCreate [onCreate()]
10-25 21:40:24.032 3520 4041 D KnoxTimeoutHandler: notifyActivityDrawn [MsgParam] userId: 0 fullscreen is true showWhenlocked is true
10-25 21:40:24.032 3520 3520 D KnoxTimeoutHandler: activityDrawn [MsgParam] userId: 0 fullscreen is true showWhenlocked is true
10-25 21:40:24.032 3520 3520 I KnoxTimeoutHandler: SD activityfalse
10-25 21:40:24.032 3520 3543 V WindowStateAnimator: Finishing drawing window Window{2179f08 u0 d0 SurfaceView}: mDrawState=NO_SURFACE
10-25 21:40:24.042 3520 3598 D KnoxTimeoutHandler: notifyActivityDrawn [MsgParam] userId: 0 fullscreen is true showWhenlocked is true
10-25 21:40:24.042 3520 3520 D KnoxTimeoutHandler: activityDrawn [MsgParam] userId: 0 fullscreen is true showWhenlocked is true
10-25 21:40:24.042 3520 3520 I KnoxTimeoutHandler: SD activityfalse
10-25 21:40:24.042 17329 17329 E ViewSystem: ViewRootImpl #2 Surface is not valid.
10-25 21:40:24.042 3520 4925 D KnoxTimeoutHandler: notifyActivityDrawn [MsgParam] userId: 0 fullscreen is true showWhenlocked is true
10-25 21:40:24.042 3520 3520 D KnoxTimeoutHandler: activityDrawn [MsgParam] userId: 0 fullscreen is true showWhenlocked is true
10-25 21:40:24.042 3520 3520 I KnoxTimeoutHandler: SD activityfalse
10-25 21:40:24.042 3520 4850 D KnoxTimeoutHandler: notifyActivityDrawn [MsgParam] userId: 0 fullscreen is true showWhenlocked is true
10-25 21:40:24.042 3520 3520 D KnoxTimeoutHandler: activityDrawn [MsgParam] userId: 0 fullscreen is true showWhenlocked is true
10-25 21:40:24.042 3520 3520 I KnoxTimeoutHandler: SD activityfalse
10-25 21:40:24.042 17329 17329 I Timeline: Timeline: Activity_idle id: android.os.BinderProxy@7455395 time:84265139
10-25 21:40:24.072 16325 16325 W VRSVC : (GrantPermissionsActivity.java:248) onCreate [collect permissions name=android.permission-group.STORAGE mState=0 isSowNextPermissionGroupGrantRequest=true]
10-25 21:40:24.072 3520 4167 D KnoxTimeoutHandler: notifyActivityDrawn [MsgParam] userId: 0 fullscreen is true showWhenlocked is true
10-25 21:40:24.072 3520 3520 D KnoxTimeoutHandler: activityDrawn [MsgParam] userId: 0 fullscreen is true showWhenlocked is true
10-25 21:40:24.072 3520 3520 I KnoxTimeoutHandler: SD activityfalse
10-25 21:40:24.082 3520 4167 D KnoxTimeoutHandler: notifyActivityDrawn [MsgParam] userId: 0 fullscreen is true showWhenlocked is true
10-25 21:40:24.082 3520 3520 D KnoxTimeoutHandler: activityDrawn [MsgParam] userId: 0 fullscreen is true showWhenlocked is true
10-25 21:40:24.082 3520 3520 I KnoxTimeoutHandler: SD activityfalse
10-25 21:40:24.082 3520 4167 D InputDispatcher: Focused application set to: xxxx
10-25 21:40:24.082 3520 3598 D KnoxTimeoutHandler: notifyActivityDrawn [MsgParam] userId: 0 fullscreen is true showWhenlocked is true
10-25 21:40:24.082 3520 3520 D KnoxTimeoutHandler: activityDrawn [MsgParam] userId: 0 fullscreen is true showWhenlocked is true
10-25 21:40:24.082 3520 3520 I KnoxTimeoutHandler: SD activityfalse
10-25 21:40:24.082 16325 16325 D Activity: performCreate Call Injection manager
10-25 21:40:24.082 16325 16325 I InjectionManager: dispatchOnViewCreated > Target : com.samsung.android.hmt.vrsvc.permission.ui.GrantPermissionsActivity isFragment :false
10-25 21:40:24.082 3520 4287 D ActivityManager: post active user change for 0 fullscreen true isFloatingActivity() false isHomeActivity() false
10-25 21:40:24.082 3520 4287 D KnoxTimeoutHandler: postActiveUserChange [MsgParam] userId: 0 fullscreen is true showWhenlocked is false
