10-25 21:40:22.702 16325 17241 V VRSVC : (HmtService.java:246) wtkw [handleIntentDockEvent dockState=105 docked=false mounted=false]
10-25 21:40:22.702 16325 16325 D VRSVC : (WifiEvent.java:72) onReceive [intent action=android.net.wifi.STATE_CHANGE]
10-25 21:40:22.702 16325 16325 V VRSVC : (SoundUtil.java:77) onLoadComplete [onLoadComplete sampleId=1 status=0]
10-25 21:40:22.702 16325 16325 V VRSVC : (SoundUtil.java:77) onLoadComplete [onLoadComplete sampleId=1 status=0]
10-25 21:40:22.702 16325 16325 V VRSVC : (PhoneStateEvent.java:85) onCallStateChanged [onCallStateChanged stat=0]
10-25 21:40:22.702 16325 16325 D VRSVC : (PhoneStateEvent.java:89) onCallStateChanged [CALL_STATE_IDLE]
10-25 21:40:22.712 16325 17241 V VRSVC : (HmtDeviceEventManager.java:109) wtkw [OnDeviceEvent onPreDock start.]
10-25 21:40:22.712 16325 17242 D VRSVC : (LogEvent.java:42) bHGb [OnDeviceEvent onPreDock]
10-25 21:40:22.712 16325 17242 V VRSVC : (HmtDockEvent.java:70) wtkw [sendStickyDockEvent]
10-25 21:40:22.722 3520 4167 D SecContentProvider2: query(), uri = 13 selection = isMultiWindowModeAllowedAsUser
10-25 21:40:22.722 3520 3582 D MultiPhoneWindowManager: updateSetting mEnableMultiWindowUISetting = 0
10-25 21:40:22.722 3520 3582 D PersonaManager: getForegroundUser
10-25 21:40:22.732 3520 3582 I MultiPhoneWindowManager: updateMultiWindowTrayBar() -> stopService : com.sec.android.app.FlashBarService.MultiWindowTrayService
10-25 21:40:22.742 16325 17243 D VRSVC : (MultiWindowControlEvent.java:30) yTqX [startVR (multi_window_enabled) changed. [1->0] (value=0 prevValue=0 currentValue=1 type=Settings.System)]
10-25 21:40:22.742 16325 17241 V VRSVC : (HmtDeviceEventManager.java:101) wtkw [OnDeviceEvent onPreDock finished. elapsedTime=34]
10-25 21:40:22.742 16325 17241 V VRSVC : (HmtDeviceEventManager.java:109) wtkw [OnDeviceEvent onDock start.]
10-25 21:40:22.742 16325 16325 D VRSVC : (MonoScreenEvent.java:84) yTqX [showMonoForeground animate=false]
10-25 21:40:22.742 16325 17243 D VRSVC : (UserDockEvent.java:54) AmLH [onDock]
10-25 21:40:22.742 16325 17243 D VRSVC : (UserDockEvent.java:59) wtkw [isOOBErunning=false]
10-25 21:40:22.742 16325 17245 V VRSVC : (DeviceEvent.java:20) yTqX [enableDeviceEventReceiver]
10-25 21:40:22.742 16325 17259 V VRSVC : (SoundUtil.java:86) run [play() await....]
10-25 21:40:22.742 16325 17259 V VRSVC : (SoundUtil.java:94) run [play() mLoadedSound=1]
10-25 21:40:22.742 3520 5770 D PackageManager: setEnabledSetting : userId = 0 packageName = com.samsung.android.hmt.vrsvc cmp = com.samsung.android.hmt.vrsvc.receiver.DeviceEventReceiver newState = 1 callingPackage = 1000
10-25 21:40:22.752 16325 17243 V VRSVC : (UserDockEvent.java:63) AmLH [isSetupWizardComplete=1 mOOBERunning=false]
10-25 21:40:22.752 16325 17243 V VRSVC : (UserDockEvent.java:64) AmLH [mTopActivityWhenDock=ComponentInfo{com.samsung.android.hmt.vrsvc/com.samsung.android.hmt.vrsvc.WaitActivity} hybrid2DActivity=true]
10-25 21:40:22.752 16325 17245 V VRSVC : (WakeLockControlEvent.java:32) tWfk [acquire vr dock wakelock]
10-25 21:40:22.752 16325 17245 V VRSVC : (ScreenEvent.java:94) AmLH [send lcd off message... by onDock timeout=10000]
10-25 21:40:22.752 16325 16325 D ViewRootImpl: #1 mView = android.widget.FrameLayout{404c25f V.E...... ......ID 0,0-0,0 #7f0b0031 app:id/mono_layout}
10-25 21:40:22.752 16325 17259 W AudioTrack: AUDIO_OUTPUT_FLAG_FAST denied by client; transfer 4, track 44100 Hz, output 48000 Hz
10-25 21:40:22.762 3520 4604 D ISSUE_DEBUG: InputChannelName : 944b9ce Mono foreground window
10-25 21:40:22.762 3126 3802 W AudioPolicyIntefaceImpl: Skipped to add effects on session 515
10-25 21:40:22.762 3126 3802 I APM::AudioPolicyManager: startOutput() output 4, stream 5, session 515
10-25 21:40:22.762 16325 16325 D VRSVC : (MonoScreenEvent.java:88) yTqX [showMonoBackground]
10-25 21:40:22.762 16325 16325 D ViewRootImpl: #1 mView = android.widget.FrameLayout{db9e4ac V.E...... ......ID 0,0-0,0 #7f0b0031 app:id/mono_layout}
10-25 21:40:22.772 16325 17244 D VRSVC : (LogEvent.java:48) AmLH [OnDeviceEvent onDock topActivity=com.samsung.android.hmt.vrsvc/.WaitActivity hmtConnected=true]
10-25 21:40:22.772 16325 17244 V VRSVC : (VRModeEvent.java:21) yTqX [setVRMode enable=true]
10-25 21:40:22.772 3126 3796 D audio_hw_primary: out_set_parameters: enter: kvpairs: routing=2
10-25 21:40:22.772 3126 3796 D AudioFlinger: setCurDevice() 0x2
10-25 21:40:22.772 16325 17242 D VRSVC : (KillBackgroundProcessEvent.java:25) yTqX [killBackgroundProcesses]
10-25 21:40:22.772 3520 4925 D ISSUE_DEBUG: InputChannelName : bdacd0b Mono background window
10-25 21:40:22.782 3099 3099 I SurfaceFlinger: id=858 createSurf (1440x2560),1 flag=404, Nono foregr
10-25 21:40:22.782 3126 3796 I AudioMixer: create resampler src 44100, 2, dst 48000, 2
10-25 21:40:22.782 3126 3796 D SoundAliveResampler: [SoundAliveResampler] Init+++
10-25 21:40:22.782 3126 3796 V audio_hw_primary: start_output_stream+, out->device : 00000002 , out->type = 1
10-25 21:40:22.782 3970 3999 V VRManagerServer: (VRManagerService.java:1529) wtkw [hmt_on=0 hmt_bright=index : 34, brightenss : 229]
10-25 21:40:22.782 3970 3999 V VRManagerServer: (VRManagerService.java:913) wtkw [setCoreMinlock : (0)]
10-25 21:40:22.782 3970 3999 V VRManagerServer: (VRManagerService.java:1553) wtkw [setVRMode enable=true]
10-25 21:40:22.782 3970 3970 V VRManagerServer: (VRManagerService.java:323) handleMessage [handleMessage() what=1]
10-25 21:40:22.782 3970 3970 V VRManagerServer: (VRManagerService.java:1559) vqCz [handleVRMode enable=true]
10-25 21:40:22.782 16325 17243 I VRSVC : (UserDockEvent.java:106) AmLH [start MonoActivity ignored!. vrActivityMode=none]
10-25 21:40:22.782 16325 17243 V VRSVC : (Util.java:1697) wtkw [updateSurfaceComposer value=1]
10-25 21:40:22.782 16325 17242 D VRSVC : (Util.java:326) yTqX [killBackgroundProcess ignored. packageName=com.samsung.android.hmt.vrsvc isVRApplication=true]
10-25 21:40:22.782 3970 3970 V VRManagerServer: (VRManagerService.java:1694) ZzLN [updateComfortableView enable=false]
10-25 21:40:22.792 3970 3970 V VRManagerServer: (VRManagerService.java:1645) snDW [updateColorTemperature value=4]
10-25 21:40:22.792 3970 3970 V VRManagerServer: (VRManagerService.java:1727) IOpR [updateLowPersistence enable=true]
10-25 21:40:22.792 16325 17242 D VRSVC : (Util.java:321) yTqX [killBackgroundProcess request. packageName=com.sec.android.app.myfiles isVRApplication=false]
10-25 21:40:22.792 3970 3970 W VRManagerServer: (VRManagerService.java:1737) IOpR [/sys/class/lcd/panel/hmt_low_persistence doesn't exist. updateLowPersistence ignored]
10-25 21:40:22.792 3970 3970 V VRManagerServer: (VRManagerService.java:1611) vqCz [updateBright value=229]
10-25 21:40:22.792 3099 3289 I SurfaceFlinger: Changed mForceFullDamage value to 1
10-25 21:40:22.812 16325 17245 V VRSVC : (SFinderDisableEvent.java:48) BRMq [SFinderPackageRecoverableItem getValue=1]
10-25 21:40:22.812 16325 17245 V VRSVC : (SFinderDisableEvent.java:61) wtkw [SFinderPackageRecoverableItem setValue=2]
10-25 21:40:22.812 3520 4850 D PackageManager: setEnabledSetting : userId = 0 packageName = com.samsung.android.app.galaxyfinder cmp = null newState = 2 callingPackage = com.samsung.android.hmt.vrsvc
10-25 21:40:22.812 16325 16402 D mali_winsys: new_window_surface returns 0x3000, [1440x2560]-format:1
10-25 21:40:22.812 16325 17242 V VRSVC : (Util.java:330) yTqX [killBackgroundProcesses elapsedTime=44]
10-25 21:40:22.832 3970 3999 V VRManagerServer: (VRManagerService.java:1301) wtkw [setSystemOption option=inflight value=2]
10-25 21:40:22.832 3970 3999 W VRManagerServer: (VRManagerService.java:1315) wtkw [set inflight ignored. hardware=samsungexynos7420]
10-25 21:40:22.832 16325 17242 W VRSVC : (Util.java:949) wtkw [updateAdrenoConfig ignored!]
10-25 21:40:22.842 3126 3796 D audio_hw_primary: start_output_stream (0xf17eca80) out->pcm_device:6 out->config.rate:48000 out->config.format:0 out->period_size:240
10-25 21:40:22.842 3126 3796 D audio_hw_primary: start_output_stream (0xf17eca80) out->config.rate:48000 out->config.format:0 out->period_size:240
10-25 21:40:22.842 3126 3796 V audio_hw_primary: select_devices output_scenario:0 input_scenario:-1 out_snd_device 0x2 in_snd_device:0x0
10-25 21:40:22.842 3126 3796 I audio_route:
10-25 21:40:22.842 3126 3796 I audio_route: > audio_route_reset :
10-25 21:40:22.842 3126 3796 I audio_route:
10-25 21:40:22.842 3126 3796 I audio_route: > audio_route_apply_path : "media-speaker"
10-25 21:40:22.852 3520 3582 D SamsungWindowManager: updateSettings(). settings changed. doubleTapOnHomeBehavior : 0. mDoubleTapOnHomeBehavior : 1. mDoubleTapHomeUser 0
10-25 21:40:22.852 16325 17245 D VRSVC : (SFinderDisableEvent.java:21) yTqX [startVR (sfinder_package) changed. [1->2] (value=2 prevValue=1 currentValue=1 type=sfinderdisable)]
10-25 21:40:22.872 3099 3099 I SurfaceFlinger: id=859 createSurf (1440x2560),1 flag=404, Nono backgr
10-25 21:40:22.882 16325 17245 V VRSVC : (KeyguardControlEvent.java:91) yTqX [isSecureKeyGuardLocked isKeyguardSecure=false isKeyguardLocked=false]
10-25 21:40:22.882 16325 17244 D VRSVC : (SystemQuickLaunchControlEvent.java:24) yTqX [startVR (double_tab_launch) changed. [1->0] (value=0 prevValue=1 currentValue=1 type=Settings.System)]
10-25 21:40:22.892 16325 16402 D mali_winsys: new_window_surface returns 0x3000, [1440x2560]-format:1
10-25 21:40:22.892 16325 17243 D VRSVC : (MotionOverTurnEvent.java:26) yTqX [startVR (motion_overturn) changed. [1->0] (value=0 prevValue=1 currentValue=1 type=Settings.System)]
10-25 21:40:22.892 16325 17243 V VRSVC : (HmtSensorEvent.java:249) yTqX [requestInit()]
10-25 21:40:22.892 16325 17243 V VRSVC : (HmtSensorEvent.java:280) wtkw [mSensorHandler=null ignored.]
10-25 21:40:22.892 16325 17243 V VRSVC : (HmtSensorEvent.java:288) wtkw [mSensorLooper=null ignored.]
10-25 21:40:22.892 16325 17245 V VRSVC : (KeyguardControlEvent.java:91) wtkw [isNormalKeyGuardLocked isKeyguardSecure=false isKeyguardLocked=false]
10-25 21:40:22.892 16325 17244 V VRSVC : (BootReceverControlEvent.java:35) AmLH [boot receiver enabled!]
10-25 21:40:22.902 16325 17242 D VRSVC : (EdgeControlEvent.java:40) yTqX [startVR ignored! (night_mode) unchanged. (value=0 prevValue=0,currentValue=0 type=Settings.System)]
10-25 21:40:22.902 3520 4287 D PackageManager: setEnabledSetting : userId = 0 packageName = com.samsung.android.hmt.vrsvc cmp = com.samsung.android.hmt.vrsvc.receiver.BootReceiver newState = 1 callingPackage = 1000
10-25 21:40:22.902 4130 4233 D vol.VolumeDialogControl: onReceive ACTION_CLOSE_SYSTEM_DIALOGS
10-25 21:40:22.902 16325 17245 V VRSVC : (KeyguardControlEvent.java:91) AmLH [isSecureKeyguardLocked=false isNormalKeyguardLocked=false]
10-25 21:40:22.912 16325 17243 V VRSVC : (SensorModule.java:42) yTqX [SensorModule initialize SensorModule ver=2 ABI=arm64-v8a]
10-25 21:40:22.912 4371 4371 D PeopleStripeManager: requestCloseCircleViews()
10-25 21:40:22.912 4371 4371 I CircleImageSaveLayout: hideImageSaveLayout()
10-25 21:40:22.912 4371 4371 D CircleImageSaveLayout: releaseWakeLock()
10-25 21:40:22.912 4371 4371 D SweepImageListView: hide
10-25 21:40:22.912 4371 4371 D SweepImageListView: setAdapter mAdapter =null:161328980
10-25 21:40:22.912 4371 4371 I PeopleEdgeCommContainer: hideEffectView()
10-25 21:40:22.912 4371 4371 I CirclePokingManager: stopParticleEffectView mParticleEffectView-null
10-25 21:40:22.912 4371 4371 I PeopleDataManager: deleteMarkedCircleEvent : people = null
10-25 21:40:22.912 4371 4371 I PeopleEdgeCommContainer: setPeopleChannelShowStatus false
10-25 21:40:22.922 3126 3796 V audio_hw_primary: select_devices() output_route "media-speaker"
10-25 21:40:22.922 3126 3796 I audio_route:
10-25 21:40:22.922 3126 3796 I audio_route: > audio_route_apply_path : "gain-media-speaker"
10-25 21:40:22.922 3520 4017 W InputDispatcher: channel ~ Consumer closed input channel or an error occurred. events=0x9
10-25 21:40:22.922 3520 4017 E InputDispatcher: channel ~ Channel is unrecoverably broken and will be disposed!
10-25 21:40:22.922 3126 3796 V audio_hw_primary: select_devices() output_gain "gain-media-speaker"
10-25 21:40:22.922 3126 3796 I audio_route:
10-25 21:40:22.922 3126 3796 I audio_route: > audio_route_update_mixer : +
10-25 21:40:22.922 3520 3520 D GlobalActions: mBroadcastReceiver : onReceive : android.intent.action.CLOSE_SYSTEM_DIALOGS
10-25 21:40:22.922 3520 3520 D GlobalActions: mBroadcastReceiver : onReceive : sendEmptyMessage(MESSAGE_DISMISS) reason #1
10-25 21:40:22.922 3126 3796 I audio_route: > audio_route_update_mixer : changed(0) -
10-25 21:40:22.922 3126 3796 I audio_hw_primary: select_devices -
10-25 21:40:22.922 3126 3796 V audio_hw_primary: start_output_stream-
10-25 21:40:22.922 4371 4371 I PeopleStripeWindow: updateWindowParam : minimize=true,mLastMinimized=true,color0 blur true
10-25 21:40:22.922 3520 4604 D GraphicsStats: Buffer count: 8
10-25 21:40:22.922 3520 4167 W InputDispatcher: Attempted to unregister already unregistered input channel
10-25 21:40:22.922 16325 16325 D ViewRootImpl: MSG_RESIZED_REPORT: ci=Rect(0, 0 - 0, 0) vi=Rect(0, 0 - 0, 0) or=1
10-25 21:40:22.932 3520 4287 D SecContentProvider2: query(), uri = 13 selection = isEdgeLightingAllowed
10-25 21:40:22.942 4130 4130 D vol.SecVolumeDialog: dismissH reason: 2
10-25 21:40:22.942 4130 4130 D vol.SecVolumeDialog: dismissH : false
10-25 21:40:22.942 4130 4130 D LocationTile: onReceive : android.intent.action.CLOSE_SYSTEM_DIALOGS
10-25 21:40:22.942 4130 4130 D AirplaneModeTile: onReceive : android.intent.action.CLOSE_SYSTEM_DIALOGS
10-25 21:40:22.942 4130 4130 D PhoneStatusBar: animateCollapsePanels, state: 0, QSexpanded: false, QSdetailsShowing: false
10-25 21:40:22.942 4130 4130 D PhoneStatusBar: animateCollapse(): mExpandedVisible=false flags=0
10-25 21:40:22.942 4130 4130 D StatusBar-Window: fnf=true sanc=false, kni=false, sbf=false
10-25 21:40:22.942 4130 4130 D CoverUI : applyFocusableFlag() : Remove SAMSUNG_FLAG_SVIEW_COVER
10-25 21:40:22.942 4130 4130 D StatusBarWindowManager: forceCollapsed : false isKeyguardShowingAndNotOccluded() : false panelVisible : false keyguardFadingAway : false bouncerShowing : false headsUpShowing : false
10-25 21:40:22.942 4130 4130 D CoverUI : applyHeight h = 84, oc = false, fa = false, ac = false, sc = false
10-25 21:40:22.942 4130 4130 D PanelView: updateQsState
10-25 21:40:22.942 4130 4130 D KeyguardSwipeHelper: reset()
10-25 21:40:22.942 4130 4130 D KeyguardUnlockEventHandler: reset()
10-25 21:40:22.942 4130 4130 D KeyguardSwipeHelper: resetChildViewVI()
10-25 21:40:22.942 4371 4371 D PeopleStripeVisibilityController: setEmoHistory enable=false
10-25 21:40:22.942 4371 4371 I PeopleStripeVisibilityController: getComputedTrayVisible : keyguardState = 1
10-25 21:40:22.942 4371 4371 I PeopleStripeVisibilityController: isVisibleByAlwaysOn : mState = 1
10-25 21:40:22.952 3099 3289 D libEGL : eglTerminate EGLDisplay = 0x7f9107ee78
10-25 21:40:22.952 3099 3289 D libEGL : eglTerminate EGLDisplay = 0x7f9107ee78
10-25 21:40:22.952 4216 4216 D ViewRootImpl: #3 mView = null
10-25 21:40:22.952 4371 4371 I PeopleStripeProcessMonitor: isPeopleStripeTask packageName = com.samsung.android.hmt.vrsvc 0
10-25 21:40:22.952 3099 3099 D libEGL : eglInitialize EGLDisplay = 0x7fc6961138
10-25 21:40:22.952 3135 3181 D Sensorhubs: readContextData: 1, 1, 26, 1, 1, 0, -83, 83, 1, 0
10-25 21:40:22.952 3520 4008 D SensorHubManager: onGetSensorHubDataLocked: library(10) = 1, 1, 26, 1, 1, 0, -83, 83, 1, 0
10-25 21:40:22.952 3520 4007 D CAE : onGetSensorHubData(SensorHubParserProvider.java:92) - onGetSensorHubData Event [event buffer len :10], AP_WAKEUP
10-25 21:40:22.952 3520 4007 I CAE : parse(SensorHubParserProvider.java:188) - buffer size = 10
10-25 21:40:22.952 3520 4007 I CAE : parse(SensorHubParserProvider.java:199) - 1, 1, 26, 1, 1, 0, -83, 83, 1, 0,
10-25 21:40:22.952 3520 4007 D CAE : display(ContextProvider.java:375) - ================= ACTIVITY_TRACKER =================
10-25 21:40:22.952 3520 4007 I CAE : display(ContextProvider.java:391) - Accuracy=[0], OperationMode=[0], ActivityType=[1], TimeStamp=[1477456821587]
10-25 21:40:22.952 3520 4010 D SContextService: updateSContext() : event = Activity Tracker
10-25 21:40:22.962 3520 4645 V WindowStateAnimator: Finishing drawing window Window{944b9ce u0 d0 Mono foreground window}: mDrawState=DRAW_PENDING
10-25 21:40:22.962 4371 4371 I PeopleStripeVisibilityController: updateStripeVisible : State 1 visible = 1
10-25 21:40:22.962 4371 4371 I PeopleStripeManager: isExistVisibleHandler false
10-25 21:40:22.962 4371 4371 I PeopleStripeManager: showStripe Not exist noti handler.
10-25 21:40:22.962 4371 4371 I PeopleStripeWindow: updateWindowParam : minimize=true,mLastMinimized=true,color0 blur true
10-25 21:40:22.962 16325 17243 D VRSVC : (BrightControlEvent.java:20) yTqX [startVR ignored! (screen_brightness_mode) unchanged. (value=0 prevValue=1,currentValue=0 type=Settings.System)]
10-25 21:40:22.962 4371 4371 D PeopleStripeVisibilityController: setEmoHistory enable=false
10-25 21:40:22.962 4371 4371 I PeopleStripeVisibilityController: getComputedTrayVisible : keyguardState = 1
10-25 21:40:22.962 4371 4371 I PeopleStripeVisibilityController: isVisibleByAlwaysOn : mState = 1
10-25 21:40:22.982 3099 4634 I SurfaceFlinger: id=832 Removed DenterBar 0 (3/20)
10-25 21:40:22.982 4371 4371 I PeopleStripeProcessMonitor: isPeopleStripeTask packageName = com.samsung.android.hmt.vrsvc 0
10-25 21:40:22.982 3099 4021 I SurfaceFlinger: id=832 Removed DenterBar 0 (-2/20)
10-25 21:40:22.982 4371 4371 I PeopleStripeVisibilityController: updateStripeVisible : State 1 visible = 1
10-25 21:40:22.982 4371 4371 I PeopleStripeManager: isExistVisibleHandler false
10-25 21:40:22.982 4371 4371 I PeopleStripeManager: showStripe Not exist noti handler.
10-25 21:40:22.982 3099 3099 D libEGL : eglTerminate EGLDisplay = 0x7fc6961268
10-25 21:40:22.992 16325 17245 D VRSVC : (KeyguardControlEvent.java:112) yTqX [startVR (lock_screen_lock_after_timeout) changed. [5000->86400000] (value=86400000 prevValue=0 currentValue=5000 type=Settings.Secure)]
10-25 21:40:22.992 4216 4216 D ViewRootImpl: #3 mView = null
10-25 21:40:22.992 16325 17242 D VRSVC : (EdgeControlEvent.java:41) yTqX [startVR (turn_over_lighting) changed. [1->0] (value=0 prevValue=1 currentValue=1 type=Settings.System)]
10-25 21:40:23.002 3520 4604 V WindowStateAnimator: Finishing drawing window Window{bdacd0b u0 d0 Mono background window}: mDrawState=DRAW_PENDING
10-25 21:40:23.002 16325 16325 D ViewRootImpl: MSG_RESIZED_REPORT: ci=Rect(0, 0 - 0, 0) vi=Rect(0, 0 - 0, 0) or=1
10-25 21:40:23.002 3099 3099 D libEGL : eglInitialize EGLDisplay = 0x7fc6961138
10-25 21:40:23.012 4216 4216 I Sally Service: onDestroy() : com.android.systemui.multiwindow.centerbarwindow.CenterBarWindowService@ee0c615
10-25 21:40:23.012 16325 17243 V VRSVC : (NotificationControlEvent.java:43) AmLH [enable notification listener]
10-25 21:40:23.012 16325 17244 D VRSVC : (AccessibilityEvent.java:47) yTqX [startVR (enabled_accessibility_services) changed. [null->null] (value=null prevValue=null currentValue=null type=Settings.Secure)]
10-25 21:40:23.012 16325 17243 V VRSVC : (NotificationControlEvent.java:45) yTqX [enableNotificationListener getComponentEnabledSetting=2]
10-25 21:40:23.012 3520 4287 D PackageManager: setEnabledSetting : userId = 0 packageName = com.samsung.android.hmt.vrsvc cmp = com.samsung.android.hmt.vrsvc.service.NotificationListener newState = 1 callingPackage = 1000
10-25 21:40:23.012 3520 3620 D PackageManager: [MSG] WRITE_PACKAGE_RESTRICTIONS
10-25 21:40:23.022 4371 4371 I PeopleStripeManager: updateSetting
10-25 21:40:23.022 3520 3542 D SecContentProvider2: query(), uri = 13 selection = isInformationStreamAllowed
10-25 21:40:23.022 4371 4371 D EdgeLighting: updateSetting mEnable=false Area : 1
10-25 21:40:23.022 16325 17245 D VRSVC : (KeyguardControlEvent.java:113) yTqX [startVR ignored! (power_button_instantly_locks) unchanged. (value=true prevValue=true,currentValue=true type=lockPatternUtil)]
10-25 21:40:23.022 16325 17245 V VRSVC : (KeyguardControlEvent.java:117) AmLH [send disable keyguard 5000ms..]
10-25 21:40:23.022 3520 4928 V WindowStateAnimator: Finishing drawing window Window{bdacd0b u0 d0 Mono background window}: mDrawState=HAS_DRAWN
10-25 21:40:23.032 16325 17244 D VRSVC : (AccessibilityEvent.java:48) yTqX [startVR ignored! (accessibility_enabled) unchanged. (value=0 prevValue=0,currentValue=0 type=Settings.Secure)]
10-25 21:40:23.032 16325 17244 V VRSVC : (MousePointEvent.java:24) AmLH [OPTION_MOUSE_CONTROL_TYPE=2]
10-25 21:40:23.032 3520 3620 W System.err: remove failed: ENOENT (No such file or directory) : /data/system/users/0/package-restrictions.xml.bak
10-25 21:40:23.032 3520 4018 I InputReader: Reconfiguring input devices. changes=0x01000000
10-25 21:40:23.032 16325 17244 V VRSVC : (BluetoothControlEvent.java:272) QdBd [setBluetoothBVRAAllow=0]
10-25 21:40:23.032 16325 17244 W VRSVC : (BluetoothControlEvent.java:283) QdBd [mBluetoothHeadset is null!]
10-25 21:40:23.032 16325 16325 V VRSVC : (BluetoothControlEvent.java:290) tWfk [requestGamepadBatteryLevel]
10-25 21:40:23.042 3520 4061 D MediaFocusControl: onReevaluateRemoteControlDisplays()
10-25 21:40:23.052 16325 16325 V VRSVC : (SystemVolumeControlEvent.java:128) onChange [onChange uri=content://settings/system/edge_information_stream selfChange=false pathSegments=[system, edge_information_stream]]
10-25 21:40:23.052 16325 16325 V VRSVC : (SystemVolumeControlEvent.java:128) onChange [onChange uri=content://settings/secure/enabled_notification_listeners selfChange=false pathSegments=[secure, enabled_notification_listeners]]
10-25 21:40:23.052 16325 16325 D VRSVC : (SamsungDiagnosticEvent.java:294) onReceive [intent action=android.intent.action.BATTERY_CHANGED isInitialStickyBroadcast=true]
10-25 21:40:23.062 16325 17266 I System.out: (HTTPLog)-Static: isSBSettingEnabled false
10-25 21:40:23.062 16325 17266 I System.out: (HTTPLog)-Static: isSBSettingEnabled false
10-25 21:40:23.072 3110 3781 D EnterpriseController: netId is 0
10-25 21:40:23.072 3110 3781 D Netd : getNetworkForDns: using netid 502 for uid 1000
10-25 21:40:23.082 16325 17242 D VRSVC : (EdgeControlEvent.java:47) yTqX [startVR (edge_information_stream) changed. [1->0] (value=0 prevValue=1 currentValue=1 type=Settings.System)]
10-25 21:40:23.112 16325 17264 D VRSVC_log: open(GetFeatureReport) device = -1, errno = 2 errnoStr = No such file or directory
10-25 21:40:23.112 16325 17264 W VRSVC : (HmtSensorEvent.java:144) bcjL [handleMessageGetModel() failed=0]
10-25 21:40:23.112 3520 3543 D SecContentProvider2: query(), uri = 13 selection = isEdgeAllowed
10-25 21:40:23.112 16325 16325 V VRSVC : (NotificationListener.java:17) onCreate [onCreate()]
10-25 21:40:23.112 17268 17268 E Zygote : v2
10-25 21:40:23.122 17268 17268 I SELinux : Function: selinux_compare_spd_ram, index[1], SPD-policy is existed. and_ver=SEPF_SECMOBILE_6.0.1 ver=11
10-25 21:40:23.122 17268 17268 W SELinux : Function: selinux_compare_spd_ram, index[1], priority [2], priority version is VE=SEPF_SECMOBILE_6.0.1_0013
10-25 21:40:23.122 17268 17268 E Zygote : accessInfo : 0
10-25 21:40:23.122 17268 17268 W SELinux : SELinux: seapp_context_lookup: seinfo=platform, level=s0:c512,c768, pkgname=com.samsung.android.app.catchfavorites
10-25 21:40:23.132 16325 16325 V VRSVC : (SystemVolumeControlEvent.java:128) onChange [onChange uri=content://settings/system/edge_enable selfChange=false pathSegments=[system, edge_enable]]
10-25 21:40:23.142 16325 17242 D VRSVC : (EdgeControlEvent.java:48) yTqX [startVR (edge_enable) changed. [1->0] (value=0 prevValue=1 currentValue=1 type=Settings.System)]
10-25 21:40:23.162 4371 4371 D PeopleStripeContainer: updatePeopleRegion index=0,state=-1,rect=Rect(0, 0 - 0, 0)
10-25 21:40:23.162 4371 4371 I PeopleStripeManager: isExistVisibleHandler false
10-25 21:40:23.162 4371 4371 I PeopleStripeManager: All noti handler invisible false
10-25 21:40:23.162 4371 4371 D PeopleStripeContainer: updatePeopleRegion index=1,state=-1,rect=Rect(0, 0 - 0, 0)
10-25 21:40:23.162 4371 4371 I PeopleStripeManager: isExistVisibleHandler false
10-25 21:40:23.162 4371 4371 I PeopleStripeManager: All noti handler invisible false
10-25 21:40:23.162 4371 4371 D PeopleStripeContainer: updatePeopleRegion index=2,state=-1,rect=Rect(0, 0 - 0, 0)
10-25 21:40:23.162 4371 4371 I PeopleStripeManager: isExistVisibleHandler false
10-25 21:40:23.162 4371 4371 I PeopleStripeManager: All noti handler invisible false
10-25 21:40:23.162 4371 4371 D PeopleStripeContainer: updatePeopleRegion index=3,state=-1,rect=Rect(0, 0 - 0, 0)
10-25 21:40:23.162 4371 4371 I PeopleStripeManager: isExistVisibleHandler false
10-25 21:40:23.162 4371 4371 I PeopleStripeManager: All noti handler invisible false
10-25 21:40:23.162 4371 4371 D PeopleStripeContainer: updatePeopleRegion index=4,state=-1,rect=Rect(0, 0 - 0, 0)
10-25 21:40:23.162 4371 4371 I PeopleStripeManager: isExistVisibleHandler false
10-25 21:40:23.162 4371 4371 I PeopleStripeManager: All noti handler invisible false
10-25 21:40:23.162 16325 17245 W VRSVC : (SetupWizardUpdateEvent.java:46) AmLH [update check ignored! lastUpdateCheck=8 hours ago(1477424501218) currentTime=1477456823071]
10-25 21:40:23.172 4371 4371 I PeopleStripeManager: updateActiveArea area : 1 current Area 1
10-25 21:40:23.172 4371 4371 I PeopleHelpContainer: Hide help view true
10-25 21:40:23.172 16325 17241 V VRSVC : (HmtDeviceEventManager.java:101) wtkw [OnDeviceEvent onDock finished. elapsedTime=427]
10-25 21:40:23.172 4371 4371 I ImportantPeople: getAvailableCircleHelpTxt() : false
10-25 21:40:23.172 16325 17241 V VRSVC : (HmtDeviceEventManager.java:109) wtkw [OnDeviceEvent onPostDock start.]
10-25 21:40:23.172 16325 17244 D VRSVC : (LogEvent.java:53) vqCz [OnDeviceEvent onPostDock]
10-25 21:40:23.172 16325 17243 V VRSVC : (TouchControlEvent.java:81) wtkw [setTouchControl value=0]
10-25 21:40:23.172 16325 17242 V VRSVC : (HmtDockEvent.java:46) yTqX [sendBroadcast action=ACTION_HMT_CONNECTED]
10-25 21:40:23.172 3520 3520 I AudioService: HMT Docked
10-25 21:40:23.172 4523 4523 I CocktailBarUiController: onUpdateCocktail: 9
10-25 21:40:23.172 4523 4523 I CocktailBarPanelManager: updatePanelItem: updateContainedPanel - 9
10-25 21:40:23.172 4523 4523 I PeoplePanelContainer: People panel setData panel_active_area_changed
10-25 21:40:23.182 17268 17268 D TimaKeyStoreProvider: TimaSignature is unavailable
10-25 21:40:23.182 17268 17268 D ActivityThread: Added TimaKeyStore provider
10-25 21:40:23.182 4371 4371 I CircleManager: OnCircle service on to panel
10-25 21:40:23.182 16325 16325 V VRSVC : (WaitActivity.java:46) onReceive [onReceive action=com.samsung.intent.action.HMT_CONNECTED]
10-25 21:40:23.182 4523 4523 D PanelDescriptionView: updateHelpView: Apps edge2130903045 --> 2130903045 helpview reapplied:0
10-25 21:40:23.182 4523 4523 D CocktailBarUiController: postUpdatePanel: 1
10-25 21:40:23.192 16325 16325 I VRSVC : (WaitActivity.java:56) onReceive [start MonoActivity!]
10-25 21:40:23.192 16325 16325 I Timeline: Timeline: Activity_launch_request id:com.samsung.android.hmt.vrsvc time:84264282
10-25 21:40:23.202 4371 4380 I art : Background partial concurrent mark sweep GC freed 164976(9MB) AllocSpace objects, 0(0B) LOS objects, 27% free, 41MB/57MB, paused 530us total 121.262ms
10-25 21:40:23.202 17268 17268 I InjectionManager: Inside getClassLibPath + mLibMap{0=, 1=}
10-25 21:40:23.202 3099 3099 I SurfaceFlinger: id=860 createSurf (16x16),-1 flag=20004, EimLayer(Di
10-25 21:40:23.212 3099 3099 I SurfaceFlinger: id=861 createSurf (16x16),-1 flag=20004, EimLayer(An
10-25 21:40:23.212 17268 17268 I InjectionManager: Inside getClassLibPath caller
10-25 21:40:23.212 4130 4130 D WallpaperService: MSG_WINDOW_RESIZED
10-25 21:40:23.212 17268 17268 W System : ClassLoader referenced unknown path: /system/app/CatchFavorites_M/lib/arm64
10-25 21:40:23.222 17268 17268 D InjectionManager: InjectionManager
10-25 21:40:23.222 4130 4130 V WallpaperService: Wallpaper size has changed: (2560, 2560
10-25 21:40:23.222 17268 17268 D InjectionManager: fillFeatureStoreMap com.samsung.android.app.catchfavorites
10-25 21:40:23.222 17268 17268 I InjectionManager: Constructor com.samsung.android.app.catchfavorites, Feature store :{}
10-25 21:40:23.222 17268 17268 I InjectionManager: featureStore :{}
10-25 21:40:23.222 16325 17241 V VRSVC : (HmtDeviceEventManager.java:101) wtkw [OnDeviceEvent onPostDock finished. elapsedTime=53]
10-25 21:40:23.232 17268 17268 D CatchNotificationsService: onCreate
10-25 21:40:23.232 3520 3620 D PackageManager: [MSG] WRITE_PACKAGE_RESTRICTIONS
10-25 21:40:23.232 17268 17268 D CatchNotificationsSupportedAppsDBHelper: Adding supported package
10-25 21:40:23.242 3520 4925 D InputDispatcher: Focused application set to: xxxx
10-25 21:40:23.242 3520 4925 D InputDispatcher: Focus left window: 16325
10-25 21:40:23.242 16325 16325 V VRSVC : (WaitActivity.java:66) onReceive [finish()]
10-25 21:40:23.242 3520 3620 W System.err: remove failed: ENOENT (No such file or directory) : /data/system/users/0/package-restrictions.xml.bak
10-25 21:40:23.252 3520 3598 D ViewRootImpl: #1 mView = com.android.internal.policy.PhoneWindow$DecorView{b55372e V.E...... R.....ID 0,0-0,0}
10-25 21:40:23.252 16325 16325 V VRSVC : (WaitActivity.java:296) onPause [onPause() isDestroyed=false isFinishing=true]
10-25 21:40:23.252 3520 3598 D ISSUE_DEBUG: InputChannelName : 41d645c Starting com.samsung.android.hmt.vrsvc
10-25 21:40:23.252 17268 17268 D CatchNotificationsSupportedAppsDBHelper: Marking phone as not installed
10-25 21:40:23.252 4371 4371 I PeopleStripeContainer: Default SMS app is changed: 0 container Count : 0
10-25 21:40:23.252 3099 3099 I SurfaceFlinger: id=862 createSurf (1x1),1 flag=404, wrsvc
10-25 21:40:23.252 17268 17268 D CatchNotificationsSupportedAppsDBHelper: Marking phone as not installed
10-25 21:40:23.252 17268 17268 D CatchNotificationsSupportedAppsDBHelper: Adding supported package
10-25 21:40:23.252 17268 17268 D CatchNotificationsSupportedAppsDBHelper: package installed
10-25 21:40:23.252 4371 4371 D Utils : resetNotificationListenerStartUp: resultFlag=3
10-25 21:40:23.252 4371 4371 D PeopleNotiListenerService: onDestroy
10-25 21:40:23.252 17268 17268 D CatchNotificationsSupportedAppsDBHelper: Adding displayed package
10-25 21:40:23.252 17268 17268 D CatchNotificationsSupportedAppsDBHelper: Adding supported package
10-25 21:40:23.252 4371 4371 D PeopleNotiListenerService: onCreate
10-25 21:40:23.252 4371 4371 D Utils : resetNotificationListenerStartUp: resultFlag=3
10-25 21:40:23.252 4371 4371 I PeopleNotiListenerService: onBind
10-25 21:40:23.252 17268 17268 D CatchNotificationsSupportedAppsDBHelper: package installed
10-25 21:40:23.252 17268 17268 D CatchNotificationsSupportedAppsDBHelper: Adding displayed package
10-25 21:40:23.252 17268 17268 D CatchNotificationsSupportedAppsDBHelper: Adding supported package
10-25 21:40:23.252 17268 17268 D CatchNotificationsSupportedAppsDBHelper: Adding supported package
10-25 21:40:23.262 17268 17268 D CatchNotificationsSupportedAppsDBHelper: Adding supported package
10-25 21:40:23.262 17268 17268 D CatchNotificationsSupportedAppsDBHelper: Adding supported package
10-25 21:40:23.262 17268 17268 D CatchNotificationsSupportedAppsDBHelper: Adding supported package
10-25 21:40:23.262 17268 17268 D CatchNotificationsSupportedAppsDBHelper: Adding supported package
10-25 21:40:23.262 17268 17268 D CatchNotificationsSupportedAppsDBHelper: package installed
10-25 21:40:23.262 17268 17268 D CatchNotificationsSupportedAppsDBHelper: Adding displayed package
10-25 21:40:23.262 17268 17268 D CatchNotificationsSupportedAppsDBHelper: Adding supported package
10-25 21:40:23.262 17268 17268 D CatchNotificationsSupportedAppsDBHelper: package installed
10-25 21:40:23.262 17268 17268 D CatchNotificationsSupportedAppsDBHelper: Adding displayed package
10-25 21:40:23.262 17268 17268 D CatchNotificationsSupportedAppsDBHelper: Adding supported package
10-25 21:40:23.262 17268 17268 D CatchNotificationsSupportedAppsDBHelper: package installed
10-25 21:40:23.262 17268 17268 D CatchNotificationsSupportedAppsDBHelper: Adding displayed package
10-25 21:40:23.262 17268 17268 D CatchNotificationsSupportedAppsDBHelper: Adding supported package
10-25 21:40:23.262 17268 17268 D CatchNotificationsSupportedAppsDBHelper: Adding supported package
10-25 21:40:23.262 17268 17268 D CatchNotificationsSupportedAppsDBHelper: Adding supported package
10-25 21:40:23.262 17268 17268 D CatchNotificationsSupportedAppsDBHelper: Adding supported package
10-25 21:40:23.262 17268 17268 D CatchNotificationsSupportedAppsDBHelper: Adding supported package
10-25 21:40:23.262 17268 17268 D CatchNotificationsSupportedAppsDBHelper: Adding supported package
10-25 21:40:23.262 17268 17268 D CatchNotificationsSupportedAppsDBHelper: Adding supported package
10-25 21:40:23.262 17268 17268 D CatchNotificationsSupportedAppsDBHelper: Adding supported package
10-25 21:40:23.262 17268 17268 D CatchNotificationsSupportedAppsDBHelper: package installed
10-25 21:40:23.262 17268 17268 D CatchNotificationsSupportedAppsDBHelper: Adding displayed package
10-25 21:40:23.262 17268 17268 D CatchNotificationsSupportedAppsDBHelper: Initial data loaded
10-25 21:40:23.272 3520 3598 D PointerIcon: setMouseIconStyle1 pointerType: 1001 iconType:101 flag:0 pid:3520 uid:1000
10-25 21:40:23.272 3520 3598 D PointerIcon: setMouseCustomIcon IconType is same.101
10-25 21:40:23.272 3520 3598 D PointerIcon: setHoveringSpenIconStyle1 pointerType: 10001 iconType:1 flag:0 pid:3520 uid:1000
10-25 21:40:23.272 3520 3598 D PointerIcon: setHoveringSpenCustomIcon IconType is same.1
10-25 21:40:23.272 3520 3598 D ViewRootImpl: MSG_RESIZED_REPORT: ci=Rect(0, 0 - 0, 0) vi=Rect(0, 0 - 0, 0) or=1
10-25 21:40:23.272 17268 17268 D CatchNotificationsSupportedAppsDBHelper: Adding new supported packag
10-25 21:40:23.272 17268 17268 W CatchNotificationsSupportedAppsDBHelper: Package is not disabled, cannot enable
10-25 21:40:23.272 17268 17268 D CatchNotificationsSupportedAppsDBHelper: Adding new supported packag
10-25 21:40:23.272 17268 17268 W CatchNotificationsSupportedAppsDBHelper: Package is not disabled, cannot enable
10-25 21:40:23.272 17268 17268 D CatchNotificationsSupportedAppsDBHelper: Adding new supported packag
10-25 21:40:23.272 17268 17268 W CatchNotificationsSupportedAppsDBHelper: Package is not disabled, cannot enable
10-25 21:40:23.272 17268 17268 D CatchNotificationsSupportedAppsDBHelper: Adding new supported packag
10-25 21:40:23.272 17268 17268 W CatchNotificationsSupportedAppsDBHelper: Package is not disabled, cannot enable
10-25 21:40:23.272 17268 17268 D CatchNotificationsSupportedAppsDBHelper: Adding new supported packag
10-25 21:40:23.272 17268 17268 W CatchNotificationsSupportedAppsDBHelper: Package is not disabled, cannot enable
10-25 21:40:23.272 17268 17268 D CatchNotificationsSupportedAppsDBHelper: Adding new supported packag
10-25 21:40:23.272 17268 17268 W CatchNotificationsSupportedAppsDBHelper: Package is not disabled, cannot enable
10-25 21:40:23.272 17268 17268 D CatchNotificationsSupportedAppsDBHelper: Adding new supported packag
10-25 21:40:23.272 17268 17268 W CatchNotificationsSupportedAppsDBHelper: Package is not disabled, cannot enable
10-25 21:40:23.272 17268 17268 D CatchNotificationsSupportedAppsDBHelper: Adding new supported packag
10-25 21:40:23.272 17268 17268 W CatchNotificationsSupportedAppsDBHelper: Package is not disabled, cannot enable
10-25 21:40:23.272 17268 17268 D CatchNotificationsSupportedAppsDBHelper: Adding new supported packag
10-25 21:40:23.272 17268 17268 W CatchNotificationsSupportedAppsDBHelper: Package is not disabled, cannot enable
10-25 21:40:23.272 17268 17268 D CatchNotificationsSupportedAppsDBHelper: Adding new supported packag
10-25 21:40:23.272 17268 17268 W CatchNotificationsSupportedAppsDBHelper: Package is not disabled, cannot enable
10-25 21:40:23.272 17268 17268 D CatchNotificationsSupportedAppsDBHelper: Adding new supported packag
10-25 21:40:23.272 17268 17268 W CatchNotificationsSupportedAppsDBHelper: Package is not disabled, cannot enable
10-25 21:40:23.272 17268 17268 D CatchNotificationsSupportedAppsDBHelper: Adding new supported packag
10-25 21:40:23.272 17268 17268 W CatchNotificationsSupportedAppsDBHelper: Package is not disabled, cannot enable
10-25 21:40:23.272 17268 17268 D CatchNotificationsSupportedAppsDBHelper: Adding new supported packag
10-25 21:40:23.272 17268 17268 W CatchNotificationsSupportedAppsDBHelper: Package is not disabled, cannot enable
10-25 21:40:23.272 17268 17268 D CatchNotificationsSupportedAppsDBHelper: Adding new supported packag
10-25 21:40:23.272 17268 17268 W CatchNotificationsSupportedAppsDBHelper: Package is not disabled, cannot enable
10-25 21:40:23.272 17268 17268 D CatchNotificationsSupportedAppsDBHelper: Adding new supported packag
10-25 21:40:23.272 17268 17268 W CatchNotificationsSupportedAppsDBHelper: Package is not disabled, cannot enable
10-25 21:40:23.272 17268 17268 D CatchNotificationsSupportedAppsDBHelper: Adding new supported packag
10-25 21:40:23.272 17268 17268 W CatchNotificationsSupportedAppsDBHelper: Package is not disabled, cannot enable
10-25 21:40:23.272 17268 17268 D CatchNotificationsSupportedAppsDBHelper: Adding new supported packag
10-25 21:40:23.272 17268 17268 W CatchNotificationsSupportedAppsDBHelper: Package is not disabled, cannot enable
10-25 21:40:23.272 17268 17268 D CatchNotificationsSupportedAppsDBHelper: Adding new supported packag
10-25 21:40:23.272 17268 17268 W CatchNotificationsSupportedAppsDBHelper: Package is not disabled, cannot enable
10-25 21:40:23.272 17268 17268 D CatchNotificationsSupportedAppsDBHelper: Adding new supported packag
10-25 21:40:23.272 17268 17268 W CatchNotificationsSupportedAppsDBHelper: Package is not disabled, cannot enable
10-25 21:40:23.272 17268 17268 D CatchNotificationsSupportedAppsDBHelper: Adding new supported packag
10-25 21:40:23.272 17268 17268 W CatchNotificationsSupportedAppsDBHelper: Package is not disabled, cannot enable
10-25 21:40:23.272 17268 17268 D CatchNotificationsSupportedAppsDBHelper: Adding new supported packag
10-25 21:40:23.272 17268 17268 W CatchNotificationsSupportedAppsDBHelper: Package is not disabled, cannot enable
10-25 21:40:23.272 17268 17268 D CatchNotificationsSupportedAppsDBHelper: Adding new supported packag
10-25 21:40:23.272 17268 17268 W CatchNotificationsSupportedAppsDBHelper: Package is not disabled, cannot enable
10-25 21:40:23.272 17268 17268 D CatchNotificationsSupportedAppsDBHelper: Adding new supported packag
10-25 21:40:23.272 17268 17268 W CatchNotificationsSupportedAppsDBHelper: Package is not disabled, cannot enable
10-25 21:40:23.272 17268 17268 D CatchNotificationsSupportedAppsDBHelper: Adding new supported packag
10-25 21:40:23.272 17268 17268 W CatchNotificationsSupportedAppsDBHelper: Package is not disabled, cannot enable
10-25 21:40:23.272 17268 17268 D CatchNotificationsSupportedAppsDBHelper: Adding new supported packag
10-25 21:40:23.272 17268 17268 W CatchNotificationsSupportedAppsDBHelper: Package is not disabled, cannot enable
10-25 21:40:23.272 17268 17268 D CatchNotificationsSupportedAppsDBHelper: Adding new supported packag
10-25 21:40:23.272 17268 17268 W CatchNotificationsSupportedAppsDBHelper: Package is not disabled, cannot enable
10-25 21:40:23.272 17268 17268 D CatchNotificationsSupportedAppsDBHelper: Adding new supported packag
10-25 21:40:23.272 17268 17268 W CatchNotificationsSupportedAppsDBHelper: Package is not disabled, cannot enable
10-25 21:40:23.272 17268 17268 D CatchNotificationsSupportedAppsDBHelper: Adding new supported packag
10-25 21:40:23.272 17268 17268 W CatchNotificationsSupportedAppsDBHelper: Package is not disabled, cannot enable
10-25 21:40:23.272 17268 17268 D CatchNotificationsSupportedAppsDBHelper: Adding new supported packag
10-25 21:40:23.272 17268 17268 W CatchNotificationsSupportedAppsDBHelper: Package is not disabled, cannot enable
10-25 21:40:23.272 17268 17268 D CatchNotificationsSupportedAppsDBHelper: Adding new supported packag
10-25 21:40:23.272 17268 17268 W CatchNotificationsSupportedAppsDBHelper: Package is not disabled, cannot enable
10-25 21:40:23.272 17268 17268 D CatchNotificationsSupportedAppsDBHelper: Adding new supported packag
10-25 21:40:23.272 17268 17268 W CatchNotificationsSupportedAppsDBHelper: Package is not disabled, cannot enable
10-25 21:40:23.272 17268 17268 D CatchNotificationsSupportedAppsDBHelper: Adding new supported packag
10-25 21:40:23.272 17268 17268 W CatchNotificationsSupportedAppsDBHelper: Package is not disabled, cannot enable
10-25 21:40:23.272 17268 17268 D CatchNotificationsSupportedAppsDBHelper: Adding new supported packag
10-25 21:40:23.272 17268 17268 W CatchNotificationsSupportedAppsDBHelper: Package is not disabled, cannot enable
10-25 21:40:23.272 17268 17268 D CatchNotificationsSupportedAppsDBHelper: Adding new supported packag
10-25 21:40:23.272 17268 17268 W CatchNotificationsSupportedAppsDBHelper: Package is not disabled, cannot enable
10-25 21:40:23.272 17268 17268 D CatchNotificationsSupportedAppsDBHelper: Adding new supported packag
10-25 21:40:23.272 17268 17268 W CatchNotificationsSupportedAppsDBHelper: Package is not disabled, cannot enable
10-25 21:40:23.272 17268 17268 D CatchNotificationsSupportedAppsDBHelper: Added all other packages
10-25 21:40:23.272 17268 17268 D CatchNotificationsSupportedAppsDBHelper: Saved data restored
10-25 21:40:23.272 16325 16367 V VRSVC : (HmtSensorObserver.java:34) onEvent [onEvent() event=256 path=ovr0 isVRMode=true]
10-25 21:40:23.282 16325 16367 V VRSVC : (HmtSensorObserver.java:44) onEvent [sensor attached!]
10-25 21:40:23.282 3520 4018 D EventHub: No input device configuration file found for device 'sec_hmt Gear VR'.
10-25 21:40:23.282 3520 4018 I EventHub: New device: id=47, fd=409, path='/dev/input/event18', name='sec_hmt Gear VR', classes=0x80000008, configuration='', keyLayout='', keyCharacterMap='', builtinKeyboard=false, wakeMechanism=EPOLLWAKEUP, usingClockIoctl=true
10-25 21:40:23.282 3520 4018 I InputReader: VRInputMapper::VRInputMapper
10-25 21:40:23.282 16325 17241 V VRSVC : (HmtDeviceEventManager.java:109) wtkw [OnDeviceEvent onSensorAttached start.]
10-25 21:40:23.282 3520 4018 I InputReader: VRInputMapper::configure
10-25 21:40:23.282 3520 4018 W InputReader: VRInputMapper::configure mouse control type changed!: '0'
10-25 21:40:23.282 3520 4018 I InputReader: VRInputMapper::reset
10-25 21:40:23.282 3520 4018 I InputReader: Device added: id=47, name='sec_hmt Gear VR', sources=0x00002002
10-25 21:40:23.282 16325 17244 V VRSVC : (HmtSensorEvent.java:249) yTqX [requestInit()]
10-25 21:40:23.282 16325 17245 D VRSVC : (LogEvent.java:105) BRMq [OnDeviceEvent onSensorAttached hmtConnected=true]
10-25 21:40:23.282 16325 17244 V VRSVC : (HmtSensorEvent.java:274) wtkw [cancelInit() mSensorHandler]
10-25 21:40:23.282 16325 17244 V VRSVC : (HmtSensorEvent.java:284) wtkw [cancelInit() mSensorLooper]
10-25 21:40:23.282 3520 4928 D InputDispatcher: setInputDispatchMode: enabled=1, frozen=1
10-25 21:40:23.282 16325 17244 V VRSVC : (SensorModule.java:42) yTqX [SensorModule initialize SensorModule ver=2 ABI=arm64-v8a]
10-25 21:40:23.282 3520 4018 D EventHub: No input device configuration file found for device 'sec_hmt Gear VR'.
10-25 21:40:23.282 16325 17241 V VRSVC : (HmtDeviceEventManager.java:101) wtkw [OnDeviceEvent onSensorAttached finished. elapsedTime=3]
10-25 21:40:23.282 3099 3099 I SurfaceFlinger: id=863 createSurf (1440x2560),2 flag=4, TcreenshotS
10-25 21:40:23.282 3520 4018 W EventHub: Unable to disable kernel key repeat for /dev/input/event19: Function not implemented
10-25 21:40:23.282 3520 4018 I EventHub: New device: id=48, fd=411, path='/dev/input/event19', name='sec_hmt Gear VR', classes=0x80000001, configuration='', keyLayout='/system/usr/keylayout/Generic.kl', keyCharacterMap='/system/usr/keychars/Generic.kcm', builtinKeyboard=false, wakeMechanism=EPOLLWAKEUP, usingClockIoctl=true
10-25 21:40:23.282 3520 4018 I InputReader: VRKeyboardInputMapper::VRKeyboardInputMapper
10-25 21:40:23.292 3520 4018 I InputReader: VRKeyboardInputMapper::configure
10-25 21:40:23.292 3520 4018 I InputReader: VRKeyboardInputMapper::reset
10-25 21:40:23.292 3520 4018 I InputReader: Device added: id=48, name='sec_hmt Gear VR', sources=0x00000101
10-25 21:40:23.302 3520 4018 D InputReader: sendBroadcastEvent 1 (vr proximity)
10-25 21:40:23.302 3520 4018 V InputManager: notifyVRProximityEventChanged event=1
10-25 21:40:23.302 3520 4018 D InputDispatcher: mDispatchFrozen is true
10-25 21:40:23.312 3099 3099 D libEGL : eglInitialize EGLDisplay = 0x7fc6961138
10-25 21:40:23.322 3099 3099 I SurfaceFlinger: Disp[0] Orientation 0=>1
10-25 21:40:23.332 13979 13979 V SamsungIME: onConfigurationChanged
10-25 21:40:23.332 13979 13979 D SamsungIME: onConfigurationChanged- Configuration.MOBILEKEYBOARD_COVERED_NO
10-25 21:40:23.352 3520 3598 V WindowStateAnimator: Finishing drawing window Window{41d645c u0 d0 Starting com.samsung.android.hmt.vrsvc}: mDrawState=DRAW_PENDING
10-25 21:40:23.352 13979 13979 I SamsungIME: [Before] hardKeyboardHidden(2) keyboardType(1)
10-25 21:40:23.352 13979 13979 I SamsungIME: mHwKeyboardShown [isHWKeyboardOpen()] = false --> false
10-25 21:40:23.352 13979 13979 E SamsungIME: isHWKeyboardConnected() = false --> false
10-25 21:40:23.352 3520 3598 V InputManager: sendVRProximityEventChanged event=1
10-25 21:40:23.352 13979 13979 I SamsungIME: [hasToCallSuper] true
10-25 21:40:23.352 3520 4018 I InputReader: Reconfiguring input devices. changes=0x00000004
10-25 21:40:23.352 3520 4018 I InputReader: Device reconfigured: id=4, name='sec_touchscreen', size 1440x2560, orientation 1, mode 1, display id 0
10-25 21:40:23.352 3099 3099 D libEGL : eglInitialize EGLDisplay = 0x7fc6961138
10-25 21:40:23.352 3520 4018 D InputReader: Wrote command set_rotation_status,1
10-25 21:40:23.352 3520 4018 I InputReader: VRInputMapper::configure
10-25 21:40:23.352 3520 4018 I InputReader: VRKeyboardInputMapper::configure
10-25 21:40:23.362 4523 4523 E CocktailBarPositionManager: Window direction: 1
10-25 21:40:23.362 4523 4523 I CocktailBarPositionManager: updateAlphaScreenPosition position is dirty 1
10-25 21:40:23.362 3970 3998 V VRManagerServer: (VRManagerService.java:1760) QdBd [notifyDeviceEventChanged event=16(10)]
10-25 21:40:23.362 3970 3998 V VRManagerServer: (DeviceEventManager.java:59) yTqX [notifyProximityEventChanged mount=true]
10-25 21:40:23.372 13979 13979 D SamsungIME: onStartInput: No inputType, No imeOption, isInputViewShown = false, isExtractViewShown = false, isShowInputRequested = false, isConfigChanged = true
10-25 21:40:23.372 13979 13979 D SamsungIME: Dismiss ExpandCandiate
10-25 21:40:23.382 13979 13979 E SamsungIME: resetNeedToLoadHwrLibrary : 0
10-25 21:40:23.382 13979 13979 I SamsungIME: putCacheDrawable inputModule=0 key =ICON_SETTING
10-25 21:40:23.392 21059 21059 D [WeatherWidget(1177)] WeatherService: {[9766DBD5B6C289B8E78D0273630B76F24708CA8FC6CDEA3B4E8C8571B7892620787BB01DAFBECA11BDEDA1567AE3B9B5]}
10-25 21:40:23.402 4523 4523 I CocktailBarPositionManager: onOrientationChanged position is dirty 2
10-25 21:40:23.402 21059 21059 D [WeatherWidget(1177)] WeatherAppWidget: {[9C41A2EAFAAB2EF4F8363256C22FE8ADA54D5259F08E63090BA2911DFBF9111707F8EF50FF097F24EA6FF49ADE901A5E]}
10-25 21:40:23.402 21059 21059 D [WeatherWidget(1177)] : {[DF00664B5BF2DD508EC3D0ADB8B43C9FB429631765284D8658CE62A4AFFAA963]}
10-25 21:40:23.402 21059 21059 D [WeatherWidget(1177)] : {[79F20C3F50391A44F9DF82E8568310884AED2E4B3EDF06FE0EE72EE65A0EAEF5454F614B9A3BF06B8EA0D40C788EFC54686F42A8696B81CA1764648D9E53C322BA80A62BD5F840759A86BD49216D9356]}
10-25 21:40:23.402 4523 4523 I PeoplePanelContainer: onOrientationChanged 2
10-25 21:40:23.402 4523 4523 D CocktailFeedsRemotePanel: updateConfiguration: invalid on non wake up 4
10-25 21:40:23.402 4523 4523 D CocktailFeedsRemotePanel: updateConfiguration: invalid on non wake up 3
10-25 21:40:23.402 21059 21059 D [WeatherWidget(1177)] : {[98A4B9CAC31FF4C9376252668C7449E51534577367E6FE7A2D22592739100CAAA343AD28B759F6D7A973297C79AF7A950759666C13781F3DDF0AFBF13F6912C1]}
10-25 21:40:23.402 4523 4523 I CocktailAddPanelView: makePanelView()
10-25 21:40:23.412 4523 4523 D CocktailBarUiController: Orientation Changed
10-25 21:40:23.412 21059 21059 D [WeatherWidget(1177)] : {[4A8F887C5A79941AD413640B554E6A9B2D7AA61AFAC6E06648B40FCA4741AD6DEF5CB8EA7D5D3CEDD1605E8FEFB3659D03AFF407C5BCD6166D58D3316AA198D4ED62D576B9A2B9991F3856B2CBF352EE32D19FD2B84229B3F686B26A205614C0AC6536A1C0B67D6B4F364204F58B1F59826662EBDEC58B1756DF03584CFF1563B41B4A44F66AFB50648A9737329DF6294283858AA847B397BDC2C35E925D82E73B36943A6EBB923914090D7138482A8730404ABA0BEDD1FB98E3990DC88B9CAEB9ECC749C7236241E118E9E7BF8E5F897D5C610F741F0305331AF83E9D75E238]}
10-25 21:40:23.412 4523 4523 D CocktailBarTriggerContainerView: setContainerGravityState: 1 --> 1
10-25 21:40:23.412 4523 4523 D TrayStateController: putInputRect mDynamicInputRegion=4221932@LastEvent=t=1477456823216Rect(18, 0 - 67, 588),Rect=Rect(0, 0 - 0, 0)
10-25 21:40:23.412 4523 4523 D TrayStateController: putInputRect mDynamicInputRegion=4221932@LastEvent=t=1477456823216Rect(18, 0 - 67, 588),Rect=Rect(18, 0 - 67, 588)
10-25 21:40:23.412 4523 4523 D TrayStateTrigger: getTriggerMaginOnTop retY=258 h=2560 t=258 trigger=291 getTriggerPosition=0
10-25 21:40:23.422 21059 21059 D [WeatherWidget(1177)] : {[73EAB9A6B1C382E6796BBD18F89C762CB8826FE94261435D33620C0FB53A2D6E992CE234CCC952459B361995F38476E4CCE6370DB5B24EBAB74F11661264211A0FEBC7F8ADC98F0975ADDFD8678EF787]}
10-25 21:40:23.422 21059 21059 D [WeatherWidget(1177)] : {[DA32A0F25F342F8016C8E4777E49B5F232EF6C0464FAD63D2E03A2D78521548718774E812FE4C1AD44AD7EE23650DE04]}
10-25 21:40:23.422 21059 21059 D [WeatherWidget(1177)] : {[30345435FB868EA2B7B25AF03EA19797093977856FBF5CDBC961FAAEF0F2ACE9]}
