10-25 21:39:59.482 4521 4521 D MenuAppModel: get TopLevelItems:42
10-25 21:39:59.482 4521 4521 D Launcher.MenuAppsGrid: syncPages end
10-25 21:39:59.552 3520 8446 I System.out: Category Thread calls detatch()
10-25 21:39:59.562 4521 4521 D Launcher.MenuWidgetsLoader: MenuWidgetLoader-done : com.android.launcher2.MenuWidgetsLoader$LoadMenuWidgetsTask@91d993 , update : false , size : 54
10-25 21:39:59.712 16303 16303 I FIPS_bssl: FIPS approved mode (1) | 16303 | app_process
10-25 21:39:59.712 16303 16303 D AndroidRuntime: >>>>>> START com.android.internal.os.RuntimeInit uid 2000 <<<<<<
10-25 21:39:59.712 16303 16303 D AndroidRuntime: CheckJNI is OFF
10-25 21:39:59.722 16303 16303 D AndroidRuntime: readGMSProperty: start
10-25 21:39:59.722 16303 16303 D AndroidRuntime: readGMSProperty: already setted!!
10-25 21:39:59.722 16303 16303 D AndroidRuntime: propertySet: couldn't set property (it is from app)
10-25 21:39:59.722 16303 16303 D AndroidRuntime: readGMSProperty: could not set the property(default)!!
10-25 21:39:59.722 16303 16303 D AndroidRuntime: propertySet: couldn't set property (it is from app)
10-25 21:39:59.722 16303 16303 D AndroidRuntime: propertySet: couldn't set property (it is from app)
10-25 21:39:59.722 16303 16303 D AndroidRuntime: propertySet: couldn't set property (it is from app)
10-25 21:39:59.722 16303 16303 D AndroidRuntime: propertySet: couldn't set property (it is from app)
10-25 21:39:59.722 16303 16303 D AndroidRuntime: readGMSProperty: end
10-25 21:39:59.722 16303 16303 D AndroidRuntime: addProductProperty: start
10-25 21:39:59.742 16303 16303 D ICU : No timezone override file found: /data/misc/zoneinfo/current/icu/icu_tzdata.dat
10-25 21:39:59.772 16303 16303 I Radio-JNI: register_android_hardware_Radio DONE
10-25 21:39:59.782 16303 16303 E AffinityControl: AffinityControl: registerfunction enter
10-25 21:39:59.792 16303 16303 D AndroidRuntime: Calling main entry com.android.commands.am.Am
10-25 21:39:59.802 16303 16303 D AndroidRuntime: Shutting down VM
10-25 21:39:59.812 16325 16325 E Zygote : v2
10-25 21:39:59.812 16325 16325 I SELinux : Function: selinux_compare_spd_ram, index[1], SPD-policy is existed. and_ver=SEPF_SECMOBILE_6.0.1 ver=11
10-25 21:39:59.812 16325 16325 W SELinux : Function: selinux_compare_spd_ram, index[1], priority [2], priority version is VE=SEPF_SECMOBILE_6.0.1_0013
10-25 21:39:59.812 16325 16325 E Zygote : accessInfo : 0
10-25 21:39:59.832 16325 16325 D TimaKeyStoreProvider: TimaSignature is unavailable
10-25 21:39:59.832 16325 16325 D ActivityThread: Added TimaKeyStore provider
10-25 21:39:59.842 16325 16325 I InjectionManager: Inside getClassLibPath + mLibMap{0=, 1=}
10-25 21:39:59.852 16325 16325 I InjectionManager: Inside getClassLibPath caller
10-25 21:39:59.862 16325 16325 V VRSVC : (VRServiceApplication.java:15) onCreate [onCreate() elapsedTime=1]
10-25 21:39:59.862 16325 16325 D InjectionManager: InjectionManager
10-25 21:39:59.862 16325 16325 D InjectionManager: fillFeatureStoreMap com.samsung.android.hmt.vrsvc
10-25 21:39:59.862 16325 16325 I InjectionManager: Constructor com.samsung.android.hmt.vrsvc, Feature store :{}
10-25 21:39:59.862 16325 16325 I InjectionManager: featureStore :{}
10-25 21:39:59.862 16325 16325 V VRSVC : (HmtReceiverMarshmallow.java:19) onReceive [onReceive action=com.samsung.intent.action.HMT_PENDING_LAUNCH]
10-25 21:39:59.862 16325 16325 D VRSVC : (HmtReceiver.java:113) yTqX [handleCancelLaunching=hmt]
10-25 21:39:59.872 16325 16325 V VRSVC : (HmtService.java:31) onCreate [onCreate]
10-25 21:39:59.882 16325 16325 V VRSVC : (StereoView.java:113) wtkw [swap width-height]
10-25 21:39:59.882 16325 16325 V VRSVC : (StereoView.java:121) wtkw [widthPixel=2560 heightPixel=1440 screenWidth=12.5 screenHeight=7.100013 xdpi=520.192 ydpi=515.154 mScreenHalfWidthCm=6.25]
10-25 21:39:59.882 16325 16325 V VRSVC : (StereoView.java:348) setInterpupillaryDistance [setInterpupillaryDistance interpupillaryDistance=5.75 mInterpupillaryDistancePixel=51]
10-25 21:39:59.892 16325 16325 V VRSVC : (DockEventFactory.java:118) QdBd [OnDeviceEventListener set UserDockEvent]
10-25 21:39:59.892 16325 16325 V VRSVC : (PrefMigrationEvent.java:139) [Pref version=9]
10-25 21:39:59.912 16325 16325 E BluetoothHeadset: BTStateChangeCB is registed
10-25 21:39:59.912 16325 16325 V VRSVC : (HmtDeviceEventManager.java:109) wtkw [OnDeviceEvent onCreate start.]
10-25 21:39:59.922 16325 16342 V VRSVC : (WakeLockControlEvent.java:26) yTqX [acquire vr service wakelock]
10-25 21:39:59.922 16325 16339 D VRSVC : (LogEvent.java:31) QdBd [OnDeviceEvent onCreate topActivity=com.sec.android.app.launcher/.activities.LauncherActivity hmtConnected=false versionCode=256000000 versionName=2.5.60 hashCode=81420711 VRAPI=11 currentUser=0]
10-25 21:39:59.932 16325 16342 V VRSVC : (KeyguardControlEvent.java:83) yTqX [isSecureKeyGuardLocked isKeyguardSecure=false isKeyguardLocked=false]
10-25 21:39:59.932 16290 16290 D AASAservice-RuleManager: IsSharedUID() : pkgname - com.foo.ProductName, mSharedUserId - null
10-25 21:39:59.932 16290 16290 D AASAservice-UpdateReceiver: AASAUpdateReceiver : check SharedUID package.
10-25 21:39:59.932 16290 16290 E AASAservice-UpdateReceiver: AASAUpdateReceiver : myrule is null.
10-25 21:39:59.932 16290 16290 I art : System.exit called, status: 0
10-25 21:39:59.932 16290 16290 I AndroidRuntime: VM exiting with result code 0, cleanup skipped.
10-25 21:39:59.932 16325 16344 V MediaPlayer: decode(24, 3054064, 17007)
10-25 21:39:59.932 3520 4091 D lights : lcd : 37 +
10-25 21:39:59.932 16325 16342 V VRSVC : (KeyguardControlEvent.java:84) wtkw [isNormalKeyGuardLocked isKeyguardSecure=false isKeyguardLocked=false]
10-25 21:39:59.932 16325 16340 V VRSVC : (SetupWizardEvent.java:152) yTqX [scenario=1(1)]
10-25 21:39:59.932 3520 4091 D lights : lcd : 37 -
10-25 21:39:59.942 16325 16347 V MediaPlayer: decode(25, 3071120, 14070)
10-25 21:39:59.942 3126 19918 I OggExtractor: OggSource::OggSource() mExtractor ref count = 4
10-25 21:39:59.942 3126 4062 I OggExtractor: OggSource::OggSource() mExtractor ref count = 4
10-25 21:39:59.942 16325 16342 V VRSVC : (KeyguardControlEvent.java:86) QdBd [isSecureKeyguardLocked=false isNormalKeyguardLocked=false]
10-25 21:39:59.942 3126 19918 I OMXCodec: Attempting to allocate OMX node 'OMX.google.vorbis.decoder'
10-25 21:39:59.942 3126 4062 I OMXCodec: Attempting to allocate OMX node 'OMX.google.vorbis.decoder'
10-25 21:39:59.952 3126 19918 I OMXCodec: Successfully allocated OMX node 'OMX.google.vorbis.decoder'
10-25 21:39:59.952 16325 16340 W VRSVC : (Util.java:575) wtkw [unknown networkOperator=]
10-25 21:39:59.952 3126 4062 I OMXCodec: Successfully allocated OMX node 'OMX.google.vorbis.decoder'
10-25 21:39:59.952 3126 4062 I OMXCodec: >>>UHQA initOutputFormat 16
10-25 21:39:59.952 3126 19918 I OMXCodec: >>>UHQA initOutputFormat 16
10-25 21:39:59.952 3126 4062 I OMXCodec: [OMX.google.vorbis.decoder] OMXCodec::start mState=1
10-25 21:39:59.952 3126 19918 I OMXCodec: [OMX.google.vorbis.decoder] OMXCodec::start mState=1
10-25 21:39:59.952 3126 19918 I OMXCodec: [OMX.google.vorbis.decoder] allocating 4 buffers of size 8192 on input port
10-25 21:39:59.952 3126 4062 I OMXCodec: [OMX.google.vorbis.decoder] allocating 4 buffers of size 8192 on input port
10-25 21:39:59.952 3520 4091 D lights : lcd : 70 +
10-25 21:39:59.952 3126 4062 I OMXCodec: [OMX.google.vorbis.decoder] allocating 4 buffers of size 32768 on output port
10-25 21:39:59.952 3126 19918 I OMXCodec: [OMX.google.vorbis.decoder] allocating 4 buffers of size 32768 on output port
10-25 21:39:59.952 3126 16350 I OMXCodec: [OMX.google.vorbis.decoder] Now Idle. Component sends idle done Event
10-25 21:39:59.952 3126 16352 I OMXCodec: [OMX.google.vorbis.decoder] Now Idle. Component sends idle done Event
10-25 21:39:59.952 3520 4091 D lights : lcd : 70 -
10-25 21:39:59.952 16325 16340 V VRSVC : (SetupWizardEvent.java:162) yTqX [isScenarioChanged prevMCC=0 currentMCC=0 isForce=false]
10-25 21:39:59.952 16325 16340 I VRSVC : (SetupWizardEvent.java:165) yTqX [sim unrecognized. scenario not changed]
10-25 21:39:59.952 3126 16350 I OMXCodec: [OMX.google.vorbis.decoder] 0onCmdComplete mState = 7
10-25 21:39:59.952 3126 16350 I OMXCodec: [OMX.google.vorbis.decoder] PORT_DISABLED(1)
10-25 21:39:59.952 3126 16350 I OMXCodec: >>>UHQA initOutputFormat 16
10-25 21:39:59.952 3126 16350 I OMXCodec: [OMX.google.vorbis.decoder] allocating 4 buffers of size 32768 on output port
10-25 21:39:59.952 3126 16352 I OMXCodec: [OMX.google.vorbis.decoder] 0onCmdComplete mState = 7
10-25 21:39:59.952 3126 16352 I OMXCodec: [OMX.google.vorbis.decoder] PORT_DISABLED(1)
10-25 21:39:59.952 3126 16352 I OMXCodec: >>>UHQA initOutputFormat 16
10-25 21:39:59.952 3126 16352 I OMXCodec: [OMX.google.vorbis.decoder] allocating 4 buffers of size 32768 on output port
10-25 21:39:59.962 3126 16350 I OMXCodec: [OMX.google.vorbis.decoder] End Of Stream
10-25 21:39:59.962 3126 19918 I SoundExtractor: extract() reached EOS
10-25 21:39:59.962 3126 19918 I OMXCodec: [OMX.google.vorbis.decoder] stop mState=4
10-25 21:39:59.962 3126 19918 I OMXCodec: [OMX.google.vorbis.decoder] stop() sendCommand(293, OMX_CommandStateSet, OMX_StateIdle)
10-25 21:39:59.962 3126 16350 I OMXCodec: [OMX.google.vorbis.decoder] Now Idle. Component sends idle done Event
10-25 21:39:59.962 3126 19918 I OMXCodec: [OMX.google.vorbis.decoder] stopOmxComponent_l() mstate = 1
10-25 21:39:59.962 3126 19918 I OggExtractor: OggSource::stop() mExtractor ref count = 1
10-25 21:39:59.962 3126 19918 I OggExtractor: OggSource::~OggSource() mExtractor !mStarted ref count = 1
10-25 21:39:59.962 3126 19918 I OggExtractor: ~OggSource --
10-25 21:39:59.962 3126 19918 I OggExtractor: ~OggExtractor ++
10-25 21:39:59.962 3126 19918 I OggExtractor: ~MyOggExtractor ++
10-25 21:39:59.962 3126 19918 I OggExtractor: ~MyOggExtractor --
10-25 21:39:59.962 3126 19918 I OggExtractor: ~OggExtractor --
10-25 21:39:59.962 3126 16352 I OMXCodec: [OMX.google.vorbis.decoder] End Of Stream
10-25 21:39:59.962 3126 4062 I SoundExtractor: extract() reached EOS
10-25 21:39:59.962 3126 4062 I OMXCodec: [OMX.google.vorbis.decoder] stop mState=4
10-25 21:39:59.962 3126 4062 I OMXCodec: [OMX.google.vorbis.decoder] stop() sendCommand(294, OMX_CommandStateSet, OMX_StateIdle)
10-25 21:39:59.962 3126 16352 I OMXCodec: [OMX.google.vorbis.decoder] Now Idle. Component sends idle done Event
10-25 21:39:59.962 3126 4062 I OMXCodec: [OMX.google.vorbis.decoder] stopOmxComponent_l() mstate = 1
10-25 21:39:59.962 3126 4062 I OggExtractor: OggSource::stop() mExtractor ref count = 1
10-25 21:39:59.962 3126 4062 I OggExtractor: OggSource::~OggSource() mExtractor !mStarted ref count = 1
10-25 21:39:59.962 3126 4062 I OggExtractor: ~OggSource --
10-25 21:39:59.962 3126 4062 I OggExtractor: ~OggExtractor ++
10-25 21:39:59.962 3126 4062 I OggExtractor: ~MyOggExtractor ++
10-25 21:39:59.962 3126 4062 I OggExtractor: ~MyOggExtractor --
10-25 21:39:59.962 3126 4062 I OggExtractor: ~OggExtractor --
10-25 21:39:59.962 16354 16354 E Zygote : v2
10-25 21:39:59.962 16354 16354 I SELinux : Function: selinux_compare_spd_ram, index[1], SPD-policy is existed. and_ver=SEPF_SECMOBILE_6.0.1 ver=11
10-25 21:39:59.962 16354 16354 W SELinux : Function: selinux_compare_spd_ram, index[1], priority [2], priority version is VE=SEPF_SECMOBILE_6.0.1_0013
10-25 21:39:59.962 16354 16354 E Zygote : accessInfo : 0
10-25 21:39:59.962 16354 16354 W SELinux : SELinux: seapp_context_lookup: seinfo=platform, level=s0:c512,c768, pkgname=com.samsung.android.app.appsedge
10-25 21:39:59.962 3520 4091 D lights : lcd : 103 +
10-25 21:39:59.962 3520 4091 D lights : lcd : 103 -
10-25 21:39:59.972 16325 16340 V VRSVC : (SetupWizardEvent.java:146) yTqX [setupWizardComplete=1 LAST_SDK_INT=23 elapsedTime=52]
10-25 21:39:59.972 16325 16340 V VRSVC : (SetupWizardEvent.java:147) yTqX [developerMode=false demoMode=false]
10-25 21:39:59.972 16325 16325 V VRSVC : (HmtDeviceEventManager.java:101) wtkw [OnDeviceEvent onCreate finished. elapsedTime=58]
10-25 21:39:59.972 16325 16325 V VRSVC : (HmtService.java:50) onStartCommand [onStartCommand() flags=0 startId=1 sys.hmt.connected=false]
10-25 21:39:59.972 16325 16337 V VRSVC : (HmtService.java:112) yTqX [onHandleIntent action=com.samsung.intent.action.HMT_PENDING_LAUNCH_EVENT]
10-25 21:39:59.972 16325 16325 D VRSVC : (PhoneStateEvent.java:61) yTqX [registerPhoneListener]
10-25 21:39:59.982 16325 16337 V VRSVC : (HmtDeviceEventManager.java:109) wtkw [OnDeviceEvent onLaunchCancelled start.]
10-25 21:39:59.982 16325 16342 D VRSVC : (PendingLaunchEvent.java:44) yTqX [reason=hmt developerMode=false setupWizardComplete=1]
10-25 21:39:59.982 16325 16341 D VRSVC : (LogEvent.java:171) yTqX [onLaunchCancelled reason=hmt pendingIntent=PendingIntent{28c524a: android.os.BinderProxy@60dc5bb} pIntent=Intent { act=android.intent.action.MAIN cat=[android.intent.category.LAUNCHER] flg=0x10200000 cmp=com.foo.ProductName/com.unity3d.player.UnityPlayerActivity } topActivity=com.sec.android.app.launcher/.activities.LauncherActivity hmtConnected=false]
10-25 21:39:59.982 16325 16325 D VRSVC : (BatteryEvent.java:72) onReceive [intent action=android.intent.action.BATTERY_CHANGED isInitialStickyBroadcast=true]
10-25 21:39:59.982 16325 16325 V VRSVC : (BatteryEvent.java:86) yTqX [handleIntentBattery batteryLevel=100 batteryStatus=2 batteryPlugged=2 batteryTemperature=261]
10-25 21:39:59.982 16325 16342 V VRSVC : (PendingLaunchEvent.java:79) yTqX [showInsertHMTPopup intent=Intent { act=android.intent.action.MAIN cat=[android.intent.category.LAUNCHER] flg=0x10200000 cmp=com.foo.ProductName/com.unity3d.player.UnityPlayerActivity } pendingIntent=PendingIntent{28c524a: android.os.BinderProxy@60dc5bb}]
10-25 21:39:59.982 16325 16342 I VRSVC : (PendingLaunchEvent.java:95) yTqX [start WaitActivity topActivity=ComponentInfo{com.sec.android.app.launcher/com.sec.android.app.launcher.activities.LauncherActivity}]
10-25 21:39:59.982 3520 4091 D lights : lcd : 137 +
10-25 21:39:59.982 16354 16354 D TimaKeyStoreProvider: TimaSignature is unavailable
10-25 21:39:59.982 16354 16354 D ActivityThread: Added TimaKeyStore provider
10-25 21:39:59.982 16325 16342 V VRSVC : (PendingLaunchEvent.java:106) yTqX [newPendingIntent=PendingIntent{fbe5ad8: android.os.BinderProxy@ecaae31}]
10-25 21:39:59.982 3520 4091 D lights : lcd : 137 -
10-25 21:39:59.982 16325 16342 I Timeline: Timeline: Activity_launch_request id:com.samsung.android.hmt.vrsvc time:84241078
10-25 21:39:59.982 16325 16325 V VRSVC : (SoundUtil.java:77) onLoadComplete [onLoadComplete sampleId=1 status=0]
10-25 21:39:59.982 16325 16325 V VRSVC : (SoundUtil.java:77) onLoadComplete [onLoadComplete sampleId=1 status=0]
10-25 21:39:59.982 16325 16325 D VRSVC : (WifiEvent.java:72) onReceive [intent action=android.net.wifi.STATE_CHANGE]
10-25 21:39:59.992 16325 16325 V VRSVC : (PhoneStateEvent.java:114) onCallStateChanged [onCallStateChanged ignored]
10-25 21:39:59.992 16354 16354 I InjectionManager: Inside getClassLibPath + mLibMap{0=, 1=}
10-25 21:39:59.992 4521 4521 D Launcher: onPause, Launcher: 137483200
10-25 21:39:59.992 4521 4521 D Launcher.HomeView: onPause
10-25 21:39:59.992 4521 4521 D Launcher.Workspace: exitWidgetResizeMode. isClearResizeFrame is false
10-25 21:40:00.002 3520 4925 D InputDispatcher: Focused application set to: xxxx
10-25 21:40:00.002 3520 4925 D InputDispatcher: Focus left window: 4521
10-25 21:40:00.002 16325 16337 V VRSVC : (HmtDeviceEventManager.java:101) wtkw [OnDeviceEvent onLaunchCancelled finished. elapsedTime=19]
10-25 21:40:00.002 3520 4091 D lights : lcd : 170 +
10-25 21:40:00.002 3520 4091 D lights : lcd : 170 -
10-25 21:40:00.012 16354 16354 I InjectionManager: Inside getClassLibPath caller
10-25 21:40:00.012 16354 16354 W System : ClassLoader referenced unknown path: /system/priv-app/AppsEdgePanel/lib/arm64
10-25 21:40:00.012 3520 4091 D lights : lcd : 191 +
10-25 21:40:00.022 3520 4091 D lights : lcd : 191 -
10-25 21:40:00.022 16354 16354 D InjectionManager: InjectionManager
10-25 21:40:00.022 16354 16354 D InjectionManager: fillFeatureStoreMap com.samsung.android.app.appsedge
10-25 21:40:00.032 16354 16354 I InjectionManager: Constructor com.samsung.android.app.appsedge, Feature store :{}
10-25 21:40:00.032 16354 16354 I InjectionManager: featureStore :{}
10-25 21:40:00.032 4216 4216 V CenterBarWindowService: noteResumeComponent /arrangeState : 0
10-25 21:40:00.032 4130 4130 D KeyguardUpdateMonitor: received broadcast android.intent.action.TIME_TICK
10-25 21:40:00.032 4130 4130 D KeyguardUpdateMonitor: handleTimeUpdate
10-25 21:40:00.032 16354 16354 I AppsEdgeBroadcastReceiver: onReceive: android.intent.action.PACKAGE_ADDED
10-25 21:40:00.032 16325 16325 V VRSVC : (WaitActivity.java:82) onCreate [onCreate()]
10-25 21:40:00.032 3520 3520 I Tethering: BATTERY_CHANGED, level = 100lowBatteryThreshold = 15
10-25 21:40:00.042 4130 4130 D KeyguardUpdateMonitor: received broadcast android.intent.action.BATTERY_CHANGED
10-25 21:40:00.042 4130 4130 D KeyguardUpdateMonitor: handleBatteryUpdate
10-25 21:40:00.042 4590 4590 D BatteryMonitor: new battery level: 100
10-25 21:40:00.062 4130 4130 D Clock : received broadcast android.intent.action.TIME_TICK
10-25 21:40:00.072 3520 16264 I HarmonyEASService: Updating for all 1
10-25 21:40:00.072 16373 16373 E Zygote : v2
10-25 21:40:00.072 16373 16373 I SELinux : Function: selinux_compare_spd_ram, index[1], SPD-policy is existed. and_ver=SEPF_SECMOBILE_6.0.1 ver=11
10-25 21:40:00.072 16373 16373 W SELinux : Function: selinux_compare_spd_ram, index[1], priority [2], priority version is VE=SEPF_SECMOBILE_6.0.1_0013
10-25 21:40:00.082 16373 16373 E Zygote : accessInfo : 0
10-25 21:40:00.082 16373 16373 W SELinux : SELinux: seapp_context_lookup: seinfo=untrusted, level=s0:c512,c768, pkgname=com.google.android.partnersetup
10-25 21:40:00.112 16373 16373 D TimaKeyStoreProvider: TimaSignature is unavailable
10-25 21:40:00.112 16373 16373 D ActivityThread: Added TimaKeyStore provider
10-25 21:40:00.122 3520 3598 D ViewRootImpl: #1 mView = com.android.internal.policy.PhoneWindow$DecorView{4e95c12 V.E...... R.....ID 0,0-0,0}
10-25 21:40:00.122 3520 3598 D ISSUE_DEBUG: InputChannelName : 59ade0 Starting com.samsung.android.hmt.vrsvc
10-25 21:40:00.132 3520 3598 D PointerIcon: setMouseIconStyle1 pointerType: 1001 iconType:101 flag:0 pid:3520 uid:1000
10-25 21:40:00.132 3520 3598 D PointerIcon: setMouseCustomIcon IconType is same.101
10-25 21:40:00.132 3520 3598 D PointerIcon: setHoveringSpenIconStyle1 pointerType: 10001 iconType:1 flag:0 pid:3520 uid:1000
10-25 21:40:00.132 3520 3598 D PointerIcon: setHoveringSpenCustomIcon IconType is same.1
10-25 21:40:00.132 4130 4130 D DateView: received broadcast android.intent.action.TIME_TICK
10-25 21:40:00.132 3099 3099 I SurfaceFlinger: id=856 createSurf (1x1),1 flag=404, wrsvc
10-25 21:40:00.142 16373 16373 I InjectionManager: Inside getClassLibPath + mLibMap{0=, 1=}
10-25 21:40:00.152 16373 16373 I InjectionManager: Inside getClassLibPath caller
10-25 21:40:00.152 4130 4130 D WallpaperService: MSG_WINDOW_RESIZED
10-25 21:40:00.162 4130 4130 V WallpaperService: Wallpaper size has changed: (2560, 2560
10-25 21:40:00.162 4521 4521 V LauncherAppWidgetHostView: calculateWidgetSize: (target widgetsize) using w/h 1359 347 span 5 1 (widgetid 6) [current Gridsize : GRID_5x5]
10-25 21:40:00.162 4521 4521 D LauncherAppWidgetHostView: calculateWidgetSize() widget = Weather and Clock(widget id = 6) result hostview size = 1771 x 452
10-25 21:40:00.162 4521 4521 D LauncherAppWidgetHostView: setResizeScaleResult() 1771/ 452 scaleToResize = 0.7673631(widget id = 6)
10-25 21:40:00.162 4521 4521 V LauncherAppWidgetHostView: calculateWidgetSize: (target widgetsize) using w/h 1359 347 span 5 1 (widgetid 2) [current Gridsize : GRID_5x5]
10-25 21:40:00.162 4521 4521 D LauncherAppWidgetHostView: calculateWidgetSize() widget = Google App(widget id = 2) result hostview size = 1771 x 452
10-25 21:40:00.162 4521 4521 D LauncherAppWidgetHostView: setResizeScaleResult() 1771/ 452 scaleToResize = 0.7673631(widget id = 2)
10-25 21:40:00.172 16373 16373 W System : ClassLoader referenced unknown path: /system/priv-app/GooglePartnerSetup/lib/arm64
10-25 21:40:00.182 3520 3598 V WindowStateAnimator: Finishing drawing window Window{59ade0 u0 d0 Starting com.samsung.android.hmt.vrsvc}: mDrawState=DRAW_PENDING
10-25 21:40:00.182 3520 3598 D ViewRootImpl: MSG_RESIZED_REPORT: ci=Rect(0, 0 - 0, 0) vi=Rect(0, 0 - 0, 0) or=1
10-25 21:40:00.182 3520 3598 V WindowStateAnimator: Finishing drawing window Window{59ade0 u0 d0 Starting com.samsung.android.hmt.vrsvc}: mDrawState=COMMIT_DRAW_PENDING
10-25 21:40:00.182 4521 4521 V LauncherAppWidgetHostView: calculateWidgetSize: (target widgetsize) using w/h 1359 347 span 5 1 (widgetid 6) [current Gridsize : GRID_5x5]
10-25 21:40:00.182 4521 4521 D LauncherAppWidgetHostView: calculateWidgetSize() widget = Weather and Clock(widget id = 6) result hostview size = 1771 x 452
10-25 21:40:00.182 4521 4521 D LauncherAppWidgetHostView: setResizeScaleResult() 1771/ 452 scaleToResize = 0.7673631(widget id = 6)
10-25 21:40:00.182 4521 4521 V LauncherAppWidgetHostView: calculateWidgetSize: (target widgetsize) using w/h 1359 347 span 5 1 (widgetid 2) [current Gridsize : GRID_5x5]
10-25 21:40:00.182 4521 4521 D LauncherAppWidgetHostView: calculateWidgetSize() widget = Google App(widget id = 2) result hostview size = 1771 x 452
10-25 21:40:00.182 4521 4521 D LauncherAppWidgetHostView: setResizeScaleResult() 1771/ 452 scaleToResize = 0.7673631(widget id = 2)
10-25 21:40:00.182 3099 3099 D libEGL : eglInitialize EGLDisplay = 0x7fc6961138
10-25 21:40:00.192 4130 4130 D PhoneStatusBar: setSystemUiVisibility vis=8000 mask=ffffffff oldVal=8600 newVal=8000 diff=600
10-25 21:40:00.192 4130 4130 D PanelView: updateQsState
10-25 21:40:00.192 4130 4130 D KeyguardSwipeHelper: reset()
10-25 21:40:00.192 4130 4130 D KeyguardUnlockEventHandler: reset()
10-25 21:40:00.192 4130 4130 D KeyguardSwipeHelper: resetChildViewVI()
10-25 21:40:00.202 16373 16373 D InjectionManager: InjectionManager
10-25 21:40:00.202 16373 16373 D InjectionManager: fillFeatureStoreMap com.google.android.partnersetup
10-25 21:40:00.202 16373 16373 I InjectionManager: Constructor com.google.android.partnersetup, Feature store :{}
10-25 21:40:00.202 16373 16373 I InjectionManager: featureStore :{}
10-25 21:40:00.202 3099 4094 D libEGL : eglTerminate EGLDisplay = 0x7f8b5c6e78
10-25 21:40:00.202 3099 4094 D libEGL : eglTerminate EGLDisplay = 0x7f8b5c6e78
10-25 21:40:00.222 16325 16325 V VRSVC : (WaitActivity.java:92) onCreate [pending_intent intent=Intent { act=android.intent.action.MAIN cat=[android.intent.category.LAUNCHER] flg=0x10200000 cmp=com.foo.ProductName/com.unity3d.player.UnityPlayerActivity } pendingIntents=[PendingIntent{ab793ab: android.os.BinderProxy@6a2a08}]]
10-25 21:40:00.222 16325 16325 V VRSVC : (WaitActivity.java:101) onCreate [topActivity=ComponentInfo{com.sec.android.app.launcher/com.sec.android.app.launcher.activities.LauncherActivity}]
10-25 21:40:00.222 16325 16325 D Activity: performCreate Call Injection manager
10-25 21:40:00.222 16325 16325 I InjectionManager: dispatchOnViewCreated > Target : com.samsung.android.hmt.vrsvc.WaitActivity isFragment :false
10-25 21:40:00.232 16325 16325 V VRSVC : (WaitActivity.java:248) onResume [onResume() isDestroyed=false isFinishing=false]
10-25 21:40:00.232 16390 16390 E Zygote : v2
10-25 21:40:00.232 16390 16390 I SELinux : Function: selinux_compare_spd_ram, index[1], SPD-policy is existed. and_ver=SEPF_SECMOBILE_6.0.1 ver=11
10-25 21:40:00.232 16390 16390 W SELinux : Function: selinux_compare_spd_ram, index[1], priority [2], priority version is VE=SEPF_SECMOBILE_6.0.1_0013
10-25 21:40:00.232 16390 16390 E Zygote : accessInfo : 0
10-25 21:40:00.232 16390 16390 W SELinux : SELinux: seapp_context_lookup: seinfo=samsung, level=s0:c512,c768, pkgname=com.samsung.voiceserviceplatform
10-25 21:40:00.242 16390 16390 D TimaKeyStoreProvider: TimaSignature is unavailable
10-25 21:40:00.242 16390 16390 D ActivityThread: Added TimaKeyStore provider
10-25 21:40:00.252 16325 16325 D ViewRootImpl: #1 mView = com.android.internal.policy.PhoneWindow$DecorView{47bdeb4 I.E...... R.....ID 0,0-0,0}
10-25 21:40:00.252 21059 21059 D [WeatherWidget(1177)] WeatherService: {[EC3334F14841398C8B464A72D0E61AB7CD7E766A36D06043166FAD39187431A3E5A9A2F81BDF9068B74904E1B1CB541044E6D58E921E578E1E6FAAF047CA8AFC]}
10-25 21:40:00.252 21059 21059 D [WeatherWidget(1177)] : {[3AE6950019B083611567B0F9442DB03E59646CBA355B4C260B75423E37A3701A]}
10-25 21:40:00.252 16325 16402 D OpenGLRenderer: Use EGL_SWAP_BEHAVIOR_PRESERVED: true
10-25 21:40:00.252 3520 4928 D ISSUE_DEBUG: InputChannelName : 6f48a0d com.samsung.android.hmt.vrsvc/com.samsung.android.hmt.vrsvc.WaitActivity
10-25 21:40:00.252 21059 21059 D [WeatherWidget(1177)] : {[3AE6950019B083611567B0F9442DB03E0F7D6DF8FAB8AEDDA9C52FD622CBE93BD3B3C821E02768ECE7D54B13E96560EDB802D29C56DFCCD38F937DDED36C9453E14ACC693F7BDF399FD0A06BF2D59F2E62F0159FCF8ED080A2244B7BC466DBEB]}
10-25 21:40:00.252 21059 21059 D [WeatherWidget(1177)] : {[DF00664B5BF2DD508EC3D0ADB8B43C9FB429631765284D8658CE62A4AFFAA963]}
10-25 21:40:00.262 3520 5770 D ActivityManager: post active user change for 0 fullscreen true isFloatingActivity() false isHomeActivity() false
10-25 21:40:00.262 3520 5770 D KnoxTimeoutHandler: postActiveUserChange [MsgParam] userId: 0 fullscreen is true showWhenlocked is false
10-25 21:40:00.262 3520 3520 D KnoxTimeoutHandler: handleActiveUserChange [MsgParam] userId: 0 fullscreen is true showWhenlocked is false
10-25 21:40:00.262 16325 16325 V VRSVC : (HmtService.java:88) onDestroy [onDestroy]
10-25 21:40:00.262 16325 16325 D VRSVC : (HmtService.java:89) ZzLN [closeWindow]
10-25 21:40:00.262 16325 16325 V VRSVC : (HmtDeviceEventManager.java:109) wtkw [OnDeviceEvent onDestroy start.]
10-25 21:40:00.262 16325 16341 V VRSVC : (SoundUtil.java:56) QdBd [release()]
10-25 21:40:00.262 16325 16339 V VRSVC : (WakeLockControlEvent.java:44) wtkw [release vr service wakelock]
10-25 21:40:00.262 3520 3520 I KnoxTimeoutHandler: Shared devices show user statefalse
10-25 21:40:00.272 16390 16390 I InjectionManager: Inside getClassLibPath + mLibMap{0=, 1=}
10-25 21:40:00.272 16325 16340 D VRSVC : (LogEvent.java:152) fFHb [OnDeviceEvent onDestroy topActivity=com.samsung.android.hmt.vrsvc/.WaitActivity hmtConnected=false versionCode=256000000 versionName=2.5.60 hashCode=81420711 VRAPI=11 currentUser=0]
10-25 21:40:00.282 16325 16325 V VRSVC : (HmtDeviceEventManager.java:101) wtkw [OnDeviceEvent onDestroy finished. elapsedTime=17]
10-25 21:40:00.282 16390 16390 I InjectionManager: Inside getClassLibPath caller
10-25 21:40:00.282 3099 3099 I SurfaceFlinger: id=857 createSurf (1440x2560),1 flag=404, XaitActivit
10-25 21:40:00.312 3520 3542 D InputDispatcher: Focus entered window: 16325
10-25 21:40:00.312 3520 3598 D PointerIcon: setMouseIconStyle1 pointerType: 1001 iconType:101 flag:0 pid:3520 uid:1000
10-25 21:40:00.312 3520 3598 D PointerIcon: setMouseCustomIcon IconType is same.101
10-25 21:40:00.312 3520 3598 D PointerIcon: setHoveringSpenIconStyle1 pointerType: 10001 iconType:1 flag:0 pid:3520 uid:1000
10-25 21:40:00.312 3520 3598 D PointerIcon: setHoveringSpenCustomIcon IconType is same.1
10-25 21:40:00.312 16390 16390 I BNRClientProivder, VERSION : 1.7.8: register - started.
10-25 21:40:00.322 16325 16402 D libEGL : loaded /vendor/lib64/egl/libGLES_mali.so
10-25 21:40:00.342 16325 16402 D libEGL : eglInitialize EGLDisplay = 0x7f768c0178
10-25 21:40:00.342 16325 16402 I OpenGLRenderer: Initialized EGL, version 1.4
10-25 21:40:00.342 16325 16402 D : ro.exynos.dss isEnabled: 0
10-25 21:40:00.342 16325 16402 D mali_winsys: new_window_surface returns 0x3000, [1440x2560]-format:1
10-25 21:40:00.342 16390 16390 I BNRClientProivder, VERSION : 1.7.8: register - xml6 quick_backup : SVOICESETTING, bLEmzxKOex, com.samsung.voiceserviceplatform.SCloudBackUp
10-25 21:40:00.342 16325 16325 D VRSVC : (PopupManager.java:277) BRMq [removeStereoViewWindow() already StereoView detached]
10-25 21:40:00.352 16325 16325 D VRSVC : (MonoScreenEvent.java:67) wtkw [dismissMonoForeground]
10-25 21:40:00.352 16325 16325 I VRSVC : (MonoManager.java:174) wtkw [foreground not exist!]
10-25 21:40:00.352 16325 16325 D VRSVC : (MonoScreenEvent.java:71) QdBd [dismissMonoBackground]
10-25 21:40:00.352 16325 16325 I VRSVC : (MonoManager.java:185) QdBd [background not exist!]
10-25 21:40:00.352 16325 16325 D VRSVC : (PhoneStateEvent.java:71) wtkw [unregisterPhoneListener]
10-25 21:40:00.352 16325 16402 D libGLESv1: DTS_GLAPI : DTS is not allowed for Package : com.samsung.android.hmt.vrsvc
10-25 21:40:00.352 16390 16390 I QBNRClientHelper: init SyncClientHelper : SVOICESETTING
10-25 21:40:00.352 16390 16390 I k : :main:VSP::Get Locale from S Voice : en_US
10-25 21:40:00.352 16390 16390 I k : :main:VSP::setLocale locale : en_US
10-25 21:40:00.352 16390 16390 I QuickDialApplication: :main:VSP::QuickDialApplication Started ver:1.9.35-113 (193502113
10-25 21:40:00.362 16390 16390 I VoiceServicePlatformApp:main: : VSP::SvoiceApp Oncreate()
10-25 21:40:00.362 16390 16390 I AppSessionManager:main: : VSP::init() Update from sharedpref
10-25 21:40:00.362 16390 16390 I AppSessionManager:main: : VSP::init() Update from sharedpref
10-25 21:40:00.372 16418 16418 E Zygote : v2
10-25 21:40:00.372 16418 16418 I SELinux : Function: selinux_compare_spd_ram, index[1], SPD-policy is existed. and_ver=SEPF_SECMOBILE_6.0.1 ver=11
10-25 21:40:00.372 16418 16418 W SELinux : Function: selinux_compare_spd_ram, index[1], priority [2], priority version is VE=SEPF_SECMOBILE_6.0.1_0013
10-25 21:40:00.372 16418 16418 E Zygote : accessInfo : 0
10-25 21:40:00.372 16418 16418 W SELinux : SELinux: seapp_context_lookup: seinfo=samsung, level=s0:c512,c768, pkgname=com.samsung.svoice.sync
10-25 21:40:00.392 16418 16418 D TimaKeyStoreProvider: TimaSignature is unavailable
10-25 21:40:00.392 16418 16418 D ActivityThread: Added TimaKeyStore provider
10-25 21:40:00.402 3520 4533 V WindowStateAnimator: Finishing drawing window Window{6f48a0d u0 d0 com.samsung.android.hmt.vrsvc/com.samsung.android.hmt.vrsvc.WaitActivity}: mDrawState=DRAW_PENDING
10-25 21:40:00.402 16418 16418 I InjectionManager: Inside getClassLibPath + mLibMap{0=, 1=}
10-25 21:40:00.402 16325 16325 D ViewRootImpl: MSG_RESIZED_REPORT: ci=Rect(0, 0 - 0, 0) vi=Rect(0, 0 - 0, 0) or=1
10-25 21:40:00.402 3520 4167 D InputMethodManagerService: windowGainedFocus mCurrentFocusedUserId - 0 and mSecureKeypadEnabled-false
10-25 21:40:00.402 3520 3598 D KnoxTimeoutHandler: notifyActivityDrawn [MsgParam] userId: 0 fullscreen is true showWhenlocked is false
10-25 21:40:00.402 3520 3520 D KnoxTimeoutHandler: activityDrawn [MsgParam] userId: 0 fullscreen is true showWhenlocked is false
10-25 21:40:00.402 3520 3598 I ActivityManager: Displayed com.samsung.android.hmt.vrsvc/.WaitActivity: +408ms
10-25 21:40:00.402 3520 3598 D ViewRootImpl: #3 mView = null
10-25 21:40:00.412 3520 3520 I KnoxTimeoutHandler: SD activityfalse
10-25 21:40:00.412 13979 13979 D SamsungIME: IMPL finishInput
10-25 21:40:00.412 13979 13979 D SamsungIME: SwiftKeyWrapper writeDBdataToFileOnFinishInput
10-25 21:40:00.412 13979 13979 D SamsungIME: saveAndClear +
10-25 21:40:00.412 13979 13979 D SamsungIME: saveAndClear -
10-25 21:40:00.412 13979 13979 D SamsungIME: onStartInput: No inputType, No imeOption, isInputViewShown = false, isExtractViewShown = false, isShowInputRequested = false, isConfigChanged = true
10-25 21:40:00.412 16418 16418 I InjectionManager: Inside getClassLibPath caller
10-25 21:40:00.412 3099 3099 D libEGL : eglInitialize EGLDisplay = 0x7fc6961138
10-25 21:40:00.422 3520 3543 V WindowStateAnimator: Finishing drawing window Window{6f48a0d u0 d0 com.samsung.android.hmt.vrsvc/com.samsung.android.hmt.vrsvc.WaitActivity}: mDrawState=HAS_DRAWN
10-25 21:40:00.422 16325 16325 I Timeline: Timeline: Activity_idle id: android.os.BinderProxy@3285a1 time:84241510
10-25 21:40:00.422 16418 16418 I UploadDatabase: svoicelocal DB: main : PLM :: mUploadDBManager is null , creating new one !!
10-25 21:40:00.432 16418 16418 E SQLiteLog: (5) statement aborts at 2: [PRAGMA journal_mode=PERSIST]
10-25 21:40:00.432 16418 16418 W SQLiteConnection: Could not change the database journal mode of '/data/user/0/com.samsung.svoice.sync/databases/svoicelocal.db' from 'wal' to 'PERSIST' because the database is locked. This usually means that there are other open connections to the database which prevents the database from enabling or disabling write-ahead logging mode. Proceeding without changing the journal mode.
10-25 21:40:00.432 3099 3099 D libEGL : eglInitialize EGLDisplay = 0x7fc6961138
10-25 21:40:00.432 16418 16418 D InjectionManager: InjectionManager
10-25 21:40:00.432 16418 16418 D InjectionManager: fillFeatureStoreMap com.samsung.svoice.sync
10-25 21:40:00.432 16418 16418 I InjectionManager: Constructor com.samsung.svoice.sync, Feature store :{}
10-25 21:40:00.432 16418 16418 I InjectionManager: featureStore :{}
10-25 21:40:00.432 16418 16429 D PLMProvider: match for uri : content://com.samsung.svoice.sync/tos_accepted is : 8
10-25 21:40:00.442 16390 16390 I SVFSettings:main: : VSP::inside updateAppLocale() en_US
10-25 21:40:00.442 16390 16390 I SVFSettings:main: : VSP::Current locale string in updateAppLocale method en-US
10-25 21:40:00.442 16390 16390 I SVFSettings:main: : VSP::After updateing N66_ComamndHandler current locale is en-US
10-25 21:40:00.442 16390 16390 D DeviceInfo: DeviceInfo
10-25 21:40:00.442 16390 16390 D DeviceInfo: getLocale = en-US
10-25 21:40:00.442 16390 16390 I N66_CommonHandler:main: : VSP:: locale info at present in updateServerBasedOnlanguage : en-US
10-25 21:40:00.442 16390 16390 I N66_CommonHandler:main: : VSP::Current configured server is interaction-us2.samsung-svoice.com
10-25 21:40:00.442 16390 16390 I N66_CommonHandler:main: : VSP::Current configured server port is 443
10-25 21:40:00.452 16390 16390 D SettingsValueDB:main: : VSP:: match for uri : content://com.samsung.voiceserviceplatform.database.SettingsValueDB/SettingsvalueTb is : -1
10-25 21:40:00.452 16390 16390 D SettingsValueDB:main: : VSP::URI didnt match
10-25 21:40:00.452 16390 16390 D SettingsValueDB:main: : VSP:: match for uri : content://com.samsung.voiceserviceplatform.database.SettingsValueDB/SettingsvalueTb is : -1
10-25 21:40:00.452 16390 16390 D SettingsValueDB:main: : VSP::URI didnt match
10-25 21:40:00.452 16390 16390 D SettingsValueDB:main: : VSP:: match for uri : content://com.samsung.voiceserviceplatform.database.SettingsValueDB/language is : 3
10-25 21:40:00.452 16390 16390 D SettingsValueDB:main: : VSP::lang from content values is en_US
10-25 21:40:00.452 16390 16390 I skwskw:main: : VSP::############################122 value : en_US
10-25 21:40:00.452 16418 16428 D PLMProvider: match for uri : content://com.samsung.svoice.sync/tos_accepted is : 8
10-25 21:40:00.452 16390 16390 I N66_CommonHandler:main: : VSP:: rowUpdated : 1
10-25 21:40:00.452 16390 16390 D SVFSettings: updateServerBasedOnLang() connect to server US_PROD2_SERVER_HOST_IP
10-25 21:40:00.452 16390 16390 D o : :main:VSP::setTargetServerAddress() : interaction-us2.samsung-svoice.com
10-25 21:40:00.452 16390 16390 D o : :main:VSP::setTargetServerPort() : 443
10-25 21:40:00.492 16435 16435 E Zygote : v2
10-25 21:40:00.492 16435 16435 I SELinux : Function: selinux_compare_spd_ram, index[1], SPD-policy is existed. and_ver=SEPF_SECMOBILE_6.0.1 ver=11
10-25 21:40:00.492 16435 16435 W SELinux : Function: selinux_compare_spd_ram, index[1], priority [2], priority version is VE=SEPF_SECMOBILE_6.0.1_0013
10-25 21:40:00.492 16435 16435 E Zygote : accessInfo : 0
10-25 21:40:00.492 16390 16390 I TextToSpeech: Sucessfully bound to com.samsung.SMT
10-25 21:40:00.492 16390 16390 D Test : Creating TTS instance!
10-25 21:40:00.492 16390 16390 D SVClient:main: : VSP::Creating new object for SVClient!
10-25 21:40:00.492 16390 16390 D SVClient:main: : VSP::SVClient initialization with applicationContext : com.samsung.voiceserviceplatform.VoiceServicePlatformApp@1fa53e4
10-25 21:40:00.502 16390 16390 I SamsungHTTPClient:main: : VSP::MY THREAD ID UI : 1
10-25 21:40:00.502 3520 3598 I Timeline: Timeline: Activity_windows_visible id: ActivityRecord{1ce18e5 u0 com.samsung.android.hmt.vrsvc/.WaitActivity t711} time:84241591
10-25 21:40:00.502 16418 16428 D PLMProvider: match for uri : content://com.samsung.svoice.sync/device_id is : 1
10-25 21:40:00.502 16435 16435 D TimaKeyStoreProvider: TimaSignature is unavailable
10-25 21:40:00.502 16435 16435 D ActivityThread: Added TimaKeyStore provider
10-25 21:40:00.502 16418 16428 D PLMDeviceInfo: Binder_1 : PLM ::Device Id generation is complete
10-25 21:40:00.502 4521 4521 D Launcher.HomeView: onStop
10-25 21:40:00.502 4521 4521 D capture : ----destroy
10-25 21:40:00.502 3520 3598 D KnoxTimeoutHandler: notifyActivityDrawn [MsgParam] userId: 0 fullscreen is true showWhenlocked is false
10-25 21:40:00.502 3520 3520 D KnoxTimeoutHandler: activityDrawn [MsgParam] userId: 0 fullscreen is true showWhenlocked is false
10-25 21:40:00.502 3520 3520 I KnoxTimeoutHandler: SD activityfalse
10-25 21:40:00.512 16390 16390 I svoiceapi_jar: RELEASE_DATE 2016 Feb 02
10-25 21:40:00.512 16390 16390 I svoiceapi_jar: RELEASE_VER 0.99_22_TCP_Prepare2_TTS
10-25 21:40:00.512 16390 16390 I svoiceapi_jar: Loading svoice dll
10-25 21:40:00.512 4521 4521 D Launcher: onTrimMemory. Level: 20
10-25 21:40:00.522 16435 16435 I InjectionManager: Inside getClassLibPath + mLibMap{0=, 1=}
10-25 21:40:00.522 16435 16435 I InjectionManager: Inside getClassLibPath caller
10-25 21:40:00.522 16390 16390 I svoiceapi_jar: Loading success
10-25 21:40:00.532 16435 16435 W System : ClassLoader referenced unknown path: /system/app/SamsungTTS/lib/arm64
10-25 21:40:00.532 16390 16390 I svoiceapi: SVoiceSession Release Date : 2016 Feb 02
10-25 21:40:00.532 16390 16390 I svoiceapi: Library Ver : 0.99_22_TCP_Prepare2_TTS
10-25 21:40:00.532 16390 16390 I svoiceapi: SVoiceSession::SVoiceSession, Default loglevel = 5
10-25 21:40:00.532 16390 16390 I svoiceapi: create handle : -191681600
10-25 21:40:00.532 16390 16390 I svoiceapi: Sentinel registered : -302623456
10-25 21:40:00.532 16390 16390 I svoiceapi: SVoiceSession::Enable logs, loglevel = 4
10-25 21:40:00.532 16390 16390 I sessionThread:main: : VSP::LOG_LEVEL is set as 4
10-25 21:40:00.532 16390 16390 D ClientSDKManager : initNLUResponseList
10-25 21:40:00.532 16390 16390 D InjectionManager: InjectionManager
10-25 21:40:00.532 16390 16390 D InjectionManager: fillFeatureStoreMap com.samsung.voiceserviceplatform
10-25 21:40:00.532 16390 16453 I sessionThread: DEBUG : SDK : Session Thread run got called :
10-25 21:40:00.532 16390 16453 I sessionThread:SessionThread: : VSP::Inside processTask while loop; task is empty so sleeping :
10-25 21:40:00.532 16390 16390 I InjectionManager: Constructor com.samsung.voiceserviceplatform, Feature store :{}
10-25 21:40:00.532 16390 16390 I InjectionManager: featureStore :{}
10-25 21:40:00.532 16390 16390 I SV_TTSPlayer: inside TTSDownloadReceiver
10-25 21:40:00.532 16390 16390 I VoiceFrameworkService:main: : VSP::Oncreate() of Service
10-25 21:40:00.532 16390 16390 I VoiceFrameworkServiceHandler:main: : VSP::VoiceFrameworkServiceHandler() Start
10-25 21:40:00.532 16390 16390 I VoiceFrameworkServiceHandler:main: : VSP::MyHandlerThread
10-25 21:40:00.532 16390 16390 I VoiceFrameworkServiceHandler:main: : VSP::VoiceFrameworkServiceHandler() end
10-25 21:40:00.532 16390 16390 D VoiceFrameworkService:main: : VSP::Nagalat checkMPermissions
10-25 21:40:00.532 16390 16454 I VoiceFrameworkServiceHandler:VoiceFrameworkServiceHandler MyHandlerThread: : VSP::MyHandlerThread run
10-25 21:40:00.542 16390 16390 D VoiceFrameworkService:main: : VSP::checkMPermissions all permission are granted
10-25 21:40:00.542 16390 16390 I VoiceFrameworkServiceHandler:main: : VSP::sendMessagetoHandler Rcvd msgCode = 0
10-25 21:40:00.542 16390 16390 I VoiceFrameworkServiceHandler:main: : VSP::sendMessagetoHandler mHandler = Handler (com.samsung.vsf.core.framework.VoiceFrameworkServiceHandler$MyHandlerThread$1) {847a702}
10-25 21:40:00.542 16390 16390 I VoiceFrameworkServiceHandler:main: : VSP:: sendMessagetoHandler() VSF Thread isAlive : true
10-25 21:40:00.542 16390 16390 I VoiceFrameworkServiceHandler:main: : VSP::mHandler is not null msgCode =0
10-25 21:40:00.542 16390 16390 D VoiceFrameworkService:main: : VSP::onStartCommand
10-25 21:40:00.542 16390 16390 D VoiceFrameworkService:main: : VSP::Nagalat checkMPermissions
10-25 21:40:00.542 16390 16454 I VoiceFrameworkServiceHandler:VoiceFrameworkServiceHandler MyHandlerThread: : VSP::MSG_VSF_INIT Rcvd
10-25 21:40:00.542 16390 16454 I VoiceFrameworkServiceHandler:VoiceFrameworkServiceHandler MyHandlerThread: : VSP::VSFInit()
10-25 21:40:00.542 16390 16454 I VoiceServicePlatformSdk:VoiceFrameworkServiceHandler MyHandlerThread: : VSP::Oncreate()
10-25 21:40:00.542 16390 16454 I SessionRuntime:VoiceFrameworkServiceHandler MyHandlerThread: : VSP::Current Network State is same as previous, so ignoring
10-25 21:40:00.542 16390 16390 D VoiceFrameworkService:main: : VSP::checkMPermissions all permission are granted
10-25 21:40:00.542 16418 16429 D PLMProvider: match for uri : content://com.samsung.svoice.sync/tos_accepted is : 8
10-25 21:40:00.542 16390 16454 I System.out: SVoiceProfiling : time taken to finish oncreate : 6
10-25 21:40:00.542 16390 16454 D SessionRuntime:VoiceFrameworkServiceHandler MyHandlerThread: : VSP::initialize...
10-25 21:40:00.562 3099 4634 I SurfaceFlinger: id=853 Removed MauncherAct (2/20)
10-25 21:40:00.562 3099 4021 I SurfaceFlinger: id=853 Removed MauncherAct (-2/20)
10-25 21:40:00.582 3099 3099 D libEGL : eglTerminate EGLDisplay = 0x7fc6961268
10-25 21:40:00.602 3099 3289 I SurfaceFlinger: id=856 Removed wrsvc (5/19)
10-25 21:40:00.602 3099 3287 I SurfaceFlinger: id=856 Removed wrsvc (-2/19)
10-25 21:40:00.602 16390 16390 I SessionRuntime:main: : VSP::Current Network State is same as previous, so ignoring
10-25 21:40:00.602 16390 16454 W System.err: java.lang.NullPointerException: Attempt to invoke virtual method 'void android.location.LocationManager.requestLocationUpdates(long, float, android.location.Criteria, android.location.LocationListener, android.os.Looper)' on a null object reference
10-25 21:40:00.602 16390 16454 W System.err: at com.samsung.vsf.core.framework.SessionRuntime.requestLocationUpdate(SessionRuntime.java:336)
10-25 21:40:00.602 16390 16454 W System.err: at com.samsung.vsf.core.framework.SessionRuntime.registerNetworkReceiver(SessionRuntime.java:246)
10-25 21:40:00.602 16390 16454 W System.err: at com.samsung.vsf.core.framework.SessionRuntime.registerBroadcastReceivers(SessionRuntime.java:115)
10-25 21:40:00.602 16390 16454 W System.err: at com.samsung.vsf.core.framework.SessionRuntime.init(SessionRuntime.java:103)
10-25 21:40:00.602 16390 16454 W System.err: at com.samsung.vsf.core.framework.VoiceFrameworkServiceHandler.VSFInit(VoiceFrameworkServiceHandler.java:182)
10-25 21:40:00.602 16390 16454 W System.err: at com.samsung.vsf.core.framework.VoiceFrameworkServiceHandler.access$200(VoiceFrameworkServiceHandler.java:27)
10-25 21:40:00.602 16390 16454 W System.err: at com.samsung.vsf.core.framework.VoiceFrameworkServiceHandler$MyHandlerThread$1.handleMessage(VoiceFrameworkServiceHandler.java:109)
10-25 21:40:00.602 16390 16454 W System.err: at android.os.Handler.dispatchMessage(Handler.java:102)
10-25 21:40:00.602 16390 16454 W System.err: at android.os.Looper.loop(Looper.java:158)
10-25 21:40:00.602 16390 16454 W System.err: at com.samsung.vsf.core.framework.VoiceFrameworkServiceHandler$MyHandlerThread.run(VoiceFrameworkServiceHandler.java:172)
10-25 21:40:00.602 4130 4130 D ImageWallpaper: onVisibilityChanged:false
10-25 21:40:00.602 3520 4387 I AppOps : sendInfoToFLP, code=41 , uid=10047 , packageName=com.samsung.voiceserviceplatform , type=startOp
10-25 21:40:00.602 16390 16454 I EmbeddedFrameworkManager:VoiceFrameworkServiceHandler MyHandlerThread: : VSP::N66 locale is en_US
10-25 21:40:00.602 16390 16454 I EmbeddedFrameworkManager:VoiceFrameworkServiceHandler MyHandlerThread: : VSP::SHL init():
10-25 21:40:00.602 16390 16454 I EmbeddedFrameworkManager:VoiceFrameworkServiceHandler MyHandlerThread: SHL Config:
10-25 21:40:00.602 16390 16454 I EmbeddedFrameworkManager:VoiceFrameworkServiceHandler MyHandlerThread: Locale: en_US
10-25 21:40:00.602 16390 16454 I EmbeddedFrameworkManager:VoiceFrameworkServiceHandler MyHandlerThread: Recognition Path: EMBEDDED
10-25 21:40:00.602 16390 16454 I EmbeddedFrameworkManager:VoiceFrameworkServiceHandler MyHandlerThread: Audio buffer format: PCM_NS
10-25 21:40:00.602 16390 16454 I EmbeddedFrameworkManager:VoiceFrameworkServiceHandler MyHandlerThread: Use internal recorder: false
10-25 21:40:00.602 16390 16454 I EmbeddedFrameworkManager:VoiceFrameworkServiceHandler MyHandlerThread: Use internal EPD: false
10-25 21:40:00.612 16390 16390 D SessionRuntime:main: : VSP::Requested passive location update
10-25 21:40:00.612 3099 3099 D libEGL : eglTerminate EGLDisplay = 0x7fc6961268
10-25 21:40:00.622 16390 16454 I SHL:VoiceFrameworkServiceHandler MyHandlerThread: : VSP::SHL Initialize
10-25 21:40:00.622 16390 16454 I etickcount:VoiceFrameworkServiceHandler MyHandlerThread: : VSP::PocketSphinxEngine:Trying to load libEmbeddedAsr.so
10-25 21:40:00.622 15857 15857 I DataWarningReceiver: DataWarningReceiver
10-25 21:40:00.632 16390 16454 I etickcount:VoiceFrameworkServiceHandler MyHandlerThread: : VSP::PocketSphinxEngine:loading libEmbeddedAsr.so done
10-25 21:40:00.642 16390 16454 I etickcount:VoiceFrameworkServiceHandler MyHandlerThread: : VSP::State changed to NULL
10-25 21:40:00.642 16390 16454 I etickcount:VoiceFrameworkServiceHandler MyHandlerThread: : VSP::Creating engines for en_US
10-25 21:40:00.642 16390 16454 D CMDTest : VoiceFrameworkServiceHandler MyHandlerThread : posted CreateCmd
10-25 21:40:00.642 16390 16454 I etickcount:VoiceFrameworkServiceHandler MyHandlerThread: : VSP::RecognitionManager loading..
10-25 21:40:00.642 16390 16464 D tickcount:PocketSphinx Recognition Engine: : VSP::CreateCmd execution latency: 3ms
10-25 21:40:00.642 16390 16464 I etickcount:PocketSphinx Recognition Engine: : VSP::PocketSphinxEngine:create()
10-25 21:40:00.642 16390 16464 I etickcount:PocketSphinx Recognition Engine: : VSP::State changed to INIT
10-25 21:40:00.652 16390 16454 D CMDTest : VoiceFrameworkServiceHandler MyHandlerThread : posted ConfigureCmd
10-25 21:40:00.652 16390 16454 I etickcount:VoiceFrameworkServiceHandler MyHandlerThread: : VSP::State changed to INIT
10-25 21:40:00.652 16390 16464 D tickcount:PocketSphinx Recognition Engine: : VSP::ConfigureCmd execution latency: 0ms
10-25 21:40:00.652 16390 16464 I etickcount:PocketSphinx Recognition Engine: : VSP::PocketSphinxEngine:configure() in state INIT
10-25 21:40:00.662 16466 16466 E Zygote : v2
10-25 21:40:00.662 16466 16466 I SELinux : Function: selinux_compare_spd_ram, index[1], SPD-policy is existed. and_ver=SEPF_SECMOBILE_6.0.1 ver=11
10-25 21:40:00.662 16466 16466 W SELinux : Function: selinux_compare_spd_ram, index[1], priority [2], priority version is VE=SEPF_SECMOBILE_6.0.1_0013
10-25 21:40:00.662 16466 16466 E Zygote : accessInfo : 0
10-25 21:40:00.662 16390 16454 I etickcount:VoiceFrameworkServiceHandler MyHandlerThread: : VSP::setSpeechRecognitionListener: com.samsung.vsf.core.framework.embedded.EmbeddedFrameworkManager@3bb468b
10-25 21:40:00.672 16418 16428 D PLMProvider: match for uri : content://com.samsung.svoice.sync/tos_accepted is : 8
10-25 21:40:00.672 16435 16435 D SamsungTTS: init LanguageProvider
10-25 21:40:00.672 16390 16464 I etickcount:PocketSphinx Recognition Engine: : VSP::MD5 Files From Assets : en_US.zip.MD5
10-25 21:40:00.682 16435 16435 D InjectionManager: InjectionManager
10-25 21:40:00.682 16435 16435 D InjectionManager: fillFeatureStoreMap com.samsung.SMT
10-25 21:40:00.682 16435 16435 I InjectionManager: Constructor com.samsung.SMT, Feature store :{}
10-25 21:40:00.682 16435 16435 I InjectionManager: featureStore :{}
10-25 21:40:00.682 16466 16466 D TimaKeyStoreProvider: TimaSignature is unavailable
10-25 21:40:00.682 16466 16466 D ActivityThread: Added TimaKeyStore provider
10-25 21:40:00.682 16390 16464 I etickcount:PocketSphinx Recognition Engine: : VSP:: Time Taken LoadMD5FromPackage: 0.006 seconds.
10-25 21:40:00.682 16390 16464 I etickcount:PocketSphinx Recognition Engine: : VSP:: Time Taken LoadMD5FromAssets: 0.0 seconds.
10-25 21:40:00.682 16390 16464 I etickcount:PocketSphinx Recognition Engine: : VSP:: MD5 Checked in : 0.022 seconds.
10-25 21:40:00.682 16390 16464 I etickcount:PocketSphinx Recognition Engine: : VSP::No Update 0
10-25 21:40:00.682 16390 16464 I etickcount:PocketSphinx Recognition Engine: : VSP:: #### No Update in The Models #####
10-25 21:40:00.682 16390 16464 D etickcount:PocketSphinx Recognition Engine: : VSP::TimeTaken for unpacking 36ms
10-25 21:40:00.682 16390 16464 D etickcount: Lang is en_US
10-25 21:40:00.682 16390 16464 I PLMGenManager: Version : V_030816
10-25 21:40:00.682 16390 16464 D Flag : configFalg value : 0
10-25 21:40:00.682 16390 16464 D PLMGenManager: Is JSON file found ? false
10-25 21:40:00.682 16390 16464 D PLMGenManager: Config flag is : 0
10-25 21:40:00.682 16390 16464 D AppInfo : TimeTaken for App Alias name generation : 1ms
10-25 21:40:00.692 16466 16466 I InjectionManager: Inside getClassLibPath + mLibMap{0=, 1=}
10-25 21:40:00.692 16466 16466 I InjectionManager: Inside getClassLibPath caller
10-25 21:40:00.692 16390 16464 I PLM : App title : Gallery & activity name : com.sec.android.gallery3d.app.GalleryOpaqueActivity_com.sec.android.gallery3d
10-25 21:40:00.702 16390 16464 I PLM : App title : Contacts & activity name : com.android.contacts.activities.PeopleActivity_com.android.contacts
