10-25 21:39:25.632 4590 4590 D BatteryMonitor: new battery level: 100
10-25 21:39:25.862 19993 20008 I Quasar : start to send events
10-25 21:39:26.182 3520 4089 D lights : button : 0 +
10-25 21:39:26.212 3520 4089 D lights : button : 0 -
10-25 21:39:26.262 4130 4343 D NetworkController.MobileSignalController(0/2147483643): onSignalStrengthsChanged signalStrength=SignalStrength: 18 99 -18 -200 -18 -200 -1 99 2147483647 2147483647 2147483647 2147483647 2147483647 0x5 gsm|lte level=5
10-25 21:39:26.262 4425 4425 D WfcPhoneStateListener: onSignalStrengthsChanged(): signal strength did not change
10-25 21:39:26.262 4130 4343 D NetworkController.MobileSignalController(0/2147483643): getMobileIconGroup(): 0
10-25 21:39:26.262 4130 4343 D NetworkController.MobileSignalController(0/2147483643): updateTMOMobileIconGroup(): 0
10-25 21:39:26.402 3520 3584 D BluetoothAdapter: STATE_BLE_ON
10-25 21:39:26.412 4130 4130 D KeyguardUpdateMonitor: received broadcast android.intent.action.BATTERY_CHANGED
10-25 21:39:26.412 4130 4130 D KeyguardUpdateMonitor: handleBatteryUpdate
10-25 21:39:26.432 4590 4590 D BatteryMonitor: new battery level: 100
10-25 21:39:26.512 3520 3520 I Tethering: BATTERY_CHANGED, level = 100lowBatteryThreshold = 15
10-25 21:39:26.512 3520 3520 I Tethering: Unplugged
10-25 21:39:26.522 3520 3520 D EdgeLight: Turning off
10-25 21:39:26.562 20930 21249 D CatchNotificationsService: onNotificationRemoved
10-25 21:39:26.562 20930 21249 D CatchNotificationsService: Notification removed
10-25 21:39:26.562 3520 3520 I CAE : handleMessage(CaPowerManager.java:197) - POWER_DISCONNECTED
10-25 21:39:26.562 3520 3520 I CAE : sendCmdToSensorHub(SensorHubCommManager.java:162) - -76, 13, -41, 0,
10-25 21:39:26.562 3520 3520 D SensorHubManager: SendSensorHubData: send data = -76, 13, -41, 0
10-25 21:39:26.562 4371 4383 D PeopleNotiListenerService: onEdgeNotificationRemoved() : pkg android,id=0,extra=Bundle[mParcelledData.dataSize=112]
10-25 21:39:26.562 4371 4371 D PeopleNotiListenerService: removeEdgeNotification:Bundle[{samsung.notification.id=0, samsung.people.package_name=android, samsung.people.notification_type=led_indicator}]
10-25 21:39:26.562 3135 3182 D Sensorhubs: sendContextData: -76, 13, -41, 0
10-25 21:39:26.562 4371 4371 I PeopleStripeService: PeopleNotificationReceiver:3
10-25 21:39:26.562 4371 4371 I PeopleStripeService: sendEdgeNotification peopleEnabled true lightingEnabled true edgeEnabled true
10-25 21:39:26.562 4371 4371 I PeopleDataManager: removeNotification
10-25 21:39:26.562 4371 4371 I NotificationParser: getNotiType:android,led_indicator
10-25 21:39:26.562 4371 4371 D PeopleDataManager: removeNotiInfo: id =0,packageName=android,isEdgeNotification=true,key=null,removeAll=false
10-25 21:39:26.562 4371 4371 D PeopleDataManager: removeNotiInfo =null
10-25 21:39:26.562 4371 4383 D PeopleNotiListenerService: onEdgeNotificationRemoved() : pkg com.android.systemui,id=2131624021,extra=Bundle[mParcelledData.dataSize=84]
10-25 21:39:26.572 4371 4371 D PeopleNotiListenerService: removeEdgeNotification:Bundle[{samsung.notification.id=2131624021, samsung.notification.type=normal, samsung.people.package_name=com.android.systemui}]
10-25 21:39:26.572 4371 4371 I PeopleStripeService: PeopleNotificationReceiver:3
10-25 21:39:26.572 4371 4371 I PeopleStripeService: sendEdgeNotification peopleEnabled true lightingEnabled true edgeEnabled true
10-25 21:39:26.572 4371 4371 I PeopleDataManager: removeNotification
10-25 21:39:26.572 4371 4371 I NotificationParser: getNotiType:com.android.systemui,null
10-25 21:39:26.572 4371 4371 D PeopleDataManager: removeNotiInfo: id =2131624021,packageName=com.android.systemui,isEdgeNotification=false,key=null,removeAll=false
10-25 21:39:26.572 4371 4371 D PeopleDataManager: removeNotiInfo =null
10-25 21:39:26.572 4130 4130 D PhoneStatusBar: removeNotification key=-1|com.android.systemui|2131624021|charging_state|10071 old=StatusBarNotification(pkg=com.android.systemui user=UserHandle{-1} id=2131624021 tag=charging_state score=-20 key=-1|com.android.systemui|2131624021|charging_state|10071: Notification(pri=-2 contentView=com.android.systemui/0x10900a3 vibrate=null sound=null defaults=0x0 flags=0xa color=0xff7792a9 category=sys vis=PUBLIC secFlags=0x0 secPriority=0))
10-25 21:39:26.572 4130 4130 D PhoneStatusBar: setAreThereNotifications: N=3 any=true clearable=true
10-25 21:39:26.572 4523 4523 I CocktailBarUiController: onUpdateCocktail: 4
10-25 21:39:26.572 4523 4523 I CocktailBarPanelManager: updatePanelItem: updateContainedPanel - 4
10-25 21:39:26.572 4523 4523 D CatchNotificationsView: setData
10-25 21:39:26.572 4523 4523 D CatchNotificationsView: Notification removed
10-25 21:39:26.572 4523 4523 D CatchNotificationsView: No notifications left to remove
10-25 21:39:26.572 4523 4523 D CatchNotificationsView: makeNoNotificationsPanel
10-25 21:39:26.592 4523 4523 D PanelDescriptionView: updateHelpView: Apps edge2130903045 --> 2130903045 helpview reapplied:0
10-25 21:39:26.592 4523 4523 D CocktailBarUiController: postUpdatePanel: 257
10-25 21:39:26.602 28601 28601 I SAAutoConnectionManager: Intent Action: android.intent.action.ACTION_POWER_DISCONNECTED
10-25 21:39:26.612 15730 15730 I DeviceStateReceiver: onReceive
10-25 21:39:26.612 15730 15730 V DeviceStateReceiver: beginStartingService
10-25 21:39:26.632 15768 16035 W fb4a(:):UserScope: Called user scoped provider with no viewer. ViewerContextManager was created with no ViewerContext. Using EmptyViewerContextManager to return fake logged in instance.
10-25 21:39:26.632 15768 16035 W fb4a(:):UserScope: Called user scoped provider with no viewer. ViewerContextManager was created with no ViewerContext. Using EmptyViewerContextManager to return fake logged in instance.
10-25 21:39:26.632 15768 16035 W fb4a(:):QeInternalImpl: The sessioned store is not available. Are you fetching sessioned quick experiment data while the user is logged out?
10-25 21:39:26.642 15730 15730 V RequestService: Creating TransmitPowerService
10-25 21:39:26.642 15730 15730 V RequestService: Starting #1: null
10-25 21:39:26.652 15743 15743 I usagelog: received in receiver
10-25 21:39:26.652 15743 15743 I KnoxUsageLogPro: KnoxUsageReceiver onReceive :android.intent.action.ACTION_POWER_DISCONNECTED myUserId=0
10-25 21:39:26.652 15743 15743 I KnoxUsageLogPro: premStatus:2
10-25 21:39:26.652 15743 15743 I KnoxUsageLogPro: isEulaShown : false
10-25 21:39:26.652 15743 15743 I KnoxUsageLogPro: KnoxUsageReceiver onReceive : not Processible, just return
10-25 21:39:26.662 15730 16036 V RequestService: Handling incoming message: { when=-11ms what=0 arg1=1 obj=Intent { act=android.intent.action.ACTION_POWER_DISCONNECTED flg=0x4000010 cmp=com.sec.app.TransmitPowerService/.RequestService bqHint=4 } target=com.sec.app.TransmitPowerService.RequestService$ServiceHandler }
10-25 21:39:26.662 15730 16036 V DeviceStateReceiver: finishStartingService
10-25 21:39:26.672 15755 15755 I SecKies-KiesReceiver: [APK BnR] Receive KIES_USB_DISCONNECT
10-25 21:39:26.672 15730 15730 V RequestService: Destroying TransmitPowerService
10-25 21:39:26.772 3520 4645 E RUNTIMEAASA: uid:10040 pm:android.permission.BATTERY_STATS accept!!!
10-25 21:39:26.772 3520 4645 D BluetoothAdapter: STATE_BLE_ON
10-25 21:39:26.842 15715 15715 D PR.PopupuiReceiver: >> onReceive() : com.samsung.systemui.power.action.ACTION_CABLE_DISCONNECTED
10-25 21:39:26.842 3520 4167 D SecContentProvider2: query(), uri = -1 selection = getSealedState
10-25 21:39:26.842 3520 3542 D SecContentProvider2: query(), uri = 15 selection = getSealedHideNotificationMessages
10-25 21:39:26.852 3520 4533 D SecContentProvider2: query(), uri = 15 selection = getCheckCoverPopupState
10-25 21:39:26.852 15715 15715 I PR.PopupuiReceiver_KNOX: knoxSealedHideNotiMsg : 0, knoxCheckCoverPopupState : true
10-25 21:39:26.852 15715 15715 D PR.PopupuiReceiver: actionCableDisconnected()
10-25 21:39:26.862 15857 15857 I WifiApBroadcastReceiver: onReceive: action com.samsung.settings.wifi.PLUG_STATE_CHANGED
10-25 21:39:26.862 15857 15857 I WifiApBroadcastReceiver: Unplugged
10-25 21:39:27.832 3520 8428 I SurveyLogManager: REASON : REASON_BY_CHARGING_TYPE_CHANGE
10-25 21:39:27.832 3520 8428 D SurveyLogging: app_id = com.android.server.ssrm, feature = CHAR, extra = {"SIOP":"0", "PST_TMP":"258", "BAT_TMP":"261", "CHG_TMP":"266", "PA_TMP":"236", "BAT_LV":"100", "BAT_CUR":"263", "RSSI":"-77", "RAD_DAT":"0", "WIFI_DAT":"27392", "BRI":"191", "CHR_TYPE":"0", "KNOX":"false", "SCRN":"true", "RAD":"2", "CALL":"false", "CF":"-1", "GF":"-1", "CG":"70", "TOP_PROC":"com.samsung.oh", "TOP_USE":"5", "FOR_PKG":"com.sec.android.app.launcher"}
10-25 21:39:28.642 3520 3584 D BluetoothAdapter: STATE_BLE_ON
10-25 21:39:28.642 4130 4130 D KeyguardUpdateMonitor: received broadcast android.intent.action.BATTERY_CHANGED
10-25 21:39:28.642 4130 4130 D KeyguardUpdateMonitor: handleBatteryUpdate
10-25 21:39:28.652 4590 4590 D BatteryMonitor: new battery level: 100
10-25 21:39:28.662 3520 3520 I Tethering: BATTERY_CHANGED, level = 100lowBatteryThreshold = 15
10-25 21:39:28.672 3520 3520 I Tethering: Plugged
10-25 21:39:28.692 4130 4130 V Vibrator: Called vibrate(int, AudioAttributes, MagnitudeTypes) API - PUID: 10071, PackageName: com.android.systemui, MagnitudeType: TouchMagnitude
10-25 21:39:28.692 4130 4130 V Vibrator: vibrate - PUID: 10071, PackageName: com.android.systemui, type: 50027, mag: 8000, AudioAttr : null
10-25 21:39:28.692 4130 16045 V MediaPlayer-JNI: native_setup
10-25 21:39:28.692 4130 16045 V MediaPlayer: constructor
10-25 21:39:28.692 4130 16045 V MediaPlayer: setListener
10-25 21:39:28.702 4130 16045 V MediaPlayer-JNI: setParameter: key 1400
10-25 21:39:28.702 4130 16045 V MediaPlayer: MediaPlayer::setParameter(1400)
10-25 21:39:28.702 4130 16045 V MediaPlayer-JNI: setAudioStreamType: 5
10-25 21:39:28.702 4130 16045 V MediaPlayer: MediaPlayer::setAudioStreamType
10-25 21:39:28.702 4130 16045 V MediaPlayer-JNI: setDataSourceFD: fd 78
10-25 21:39:28.702 4130 16045 V MediaPlayer: setDataSource(78, 0, 576460752303423487)
10-25 21:39:28.702 3126 4063 V MediaPlayerService: Create new client(184) from pid 4130, uid 10071,
10-25 21:39:28.702 3520 3520 I CAE : handleMessage(CaPowerManager.java:193) - POWER_CONNECTED
10-25 21:39:28.702 3520 3520 I CAE : sendCmdToSensorHub(SensorHubCommManager.java:162) - -76, 13, -42, 0,
10-25 21:39:28.702 3520 3520 D SensorHubManager: SendSensorHubData: send data = -76, 13, -42, 0
10-25 21:39:28.702 3126 3126 V MediaPlayerService: setDataSource fd=42, offset=0, length=576460752303423487
10-25 21:39:28.702 3126 3126 V MediaPlayerService: st_dev = 65024
10-25 21:39:28.702 3126 3126 V MediaPlayerService: st_mode = 33188
10-25 21:39:28.702 3126 3126 V MediaPlayerService: st_uid = 0
10-25 21:39:28.702 3126 3126 V MediaPlayerService: st_gid = 0
10-25 21:39:28.702 3126 3126 V MediaPlayerService: st_size = 10868
10-25 21:39:28.702 3126 3126 V MediaPlayerService: calculated length = 10868
10-25 21:39:28.702 3126 3126 V MediaPlayerService: player type = 4
10-25 21:39:28.702 3126 3126 V NuPlayerDriver: NuPlayerDriver(0xf178b5e0)
10-25 21:39:28.702 3126 3126 V AudioSink: AudioOutput(511)
10-25 21:39:28.702 3126 3126 V NuPlayerDriver: setDataSource(0xf178b5e0) file(42)
10-25 21:39:28.702 3126 3126 V GenericSource: setDefault
10-25 21:39:28.702 3126 16047 V NuPlayer: kWhatSetAudioSink
10-25 21:39:28.702 3126 16047 V NuPlayer: kWhatSetDataSource
10-25 21:39:28.712 3135 6965 D Sensorhubs: sendContextData: -76, 13, -42, 0
10-25 21:39:28.712 4130 4130 D ViewRootImpl: #1 mView = com.android.systemui.power.ChargerAnimationView{aadcc94 V.E...... ......I. 0,0-0,0}
10-25 21:39:28.712 3126 3802 V MediaPlayerService: [184] getParameter(31700)
10-25 21:39:28.712 4130 16045 V MediaPlayer-JNI: setLooping: 0
10-25 21:39:28.712 4130 16045 V MediaPlayer: MediaPlayer::setLooping
10-25 21:39:28.712 3126 5080 V MediaPlayerService: [184] setLooping(0)
10-25 21:39:28.722 3520 4287 D ISSUE_DEBUG: InputChannelName : 9e3a0ac
10-25 21:39:28.722 4130 16045 V MediaPlayer: setVideoSurfaceTexture
10-25 21:39:28.722 3126 5084 V MediaPlayerService: [184] setVideoSurfaceTexture(0x0)
10-25 21:39:28.722 4130 16045 V MediaPlayer: prepare
10-25 21:39:28.722 3126 4062 V MediaPlayerService: [184] setParameter(1400)
10-25 21:39:28.722 3126 4062 V MediaPlayerService: setAudioAttributes_l() usage=5 content=4 flags=0x0 tags=
10-25 21:39:28.722 3126 19918 V MediaPlayerService: [184] prepareAsync
10-25 21:39:28.722 3126 19918 V NuPlayerDriver: prepareAsync(0xf178b5e0)
10-25 21:39:28.722 3126 16047 V GenericSource: [Flag] set 0x8 -> mFlags = 0x8
10-25 21:39:28.722 3126 16048 V GenericSource: onPrepareAsync
10-25 21:39:28.722 3126 16048 I OggExtractor: OggSource::OggSource() mExtractor ref count = 4
10-25 21:39:28.722 3126 16048 I AnotherPacketSource: setFormat() audio
10-25 21:39:28.722 3126 16048 V GenericSource: setDefault
10-25 21:39:28.722 3126 16048 I GenericSource: ORmode enable : mUnsupportedAudio = 0 mUnsupportedVideo = 0 mHaveAudio = 1 mHaveVideo = 0
10-25 21:39:28.722 3126 16048 V GenericSource: onPrepareAsyncEvent() done
10-25 21:39:28.722 3126 16047 V NuPlayer: prepare posted successfully.
10-25 21:39:28.722 3126 16047 V NuPlayer: mUnsupportedAudio = 0, mUnsupportedVideo = 0, mHaveAudioTrack = 1, mHaveVideoTrack = 0
10-25 21:39:28.722 3126 16047 V NuPlayer: msg : 200, ext1 : 10973, ext2 : 0
10-25 21:39:28.722 3126 16047 D NuPlayerDriver: notifyListener_l(0xf178b5e0), (200, 10973, 0)
10-25 21:39:28.722 3126 16047 V MediaPlayerService: [184] notify (0xec85bf40, 200, 10973, 0)
10-25 21:39:28.722 3126 16047 V NuPlayer: extractMetadata Tracks : 1
10-25 21:39:28.722 3126 16047 V NuPlayer: enableInbandTextFromExtr
10-25 21:39:28.722 3126 16047 D NuPlayerDriver: notifyListener_l(0xf178b5e0), (1, 0, 0)
10-25 21:39:28.722 3126 16047 V MediaPlayerService: [184] notify (0xec85bf40, 1, 0, 0)
10-25 21:39:28.722 4130 32252 V MediaPlayer: message received msg=200, ext1=10973, ext2=0
10-25 21:39:28.732 4130 32252 W MediaPlayer: info/warning (10973, 0)
10-25 21:39:28.732 4130 32252 V MediaPlayer: callback application
10-25 21:39:28.732 4130 32252 V MediaPlayer: back from callback
10-25 21:39:28.732 4130 32252 V MediaPlayer: message received msg=1, ext1=0, ext2=0
10-25 21:39:28.732 4130 32252 V MediaPlayer: prepared
10-25 21:39:28.732 4130 32252 V MediaPlayer: signal application thread
10-25 21:39:28.732 4130 32252 V MediaPlayer: callback application
10-25 21:39:28.732 4130 32252 V MediaPlayer: back from callback
10-25 21:39:28.732 4130 16045 V MediaPlayer: prepare complete - status=0
10-25 21:39:28.732 4130 16045 D MediaPlayer: setSubtitleAnchor in MediaPlayer
10-25 21:39:28.732 28601 28601 I SAAutoConnectionManager: Intent Action: android.intent.action.ACTION_POWER_CONNECTED
10-25 21:39:28.732 4130 16045 V MediaPlayer: invoke 68
10-25 21:39:28.732 3126 4063 I MediaPlayerService: Client::invoke requestID=1
10-25 21:39:28.732 3126 4063 V NuPlayer: getTrackInfo
10-25 21:39:28.732 3520 4533 I MediaFocusControl: AudioFocus requestAudioFocus() from android.media.AudioManager$7cd5494 req=3flags=0x0
10-25 21:39:28.732 4130 16045 V MediaPlayer-JNI: start
10-25 21:39:28.732 4130 16045 V MediaPlayer: start
10-25 21:39:28.732 3126 5080 V MediaPlayerService: [184] setLooping(0)
10-25 21:39:28.732 3126 5084 V MediaPlayerService: [184] setVolume(1.000000, 1.000000)
10-25 21:39:28.732 3126 5084 V AudioSink: setVolume(1.000000, 1.000000)
10-25 21:39:28.732 3126 4062 V MediaPlayerService: [184] setAuxEffectSendLevel(0.000000)
10-25 21:39:28.732 3126 4062 V AudioSink: setAuxEffectSendLevel(0.000000)
10-25 21:39:28.732 3126 19918 V MediaPlayerService: [184] start
10-25 21:39:28.732 3126 19918 V MediaPlayerService: [184] start() ContextAware send information
10-25 21:39:28.732 3126 19918 E MediaPlayerService: WFD client is not created
10-25 21:39:28.732 3126 19918 V MediaPlayerService: getClientDuration
10-25 21:39:28.732 3126 19918 V MediaPlayerService: getDuration
10-25 21:39:28.732 3126 19918 V MediaPlayerService: [184] getDuration = 558
10-25 21:39:28.732 3126 19918 D NuPlayerDriver: start(0xf178b5e0), state is 4, eos is 0
10-25 21:39:28.732 3126 16047 V NuPlayer: kWhatStart
10-25 21:39:28.732 3126 16047 I GenericSource: start
10-25 21:39:28.742 4130 28179 V MediaPlayer: message received msg=300, ext1=0, ext2=0
10-25 21:39:28.742 3126 16047 V NuPlayer: checkOffloadExceptions is true, call canOffloadStream
10-25 21:39:28.742 4130 28179 V MediaPlayer: Received SEC_MM_PLAYER_CONTEXT_AWARE
10-25 21:39:28.742 4130 28179 V MediaPlayer: callback application
10-25 21:39:28.742 3126 16047 I MediaClock: setPlaybackRate rate : 1.000000
10-25 21:39:28.742 4130 28179 V MediaPlayer: back from callback
10-25 21:39:28.742 3126 16051 I NuPlayerRenderer: onConfigPlayback
10-25 21:39:28.742 3126 16051 I MediaClock: setPlaybackRate rate : 1.000000
10-25 21:39:28.742 3126 16047 I NuPlayerRenderer: setDuration (558480)
10-25 21:39:28.742 3126 16047 V NuPlayer: scanning sources haveAudio=0, haveVideo=0
10-25 21:39:28.742 15730 15730 I DeviceStateReceiver: onReceive
10-25 21:39:28.742 15730 15730 V DeviceStateReceiver: beginStartingService
10-25 21:39:28.742 3126 16047 V NuPlayer: checkOffloadExceptions is true, call canOffloadStream
10-25 21:39:28.742 3126 16047 V NuPlayer: make Decoder (audio)
10-25 21:39:28.742 3126 16052 I ACodec : [] Now uninitialized
10-25 21:39:28.742 3126 16053 I ACodec : [OMX.google.vorbis.decoder] Now Loaded
10-25 21:39:28.742 3126 16053 E OMXNodeInstance: setConfig(124:google.vorbis.decoder, ConfigPriority(0x6f800002)) RE: Undefined(0x80001001)
10-25 21:39:28.742 3126 16053 I ACodec : codec does not support config priority (err -2147483648)
10-25 21:39:28.742 3126 16053 I ACodec : >>> getPortFormat 16, OMX.google.vorbis.decoder
10-25 21:39:28.742 3126 16053 I MediaCodec: MediaCodec will operate in async mode
10-25 21:39:28.742 3126 16053 I ACodec : [OMX.google.vorbis.decoder] Now Loaded->Idle
10-25 21:39:28.742 3126 16053 I ACodec : [OMX.google.vorbis.decoder] Now Idle->Executing
10-25 21:39:28.742 4130 4130 D PowerUI.ChargerAnimationView: Animation Started
10-25 21:39:28.742 15730 15730 V RequestService: Creating TransmitPowerService
10-25 21:39:28.742 3126 16053 I ACodec : [OMX.google.vorbis.decoder] Now Executing
10-25 21:39:28.752 15730 15730 V RequestService: Starting #1: null
10-25 21:39:28.752 3099 3099 I SurfaceFlinger: id=855 createSurf (1x1),1 flag=4,
10-25 21:39:28.752 15730 16056 V RequestService: Handling incoming message: { when=0 what=0 arg1=1 obj=Intent { act=android.intent.action.ACTION_POWER_CONNECTED flg=0x4000010 cmp=com.sec.app.TransmitPowerService/.RequestService bqHint=4 } target=com.sec.app.TransmitPowerService.RequestService$ServiceHandler }
10-25 21:39:28.752 3126 16053 I ACodec : [OMX.google.vorbis.decoder] Now handling output port settings change
10-25 21:39:28.752 3126 16053 I ACodec : [OMX.google.vorbis.decoder] Now Executing
10-25 21:39:28.752 3126 16053 I ACodec : >>> getPortFormat 16, OMX.google.vorbis.decoder
10-25 21:39:28.752 3126 16052 I NuPlayerDecoder: [Audio] handleOutputFormatChange
10-25 21:39:28.752 3126 16051 I NuPlayerRenderer: openAudioSink: offloadOnly(0) offloadingAudio(0)
10-25 21:39:28.752 3126 16051 I NuPlayerRenderer: openAudioSink: open AudioSink in NON-offload mode audioFormat : 1, flags : 0
10-25 21:39:28.752 3126 16051 V AudioSink: +++ close
10-25 21:39:28.752 3126 16051 V AudioSink: --- close
10-25 21:39:28.752 3126 16051 I NuPlayerRenderer: checkAudioSinkPcmMsSetting 200
10-25 21:39:28.752 3126 16051 V AudioSink: open(44100, 2, 0x0, 1, 0, 511 0x0)
10-25 21:39:28.752 3126 16051 V AudioSink: no track available to recycle
10-25 21:39:28.752 3126 16051 V AudioSink: creating new AudioTrack
10-25 21:39:28.752 3126 16051 V AudioSink: deleteRecycledTrack_l
10-25 21:39:28.752 3126 16051 V AudioSink: setVolume
10-25 21:39:28.752 3126 16051 V AudioSink: open() DONE status 0
10-25 21:39:28.752 3126 16051 V AudioSink: setPlaybackRate(1.000000 1.000000 0 0)
10-25 21:39:28.752 3126 16051 V AudioSink: start
10-25 21:39:28.752 3126 16051 W AudioPolicyIntefaceImpl: Skipped to add effects on session 511
10-25 21:39:28.752 3126 16051 I APM::AudioPolicyManager: startOutput() output 2, stream 5, session 511
10-25 21:39:28.752 3126 3794 D audio_hw_primary: out_set_parameters: enter: kvpairs: routing=2
10-25 21:39:28.752 3126 3794 D AudioFlinger: setCurDevice() 0x2
10-25 21:39:28.752 3126 16051 I MediaClock: setThreshold mThresholdTimeUsForAnchor(200000)
10-25 21:39:28.752 3126 16051 I MediaClock: setPlaybackRate rate : 0.000000
10-25 21:39:28.752 3126 16051 I NuPlayerRenderer: onDrainAudioQueue() send kWhatPollingAudioStarted audio_out : 0
10-25 21:39:28.752 3126 16051 I NuPlayerRenderer: setAudioFirstAnchorTime mAudioFirstAnchorTimeMediaUs : -1, new mediaTimeUs : 13061
10-25 21:39:28.752 3126 16047 V NuPlayer: media rendering started
10-25 21:39:28.752 3126 16047 V NuPlayer: msg : 6, ext1 : 0, ext2 : 0
10-25 21:39:28.752 3126 16047 D NuPlayerDriver: notifyListener_l(0xf178b5e0), (6, 0, 0)
10-25 21:39:28.752 3126 16047 V MediaPlayerService: [184] notify (0xec85bf40, 6, 0, 0)
10-25 21:39:28.752 4130 4607 V MediaPlayer: message received msg=6, ext1=0, ext2=0
10-25 21:39:28.752 4130 4607 V MediaPlayer: Received MEDIA_STARTED
10-25 21:39:28.752 4130 4607 V MediaPlayer: callback application
10-25 21:39:28.752 4130 4607 V MediaPlayer: back from callback
10-25 21:39:28.762 4130 16045 I MediaPlayer: sendBroadcast CONTEXT_AWARE_MUSIC_INFO - type(release) - id(180)
10-25 21:39:28.762 4130 16045 V MediaPlayer-JNI: release
10-25 21:39:28.762 4130 16045 V MediaPlayer: setListener
10-25 21:39:28.762 4130 16045 V MediaPlayer: disconnect
10-25 21:39:28.762 3126 4063 V MediaPlayerService: disconnect(180) from pid 4130
10-25 21:39:28.762 3126 4063 D NuPlayerDriver: reset(0xed3dda00)
10-25 21:39:28.762 3126 4063 D NuPlayerDriver: notifyListener_l(0xed3dda00), (8, 0, 0)
10-25 21:39:28.762 3126 15845 V NuPlayer: kWhatReset
10-25 21:39:28.762 3126 15845 V NuPlayer: performDecoderFlush audio=2, video=2
10-25 21:39:28.762 3126 15845 V NuPlayer: [audio] flushDecoder needShutdown=1
10-25 21:39:28.762 3126 15845 V NuPlayer: postponing action mFlushingAudio=2, mFlushingVideo=0
10-25 21:39:28.762 3126 15845 V NuPlayer: mResetInProgress=1, mVideoEOS =0, mAudioEOS =0
10-25 21:39:28.762 3126 15853 I NuPlayerRenderer: flush audio, notifyComplete 1
10-25 21:39:28.762 3126 15845 V NuPlayer: (mAudioDecoder != NULL) = true, (mVideoDecoder != NULL) = false
10-25 21:39:28.762 3126 15853 D NuPlayerRenderer: signalTimeDiscontinuity() mHasAudio = 1 , mHasVideo = 0
10-25 21:39:28.762 3126 15854 I ACodec : [OMX.google.vorbis.decoder] signalFlush
10-25 21:39:28.762 3126 15854 I ACodec : [OMX.google.vorbis.decoder] ExecutingState flushing now (codec owns 0/4 input, 0/4 output).
10-25 21:39:28.762 3126 15854 I ACodec : [OMX.google.vorbis.decoder] Now Flushing
10-25 21:39:28.762 3126 15852 I NuPlayerRenderer: flushing audio
10-25 21:39:28.762 3126 15852 I NuPlayerRenderer: onFlush mAudioDrainGeneration : 2
10-25 21:39:28.762 3126 15854 I ACodec : [OMX.google.vorbis.decoder] FlushingState onOMXEvent(0,1,0)
10-25 21:39:28.762 3126 15852 V AudioSink: flush
10-25 21:39:28.762 3126 15854 I ACodec : [OMX.google.vorbis.decoder] FlushingState onOMXEvent(0,1,1)
10-25 21:39:28.762 3126 15852 V AudioSink: stop
10-25 21:39:28.762 3126 15854 I ACodec : [OMX.google.vorbis.decoder] Now Executing
10-25 21:39:28.762 3126 15845 V NuPlayer: renderer audio flush completed.
10-25 21:39:28.762 3126 15845 V NuPlayer: decoder audio flush completed
10-25 21:39:28.762 3126 15845 V NuPlayer: initiating audio decoder shutdown
10-25 21:39:28.762 3126 15854 I ACodec : [OMX.google.vorbis.decoder] Now Executing->Idle
10-25 21:39:28.762 3126 15854 I ACodec : [OMX.google.vorbis.decoder] Now Idle->Loaded
10-25 21:39:28.762 3126 15854 I ACodec : [OMX.google.vorbis.decoder] Now Loaded
10-25 21:39:28.762 15768 16057 W fb4a(:):UserScope: Called user scoped provider with no viewer. ViewerContextManager was created with no ViewerContext. Using EmptyViewerContextManager to return fake logged in instance.
10-25 21:39:28.762 15768 16057 W fb4a(:):UserScope: Called user scoped provider with no viewer. ViewerContextManager was created with no ViewerContext. Using EmptyViewerContextManager to return fake logged in instance.
10-25 21:39:28.762 3126 15854 I ACodec : [OMX.google.vorbis.decoder] Now uninitialized
10-25 21:39:28.762 3126 15854 I ACodec : [] Now kWhatShutdownCompleted event : 6916
10-25 21:39:28.762 3126 15854 I MediaCodec: Codec shutdown complete
10-25 21:39:28.762 3126 15853 I NuPlayerDecoder: onShutdown notifyComplete : Yes
10-25 21:39:28.762 3126 15845 V NuPlayer: audio shutdown completed
10-25 21:39:28.762 3126 15845 V NuPlayer: both audio and video are flushed now.
10-25 21:39:28.762 3126 15845 V NuPlayer: Reset was postponed execute processDeferredActions
10-25 21:39:28.762 3126 15845 V NuPlayer: performReset
10-25 21:39:28.762 3126 15845 V GenericSource: stop()
10-25 21:39:28.762 3126 15845 V GenericSource: PREPARE_CANCELLED set to true
10-25 21:39:28.762 3126 15845 V GenericSource: [Flag] set 0x40 -> mFlags = 0x48
10-25 21:39:28.762 3126 15845 V GenericSource: [Flag] clear 0x8 -> mFlags = 0x40
10-25 21:39:28.762 3126 15845 V GenericSource: stop() end
10-25 21:39:28.762 3126 15845 V GenericSource: ~GenericSource()
10-25 21:39:28.762 3126 15845 I OggExtractor: OggSource::stop() mExtractor ref count = 2
10-25 21:39:28.762 3126 15845 I OggExtractor: ~OggSource --
10-25 21:39:28.762 3126 15845 D NuPlayerDriver: notifyResetComplete(0xed3dda00)
10-25 21:39:28.762 3126 4063 V NuPlayerDriver: ~NuPlayerDriver(0xed3dda00)
10-25 21:39:28.762 3126 4063 I OggExtractor: ~OggExtractor ++
10-25 21:39:28.762 3126 4063 I OggExtractor: ~MyOggExtractor ++
10-25 21:39:28.762 3126 3794 I AudioMixer: create resampler src 44100, 2, dst 48000, 2
10-25 21:39:28.762 3126 4063 I OggExtractor: ~MyOggExtractor --
10-25 21:39:28.762 3126 4063 I OggExtractor: ~OggExtractor --
10-25 21:39:28.762 3126 3794 D SoundAliveResampler: [SoundAliveResampler] Init+++
10-25 21:39:28.762 4130 16045 V MediaPlayer: destructor
10-25 21:39:28.762 3126 3794 V audio_hw_primary: start_output_stream+, out->device : 00000002 , out->type = 0
10-25 21:39:28.762 4130 16045 V MediaPlayer: disconnect
10-25 21:39:28.762 3126 3126 V MediaPlayerService: Client(180) destructor pid = 4130
10-25 21:39:28.762 3126 3126 V AudioSink: +++ close
10-25 21:39:28.762 4130 16045 V MediaPlayer: invoke 68
10-25 21:39:28.762 3126 5080 I MediaPlayerService: Client::invoke requestID=1
10-25 21:39:28.762 3126 5080 V NuPlayer: getTrackInfo
10-25 21:39:28.762 3126 3126 V AudioSink: --- close
10-25 21:39:28.762 4130 16045 I MediaPlayer: send context aware event
10-25 21:39:28.762 3126 3126 V MediaPlayerService: disconnect(180) from pid 4130
10-25 21:39:28.762 15730 16056 V DeviceStateReceiver: finishStartingService
10-25 21:39:28.772 4130 16045 I MediaPlayer: sendBroadcast CONTEXT_AWARE_MUSIC_INFO - type(start) - id (184)
10-25 21:39:28.772 15730 15730 V RequestService: Destroying TransmitPowerService
10-25 21:39:28.772 4130 16045 V MediaPlayer-JNI: getCurrentPosition: 13 (msec)
10-25 21:39:28.772 4130 16045 V MediaPlayer-JNI: isPlaying: 1
10-25 21:39:28.772 4130 4323 D mali_winsys: new_window_surface returns 0x3000, [1440x2560]-format:1
10-25 21:39:28.772 15743 15743 I usagelog: received in receiver
10-25 21:39:28.772 15743 15743 I KnoxUsageLogPro: KnoxUsageReceiver onReceive :android.intent.action.ACTION_POWER_CONNECTED myUserId=0
10-25 21:39:28.772 15743 15743 I KnoxUsageLogPro: premStatus:2
10-25 21:39:28.772 15743 15743 I KnoxUsageLogPro: isEulaShown : false
10-25 21:39:28.772 15743 15743 I KnoxUsageLogPro: KnoxUsageReceiver onReceive : not Processible, just return
10-25 21:39:28.782 4130 4130 D ViewRootImpl: MSG_RESIZED_REPORT: ci=Rect(0, 0 - 0, 0) vi=Rect(0, 84 - 0, 0) or=1
10-25 21:39:28.792 3520 3543 V WindowStateAnimator: Finishing drawing window Window{9e3a0ac u0 d0 com.android.systemui}: mDrawState=DRAW_PENDING
10-25 21:39:28.802 3099 3099 D libEGL : eglInitialize EGLDisplay = 0x7fc6961138
10-25 21:39:28.812 3099 3099 D libEGL : eglInitialize EGLDisplay = 0x7fc6961138
10-25 21:39:28.832 3099 3099 D libEGL : eglInitialize EGLDisplay = 0x7fc6961138
10-25 21:39:28.832 4782 4782 E NetworkScheduler.SR: Invalid parameter app
10-25 21:39:28.832 4782 4782 E NetworkScheduler.SR: Invalid package name : Perhaps you didn't include a PendingIntent in the extras?
10-25 21:39:28.842 3126 3794 D audio_hw_primary: start_output_stream (0xed383420) out->pcm_device:8 out->config.rate:48000 out->config.format:0 out->period_size:960
10-25 21:39:28.842 3126 3794 D audio_hw_primary: start_output_stream (0xed383420) out->config.rate:48000 out->config.format:0 out->period_size:960
10-25 21:39:28.842 3126 3794 V audio_hw_primary: select_devices output_scenario:0 input_scenario:-1 out_snd_device 0x2 in_snd_device:0x0
10-25 21:39:28.842 3126 3794 I audio_route:
10-25 21:39:28.842 3126 3794 I audio_route: > audio_route_reset :
10-25 21:39:28.842 3126 3794 I audio_route:
10-25 21:39:28.842 3126 3794 I audio_route: > audio_route_apply_path : "media-speaker"
10-25 21:39:28.842 3520 4287 E RUNTIMEAASA: uid:10040 pm:android.permission.BATTERY_STATS accept!!!
10-25 21:39:28.842 3520 4287 D BluetoothAdapter: STATE_BLE_ON
10-25 21:39:28.892 5554 5554 D PackageUtils_v1.1.6: Package com.microsoft.office.onenote is signed with b9:25:13:6f:3e:a7:c0:a1:95:16:90:a1:ab:31:39:10:da:81:f4:09:94:a8:53:42:ec:62:28:88:f1:28:70:51
10-25 21:39:28.892 5554 5554 D PackageUtils_v1.1.6: Package com.microsoft.office.powerpoint is signed with b9:25:13:6f:3e:a7:c0:a1:95:16:90:a1:ab:31:39:10:da:81:f4:09:94:a8:53:42:ec:62:28:88:f1:28:70:51
10-25 21:39:28.892 5554 5554 D PackageUtils_v1.1.6: Package com.microsoft.office.word is signed with b9:25:13:6f:3e:a7:c0:a1:95:16:90:a1:ab:31:39:10:da:81:f4:09:94:a8:53:42:ec:62:28:88:f1:28:70:51
10-25 21:39:28.902 5554 5554 D PackageUtils_v1.1.6: Package com.microsoft.office.excel is signed with b9:25:13:6f:3e:a7:c0:a1:95:16:90:a1:ab:31:39:10:da:81:f4:09:94:a8:53:42:ec:62:28:88:f1:28:70:51
10-25 21:39:28.932 3126 3794 V audio_hw_primary: select_devices() output_route "media-speaker"
10-25 21:39:28.932 3126 3794 I audio_route:
10-25 21:39:28.932 3126 3794 I audio_route: > audio_route_apply_path : "gain-media-speaker"
10-25 21:39:28.932 3126 3794 V audio_hw_primary: select_devices() output_gain "gain-media-speaker"
10-25 21:39:28.932 3126 3794 I audio_route:
10-25 21:39:28.932 3126 3794 I audio_route: > audio_route_update_mixer : +
10-25 21:39:28.932 3126 3794 I audio_route: > audio_route_update_mixer : changed(0) -
10-25 21:39:28.932 3126 3794 I audio_hw_primary: select_devices -
10-25 21:39:28.932 3126 3794 V audio_hw_primary: start_output_stream-
10-25 21:39:28.942 3126 3794 D AudioFlinger: mixer(0xee940000) Spend too much time to write: delta 178(effect 0)
10-25 21:39:28.962 3520 3985 D SecContentProvider: insert(), uri = 2
10-25 21:39:28.962 3520 3584 D SecContentProvider: query(), uri = 18 selection = isUsbMediaPlayerAvailable
10-25 21:39:28.962 3126 16051 I NuPlayerRenderer: kWhatPollingAudioStarted clock running played_out : 23237 us, audio_out : 0 us, gap : 23237 us
10-25 21:39:28.962 3126 16051 I MediaClock: setPlaybackRate rate : 1.000000
10-25 21:39:28.972 3520 3584 D ApplicationPolicy: isStatusBarNotificationAllowedAsUser: packageName = android,userId = -1
10-25 21:39:28.982 3520 3985 D SecContentProvider: insert(), uri = 2
10-25 21:39:28.982 16068 16068 E Zygote : v2
10-25 21:39:28.982 3520 3584 D SecContentProvider: query(), uri = 18 selection = isUsbMediaPlayerAvailable
10-25 21:39:28.982 16068 16068 I SELinux : Function: selinux_compare_spd_ram, index[1], SPD-policy is existed. and_ver=SEPF_SECMOBILE_6.0.1 ver=11
10-25 21:39:28.982 16068 16068 W SELinux : Function: selinux_compare_spd_ram, index[1], priority [2], priority version is VE=SEPF_SECMOBILE_6.0.1_0013
10-25 21:39:28.982 16068 16068 E Zygote : accessInfo : 0
10-25 21:39:28.992 20930 23599 D CatchNotificationsService: onNotificationPosted
10-25 21:39:29.002 16068 16068 D TimaKeyStoreProvider: TimaSignature is unavailable
10-25 21:39:29.002 16068 16068 D ActivityThread: Added TimaKeyStore provider
10-25 21:39:29.002 15715 15715 D PR.PopupuiReceiver: >> onReceive() : com.samsung.systemui.power.action.ACTION_CABLE_CONNECTED
10-25 21:39:29.002 3520 4287 D SecContentProvider2: query(), uri = -1 selection = getSealedState
10-25 21:39:29.002 4130 4130 I InjectionManager: Inside getClassLibPath caller
10-25 21:39:29.002 3520 4392 D SecContentProvider2: query(), uri = 15 selection = getSealedHideNotificationMessages
10-25 21:39:29.012 3520 3542 D SecContentProvider2: query(), uri = 15 selection = getCheckCoverPopupState
10-25 21:39:29.012 15715 15715 I PR.PopupuiReceiver_KNOX: knoxSealedHideNotiMsg : 0, knoxCheckCoverPopupState : true
10-25 21:39:29.012 15715 15715 D PR.PopupuiReceiver: actionCableConnected()
10-25 21:39:29.012 15715 15715 I PR.PopupuiReceiver: Action cable connected ! on -
10-25 21:39:29.012 4130 4130 D KnoxNotification: ----- inflateViews : modified publicViewLocal -----
10-25 21:39:29.022 23729 23741 D BadgeProvider: query, [selection] : null
10-25 21:39:29.022 3126 3794 D AudioFlinger: mixer(0xee940000) throttle end: throttle time(55)
10-25 21:39:29.022 4130 4130 D KnoxNotification: ----- inflateViews : modified KnoxViewLocal -----
10-25 21:39:29.022 15857 15857 I WifiApBroadcastReceiver: onReceive: action com.samsung.settings.wifi.PLUG_STATE_CHANGED
10-25 21:39:29.022 15857 15857 I WifiApBroadcastReceiver: Plugged
10-25 21:39:29.032 4130 4130 D PhoneStatusBar: setAreThereNotifications: N=4 any=true clearable=true
10-25 21:39:29.032 16068 16068 I InjectionManager: Inside getClassLibPath + mLibMap{0=, 1=}
10-25 21:39:29.032 3126 5084 V MediaPlayerService: Create new media retriever from pid 5808
10-25 21:39:29.042 16068 16068 I InjectionManager: Inside getClassLibPath caller
10-25 21:39:29.042 20930 23599 D CatchNotificationsSupportedAppsDBHelper: isDisabled value : false
10-25 21:39:29.042 20930 23599 D CatchNotificationsSupportedAppsDBHelper: isPackageSupported value : false
10-25 21:39:29.042 20930 23599 D CatchNotificationsService: Notification from package is not supported
10-25 21:39:29.042 3126 4063 I OggExtractor: ~OggExtractor ++
10-25 21:39:29.042 3126 4063 I OggExtractor: ~MyOggExtractor ++
10-25 21:39:29.042 3126 4063 I OggExtractor: ~MyOggExtractor --
10-25 21:39:29.042 3126 4063 I OggExtractor: ~OggExtractor --
10-25 21:39:29.052 16068 16068 W System : ClassLoader referenced unknown path: /system/priv-app/MtpApplication/lib/arm64
10-25 21:39:29.052 16068 16068 D InjectionManager: InjectionManager
10-25 21:39:29.052 16068 16068 D InjectionManager: fillFeatureStoreMap com.samsung.android.MtpApplication
10-25 21:39:29.052 16068 16068 I InjectionManager: Constructor com.samsung.android.MtpApplication, Feature store :{}
10-25 21:39:29.052 16068 16068 I InjectionManager: featureStore :{}
10-25 21:39:29.052 16068 16068 E MTPRx : In MtpReceiverandroid.hardware.usb.action.USB_STATE
10-25 21:39:29.062 3126 3126 V MediaPlayerService: Create new media retriever from pid 5808
10-25 21:39:29.062 3126 4062 I OggExtractor: ~OggExtractor ++
10-25 21:39:29.062 3126 4062 I OggExtractor: ~MyOggExtractor ++
10-25 21:39:29.062 3126 4062 I OggExtractor: ~MyOggExtractor --
10-25 21:39:29.062 3126 4062 I OggExtractor: ~OggExtractor --
10-25 21:39:29.062 3520 4387 D SecContentProvider2: query(), uri = 14 selection = getSealedUsbMassStorageState
10-25 21:39:29.062 16068 16068 E MTPRx : check value of boot_completed is1
10-25 21:39:29.062 16068 16068 D MTPRx : in initializeSettingsValues
10-25 21:39:29.072 16068 16068 E MTPRx : Sd-Card path/storage/Private
10-25 21:39:29.082 16068 16068 W System.err: remove failed: ENOENT (No such file or directory) : /storage/emulated/0/.mtp
10-25 21:39:29.082 16068 16068 E MTPRx : check booting is completed_sys.boot_completed
10-25 21:39:29.082 16068 16068 E MTPRx : Sd-Card path/storage/Private
10-25 21:39:29.082 16068 16068 W MTPRx : value of connected istrue
10-25 21:39:29.082 16068 16068 W MTPRx : value of configured isfalse
10-25 21:39:29.082 16068 16068 W MTPRx : value of mtpEnabled istrue
10-25 21:39:29.082 16068 16068 W MTPRx : value of ptpEnabled isfalse
10-25 21:39:29.082 16068 16068 W MTPRx : value of vzw_charging isfalse
10-25 21:39:29.082 16068 16068 W MTPRx : value of sec_charging isfalse
10-25 21:39:29.082 16068 16068 E MTPRx : Received USB_STATE with sdCardLaunch = 0
10-25 21:39:29.082 16068 16068 E MTPRx : configured is false
10-25 21:39:29.082 3126 16052 I NuPlayerDecoder: End of Stream
10-25 21:39:29.082 3126 16052 I NuPlayerDecoder: End of Stream
10-25 21:39:29.122 16083 16083 E Zygote : v2
10-25 21:39:29.122 16083 16083 I SELinux : Function: selinux_compare_spd_ram, index[1], SPD-policy is existed. and_ver=SEPF_SECMOBILE_6.0.1 ver=11
10-25 21:39:29.132 16083 16083 W SELinux : Function: selinux_compare_spd_ram, index[1], priority [2], priority version is VE=SEPF_SECMOBILE_6.0.1_0013
10-25 21:39:29.132 16083 16083 E Zygote : accessInfo : 0
10-25 21:39:29.132 16083 16083 W SELinux : SELinux: seapp_context_lookup: seinfo=platform, level=s0:c512,c768, pkgname=com.sec.android.sidesync30
10-25 21:39:29.142 16083 16083 D TimaKeyStoreProvider: TimaSignature is unavailable
10-25 21:39:29.142 16083 16083 D ActivityThread: Added TimaKeyStore provider
10-25 21:39:29.162 3126 16052 I NuPlayerDecoder: [audio] saw output EOS
10-25 21:39:29.162 3126 16051 I NuPlayerRenderer: onQueueEOS audio finalResult : -1011
10-25 21:39:29.162 16083 16083 I InjectionManager: Inside getClassLibPath + mLibMap{0=, 1=}
10-25 21:39:29.172 16083 16083 I InjectionManager: Inside getClassLibPath caller
10-25 21:39:29.192 16083 16083 D SideSync30_SideSync30App: [58:onCreate] onCreate() start
10-25 21:39:29.202 16083 16083 D SideSync30_ControlServerManager: [100:] ControlServerManager
10-25 21:39:29.202 16083 16083 D SideSync30_ControlClientManager: [73:] ControlClientManager
10-25 21:39:29.202 16083 16083 D SideSync30_SideSync30App: [75:onCreate] onCreate() end
10-25 21:39:29.202 16083 16083 D InjectionManager: InjectionManager
10-25 21:39:29.202 16083 16083 D InjectionManager: fillFeatureStoreMap com.sec.android.sidesync30
10-25 21:39:29.202 16083 16083 I InjectionManager: Constructor com.sec.android.sidesync30, Feature store :{}
10-25 21:39:29.202 16083 16083 I InjectionManager: featureStore :{}
10-25 21:39:29.202 16083 16083 D SideSync30_SideSyncReceiver: [59:onReceive] onReceive() action : android.hardware.usb.action.USB_STATE
10-25 21:39:29.202 16083 16083 D SideSync30_ConnectionManager: [315:setConnectionState] setConnectionState state : 17
10-25 21:39:29.212 3126 16051 I NuPlayerRenderer: [audio] notifyEOS() End of Stream, delayUs : 289088
10-25 21:39:29.212 3126 16051 V AudioSink: stop
10-25 21:39:29.212 16083 16083 D SideSync30_ConnectionManager: [105:getMainContolState] getMainContolState CONNECTED : 0, DISCONNECTED : 1 1
10-25 21:39:29.212 16068 16068 E MTPRx : In MtpReceiverandroid.hardware.usb.action.USB_STATE
10-25 21:39:29.212 3520 4167 D SecContentProvider2: query(), uri = 14 selection = getSealedUsbMassStorageState
10-25 21:39:29.212 16068 16068 E MTPRx : check value of boot_completed is1
10-25 21:39:29.212 16068 16068 E MTPRx : check booting is completed_sys.boot_completed
10-25 21:39:29.222 16068 16068 E MTPRx : Sd-Card path/storage/Private
10-25 21:39:29.222 16068 16068 W MTPRx : value of connected istrue
10-25 21:39:29.222 16068 16068 W MTPRx : value of configured istrue
10-25 21:39:29.222 16068 16068 W MTPRx : value of mtpEnabled istrue
10-25 21:39:29.222 16068 16068 W MTPRx : value of ptpEnabled isfalse
10-25 21:39:29.222 16068 16068 W MTPRx : value of vzw_charging isfalse
10-25 21:39:29.222 16068 16068 W MTPRx : value of sec_charging isfalse
10-25 21:39:29.222 16068 16068 E MTPRx : Received USB_STATE with sdCardLaunch = 0
10-25 21:39:29.222 16068 16068 E MTPRx : mFirstTime: false
10-25 21:39:29.242 16068 16068 D : MTP: reading debug level property
10-25 21:39:29.242 16068 16068 E MTPJNIInterface: Getting CryptionKey from JAVA
10-25 21:39:29.252 16068 16068 E MTPRx : currentUserId is 0
10-25 21:39:29.252 16068 16068 E MTPRx : mtpCurrentGlobalUserId is 0
10-25 21:39:29.252 16068 16068 E MTPRx : Start observing USB_STATE_MATCH
10-25 21:39:29.252 16068 16068 E MTPRx : usbMode is 0200
10-25 21:39:29.252 16068 16068 I EngineeringModeManager: com.samsung.android.MtpApplication connects to EngineeringModeService.
10-25 21:39:29.252 16068 16068 I EngineeringModeManager: getStatus() is called.
10-25 21:39:29.252 3520 4167 I ENGMODE : Java_com_android_server_EngineeringModeService_nativeGetStatus: EM Version - 1.0.0
10-25 21:39:29.252 16068 16068 D MTPRx : getUsbdebugStatus() is 0
10-25 21:39:29.262 16068 16068 V MtpMediaDBManager: inside isExistGUID resulttrue
10-25 21:39:29.262 16068 16068 E MTPRx : is_Privatemode is NOT 1
10-25 21:39:29.262 16068 16068 W MTPRx : driverdisplay.trust Status = 0
10-25 21:39:29.272 16068 16068 D MTPRx : Shared devices screen OFF completedfalse
10-25 21:39:29.272 16068 16068 E MTPRx : Sending NORMAL_BOOT to stack
10-25 21:39:29.272 16068 16068 E MTPJNIInterface: noti = 17
10-25 21:39:29.272 3520 5770 D SecContentProvider: query(), uri = 18 selection = isUsbMediaPlayerAvailable
10-25 21:39:29.272 16068 16068 E MTPRx : User is personal
10-25 21:39:29.272 16068 16068 E MTPRx : sending MTP_ICON_ENABLED to stack
10-25 21:39:29.282 16068 16068 E MTPRx : else part ... so first time!!!
10-25 21:39:29.282 16068 16068 E MTPPlaObsrvr: inside setContext()
10-25 21:39:29.282 16068 16068 E MTPPlaObsrvr: inside createplafiles
10-25 21:39:29.292 16068 16068 E MTPPlaObsrvr: playlist count is0
10-25 21:39:29.292 16068 16068 E MTPPlaObsrvr: inside try branch createplafiles
10-25 21:39:29.292 16068 16068 E MTPPlaObsrvr: inside deleteing plas createplafiles
10-25 21:39:29.292 16068 16068 E MTPPlaObsrvr: Inside registerContentObserver
10-25 21:39:29.292 16068 16068 E MtpAdbObserver: inside setContext()
10-25 21:39:29.292 16068 16068 E MtpAdbObserver: Inside registerContentObserver
10-25 21:39:29.292 16068 16068 W Settings: Setting adb_enabled has moved from android.provider.Settings.System to android.provider.Settings.Global, returning read-only global URI.
10-25 21:39:29.302 4521 4521 V LauncherAppWidgetHostView: calculateWidgetSize: (target widgetsize) using w/h 1359 347 span 5 1 (widgetid 6) [current Gridsize : GRID_5x5]
10-25 21:39:29.302 4521 4521 D LauncherAppWidgetHostView: calculateWidgetSize() widget = Weather and Clock(widget id = 6) result hostview size = 1771 x 452
10-25 21:39:29.302 4521 4521 D LauncherAppWidgetHostView: setResizeScaleResult() 1771/ 452 scaleToResize = 0.7673631(widget id = 6)
10-25 21:39:29.302 4521 4521 V LauncherAppWidgetHostView: calculateWidgetSize: (target widgetsize) using w/h 1359 347 span 5 1 (widgetid 2) [current Gridsize : GRID_5x5]
10-25 21:39:29.302 4521 4521 D LauncherAppWidgetHostView: calculateWidgetSize() widget = Google App(widget id = 2) result hostview size = 1771 x 452
10-25 21:39:29.302 4521 4521 D LauncherAppWidgetHostView: setResizeScaleResult() 1771/ 452 scaleToResize = 0.7673631(widget id = 2)
10-25 21:39:29.302 16068 16068 E MtpService: onCreate.
10-25 21:39:29.302 16068 16068 E MtpService: < MTP > Registering BroadCast receiver :::::
10-25 21:39:29.302 16068 16068 E MtpService: < MTP > Registering BroadCast registerBroadCastPolicyRec :::::
10-25 21:39:29.312 16068 16068 E MtpService: < MTP > Registering BroadCast registerBroadCastEmergencyRec :::::
10-25 21:39:29.312 16068 16068 E MtpService: onStartCommand.
10-25 21:39:29.312 16068 16068 W MTPRx : calling native method
10-25 21:39:29.312 16068 16068 E MTPJNIInterface: < MTP > Registering BroadCast receiver :::::
10-25 21:39:29.312 16068 16068 E MTPJNIInterface: < MTP > Registering BroadCast receiver :::::::
10-25 21:39:29.312 16068 16101 E MtpService: handleMessage. msg= { when=-1ms what=0 arg1=1 obj=Intent { cmp=com.samsung.android.MtpApplication/.MtpService } target=com.samsung.android.MtpApplication.MtpService$ServiceHandler }
10-25 21:39:29.322 16068 16068 E MTPJNIInterface: noti = 10
10-25 21:39:29.332 16068 16068 E MtpService: onStartCommand.
10-25 21:39:29.332 16068 16101 E MtpService: handleMessage. msg= { when=0 what=0 arg1=2 obj=Intent { cmp=com.samsung.android.MtpApplication/.MtpService } target=com.samsung.android.MtpApplication.MtpService$ServiceHandler }
10-25 21:39:29.332 16068 16068 W MTPRx : calling native method
10-25 21:39:29.332 16068 16068 E MTPRx : Checking the driver time out
10-25 21:39:29.332 16068 16068 E MTPJNIInterface: noti = 2
10-25 21:39:29.332 16068 16068 D : deleting sockets before message queue initialization
10-25 21:39:29.332 16068 16068 D : event handler thread is created, so set the flag
10-25 21:39:29.332 16068 16102 E : Unable to get Object Class and clearing cls 2 [int check_media_scanner_status() 594]
10-25 21:39:29.332 16068 16068 E MTPRx : called native method
10-25 21:39:29.332 16068 16102 E MTPJNIInterface: Getting media scanner status0
10-25 21:39:29.332 16068 16068 E MTPJNIInterface: setting Media scanner status0
10-25 21:39:29.332 16068 16068 E MTPJNIInterface: After setting Media scanner status0
10-25 21:39:29.332 16068 16068 W MTPRx : notification from stack 1
10-25 21:39:29.332 16068 16102 E MTPJNIInterface: DeviceName is Null in System
10-25 21:39:29.332 16068 16102 E MTPJNIInterface: DeviceName is Galaxy S6 edge+
10-25 21:39:29.332 16068 16102 E : memcpy failed [memCpy 111]
10-25 21:39:29.342 16083 16083 D SideSync30_SideSyncReceiver: [59:onReceive] onReceive() action : android.hardware.usb.action.USB_STATE
10-25 21:39:29.342 16083 16083 D SideSync30_ConnectionManager: [315:setConnectionState] setConnectionState state : 17
10-25 21:39:29.352 16083 16083 D SideSync30_ConnectionManager: [105:getMainContolState] getMainContolState CONNECTED : 0, DISCONNECTED : 1 1
10-25 21:39:29.362 5329 5329 D MtpService: starting MTP server in MTP mode
10-25 21:39:29.362 5329 5329 E MtpServerJNI: could not open MTP driver, errno: 2
10-25 21:39:29.362 5329 5329 D MtpService: Adding MTP storage 0x10001 at /storage/emulated/0
10-25 21:39:29.362 5329 5329 E MtpServerJNI: server is null in add_storage
10-25 21:39:29.362 5329 16103 E MtpServerJNI: server is null in run
10-25 21:39:29.362 5329 16103 E MtpServerJNI: server is null in cleanup
10-25 21:39:29.362 4521 4521 V LauncherAppWidgetHostView: calculateWidgetSize: (target widgetsize) using w/h 1359 712 span 5 2 (widgetid 3) [current Gridsize : GRID_5x5]
10-25 21:39:29.362 4521 4521 D LauncherAppWidgetHostView: calculateWidgetSize() widget = T-Mobile TV(widget id = 3) result hostview size = 1771 x 927
10-25 21:39:29.362 4521 4521 D LauncherAppWidgetHostView: setResizeScaleResult() 1771/ 927 scaleToResize = 0.7673631(widget id = 3)
10-25 21:39:29.372 5329 5329 E MtpServerJNI: server is null in send_object_removed
10-25 21:39:29.502 3126 16047 I NuPlayerRenderer: reachedAudioEOS (1)
10-25 21:39:29.502 3126 16047 V NuPlayer: reached audio EOS
10-25 21:39:29.502 3126 16047 V NuPlayer: msg : 2, ext1 : 0, ext2 : 0
10-25 21:39:29.502 3126 16047 D NuPlayerDriver: notifyListener_l(0xf178b5e0), (2, 0, 0)
10-25 21:39:29.502 3126 16047 V MediaPlayerService: [184] notify (0xec85bf40, 2, 0, 0)
10-25 21:39:29.502 3126 16047 V GenericSource: pause
10-25 21:39:29.502 3126 16047 V GenericSource: [Flag] clear 0x1 -> mFlags = 0x8
10-25 21:39:29.502 3126 16051 I NuPlayerRenderer: onPause
10-25 21:39:29.502 3126 16051 I MediaClock: setPlaybackRate rate : 0.000000
10-25 21:39:29.502 3126 16051 V AudioSink: stop
10-25 21:39:29.502 4130 4162 V MediaPlayer: message received msg=2, ext1=0, ext2=0
10-25 21:39:29.502 4130 4162 V MediaPlayer: playback complete
10-25 21:39:29.502 4130 4162 V MediaPlayer: callback application
10-25 21:39:29.502 4130 4162 V MediaPlayer: back from callback
10-25 21:39:29.502 3520 4925 I MediaFocusControl: AudioFocus abandonAudioFocus() from android.media.AudioManager$7cd5494
10-25 21:39:29.502 4130 16045 I MediaPlayer: sendBroadcast CONTEXT_AWARE_MUSIC_INFO - type(complete) - id(184)
10-25 21:39:29.512 3126 4063 V MediaPlayerService: Create new media retriever from pid 5808
10-25 21:39:29.512 3126 5080 I OggExtractor: ~OggExtractor ++
10-25 21:39:29.512 3126 5080 I OggExtractor: ~MyOggExtractor ++
10-25 21:39:29.512 3126 5080 I OggExtractor: ~MyOggExtractor --
10-25 21:39:29.512 3126 5080 I OggExtractor: ~OggExtractor --
10-25 21:39:29.512 3126 3677 I APM::AudioPolicyManager: stopOutput() output 2, stream 5, session 511
10-25 21:39:29.512 3520 3530 I art : Background partial concurrent mark sweep GC freed 95113(6MB) AllocSpace objects, 49(1936KB) LOS objects, 24% free, 50MB/66MB, paused 1.820ms total 167.451ms
10-25 21:39:29.522 16068 16102 E MTPJNIInterface: Status for mount/Unmount :unknown
10-25 21:39:29.522 16068 16102 E MTPJNIInterface: SDcard is not available
10-25 21:39:29.532 16068 16102 E MTPJNIInterface: Status for mount/Unmount :unknown
10-25 21:39:29.532 16068 16102 E MTPJNIInterface: SDcard is not available
10-25 21:39:29.532 16068 16102 E SQLiteLog: (21) API call with NULL database connection pointer
10-25 21:39:29.532 16068 16102 E SQLiteLog: (21) misuse at line 107734 of [2ef4f3a5b1]
10-25 21:39:29.532 16068 16102 E SQLiteLog: (21) API call with NULL database connection pointer
10-25 21:39:29.532 16068 16102 E SQLiteLog: (21) misuse at line 102845 of [2ef4f3a5b1]
10-25 21:39:29.532 16068 16102 E SQLiteLog: (21) API call with NULL database connection pointer
10-25 21:39:29.532 16068 16102 E SQLiteLog: (21) misuse at line 102845 of [2ef4f3a5b1]
10-25 21:39:29.532 16068 16102 E SQLiteLog: (21) API call with NULL database connection pointer
10-25 21:39:29.532 16068 16102 E SQLiteLog: (21) misuse at line 107734 of [2ef4f3a5b1]
10-25 21:39:29.532 16068 16068 W MTPRx : notification from stack 2
