10-25 21:39:49.912 3126 16145 D ExynosCamera: [CAM_ID(1)][]-DEBUG(m_sensorListenerThreadFunc):duration time( 0 msec)
10-25 21:39:49.912 3126 19918 D ExynosCameraParameters: [CAM_ID(1)][ParametersFront]-updateTpuParameters(2747) video stabilization old(0) new(0) flagHWVdisOn(0)
10-25 21:39:49.912 3126 19918 D ExynosCameraParameters: [CAM_ID(1)][ParametersFront]-DEBUG(updateTpuParameters[2755]):set flag3dnrOn = false (by isIspTpuOtf() == true)
10-25 21:39:49.912 3126 19918 D ExynosCameraParameters: [CAM_ID(1)][ParametersFront]-updateTpuParameters(2769) 3DNR old(0) new(0)
10-25 21:39:49.912 3126 19918 I ExynosCamera: [CAM_ID(1)][]-INFO(m_setupFrameFactory[770]): -IN-
10-25 21:39:49.912 3126 19918 D ExynosCamera: [CAM_ID(1)][]-DEBUG(m_setupFrameFactory[839]):setupFrameFactory pushProcessQ(0)
10-25 21:39:49.912 3126 19918 I ExynosCamera: [CAM_ID(1)][]-INFO(m_setupFrameFactory[874]): -OUT-
10-25 21:39:49.912 3126 19918 D ExynosCameraPipeJpeg: DEBUG:duration time( 0 msec):(m_setupFrameFactory)
10-25 21:39:49.912 3126 19918 I ExynosCamera: [CAM_ID(1)][]-INFO(startPreview[1760]): getVisionMode(0)
10-25 21:39:49.912 3126 19918 D ExynosCameraParameters: [CAM_ID(1)][ParametersFront]-DEBUG(setSeriesShotMode[9873]: set shotmode(0), shotCount(0)
10-25 21:39:49.912 3126 19918 I ExynosCamera: [CAM_ID(1)][]-INFO(setPreviewWindow[1491])
10-25 21:39:49.912 3126 19918 I ExynosCamera: [CAM_ID(1)][]-INFO(previewEnabled[2824]):m_previewEnabled=0
10-25 21:39:49.912 3126 19918 D ExynosCamera: [CAM_ID(1)][]-DEBUG(setPreviewWindow[1521]): scp buffer manager need recreate
10-25 21:39:49.912 3126 19918 D ExynosCameraBufferManager: [CAM_ID(1)][SCP_BUF]-DEBUG(deinit[116]):IN..
10-25 21:39:49.912 3126 19918 I ExynosCameraBufferManager: [CAM_ID(1)][SCP_BUF]-INFO(deinit[119]:OUT.. Buffer is not allocated
10-25 21:39:49.912 3126 19918 D ExynosCameraBufferManager: [CAM_ID(1)][SCP_BUF]-DEBUG(deinit[116]):IN..
10-25 21:39:49.912 3126 19918 I ExynosCameraBufferManager: [CAM_ID(1)][SCP_BUF]-INFO(deinit[119]:OUT.. Buffer is not allocated
10-25 21:39:49.912 3126 19918 D ExynosCameraBufferManager: [CAM_ID(1)][SCP_BUF]-DEBUG(deinit[116]):IN..
10-25 21:39:49.912 3126 19918 I ExynosCameraBufferManager: [CAM_ID(1)][SCP_BUF]-INFO(deinit[119]:OUT.. Buffer is not allocated
10-25 21:39:49.912 3126 19918 W ExynosCamera: [CAM_ID(1)][]-WARN(setPreviewWindow[1530]):window NULL, create internal buffer for preview
10-25 21:39:49.912 3126 19918 I ExynosCamera: [CAM_ID(1)][]-INFO(startPreview[1846]):setBuffersThread is run
10-25 21:39:49.912 3126 19918 D ExynosCameraActivitySpecialCapture: DEBUG(resetOISCaptureFcount[625]):
10-25 21:39:49.912 3126 19918 I ExynosCameraFrameFactoryPreview: [CAM_ID(1)][ExynosCameraFrameFactory3aaIspTpu]-INFO(precreate[264])
10-25 21:39:49.912 3126 19918 I ExynosCameraFrameFactoryPreview: [CAM_ID(1)][ExynosCameraFrameFactory3aaIspTpu]-INFO(m_setupConfig[1411])
10-25 21:39:49.912 3126 19918 I ExynosCameraFrameFactory3aaIspTpu: [CAM_ID(1)][ExynosCameraFrameFactory3aaIspTpu]-INFO(m_setDeviceInfo[137])
10-25 21:39:49.912 3126 16148 I ExynosCamera: [CAM_ID(1)][]-INFO(m_setBuffers[15560]):alloc buffer - camera ID: 1
10-25 21:39:49.912 3126 16148 D ExynosCamera: [CAM_ID(1)][]-DEBUG(m_releasebuffersForRealloc[15499]):m_setBuffers free all buffers
10-25 21:39:49.912 3126 16148 D ExynosCameraBufferManager: [CAM_ID(1)][BAYER_BUF]-DEBUG(deinit[116]):IN..
10-25 21:39:49.912 3126 16148 I ExynosCameraBufferManager: [CAM_ID(1)][BAYER_BUF]-INFO(deinit[119]:OUT.. Buffer is not allocated
10-25 21:39:49.912 3126 16148 D ExynosCameraBufferManager: [CAM_ID(1)][FLITE_BUF]-DEBUG(deinit[116]):IN..
10-25 21:39:49.912 3126 16148 I ExynosCameraBufferManager: [CAM_ID(1)][FLITE_BUF]-INFO(deinit[119]:OUT.. Buffer is not allocated
10-25 21:39:49.912 3126 16148 D ExynosCameraBufferManager: [CAM_ID(1)][3A1_BUF]-DEBUG(deinit[116]):IN..
10-25 21:39:49.912 3126 16148 I ExynosCameraBufferManager: [CAM_ID(1)][3A1_BUF]-INFO(deinit[119]:OUT.. Buffer is not allocated
10-25 21:39:49.912 3126 16148 D ExynosCameraBufferManager: [CAM_ID(1)][ISP_BUF]-DEBUG(deinit[116]):IN..
10-25 21:39:49.912 3126 16148 I ExynosCameraBufferManager: [CAM_ID(1)][ISP_BUF]-INFO(deinit[119]:OUT.. Buffer is not allocated
10-25 21:39:49.912 3126 16148 D ExynosCameraBufferManager: [CAM_ID(1)][HW_DIS_BUF]-DEBUG(deinit[116]):IN..
10-25 21:39:49.912 3126 16148 I ExynosCameraBufferManager: [CAM_ID(1)][HW_DIS_BUF]-INFO(deinit[119]:OUT.. Buffer is not allocated
10-25 21:39:49.912 3126 16148 D ExynosCameraBufferManager: [CAM_ID(1)][SCP_BUF]-DEBUG(deinit[116]):IN..
10-25 21:39:49.912 3126 16148 I ExynosCameraBufferManager: [CAM_ID(1)][SCP_BUF]-INFO(deinit[119]:OUT.. Buffer is not allocated
10-25 21:39:49.912 3126 16148 D ExynosCameraBufferManager: [CAM_ID(1)][SCP_BUF]-DEBUG(setBufferCount[1253]):
10-25 21:39:49.912 3126 16148 D ExynosCameraBufferManager: [CAM_ID(1)][SCC_BUF]-DEBUG(deinit[116]):IN..
10-25 21:39:49.912 3126 16148 I ExynosCameraBufferManager: [CAM_ID(1)][SCC_BUF]-INFO(deinit[119]:OUT.. Buffer is not allocated
10-25 21:39:49.912 3126 16148 D ExynosCameraBufferManager: [CAM_ID(1)][PREVIEW_CB_BUF]-DEBUG(deinit[116]):IN..
10-25 21:39:49.912 3126 16148 I ExynosCameraBufferManager: [CAM_ID(1)][PREVIEW_CB_BUF]-INFO(deinit[119]:OUT.. Buffer is not allocated
10-25 21:39:49.912 3126 16148 D ExynosCameraBufferManager: [CAM_ID(1)][HIGH_RESOLUTION_CB_BUF]-DEBUG(deinit[116]):IN..
10-25 21:39:49.912 3126 16148 I ExynosCameraBufferManager: [CAM_ID(1)][HIGH_RESOLUTION_CB_BUF]-INFO(deinit[119]:OUT.. Buffer is not allocated
10-25 21:39:49.912 3126 16148 I ExynosCamera: [CAM_ID(1)][]-INFO(setPreviewWindow[1491])
10-25 21:39:49.912 3126 16148 I ExynosCamera: [CAM_ID(1)][]-INFO(previewEnabled[2824]):m_previewEnabled=0
10-25 21:39:49.912 3126 16148 D ExynosCamera: [CAM_ID(1)][]-DEBUG(setPreviewWindow[1521]): scp buffer manager need recreate
10-25 21:39:49.912 3126 16148 D ExynosCameraBufferManager: [CAM_ID(1)][SCP_BUF]-DEBUG(deinit[116]):IN..
10-25 21:39:49.912 3126 16148 I ExynosCameraBufferManager: [CAM_ID(1)][SCP_BUF]-INFO(deinit[119]:OUT.. Buffer is not allocated
10-25 21:39:49.912 3126 16148 D ExynosCameraBufferManager: [CAM_ID(1)][SCP_BUF]-DEBUG(deinit[116]):IN..
10-25 21:39:49.912 3126 16148 I ExynosCameraBufferManager: [CAM_ID(1)][SCP_BUF]-INFO(deinit[119]:OUT.. Buffer is not allocated
10-25 21:39:49.912 3126 16148 D ExynosCameraBufferManager: [CAM_ID(1)][SCP_BUF]-DEBUG(deinit[116]):IN..
10-25 21:39:49.912 3126 16148 I ExynosCameraBufferManager: [CAM_ID(1)][SCP_BUF]-INFO(deinit[119]:OUT.. Buffer is not allocated
10-25 21:39:49.912 3126 16148 W ExynosCamera: [CAM_ID(1)][]-WARN(setPreviewWindow[1530]):window NULL, create internal buffer for preview
10-25 21:39:49.912 3126 16148 I ExynosCamera: [CAM_ID(1)][]-(m_setBuffers):HW Preview width x height = 480x270
10-25 21:39:49.912 3126 16148 I ExynosCamera: [CAM_ID(1)][]-(m_setBuffers):HW Picture width x height = 2592x1950
10-25 21:39:49.912 3126 16148 I ExynosCamera: [CAM_ID(1)][]-(m_setBuffers):Picture MAX width x height = 2592x1950
10-25 21:39:49.912 3126 16148 I ExynosCamera: [CAM_ID(1)][]-(m_setBuffers):Sensor MAX width x height = 2608x1960
10-25 21:39:49.912 3126 16148 I ExynosCamera: [CAM_ID(1)][]-(m_setBuffers):Preview MAX width x height = 2560x1920
10-25 21:39:49.912 3126 16148 I ExynosCameraBufferManager: INFO(setContigBufCount[304]):reservedMemoryCount(8)
10-25 21:39:49.912 3126 16148 I ExynosCamera: [CAM_ID(1)][]-INFO(m_allocBuffers[16465]):setInfo(planeCount=2, minBufCount=6, maxBufCount=6, type=2, allocMode=1)
10-25 21:39:49.912 3126 16148 I ExynosCameraBufferManager: [CAM_ID(1)][BAYER_BUF]-INFO(m_defaultAlloc[881]):bufIndex(0) < reservedMaxCount(8) , m_reservedMemoryCount(8), non-cached
10-25 21:39:49.912 3126 16148 D ExynosCameraBufferManager: [CAM_ID(1)][BAYER_BUF]-DEBUG(m_defaultAlloc[957]):duration time( 0 msec):(type=2, bufIndex=0, size=8184960)
10-25 21:39:49.912 3126 16148 I ExynosCameraBufferManager: [CAM_ID(1)][BAYER_BUF]-INFO(m_defaultAlloc[881]):bufIndex(1) < reservedMaxCount(8) , m_reservedMemoryCount(8), non-cached
10-25 21:39:49.912 3126 16148 D ExynosCameraBufferManager: [CAM_ID(1)][BAYER_BUF]-DEBUG(m_defaultAlloc[957]):duration time( 0 msec):(type=2, bufIndex=1, size=8184960)
10-25 21:39:49.912 3126 16148 I ExynosCameraBufferManager: [CAM_ID(1)][BAYER_BUF]-INFO(m_defaultAlloc[881]):bufIndex(2) < reservedMaxCount(8) , m_reservedMemoryCount(8), non-cached
10-25 21:39:49.912 3126 16148 D ExynosCameraBufferManager: [CAM_ID(1)][BAYER_BUF]-DEBUG(m_defaultAlloc[957]):duration time( 0 msec):(type=2, bufIndex=2, size=8184960)
10-25 21:39:49.912 3126 16148 I ExynosCameraBufferManager: [CAM_ID(1)][BAYER_BUF]-INFO(m_defaultAlloc[881]):bufIndex(3) < reservedMaxCount(8) , m_reservedMemoryCount(8), non-cached
10-25 21:39:49.912 3126 16148 D ExynosCameraBufferManager: [CAM_ID(1)][BAYER_BUF]-DEBUG(m_defaultAlloc[957]):duration time( 0 msec):(type=2, bufIndex=3, size=8184960)
10-25 21:39:49.912 3126 16148 I ExynosCameraBufferManager: [CAM_ID(1)][BAYER_BUF]-INFO(m_defaultAlloc[881]):bufIndex(4) < reservedMaxCount(8) , m_reservedMemoryCount(8), non-cached
10-25 21:39:49.912 3126 16148 D ExynosCameraBufferManager: [CAM_ID(1)][BAYER_BUF]-DEBUG(m_defaultAlloc[957]):duration time( 0 msec):(type=2, bufIndex=4, size=8184960)
10-25 21:39:49.912 3126 16148 I ExynosCameraBufferManager: [CAM_ID(1)][BAYER_BUF]-INFO(m_defaultAlloc[881]):bufIndex(5) < reservedMaxCount(8) , m_reservedMemoryCount(8), non-cached
10-25 21:39:49.912 3126 16148 D ExynosCameraBufferManager: [CAM_ID(1)][BAYER_BUF]-DEBUG(m_defaultAlloc[957]):duration time( 0 msec):(type=2, bufIndex=5, size=8184960)
10-25 21:39:49.912 3126 16148 D ExynosCameraBufferManager: [CAM_ID(1)][BAYER_BUF]-DEBUG(m_defaultAlloc[977]):Duration time of buffer allocation( 0 msec)
10-25 21:39:49.912 3126 19918 D ExynosCameraMCPipe: [CAM_ID(1)][]-DEBUG(setPipeId[961]):nodeType(0), id(1)
10-25 21:39:49.912 3126 19918 D ExynosCameraMCPipe: [CAM_ID(1)][]-DEBUG(setPipeName[984])
10-25 21:39:49.912 3126 19918 D ExynosCameraMCPipe: [CAM_ID(1)][]-DEBUG(setPipeId[961]):nodeType(0), id(4)
10-25 21:39:49.912 3126 19918 D ExynosCameraMCPipe: [CAM_ID(1)][]-DEBUG(setPipeName[984])
10-25 21:39:49.912 3126 19918 D ExynosCameraMCPipe: [CAM_ID(1)][]-DEBUG(setPipeId[961]):nodeType(0), id(10)
10-25 21:39:49.912 3126 16148 D ExynosCameraBufferManager: [CAM_ID(1)][BAYER_BUF]-DEBUG(m_defaultAlloc[977]):Duration time of buffer allocation( 0 msec)
10-25 21:39:49.912 3126 19918 D ExynosCameraMCPipe: [CAM_ID(1)][]-DEBUG(setPipeName[984])
10-25 21:39:49.912 3126 16148 D ExynosCameraBufferManager: [CAM_ID(1)][BAYER_BUF]-DEBUG(alloc[225]):Allocate the buffer succeeded (m_allocatedBufCount=6, m_reqBufCount=6, m_allowedMaxBufCount=6) --- dumpBufferInfo ---
10-25 21:39:49.912 3126 16148 I ExynosCameraBufferManager: [CAM_ID(1)][BAYER_BUF]-INFO(dumpBufferInfo[1244]):[m_buffer[0].fd[0]=56] .addr=0x0 .size=8184960 .position=0 .permission=1]
10-25 21:39:49.912 3126 16148 I ExynosCameraBufferManager: [CAM_ID(1)][BAYER_BUF]-INFO(dumpBufferInfo[1244]):[m_buffer[0].fd[1]=62] .addr=0xef720000 .size=32768 .position=0 .permission=1]
10-25 21:39:49.912 3126 16148 I ExynosCameraBufferManager: [CAM_ID(1)][BAYER_BUF]-INFO(dumpBufferInfo[1244]):[m_buffer[1].fd[0]=57] .addr=0x0 .size=8184960 .position=0 .permission=1]
10-25 21:39:49.912 3126 19918 D ExynosCameraPipeFlite: [CAM_ID(1)][PIPE_FLITE]-DEBUG(create[38])
10-25 21:39:49.912 3126 16148 I ExynosCameraBufferManager: [CAM_ID(1)][BAYER_BUF]-INFO(dumpBufferInfo[1244]):[m_buffer[1].fd[1]=63] .addr=0xed004000 .size=32768 .position=0 .permission=1]
10-25 21:39:49.912 3126 16148 I ExynosCameraBufferManager: [CAM_ID(1)][BAYER_BUF]-INFO(dumpBufferInfo[1244]):[m_buffer[2].fd[0]=58] .addr=0x0 .size=8184960 .position=0 .permission=1]
10-25 21:39:49.912 3126 16148 I ExynosCameraBufferManager: [CAM_ID(1)][BAYER_BUF]-INFO(dumpBufferInfo[1244]):[m_buffer[2].fd[1]=64] .addr=0xecfb8000 .size=32768 .position=0 .permission=1]
10-25 21:39:49.912 3126 16148 I ExynosCameraBufferManager: [CAM_ID(1)][BAYER_BUF]-INFO(dumpBufferInfo[1244]):[m_buffer[3].fd[0]=59] .addr=0x0 .size=8184960 .position=0 .permission=1]
10-25 21:39:49.912 3126 19918 D ExynosCameraPipeFlite: [CAM_ID(1)]-DEBUG(m_createNode[92]): new g_node[1]
10-25 21:39:49.912 3126 16148 I ExynosCameraBufferManager: [CAM_ID(1)][BAYER_BUF]-INFO(dumpBufferInfo[1244]):[m_buffer[3].fd[1]=65] .addr=0xecfb0000 .size=32768 .position=0 .permission=1]
10-25 21:39:49.912 3126 16148 I ExynosCameraBufferManager: [CAM_ID(1)][BAYER_BUF]-INFO(dumpBufferInfo[1244]):[m_buffer[4].fd[0]=60] .addr=0x0 .size=8184960 .position=0 .permission=1]
10-25 21:39:49.912 3126 16148 I ExynosCameraBufferManager: [CAM_ID(1)][BAYER_BUF]-INFO(dumpBufferInfo[1244]):[m_buffer[4].fd[1]=66] .addr=0xecfa8000 .size=32768 .position=0 .permission=1]
10-25 21:39:49.912 3126 16148 I ExynosCameraBufferManager: [CAM_ID(1)][BAYER_BUF]-INFO(dumpBufferInfo[1244]):[m_buffer[5].fd[0]=61] .addr=0x0 .size=8184960 .position=0 .permission=1]
10-25 21:39:49.912 3126 16148 I ExynosCameraBufferManager: [CAM_ID(1)][BAYER_BUF]-INFO(dumpBufferInfo[1244]):[m_buffer[5].fd[1]=67] .addr=0xecfa0000 .size=32768 .position=0 .permission=1]
10-25 21:39:49.912 3126 16148 D ExynosCameraBufferManager: [CAM_ID(1)][BAYER_BUF]-DEBUG(alloc[228]):------------------------------------------------------------------
10-25 21:39:49.912 3126 16148 D ExynosCameraPipeJpeg: DEBUG:duration time( 2 msec):(alloc)
10-25 21:39:49.912 3126 16148 I ExynosCamera: [CAM_ID(1)][]-INFO(m_allocBuffers[16465]):setInfo(planeCount=2, minBufCount=6, maxBufCount=6, type=0, allocMode=0)
10-25 21:39:49.912 3126 16148 D ExynosCameraBufferManager: [CAM_ID(1)][3A1_BUF]-DEBUG(m_defaultAlloc[957]):duration time( 0 msec):(type=0, bufIndex=0, size=4096)
10-25 21:39:49.912 3126 16148 D ExynosCameraBufferManager: [CAM_ID(1)][3A1_BUF]-DEBUG(m_defaultAlloc[957]):duration time( 0 msec):(type=0, bufIndex=1, size=4096)
10-25 21:39:49.912 3126 16148 D ExynosCameraBufferManager: [CAM_ID(1)][3A1_BUF]-DEBUG(m_defaultAlloc[957]):duration time( 0 msec):(type=0, bufIndex=2, size=4096)
10-25 21:39:49.912 3126 16148 D ExynosCameraBufferManager: [CAM_ID(1)][3A1_BUF]-DEBUG(m_defaultAlloc[957]):duration time( 0 msec):(type=0, bufIndex=3, size=4096)
10-25 21:39:49.912 3126 16148 D ExynosCameraBufferManager: [CAM_ID(1)][3A1_BUF]-DEBUG(m_defaultAlloc[957]):duration time( 0 msec):(type=0, bufIndex=4, size=4096)
10-25 21:39:49.912 3126 16148 D ExynosCameraBufferManager: [CAM_ID(1)][3A1_BUF]-DEBUG(m_defaultAlloc[957]):duration time( 0 msec):(type=0, bufIndex=5, size=4096)
10-25 21:39:49.912 3126 16148 D ExynosCameraBufferManager: [CAM_ID(1)][3A1_BUF]-DEBUG(m_defaultAlloc[977]):Duration time of buffer allocation( 0 msec)
10-25 21:39:49.912 3126 16148 D ExynosCameraBufferManager: [CAM_ID(1)][3A1_BUF]-DEBUG(m_defaultAlloc[977]):Duration time of buffer allocation( 0 msec)
10-25 21:39:49.912 3126 16148 D ExynosCameraBufferManager: [CAM_ID(1)][3A1_BUF]-DEBUG(alloc[225]):Allocate the buffer succeeded (m_allocatedBufCount=6, m_reqBufCount=6, m_allowedMaxBufCount=6) --- dumpBufferInfo ---
10-25 21:39:49.912 3126 16148 I ExynosCameraBufferManager: [CAM_ID(1)][3A1_BUF]-INFO(dumpBufferInfo[1244]):[m_buffer[0].fd[0]=69] .addr=0x0 .size=4096 .position=0 .permission=1]
10-25 21:39:49.912 3126 16148 I ExynosCameraBufferManager: [CAM_ID(1)][3A1_BUF]-INFO(dumpBufferInfo[1244]):[m_buffer[0].fd[1]=75] .addr=0xecf98000 .size=32768 .position=0 .permission=1]
10-25 21:39:49.912 3126 16148 I ExynosCameraBufferManager: [CAM_ID(1)][3A1_BUF]-INFO(dumpBufferInfo[1244]):[m_buffer[1].fd[0]=70] .addr=0x0 .size=4096 .position=0 .permission=1]
10-25 21:39:49.912 3126 16148 I ExynosCameraBufferManager: [CAM_ID(1)][3A1_BUF]-INFO(dumpBufferInfo[1244]):[m_buffer[1].fd[1]=76] .addr=0xecf43000 .size=32768 .position=0 .permission=1]
10-25 21:39:49.912 3126 16148 I ExynosCameraBufferManager: [CAM_ID(1)][3A1_BUF]-INFO(dumpBufferInfo[1244]):[m_buffer[2].fd[0]=71] .addr=0x0 .size=4096 .position=0 .permission=1]
10-25 21:39:49.912 3126 16148 I ExynosCameraBufferManager: [CAM_ID(1)][3A1_BUF]-INFO(dumpBufferInfo[1244]):[m_buffer[2].fd[1]=77] .addr=0xebd3a000 .size=32768 .position=0 .permission=1]
10-25 21:39:49.912 3126 19918 D ExynosCameraNode: [CAM_ID(1)][FLITE]-DEBUG(open[251]): Node(101)(/dev/video101) opened. m_fd(68)
10-25 21:39:49.912 3126 16148 I ExynosCameraBufferManager: [CAM_ID(1)][3A1_BUF]-INFO(dumpBufferInfo[1244]):[m_buffer[3].fd[0]=72] .addr=0x0 .size=4096 .position=0 .permission=1]
10-25 21:39:49.912 3126 19918 D ExynosCameraPipeFlite: [CAM_ID(1)]-DEBUG(m_createNode[113]):Node(101) opened
10-25 21:39:49.912 3126 16148 I ExynosCameraBufferManager: [CAM_ID(1)][3A1_BUF]-INFO(dumpBufferInfo[1244]):[m_buffer[3].fd[1]=78] .addr=0xebd32000 .size=32768 .position=0 .permission=1]
10-25 21:39:49.912 3126 19918 D ExynosCameraPipe: [CAM_ID(1)][PIPE_FLITE]-DEBUG(m_setInput[1390]): setInput(sensorIds : 21)
10-25 21:39:49.912 3126 16148 I ExynosCameraBufferManager: [CAM_ID(1)][3A1_BUF]-INFO(dumpBufferInfo[1244]):[m_buffer[4].fd[0]=73] .addr=0x0 .size=4096 .position=0 .permission=1]
10-25 21:39:49.912 3126 16148 I ExynosCameraBufferManager: [CAM_ID(1)][3A1_BUF]-INFO(dumpBufferInfo[1244]):[m_buffer[4].fd[1]=79] .addr=0xebd2a000 .size=32768 .position=0 .permission=1]
10-25 21:39:49.912 3126 16148 I ExynosCameraBufferManager: [CAM_ID(1)][3A1_BUF]-INFO(dumpBufferInfo[1244]):[m_buffer[5].fd[0]=74] .addr=0x0 .size=4096 .position=0 .permission=1]
10-25 21:39:49.912 3126 16148 I ExynosCameraBufferManager: [CAM_ID(1)][3A1_BUF]-INFO(dumpBufferInfo[1244]):[m_buffer[5].fd[1]=80] .addr=0xebd22000 .size=32768 .position=0 .permission=1]
10-25 21:39:49.912 3126 16148 D ExynosCameraBufferManager: [CAM_ID(1)][3A1_BUF]-DEBUG(alloc[228]):------------------------------------------------------------------
10-25 21:39:49.912 3126 16148 D ExynosCameraPipeJpeg: DEBUG:duration time( 1 msec):(alloc)
10-25 21:39:49.912 3126 16148 I ExynosCameraBufferManager: INFO(setContigBufCount[304]):reservedMemoryCount(8)
10-25 21:39:49.912 3126 16148 I ExynosCamera: [CAM_ID(1)][]-INFO(m_allocBuffers[16465]):setInfo(planeCount=2, minBufCount=6, maxBufCount=6, type=2, allocMode=1)
10-25 21:39:49.912 3126 16148 I ExynosCameraBufferManager: [CAM_ID(1)][ISP_BUF]-INFO(m_defaultAlloc[881]):bufIndex(0) < reservedMaxCount(8) , m_reservedMemoryCount(8), non-cached
10-25 21:39:49.912 3126 16148 D ExynosCameraBufferManager: [CAM_ID(1)][ISP_BUF]-DEBUG(m_defaultAlloc[957]):duration time( 1 msec):(type=2, bufIndex=0, size=3110400)
10-25 21:39:49.912 3126 16148 I ExynosCameraBufferManager: [CAM_ID(1)][ISP_BUF]-INFO(m_defaultAlloc[881]):bufIndex(1) < reservedMaxCount(8) , m_reservedMemoryCount(8), non-cached
10-25 21:39:49.912 3126 16148 D ExynosCameraBufferManager: [CAM_ID(1)][ISP_BUF]-DEBUG(m_defaultAlloc[957]):duration time( 0 msec):(type=2, bufIndex=1, size=3110400)
10-25 21:39:49.912 3126 16148 I ExynosCameraBufferManager: [CAM_ID(1)][ISP_BUF]-INFO(m_defaultAlloc[881]):bufIndex(2) < reservedMaxCount(8) , m_reservedMemoryCount(8), non-cached
10-25 21:39:49.912 3126 19918 I ExynosCameraPipeFlite: [CAM_ID(1)][PIPE_FLITE]-INFO(create[87]):create() is succeed (0) prepare (3)
10-25 21:39:49.912 3126 19918 D ExynosCameraFrameFactoryPreview: [CAM_ID(1)][ExynosCameraFrameFactory3aaIspTpu]-DEBUG(precreate):Pipe(0) created
10-25 21:39:49.912 3126 16148 D ExynosCameraBufferManager: [CAM_ID(1)][ISP_BUF]-DEBUG(m_defaultAlloc[957]):duration time( 0 msec):(type=2, bufIndex=2, size=3110400)
10-25 21:39:49.912 3126 19918 D ExynosCameraMCPipe: [CAM_ID(1)][PIPE_ISP]-DEBUG(precreate[54])
10-25 21:39:49.912 3126 19918 D ExynosCameraMCPipe: [CAM_ID(1)][PIPE_ISP]-DEBUG(m_preCreate[1209])
10-25 21:39:49.912 3126 16148 I ExynosCameraBufferManager: [CAM_ID(1)][ISP_BUF]-INFO(m_defaultAlloc[881]):bufIndex(3) < reservedMaxCount(8) , m_reservedMemoryCount(8), non-cached
10-25 21:39:49.912 3126 16148 D ExynosCameraBufferManager: [CAM_ID(1)][ISP_BUF]-DEBUG(m_defaultAlloc[957]):duration time( 0 msec):(type=2, bufIndex=3, size=3110400)
10-25 21:39:49.912 3126 16148 I ExynosCameraBufferManager: [CAM_ID(1)][ISP_BUF]-INFO(m_defaultAlloc[881]):bufIndex(4) < reservedMaxCount(8) , m_reservedMemoryCount(8), non-cached
10-25 21:39:49.922 3126 16148 D ExynosCameraBufferManager: [CAM_ID(1)][ISP_BUF]-DEBUG(m_defaultAlloc[957]):duration time( 0 msec):(type=2, bufIndex=4, size=3110400)
10-25 21:39:49.922 3126 16148 I ExynosCameraBufferManager: [CAM_ID(1)][ISP_BUF]-INFO(m_defaultAlloc[881]):bufIndex(5) < reservedMaxCount(8) , m_reservedMemoryCount(8), non-cached
10-25 21:39:49.922 3126 16148 D ExynosCameraBufferManager: [CAM_ID(1)][ISP_BUF]-DEBUG(m_defaultAlloc[957]):duration time( 0 msec):(type=2, bufIndex=5, size=3110400)
10-25 21:39:49.922 3126 16148 D ExynosCameraBufferManager: [CAM_ID(1)][ISP_BUF]-DEBUG(m_defaultAlloc[977]):Duration time of buffer allocation( 1 msec)
10-25 21:39:49.922 3126 19918 D ExynosCameraNode: [CAM_ID(1)][ISP_OUTPUT]-DEBUG(open[251]): Node(130)(/dev/video130) opened. m_fd(85)
10-25 21:39:49.922 3126 19918 D ExynosCameraNode: [CAM_ID(1)][SCP_PREVIEW]-DEBUG(open[251]): Node(152)(/dev/video152) opened. m_fd(90)
10-25 21:39:49.922 3126 16148 D ExynosCameraBufferManager: [CAM_ID(1)][ISP_BUF]-DEBUG(m_defaultAlloc[977]):Duration time of buffer allocation( 0 msec)
10-25 21:39:49.922 3126 16148 D ExynosCameraBufferManager: [CAM_ID(1)][ISP_BUF]-DEBUG(alloc[225]):Allocate the buffer succeeded (m_allocatedBufCount=6, m_reqBufCount=6, m_allowedMaxBufCount=6) --- dumpBufferInfo ---
10-25 21:39:49.922 3126 19918 D ExynosCameraNode: [CAM_ID(1)][ISP_PREVIEW]-DEBUG(open[251]): Node(132)(/dev/video132) opened. m_fd(95)
10-25 21:39:49.922 3126 19918 D ExynosCameraMCPipe: [CAM_ID(1)][PIPE_ISP]-DEBUG(m_preCreate[1275]):Node(ISP_PREVIEW) opened
10-25 21:39:49.922 3126 16148 I ExynosCameraBufferManager: [CAM_ID(1)][ISP_BUF]-INFO(dumpBufferInfo[1244]):[m_buffer[0].fd[0]=81] .addr=0x0 .size=3110400 .position=0 .permission=1]
10-25 21:39:49.922 3126 16148 I ExynosCameraBufferManager: [CAM_ID(1)][ISP_BUF]-INFO(dumpBufferInfo[1244]):[m_buffer[0].fd[1]=88] .addr=0xebd1a000 .size=32768 .position=0 .permission=1]
10-25 21:39:49.922 3126 19918 I ExynosCameraMCPipe: [CAM_ID(1)][PIPE_ISP]-INFO(m_preCreate[1295]):m_preCreate() is succeed, Pipe(4), prepare(0)
10-25 21:39:49.922 3126 19918 D ExynosCameraFrameFactoryPreview: [CAM_ID(1)][ExynosCameraFrameFactory3aaIspTpu]-DEBUG(precreate):Pipe(4) created
10-25 21:39:49.922 3126 16148 I ExynosCameraBufferManager: [CAM_ID(1)][ISP_BUF]-INFO(dumpBufferInfo[1244]):[m_buffer[1].fd[0]=82] .addr=0x0 .size=3110400 .position=0 .permission=1]
10-25 21:39:49.922 3126 19918 D ExynosCameraMCPipe: [CAM_ID(1)][PIPE_3AA]-DEBUG(precreate[54])
10-25 21:39:49.922 3126 19918 D ExynosCameraMCPipe: [CAM_ID(1)][PIPE_3AA]-DEBUG(m_preCreate[1209])
10-25 21:39:49.922 3126 16148 I ExynosCameraBufferManager: [CAM_ID(1)][ISP_BUF]-INFO(dumpBufferInfo[1244]):[m_buffer[1].fd[1]=89] .addr=0xebd12000 .size=32768 .position=0 .permission=1]
10-25 21:39:49.922 3126 16148 I ExynosCameraBufferManager: [CAM_ID(1)][ISP_BUF]-INFO(dumpBufferInfo[1244]):[m_buffer[2].fd[0]=83] .addr=0x0 .size=3110400 .position=0 .permission=1]
10-25 21:39:49.922 3126 16148 I ExynosCameraBufferManager: [CAM_ID(1)][ISP_BUF]-INFO(dumpBufferInfo[1244]):[m_buffer[2].fd[1]=91] .addr=0xebd0a000 .size=32768 .position=0 .permission=1]
10-25 21:39:49.922 3126 16148 I ExynosCameraBufferManager: [CAM_ID(1)][ISP_BUF]-INFO(dumpBufferInfo[1244]):[m_buffer[3].fd[0]=84] .addr=0x0 .size=3110400 .position=0 .permission=1]
10-25 21:39:49.922 3126 16148 I ExynosCameraBufferManager: [CAM_ID(1)][ISP_BUF]-INFO(dumpBufferInfo[1244]):[m_buffer[3].fd[1]=92] .addr=0xebd02000 .size=32768 .position=0 .permission=1]
10-25 21:39:49.922 3126 16148 I ExynosCameraBufferManager: [CAM_ID(1)][ISP_BUF]-INFO(dumpBufferInfo[1244]):[m_buffer[4].fd[0]=86] .addr=0x0 .size=3110400 .position=0 .permission=1]
10-25 21:39:49.922 3126 16148 I ExynosCameraBufferManager: [CAM_ID(1)][ISP_BUF]-INFO(dumpBufferInfo[1244]):[m_buffer[4].fd[1]=93] .addr=0xeb9f9000 .size=32768 .position=0 .permission=1]
10-25 21:39:49.922 3126 16148 I ExynosCameraBufferManager: [CAM_ID(1)][ISP_BUF]-INFO(dumpBufferInfo[1244]):[m_buffer[5].fd[0]=87] .addr=0x0 .size=3110400 .position=0 .permission=1]
10-25 21:39:49.922 3126 16148 I ExynosCameraBufferManager: [CAM_ID(1)][ISP_BUF]-INFO(dumpBufferInfo[1244]):[m_buffer[5].fd[1]=94] .addr=0xeb9f1000 .size=32768 .position=0 .permission=1]
10-25 21:39:49.922 3126 16148 D ExynosCameraBufferManager: [CAM_ID(1)][ISP_BUF]-DEBUG(alloc[228]):------------------------------------------------------------------
10-25 21:39:49.922 3126 16148 D ExynosCameraPipeJpeg: DEBUG:duration time( 3 msec):(alloc)
10-25 21:39:49.922 3126 16148 I ExynosCamera: [CAM_ID(1)][]-INFO(m_allocBuffers[16465]):setInfo(planeCount=3, minBufCount=9, maxBufCount=9, type=0, allocMode=0)
10-25 21:39:49.922 3126 19918 D ExynosCameraNode: [CAM_ID(1)][3AA_OUTPUT]-DEBUG(open[251]): Node(110)(/dev/video110) opened. m_fd(96)
10-25 21:39:49.922 3126 19918 D ExynosCameraNode: [CAM_ID(1)][3AA_CAPTURE]-DEBUG(open[251]): Node(111)(/dev/video111) opened. m_fd(98)
10-25 21:39:49.922 3126 16148 D ExynosCameraBufferManager: [CAM_ID(1)][SCP_BUF]-DEBUG(m_defaultAlloc[957]):duration time( 0 msec):(type=0, bufIndex=0, size=194400)
10-25 21:39:49.922 3126 19918 D ExynosCameraNode: [CAM_ID(1)][3AA_PREVIEW]-DEBUG(open[251]): Node(112)(/dev/video112) opened. m_fd(100)
10-25 21:39:49.922 3126 19918 I ExynosCameraMCPipe: [CAM_ID(1)][PIPE_3AA]-INFO(m_preCreate[1295]):m_preCreate() is succeed, Pipe(1), prepare(0)
10-25 21:39:49.922 3126 16148 D ExynosCameraBufferManager: [CAM_ID(1)][SCP_BUF]-DEBUG(m_defaultAlloc[957]):duration time( 0 msec):(type=0, bufIndex=1, size=194400)
10-25 21:39:49.922 3126 19918 D ExynosCameraFrameFactoryPreview: [CAM_ID(1)][ExynosCameraFrameFactory3aaIspTpu]-DEBUG(precreate):Pipe(1) created
10-25 21:39:49.922 3126 19918 D ExynosCameraMCPipe: [CAM_ID(1)][PIPE_DIS]-DEBUG(precreate[54])
10-25 21:39:49.922 3126 19918 D ExynosCameraMCPipe: [CAM_ID(1)][PIPE_DIS]-DEBUG(m_preCreate[1209])
10-25 21:39:49.922 3126 16148 D ExynosCameraBufferManager: [CAM_ID(1)][SCP_BUF]-DEBUG(m_defaultAlloc[957]):duration time( 0 msec):(type=0, bufIndex=2, size=194400)
10-25 21:39:49.922 3126 16148 D ExynosCameraBufferManager: [CAM_ID(1)][SCP_BUF]-DEBUG(m_defaultAlloc[957]):duration time( 1 msec):(type=0, bufIndex=3, size=194400)
10-25 21:39:49.922 3126 19918 D ExynosCameraNode: [CAM_ID(1)][DIS_OUTPUT]-DEBUG(open[251]): Node(150)(/dev/video150) opened. m_fd(105)
10-25 21:39:49.922 3126 19918 D ExynosCameraMCPipe: [CAM_ID(1)][PIPE_DIS]-DEBUG(m_preCreate[1275]):Node(DIS_OUTPUT) opened
10-25 21:39:49.922 3126 19918 I ExynosCameraMCPipe: [CAM_ID(1)][PIPE_DIS]-INFO(m_preCreate[1295]):m_preCreate() is succeed, Pipe(10), prepare(0)
10-25 21:39:49.922 3126 19918 D ExynosCameraFrameFactoryPreview: [CAM_ID(1)][ExynosCameraFrameFactory3aaIspTpu]-DEBUG(precreate):Pipe(10) created
10-25 21:39:49.922 3126 16148 D ExynosCameraBufferManager: [CAM_ID(1)][SCP_BUF]-DEBUG(m_defaultAlloc[957]):duration time( 0 msec):(type=0, bufIndex=4, size=194400)
10-25 21:39:49.922 3126 19918 D ExynosCameraFrameFactory3aaIspTpu: [CAM_ID(1)][ExynosCameraFrameFactory3aaIspTpu]-DEBUG(m_initNodeInfo[1001]):
10-25 21:39:49.922 3126 19918 D ExynosCameraMCPipe: [CAM_ID(1)][PIPE_3AA]-DEBUG(getNodeInfos[1091]):getNodeInfos
10-25 21:39:49.922 3126 19918 D ExynosCameraFrameFactory3aaIspTpu: [CAM_ID(1)][ExynosCameraFrameFactory3aaIspTpu]-DEBUG(m_dumpNodeInfo[1153]): m_initNodeInfo PIPE_3AA mainNode[0] = 110 0xeb774400
10-25 21:39:49.922 3126 19918 D ExynosCameraFrameFactory3aaIspTpu: [CAM_ID(1)][ExynosCameraFrameFactory3aaIspTpu]-DEBUG(m_dumpNodeInfo[1153]): m_initNodeInfo PIPE_3AA mainNode[1] = 111 0xed394c00
10-25 21:39:49.922 3126 19918 D ExynosCameraFrameFactory3aaIspTpu: [CAM_ID(1)][ExynosCameraFrameFactory3aaIspTpu]-DEBUG(m_dumpNodeInfo[1153]): m_initNodeInfo PIPE_3AA mainNode[2] = 112 0xed635000
10-25 21:39:49.922 3126 19918 D ExynosCameraMCPipe: [CAM_ID(1)][PIPE_ISP]-DEBUG(getNodeInfos[1091]):getNodeInfos
10-25 21:39:49.922 3126 16148 D ExynosCameraBufferManager: [CAM_ID(1)][SCP_BUF]-DEBUG(m_defaultAlloc[957]):duration time( 0 msec):(type=0, bufIndex=5, size=194400)
10-25 21:39:49.922 3126 19918 D ExynosCameraFrameFactory3aaIspTpu: [CAM_ID(1)][ExynosCameraFrameFactory3aaIspTpu]-DEBUG(m_dumpNodeInfo[1153]): m_initNodeInfo PIPE_ISP mainNode[0] = 130 0xec988c00
10-25 21:39:49.922 3126 19918 D ExynosCameraFrameFactory3aaIspTpu: [CAM_ID(1)][ExynosCameraFrameFactory3aaIspTpu]-DEBUG(m_dumpNodeInfo[1157]): m_initNodeInfo PIPE_ISP secondaryNode[3] = 132 0xe9cbdc00
10-25 21:39:49.922 3126 19918 D ExynosCameraFrameFactory3aaIspTpu: [CAM_ID(1)][ExynosCameraFrameFactory3aaIspTpu]-DEBUG(m_dumpNodeInfo[1153]): m_initNodeInfo PIPE_ISP mainNode[5] = 152 0xed637800
10-25 21:39:49.922 3126 19918 D ExynosCameraMCPipe: [CAM_ID(1)][PIPE_DIS]-DEBUG(getNodeInfos[1091]):getNodeInfos
10-25 21:39:49.922 3126 19918 D ExynosCameraFrameFactory3aaIspTpu: [CAM_ID(1)][ExynosCameraFrameFactory3aaIspTpu]-DEBUG(m_dumpNodeInfo[1157]): m_initNodeInfo PIPE_DIS secondaryNode[11] = 150 0xed636400
10-25 21:39:49.922 3126 16148 D ExynosCameraBufferManager: [CAM_ID(1)][SCP_BUF]-DEBUG(m_defaultAlloc[957]):duration time( 0 msec):(type=0, bufIndex=6, size=194400)
10-25 21:39:49.922 3126 19918 D ExynosCamera: [CAM_ID(1)][]-DEBUG(m_waitCompanionThreadEnd[18756]):companion waiting time : duration time( 0 msec)
10-25 21:39:49.922 3126 19918 D ExynosCamera: [CAM_ID(1)][]-DEBUG(m_waitCompanionThreadEnd[18758]):companionThread join
10-25 21:39:49.922 3126 19918 I ExynosCameraFrameFactoryPreview: [CAM_ID(1)][ExynosCameraFrameFactory3aaIspTpu]-INFO(postcreate[444])
10-25 21:39:49.922 3126 19918 D ExynosCameraMCPipe: [CAM_ID(1)][PIPE_3AA]-DEBUG(postcreate[68])
10-25 21:39:49.922 3126 19918 D ExynosCameraMCPipe: [CAM_ID(1)][PIPE_3AA]-DEBUG(m_postCreate[1302])
10-25 21:39:49.922 3126 19918 I ExynosCameraMCPipe: [CAM_ID(1)][PIPE_3AA]-INFO(m_postCreate[1326]):m_postCreate() is succeed, Pipe(1)
10-25 21:39:49.922 3126 19918 I ExynosCameraMCPipe: [CAM_ID(1)][PIPE_3AA]-INFO(postcreate[77]):postcreate() is succeed, Pipe(1)
10-25 21:39:49.922 3126 19918 D ExynosCameraFrameFactoryPreview: [CAM_ID(1)][ExynosCameraFrameFactory3aaIspTpu]-DEBUG(postcreate):Pipe(8) postcreated
10-25 21:39:49.922 3126 16148 D ExynosCameraBufferManager: [CAM_ID(1)][SCP_BUF]-DEBUG(m_defaultAlloc[957]):duration time( 0 msec):(type=0, bufIndex=7, size=194400)
10-25 21:39:49.922 3126 19918 D ExynosCameraMCPipe: [CAM_ID(1)][PIPE_ISP]-DEBUG(postcreate[68])
10-25 21:39:49.922 3126 19918 D ExynosCameraMCPipe: [CAM_ID(1)][PIPE_ISP]-DEBUG(m_postCreate[1302])
10-25 21:39:49.922 3126 19918 I ExynosCameraMCPipe: [CAM_ID(1)][PIPE_ISP]-INFO(m_postCreate[1326]):m_postCreate() is succeed, Pipe(4)
10-25 21:39:49.922 3126 19918 I ExynosCameraMCPipe: [CAM_ID(1)][PIPE_ISP]-INFO(postcreate[77]):postcreate() is succeed, Pipe(4)
10-25 21:39:49.922 3126 19918 D ExynosCameraFrameFactoryPreview: [CAM_ID(1)][ExynosCameraFrameFactory3aaIspTpu]-DEBUG(postcreate):Pipe(4) created
10-25 21:39:49.922 3126 19918 D ExynosCameraMCPipe: [CAM_ID(1)][PIPE_DIS]-DEBUG(postcreate[68])
10-25 21:39:49.922 3126 16148 D ExynosCameraBufferManager: [CAM_ID(1)][SCP_BUF]-DEBUG(m_defaultAlloc[957]):duration time( 1 msec):(type=0, bufIndex=8, size=194400)
10-25 21:39:49.922 3126 19918 D ExynosCameraMCPipe: [CAM_ID(1)][PIPE_DIS]-DEBUG(m_postCreate[1302])
10-25 21:39:49.922 3126 16148 D ExynosCameraBufferManager: [CAM_ID(1)][SCP_BUF]-DEBUG(m_defaultAlloc[977]):Duration time of buffer allocation( 2 msec)
10-25 21:39:49.922 3126 19918 I ExynosCameraMCPipe: [CAM_ID(1)][PIPE_DIS]-INFO(m_postCreate[1326]):m_postCreate() is succeed, Pipe(10)
10-25 21:39:49.922 3126 19918 I ExynosCameraMCPipe: [CAM_ID(1)][PIPE_DIS]-INFO(postcreate[77]):postcreate() is succeed, Pipe(10)
10-25 21:39:49.922 3126 19918 D ExynosCameraFrameFactoryPreview: [CAM_ID(1)][ExynosCameraFrameFactory3aaIspTpu]-DEBUG(postcreate):Pipe(10) postcreated
10-25 21:39:49.922 3126 19918 I ExynosCameraPipeGSC: [CAM_ID(1)][PIPE_GSC]-INFO(create[47]):create() is succeed (12)
10-25 21:39:49.922 3126 19918 D ExynosCameraFrameFactoryPreview: [CAM_ID(1)][ExynosCameraFrameFactory3aaIspTpu]-DEBUG(postcreate):Pipe(12) created
10-25 21:39:49.922 3126 19918 I ExynosCameraPipeGSC: [CAM_ID(1)][PIPE_GSC_VIDEO]-INFO(create[47]):create() is succeed (13)
10-25 21:39:49.922 3126 19918 D ExynosCameraFrameFactoryPreview: [CAM_ID(1)][ExynosCameraFrameFactory3aaIspTpu]-DEBUG(postcreate):Pipe(13) created
10-25 21:39:49.922 3126 19918 D ExynosCameraFrameFactoryPreview: INFO(postcreate):getDualMode(0), getQuickShot(0)
10-25 21:39:49.922 3126 19918 D ExynosCameraMCPipe: [CAM_ID(1)][PIPE_3AA]-DEBUG(setControl[430])
10-25 21:39:49.922 3126 19918 I ExynosCameraMCPipe: [CAM_ID(1)][PIPE_3AA]-INFO(setControl[441]):setControl() is succeed, Pipe(1)
10-25 21:39:49.922 3126 19918 D ExynosCameraMCPipe: [CAM_ID(1)][PIPE_3AA]-DEBUG(setControl[430])
10-25 21:39:49.922 3126 16148 D ExynosCameraBufferManager: [CAM_ID(1)][SCP_BUF]-DEBUG(m_defaultAlloc[977]):Duration time of buffer allocation( 0 msec)
10-25 21:39:49.922 3126 16148 D ExynosCameraBufferManager: [CAM_ID(1)][SCP_BUF]-DEBUG(alloc[225]):Allocate the buffer succeeded (m_allocatedBufCount=9, m_reqBufCount=9, m_allowedMaxBufCount=9) --- dumpBufferInfo ---
10-25 21:39:49.922 3126 16148 I ExynosCameraBufferManager: [CAM_ID(1)][SCP_BUF]-INFO(dumpBufferInfo[1244]):[m_buffer[0].fd[0]=97] .addr=0xeb9d1000 .size=129600 .position=0 .permission=1]
10-25 21:39:49.922 3126 16148 I ExynosCameraBufferManager: [CAM_ID(1)][SCP_BUF]-INFO(dumpBufferInfo[1244]):[m_buffer[0].fd[1]=99] .addr=0xeb9c1000 .size=64800 .position=0 .permission=1]
10-25 21:39:49.922 3126 16148 I ExynosCameraBufferManager: [CAM_ID(1)][SCP_BUF]-INFO(dumpBufferInfo[1244]):[m_buffer[0].fd[2]=118] .addr=0xe8a79000 .size=32768 .position=0 .permission=1]
10-25 21:39:49.922 3126 16148 I ExynosCameraBufferManager: [CAM_ID(1)][SCP_BUF]-INFO(dumpBufferInfo[1244]):[m_buffer[1].fd[0]=101] .addr=0xeb461000 .size=129600 .position=0 .permission=1]
10-25 21:39:49.922 3126 16148 I ExynosCameraBufferManager: [CAM_ID(1)][SCP_BUF]-INFO(dumpBufferInfo[1244]):[m_buffer[1].fd[1]=102] .addr=0xeb451000 .size=64800 .position=0 .permission=1]
10-25 21:39:49.922 3126 16148 I ExynosCameraBufferManager: [CAM_ID(1)][SCP_BUF]-INFO(dumpBufferInfo[1244]):[m_buffer[1].fd[2]=119] .addr=0xe8a71000 .size=32768 .position=0 .permission=1]
10-25 21:39:49.922 3126 16148 I ExynosCameraBufferManager: [CAM_ID(1)][SCP_BUF]-INFO(dumpBufferInfo[1244]):[m_buffer[2].fd[0]=103] .addr=0xeb3e0000 .size=129600 .position=0 .permission=1]
10-25 21:39:49.922 3126 16148 I ExynosCameraBufferManager: [CAM_ID(1)][SCP_BUF]-INFO(dumpBufferInfo[1244]):[m_buffer[2].fd[1]=104] .addr=0xeb441000 .size=64800 .position=0 .permission=1]
10-25 21:39:49.922 3126 16148 I ExynosCameraBufferManager: [CAM_ID(1)][SCP_BUF]-INFO(dumpBufferInfo[1244]):[m_buffer[2].fd[2]=120] .addr=0xe8a69000 .size=32768 .position=0 .permission=1]
10-25 21:39:49.922 3126 16148 I ExynosCameraBufferManager: [CAM_ID(1)][SCP_BUF]-INFO(dumpBufferInfo[1244]):[m_buffer[3].fd[0]=106] .addr=0xeb3c0000 .size=129600 .position=0 .permission=1]
10-25 21:39:49.922 3126 16148 I ExynosCameraBufferManager: [CAM_ID(1)][SCP_BUF]-INFO(dumpBufferInfo[1244]):[m_buffer[3].fd[1]=107] .addr=0xea7f2000 .size=64800 .position=0 .permission=1]
10-25 21:39:49.922 3126 16148 I ExynosCameraBufferManager: [CAM_ID(1)][SCP_BUF]-INFO(dumpBufferInfo[1244]):[m_buffer[3].fd[2]=121] .addr=0xe8a61000 .size=32768 .position=0 .permission=1]
10-25 21:39:49.922 3126 16148 I ExynosCameraBufferManager: [CAM_ID(1)][SCP_BUF]-INFO(dumpBufferInfo[1244]):[m_buffer[4].fd[0]=108] .addr=0xea7d2000 .size=129600 .position=0 .permission=1]
10-25 21:39:49.922 3126 16148 I ExynosCameraBufferManager: [CAM_ID(1)][SCP_BUF]-INFO(dumpBufferInfo[1244]):[m_buffer[4].fd[1]=109] .addr=0xea7c2000 .size=64800 .position=0 .permission=1]
10-25 21:39:49.922 3126 16148 I ExynosCameraBufferManager: [CAM_ID(1)][SCP_BUF]-INFO(dumpBufferInfo[1244]):[m_buffer[4].fd[2]=122] .addr=0xe8a59000 .size=32768 .position=0 .permission=1]
10-25 21:39:49.922 3126 16148 I ExynosCameraBufferManager: [CAM_ID(1)][SCP_BUF]-INFO(dumpBufferInfo[1244]):[m_buffer[5].fd[0]=110] .addr=0xea3e2000 .size=129600 .position=0 .permission=1]
10-25 21:39:49.922 3126 16148 I ExynosCameraBufferManager: [CAM_ID(1)][SCP_BUF]-INFO(dumpBufferInfo[1244]):[m_buffer[5].fd[1]=111] .addr=0xea3d2000 .size=64800 .position=0 .permission=1]
10-25 21:39:49.922 3126 16148 I ExynosCameraBufferManager: [CAM_ID(1)][SCP_BUF]-INFO(dumpBufferInfo[1244]):[m_buffer[5].fd[2]=123] .addr=0xe8a51000 .size=32768 .position=0 .permission=1]
10-25 21:39:49.922 3126 16148 I ExynosCameraBufferManager: [CAM_ID(1)][SCP_BUF]-INFO(dumpBufferInfo[1244]):[m_buffer[6].fd[0]=112] .addr=0xe94a2000 .size=129600 .position=0 .permission=1]
10-25 21:39:49.922 3126 16148 I ExynosCameraBufferManager: [CAM_ID(1)][SCP_BUF]-INFO(dumpBufferInfo[1244]):[m_buffer[6].fd[1]=113] .addr=0xea3c2000 .size=64800 .position=0 .permission=1]
10-25 21:39:49.922 3126 16148 I ExynosCameraBufferManager: [CAM_ID(1)][SCP_BUF]-INFO(dumpBufferInfo[1244]):[m_buffer[6].fd[2]=124] .addr=0xe8a49000 .size=32768 .position=0 .permission=1]
10-25 21:39:49.922 3126 16148 I ExynosCameraBufferManager: [CAM_ID(1)][SCP_BUF]-INFO(dumpBufferInfo[1244]):[m_buffer[7].fd[0]=114] .addr=0xe9482000 .size=129600 .position=0 .permission=1]
10-25 21:39:49.922 3126 16148 I ExynosCameraBufferManager: [CAM_ID(1)][SCP_BUF]-INFO(dumpBufferInfo[1244]):[m_buffer[7].fd[1]=115] .addr=0xe8d73000 .size=64800 .position=0 .permission=1]
10-25 21:39:49.922 3126 16148 I ExynosCameraBufferManager: [CAM_ID(1)][SCP_BUF]-INFO(dumpBufferInfo[1244]):[m_buffer[7].fd[2]=125] .addr=0xe8a41000 .size=32768 .position=0 .permission=1]
10-25 21:39:49.922 3126 16148 I ExynosCameraBufferManager: [CAM_ID(1)][SCP_BUF]-INFO(dumpBufferInfo[1244]):[m_buffer[8].fd[0]=116] .addr=0xe8d53000 .size=129600 .position=0 .permission=1]
10-25 21:39:49.922 3126 16148 I ExynosCameraBufferManager: [CAM_ID(1)][SCP_BUF]-INFO(dumpBufferInfo[1244]):[m_buffer[8].fd[1]=117] .addr=0xe8d43000 .size=64800 .position=0 .permission=1]
10-25 21:39:49.922 3126 16148 I ExynosCameraBufferManager: [CAM_ID(1)][SCP_BUF]-INFO(dumpBufferInfo[1244]):[m_buffer[8].fd[2]=126] .addr=0xe8a39000 .size=32768 .position=0 .permission=1]
10-25 21:39:49.922 3126 16148 D ExynosCameraBufferManager: [CAM_ID(1)][SCP_BUF]-DEBUG(alloc[228]):------------------------------------------------------------------
10-25 21:39:49.922 3126 16148 D ExynosCameraPipeJpeg: DEBUG:duration time( 3 msec):(alloc)
10-25 21:39:49.922 3126 16148 I ExynosCamera: [CAM_ID(1)][]-INFO(m_setBuffers[15920]):hwPreviewW(480), stride(0)
10-25 21:39:49.922 3126 16148 W ExynosCamera: [CAM_ID(1)][]-WARN(m_setBuffers[15927]):HACK: Invalid stride(0). It will be replaced as hwPreviewW(480) value.
10-25 21:39:49.922 3126 16148 I ExynosCamera: [CAM_ID(1)][]-INFO(m_setBuffers[15965]):alloc buffer done - camera ID: 1
10-25 21:39:49.922 3126 16148 D ExynosCameraPipeJpeg: DEBUG:duration time( 12 msec):(m_setBuffers)
10-25 21:39:49.952 3126 19918 I ExynosCameraMCPipe: [CAM_ID(1)][PIPE_3AA]-INFO(setControl[441]):setControl() is succeed, Pipe(1)
10-25 21:39:49.952 3126 19918 D ExynosCameraFrameFactory: [CAM_ID(1)][ExynosCameraFrameFactory3aaIspTpu]-DEBUG(m_setCreate[104]) setCreate old(false) new(true)
10-25 21:39:49.952 3126 19918 D ExynosCamera: [CAM_ID(1)][]-DEBUG(startPreview):FrameFactory(previewFrameFactory) created
10-25 21:39:49.952 3126 19918 D ExynosCameraMCPipe: [CAM_ID(1)][PIPE_3AA]-DEBUG(setControl[430])
10-25 21:39:49.952 3126 19918 I ExynosCameraMCPipe: [CAM_ID(1)][PIPE_3AA]-INFO(setControl[441]):setControl() is succeed, Pipe(1)
10-25 21:39:49.952 3126 19918 I ExynosCamera: [CAM_ID(1)][]-INFO(m_allocBuffers[16465]):setInfo(planeCount=2, minBufCount=6, maxBufCount=6, type=0, allocMode=0)
10-25 21:39:49.952 3126 19918 D ExynosCameraBufferManager: [CAM_ID(1)][SKIP_BUF]-DEBUG(m_defaultAlloc[957]):duration time( 0 msec):(type=0, bufIndex=0, size=4096)
10-25 21:39:49.952 3126 19918 D ExynosCameraBufferManager: [CAM_ID(1)][SKIP_BUF]-DEBUG(m_defaultAlloc[957]):duration time( 0 msec):(type=0, bufIndex=1, size=4096)
10-25 21:39:49.952 3126 19918 D ExynosCameraBufferManager: [CAM_ID(1)][SKIP_BUF]-DEBUG(m_defaultAlloc[957]):duration time( 0 msec):(type=0, bufIndex=2, size=4096)
10-25 21:39:49.952 3126 19918 D ExynosCameraBufferManager: [CAM_ID(1)][SKIP_BUF]-DEBUG(m_defaultAlloc[957]):duration time( 0 msec):(type=0, bufIndex=3, size=4096)
10-25 21:39:49.952 3126 19918 D ExynosCameraBufferManager: [CAM_ID(1)][SKIP_BUF]-DEBUG(m_defaultAlloc[957]):duration time( 0 msec):(type=0, bufIndex=4, size=4096)
10-25 21:39:49.952 3126 19918 D ExynosCameraBufferManager: [CAM_ID(1)][SKIP_BUF]-DEBUG(m_defaultAlloc[957]):duration time( 0 msec):(type=0, bufIndex=5, size=4096)
10-25 21:39:49.952 3126 19918 D ExynosCameraBufferManager: [CAM_ID(1)][SKIP_BUF]-DEBUG(m_defaultAlloc[977]):Duration time of buffer allocation( 0 msec)
10-25 21:39:49.952 3126 19918 D ExynosCameraBufferManager: [CAM_ID(1)][SKIP_BUF]-DEBUG(m_defaultAlloc[977]):Duration time of buffer allocation( 0 msec)
10-25 21:39:49.952 3126 19918 D ExynosCameraBufferManager: [CAM_ID(1)][SKIP_BUF]-DEBUG(alloc[225]):Allocate the buffer succeeded (m_allocatedBufCount=6, m_reqBufCount=6, m_allowedMaxBufCount=6) --- dumpBufferInfo ---
10-25 21:39:49.952 3126 19918 I ExynosCameraBufferManager: [CAM_ID(1)][SKIP_BUF]-INFO(dumpBufferInfo[1244]):[m_buffer[0].fd[0]=127] .addr=0x0 .size=4096 .position=0 .permission=1]
10-25 21:39:49.952 3126 19918 I ExynosCameraBufferManager: [CAM_ID(1)][SKIP_BUF]-INFO(dumpBufferInfo[1244]):[m_buffer[0].fd[1]=133] .addr=0xebe39000 .size=32768 .position=0 .permission=1]
10-25 21:39:49.952 3126 19918 I ExynosCameraBufferManager: [CAM_ID(1)][SKIP_BUF]-INFO(dumpBufferInfo[1244]):[m_buffer[1].fd[0]=128] .addr=0x0 .size=4096 .position=0 .permission=1]
10-25 21:39:49.952 3126 19918 I ExynosCameraBufferManager: [CAM_ID(1)][SKIP_BUF]-INFO(dumpBufferInfo[1244]):[m_buffer[1].fd[1]=134] .addr=0xebe31000 .size=32768 .position=0 .permission=1]
10-25 21:39:49.952 3126 19918 I ExynosCameraBufferManager: [CAM_ID(1)][SKIP_BUF]-INFO(dumpBufferInfo[1244]):[m_buffer[2].fd[0]=129] .addr=0x0 .size=4096 .position=0 .permission=1]
10-25 21:39:49.952 3126 19918 I ExynosCameraBufferManager: [CAM_ID(1)][SKIP_BUF]-INFO(dumpBufferInfo[1244]):[m_buffer[2].fd[1]=135] .addr=0xebe29000 .size=32768 .position=0 .permission=1]
10-25 21:39:49.952 3126 19918 I ExynosCameraBufferManager: [CAM_ID(1)][SKIP_BUF]-INFO(dumpBufferInfo[1244]):[m_buffer[3].fd[0]=130] .addr=0x0 .size=4096 .position=0 .permission=1]
10-25 21:39:49.952 3126 19918 I ExynosCameraBufferManager: [CAM_ID(1)][SKIP_BUF]-INFO(dumpBufferInfo[1244]):[m_buffer[3].fd[1]=136] .addr=0xebe21000 .size=32768 .position=0 .permission=1]
10-25 21:39:49.952 3126 19918 I ExynosCameraBufferManager: [CAM_ID(1)][SKIP_BUF]-INFO(dumpBufferInfo[1244]):[m_buffer[4].fd[0]=131] .addr=0x0 .size=4096 .position=0 .permission=1]
10-25 21:39:49.952 3126 19918 I ExynosCameraBufferManager: [CAM_ID(1)][SKIP_BUF]-INFO(dumpBufferInfo[1244]):[m_buffer[4].fd[1]=137] .addr=0xebe19000 .size=32768 .position=0 .permission=1]
10-25 21:39:49.952 3126 19918 I ExynosCameraBufferManager: [CAM_ID(1)][SKIP_BUF]-INFO(dumpBufferInfo[1244]):[m_buffer[5].fd[0]=132] .addr=0x0 .size=4096 .position=0 .permission=1]
10-25 21:39:49.952 3126 19918 I ExynosCameraBufferManager: [CAM_ID(1)][SKIP_BUF]-INFO(dumpBufferInfo[1244]):[m_buffer[5].fd[1]=138] .addr=0xebe11000 .size=32768 .position=0 .permission=1]
10-25 21:39:49.952 3126 19918 D ExynosCameraBufferManager: [CAM_ID(1)][SKIP_BUF]-DEBUG(alloc[228]):------------------------------------------------------------------
10-25 21:39:49.952 3126 19918 D ExynosCameraPipeJpeg: DEBUG:duration time( 1 msec):(alloc)
10-25 21:39:49.952 3126 19918 I ExynosCameraFrameFactoryPreview: [CAM_ID(1)][ExynosCameraFrameFactory3aaIspTpu]-INFO(fastenAeStable[567]): Start
10-25 21:39:49.952 3126 19918 D ExynosCameraFrameFactory3aaIspTpu: [CAM_ID(1)][ExynosCameraFrameFactory3aaIspTpu]-DEBUG(m_updateNodeInfo[1026]):
10-25 21:39:49.952 3126 19918 D ExynosCameraFrameFactory3aaIspTpu: [CAM_ID(1)][ExynosCameraFrameFactory3aaIspTpu]-DEBUG(m_updateNodeInfo[1055]): group migration is already done, use preset
10-25 21:39:49.952 3126 19918 D ExynosCameraMCPipe: [CAM_ID(1)][PIPE_3AA]-DEBUG(setNodeInfos[1067]):setNodeInfos flagReset(false)
10-25 21:39:49.952 3126 19918 D ExynosCameraFrameFactory3aaIspTpu: [CAM_ID(1)][ExynosCameraFrameFactory3aaIspTpu]-DEBUG(m_dumpNodeInfo[1153]): m_updateVideoNode PIPE_3AA mainNode[0] = 110 0xeb774400
10-25 21:39:49.952 3126 19918 D ExynosCameraFrameFactory3aaIspTpu: [CAM_ID(1)][ExynosCameraFrameFactory3aaIspTpu]-DEBUG(m_dumpNodeInfo[1153]): m_updateVideoNode PIPE_3AA mainNode[1] = 111 0xed394c00
10-25 21:39:49.952 3126 19918 D ExynosCameraFrameFactory3aaIspTpu: [CAM_ID(1)][ExynosCameraFrameFactory3aaIspTpu]-DEBUG(m_dumpNodeInfo[1153]): m_updateVideoNode PIPE_3AA mainNode[2] = 112 0xed635000
10-25 21:39:49.952 3126 19918 D ExynosCameraMCPipe: [CAM_ID(1)][PIPE_ISP]-DEBUG(setNodeInfos[1067]):setNodeInfos flagReset(false)
10-25 21:39:49.952 3126 19918 D ExynosCameraFrameFactory3aaIspTpu: [CAM_ID(1)][ExynosCameraFrameFactory3aaIspTpu]-DEBUG(m_dumpNodeInfo[1153]): m_updateVideoNode PIPE_ISP mainNode[0] = 130 0xec988c00
10-25 21:39:49.952 3126 19918 D ExynosCameraFrameFactory3aaIspTpu: [CAM_ID(1)][ExynosCameraFrameFactory3aaIspTpu]-DEBUG(m_dumpNodeInfo[1157]): m_updateVideoNode PIPE_ISP secondaryNode[3] = 132 0xe9cbdc00
10-25 21:39:49.952 3126 19918 D ExynosCameraFrameFactory3aaIspTpu: [CAM_ID(1)][ExynosCameraFrameFactory3aaIspTpu]-DEBUG(m_dumpNodeInfo[1153]): m_updateVideoNode PIPE_ISP mainNode[5] = 152 0xed637800
10-25 21:39:49.952 3126 19918 D ExynosCameraMCPipe: [CAM_ID(1)][PIPE_DIS]-DEBUG(setNodeInfos[1067]):setNodeInfos flagReset(false)
10-25 21:39:49.952 3126 19918 D ExynosCameraFrameFactory3aaIspTpu: [CAM_ID(1)][ExynosCameraFrameFactory3aaIspTpu]-DEBUG(m_dumpNodeInfo[1157]): m_updateVideoNode PIPE_DIS secondaryNode[11] = 150 0xed636400
10-25 21:39:49.952 3126 19918 I ExynosCameraFrameFactoryPreview: [CAM_ID(1)][ExynosCameraFrameFactory3aaIspTpu]-INFO(fastenAeStable[627]): hwSensorSize(652x488)
10-25 21:39:49.952 3126 19918 I ExynosCameraFrameFactoryPreview: [CAM_ID(1)][ExynosCameraFrameFactory3aaIspTpu]-INFO(fastenAeStable[639]:set framerate (denominator=112)
10-25 21:39:49.952 3126 19918 D ExynosCameraPipe: [CAM_ID(1)][PIPE_FLITE]-DEBUG(setParam[506])
10-25 21:39:49.952 3126 19918 D ExynosCameraPipeFlite: [CAM_ID(1)][PIPE_FLITE]-DEBUG(setupPipe[218])
10-25 21:39:49.952 3126 19918 D ExynosCameraPipeFlite: [CAM_ID(1)][PIPE_FLITE]-DEBUG(setupPipe[227]):set new sensorIds
10-25 21:39:49.952 3126 19918 D ExynosCameraPipeFlite: [CAM_ID(1)][PIPE_FLITE]-DEBUG(m_setPipeInfo[192])
10-25 21:39:49.952 3126 19918 D ExynosCameraPipe: [CAM_ID(1)][PIPE_FLITE]-DEBUG(m_setNodeInfo[1435])
10-25 21:39:49.952 3126 19918 D ExynosCameraPipe: [CAM_ID(1)][PIPE_FLITE]-DEBUG(m_setNodeInfo[1513]): set pipeInfos on FLITE : setFormat(652, 488) and reqBuffers(6).
10-25 21:39:49.952 3126 19918 D ExynosCameraNode: [CAM_ID(1)][FLITE]-DEBUG(setSize[372]):w (652) h (488)
10-25 21:39:49.952 3126 19918 D ExynosCameraNode: [CAM_ID(1)][FLITE]-DEBUG(m_setFmt[1043]):type 9, 652 x 488, format 842090306, yuvRange 7
10-25 21:39:49.952 3126 19918 I ExynosCameraPipeFlite: [CAM_ID(1)][PIPE_FLITE]-INFO(setupPipe[253]):setupPipe() is succeed (0) setupPipe (3)
10-25 21:39:49.952 3126 19918 D ExynosCameraPipe: [CAM_ID(1)][PIPE_FLITE]-DEBUG(setControl[470])
10-25 21:39:49.952 3126 19918 I ExynosCameraFrameFactory3aaIspTpu: [CAM_ID(1)][ExynosCameraFrameFactory3aaIspTpu]-INFO(m_setDeviceInfo[137])
10-25 21:39:49.952 3126 19918 D ExynosCameraMCPipe: [CAM_ID(1)][PIPE_3AA]-DEBUG(setPipeId[961]):nodeType(0), id(1)
10-25 21:39:49.952 3126 19918 D ExynosCameraMCPipe: [CAM_ID(1)][PIPE_3AA]-DEBUG(setPipeId[961]):nodeType(1), id(2)
10-25 21:39:49.952 3126 19918 D ExynosCameraMCPipe: [CAM_ID(1)][PIPE_3AA]-DEBUG(setPipeId[961]):nodeType(2), id(3)
10-25 21:39:49.952 3126 19918 D ExynosCameraMCPipe: [CAM_ID(1)][PIPE_3AA]-DEBUG(setPipeId[961]):nodeType(3), id(-1)
10-25 21:39:49.952 3126 19918 D ExynosCameraMCPipe: [CAM_ID(1)][PIPE_3AA]-DEBUG(setPipeId[961]):nodeType(4), id(-1)
10-25 21:39:49.952 3126 19918 D ExynosCameraMCPipe: [CAM_ID(1)][PIPE_3AA]-DEBUG(setPipeId[961]):nodeType(5), id(-1)
10-25 21:39:49.952 3126 19918 D ExynosCameraMCPipe: [CAM_ID(1)][PIPE_3AA]-DEBUG(setPipeId[961]):nodeType(6), id(-1)
10-25 21:39:49.952 3126 19918 D ExynosCameraMCPipe: [CAM_ID(1)][PIPE_3AA]-DEBUG(setPipeId[961]):nodeType(7), id(-1)
10-25 21:39:49.952 3126 19918 D ExynosCameraMCPipe: [CAM_ID(1)][PIPE_3AA]-DEBUG(setPipeId[961]):nodeType(8), id(-1)
10-25 21:39:49.952 3126 19918 D ExynosCameraMCPipe: [CAM_ID(1)][PIPE_3AA]-DEBUG(setPipeId[961]):nodeType(9), id(-1)
10-25 21:39:49.952 3126 19918 D ExynosCameraMCPipe: [CAM_ID(1)][PIPE_3AA]-DEBUG(setPipeId[961]):nodeType(10), id(-1)
10-25 21:39:49.952 3126 19918 D ExynosCameraMCPipe: [CAM_ID(1)][PIPE_3AA]-DEBUG(setPipeId[961]):nodeType(11), id(-1)
10-25 21:39:49.952 3126 19918 D ExynosCameraMCPipe: [CAM_ID(1)][PIPE_3AA]-DEBUG(setPipeId[961]):nodeType(12), id(-1)
10-25 21:39:49.952 3126 19918 D ExynosCameraMCPipe: [CAM_ID(1)][PIPE_3AA]-DEBUG(setPipeId[961]):nodeType(13), id(-1)
10-25 21:39:49.952 3126 19918 D ExynosCameraMCPipe: [CAM_ID(1)][PIPE_3AA]-DEBUG(setPipeId[961]):nodeType(14), id(-1)
10-25 21:39:49.952 3126 19918 D ExynosCameraMCPipe: [CAM_ID(1)][PIPE_3AA]-DEBUG(setPipeId[961]):nodeType(15), id(-1)
10-25 21:39:49.952 3126 19918 D ExynosCameraMCPipe: [CAM_ID(1)][PIPE_3AA]-DEBUG(setupPipe[153])
10-25 21:39:49.952 3126 19918 D ExynosCameraMCPipe: [CAM_ID(1)][PIPE_3AA]-DEBUG(setupPipe[163]):set new sensorIds
