--------- beginning of main
10-25 21:39:16.922 3126 19918 D ExynosCameraFrameFactory3aaIspTpu: [CAM_ID(1)][ExynosCameraFrameFactory3aaIspTpu]-DEBUG(m_updateNodeInfo[1055]): group migration is already done, use preset
10-25 21:39:16.922 3126 19918 D ExynosCameraMCPipe: [CAM_ID(1)][PIPE_3AA]-DEBUG(setNodeInfos[1067]):setNodeInfos flagReset(false)
10-25 21:39:16.922 3126 19918 D ExynosCameraFrameFactory3aaIspTpu: [CAM_ID(1)][ExynosCameraFrameFactory3aaIspTpu]-DEBUG(m_dumpNodeInfo[1153]): m_updateVideoNode PIPE_3AA mainNode[0] = 110 0xeb79c000
10-25 21:39:16.922 3126 19918 D ExynosCameraFrameFactory3aaIspTpu: [CAM_ID(1)][ExynosCameraFrameFactory3aaIspTpu]-DEBUG(m_dumpNodeInfo[1153]): m_updateVideoNode PIPE_3AA mainNode[1] = 111 0xeca70800
10-25 21:39:16.922 3126 19918 D ExynosCameraFrameFactory3aaIspTpu: [CAM_ID(1)][ExynosCameraFrameFactory3aaIspTpu]-DEBUG(m_dumpNodeInfo[1153]): m_updateVideoNode PIPE_3AA mainNode[2] = 112 0xe8d1c800
10-25 21:39:16.922 3126 19918 D ExynosCameraMCPipe: [CAM_ID(1)][PIPE_ISP]-DEBUG(setNodeInfos[1067]):setNodeInfos flagReset(false)
10-25 21:39:16.922 3126 19918 D ExynosCameraFrameFactory3aaIspTpu: [CAM_ID(1)][ExynosCameraFrameFactory3aaIspTpu]-DEBUG(m_dumpNodeInfo[1153]): m_updateVideoNode PIPE_ISP mainNode[0] = 130 0xebfc4800
10-25 21:39:16.922 3126 19918 D ExynosCameraFrameFactory3aaIspTpu: [CAM_ID(1)][ExynosCameraFrameFactory3aaIspTpu]-DEBUG(m_dumpNodeInfo[1157]): m_updateVideoNode PIPE_ISP secondaryNode[3] = 132 0xe8d1a000
10-25 21:39:16.922 3126 19918 D ExynosCameraFrameFactory3aaIspTpu: [CAM_ID(1)][ExynosCameraFrameFactory3aaIspTpu]-DEBUG(m_dumpNodeInfo[1153]): m_updateVideoNode PIPE_ISP mainNode[5] = 152 0xed638c00
10-25 21:39:16.922 3126 19918 D ExynosCameraMCPipe: [CAM_ID(1)][PIPE_DIS]-DEBUG(setNodeInfos[1067]):setNodeInfos flagReset(false)
10-25 21:39:16.922 3126 19918 D ExynosCameraFrameFactory3aaIspTpu: [CAM_ID(1)][ExynosCameraFrameFactory3aaIspTpu]-DEBUG(m_dumpNodeInfo[1157]): m_updateVideoNode PIPE_DIS secondaryNode[11] = 150 0xeb79fc00
10-25 21:39:16.922 3126 19918 I ExynosCameraFrameFactory3aaIspTpu: [CAM_ID(1)][ExynosCameraFrameFactory3aaIspTpu]-INFO(m_initPipes[361]): MaxSensorSize(2608x1960), HWSensorSize(2608x1960)
10-25 21:39:16.922 3126 19918 I ExynosCameraFrameFactory3aaIspTpu: [CAM_ID(1)][ExynosCameraFrameFactory3aaIspTpu]-INFO(m_initPipes[362]): MaxPreviewSize(2560x1920), HwPreviewSize(480x270)
10-25 21:39:16.922 3126 19918 I ExynosCameraFrameFactory3aaIspTpu: [CAM_ID(1)][ExynosCameraFrameFactory3aaIspTpu]-INFO(m_initPipes[363]): HWPictureSize(2592x1950)
10-25 21:39:16.922 3126 19918 D ExynosCameraMCPipe: [CAM_ID(1)][PIPE_3AA]-DEBUG(setPipeId[961]):nodeType(0), id(1)
10-25 21:39:16.922 3126 19918 D ExynosCameraMCPipe: [CAM_ID(1)][PIPE_3AA]-DEBUG(setPipeId[961]):nodeType(1), id(2)
10-25 21:39:16.922 3126 19918 D ExynosCameraMCPipe: [CAM_ID(1)][PIPE_3AA]-DEBUG(setPipeId[961]):nodeType(2), id(3)
10-25 21:39:16.922 3126 19918 D ExynosCameraMCPipe: [CAM_ID(1)][PIPE_3AA]-DEBUG(setPipeId[961]):nodeType(3), id(-1)
10-25 21:39:16.922 3126 19918 D ExynosCameraMCPipe: [CAM_ID(1)][PIPE_3AA]-DEBUG(setPipeId[961]):nodeType(4), id(-1)
10-25 21:39:16.922 3126 19918 D ExynosCameraMCPipe: [CAM_ID(1)][PIPE_3AA]-DEBUG(setPipeId[961]):nodeType(5), id(-1)
10-25 21:39:16.922 3126 19918 D ExynosCameraMCPipe: [CAM_ID(1)][PIPE_3AA]-DEBUG(setPipeId[961]):nodeType(6), id(-1)
10-25 21:39:16.922 3126 19918 D ExynosCameraMCPipe: [CAM_ID(1)][PIPE_3AA]-DEBUG(setPipeId[961]):nodeType(7), id(-1)
10-25 21:39:16.922 3126 19918 D ExynosCameraMCPipe: [CAM_ID(1)][PIPE_3AA]-DEBUG(setPipeId[961]):nodeType(8), id(-1)
10-25 21:39:16.922 3126 19918 D ExynosCameraMCPipe: [CAM_ID(1)][PIPE_3AA]-DEBUG(setPipeId[961]):nodeType(9), id(-1)
10-25 21:39:16.922 3126 19918 D ExynosCameraMCPipe: [CAM_ID(1)][PIPE_3AA]-DEBUG(setPipeId[961]):nodeType(10), id(-1)
10-25 21:39:16.922 3126 19918 D ExynosCameraMCPipe: [CAM_ID(1)][PIPE_3AA]-DEBUG(setPipeId[961]):nodeType(11), id(-1)
10-25 21:39:16.922 3126 19918 D ExynosCameraMCPipe: [CAM_ID(1)][PIPE_3AA]-DEBUG(setPipeId[961]):nodeType(12), id(-1)
10-25 21:39:16.922 3126 19918 D ExynosCameraMCPipe: [CAM_ID(1)][PIPE_3AA]-DEBUG(setPipeId[961]):nodeType(13), id(-1)
10-25 21:39:16.922 3126 19918 D ExynosCameraMCPipe: [CAM_ID(1)][PIPE_3AA]-DEBUG(setPipeId[961]):nodeType(14), id(-1)
10-25 21:39:16.922 3126 19918 D ExynosCameraMCPipe: [CAM_ID(1)][PIPE_3AA]-DEBUG(setPipeId[961]):nodeType(15), id(-1)
10-25 21:39:16.922 3126 19918 D ExynosCameraMCPipe: [CAM_ID(1)][PIPE_3AA]-DEBUG(setupPipe[153])
10-25 21:39:16.922 3126 19918 D ExynosCameraMCPipe: [CAM_ID(1)][PIPE_3AA]-DEBUG(setupPipe[163]):set new sensorIds
10-25 21:39:16.922 3126 19918 D ExynosCameraMCPipe: [CAM_ID(1)][PIPE_3AA]-DEBUG(setupPipe[169]):set new ispSensorIds
10-25 21:39:16.922 3126 19918 D ExynosCameraMCPipe: [CAM_ID(1)][PIPE_3AA]-DEBUG(m_setPipeInfo[2396])
10-25 21:39:16.922 3126 19918 D ExynosCameraMCPipe: [CAM_ID(1)][PIPE_3AA]-DEBUG(m_setNodeInfo[2469])
10-25 21:39:16.922 3126 19918 D ExynosCameraMCPipe: [CAM_ID(1)][PIPE_3AA]-DEBUG(m_setNodeInfo[2549]):set pipeInfos on 3AA_OUTPUT, setFormat(32, 64) and reqBuffers(6)
10-25 21:39:16.922 3126 19918 D ExynosCameraNode: [CAM_ID(1)][3AA_OUTPUT]-DEBUG(setSize[372]):w (32) h (64)
10-25 21:39:16.922 3126 19918 W ExynosCameraNode: [CAM_ID(1)][3AA_OUTPUT]-WARN(setFormat[672]):name(3AA_OUTPUT) fd 64, bytesperline(0) < width(32), height(64)
10-25 21:39:16.922 3126 19918 D ExynosCameraNode: [CAM_ID(1)][3AA_OUTPUT]-DEBUG(m_setFmt[1043]):type 10, 32 x 64, format 842090306, yuvRange 7
10-25 21:39:16.922 3126 19918 D ExynosCameraMCPipe: [CAM_ID(1)][PIPE_3AA]-DEBUG(m_setNodeInfo[2469])
10-25 21:39:16.922 3126 19918 D ExynosCameraMCPipe: [CAM_ID(1)][PIPE_3AA]-DEBUG(m_setNodeInfo[2549]):set pipeInfos on 3AA_CAPTURE, setFormat(2608, 1960) and reqBuffers(6)
10-25 21:39:16.922 3126 19918 D ExynosCameraNode: [CAM_ID(1)][3AA_CAPTURE]-DEBUG(setSize[372]):w (2608) h (1960)
10-25 21:39:16.922 3126 19918 W ExynosCameraNode: [CAM_ID(1)][3AA_CAPTURE]-WARN(setFormat[672]):name(3AA_CAPTURE) fd 97, bytesperline(0) < width(2608), height(1960)
10-25 21:39:16.922 3126 19918 D ExynosCameraNode: [CAM_ID(1)][3AA_CAPTURE]-DEBUG(m_setFmt[1043]):type 9, 2608 x 1960, format 842090306, yuvRange 7
10-25 21:39:16.922 3126 19918 D ExynosCameraMCPipe: [CAM_ID(1)][PIPE_3AA]-DEBUG(m_setNodeInfo[2469])
10-25 21:39:16.922 3126 19918 D ExynosCameraMCPipe: [CAM_ID(1)][PIPE_3AA]-DEBUG(m_setNodeInfo[2549]):set pipeInfos on 3AA_PREVIEW, setFormat(1920, 1080) and reqBuffers(6)
10-25 21:39:16.922 3126 19918 D ExynosCameraNode: [CAM_ID(1)][3AA_PREVIEW]-DEBUG(setSize[372]):w (1920) h (1080)
10-25 21:39:16.922 3126 19918 D ExynosCameraNode: [CAM_ID(1)][3AA_PREVIEW]-DEBUG(m_setFmt[1043]):type 9, 1920 x 1080, format 842090306, yuvRange 7
10-25 21:39:16.922 3126 19918 I ExynosCameraMCPipe: [CAM_ID(1)][PIPE_3AA]-INFO(setupPipe[224]):setupPipe() is succeed, Pipe(1), prepare(3)
10-25 21:39:16.922 3126 19918 D ExynosCameraMCPipe: [CAM_ID(1)][PIPE_ISP]-DEBUG(setPipeId[961]):nodeType(0), id(4)
10-25 21:39:16.922 3126 19918 D ExynosCameraMCPipe: [CAM_ID(1)][PIPE_ISP]-DEBUG(setPipeId[961]):nodeType(1), id(-1)
10-25 21:39:16.922 3126 19918 D ExynosCameraMCPipe: [CAM_ID(1)][PIPE_ISP]-DEBUG(setPipeId[961]):nodeType(2), id(-1)
10-25 21:39:16.922 3126 19918 D ExynosCameraMCPipe: [CAM_ID(1)][PIPE_ISP]-DEBUG(setPipeId[961]):nodeType(3), id(6)
10-25 21:39:16.922 3126 19918 D ExynosCameraMCPipe: [CAM_ID(1)][PIPE_ISP]-DEBUG(setPipeId[961]):nodeType(4), id(-1)
10-25 21:39:16.922 3126 19918 D ExynosCameraMCPipe: [CAM_ID(1)][PIPE_ISP]-DEBUG(setPipeId[961]):nodeType(5), id(7)
10-25 21:39:16.922 3126 19918 D ExynosCameraMCPipe: [CAM_ID(1)][PIPE_ISP]-DEBUG(setPipeId[961]):nodeType(6), id(-1)
10-25 21:39:16.922 3126 19918 D ExynosCameraMCPipe: [CAM_ID(1)][PIPE_ISP]-DEBUG(setPipeId[961]):nodeType(7), id(-1)
10-25 21:39:16.922 3126 19918 D ExynosCameraMCPipe: [CAM_ID(1)][PIPE_ISP]-DEBUG(setPipeId[961]):nodeType(8), id(-1)
10-25 21:39:16.922 3126 19918 D ExynosCameraMCPipe: [CAM_ID(1)][PIPE_ISP]-DEBUG(setPipeId[961]):nodeType(9), id(-1)
10-25 21:39:16.922 3126 19918 D ExynosCameraMCPipe: [CAM_ID(1)][PIPE_ISP]-DEBUG(setPipeId[961]):nodeType(10), id(-1)
10-25 21:39:16.922 3126 19918 D ExynosCameraMCPipe: [CAM_ID(1)][PIPE_ISP]-DEBUG(setPipeId[961]):nodeType(11), id(-1)
10-25 21:39:16.922 3126 19918 D ExynosCameraMCPipe: [CAM_ID(1)][PIPE_ISP]-DEBUG(setPipeId[961]):nodeType(12), id(-1)
10-25 21:39:16.922 3126 19918 D ExynosCameraMCPipe: [CAM_ID(1)][PIPE_ISP]-DEBUG(setPipeId[961]):nodeType(13), id(-1)
10-25 21:39:16.922 3126 19918 D ExynosCameraMCPipe: [CAM_ID(1)][PIPE_ISP]-DEBUG(setPipeId[961]):nodeType(14), id(-1)
10-25 21:39:16.922 3126 19918 D ExynosCameraMCPipe: [CAM_ID(1)][PIPE_ISP]-DEBUG(setPipeId[961]):nodeType(15), id(-1)
10-25 21:39:16.922 3126 19918 D ExynosCameraMCPipe: [CAM_ID(1)][PIPE_ISP]-DEBUG(setupPipe[153])
10-25 21:39:16.922 3126 19918 D ExynosCameraMCPipe: [CAM_ID(1)][PIPE_ISP]-DEBUG(setupPipe[163]):set new sensorIds
10-25 21:39:16.922 3126 19918 D ExynosCameraMCPipe: [CAM_ID(1)][PIPE_ISP]-DEBUG(setupPipe[169]):set new ispSensorIds
10-25 21:39:16.922 3126 19918 D ExynosCameraMCPipe: [CAM_ID(1)][PIPE_ISP]-DEBUG(m_setPipeInfo[2396])
10-25 21:39:16.922 3126 19918 D ExynosCameraMCPipe: [CAM_ID(1)][PIPE_ISP]-DEBUG(m_setNodeInfo[2469])
10-25 21:39:16.922 3126 19918 D ExynosCameraMCPipe: [CAM_ID(1)][PIPE_ISP]-DEBUG(m_setNodeInfo[2549]):set pipeInfos on ISP_OUTPUT, setFormat(1920, 1080) and reqBuffers(6)
10-25 21:39:16.922 3126 19918 D ExynosCameraNode: [CAM_ID(1)][ISP_OUTPUT]-DEBUG(setSize[372]):w (1920) h (1080)
10-25 21:39:16.922 3126 19918 D ExynosCameraNode: [CAM_ID(1)][ISP_OUTPUT]-DEBUG(m_setFmt[1043]):type 10, 1920 x 1080, format 842090306, yuvRange 7
10-25 21:39:16.922 3126 19918 D ExynosCameraMCPipe: [CAM_ID(1)][PIPE_ISP]-DEBUG(m_setNodeInfo[2469])
10-25 21:39:16.922 3126 19918 D ExynosCameraMCPipe: [CAM_ID(1)][PIPE_ISP]-DEBUG(m_setNodeInfo[2549]):set pipeInfos on SCP_PREVIEW, setFormat(480, 270) and reqBuffers(9)
10-25 21:39:16.922 3126 19918 D ExynosCameraNode: [CAM_ID(1)][SCP_PREVIEW]-DEBUG(setSize[372]):w (480) h (270)
10-25 21:39:16.922 3126 19918 D ExynosCameraNode: [CAM_ID(1)][SCP_PREVIEW]-DEBUG(m_setFmt[1043]):type 9, 480 x 270, format 825380174, yuvRange 7
10-25 21:39:16.922 3126 19918 I ExynosCameraMCPipe: [CAM_ID(1)][PIPE_ISP]-INFO(setupPipe[224]):setupPipe() is succeed, Pipe(4), prepare(0)
10-25 21:39:16.922 3126 19918 D ExynosCameraMCPipe: [CAM_ID(1)][PIPE_DIS]-DEBUG(setPipeId[961]):nodeType(0), id(-1)
10-25 21:39:16.922 3126 19918 D ExynosCameraMCPipe: [CAM_ID(1)][PIPE_DIS]-DEBUG(setPipeId[961]):nodeType(1), id(-1)
10-25 21:39:16.922 3126 19918 D ExynosCameraMCPipe: [CAM_ID(1)][PIPE_DIS]-DEBUG(setPipeId[961]):nodeType(2), id(-1)
10-25 21:39:16.922 3126 19918 D ExynosCameraMCPipe: [CAM_ID(1)][PIPE_DIS]-DEBUG(setPipeId[961]):nodeType(3), id(-1)
10-25 21:39:16.922 3126 19918 D ExynosCameraMCPipe: [CAM_ID(1)][PIPE_DIS]-DEBUG(setPipeId[961]):nodeType(4), id(-1)
10-25 21:39:16.922 3126 19918 D ExynosCameraMCPipe: [CAM_ID(1)][PIPE_DIS]-DEBUG(setPipeId[961]):nodeType(5), id(-1)
10-25 21:39:16.922 3126 19918 D ExynosCameraMCPipe: [CAM_ID(1)][PIPE_DIS]-DEBUG(setPipeId[961]):nodeType(6), id(-1)
10-25 21:39:16.922 3126 19918 D ExynosCameraMCPipe: [CAM_ID(1)][PIPE_DIS]-DEBUG(setPipeId[961]):nodeType(7), id(-1)
10-25 21:39:16.922 3126 19918 D ExynosCameraMCPipe: [CAM_ID(1)][PIPE_DIS]-DEBUG(setPipeId[961]):nodeType(8), id(-1)
10-25 21:39:16.922 3126 19918 D ExynosCameraMCPipe: [CAM_ID(1)][PIPE_DIS]-DEBUG(setPipeId[961]):nodeType(9), id(-1)
10-25 21:39:16.922 3126 19918 D ExynosCameraMCPipe: [CAM_ID(1)][PIPE_DIS]-DEBUG(setPipeId[961]):nodeType(10), id(-1)
10-25 21:39:16.922 3126 19918 D ExynosCameraMCPipe: [CAM_ID(1)][PIPE_DIS]-DEBUG(setPipeId[961]):nodeType(11), id(10)
10-25 21:39:16.922 3126 19918 D ExynosCameraMCPipe: [CAM_ID(1)][PIPE_DIS]-DEBUG(setPipeId[961]):nodeType(12), id(-1)
10-25 21:39:16.922 3126 19918 D ExynosCameraMCPipe: [CAM_ID(1)][PIPE_DIS]-DEBUG(setPipeId[961]):nodeType(13), id(-1)
10-25 21:39:16.922 3126 19918 D ExynosCameraMCPipe: [CAM_ID(1)][PIPE_DIS]-DEBUG(setPipeId[961]):nodeType(14), id(-1)
10-25 21:39:16.922 3126 19918 D ExynosCameraMCPipe: [CAM_ID(1)][PIPE_DIS]-DEBUG(setPipeId[961]):nodeType(15), id(-1)
10-25 21:39:16.922 3126 19918 D ExynosCameraMCPipe: [CAM_ID(1)][PIPE_DIS]-DEBUG(setupPipe[153])
10-25 21:39:16.922 3126 19918 D ExynosCameraMCPipe: [CAM_ID(1)][PIPE_DIS]-DEBUG(setupPipe[163]):set new sensorIds
10-25 21:39:16.922 3126 19918 D ExynosCameraMCPipe: [CAM_ID(1)][PIPE_DIS]-DEBUG(setupPipe[169]):set new ispSensorIds
10-25 21:39:16.922 3126 19918 D ExynosCameraMCPipe: [CAM_ID(1)][PIPE_DIS]-DEBUG(m_setPipeInfo[2396])
10-25 21:39:16.922 3126 19918 I ExynosCameraMCPipe: [CAM_ID(1)][PIPE_DIS]-INFO(setupPipe[224]):setupPipe() is succeed, Pipe(-1), prepare(-371224572)
10-25 21:39:16.922 3126 19918 D ExynosCamera: [CAM_ID(1)][]-DEBUG(m_printExynosCameraInfo[18564]):===================================================
10-25 21:39:16.922 3126 19918 D ExynosCamera: [CAM_ID(1)][]-DEBUG(m_printExynosCameraInfo[18565]):============= ExynosCameraInfo call by m_startPreviewInternal
10-25 21:39:16.922 3126 19918 D ExynosCamera: [CAM_ID(1)][]-DEBUG(m_printExynosCameraInfo[18566]):===================================================
10-25 21:39:16.922 3126 19918 D ExynosCamera: [CAM_ID(1)][]-DEBUG(m_printExynosCameraInfo[18568]):============= Scenario ============================
10-25 21:39:16.922 3126 19918 D ExynosCamera: [CAM_ID(1)][]-DEBUG(m_printExynosCameraInfo[18569]):= getCameraId : 1
10-25 21:39:16.922 3126 19918 D ExynosCamera: [CAM_ID(1)][]-DEBUG(m_printExynosCameraInfo[18570]):= getDualMode : 0
10-25 21:39:16.922 3126 19918 D ExynosCamera: [CAM_ID(1)][]-DEBUG(m_printExynosCameraInfo[18571]):= getScalableSensorMode : 0
10-25 21:39:16.922 3126 19918 D ExynosCamera: [CAM_ID(1)][]-DEBUG(m_printExynosCameraInfo[18572]):= getRecordingHint : 0
10-25 21:39:16.922 3126 19918 D ExynosCamera: [CAM_ID(1)][]-DEBUG(m_printExynosCameraInfo[18573]):= getEffectRecordingHint : 0
10-25 21:39:16.922 3126 19918 D ExynosCamera: [CAM_ID(1)][]-DEBUG(m_printExynosCameraInfo[18574]):= getDualRecordingHint : 0
10-25 21:39:16.922 3126 19918 D ExynosCamera: [CAM_ID(1)][]-DEBUG(m_printExynosCameraInfo[18575]):= getAdaptiveCSCRecording : 0
10-25 21:39:16.922 3126 19918 D ExynosCamera: [CAM_ID(1)][]-DEBUG(m_printExynosCameraInfo[18576]):= doCscRecording : 1
10-25 21:39:16.922 3126 19918 D ExynosCamera: [CAM_ID(1)][]-DEBUG(m_printExynosCameraInfo[18577]):= needGSCForCapture : 1
10-25 21:39:16.922 3126 19918 D ExynosCamera: [CAM_ID(1)][]-DEBUG(m_printExynosCameraInfo[18578]):= getShotMode : 0
10-25 21:39:16.922 3126 19918 D ExynosCamera: [CAM_ID(1)][]-DEBUG(m_printExynosCameraInfo[18579]):= getTpuEnabledMode : 0
10-25 21:39:16.922 3126 19918 D ExynosCamera: [CAM_ID(1)][]-DEBUG(m_printExynosCameraInfo[18580]):= getHWVdisMode : 0
10-25 21:39:16.922 3126 19918 D ExynosCamera: [CAM_ID(1)][]-DEBUG(m_printExynosCameraInfo[18581]):= get3dnrMode : 0
10-25 21:39:16.922 3126 19918 D ExynosCamera: [CAM_ID(1)][]-DEBUG(m_printExynosCameraInfo[18583]):============= Internal setting ====================
10-25 21:39:16.922 3126 19918 D ExynosCamera: [CAM_ID(1)][]-DEBUG(m_printExynosCameraInfo[18584]):= isFlite3aaOtf : 1
10-25 21:39:16.922 3126 19918 D ExynosCamera: [CAM_ID(1)][]-DEBUG(m_printExynosCameraInfo[18585]):= is3aaIspOtf : 0
10-25 21:39:16.922 3126 19918 D ExynosCamera: [CAM_ID(1)][]-DEBUG(m_printExynosCameraInfo[18586]):= isIspTpuOtf : 1
10-25 21:39:16.922 3126 19918 D ExynosCamera: [CAM_ID(1)][]-DEBUG(m_printExynosCameraInfo[18587]):= isReprocessing : 1
10-25 21:39:16.932 3126 19918 D ExynosCamera: [CAM_ID(1)][]-DEBUG(m_printExynosCameraInfo[18588]):= isReprocessing3aaIspOTF : 0
10-25 21:39:16.932 3126 19918 D ExynosCamera: [CAM_ID(1)][]-DEBUG(m_printExynosCameraInfo[18589]):= getUsePureBayerReprocessing : 0
10-25 21:39:16.932 3126 19918 D ExynosCamera: [CAM_ID(1)][]-DEBUG(m_printExynosCameraInfo[18600]):= getReprocessingBayerMode : REPROCESSING_BAYER_MODE_DIRTY_ALWAYS_ON
10-25 21:39:16.932 3126 19918 D ExynosCamera: [CAM_ID(1)][]-DEBUG(m_printExynosCameraInfo[18613]):= isSccCapture : 0
10-25 21:39:16.932 3126 19918 D ExynosCamera: [CAM_ID(1)][]-DEBUG(m_printExynosCameraInfo[18615]):============= size setting =======================
10-25 21:39:16.932 3126 19918 D ExynosCamera: [CAM_ID(1)][]-DEBUG(m_printExynosCameraInfo[18617]):= getMaxSensorSize : 2608 x 1960
10-25 21:39:16.932 3126 19918 D ExynosCamera: [CAM_ID(1)][]-DEBUG(m_printExynosCameraInfo[18620]):= getHwSensorSize : 2608 x 1960
10-25 21:39:16.932 3126 19918 D ExynosCamera: [CAM_ID(1)][]-DEBUG(m_printExynosCameraInfo[18623]):= getBnsSize : 2608 x 1960
10-25 21:39:16.932 3126 19918 D ExynosCamera: [CAM_ID(1)][]-DEBUG(m_printExynosCameraInfo[18628]):= getPreviewBayerCropSize : (0, 0, 2592, 1950) -> (0, 246, 2592, 1458)
10-25 21:39:16.932 3126 19918 D ExynosCamera: [CAM_ID(1)][]-DEBUG(m_printExynosCameraInfo[18632]):= getPreviewBdsSize : (0, 0, 1920, 1080)
10-25 21:39:16.932 3126 19918 D ExynosCamera: [CAM_ID(1)][]-DEBUG(m_printExynosCameraInfo[18635]):= getHwPreviewSize : 480 x 270
10-25 21:39:16.932 3126 19918 D ExynosCamera: [CAM_ID(1)][]-DEBUG(m_printExynosCameraInfo[18638]):= getPreviewSize : 480 x 270
10-25 21:39:16.932 3126 19918 D ExynosCamera: [CAM_ID(1)][]-DEBUG(m_printExynosCameraInfo[18643]):= getPictureBayerCropSize : (0, 0, 2592, 1950) -> (0, 246, 2592, 1458)
10-25 21:39:16.932 3126 19918 D ExynosCamera: [CAM_ID(1)][]-DEBUG(m_printExynosCameraInfo[18647]):= getPictureBdsSize : (0, 0, 2592, 1458)
10-25 21:39:16.932 3126 19918 D ExynosCamera: [CAM_ID(1)][]-DEBUG(m_printExynosCameraInfo[18650]):= getHwPictureSize : 2592 x 1950
10-25 21:39:16.932 3126 19918 D ExynosCamera: [CAM_ID(1)][]-DEBUG(m_printExynosCameraInfo[18653]):= getPictureSize : 2592 x 1458
10-25 21:39:16.932 3126 19918 D ExynosCamera: [CAM_ID(1)][]-DEBUG(m_printExynosCameraInfo[18655]):===================================================
10-25 21:39:16.932 3126 19918 D ExynosCamera: [CAM_ID(1)][]-DEBUG(m_searchFrameFromList[15220]):list is empty
10-25 21:39:16.932 3126 19918 D ExynosCameraMCPipe: [CAM_ID(1)][PIPE_ISP]-DEBUG(start[255])
10-25 21:39:16.932 3126 19918 D ExynosCameraMCPipe: [CAM_ID(1)][PIPE_ISP]-DEBUG(m_startNode[2737])
10-25 21:39:16.932 3126 19918 I ExynosCameraMCPipe: [CAM_ID(1)][PIPE_ISP]-INFO(start[271]):start() is succeed, Pipe(4)
10-25 21:39:16.932 3126 19918 D ExynosCameraMCPipe: [CAM_ID(1)][PIPE_3AA]-DEBUG(start[255])
10-25 21:39:16.932 3126 19918 D ExynosCameraMCPipe: [CAM_ID(1)][PIPE_3AA]-DEBUG(m_startNode[2737])
10-25 21:39:16.962 3126 19918 I ExynosCameraMCPipe: [CAM_ID(1)][PIPE_3AA]-INFO(start[271]):start() is succeed, Pipe(1)
10-25 21:39:16.962 3126 19918 D ExynosCameraPipe: [CAM_ID(1)][PIPE_FLITE]-DEBUG(start[293])
10-25 21:39:16.962 3126 19918 D ExynosCameraMCPipe: [CAM_ID(1)][PIPE_3AA]-DEBUG(prepare[232])
10-25 21:39:16.972 3126 19918 D ExynosCameraMCPipe: [CAM_ID(1)][PIPE_3AA]-DEBUG(m_checkNodeGroupInfo[2824]):(3AA_OUTPUT):oldCropSize(0, 0, 0, 0 / 0, 0, 0, 0) -> newCropSize(0, 246, 2592, 1458 / 0, 246, 2592, 1458)
10-25 21:39:16.972 3126 19918 D ExynosCameraMCPipe: [CAM_ID(1)][PIPE_3AA]-DEBUG(m_checkNodeGroupInfo[2824]):(3AA_CAPTURE):oldCropSize(0, 0, 0, 0 / 0, 0, 0, 0) -> newCropSize(0, 0, 2592, 1458 / 0, 0, 1920, 1080)
10-25 21:39:16.972 3126 19918 D ExynosCameraMCPipe: [CAM_ID(1)][PIPE_3AA]-DEBUG(m_checkNodeGroupInfo[2824]):():oldCropSize(0, 0, 0, 0 / 0, 0, 0, 0) -> newCropSize(0, 0, 1920, 1080 / 0, 0, 480, 270)
10-25 21:39:16.972 3126 19918 I ExynosCameraMCPipe: [CAM_ID(1)][PIPE_3AA]-INFO(prepare[248]):prepare() is succeed, Pipe(1), prepare(3)
10-25 21:39:16.972 3126 19918 D ExynosCameraPipeFlite: [CAM_ID(1)][PIPE_FLITE]-DEBUG(sensorStream[260])
10-25 21:39:17.062 3126 19918 I ExynosCameraFrameFactoryPreview: [CAM_ID(1)][ExynosCameraFrameFactory3aaIspTpu]-INFO(startPipes[1220]):Starting Success!
10-25 21:39:17.062 3126 19918 I ExynosCameraFrameFactoryPreview: [CAM_ID(1)][ExynosCameraFrameFactory3aaIspTpu]-INFO(startInitialThreads[1229]):start pre-ordered initial pipe thread
10-25 21:39:17.062 3126 19918 I ExynosCameraFrameFactory: [CAM_ID(1)][ExynosCameraFrameFactory3aaIspTpu]-INFO(startThread[408]):pipeId=1
10-25 21:39:17.062 3126 19918 D ExynosCameraMCPipe: [CAM_ID(1)][PIPE_3AA]-DEBUG(startThread[323])
10-25 21:39:17.062 3126 19918 I ExynosCameraMCPipe: [CAM_ID(1)][PIPE_3AA]-INFO(startThread[334]):startThread is succeed, Pipe(1)
10-25 21:39:17.062 3126 19918 I ExynosCameraFrameFactory: [CAM_ID(1)][ExynosCameraFrameFactory3aaIspTpu]-INFO(startThread[408]):pipeId=4
10-25 21:39:17.062 3126 19918 D ExynosCameraMCPipe: [CAM_ID(1)][PIPE_ISP]-DEBUG(startThread[323])
10-25 21:39:17.062 3126 19918 I ExynosCameraMCPipe: [CAM_ID(1)][PIPE_ISP]-INFO(startThread[334]):startThread is succeed, Pipe(4)
10-25 21:39:17.062 3126 19918 D ExynosCamera: [CAM_ID(1)][]-set Focus Mode(m_startPreviewInternal[6283])
10-25 21:39:17.062 3126 19918 D ExynosCameraActivityControl: DEBUG(setAutoFocusMode[322]):m_focusMode=8
10-25 21:39:17.062 3126 19918 D ExynosCameraActivityControl: DEBUG(setAutoFocusMode[361]):newMgrAutofocusMode=8, oldMgrAutofocusMode=2
10-25 21:39:17.062 3126 19918 I ExynosCameraActivityAutofocus: INFO(setAutofocusMode[642]):autoFocusMode(8)
10-25 21:39:17.062 3126 19918 I ExynosCameraActivityAutofocus: INFO(startAutofocus[723]):m_autoFocusMode(8)
10-25 21:39:17.062 3126 19918 D ExynosCameraActivityFlash: DEBUG(setFlashStep[1740]):flashStepVal=0
10-25 21:39:17.062 3126 19918 D ExynosCameraActivityFlash: DEBUG(setFlashTrigerPath[1759]):flashTriggerVal=0
10-25 21:39:17.062 3126 19918 I ExynosCamera: [CAM_ID(1)][]-DEBUG(m_startPreviewInternal[6297]):OUT
10-25 21:39:17.062 3126 19918 D ExynosCameraPipeJpeg: DEBUG:duration time( 150 msec):(m_startPreviewInternal)
10-25 21:39:17.062 3126 19918 D ExynosCamera: [CAM_ID(1)][]-DEBUG(startPreview[2097]): do not alloc GSC/JPEG buffer during smart stay
10-25 21:39:17.062 3126 19918 I ExynosCamera: [CAM_ID(1)][]-INFO(startPreview[2126]):setupThread not started pipeID(0)
10-25 21:39:17.062 3126 19918 D ExynosCamera: [CAM_ID(1)][]-DEBUG(startPreview[2129]):setupThread Thread start pipeId(1)
10-25 21:39:17.072 3126 16005 I ExynosCamera: [CAM_ID(1)][]-INFO(m_frameFactoryInitThreadFunc[9409]): -IN-
10-25 21:39:17.072 3126 16005 D ExynosCamera: [CAM_ID(1)][]-DEBUG(m_frameFactoryInitThreadFunc[9439]):framefactory already create
10-25 21:39:17.072 3126 16005 I ExynosCamera: [CAM_ID(1)][]-INFO(m_frameFactoryInitThreadFunc[9454]):m_framefactoryThread end loop(0) m_frameFactoryQ(0), m_previewEnabled(1)
10-25 21:39:17.072 3126 16005 I ExynosCamera: [CAM_ID(1)][]-INFO(m_frameFactoryInitThreadFunc[9456]): -OUT-
10-25 21:39:17.072 3126 19918 D ExynosCamera: [CAM_ID(1)][]-DEBUG(m_startFaceDetection[4164]) toggle : 1
10-25 21:39:17.072 3126 19918 D UniPlugin: uni_plugin_init is called!
10-25 21:39:17.072 3126 19918 D ExynosCameraPipeJpeg: DEBUG:duration time( 390 msec):(startPreview)
10-25 21:39:17.072 3126 19918 I ExynosCamera3Interface: INFO(HAL_camera_device_start_preview[853]):camera(1) out from startPreview()
10-25 21:39:17.072 3126 19918 I ExynosCamera3Interface: INFO(HAL_camera_device_start_preview[857]):camera(1) unlocked..
10-25 21:39:17.072 3126 19918 I ExynosCamera3Interface: INFO(HAL_camera_device_start_preview[864]):camera(1) out (startPreview succeeded)
10-25 21:39:17.072 3126 19918 D ExynosCamera3Interface: DEBUG:duration time( 391 msec):(HAL_camera_device_start_preview)
10-25 21:39:17.072 3520 15970 E SmartFaceManager: Listener does not implements SmartFaceInfoListener2
10-25 21:39:17.092 3126 16001 D ExynosCameraMCPipe: [CAM_ID(1)][PIPE_ISP]-DEBUG(m_checkNodeGroupInfo[2824]):(ISP_OUTPUT):oldCropSize(0, 0, 0, 0 / 0, 0, 0, 0) -> newCropSize(0, 0, 1920, 1080 / 0, 0, 1920, 1080)
10-25 21:39:17.092 3126 16001 D ExynosCameraMCPipe: [CAM_ID(1)][PIPE_ISP]-DEBUG(m_checkNodeGroupInfo[2824]):(ISP_OUTPUT):oldCropSize(0, 0, 0, 0 / 0, 0, 0, 0) -> newCropSize(0, 0, 1920, 1080 / 0, 0, 1920, 1080)
10-25 21:39:17.092 3126 16001 D ExynosCameraMCPipe: [CAM_ID(1)][PIPE_ISP]-DEBUG(m_checkNodeGroupInfo[2824]):():oldCropSize(0, 0, 0, 0 / 0, 0, 0, 0) -> newCropSize(0, 0, 1920, 1080 / 0, 0, 1920, 1080)
10-25 21:39:17.092 3126 16001 D ExynosCameraMCPipe: [CAM_ID(1)][PIPE_ISP]-DEBUG(m_checkNodeGroupInfo[2824]):():oldCropSize(0, 0, 0, 0 / 0, 0, 0, 0) -> newCropSize(0, 0, 1920, 1080 / 0, 0, 480, 270)
10-25 21:39:17.112 3126 16008 D ExynosCamera: (m_checkEntranceLux[18990]): need skip frame for ae/awb stable(3368).
10-25 21:39:17.112 3126 16008 D ExynosCamera: [CAM_ID(1)][]-INFO(m_handlePreviewFrame[8527]):Skip frame for frameSkipCount(3) buffer.index(0)
10-25 21:39:17.112 3126 16008 D ExynosCameraBufferManager: [CAM_ID(1)][SCP_BUF]-DEBUG(cancelBuffer[729]):cancelBuffer bufIndex(0) isReuse(true) function invalid, put buffer
10-25 21:39:17.182 3126 16008 D ExynosCamera: [CAM_ID(1)][]-INFO(m_handlePreviewFrame[8527]):Skip frame for frameSkipCount(2) buffer.index(1)
10-25 21:39:17.182 3126 16008 D ExynosCameraBufferManager: [CAM_ID(1)][SCP_BUF]-DEBUG(cancelBuffer[729]):cancelBuffer bufIndex(1) isReuse(true) function invalid, put buffer
10-25 21:39:17.252 3126 16008 D ExynosCamera: [CAM_ID(1)][]-INFO(m_handlePreviewFrame[8527]):Skip frame for frameSkipCount(1) buffer.index(2)
10-25 21:39:17.252 3126 16008 D ExynosCameraBufferManager: [CAM_ID(1)][SCP_BUF]-DEBUG(cancelBuffer[729]):cancelBuffer bufIndex(2) isReuse(true) function invalid, put buffer
10-25 21:39:17.272 3126 16009 I ExynosCamera: [CAM_ID(1)][]-INFO(m_monitorThreadFunc[16589]): @FIMC_IS_SYNC 46
10-25 21:39:17.272 3126 16009 D ExynosCameraMCPipe: [CAM_ID(1)][PIPE_ISP]-DEBUG(syncLog[1196])
10-25 21:39:17.312 3126 16007 I ExynosCamera: [CAM_ID(1)][]-INFO(m_allocBuffers[16465]):setInfo(planeCount=1, minBufCount=1, maxBufCount=1, type=1, allocMode=1)
10-25 21:39:17.312 3126 16007 D ExynosCameraBufferManager: [CAM_ID(1)][PREVIEW_CB_BUF]-DEBUG(m_defaultAlloc[957]):duration time( 1 msec):(type=1, bufIndex=0, size=194400)
10-25 21:39:17.312 3126 16007 D ExynosCameraBufferManager: [CAM_ID(1)][PREVIEW_CB_BUF]-DEBUG(m_defaultAlloc[977]):Duration time of buffer allocation( 1 msec)
10-25 21:39:17.312 3126 16007 D ExynosCameraBufferManager: [CAM_ID(1)][PREVIEW_CB_BUF]-DEBUG(alloc[225]):Allocate the buffer succeeded (m_allocatedBufCount=1, m_reqBufCount=1, m_allowedMaxBufCount=1) --- dumpBufferInfo ---
10-25 21:39:17.312 3126 16007 I ExynosCameraBufferManager: [CAM_ID(1)][PREVIEW_CB_BUF]-INFO(dumpBufferInfo[1244]):[m_buffer[0].fd[0]=127] .addr=0x0 .size=194400 .position=0 .permission=1]
10-25 21:39:17.312 3126 16007 D ExynosCameraBufferManager: [CAM_ID(1)][PREVIEW_CB_BUF]-DEBUG(alloc[228]):------------------------------------------------------------------
10-25 21:39:17.312 3126 16007 D ExynosCameraPipeJpeg: DEBUG:duration time( 1 msec):(alloc)
10-25 21:39:17.322 3520 4387 I EDMNativeHelperService: isCameraEnabled
10-25 21:39:17.332 3126 16007 D ExynosCamera: [CAM_ID(1)][]-DEBUG(m_previewThreadFunc[9649]):m_firstPreviewTimer stop
10-25 21:39:17.332 3126 16007 D ExynosCamera: [CAM_ID(1)][]-DEBUG(m_printExynosCameraInfo[9651]):============= First Preview time ==================
10-25 21:39:17.332 3126 16007 D ExynosCamera: [CAM_ID(1)][]-DEBUG(m_printExynosCameraInfo[9652]):= startPreview ~ first frame : 648 msec
10-25 21:39:17.332 3126 16007 D ExynosCamera: [CAM_ID(1)][]-DEBUG(m_printExynosCameraInfo[9653]):===================================================
10-25 21:39:17.332 3126 16007 D ExynosCameraActivityAutofocus: (CMGEFL):==================================================
10-25 21:39:17.332 3126 16007 D ExynosCameraActivityAutofocus: (CMGEFL):0x0
10-25 21:39:17.332 3126 16007 D ExynosCameraActivityAutofocus: (CMGEFL):0x0
10-25 21:39:17.332 3126 16007 D ExynosCameraActivityAutofocus: (CMGEFL):0x0
10-25 21:39:17.332 3126 16007 D ExynosCameraActivityAutofocus: (CMGEFL):0x0
10-25 21:39:17.332 3126 16007 D ExynosCameraActivityAutofocus: (CMGEFL):0x0
10-25 21:39:17.332 3126 16007 D ExynosCameraActivityAutofocus: (CMGEFL):0x0
10-25 21:39:17.332 3126 16007 D ExynosCameraActivityAutofocus: (CMGEFL):0x0
10-25 21:39:17.332 3126 16007 D ExynosCameraActivityAutofocus: (CMGEFL):0x0
10-25 21:39:17.332 3126 16007 D ExynosCameraActivityAutofocus: (CMGEFL):0x0
10-25 21:39:17.332 3126 16007 D ExynosCameraActivityAutofocus: (CMGEFL):==================================================
10-25 21:39:17.332 3126 5080 I ShotCommon: setAppUsePreviewFrame(0)
10-25 21:39:17.332 3126 5080 I ShotCommon: disablePreviewMsgBy : msg(In:0x2, Out:0x0)
10-25 21:39:17.332 3126 5080 I ShotCommon: previewCallbackEnabled (0x0)
10-25 21:39:17.332 3126 5080 I ShotCommon: disableMsgType : msg(In:0x10, Out:0xc0d)
10-25 21:39:17.332 28775 28785 D SecCamera-JNI-Java: postEventFromNative: 16
10-25 21:39:17.332 28775 28794 D SecCamera-JNI-Java: handleMessage: 16
10-25 21:39:17.332 3126 4063 I ShotCommon: enableMsgType : msg(In:0x10, Out:0xc1d)
10-25 21:39:17.332 28775 28795 E SmartScreen_JNI: processImage start : prev time [ 192653 ]
10-25 21:39:17.332 28775 28795 D SmartScreen_JNI: tmpfile : /data/user/0/com.samsung.android.smartface/files/smart_stay_hash_0.dmc
10-25 21:39:17.342 28775 28795 D DMCFaceEngine: caSmartDP_SmartStay orientation [0] count [0]
10-25 21:39:17.342 3126 4063 I ShotCommon: setAppUsePreviewFrame(1)
10-25 21:39:17.342 28775 28795 D DMCFaceEngine: caSmartDP_SmartStay : FUNCTION START img width 480, height 270 previous angle 0
10-25 21:39:17.342 3126 4063 I ShotCommon: enablePreviewMsgBy : msg(In:0x2, Out:0x2)
10-25 21:39:17.342 28775 28795 D DMCFaceEngine: caSmartDP_SmartStay : loop Start with dir 1, width 270 and heighe 480
10-25 21:39:17.342 28775 28795 D DMCFaceEngine: caFace_RunFaceDetection_SmartStayRotation : FaceDetection Start with width 270, heighe 480
10-25 21:39:17.342 28775 28795 D DMCFaceEngine: fd_find_run : Use A New Sensor ==========> 1 [270][480]
10-25 21:39:17.342 28775 28795 D DMCFaceEngine: fd_scan_frontal_partial : Re(24 x 43) / Src(270 x 480) / Search(2 x 19) / 8, 0
10-25 21:39:17.342 28775 15082 D DMCFaceEngine: fd_scan_frontal_partial : Re(25 x 46) / Src(270 x 480) / Search(3 x 22) / 9, 2
10-25 21:39:17.342 28775 15081 D DMCFaceEngine: fd_scan_frontal_partial : Re(28 x 50) / Src(270 x 480) / Search(6 x 26) / 10, 1
10-25 21:39:17.342 28775 15083 D DMCFaceEngine: fd_scan_frontal_partial : Re(30 x 54) / Src(270 x 480) / Search(8 x 30) / 11, 3
10-25 21:39:17.342 28775 28795 D DMCFaceEngine: fd_scan_frontal_partial : Re(32 x 58) / Src(270 x 480) / Search(10 x 34) / 12, 0
10-25 21:39:17.342 28775 28795 D DMCFaceEngine: fd_scan_frontal_partial : Re(34 x 62) / Src(270 x 480) / Search(12 x 38) / 13, 0
10-25 21:39:17.342 28775 28795 D DMCFaceEngine: fd_scan_frontal_partial : Re(41 x 74) / Src(270 x 480) / Search(19 x 50) / 15, 0
10-25 21:39:17.342 28775 15082 D DMCFaceEngine: fd_scan_frontal_partial : Re(36 x 65) / Src(270 x 480) / Search(14 x 41) / 14, 2
10-25 21:39:17.342 28775 15081 D DMCFaceEngine: fd_scan_frontal_partial : Re(47 x 85) / Src(270 x 480) / Search(25 x 61) / 16, 1
10-25 21:39:17.342 28775 15083 D DMCFaceEngine: fd_scan_frontal_partial : Re(53 x 95) / Src(270 x 480) / Search(31 x 71) / 17, 3
10-25 21:39:17.342 28775 28795 D DMCFaceEngine: fd_scan_frontal_partial : Re(61 x 110) / Src(270 x 480) / Search(39 x 86) / 18, 0
10-25 21:39:17.342 28775 28795 D DMCFaceEngine: fd_scan_frontal_partial : Re(92 x 164) / Src(270 x 480) / Search(70 x 140) / 20, 0
10-25 21:39:17.342 28775 15082 D DMCFaceEngine: fd_scan_frontal_partial : Re(75 x 134) / Src(270 x 480) / Search(53 x 110) / 19, 2
10-25 21:39:17.352 28775 15081 D DMCFaceEngine: fd_scan_frontal_partial : Re(112 x 200) / Src(270 x 480) / Search(90 x 176) / 21, 1
10-25 21:39:17.352 3126 15999 D ExynosCameraActivityAutofocus: DEBUG(t_func3ABefore[226]):AF-Mode(HAL/FW)=(8/1(0)) AF-Region(x1,y1,x2,y2,weight)=(0, 0, 0, 0, 1000)
10-25 21:39:17.362 28775 28795 D DMCFaceEngine: fd_find_run : Use A New Sensor ==========> 1 [270][480]
10-25 21:39:17.362 28775 15082 D DMCFaceEngine: fd_scan_frontal_partial : Re(24 x 43) / Src(270 x 480) / Search(2 x 19) / 8, 2
10-25 21:39:17.362 28775 15083 D DMCFaceEngine: fd_scan_frontal_partial : Re(25 x 46) / Src(270 x 480) / Search(3 x 22) / 9, 3
10-25 21:39:17.362 28775 15082 D DMCFaceEngine: fd_scan_frontal_partial : Re(28 x 50) / Src(270 x 480) / Search(6 x 26) / 10, 2
10-25 21:39:17.362 28775 15083 D DMCFaceEngine: fd_scan_frontal_partial : Re(30 x 54) / Src(270 x 480) / Search(8 x 30) / 11, 3
10-25 21:39:17.372 28775 15082 D DMCFaceEngine: fd_scan_frontal_partial : Re(32 x 58) / Src(270 x 480) / Search(10 x 34) / 12, 2
10-25 21:39:17.372 4521 4521 V LauncherAppWidgetHostView: calculateWidgetSize: (target widgetsize) using w/h 1359 712 span 5 2 (widgetid 3) [current Gridsize : GRID_5x5]
10-25 21:39:17.372 28775 28795 D DMCFaceEngine: fd_scan_frontal_partial : Re(34 x 62) / Src(270 x 480) / Search(12 x 38) / 13, 0
10-25 21:39:17.372 4521 4521 D LauncherAppWidgetHostView: calculateWidgetSize() widget = T-Mobile TV(widget id = 3) result hostview size = 1771 x 927
10-25 21:39:17.372 4521 4521 D LauncherAppWidgetHostView: setResizeScaleResult() 1771/ 927 scaleToResize = 0.7673631(widget id = 3)
10-25 21:39:17.372 28775 15081 D DMCFaceEngine: fd_scan_frontal_partial : Re(36 x 65) / Src(270 x 480) / Search(14 x 41) / 14, 1
10-25 21:39:17.372 28775 15082 D DMCFaceEngine: fd_scan_frontal_partial : Re(47 x 85) / Src(270 x 480) / Search(25 x 61) / 16, 2
10-25 21:39:17.372 28775 15083 D DMCFaceEngine: fd_scan_frontal_partial : Re(41 x 74) / Src(270 x 480) / Search(19 x 50) / 15, 3
10-25 21:39:17.372 28775 15082 D DMCFaceEngine: fd_scan_frontal_partial : Re(53 x 95) / Src(270 x 480) / Search(31 x 71) / 17, 2
10-25 21:39:17.372 28775 15081 D DMCFaceEngine: fd_scan_frontal_partial : Re(61 x 110) / Src(270 x 480) / Search(39 x 86) / 18, 1
10-25 21:39:17.382 28775 15082 D DMCFaceEngine: fd_scan_frontal_partial : Re(75 x 134) / Src(270 x 480) / Search(53 x 110) / 19, 2
10-25 21:39:17.382 28775 15083 D DMCFaceEngine: fd_scan_frontal_partial : Re(92 x 164) / Src(270 x 480) / Search(70 x 140) / 20, 3
10-25 21:39:17.382 3520 4041 I EDMNativeHelperService: isCameraEnabled
10-25 21:39:17.382 3126 5080 I ShotCommon: setAppUsePreviewFrame(0)
10-25 21:39:17.382 3126 5080 I ShotCommon: disablePreviewMsgBy : msg(In:0x2, Out:0x0)
10-25 21:39:17.382 3126 5080 I ShotCommon: previewCallbackEnabled (0x0)
10-25 21:39:17.382 3126 5080 I ShotCommon: disableMsgType : msg(In:0x10, Out:0xc0d)
10-25 21:39:17.382 28775 15084 D SecCamera-JNI-Java: postEventFromNative: 16
10-25 21:39:17.382 28775 28795 D DMCFaceEngine: fd_scan_frontal_partial : Re(112 x 200) / Src(270 x 480) / Search(90 x 176) / 21, 0
10-25 21:39:17.382 28775 28794 D SecCamera-JNI-Java: handleMessage: 16
10-25 21:39:17.382 3126 4063 I ShotCommon: enableMsgType : msg(In:0x10, Out:0xc1d)
10-25 21:39:17.382 3126 4063 I ShotCommon: setAppUsePreviewFrame(1)
10-25 21:39:17.382 3126 4063 I ShotCommon: enablePreviewMsgBy : msg(In:0x2, Out:0x2)
10-25 21:39:17.392 28775 28795 D DMCFaceEngine: fd_find_run : Use A New Sensor ==========> 1 [270][480]
10-25 21:39:17.392 28775 28795 D DMCFaceEngine: fd_scan_frontal_partial : Re(24 x 43) / Src(270 x 480) / Search(2 x 19) / 8, 0
10-25 21:39:17.392 28775 15082 D DMCFaceEngine: fd_scan_frontal_partial : Re(28 x 50) / Src(270 x 480) / Search(6 x 26) / 10, 2
10-25 21:39:17.392 28775 15083 D DMCFaceEngine: fd_scan_frontal_partial : Re(30 x 54) / Src(270 x 480) / Search(8 x 30) / 11, 3
10-25 21:39:17.392 28775 15081 D DMCFaceEngine: fd_scan_frontal_partial : Re(25 x 46) / Src(270 x 480) / Search(3 x 22) / 9, 1
10-25 21:39:17.392 28775 28795 D DMCFaceEngine: fd_scan_frontal_partial : Re(32 x 58) / Src(270 x 480) / Search(10 x 34) / 12, 0
10-25 21:39:17.392 28775 15082 D DMCFaceEngine: fd_scan_frontal_partial : Re(34 x 62) / Src(270 x 480) / Search(12 x 38) / 13, 2
10-25 21:39:17.392 28775 15081 D DMCFaceEngine: fd_scan_frontal_partial : Re(36 x 65) / Src(270 x 480) / Search(14 x 41) / 14, 1
10-25 21:39:17.392 28775 15083 D DMCFaceEngine: fd_scan_frontal_partial : Re(41 x 74) / Src(270 x 480) / Search(19 x 50) / 15, 3
10-25 21:39:17.392 28775 28795 D DMCFaceEngine: fd_scan_frontal_partial : Re(47 x 85) / Src(270 x 480) / Search(25 x 61) / 16, 0
10-25 21:39:17.392 28775 15082 D DMCFaceEngine: fd_scan_frontal_partial : Re(53 x 95) / Src(270 x 480) / Search(31 x 71) / 17, 2
10-25 21:39:17.392 28775 15081 D DMCFaceEngine: fd_scan_frontal_partial : Re(61 x 110) / Src(270 x 480) / Search(39 x 86) / 18, 1
10-25 21:39:17.392 28775 15083 D DMCFaceEngine: fd_scan_frontal_partial : Re(75 x 134) / Src(270 x 480) / Search(53 x 110) / 19, 3
10-25 21:39:17.392 28775 15082 D DMCFaceEngine: fd_scan_frontal_partial : Re(92 x 164) / Src(270 x 480) / Search(70 x 140) / 20, 2
10-25 21:39:17.402 28775 28795 D DMCFaceEngine: fd_scan_frontal_partial : Re(112 x 200) / Src(270 x 480) / Search(90 x 176) / 21, 0
10-25 21:39:17.402 28775 28795 D DMCFaceEngine: caFace_RunFaceDetection_SmartStayRotation : Detected No Face
10-25 21:39:17.402 28775 28795 D DMCFaceEngine: caSmartDP_SmartStay : SINGLE EYE DETECTION LOOP START
10-25 21:39:17.402 28775 28795 D DMCFaceEngine: caSmartDP_SmartStay : single eye detection loop start _ dir 1
10-25 21:39:17.402 28775 28795 D DMCFaceEngine: caIF_RunEyeDetection_MCT_IRS : caIF_RunEyeDetection_MCT_IRS START
10-25 21:39:17.402 28775 28795 D DMCFaceEngine: caIF_RunEyeDetection_MCT_IRS : Width 180, Height 320
10-25 21:39:17.422 3520 4925 I EDMNativeHelperService: isCameraEnabled
10-25 21:39:17.422 3126 5080 I ShotCommon: setAppUsePreviewFrame(0)
10-25 21:39:17.422 3126 5080 I ShotCommon: disablePreviewMsgBy : msg(In:0x2, Out:0x0)
10-25 21:39:17.422 3126 5080 I ShotCommon: previewCallbackEnabled (0x0)
10-25 21:39:17.422 3126 5080 I ShotCommon: disableMsgType : msg(In:0x10, Out:0xc0d)
10-25 21:39:17.422 28775 28786 D SecCamera-JNI-Java: postEventFromNative: 16
10-25 21:39:17.422 28775 28794 D SecCamera-JNI-Java: handleMessage: 16
10-25 21:39:17.422 3126 4063 I ShotCommon: enableMsgType : msg(In:0x10, Out:0xc1d)
10-25 21:39:17.422 3126 4063 I ShotCommon: setAppUsePreviewFrame(1)
10-25 21:39:17.422 3126 4063 I ShotCommon: enablePreviewMsgBy : msg(In:0x2, Out:0x2)
10-25 21:39:17.432 28775 28795 D DMCFaceEngine: caIF_RunEyeDetection_MCT_IRS : caIF_RunEyeDetection_MCT_IRS END
10-25 21:39:17.432 28775 28795 D DMCFaceEngine: caSmartDP_SmartStay : caFace_Aux_FindEyes_IRS time 36402
10-25 21:39:17.432 28775 28795 D DMCFaceEngine: caSmartDP_SmartStay : Single Eye Detection Fail dir 1
10-25 21:39:17.432 28775 28795 D DMCFaceEngine: caSmartDP_SmartStay : loop End ED dir 1 with nResult -1
10-25 21:39:17.432 28775 28795 D DMCFaceEngine: caSmartDP_SmartStay : SINGLE EYE DETECTION LOOP END with nResult -1
10-25 21:39:17.442 28775 28795 D DMCFaceEngine: caSmartDP_SmartStay : DETECT HUMAN FAIL
10-25 21:39:17.442 28775 28795 D DMCFaceEngine: caSmartDP_SmartStay : face : X[0] Y[0] W[0] H[0]
10-25 21:39:17.442 28775 28795 D DMCFaceEngine: caSmartDP_SmartStay : eye : LX[0] LY[0] RX[0] RY[0]
10-25 21:39:17.442 28775 28795 D DMCFaceEngine: caSmartDP_DetermineFixedDevice : TmpFile exists /data/user/0/com.samsung.android.smartface/files/smart_stay_hash_0.dmc
10-25 21:39:17.442 28775 28795 D DMCFaceEngine: caSmartDP_HashingImage : wd [120] ht [67]
10-25 21:39:17.442 28775 28795 D DMCFaceEngine: caSmartDP_DetermineFixedDevice : FIXED OR NOT : difference 393.719900
10-25 21:39:17.442 28775 28795 D DMCFaceEngine: caSmartDP_DetermineFixedDevice : TmpFile making start /data/user/0/com.samsung.android.smartface/files/smart_stay_hash_0.dmc
10-25 21:39:17.442 28775 28795 D DMCFaceEngine: caSmartDP_DetermineFixedDevice : TmpFile making end /data/user/0/com.samsung.android.smartface/files/smart_stay_hash_0.dmc
10-25 21:39:17.442 28775 28795 D DMCFaceEngine: caSmartDP_SmartStay result [-1] - [5.000000]
10-25 21:39:17.442 28775 28795 D DMCFaceEngine: caSmartDP_SmartStay : [5.000000] determine[393] result [-1]
10-25 21:39:17.442 28775 28795 E SmartScreen_JNI: processImage end : function time [ 178046 ] [-1]
10-25 21:39:17.442 28775 28795 E SmartScreen_JNI: processImage start : prev time [ 178764 ]
10-25 21:39:17.442 28775 28795 D SmartScreen_JNI: tmpfile : /data/user/0/com.samsung.android.smartface/files/smart_stay_hash_0.dmc
10-25 21:39:17.442 28775 28795 D DMCFaceEngine: caSmartDP_SmartStay orientation [0] count [1]
10-25 21:39:17.442 28775 28795 D DMCFaceEngine: caSmartDP_SmartStay : FUNCTION START img width 480, height 270 previous angle 0
10-25 21:39:17.442 3520 15970 E SmartFaceManager: checkForSmartStay onInfo: 100: 0
10-25 21:39:17.442 28775 28795 D DMCFaceEngine: caSmartDP_SmartStay : loop Start with dir 1, width 270 and heighe 480
10-25 21:39:17.442 28775 28795 D DMCFaceEngine: caFace_RunFaceDetection_SmartStayRotation : FaceDetection Start with width 270, heighe 480
10-25 21:39:17.442 28775 28795 D DMCFaceEngine: fd_find_run : Use A New Sensor ==========> 1 [270][480]
10-25 21:39:17.442 28775 15083 D DMCFaceEngine: fd_scan_frontal_partial : Re(24 x 43) / Src(270 x 480) / Search(2 x 19) / 8, 3
10-25 21:39:17.442 28775 15082 D DMCFaceEngine: fd_scan_frontal_partial : Re(28 x 50) / Src(270 x 480) / Search(6 x 26) / 10, 2
10-25 21:39:17.442 28775 15081 D DMCFaceEngine: fd_scan_frontal_partial : Re(25 x 46) / Src(270 x 480) / Search(3 x 22) / 9, 1
10-25 21:39:17.442 28775 28795 D DMCFaceEngine: fd_scan_frontal_partial : Re(30 x 54) / Src(270 x 480) / Search(8 x 30) / 11, 0
10-25 21:39:17.442 28775 15082 D DMCFaceEngine: fd_scan_frontal_partial : Re(32 x 58) / Src(270 x 480) / Search(10 x 34) / 12, 2
10-25 21:39:17.442 28775 15081 D DMCFaceEngine: fd_scan_frontal_partial : Re(36 x 65) / Src(270 x 480) / Search(14 x 41) / 14, 1
10-25 21:39:17.442 28775 15083 D DMCFaceEngine: fd_scan_frontal_partial : Re(34 x 62) / Src(270 x 480) / Search(12 x 38) / 13, 3
10-25 21:39:17.442 28775 28795 D DMCFaceEngine: fd_scan_frontal_partial : Re(41 x 74) / Src(270 x 480) / Search(19 x 50) / 15, 0
10-25 21:39:17.442 28775 15082 D DMCFaceEngine: fd_scan_frontal_partial : Re(47 x 85) / Src(270 x 480) / Search(25 x 61) / 16, 2
10-25 21:39:17.442 28775 15083 D DMCFaceEngine: fd_scan_frontal_partial : Re(53 x 95) / Src(270 x 480) / Search(31 x 71) / 17, 3
10-25 21:39:17.442 28775 28795 D DMCFaceEngine: fd_scan_frontal_partial : Re(61 x 110) / Src(270 x 480) / Search(39 x 86) / 18, 0
10-25 21:39:17.442 28775 15081 D DMCFaceEngine: fd_scan_frontal_partial : Re(75 x 134) / Src(270 x 480) / Search(53 x 110) / 19, 1
10-25 21:39:17.442 28775 15083 D DMCFaceEngine: fd_scan_frontal_partial : Re(92 x 164) / Src(270 x 480) / Search(70 x 140) / 20, 3
10-25 21:39:17.452 28775 15082 D DMCFaceEngine: fd_scan_frontal_partial : Re(112 x 200) / Src(270 x 480) / Search(90 x 176) / 21, 2
10-25 21:39:17.452 28775 28795 D DMCFaceEngine: fd_find_run : Use A New Sensor ==========> 1 [270][480]
10-25 21:39:17.452 28775 28795 D DMCFaceEngine: fd_scan_frontal_partial : Re(24 x 43) / Src(270 x 480) / Search(2 x 19) / 8, 0
10-25 21:39:17.452 28775 15083 D DMCFaceEngine: fd_scan_frontal_partial : Re(30 x 54) / Src(270 x 480) / Search(8 x 30) / 11, 3
10-25 21:39:17.452 28775 15082 D DMCFaceEngine: fd_scan_frontal_partial : Re(28 x 50) / Src(270 x 480) / Search(6 x 26) / 10, 2
10-25 21:39:17.452 28775 28795 D DMCFaceEngine: fd_scan_frontal_partial : Re(32 x 58) / Src(270 x 480) / Search(10 x 34) / 12, 0
10-25 21:39:17.452 28775 15082 D DMCFaceEngine: fd_scan_frontal_partial : Re(34 x 62) / Src(270 x 480) / Search(12 x 38) / 13, 2
10-25 21:39:17.452 28775 15083 D DMCFaceEngine: fd_scan_frontal_partial : Re(36 x 65) / Src(270 x 480) / Search(14 x 41) / 14, 3
10-25 21:39:17.452 28775 28795 D DMCFaceEngine: fd_scan_frontal_partial : Re(41 x 74) / Src(270 x 480) / Search(19 x 50) / 15, 0
10-25 21:39:17.452 28775 15082 D DMCFaceEngine: fd_scan_frontal_partial : Re(47 x 85) / Src(270 x 480) / Search(25 x 61) / 16, 2
10-25 21:39:17.452 28775 15083 D DMCFaceEngine: fd_scan_frontal_partial : Re(53 x 95) / Src(270 x 480) / Search(31 x 71) / 17, 3
10-25 21:39:17.452 28775 28795 D DMCFaceEngine: fd_scan_frontal_partial : Re(61 x 110) / Src(270 x 480) / Search(39 x 86) / 18, 0
10-25 21:39:17.462 28775 15081 D DMCFaceEngine: fd_scan_frontal_partial : Re(25 x 46) / Src(270 x 480) / Search(3 x 22) / 9, 1
10-25 21:39:17.462 28775 15082 D DMCFaceEngine: fd_scan_frontal_partial : Re(75 x 134) / Src(270 x 480) / Search(53 x 110) / 19, 2
10-25 21:39:17.462 28775 15083 D DMCFaceEngine: fd_scan_frontal_partial : Re(92 x 164) / Src(270 x 480) / Search(70 x 140) / 20, 3
10-25 21:39:17.462 3520 5770 I EDMNativeHelperService: isCameraEnabled
10-25 21:39:17.462 28775 15081 D DMCFaceEngine: fd_scan_frontal_partial : Re(112 x 200) / Src(270 x 480) / Search(90 x 176) / 21, 1
10-25 21:39:17.462 3126 3802 I ShotCommon: setAppUsePreviewFrame(0)
10-25 21:39:17.462 3126 3802 I ShotCommon: disablePreviewMsgBy : msg(In:0x2, Out:0x0)
10-25 21:39:17.462 3126 3802 I ShotCommon: previewCallbackEnabled (0x0)
10-25 21:39:17.462 3126 3802 I ShotCommon: disableMsgType : msg(In:0x10, Out:0xc0d)
10-25 21:39:17.462 28775 28785 D SecCamera-JNI-Java: postEventFromNative: 16
10-25 21:39:17.462 28775 28794 D SecCamera-JNI-Java: handleMessage: 16
10-25 21:39:17.462 3126 5084 I ShotCommon: enableMsgType : msg(In:0x10, Out:0xc1d)
10-25 21:39:17.462 3126 5084 I ShotCommon: setAppUsePreviewFrame(1)
10-25 21:39:17.462 3126 5084 I ShotCommon: enablePreviewMsgBy : msg(In:0x2, Out:0x2)
10-25 21:39:17.462 28775 28795 D DMCFaceEngine: fd_find_run : Use A New Sensor ==========> 1 [270][480]
10-25 21:39:17.462 28775 15081 D DMCFaceEngine: fd_scan_frontal_partial : Re(25 x 46) / Src(270 x 480) / Search(3 x 22) / 9, 1
10-25 21:39:17.462 28775 15082 D DMCFaceEngine: fd_scan_frontal_partial : Re(24 x 43) / Src(270 x 480) / Search(2 x 19) / 8, 2
10-25 21:39:17.462 28775 15083 D DMCFaceEngine: fd_scan_frontal_partial : Re(28 x 50) / Src(270 x 480) / Search(6 x 26) / 10, 3
10-25 21:39:17.462 28775 28795 D DMCFaceEngine: fd_scan_frontal_partial : Re(30 x 54) / Src(270 x 480) / Search(8 x 30) / 11, 0
10-25 21:39:17.472 28775 15082 D DMCFaceEngine: fd_scan_frontal_partial : Re(32 x 58) / Src(270 x 480) / Search(10 x 34) / 12, 2
10-25 21:39:17.472 28775 28795 D DMCFaceEngine: fd_scan_frontal_partial : Re(34 x 62) / Src(270 x 480) / Search(12 x 38) / 13, 0
10-25 21:39:17.472 28775 15083 D DMCFaceEngine: fd_scan_frontal_partial : Re(36 x 65) / Src(270 x 480) / Search(14 x 41) / 14, 3
10-25 21:39:17.472 28775 15081 D DMCFaceEngine: fd_scan_frontal_partial : Re(41 x 74) / Src(270 x 480) / Search(19 x 50) / 15, 1
10-25 21:39:17.472 28775 28795 D DMCFaceEngine: fd_scan_frontal_partial : Re(47 x 85) / Src(270 x 480) / Search(25 x 61) / 16, 0
10-25 21:39:17.472 28775 15082 D DMCFaceEngine: fd_scan_frontal_partial : Re(53 x 95) / Src(270 x 480) / Search(31 x 71) / 17, 2
10-25 21:39:17.472 28775 15083 D DMCFaceEngine: fd_scan_frontal_partial : Re(61 x 110) / Src(270 x 480) / Search(39 x 86) / 18, 3
10-25 21:39:17.472 28775 15081 D DMCFaceEngine: fd_scan_frontal_partial : Re(75 x 134) / Src(270 x 480) / Search(53 x 110) / 19, 1
10-25 21:39:17.472 28775 28795 D DMCFaceEngine: fd_scan_frontal_partial : Re(92 x 164) / Src(270 x 480) / Search(70 x 140) / 20, 0
10-25 21:39:17.472 28775 15082 D DMCFaceEngine: fd_scan_frontal_partial : Re(112 x 200) / Src(270 x 480) / Search(90 x 176) / 21, 2
10-25 21:39:17.472 28775 28795 D DMCFaceEngine: fd_find_run : Use A New Sensor ==========> 0 [110][110]
10-25 21:39:17.482 28775 28795 D DMCFaceEngine: caFace_RunFaceDetection_SmartStayRotation : Detected No Face
10-25 21:39:17.482 28775 28795 D DMCFaceEngine: caSmartDP_SmartStay : SINGLE EYE DETECTION LOOP START
10-25 21:39:17.482 28775 28795 D DMCFaceEngine: caSmartDP_SmartStay : single eye detection loop start _ dir 1
10-25 21:39:17.482 28775 28795 D DMCFaceEngine: caIF_RunEyeDetection_MCT_IRS : caIF_RunEyeDetection_MCT_IRS START
10-25 21:39:17.482 28775 28795 D DMCFaceEngine: caIF_RunEyeDetection_MCT_IRS : Width 180, Height 320
10-25 21:39:17.502 3520 4533 I EDMNativeHelperService: isCameraEnabled
10-25 21:39:17.502 3126 3802 I ShotCommon: setAppUsePreviewFrame(0)
10-25 21:39:17.502 3126 3802 I ShotCommon: disablePreviewMsgBy : msg(In:0x2, Out:0x0)
10-25 21:39:17.502 3126 3802 I ShotCommon: previewCallbackEnabled (0x0)
10-25 21:39:17.502 3126 3802 I ShotCommon: disableMsgType : msg(In:0x10, Out:0xc0d)
10-25 21:39:17.502 28775 28795 D DMCFaceEngine: caIF_RunEyeDetection_MCT_IRS : caIF_RunEyeDetection_MCT_IRS END
10-25 21:39:17.502 28775 28795 D DMCFaceEngine: caSmartDP_SmartStay : caFace_Aux_FindEyes_IRS time 26143
10-25 21:39:17.502 28775 28795 D DMCFaceEngine: caSmartDP_SmartStay : Single Eye Detection Fail dir 1
10-25 21:39:17.502 28775 28795 D DMCFaceEngine: caSmartDP_SmartStay : loop End ED dir 1 with nResult -1
10-25 21:39:17.502 28775 28795 D DMCFaceEngine: caSmartDP_SmartStay : SINGLE EYE DETECTION LOOP END with nResult -1
10-25 21:39:17.502 28775 28795 D DMCFaceEngine: caSmartDP_SmartStay : DETECT HUMAN FAIL
10-25 21:39:17.502 28775 28795 D DMCFaceEngine: caSmartDP_SmartStay : face : X[0] Y[0] W[0] H[0]
10-25 21:39:17.502 28775 28795 D DMCFaceEngine: caSmartDP_SmartStay : eye : LX[0] LY[0] RX[0] RY[0]
10-25 21:39:17.502 28775 28795 E SmartScreen_JNI: processImage end : function time [ 123342 ] [-1]
10-25 21:39:17.502 28775 15084 D SecCamera-JNI-Java: postEventFromNative: 16
10-25 21:39:17.502 28775 28794 D SecCamera-JNI-Java: handleMessage: 16
10-25 21:39:17.502 28775 28795 E SmartScreen_JNI: processImage start : prev time [ 124501 ]
10-25 21:39:17.502 28775 28795 D SmartScreen_JNI: tmpfile : /data/user/0/com.samsung.android.smartface/files/smart_stay_hash_0.dmc
10-25 21:39:17.502 28775 28795 D DMCFaceEngine: caSmartDP_SmartStay orientation [0] count [2]
10-25 21:39:17.502 28775 28795 D DMCFaceEngine: caSmartDP_SmartStay : FUNCTION START img width 480, height 270 previous angle 0
10-25 21:39:17.502 3520 15970 E SmartFaceManager: checkForSmartStay onInfo: 100: 0
